2026-06-24 19:07:13.911 7 INFO placement.requestlog [req-9ea753d8-c908-4d3b-a08d-893c9c7fe40c req-8fe23fac-e9ea-4d87-b10a-b57eee0c6956 a571ddbba6264d1e89dad0845df11d36 a9300bfa96bf46e498024eef4a9eaaa8 - - c2ee87ff3b734500b7461b6666630454 c2ee87ff3b734500b7461b6666630454] 199.204.45.210 "GET /resource_providers/ad6ea511-82fd-4540-a360-fb67db8c7fa0/allocations" status: 200 len: 54 microversion: 1.0 [pid: 7|app: 0|req: 291/583] 199.204.45.210 () {32 vars in 857 bytes} [Wed Jun 24 19:07:13 2026] GET /resource_providers/ad6ea511-82fd-4540-a360-fb67db8c7fa0/allocations => generated 54 bytes in 20 msecs (HTTP/1.1 200) 6 headers in 223 bytes (1 switches on core 0)
2026-06-24 19:07:13.936 8 INFO placement.requestlog [req-9ea753d8-c908-4d3b-a08d-893c9c7fe40c req-344916d7-ff86-4e6e-91a2-5ac4dfeda01f a571ddbba6264d1e89dad0845df11d36 a9300bfa96bf46e498024eef4a9eaaa8 - - c2ee87ff3b734500b7461b6666630454 c2ee87ff3b734500b7461b6666630454] 199.204.45.210 "GET /resource_providers/ad6ea511-82fd-4540-a360-fb67db8c7fa0/allocations" status: 200 len: 54 microversion: 1.0 [pid: 8|app: 0|req: 293/584] 199.204.45.210 () {32 vars in 857 bytes} [Wed Jun 24 19:07:13 2026] GET /resource_providers/ad6ea511-82fd-4540-a360-fb67db8c7fa0/allocations => generated 54 bytes in 16 msecs (HTTP/1.1 200) 6 headers in 223 bytes (1 switches on core 0)
2026-06-24 19:07:16.630 7 INFO placement.requestlog [None req-13d2d08c-f3c0-44db-947c-eac9ed3f258d - - - - - -] 10.0.0.132 "GET /" status: 200 len: 136 microversion: 1.0
2026-06-24 19:07:16.630 8 INFO placement.requestlog [None req-5216dcae-5424-4258-856c-0e109e0efd92 - - - - - -] 10.0.0.132 "GET /" status: 200 len: 136 microversion: 1.0
2026-06-24 19:07:26.629 8 INFO placement.requestlog [None req-dd065c49-225b-44b7-b5bd-04e96fe485c7 - - - - - -] 10.0.0.132 "GET /" status: 200 len: 136 microversion: 1.0
2026-06-24 19:07:26.630 7 INFO placement.requestlog [None req-564fb9c9-e042-40a7-8971-17b42f199a50 - - - - - -] 10.0.0.132 "GET /" status: 200 len: 136 microversion: 1.0
2026-06-24 19:07:36.629 8 INFO placement.requestlog [None req-f3f6d417-514f-4ae0-907c-843c91f50472 - - - - - -] 10.0.0.132 "GET /" status: 200 len: 136 microversion: 1.0
2026-06-24 19:07:36.629 7 INFO placement.requestlog [None req-f2415053-a338-4472-b8b4-03bc7545bb08 - - - - - -] 10.0.0.132 "GET /" status: 200 len: 136 microversion: 1.0
2026-06-24 19:07:45.572 8 INFO placement.requestlog [req-7bc77c71-aa8e-4c67-bc63-b197ddda96d1 req-51c6a7f1-9c77-409a-b5e8-6de4c898edcd a571ddbba6264d1e89dad0845df11d36 a9300bfa96bf46e498024eef4a9eaaa8 - - c2ee87ff3b734500b7461b6666630454 c2ee87ff3b734500b7461b6666630454] 10.0.0.46 "GET /allocation_candidates?limit=1000&resources=DISK_GB%3A1%2CMEMORY_MB%3A512%2CVCPU%3A1&root_required=%21COMPUTE_STATUS_DISABLED" status: 200 len: 2217 microversion: 1.36 [pid: 8|app: 0|req: 297/591] 10.0.0.46 () {34 vars in 1011 bytes} [Wed Jun 24 19:07:45 2026] GET /allocation_candidates?limit=1000&resources=DISK_GB%3A1%2CMEMORY_MB%3A512%2CVCPU%3A1&root_required=%21COMPUTE_STATUS_DISABLED => generated 2217 bytes in 301 msecs (HTTP/1.1 200) 8 headers in 297 bytes (1 switches on core 0)
2026-06-24 19:07:45.615 7 INFO placement.requestlog [req-7bc77c71-aa8e-4c67-bc63-b197ddda96d1 req-b817b8b8-6776-4e39-8d86-9e279c690ea1 a571ddbba6264d1e89dad0845df11d36 a9300bfa96bf46e498024eef4a9eaaa8 - - c2ee87ff3b734500b7461b6666630454 c2ee87ff3b734500b7461b6666630454] 10.0.0.46 "GET /allocations/c1923fbd-3bcb-40f3-9a57-b146988fef98" status: 200 len: 19 microversion: 1.28 [pid: 7|app: 0|req: 295/592] 10.0.0.46 () {34 vars in 860 bytes} [Wed Jun 24 19:07:45 2026] GET /allocations/c1923fbd-3bcb-40f3-9a57-b146988fef98 => generated 19 bytes in 13 msecs (HTTP/1.1 200) 8 headers in 295 bytes (1 switches on core 0)
2026-06-24 19:07:45.711 8 INFO placement.requestlog [req-7bc77c71-aa8e-4c67-bc63-b197ddda96d1 req-45bfd3cb-ee54-4959-99cf-c3bc8bc9ac7e a571ddbba6264d1e89dad0845df11d36 a9300bfa96bf46e498024eef4a9eaaa8 - - c2ee87ff3b734500b7461b6666630454 c2ee87ff3b734500b7461b6666630454] 10.0.0.46 "PUT /allocations/c1923fbd-3bcb-40f3-9a57-b146988fef98" status: 204 len: 0 microversion: 1.36 [pid: 8|app: 0|req: 298/593] 10.0.0.46 () {38 vars in 913 bytes} [Wed Jun 24 19:07:45 2026] PUT /allocations/c1923fbd-3bcb-40f3-9a57-b146988fef98 => generated 0 bytes in 85 msecs (HTTP/1.1 204) 5 headers in 199 bytes (1 switches on core 0)
2026-06-24 19:07:46.195 7 INFO placement.requestlog [req-7bc77c71-aa8e-4c67-bc63-b197ddda96d1 req-5fc8b9b7-9e25-43a0-895e-2140bc04292d a571ddbba6264d1e89dad0845df11d36 a9300bfa96bf46e498024eef4a9eaaa8 - - c2ee87ff3b734500b7461b6666630454 c2ee87ff3b734500b7461b6666630454] 199.204.45.210 "GET /allocations/c1923fbd-3bcb-40f3-9a57-b146988fef98" status: 200 len: 257 microversion: 1.28 [pid: 7|app: 0|req: 296/594] 199.204.45.210 () {34 vars in 863 bytes} [Wed Jun 24 19:07:46 2026] GET /allocations/c1923fbd-3bcb-40f3-9a57-b146988fef98 => generated 257 bytes in 11 msecs (HTTP/1.1 200) 8 headers in 296 bytes (1 switches on core 0)
2026-06-24 19:07:46.360 8 INFO placement.requestlog [req-7bc77c71-aa8e-4c67-bc63-b197ddda96d1 req-832673e6-eb8b-4ac2-baf6-2205cb4b5ac5 a571ddbba6264d1e89dad0845df11d36 a9300bfa96bf46e498024eef4a9eaaa8 - - c2ee87ff3b734500b7461b6666630454 c2ee87ff3b734500b7461b6666630454] 199.204.45.210 "GET /resource_providers/ad6ea511-82fd-4540-a360-fb67db8c7fa0/allocations" status: 200 len: 152 microversion: 1.0 [pid: 8|app: 0|req: 299/595] 199.204.45.210 () {32 vars in 857 bytes} [Wed Jun 24 19:07:46 2026] GET /resource_providers/ad6ea511-82fd-4540-a360-fb67db8c7fa0/allocations => generated 152 bytes in 25 msecs (HTTP/1.1 200) 6 headers in 224 bytes (1 switches on core 0)
2026-06-24 19:07:46.380 7 INFO placement.requestlog [req-7bc77c71-aa8e-4c67-bc63-b197ddda96d1 req-abccb17c-1706-4f1e-a7f4-1c0a59324a4e a571ddbba6264d1e89dad0845df11d36 a9300bfa96bf46e498024eef4a9eaaa8 - - c2ee87ff3b734500b7461b6666630454 c2ee87ff3b734500b7461b6666630454] 199.204.45.210 "GET /allocations/c1923fbd-3bcb-40f3-9a57-b146988fef98" status: 200 len: 257 microversion: 1.28 [pid: 7|app: 0|req: 297/596] 199.204.45.210 () {34 vars in 863 bytes} [Wed Jun 24 19:07:46 2026] GET /allocations/c1923fbd-3bcb-40f3-9a57-b146988fef98 => generated 257 bytes in 12 msecs (HTTP/1.1 200) 8 headers in 296 bytes (1 switches on core 0)
2026-06-24 19:07:46.629 8 INFO placement.requestlog [None req-6117e41f-6a9c-48eb-886d-4dcac63b9d24 - - - - - -] 10.0.0.132 "GET /" status: 200 len: 136 microversion: 1.0
2026-06-24 19:07:46.630 7 INFO placement.requestlog [None req-ce002b01-9853-42b1-902d-33425fdc6c23 - - - - - -] 10.0.0.132 "GET /" status: 200 len: 136 microversion: 1.0
2026-06-24 19:07:49.174 7 INFO placement.requestlog [None req-68edb25d-37c5-4c16-b52c-95f9ee7daa0f 0228d60db1794f79b563f87482b38b7f a9300bfa96bf46e498024eef4a9eaaa8 - - c2ee87ff3b734500b7461b6666630454 c2ee87ff3b734500b7461b6666630454] 10.0.0.251 "GET /resource_providers/921eb1ab-41e4-4c33-b8ef-86683c259038/aggregates" status: 404 len: 235 microversion: 1.1 [pid: 7|app: 0|req: 299/599] 10.0.0.251 () {32 vars in 825 bytes} [Wed Jun 24 19:07:48 2026] GET /resource_providers/921eb1ab-41e4-4c33-b8ef-86683c259038/aggregates => generated 235 bytes in 311 msecs (HTTP/1.1 404) 5 headers in 202 bytes (1 switches on core 0)
2026-06-24 19:07:49.187 7 INFO placement.requestlog [None req-2860b064-e7f1-4f07-ba24-6ea49af4220f 0228d60db1794f79b563f87482b38b7f a9300bfa96bf46e498024eef4a9eaaa8 - - c2ee87ff3b734500b7461b6666630454 c2ee87ff3b734500b7461b6666630454] 10.0.0.251 "DELETE /resource_providers/921eb1ab-41e4-4c33-b8ef-86683c259038" status: 404 len: 246 microversion: 1.1 [pid: 7|app: 0|req: 300/600] 10.0.0.251 () {34 vars in 825 bytes} [Wed Jun 24 19:07:49 2026] DELETE /resource_providers/921eb1ab-41e4-4c33-b8ef-86683c259038 => generated 246 bytes in 9 msecs (HTTP/1.1 404) 6 headers in 231 bytes (1 switches on core 0)
2026-06-24 19:07:49.207 8 INFO placement.requestlog [None req-b812def2-1a2e-4efa-af94-97e043d07c8a 0228d60db1794f79b563f87482b38b7f a9300bfa96bf46e498024eef4a9eaaa8 - - c2ee87ff3b734500b7461b6666630454 c2ee87ff3b734500b7461b6666630454] 10.0.0.251 "GET /resource_providers/921eb1ab-41e4-4c33-b8ef-86683c259038/aggregates" status: 404 len: 235 microversion: 1.1 [pid: 8|app: 0|req: 301/601] 10.0.0.251 () {32 vars in 825 bytes} [Wed Jun 24 19:07:48 2026] GET /resource_providers/921eb1ab-41e4-4c33-b8ef-86683c259038/aggregates => generated 235 bytes in 346 msecs (HTTP/1.1 404) 5 headers in 202 bytes (1 switches on core 0)
2026-06-24 19:07:49.224 7 INFO placement.requestlog [None req-973f2af0-767d-4d0e-ae70-4b5a9b1c4c11 0228d60db1794f79b563f87482b38b7f a9300bfa96bf46e498024eef4a9eaaa8 - - c2ee87ff3b734500b7461b6666630454 c2ee87ff3b734500b7461b6666630454] 10.0.0.251 "DELETE /resource_providers/921eb1ab-41e4-4c33-b8ef-86683c259038" status: 404 len: 246 microversion: 1.1 [pid: 7|app: 0|req: 301/602] 10.0.0.251 () {34 vars in 825 bytes} [Wed Jun 24 19:07:49 2026] DELETE /resource_providers/921eb1ab-41e4-4c33-b8ef-86683c259038 => generated 246 bytes in 10 msecs (HTTP/1.1 404) 6 headers in 231 bytes (1 switches on core 0)
2026-06-24 19:07:51.208 8 INFO placement.requestlog [None req-3c60fd68-931f-4cb7-8420-205fad7d472f 0228d60db1794f79b563f87482b38b7f a9300bfa96bf46e498024eef4a9eaaa8 - - c2ee87ff3b734500b7461b6666630454 c2ee87ff3b734500b7461b6666630454] 10.0.0.251 "GET /resource_providers/3b691c56-88d9-4d68-9402-209da7c03b5d/aggregates" status: 404 len: 235 microversion: 1.1 [pid: 8|app: 0|req: 302/603] 10.0.0.251 () {32 vars in 825 bytes} [Wed Jun 24 19:07:51 2026] GET /resource_providers/3b691c56-88d9-4d68-9402-209da7c03b5d/aggregates => generated 235 bytes in 11 msecs (HTTP/1.1 404) 5 headers in 202 bytes (1 switches on core 0)
2026-06-24 19:07:51.223 7 INFO placement.requestlog [None req-d0d6656f-4b31-43a4-9486-2d830b733a86 0228d60db1794f79b563f87482b38b7f a9300bfa96bf46e498024eef4a9eaaa8 - - c2ee87ff3b734500b7461b6666630454 c2ee87ff3b734500b7461b6666630454] 10.0.0.251 "DELETE /resource_providers/3b691c56-88d9-4d68-9402-209da7c03b5d" status: 404 len: 246 microversion: 1.1 [pid: 7|app: 0|req: 302/604] 10.0.0.251 () {34 vars in 825 bytes} [Wed Jun 24 19:07:51 2026] DELETE /resource_providers/3b691c56-88d9-4d68-9402-209da7c03b5d => generated 246 bytes in 10 msecs (HTTP/1.1 404) 6 headers in 231 bytes (1 switches on core 0)
2026-06-24 19:07:51.243 8 INFO placement.requestlog [None req-2258f11e-f899-4c94-a9c4-afb65d3ef9ad 0228d60db1794f79b563f87482b38b7f a9300bfa96bf46e498024eef4a9eaaa8 - - c2ee87ff3b734500b7461b6666630454 c2ee87ff3b734500b7461b6666630454] 10.0.0.251 "GET /resource_providers/3b691c56-88d9-4d68-9402-209da7c03b5d/aggregates" status: 404 len: 235 microversion: 1.1 [pid: 8|app: 0|req: 303/605] 10.0.0.251 () {32 vars in 825 bytes} [Wed Jun 24 19:07:51 2026] GET /resource_providers/3b691c56-88d9-4d68-9402-209da7c03b5d/aggregates => generated 235 bytes in 11 msecs (HTTP/1.1 404) 5 headers in 202 bytes (1 switches on core 0)
2026-06-24 19:07:51.260 7 INFO placement.requestlog [None req-a4e57361-d7b4-4dac-a2a5-1502a947034a 0228d60db1794f79b563f87482b38b7f a9300bfa96bf46e498024eef4a9eaaa8 - - c2ee87ff3b734500b7461b6666630454 c2ee87ff3b734500b7461b6666630454] 10.0.0.251 "DELETE /resource_providers/3b691c56-88d9-4d68-9402-209da7c03b5d" status: 404 len: 246 microversion: 1.1 [pid: 7|app: 0|req: 303/606] 10.0.0.251 () {34 vars in 825 bytes} [Wed Jun 24 19:07:51 2026] DELETE /resource_providers/3b691c56-88d9-4d68-9402-209da7c03b5d => generated 246 bytes in 9 msecs (HTTP/1.1 404) 6 headers in 231 bytes (1 switches on core 0)
2026-06-24 19:07:56.629 7 INFO placement.requestlog [None req-4a18dbdc-f1cd-480a-a0ac-bff5d5c16ade - - - - - -] 10.0.0.132 "GET /" status: 200 len: 136 microversion: 1.0
2026-06-24 19:07:56.630 8 INFO placement.requestlog [None req-811308a5-9b18-4346-aa04-0cb3fdbaf809 - - - - - -] 10.0.0.132 "GET /" status: 200 len: 136 microversion: 1.0
2026-06-24 19:08:05.163 8 INFO placement.requestlog [req-9d27743b-e43d-4e16-a58c-56dd3d523e98 req-b4afa00d-9aa4-4915-b37e-a9b6253f5e56 a571ddbba6264d1e89dad0845df11d36 a9300bfa96bf46e498024eef4a9eaaa8 - - c2ee87ff3b734500b7461b6666630454 c2ee87ff3b734500b7461b6666630454] 10.0.0.46 "GET /allocation_candidates?limit=1000&resources=DISK_GB%3A1%2CMEMORY_MB%3A512%2CVCPU%3A1&root_required=%21COMPUTE_STATUS_DISABLED" status: 200 len: 2219 microversion: 1.36 [pid: 8|app: 0|req: 305/609] 10.0.0.46 () {34 vars in 1011 bytes} [Wed Jun 24 19:08:05 2026] GET /allocation_candidates?limit=1000&resources=DISK_GB%3A1%2CMEMORY_MB%3A512%2CVCPU%3A1&root_required=%21COMPUTE_STATUS_DISABLED => generated 2219 bytes in 71 msecs (HTTP/1.1 200) 8 headers in 297 bytes (1 switches on core 0)
2026-06-24 19:08:05.211 7 INFO placement.requestlog [req-9d27743b-e43d-4e16-a58c-56dd3d523e98 req-62530952-52ff-4b30-b973-e153f0b21807 a571ddbba6264d1e89dad0845df11d36 a9300bfa96bf46e498024eef4a9eaaa8 - - c2ee87ff3b734500b7461b6666630454 c2ee87ff3b734500b7461b6666630454] 10.0.0.46 "GET /allocations/47885bf2-7cc0-4142-9f7b-ca3087017e96" status: 200 len: 19 microversion: 1.28 [pid: 7|app: 0|req: 305/610] 10.0.0.46 () {34 vars in 860 bytes} [Wed Jun 24 19:08:05 2026] GET /allocations/47885bf2-7cc0-4142-9f7b-ca3087017e96 => generated 19 bytes in 12 msecs (HTTP/1.1 200) 8 headers in 295 bytes (1 switches on core 0)
2026-06-24 19:08:05.319 8 INFO placement.requestlog [req-9d27743b-e43d-4e16-a58c-56dd3d523e98 req-da81e47b-1484-41e8-81dc-9e4d3720b83a a571ddbba6264d1e89dad0845df11d36 a9300bfa96bf46e498024eef4a9eaaa8 - - c2ee87ff3b734500b7461b6666630454 c2ee87ff3b734500b7461b6666630454] 10.0.0.46 "PUT /allocations/47885bf2-7cc0-4142-9f7b-ca3087017e96" status: 204 len: 0 microversion: 1.36 [pid: 8|app: 0|req: 306/611] 10.0.0.46 () {38 vars in 913 bytes} [Wed Jun 24 19:08:05 2026] PUT /allocations/47885bf2-7cc0-4142-9f7b-ca3087017e96 => generated 0 bytes in 99 msecs (HTTP/1.1 204) 5 headers in 199 bytes (1 switches on core 0)
2026-06-24 19:08:05.679 7 INFO placement.requestlog [req-9d27743b-e43d-4e16-a58c-56dd3d523e98 req-06779e7d-ad59-44a2-8385-15637f454d71 a571ddbba6264d1e89dad0845df11d36 a9300bfa96bf46e498024eef4a9eaaa8 - - c2ee87ff3b734500b7461b6666630454 c2ee87ff3b734500b7461b6666630454] 199.204.45.210 "GET /allocations/47885bf2-7cc0-4142-9f7b-ca3087017e96" status: 200 len: 257 microversion: 1.28 [pid: 7|app: 0|req: 306/612] 199.204.45.210 () {34 vars in 863 bytes} [Wed Jun 24 19:08:05 2026] GET /allocations/47885bf2-7cc0-4142-9f7b-ca3087017e96 => generated 257 bytes in 13 msecs (HTTP/1.1 200) 8 headers in 296 bytes (1 switches on core 0)
2026-06-24 19:08:05.821 8 INFO placement.requestlog [req-9d27743b-e43d-4e16-a58c-56dd3d523e98 req-29618c48-b407-4f98-9577-c05a2b0d0da2 a571ddbba6264d1e89dad0845df11d36 a9300bfa96bf46e498024eef4a9eaaa8 - - c2ee87ff3b734500b7461b6666630454 c2ee87ff3b734500b7461b6666630454] 199.204.45.210 "GET /resource_providers/ad6ea511-82fd-4540-a360-fb67db8c7fa0/allocations" status: 200 len: 252 microversion: 1.0 [pid: 8|app: 0|req: 307/613] 199.204.45.210 () {32 vars in 857 bytes} [Wed Jun 24 19:08:05 2026] GET /resource_providers/ad6ea511-82fd-4540-a360-fb67db8c7fa0/allocations => generated 252 bytes in 37 msecs (HTTP/1.1 200) 6 headers in 224 bytes (1 switches on core 0)
2026-06-24 19:08:05.861 7 INFO placement.requestlog [req-9d27743b-e43d-4e16-a58c-56dd3d523e98 req-28f0602c-5ece-48ed-97b2-78c04acd8b86 a571ddbba6264d1e89dad0845df11d36 a9300bfa96bf46e498024eef4a9eaaa8 - - c2ee87ff3b734500b7461b6666630454 c2ee87ff3b734500b7461b6666630454] 199.204.45.210 "GET /allocations/47885bf2-7cc0-4142-9f7b-ca3087017e96" status: 200 len: 257 microversion: 1.28 [pid: 7|app: 0|req: 307/614] 199.204.45.210 () {34 vars in 863 bytes} [Wed Jun 24 19:08:05 2026] GET /allocations/47885bf2-7cc0-4142-9f7b-ca3087017e96 => generated 257 bytes in 32 msecs (HTTP/1.1 200) 8 headers in 296 bytes (1 switches on core 0)
2026-06-24 19:08:05.889 8 INFO placement.requestlog [req-9d27743b-e43d-4e16-a58c-56dd3d523e98 req-73842a2c-d165-4ac6-8b8d-71c3879fb8f5 a571ddbba6264d1e89dad0845df11d36 a9300bfa96bf46e498024eef4a9eaaa8 - - c2ee87ff3b734500b7461b6666630454 c2ee87ff3b734500b7461b6666630454] 199.204.45.210 "GET /allocations/c1923fbd-3bcb-40f3-9a57-b146988fef98" status: 200 len: 257 microversion: 1.28 [pid: 8|app: 0|req: 308/615] 199.204.45.210 () {34 vars in 863 bytes} [Wed Jun 24 19:08:05 2026] GET /allocations/c1923fbd-3bcb-40f3-9a57-b146988fef98 => generated 257 bytes in 22 msecs (HTTP/1.1 200) 8 headers in 296 bytes (1 switches on core 0)
2026-06-24 19:08:06.633 8 INFO placement.requestlog [None req-6499d022-f0d9-41d0-9952-6f8ad5faa42c - - - - - -] 10.0.0.132 "GET /" status: 200 len: 136 microversion: 1.0
2026-06-24 19:08:06.634 8 INFO placement.requestlog [None req-fce0296d-0e00-4148-bfca-393f96d10fac - - - - - -] 10.0.0.132 "GET /" status: 200 len: 136 microversion: 1.0
2026-06-24 19:08:06.714 7 INFO placement.requestlog [req-ea0db099-7aa6-47e5-9355-a6c592fa12e6 req-ce6a975f-f7e5-44e5-8094-7f1f03a58eb1 a571ddbba6264d1e89dad0845df11d36 a9300bfa96bf46e498024eef4a9eaaa8 - - c2ee87ff3b734500b7461b6666630454 c2ee87ff3b734500b7461b6666630454] 10.0.0.46 "GET /allocation_candidates?limit=1000&resources=MEMORY_MB%3A512%2CVCPU%3A1&root_required=%21COMPUTE_STATUS_DISABLED" status: 200 len: 2206 microversion: 1.36 [pid: 7|app: 0|req: 308/618] 10.0.0.46 () {34 vars in 983 bytes} [Wed Jun 24 19:08:06 2026] GET /allocation_candidates?limit=1000&resources=MEMORY_MB%3A512%2CVCPU%3A1&root_required=%21COMPUTE_STATUS_DISABLED => generated 2206 bytes in 124 msecs (HTTP/1.1 200) 8 headers in 297 bytes (1 switches on core 0)
2026-06-24 19:08:06.745 8 INFO placement.requestlog [req-ea0db099-7aa6-47e5-9355-a6c592fa12e6 req-6d26cc18-b0a0-4090-959e-73bdb9ccddf7 a571ddbba6264d1e89dad0845df11d36 a9300bfa96bf46e498024eef4a9eaaa8 - - c2ee87ff3b734500b7461b6666630454 c2ee87ff3b734500b7461b6666630454] 10.0.0.46 "GET /allocations/87fa2c58-b5b6-4289-bd76-d522470cfe37" status: 200 len: 19 microversion: 1.28 [pid: 8|app: 0|req: 311/619] 10.0.0.46 () {34 vars in 860 bytes} [Wed Jun 24 19:08:06 2026] GET /allocations/87fa2c58-b5b6-4289-bd76-d522470cfe37 => generated 19 bytes in 13 msecs (HTTP/1.1 200) 8 headers in 295 bytes (1 switches on core 0)
2026-06-24 19:08:06.856 7 INFO placement.requestlog [req-ea0db099-7aa6-47e5-9355-a6c592fa12e6 req-ad4b0d11-4ea9-4b99-afd7-0323ddfe4ef0 a571ddbba6264d1e89dad0845df11d36 a9300bfa96bf46e498024eef4a9eaaa8 - - c2ee87ff3b734500b7461b6666630454 c2ee87ff3b734500b7461b6666630454] 10.0.0.46 "PUT /allocations/87fa2c58-b5b6-4289-bd76-d522470cfe37" status: 204 len: 0 microversion: 1.36 [pid: 7|app: 0|req: 309/620] 10.0.0.46 () {38 vars in 913 bytes} [Wed Jun 24 19:08:06 2026] PUT /allocations/87fa2c58-b5b6-4289-bd76-d522470cfe37 => generated 0 bytes in 103 msecs (HTTP/1.1 204) 5 headers in 199 bytes (1 switches on core 0)
2026-06-24 19:08:07.154 8 INFO placement.requestlog [req-ea0db099-7aa6-47e5-9355-a6c592fa12e6 req-2ad31486-8a5e-4022-92a8-e847d125552d a571ddbba6264d1e89dad0845df11d36 a9300bfa96bf46e498024eef4a9eaaa8 - - c2ee87ff3b734500b7461b6666630454 c2ee87ff3b734500b7461b6666630454] 199.204.45.210 "GET /allocations/87fa2c58-b5b6-4289-bd76-d522470cfe37" status: 200 len: 243 microversion: 1.28 [pid: 8|app: 0|req: 312/621] 199.204.45.210 () {34 vars in 863 bytes} [Wed Jun 24 19:08:07 2026] GET /allocations/87fa2c58-b5b6-4289-bd76-d522470cfe37 => generated 243 bytes in 21 msecs (HTTP/1.1 200) 8 headers in 296 bytes (1 switches on core 0)
2026-06-24 19:08:07.251 7 INFO placement.requestlog [req-ea0db099-7aa6-47e5-9355-a6c592fa12e6 req-3889bb75-706b-49a1-aee3-c86a20376fed a571ddbba6264d1e89dad0845df11d36 a9300bfa96bf46e498024eef4a9eaaa8 - - c2ee87ff3b734500b7461b6666630454 c2ee87ff3b734500b7461b6666630454] 199.204.45.210 "GET /resource_providers/ad6ea511-82fd-4540-a360-fb67db8c7fa0/allocations" status: 200 len: 338 microversion: 1.0 [pid: 7|app: 0|req: 310/622] 199.204.45.210 () {32 vars in 857 bytes} [Wed Jun 24 19:08:07 2026] GET /resource_providers/ad6ea511-82fd-4540-a360-fb67db8c7fa0/allocations => generated 338 bytes in 17 msecs (HTTP/1.1 200) 6 headers in 224 bytes (1 switches on core 0)
2026-06-24 19:08:07.275 8 INFO placement.requestlog [req-ea0db099-7aa6-47e5-9355-a6c592fa12e6 req-7ffb81da-2940-44df-9718-0fa6627165e3 a571ddbba6264d1e89dad0845df11d36 a9300bfa96bf46e498024eef4a9eaaa8 - - c2ee87ff3b734500b7461b6666630454 c2ee87ff3b734500b7461b6666630454] 199.204.45.210 "GET /allocations/47885bf2-7cc0-4142-9f7b-ca3087017e96" status: 200 len: 257 microversion: 1.28 [pid: 8|app: 0|req: 313/623] 199.204.45.210 () {34 vars in 863 bytes} [Wed Jun 24 19:08:07 2026] GET /allocations/47885bf2-7cc0-4142-9f7b-ca3087017e96 => generated 257 bytes in 18 msecs (HTTP/1.1 200) 8 headers in 296 bytes (1 switches on core 0)
2026-06-24 19:08:07.295 7 INFO placement.requestlog [req-ea0db099-7aa6-47e5-9355-a6c592fa12e6 req-a110f234-b19d-493c-9d07-b6af9cfb6f34 a571ddbba6264d1e89dad0845df11d36 a9300bfa96bf46e498024eef4a9eaaa8 - - c2ee87ff3b734500b7461b6666630454 c2ee87ff3b734500b7461b6666630454] 199.204.45.210 "GET /allocations/87fa2c58-b5b6-4289-bd76-d522470cfe37" status: 200 len: 243 microversion: 1.28 [pid: 7|app: 0|req: 311/624] 199.204.45.210 () {34 vars in 863 bytes} [Wed Jun 24 19:08:07 2026] GET /allocations/87fa2c58-b5b6-4289-bd76-d522470cfe37 => generated 243 bytes in 14 msecs (HTTP/1.1 200) 8 headers in 296 bytes (1 switches on core 0)
2026-06-24 19:08:07.325 8 INFO placement.requestlog [req-ea0db099-7aa6-47e5-9355-a6c592fa12e6 req-64ebb44a-0554-413e-baef-e329d95ac673 a571ddbba6264d1e89dad0845df11d36 a9300bfa96bf46e498024eef4a9eaaa8 - - c2ee87ff3b734500b7461b6666630454 c2ee87ff3b734500b7461b6666630454] 199.204.45.210 "GET /allocations/c1923fbd-3bcb-40f3-9a57-b146988fef98" status: 200 len: 257 microversion: 1.28 [pid: 8|app: 0|req: 314/625] 199.204.45.210 () {34 vars in 863 bytes} [Wed Jun 24 19:08:07 2026] GET /allocations/c1923fbd-3bcb-40f3-9a57-b146988fef98 => generated 257 bytes in 22 msecs (HTTP/1.1 200) 8 headers in 296 bytes (1 switches on core 0)
2026-06-24 19:08:15.317 7 INFO placement.requestlog [req-be35dbba-cfcc-4c4a-9288-95c42a7f8e1f req-77590aa6-395f-4425-a2ba-eb368152af11 a571ddbba6264d1e89dad0845df11d36 a9300bfa96bf46e498024eef4a9eaaa8 - - c2ee87ff3b734500b7461b6666630454 c2ee87ff3b734500b7461b6666630454] 199.204.45.210 "GET /resource_providers/ad6ea511-82fd-4540-a360-fb67db8c7fa0/allocations" status: 200 len: 338 microversion: 1.0 [pid: 7|app: 0|req: 312/626] 199.204.45.210 () {32 vars in 857 bytes} [Wed Jun 24 19:08:15 2026] GET /resource_providers/ad6ea511-82fd-4540-a360-fb67db8c7fa0/allocations => generated 338 bytes in 26 msecs (HTTP/1.1 200) 6 headers in 224 bytes (1 switches on core 0)
2026-06-24 19:08:15.362 8 INFO placement.requestlog [req-be35dbba-cfcc-4c4a-9288-95c42a7f8e1f req-fece79a4-6ba5-4238-8436-2903079b344d a571ddbba6264d1e89dad0845df11d36 a9300bfa96bf46e498024eef4a9eaaa8 - - c2ee87ff3b734500b7461b6666630454 c2ee87ff3b734500b7461b6666630454] 199.204.45.210 "GET /resource_providers/ad6ea511-82fd-4540-a360-fb67db8c7fa0/allocations" status: 200 len: 338 microversion: 1.0 [pid: 8|app: 0|req: 315/627] 199.204.45.210 () {32 vars in 857 bytes} [Wed Jun 24 19:08:15 2026] GET /resource_providers/ad6ea511-82fd-4540-a360-fb67db8c7fa0/allocations => generated 338 bytes in 35 msecs (HTTP/1.1 200) 6 headers in 224 bytes (1 switches on core 0)
2026-06-24 19:08:15.396 7 INFO placement.requestlog [req-be35dbba-cfcc-4c4a-9288-95c42a7f8e1f req-3afa4a41-afb6-4bc0-aaba-aefb505c8ad4 a571ddbba6264d1e89dad0845df11d36 a9300bfa96bf46e498024eef4a9eaaa8 - - c2ee87ff3b734500b7461b6666630454 c2ee87ff3b734500b7461b6666630454] 199.204.45.210 "GET /allocations/47885bf2-7cc0-4142-9f7b-ca3087017e96" status: 200 len: 257 microversion: 1.28 [pid: 7|app: 0|req: 313/628] 199.204.45.210 () {34 vars in 863 bytes} [Wed Jun 24 19:08:15 2026] GET /allocations/47885bf2-7cc0-4142-9f7b-ca3087017e96 => generated 257 bytes in 17 msecs (HTTP/1.1 200) 8 headers in 296 bytes (1 switches on core 0)
2026-06-24 19:08:15.439 8 INFO placement.requestlog [req-be35dbba-cfcc-4c4a-9288-95c42a7f8e1f req-e931f736-3914-42ba-91fa-70dfb6993659 a571ddbba6264d1e89dad0845df11d36 a9300bfa96bf46e498024eef4a9eaaa8 - - c2ee87ff3b734500b7461b6666630454 c2ee87ff3b734500b7461b6666630454] 199.204.45.210 "GET /allocations/87fa2c58-b5b6-4289-bd76-d522470cfe37" status: 200 len: 243 microversion: 1.28 [pid: 8|app: 0|req: 316/629] 199.204.45.210 () {34 vars in 863 bytes} [Wed Jun 24 19:08:15 2026] GET /allocations/87fa2c58-b5b6-4289-bd76-d522470cfe37 => generated 243 bytes in 35 msecs (HTTP/1.1 200) 8 headers in 296 bytes (1 switches on core 0)
2026-06-24 19:08:15.468 7 INFO placement.requestlog [req-be35dbba-cfcc-4c4a-9288-95c42a7f8e1f req-5a1843f6-2469-4eab-801f-f13635e3bd4c a571ddbba6264d1e89dad0845df11d36 a9300bfa96bf46e498024eef4a9eaaa8 - - c2ee87ff3b734500b7461b6666630454 c2ee87ff3b734500b7461b6666630454] 199.204.45.210 "GET /allocations/c1923fbd-3bcb-40f3-9a57-b146988fef98" status: 200 len: 257 microversion: 1.28 [pid: 7|app: 0|req: 314/630] 199.204.45.210 () {34 vars in 863 bytes} [Wed Jun 24 19:08:15 2026] GET /allocations/c1923fbd-3bcb-40f3-9a57-b146988fef98 => generated 257 bytes in 23 msecs (HTTP/1.1 200) 8 headers in 296 bytes (1 switches on core 0)
2026-06-24 19:08:16.630 8 INFO placement.requestlog [None req-c52367c1-8639-462e-a340-25ba75b8fca3 - - - - - -] 10.0.0.132 "GET /" status: 200 len: 136 microversion: 1.0
2026-06-24 19:08:16.629 7 INFO placement.requestlog [None req-1e6f1143-7e5c-4d33-b3af-0246b676ebde - - - - - -] 10.0.0.132 "GET /" status: 200 len: 136 microversion: 1.0
2026-06-24 19:08:17.222 8 INFO placement.requestlog [req-ea53dd9f-0a4f-4562-baee-5105ad8dd4bb req-b210ce2e-8534-464f-b3e0-64cec2a6c657 a571ddbba6264d1e89dad0845df11d36 a9300bfa96bf46e498024eef4a9eaaa8 - - c2ee87ff3b734500b7461b6666630454 c2ee87ff3b734500b7461b6666630454] 199.204.45.210 "GET /resource_providers/ad6ea511-82fd-4540-a360-fb67db8c7fa0/allocations" status: 200 len: 338 microversion: 1.0 [pid: 8|app: 0|req: 318/633] 199.204.45.210 () {32 vars in 857 bytes} [Wed Jun 24 19:08:17 2026] GET /resource_providers/ad6ea511-82fd-4540-a360-fb67db8c7fa0/allocations => generated 338 bytes in 20 msecs (HTTP/1.1 200) 6 headers in 224 bytes (1 switches on core 0)
2026-06-24 19:08:17.248 7 INFO placement.requestlog [req-ea53dd9f-0a4f-4562-baee-5105ad8dd4bb req-bfef8642-4667-44b2-bcc2-227553581220 a571ddbba6264d1e89dad0845df11d36 a9300bfa96bf46e498024eef4a9eaaa8 - - c2ee87ff3b734500b7461b6666630454 c2ee87ff3b734500b7461b6666630454] 199.204.45.210 "GET /allocations/47885bf2-7cc0-4142-9f7b-ca3087017e96" status: 200 len: 257 microversion: 1.28 [pid: 7|app: 0|req: 316/634] 199.204.45.210 () {34 vars in 863 bytes} [Wed Jun 24 19:08:17 2026] GET /allocations/47885bf2-7cc0-4142-9f7b-ca3087017e96 => generated 257 bytes in 17 msecs (HTTP/1.1 200) 8 headers in 296 bytes (1 switches on core 0)
2026-06-24 19:08:17.268 8 INFO placement.requestlog [req-ea53dd9f-0a4f-4562-baee-5105ad8dd4bb req-7fb8db65-74ca-4f79-bfbb-6fe30ad0d0f0 a571ddbba6264d1e89dad0845df11d36 a9300bfa96bf46e498024eef4a9eaaa8 - - c2ee87ff3b734500b7461b6666630454 c2ee87ff3b734500b7461b6666630454] 199.204.45.210 "GET /allocations/87fa2c58-b5b6-4289-bd76-d522470cfe37" status: 200 len: 243 microversion: 1.28 [pid: 8|app: 0|req: 319/635] 199.204.45.210 () {34 vars in 863 bytes} [Wed Jun 24 19:08:17 2026] GET /allocations/87fa2c58-b5b6-4289-bd76-d522470cfe37 => generated 243 bytes in 13 msecs (HTTP/1.1 200) 8 headers in 296 bytes (1 switches on core 0)
2026-06-24 19:08:17.293 7 INFO placement.requestlog [req-ea53dd9f-0a4f-4562-baee-5105ad8dd4bb req-ea3115a3-c5e7-4cde-b56d-d38ad8d1bd4a a571ddbba6264d1e89dad0845df11d36 a9300bfa96bf46e498024eef4a9eaaa8 - - c2ee87ff3b734500b7461b6666630454 c2ee87ff3b734500b7461b6666630454] 199.204.45.210 "GET /allocations/c1923fbd-3bcb-40f3-9a57-b146988fef98" status: 200 len: 257 microversion: 1.28 [pid: 7|app: 0|req: 317/636] 199.204.45.210 () {34 vars in 863 bytes} [Wed Jun 24 19:08:17 2026] GET /allocations/c1923fbd-3bcb-40f3-9a57-b146988fef98 => generated 257 bytes in 17 msecs (HTTP/1.1 200) 8 headers in 296 bytes (1 switches on core 0)
2026-06-24 19:08:17.400 8 INFO placement.requestlog [req-ea53dd9f-0a4f-4562-baee-5105ad8dd4bb req-99f66a61-33a1-401e-9f86-5c39a53ef361 a571ddbba6264d1e89dad0845df11d36 a9300bfa96bf46e498024eef4a9eaaa8 - - c2ee87ff3b734500b7461b6666630454 c2ee87ff3b734500b7461b6666630454] 199.204.45.210 "DELETE /allocations/87fa2c58-b5b6-4289-bd76-d522470cfe37" status: 204 len: 0 microversion: 1.0 [pid: 8|app: 0|req: 320/637] 199.204.45.210 () {34 vars in 841 bytes} [Wed Jun 24 19:08:17 2026] DELETE /allocations/87fa2c58-b5b6-4289-bd76-d522470cfe37 => generated 0 bytes in 32 msecs (HTTP/1.1 204) 5 headers in 198 bytes (1 switches on core 0)
2026-06-24 19:08:17.913 8 INFO placement.requestlog [None req-48313768-f913-4fae-9cc5-4da813a75037 0228d60db1794f79b563f87482b38b7f a9300bfa96bf46e498024eef4a9eaaa8 - - c2ee87ff3b734500b7461b6666630454 c2ee87ff3b734500b7461b6666630454] 10.0.0.251 "GET /resource_providers/f235e8e5-b7de-40d7-bf62-08cd6ee183db/aggregates" status: 404 len: 235 microversion: 1.1 [pid: 8|app: 0|req: 321/638] 10.0.0.251 () {32 vars in 825 bytes} [Wed Jun 24 19:08:17 2026] GET /resource_providers/f235e8e5-b7de-40d7-bf62-08cd6ee183db/aggregates => generated 235 bytes in 10 msecs (HTTP/1.1 404) 5 headers in 202 bytes (1 switches on core 0)
2026-06-24 19:08:17.917 7 INFO placement.requestlog [None req-7741db56-49b1-4c8b-8228-c8d5ac4d3e32 0228d60db1794f79b563f87482b38b7f a9300bfa96bf46e498024eef4a9eaaa8 - - c2ee87ff3b734500b7461b6666630454 c2ee87ff3b734500b7461b6666630454] 10.0.0.251 "GET /resource_providers/f235e8e5-b7de-40d7-bf62-08cd6ee183db/aggregates" status: 404 len: 235 microversion: 1.1 [pid: 7|app: 0|req: 318/639] 10.0.0.251 () {32 vars in 825 bytes} [Wed Jun 24 19:08:17 2026] GET /resource_providers/f235e8e5-b7de-40d7-bf62-08cd6ee183db/aggregates => generated 235 bytes in 15 msecs (HTTP/1.1 404) 5 headers in 202 bytes (1 switches on core 0)
2026-06-24 19:08:17.935 7 INFO placement.requestlog [None req-ad997804-ecdc-4845-b065-72ce3e383a7b 0228d60db1794f79b563f87482b38b7f a9300bfa96bf46e498024eef4a9eaaa8 - - c2ee87ff3b734500b7461b6666630454 c2ee87ff3b734500b7461b6666630454] 10.0.0.251 "DELETE /resource_providers/f235e8e5-b7de-40d7-bf62-08cd6ee183db" status: 404 len: 246 microversion: 1.1 [pid: 7|app: 0|req: 319/640] 10.0.0.251 () {34 vars in 825 bytes} [Wed Jun 24 19:08:17 2026] DELETE /resource_providers/f235e8e5-b7de-40d7-bf62-08cd6ee183db => generated 246 bytes in 11 msecs (HTTP/1.1 404) 6 headers in 231 bytes (1 switches on core 0)
2026-06-24 19:08:17.936 8 INFO placement.requestlog [None req-6f5bcfdf-090c-4ef8-a327-d67c29344618 0228d60db1794f79b563f87482b38b7f a9300bfa96bf46e498024eef4a9eaaa8 - - c2ee87ff3b734500b7461b6666630454 c2ee87ff3b734500b7461b6666630454] 10.0.0.251 "DELETE /resource_providers/f235e8e5-b7de-40d7-bf62-08cd6ee183db" status: 404 len: 246 microversion: 1.1 [pid: 8|app: 0|req: 322/641] 10.0.0.251 () {34 vars in 825 bytes} [Wed Jun 24 19:08:17 2026] DELETE /resource_providers/f235e8e5-b7de-40d7-bf62-08cd6ee183db => generated 246 bytes in 17 msecs (HTTP/1.1 404) 6 headers in 231 bytes (1 switches on core 0)
2026-06-24 19:08:21.344 7 INFO placement.requestlog [None req-ffee385e-4615-497e-8f05-cdf36a9a4bb3 0228d60db1794f79b563f87482b38b7f a9300bfa96bf46e498024eef4a9eaaa8 - - c2ee87ff3b734500b7461b6666630454 c2ee87ff3b734500b7461b6666630454] 10.0.0.251 "GET /resource_providers/c7b280b3-854c-49b5-a274-19f6c5b272d2/aggregates" status: 404 len: 235 microversion: 1.1 [pid: 7|app: 0|req: 320/642] 10.0.0.251 () {32 vars in 825 bytes} [Wed Jun 24 19:08:21 2026] GET /resource_providers/c7b280b3-854c-49b5-a274-19f6c5b272d2/aggregates => generated 235 bytes in 9 msecs (HTTP/1.1 404) 5 headers in 202 bytes (1 switches on core 0)
2026-06-24 19:08:21.352 8 INFO placement.requestlog [None req-7eab0ff7-a88e-42b4-b87a-271bf6572463 0228d60db1794f79b563f87482b38b7f a9300bfa96bf46e498024eef4a9eaaa8 - - c2ee87ff3b734500b7461b6666630454 c2ee87ff3b734500b7461b6666630454] 10.0.0.251 "GET /resource_providers/c7b280b3-854c-49b5-a274-19f6c5b272d2/aggregates" status: 404 len: 235 microversion: 1.1 [pid: 8|app: 0|req: 323/643] 10.0.0.251 () {32 vars in 825 bytes} [Wed Jun 24 19:08:21 2026] GET /resource_providers/c7b280b3-854c-49b5-a274-19f6c5b272d2/aggregates => generated 235 bytes in 16 msecs (HTTP/1.1 404) 5 headers in 202 bytes (1 switches on core 0)
2026-06-24 19:08:21.368 7 INFO placement.requestlog [None req-0146bab0-70f5-4a32-94f2-6f131bffd160 0228d60db1794f79b563f87482b38b7f a9300bfa96bf46e498024eef4a9eaaa8 - - c2ee87ff3b734500b7461b6666630454 c2ee87ff3b734500b7461b6666630454] 10.0.0.251 "DELETE /resource_providers/c7b280b3-854c-49b5-a274-19f6c5b272d2" status: 404 len: 246 microversion: 1.1 [pid: 7|app: 0|req: 321/644] 10.0.0.251 () {34 vars in 825 bytes} [Wed Jun 24 19:08:21 2026] DELETE /resource_providers/c7b280b3-854c-49b5-a274-19f6c5b272d2 => generated 246 bytes in 12 msecs (HTTP/1.1 404) 6 headers in 231 bytes (1 switches on core 0)
2026-06-24 19:08:21.376 8 INFO placement.requestlog [None req-8d811063-feff-4d1b-9fa6-03f8296f9d5f 0228d60db1794f79b563f87482b38b7f a9300bfa96bf46e498024eef4a9eaaa8 - - c2ee87ff3b734500b7461b6666630454 c2ee87ff3b734500b7461b6666630454] 10.0.0.251 "DELETE /resource_providers/c7b280b3-854c-49b5-a274-19f6c5b272d2" status: 404 len: 246 microversion: 1.1 [pid: 8|app: 0|req: 324/645] 10.0.0.251 () {34 vars in 825 bytes} [Wed Jun 24 19:08:21 2026] DELETE /resource_providers/c7b280b3-854c-49b5-a274-19f6c5b272d2 => generated 246 bytes in 13 msecs (HTTP/1.1 404) 6 headers in 231 bytes (1 switches on core 0)
2026-06-24 19:08:26.205 8 INFO placement.requestlog [None req-ccf84e15-bfbd-4c8e-915c-5daf6620f5d7 0228d60db1794f79b563f87482b38b7f a9300bfa96bf46e498024eef4a9eaaa8 - - c2ee87ff3b734500b7461b6666630454 c2ee87ff3b734500b7461b6666630454] 10.0.0.251 "GET /resource_providers/e65b475e-05a8-459f-a4af-7a6bf5e63b61/aggregates" status: 404 len: 235 microversion: 1.1 [pid: 8|app: 0|req: 325/646] 10.0.0.251 () {32 vars in 825 bytes} [Wed Jun 24 19:08:26 2026] GET /resource_providers/e65b475e-05a8-459f-a4af-7a6bf5e63b61/aggregates => generated 235 bytes in 159 msecs (HTTP/1.1 404) 5 headers in 202 bytes (1 switches on core 0)
2026-06-24 19:08:26.227 8 INFO placement.requestlog [None req-f17596b6-0d6b-4f30-8d44-675f47cc6c3b 0228d60db1794f79b563f87482b38b7f a9300bfa96bf46e498024eef4a9eaaa8 - - c2ee87ff3b734500b7461b6666630454 c2ee87ff3b734500b7461b6666630454] 10.0.0.251 "DELETE /resource_providers/e65b475e-05a8-459f-a4af-7a6bf5e63b61" status: 404 len: 246 microversion: 1.1 [pid: 8|app: 0|req: 326/647] 10.0.0.251 () {34 vars in 825 bytes} [Wed Jun 24 19:08:26 2026] DELETE /resource_providers/e65b475e-05a8-459f-a4af-7a6bf5e63b61 => generated 246 bytes in 10 msecs (HTTP/1.1 404) 6 headers in 231 bytes (1 switches on core 0)
2026-06-24 19:08:26.236 7 INFO placement.requestlog [None req-1c546e29-845b-44b9-8528-da59d2d70fd2 0228d60db1794f79b563f87482b38b7f a9300bfa96bf46e498024eef4a9eaaa8 - - c2ee87ff3b734500b7461b6666630454 c2ee87ff3b734500b7461b6666630454] 10.0.0.251 "GET /resource_providers/e65b475e-05a8-459f-a4af-7a6bf5e63b61/aggregates" status: 404 len: 235 microversion: 1.1 [pid: 7|app: 0|req: 322/648] 10.0.0.251 () {32 vars in 825 bytes} [Wed Jun 24 19:08:26 2026] GET /resource_providers/e65b475e-05a8-459f-a4af-7a6bf5e63b61/aggregates => generated 235 bytes in 190 msecs (HTTP/1.1 404) 5 headers in 202 bytes (1 switches on core 0)
2026-06-24 19:08:26.255 8 INFO placement.requestlog [None req-6ed4c55d-d3b6-47e4-8402-eaab89adec0b 0228d60db1794f79b563f87482b38b7f a9300bfa96bf46e498024eef4a9eaaa8 - - c2ee87ff3b734500b7461b6666630454 c2ee87ff3b734500b7461b6666630454] 10.0.0.251 "DELETE /resource_providers/e65b475e-05a8-459f-a4af-7a6bf5e63b61" status: 404 len: 246 microversion: 1.1 [pid: 8|app: 0|req: 327/649] 10.0.0.251 () {34 vars in 825 bytes} [Wed Jun 24 19:08:26 2026] DELETE /resource_providers/e65b475e-05a8-459f-a4af-7a6bf5e63b61 => generated 246 bytes in 10 msecs (HTTP/1.1 404) 6 headers in 231 bytes (1 switches on core 0)
2026-06-24 19:08:26.631 8 INFO placement.requestlog [None req-6ebd82ae-025f-4757-8ad5-52a0418e6e93 - - - - - -] 10.0.0.132 "GET /" status: 200 len: 136 microversion: 1.0
2026-06-24 19:08:26.631 7 INFO placement.requestlog [None req-c2776e94-ad3c-4a16-9afb-8156c258c290 - - - - - -] 10.0.0.132 "GET /" status: 200 len: 136 microversion: 1.0
2026-06-24 19:08:28.255 8 INFO placement.requestlog [None req-7ccb889a-4d46-4218-a4e2-471982a06bea 0228d60db1794f79b563f87482b38b7f a9300bfa96bf46e498024eef4a9eaaa8 - - c2ee87ff3b734500b7461b6666630454 c2ee87ff3b734500b7461b6666630454] 10.0.0.251 "GET /resource_providers/8790cf90-e895-495d-89e2-293c53d4a585/aggregates" status: 404 len: 235 microversion: 1.1 [pid: 8|app: 0|req: 329/652] 10.0.0.251 () {32 vars in 825 bytes} [Wed Jun 24 19:08:28 2026] GET /resource_providers/8790cf90-e895-495d-89e2-293c53d4a585/aggregates => generated 235 bytes in 10 msecs (HTTP/1.1 404) 5 headers in 202 bytes (1 switches on core 0)
2026-06-24 19:08:28.276 7 INFO placement.requestlog [None req-5033a68c-4cbe-4fb0-90a6-1d5fa3cb9359 0228d60db1794f79b563f87482b38b7f a9300bfa96bf46e498024eef4a9eaaa8 - - c2ee87ff3b734500b7461b6666630454 c2ee87ff3b734500b7461b6666630454] 10.0.0.251 "GET /resource_providers/8790cf90-e895-495d-89e2-293c53d4a585/aggregates" status: 404 len: 235 microversion: 1.1 [pid: 7|app: 0|req: 324/653] 10.0.0.251 () {32 vars in 825 bytes} [Wed Jun 24 19:08:28 2026] GET /resource_providers/8790cf90-e895-495d-89e2-293c53d4a585/aggregates => generated 235 bytes in 11 msecs (HTTP/1.1 404) 5 headers in 202 bytes (1 switches on core 0)
2026-06-24 19:08:28.279 8 INFO placement.requestlog [None req-39174fc5-949e-4f54-be9c-2e150aaf4e73 0228d60db1794f79b563f87482b38b7f a9300bfa96bf46e498024eef4a9eaaa8 - - c2ee87ff3b734500b7461b6666630454 c2ee87ff3b734500b7461b6666630454] 10.0.0.251 "DELETE /resource_providers/8790cf90-e895-495d-89e2-293c53d4a585" status: 404 len: 246 microversion: 1.1 [pid: 8|app: 0|req: 330/654] 10.0.0.251 () {34 vars in 825 bytes} [Wed Jun 24 19:08:28 2026] DELETE /resource_providers/8790cf90-e895-495d-89e2-293c53d4a585 => generated 246 bytes in 12 msecs (HTTP/1.1 404) 6 headers in 231 bytes (1 switches on core 0)
2026-06-24 19:08:28.299 7 INFO placement.requestlog [None req-f502276b-9695-4839-ada7-0c33b3601326 0228d60db1794f79b563f87482b38b7f a9300bfa96bf46e498024eef4a9eaaa8 - - c2ee87ff3b734500b7461b6666630454 c2ee87ff3b734500b7461b6666630454] 10.0.0.251 "DELETE /resource_providers/8790cf90-e895-495d-89e2-293c53d4a585" status: 404 len: 246 microversion: 1.1 [pid: 7|app: 0|req: 325/655] 10.0.0.251 () {34 vars in 825 bytes} [Wed Jun 24 19:08:28 2026] DELETE /resource_providers/8790cf90-e895-495d-89e2-293c53d4a585 => generated 246 bytes in 12 msecs (HTTP/1.1 404) 6 headers in 231 bytes (1 switches on core 0)
2026-06-24 19:08:31.957 8 INFO placement.requestlog [req-05ed2564-c60e-445c-a049-b1b3ffa3474e req-2108df5e-9897-44d5-8cf1-35c72814d65f a571ddbba6264d1e89dad0845df11d36 a9300bfa96bf46e498024eef4a9eaaa8 - - c2ee87ff3b734500b7461b6666630454 c2ee87ff3b734500b7461b6666630454] 10.0.0.46 "GET /allocation_candidates?limit=1000&resources=DISK_GB%3A1%2CMEMORY_MB%3A512%2CVCPU%3A1&root_required=%21COMPUTE_STATUS_DISABLED" status: 200 len: 2220 microversion: 1.36 [pid: 8|app: 0|req: 331/656] 10.0.0.46 () {34 vars in 1011 bytes} [Wed Jun 24 19:08:31 2026] GET /allocation_candidates?limit=1000&resources=DISK_GB%3A1%2CMEMORY_MB%3A512%2CVCPU%3A1&root_required=%21COMPUTE_STATUS_DISABLED => generated 2220 bytes in 56 msecs (HTTP/1.1 200) 8 headers in 297 bytes (1 switches on core 0)
2026-06-24 19:08:32.000 7 INFO placement.requestlog [req-05ed2564-c60e-445c-a049-b1b3ffa3474e req-3c418b48-e5c4-4c59-a9b3-9627712509a5 a571ddbba6264d1e89dad0845df11d36 a9300bfa96bf46e498024eef4a9eaaa8 - - c2ee87ff3b734500b7461b6666630454 c2ee87ff3b734500b7461b6666630454] 10.0.0.46 "GET /allocations/bbfc16ac-3e93-40b8-9ada-0db1b3014562" status: 200 len: 19 microversion: 1.28 [pid: 7|app: 0|req: 326/657] 10.0.0.46 () {34 vars in 860 bytes} [Wed Jun 24 19:08:31 2026] GET /allocations/bbfc16ac-3e93-40b8-9ada-0db1b3014562 => generated 19 bytes in 15 msecs (HTTP/1.1 200) 8 headers in 295 bytes (1 switches on core 0)
2026-06-24 19:08:32.109 8 INFO placement.requestlog [req-05ed2564-c60e-445c-a049-b1b3ffa3474e req-ad14691c-f58c-4d78-a223-aa11c0001bc5 a571ddbba6264d1e89dad0845df11d36 a9300bfa96bf46e498024eef4a9eaaa8 - - c2ee87ff3b734500b7461b6666630454 c2ee87ff3b734500b7461b6666630454] 10.0.0.46 "PUT /allocations/bbfc16ac-3e93-40b8-9ada-0db1b3014562" status: 204 len: 0 microversion: 1.36 [pid: 8|app: 0|req: 332/658] 10.0.0.46 () {38 vars in 913 bytes} [Wed Jun 24 19:08:32 2026] PUT /allocations/bbfc16ac-3e93-40b8-9ada-0db1b3014562 => generated 0 bytes in 101 msecs (HTTP/1.1 204) 5 headers in 199 bytes (1 switches on core 0)
2026-06-24 19:08:32.491 7 INFO placement.requestlog [req-05ed2564-c60e-445c-a049-b1b3ffa3474e req-8b93aec9-2679-4617-92bb-cd3417c8fe22 a571ddbba6264d1e89dad0845df11d36 a9300bfa96bf46e498024eef4a9eaaa8 - - c2ee87ff3b734500b7461b6666630454 c2ee87ff3b734500b7461b6666630454] 199.204.45.210 "GET /allocations/bbfc16ac-3e93-40b8-9ada-0db1b3014562" status: 200 len: 257 microversion: 1.28 [pid: 7|app: 0|req: 327/659] 199.204.45.210 () {34 vars in 863 bytes} [Wed Jun 24 19:08:32 2026] GET /allocations/bbfc16ac-3e93-40b8-9ada-0db1b3014562 => generated 257 bytes in 13 msecs (HTTP/1.1 200) 8 headers in 296 bytes (1 switches on core 0)
2026-06-24 19:08:32.602 8 INFO placement.requestlog [req-05ed2564-c60e-445c-a049-b1b3ffa3474e req-c2875568-1c01-4d52-a40d-5956bcdd08f6 a571ddbba6264d1e89dad0845df11d36 a9300bfa96bf46e498024eef4a9eaaa8 - - c2ee87ff3b734500b7461b6666630454 c2ee87ff3b734500b7461b6666630454] 199.204.45.210 "GET /resource_providers/ad6ea511-82fd-4540-a360-fb67db8c7fa0/allocations" status: 200 len: 352 microversion: 1.0 [pid: 8|app: 0|req: 333/660] 199.204.45.210 () {32 vars in 857 bytes} [Wed Jun 24 19:08:32 2026] GET /resource_providers/ad6ea511-82fd-4540-a360-fb67db8c7fa0/allocations => generated 352 bytes in 26 msecs (HTTP/1.1 200) 6 headers in 224 bytes (1 switches on core 0)
2026-06-24 19:08:32.635 7 INFO placement.requestlog [req-05ed2564-c60e-445c-a049-b1b3ffa3474e req-ce23c3d0-0833-4199-81ca-52fcb421fe40 a571ddbba6264d1e89dad0845df11d36 a9300bfa96bf46e498024eef4a9eaaa8 - - c2ee87ff3b734500b7461b6666630454 c2ee87ff3b734500b7461b6666630454] 199.204.45.210 "GET /allocations/47885bf2-7cc0-4142-9f7b-ca3087017e96" status: 200 len: 257 microversion: 1.28 [pid: 7|app: 0|req: 328/661] 199.204.45.210 () {34 vars in 863 bytes} [Wed Jun 24 19:08:32 2026] GET /allocations/47885bf2-7cc0-4142-9f7b-ca3087017e96 => generated 257 bytes in 21 msecs (HTTP/1.1 200) 8 headers in 296 bytes (1 switches on core 0)
2026-06-24 19:08:32.674 8 INFO placement.requestlog [req-05ed2564-c60e-445c-a049-b1b3ffa3474e req-f197fcc7-6e60-46ab-aa61-2adc26fa826a a571ddbba6264d1e89dad0845df11d36 a9300bfa96bf46e498024eef4a9eaaa8 - - c2ee87ff3b734500b7461b6666630454 c2ee87ff3b734500b7461b6666630454] 199.204.45.210 "GET /allocations/bbfc16ac-3e93-40b8-9ada-0db1b3014562" status: 200 len: 257 microversion: 1.28 [pid: 8|app: 0|req: 334/662] 199.204.45.210 () {34 vars in 863 bytes} [Wed Jun 24 19:08:32 2026] GET /allocations/bbfc16ac-3e93-40b8-9ada-0db1b3014562 => generated 257 bytes in 33 msecs (HTTP/1.1 200) 8 headers in 296 bytes (1 switches on core 0)
2026-06-24 19:08:32.714 7 INFO placement.requestlog [req-05ed2564-c60e-445c-a049-b1b3ffa3474e req-b49ed246-afa6-4ba3-8878-0ed8e512d3d6 a571ddbba6264d1e89dad0845df11d36 a9300bfa96bf46e498024eef4a9eaaa8 - - c2ee87ff3b734500b7461b6666630454 c2ee87ff3b734500b7461b6666630454] 199.204.45.210 "GET /allocations/c1923fbd-3bcb-40f3-9a57-b146988fef98" status: 200 len: 257 microversion: 1.28 [pid: 7|app: 0|req: 329/663] 199.204.45.210 () {34 vars in 863 bytes} [Wed Jun 24 19:08:32 2026] GET /allocations/c1923fbd-3bcb-40f3-9a57-b146988fef98 => generated 257 bytes in 23 msecs (HTTP/1.1 200) 8 headers in 296 bytes (1 switches on core 0)
2026-06-24 19:08:34.113 8 INFO placement.requestlog [req-e47d3211-844e-40ec-a3f5-525de172ef99 req-0595ea41-b5be-4552-8b12-a3ea407f5625 a571ddbba6264d1e89dad0845df11d36 a9300bfa96bf46e498024eef4a9eaaa8 - - c2ee87ff3b734500b7461b6666630454 c2ee87ff3b734500b7461b6666630454] 199.204.45.210 "GET /resource_providers/ad6ea511-82fd-4540-a360-fb67db8c7fa0/allocations" status: 200 len: 352 microversion: 1.0 [pid: 8|app: 0|req: 335/664] 199.204.45.210 () {32 vars in 857 bytes} [Wed Jun 24 19:08:34 2026] GET /resource_providers/ad6ea511-82fd-4540-a360-fb67db8c7fa0/allocations => generated 352 bytes in 21 msecs (HTTP/1.1 200) 6 headers in 224 bytes (1 switches on core 0)
2026-06-24 19:08:34.137 7 INFO placement.requestlog [req-e47d3211-844e-40ec-a3f5-525de172ef99 req-5967ee0c-9554-4729-8d5c-586da8fd64cc a571ddbba6264d1e89dad0845df11d36 a9300bfa96bf46e498024eef4a9eaaa8 - - c2ee87ff3b734500b7461b6666630454 c2ee87ff3b734500b7461b6666630454] 199.204.45.210 "GET /allocations/47885bf2-7cc0-4142-9f7b-ca3087017e96" status: 200 len: 257 microversion: 1.28 [pid: 7|app: 0|req: 330/665] 199.204.45.210 () {34 vars in 863 bytes} [Wed Jun 24 19:08:34 2026] GET /allocations/47885bf2-7cc0-4142-9f7b-ca3087017e96 => generated 257 bytes in 14 msecs (HTTP/1.1 200) 8 headers in 296 bytes (1 switches on core 0)
2026-06-24 19:08:34.157 8 INFO placement.requestlog [req-e47d3211-844e-40ec-a3f5-525de172ef99 req-602ceede-9b09-450d-be9b-348dd5ecd6bb a571ddbba6264d1e89dad0845df11d36 a9300bfa96bf46e498024eef4a9eaaa8 - - c2ee87ff3b734500b7461b6666630454 c2ee87ff3b734500b7461b6666630454] 199.204.45.210 "GET /allocations/bbfc16ac-3e93-40b8-9ada-0db1b3014562" status: 200 len: 257 microversion: 1.28 [pid: 8|app: 0|req: 336/666] 199.204.45.210 () {34 vars in 863 bytes} [Wed Jun 24 19:08:34 2026] GET /allocations/bbfc16ac-3e93-40b8-9ada-0db1b3014562 => generated 257 bytes in 14 msecs (HTTP/1.1 200) 8 headers in 296 bytes (1 switches on core 0)
2026-06-24 19:08:34.184 7 INFO placement.requestlog [req-e47d3211-844e-40ec-a3f5-525de172ef99 req-8b39fa69-b4bd-46be-a3fb-a67d7680e066 a571ddbba6264d1e89dad0845df11d36 a9300bfa96bf46e498024eef4a9eaaa8 - - c2ee87ff3b734500b7461b6666630454 c2ee87ff3b734500b7461b6666630454] 199.204.45.210 "GET /allocations/c1923fbd-3bcb-40f3-9a57-b146988fef98" status: 200 len: 257 microversion: 1.28 [pid: 7|app: 0|req: 331/667] 199.204.45.210 () {34 vars in 863 bytes} [Wed Jun 24 19:08:34 2026] GET /allocations/c1923fbd-3bcb-40f3-9a57-b146988fef98 => generated 257 bytes in 13 msecs (HTTP/1.1 200) 8 headers in 296 bytes (1 switches on core 0)
2026-06-24 19:08:34.319 8 INFO placement.requestlog [req-e47d3211-844e-40ec-a3f5-525de172ef99 req-bd0b727f-636f-4728-aa46-1be2eb006a2a a571ddbba6264d1e89dad0845df11d36 a9300bfa96bf46e498024eef4a9eaaa8 - - c2ee87ff3b734500b7461b6666630454 c2ee87ff3b734500b7461b6666630454] 199.204.45.210 "DELETE /allocations/c1923fbd-3bcb-40f3-9a57-b146988fef98" status: 204 len: 0 microversion: 1.0 [pid: 8|app: 0|req: 337/668] 199.204.45.210 () {34 vars in 841 bytes} [Wed Jun 24 19:08:34 2026] DELETE /allocations/c1923fbd-3bcb-40f3-9a57-b146988fef98 => generated 0 bytes in 61 msecs (HTTP/1.1 204) 5 headers in 198 bytes (1 switches on core 0)
2026-06-24 19:08:36.629 7 INFO placement.requestlog [None req-3c70f92e-d579-4289-bd5f-4d6cf19900ab - - - - - -] 10.0.0.132 "GET /" status: 200 len: 136 microversion: 1.0
2026-06-24 19:08:36.629 8 INFO placement.requestlog [None req-cc9f1b44-5ff6-451d-b799-2826bdcb815e - - - - - -] 10.0.0.132 "GET /" status: 200 len: 136 microversion: 1.0
2026-06-24 19:08:37.009 7 INFO placement.requestlog [req-29e7f74a-6fa9-4663-9ae2-9ef8f04e11d5 req-1de4dcde-3c2a-4911-85ef-3e3ed8871619 a571ddbba6264d1e89dad0845df11d36 a9300bfa96bf46e498024eef4a9eaaa8 - - c2ee87ff3b734500b7461b6666630454 c2ee87ff3b734500b7461b6666630454] 199.204.45.210 "GET /resource_providers/ad6ea511-82fd-4540-a360-fb67db8c7fa0/allocations" status: 200 len: 252 microversion: 1.0 [pid: 7|app: 0|req: 333/671] 199.204.45.210 () {32 vars in 857 bytes} [Wed Jun 24 19:08:36 2026] GET /resource_providers/ad6ea511-82fd-4540-a360-fb67db8c7fa0/allocations => generated 252 bytes in 25 msecs (HTTP/1.1 200) 6 headers in 224 bytes (1 switches on core 0)
2026-06-24 19:08:37.039 8 INFO placement.requestlog [req-29e7f74a-6fa9-4663-9ae2-9ef8f04e11d5 req-6f1bd6a0-e170-4156-8df9-b57f9f1cae6b a571ddbba6264d1e89dad0845df11d36 a9300bfa96bf46e498024eef4a9eaaa8 - - c2ee87ff3b734500b7461b6666630454 c2ee87ff3b734500b7461b6666630454] 199.204.45.210 "GET /allocations/47885bf2-7cc0-4142-9f7b-ca3087017e96" status: 200 len: 257 microversion: 1.28 [pid: 8|app: 0|req: 339/672] 199.204.45.210 () {34 vars in 863 bytes} [Wed Jun 24 19:08:37 2026] GET /allocations/47885bf2-7cc0-4142-9f7b-ca3087017e96 => generated 257 bytes in 19 msecs (HTTP/1.1 200) 8 headers in 296 bytes (1 switches on core 0)
2026-06-24 19:08:37.067 7 INFO placement.requestlog [req-29e7f74a-6fa9-4663-9ae2-9ef8f04e11d5 req-90da6a29-90bd-462e-8999-b00fad96afb6 a571ddbba6264d1e89dad0845df11d36 a9300bfa96bf46e498024eef4a9eaaa8 - - c2ee87ff3b734500b7461b6666630454 c2ee87ff3b734500b7461b6666630454] 199.204.45.210 "GET /allocations/bbfc16ac-3e93-40b8-9ada-0db1b3014562" status: 200 len: 257 microversion: 1.28 [pid: 7|app: 0|req: 334/673] 199.204.45.210 () {34 vars in 863 bytes} [Wed Jun 24 19:08:37 2026] GET /allocations/bbfc16ac-3e93-40b8-9ada-0db1b3014562 => generated 257 bytes in 18 msecs (HTTP/1.1 200) 8 headers in 296 bytes (1 switches on core 0)
