2026-06-24 19:10:32.492 10 INFO neutron.wsgi [None req-4c66900d-27c9-421e-b80d-78454a187a0b 7edbd5975c5144b79e94df910e32dc88 7e574a701aeb4209841c7cb9c602f0f3 - - default default] 10.0.0.128 "PUT /v2.0/security-groups/b29ceb26-d350-4308-9a99-a85a759d9fdf HTTP/1.1" status: 200 len: 1859 time: 0.1287384
2026-06-24 19:10:32.509 9 INFO neutron.db.ovn_revision_numbers_db [None req-5b567d0d-ba1b-4032-a1d7-a232470851a8 ec799136185c4c139505f37770c29a78 ea4228d175304820b807d0b681ed9103 - - default default] Successfully bumped revision number for resource 593cd108-07fd-4318-9b58-946391152093 (type: security_group_rules) to 0
2026-06-24 19:10:32.534 10 INFO neutron.wsgi [None req-467105a2-ecad-41b9-b7c8-5b5c19c2712e 7edbd5975c5144b79e94df910e32dc88 7e574a701aeb4209841c7cb9c602f0f3 - - default default] 10.0.0.128 "GET /v2.0/security-groups/b29ceb26-d350-4308-9a99-a85a759d9fdf HTTP/1.1" status: 200 len: 1859 time: 0.0325785
2026-06-24 19:10:32.536 9 INFO neutron.wsgi [None req-0ba06797-5fa0-4239-9526-aec93f1c3b5d e55c947cd0034379bd02579a06523c31 fb45b669f37d42e5b77b164cb070870e - - default default] 10.0.0.128 "DELETE /v2.0/subnets/1822c5dc-5b9d-43fc-aae0-1fa33d23653e HTTP/1.1" status: 204 len: 168 time: 0.3560987
2026-06-24 19:10:32.537 9 INFO neutron.db.ovn_revision_numbers_db [None req-5b567d0d-ba1b-4032-a1d7-a232470851a8 ec799136185c4c139505f37770c29a78 ea4228d175304820b807d0b681ed9103 - - default default] Successfully bumped revision number for resource 9dd78e01-e90a-458b-a1fc-318c2bde1b14 (type: security_group_rules) to 0
2026-06-24 19:10:32.585 9 INFO neutron.wsgi [None req-5b567d0d-ba1b-4032-a1d7-a232470851a8 ec799136185c4c139505f37770c29a78 ea4228d175304820b807d0b681ed9103 - - default default] 10.0.0.128 "GET /v2.0/security-groups?tenant_id=4f5473acd0514357a376d01b09a11e40&name=default HTTP/1.1" status: 200 len: 3120 time: 0.5617182
2026-06-24 19:10:32.677 9 INFO neutron.wsgi [req-02648ff3-4b15-47b5-9dec-de929b0c2ca5 req-8a48055d-d849-4609-bb9c-0f7a13b1b58e 4f9185a62f014a70a4016ded0ea2064b ba0b00fab1e94600bc375865f9ff3c1c - - default default] 10.0.0.212 "GET /v2.0/ports?device_id=f739340b-2d5d-4722-97b7-ab56913b0245 HTTP/1.1" status: 200 len: 210 time: 0.0325079
2026-06-24 19:10:32.710 10 INFO neutron.wsgi [None req-51e0c26c-0617-49d3-b07b-d5eaf5554688 7edbd5975c5144b79e94df910e32dc88 7e574a701aeb4209841c7cb9c602f0f3 - - default default] 10.0.0.128 "DELETE /v2.0/security-groups/b29ceb26-d350-4308-9a99-a85a759d9fdf HTTP/1.1" status: 204 len: 168 time: 0.1683061
2026-06-24 19:10:32.765 10 INFO neutron.wsgi [None req-333e1495-c2fd-4c26-8ea5-483af2015b43 7edbd5975c5144b79e94df910e32dc88 7e574a701aeb4209841c7cb9c602f0f3 - - default default] 10.0.0.128 "GET /v2.0/security-groups HTTP/1.1" status: 200 len: 3120 time: 0.0498512
2026-06-24 19:10:32.795 10 INFO neutron.api.v2.resource [None req-30acd6b4-bde4-4a4e-a077-da4768efb130 7edbd5975c5144b79e94df910e32dc88 7e574a701aeb4209841c7cb9c602f0f3 - - default default] delete failed (client error): The resource could not be found.
2026-06-24 19:10:32.796 10 INFO neutron.wsgi [None req-30acd6b4-bde4-4a4e-a077-da4768efb130 7edbd5975c5144b79e94df910e32dc88 7e574a701aeb4209841c7cb9c602f0f3 - - default default] 10.0.0.128 "DELETE /v2.0/security-groups/b29ceb26-d350-4308-9a99-a85a759d9fdf HTTP/1.1" status: 404 len: 347 time: 0.0211084
2026-06-24 19:10:32.813 10 WARNING neutron_lib.context [None req-85c0008a-eaf8-438b-b3d1-45fe099e7aab 7edbd5975c5144b79e94df910e32dc88 7e574a701aeb4209841c7cb9c602f0f3 - - default default] Method 'is_advsvc' is deprecated since 2023.2 release (neutron-lib 3.8.0) and will be removed once support for the old RBAC API policies will be removed from Neutron. Please use method 'is_service_role' instead.
2026-06-24 19:10:32.923 10 INFO neutron.wsgi [None req-0ddb2e2c-55f0-43ac-95a1-3bf7794d19d6 ec799136185c4c139505f37770c29a78 ea4228d175304820b807d0b681ed9103 - - default default] 10.0.0.128 "DELETE /v2.0/security-groups/b211d595-71c1-4574-b318-94fbb3573403 HTTP/1.1" status: 204 len: 168 time: 0.3306177
2026-06-24 19:10:32.972 10 INFO neutron.db.ovn_revision_numbers_db [None req-85c0008a-eaf8-438b-b3d1-45fe099e7aab 7edbd5975c5144b79e94df910e32dc88 7e574a701aeb4209841c7cb9c602f0f3 - - default default] Successfully bumped revision number for resource 1fc65f9a-e6a8-49a5-8938-ebf6f4abf226 (type: security_groups) to 1
2026-06-24 19:10:32.985 9 INFO neutron.services.segments.plugin [-] Segment 37c60c34-4983-4b3e-96ce-ac3b940bc114 resource provider aggregate not found
2026-06-24 19:10:32.988 10 INFO neutron.db.ovn_revision_numbers_db [None req-85c0008a-eaf8-438b-b3d1-45fe099e7aab 7edbd5975c5144b79e94df910e32dc88 7e574a701aeb4209841c7cb9c602f0f3 - - default default] Successfully bumped revision number for resource 7a68f940-97a9-4e52-bcc5-0fbdd402ad50 (type: security_group_rules) to 0
2026-06-24 19:10:32.990 9 INFO neutron.services.segments.plugin [-] Segment 37c60c34-4983-4b3e-96ce-ac3b940bc114 resource provider aggregate not found
2026-06-24 19:10:33.008 10 INFO neutron.db.ovn_revision_numbers_db [None req-85c0008a-eaf8-438b-b3d1-45fe099e7aab 7edbd5975c5144b79e94df910e32dc88 7e574a701aeb4209841c7cb9c602f0f3 - - default default] Successfully bumped revision number for resource f99e8d02-b164-4f9f-a54b-1222b3c3e383 (type: security_group_rules) to 0
2026-06-24 19:10:33.012 9 INFO neutron.services.segments.plugin [-] Segment 37c60c34-4983-4b3e-96ce-ac3b940bc114 resource provider not found; error: Placement Client Error (4xx): {"errors": [{"status": 404, "title": "Not Found", "detail": "The resource could not be found.\n\n No resource provider with uuid 37c60c34-4983-4b3e-96ce-ac3b940bc114 found for delete ", "request_id": "req-1220fc17-d97f-42b1-bfb5-130524f8e498"}]}
2026-06-24 19:10:33.024 9 INFO neutron.services.segments.plugin [-] Segment 37c60c34-4983-4b3e-96ce-ac3b940bc114 resource provider not found; error: Placement Client Error (4xx): {"errors": [{"status": 404, "title": "Not Found", "detail": "The resource could not be found.\n\n No resource provider with uuid 37c60c34-4983-4b3e-96ce-ac3b940bc114 found for delete ", "request_id": "req-0c3f6d77-ea4a-40fa-98af-510e777b8c4e"}]}
2026-06-24 19:10:33.036 10 INFO neutron.wsgi [None req-85c0008a-eaf8-438b-b3d1-45fe099e7aab 7edbd5975c5144b79e94df910e32dc88 7e574a701aeb4209841c7cb9c602f0f3 - - default default] 10.0.0.128 "POST /v2.0/security-groups HTTP/1.1" status: 201 len: 1824 time: 0.2311625
2026-06-24 19:10:33.038 9 INFO neutron.wsgi [None req-ef9ec839-6b7d-4305-9013-715391503b00 e55c947cd0034379bd02579a06523c31 fb45b669f37d42e5b77b164cb070870e - - default default] 10.0.0.128 "DELETE /v2.0/networks/d65bdeb2-738b-4fcd-b8dd-0df0d5f6aa10 HTTP/1.1" status: 204 len: 168 time: 0.4915285
2026-06-24 19:10:33.047 10 WARNING neutron_lib.context [None req-68ad1eb8-bc6b-4573-b258-0e00e62958d6 7edbd5975c5144b79e94df910e32dc88 7e574a701aeb4209841c7cb9c602f0f3 - - default default] Method 'is_advsvc' is deprecated since 2023.2 release (neutron-lib 3.8.0) and will be removed once support for the old RBAC API policies will be removed from Neutron. Please use method 'is_service_role' instead.
2026-06-24 19:10:33.212 10 INFO neutron.db.ovn_revision_numbers_db [None req-68ad1eb8-bc6b-4573-b258-0e00e62958d6 7edbd5975c5144b79e94df910e32dc88 7e574a701aeb4209841c7cb9c602f0f3 - - default default] Successfully bumped revision number for resource 332926ff-2dac-4473-9783-ed7b3446669a (type: security_group_rules) to 0
2026-06-24 19:10:33.216 9 INFO neutron.db.ovn_revision_numbers_db [None req-5de1ec7e-04e0-474c-947d-a40b521b3993 ec799136185c4c139505f37770c29a78 ea4228d175304820b807d0b681ed9103 - - default default] Successfully bumped revision number for resource eccf9c85-080a-4170-a86b-0854b3eca211 (type: security_groups) to 1
2026-06-24 19:10:33.234 9 INFO neutron.db.ovn_revision_numbers_db [None req-5de1ec7e-04e0-474c-947d-a40b521b3993 ec799136185c4c139505f37770c29a78 ea4228d175304820b807d0b681ed9103 - - default default] Successfully bumped revision number for resource 111935b0-36c3-4a33-88f4-741db95f0a37 (type: security_group_rules) to 0
2026-06-24 19:10:33.240 10 INFO neutron.wsgi [None req-68ad1eb8-bc6b-4573-b258-0e00e62958d6 7edbd5975c5144b79e94df910e32dc88 7e574a701aeb4209841c7cb9c602f0f3 - - default default] 10.0.0.128 "POST /v2.0/security-group-rules HTTP/1.1" status: 201 len: 800 time: 0.1981041
2026-06-24 19:10:33.249 9 INFO neutron.db.ovn_revision_numbers_db [None req-5de1ec7e-04e0-474c-947d-a40b521b3993 ec799136185c4c139505f37770c29a78 ea4228d175304820b807d0b681ed9103 - - default default] Successfully bumped revision number for resource 242e559c-2c38-423e-bf87-e409f0dd7d69 (type: security_group_rules) to 0
2026-06-24 19:10:33.264 10 INFO neutron.wsgi [None req-85c4935d-77b1-41cc-90e3-03888387c34e 7edbd5975c5144b79e94df910e32dc88 7e574a701aeb4209841c7cb9c602f0f3 - - default default] 10.0.0.128 "GET /v2.0/security-group-rules/332926ff-2dac-4473-9783-ed7b3446669a HTTP/1.1" status: 200 len: 795 time: 0.0191236
2026-06-24 19:10:33.266 9 INFO neutron.db.ovn_revision_numbers_db [None req-5de1ec7e-04e0-474c-947d-a40b521b3993 ec799136185c4c139505f37770c29a78 ea4228d175304820b807d0b681ed9103 - - default default] Successfully bumped revision number for resource 50efd5fc-8d04-4feb-840b-f840a30e75d4 (type: security_group_rules) to 0
2026-06-24 19:10:33.282 9 INFO neutron.db.ovn_revision_numbers_db [None req-5de1ec7e-04e0-474c-947d-a40b521b3993 ec799136185c4c139505f37770c29a78 ea4228d175304820b807d0b681ed9103 - - default default] Successfully bumped revision number for resource af6acffd-b795-457f-a14d-bf162e790ab3 (type: security_group_rules) to 0
2026-06-24 19:10:33.304 9 INFO neutron.wsgi [None req-5de1ec7e-04e0-474c-947d-a40b521b3993 ec799136185c4c139505f37770c29a78 ea4228d175304820b807d0b681ed9103 - - default default] 10.0.0.128 "GET /v2.0/security-groups?tenant_id=1b13f71ad836435fb3898ae7e24b1a77&name=default HTTP/1.1" status: 200 len: 3120 time: 0.2282617
2026-06-24 19:10:33.355 10 INFO neutron.wsgi [None req-196b732d-db46-42c9-be07-ea665fe00e7d 7edbd5975c5144b79e94df910e32dc88 7e574a701aeb4209841c7cb9c602f0f3 - - default default] 10.0.0.128 "GET /v2.0/security-group-rules HTTP/1.1" status: 200 len: 4333 time: 0.0840199
2026-06-24 19:10:33.532 9 INFO neutron.wsgi [None req-4ea5da89-c549-40aa-87b1-2c8e00329337 7edbd5975c5144b79e94df910e32dc88 7e574a701aeb4209841c7cb9c602f0f3 - - default default] 10.0.0.128 "DELETE /v2.0/security-group-rules/332926ff-2dac-4473-9783-ed7b3446669a HTTP/1.1" status: 204 len: 168 time: 0.1714375
2026-06-24 19:10:33.540 10 INFO neutron.wsgi [None req-e606ad9a-a5eb-44c7-9dcf-8f37d650b6e4 ec799136185c4c139505f37770c29a78 ea4228d175304820b807d0b681ed9103 - - default default] 10.0.0.128 "DELETE /v2.0/security-groups/eccf9c85-080a-4170-a86b-0854b3eca211 HTTP/1.1" status: 204 len: 168 time: 0.2294338
2026-06-24 19:10:33.618 9 INFO neutron.wsgi [None req-e6ec2da2-cf22-4f53-803b-5b2cc5e96a87 7edbd5975c5144b79e94df910e32dc88 7e574a701aeb4209841c7cb9c602f0f3 - - default default] 10.0.0.128 "GET /v2.0/security-group-rules HTTP/1.1" status: 200 len: 3755 time: 0.0809042
2026-06-24 19:10:33.628 9 WARNING neutron_lib.context [None req-0025ecda-2146-4410-86c2-8cc5bd4132c2 7edbd5975c5144b79e94df910e32dc88 7e574a701aeb4209841c7cb9c602f0f3 - - default default] Method 'is_advsvc' is deprecated since 2023.2 release (neutron-lib 3.8.0) and will be removed once support for the old RBAC API policies will be removed from Neutron. Please use method 'is_service_role' instead.
2026-06-24 19:10:33.691 10 INFO neutron.notifiers.nova [-] Nova event matching ['req-450e8ad8-6257-4797-a3da-b2ea5bd6b275'] response: {'server_uuid': 'f739340b-2d5d-4722-97b7-ab56913b0245', 'name': 'network-vif-unplugged', 'status': 'completed', 'tag': 'a6bb62c0-faee-40af-a39c-6df2633f7283', 'code': 200}
2026-06-24 19:10:33.692 10 INFO neutron.notifiers.nova [-] Nova event matching ['req-450e8ad8-6257-4797-a3da-b2ea5bd6b275'] response: {'server_uuid': 'f739340b-2d5d-4722-97b7-ab56913b0245', 'name': 'network-vif-deleted', 'tag': 'a6bb62c0-faee-40af-a39c-6df2633f7283', 'status': 'completed', 'code': 200}
2026-06-24 19:10:33.772 9 INFO neutron.db.ovn_revision_numbers_db [None req-0025ecda-2146-4410-86c2-8cc5bd4132c2 7edbd5975c5144b79e94df910e32dc88 7e574a701aeb4209841c7cb9c602f0f3 - - default default] Successfully bumped revision number for resource 94ba44c5-94fd-4365-8272-6506b5cd1671 (type: security_group_rules) to 0
2026-06-24 19:10:33.805 9 INFO neutron.wsgi [None req-0025ecda-2146-4410-86c2-8cc5bd4132c2 7edbd5975c5144b79e94df910e32dc88 7e574a701aeb4209841c7cb9c602f0f3 - - default default] 10.0.0.128 "POST /v2.0/security-group-rules HTTP/1.1" status: 201 len: 800 time: 0.1813812
2026-06-24 19:10:33.829 10 INFO neutron.wsgi [None req-85f1ab3b-4ca2-4be7-83a6-c645cc8eae94 7edbd5975c5144b79e94df910e32dc88 7e574a701aeb4209841c7cb9c602f0f3 - - default default] 10.0.0.128 "GET /v2.0/security-group-rules/94ba44c5-94fd-4365-8272-6506b5cd1671 HTTP/1.1" status: 200 len: 795 time: 0.0188642
2026-06-24 19:10:33.850 10 INFO neutron.db.ovn_revision_numbers_db [None req-adf27ce1-2258-4e14-9423-6a5a18d6da0c ec799136185c4c139505f37770c29a78 ea4228d175304820b807d0b681ed9103 - - default default] Successfully bumped revision number for resource fa430b71-e29e-498d-9c4d-c3dd55d60d43 (type: security_groups) to 1
2026-06-24 19:10:33.869 10 INFO neutron.db.ovn_revision_numbers_db [None req-adf27ce1-2258-4e14-9423-6a5a18d6da0c ec799136185c4c139505f37770c29a78 ea4228d175304820b807d0b681ed9103 - - default default] Successfully bumped revision number for resource 5923573f-365f-48c0-9928-0a3858ad11e8 (type: security_group_rules) to 0
2026-06-24 19:10:33.889 10 INFO neutron.db.ovn_revision_numbers_db [None req-adf27ce1-2258-4e14-9423-6a5a18d6da0c ec799136185c4c139505f37770c29a78 ea4228d175304820b807d0b681ed9103 - - default default] Successfully bumped revision number for resource 849e82eb-6f4b-4900-a359-ba7e9743aefc (type: security_group_rules) to 0
2026-06-24 19:10:33.905 10 INFO neutron.wsgi [None req-bbbfa32b-51d0-4eb5-bae3-b182f6516ce0 7edbd5975c5144b79e94df910e32dc88 7e574a701aeb4209841c7cb9c602f0f3 - - default default] 10.0.0.128 "GET /v2.0/security-group-rules HTTP/1.1" status: 200 len: 4333 time: 0.0710700
2026-06-24 19:10:33.914 10 INFO neutron.db.ovn_revision_numbers_db [None req-adf27ce1-2258-4e14-9423-6a5a18d6da0c ec799136185c4c139505f37770c29a78 ea4228d175304820b807d0b681ed9103 - - default default] Successfully bumped revision number for resource bb08b255-37ad-4920-97d7-4f81a55add67 (type: security_group_rules) to 0
2026-06-24 19:10:33.929 10 INFO neutron.db.ovn_revision_numbers_db [None req-adf27ce1-2258-4e14-9423-6a5a18d6da0c ec799136185c4c139505f37770c29a78 ea4228d175304820b807d0b681ed9103 - - default default] Successfully bumped revision number for resource eca2d13c-d940-4e41-8c3e-ff2e8f8ea1ee (type: security_group_rules) to 0
2026-06-24 19:10:33.957 10 INFO neutron.wsgi [None req-adf27ce1-2258-4e14-9423-6a5a18d6da0c ec799136185c4c139505f37770c29a78 ea4228d175304820b807d0b681ed9103 - - default default] 10.0.0.128 "GET /v2.0/security-groups?tenant_id=a4570fb5680b4d418ffe51951f75abd4&name=default HTTP/1.1" status: 200 len: 3120 time: 0.2576687
2026-06-24 19:10:34.070 9 INFO neutron.wsgi [None req-2cc4eb42-6d03-480c-b3ac-280c54a228d5 ec799136185c4c139505f37770c29a78 ea4228d175304820b807d0b681ed9103 - - default default] 10.0.0.128 "GET /v2.0/security-groups?tenant_id=fb45b669f37d42e5b77b164cb070870e&name=default HTTP/1.1" status: 200 len: 3120 time: 0.2556975
2026-06-24 19:10:34.084 9 INFO neutron.wsgi [None req-affb7026-f9a7-4f3e-a42e-a5eedbc502be 7edbd5975c5144b79e94df910e32dc88 7e574a701aeb4209841c7cb9c602f0f3 - - default default] 10.0.0.128 "DELETE /v2.0/security-group-rules/94ba44c5-94fd-4365-8272-6506b5cd1671 HTTP/1.1" status: 204 len: 168 time: 0.1738749
2026-06-24 19:10:34.173 9 INFO neutron.wsgi [None req-a7a42f61-da58-433b-8629-ad8a3ae701aa 7edbd5975c5144b79e94df910e32dc88 7e574a701aeb4209841c7cb9c602f0f3 - - default default] 10.0.0.128 "GET /v2.0/security-group-rules HTTP/1.1" status: 200 len: 3755 time: 0.0827427
2026-06-24 19:10:34.184 9 WARNING neutron_lib.context [None req-347f52e3-313c-455e-a8fb-9aaf53ab29b3 7edbd5975c5144b79e94df910e32dc88 7e574a701aeb4209841c7cb9c602f0f3 - - default default] Method 'is_advsvc' is deprecated since 2023.2 release (neutron-lib 3.8.0) and will be removed once support for the old RBAC API policies will be removed from Neutron. Please use method 'is_service_role' instead.
2026-06-24 19:10:34.289 10 INFO neutron.wsgi [None req-ae4ad65a-23cc-4278-a658-460489a15dff ec799136185c4c139505f37770c29a78 ea4228d175304820b807d0b681ed9103 - - default default] 10.0.0.128 "DELETE /v2.0/security-groups/fa430b71-e29e-498d-9c4d-c3dd55d60d43 HTTP/1.1" status: 204 len: 168 time: 0.3233643
2026-06-24 19:10:34.307 10 INFO neutron.wsgi [None req-2cdfe848-c0df-40af-9d6e-fb020e21e894 ec799136185c4c139505f37770c29a78 ea4228d175304820b807d0b681ed9103 - - default default] 10.0.0.128 "DELETE /v2.0/security-groups/9c70ffcb-e114-4da4-afb9-96ed5ef351c3 HTTP/1.1" status: 204 len: 168 time: 0.2321475
2026-06-24 19:10:34.343 9 INFO neutron.db.ovn_revision_numbers_db [None req-347f52e3-313c-455e-a8fb-9aaf53ab29b3 7edbd5975c5144b79e94df910e32dc88 7e574a701aeb4209841c7cb9c602f0f3 - - default default] Successfully bumped revision number for resource 793ffa8f-0746-4efb-b467-025296c7311d (type: security_group_rules) to 0
2026-06-24 19:10:34.375 9 INFO neutron.wsgi [None req-347f52e3-313c-455e-a8fb-9aaf53ab29b3 7edbd5975c5144b79e94df910e32dc88 7e574a701aeb4209841c7cb9c602f0f3 - - default default] 10.0.0.128 "POST /v2.0/security-group-rules HTTP/1.1" status: 201 len: 801 time: 0.1960471
2026-06-24 19:10:34.404 9 INFO neutron.wsgi [None req-34a87422-682d-4e7d-a038-d5f92c4269fc 7edbd5975c5144b79e94df910e32dc88 7e574a701aeb4209841c7cb9c602f0f3 - - default default] 10.0.0.128 "GET /v2.0/security-group-rules/793ffa8f-0746-4efb-b467-025296c7311d HTTP/1.1" status: 200 len: 796 time: 0.0233984
2026-06-24 19:10:34.478 10 INFO neutron.wsgi [None req-a535164d-2308-4b7a-b270-b8e60a2fa507 7edbd5975c5144b79e94df910e32dc88 7e574a701aeb4209841c7cb9c602f0f3 - - default default] 10.0.0.128 "GET /v2.0/security-group-rules HTTP/1.1" status: 200 len: 4334 time: 0.0667624
2026-06-24 19:10:34.570 9 INFO neutron.db.ovn_revision_numbers_db [None req-35a6074c-1db8-41a1-be03-84451506414b ec799136185c4c139505f37770c29a78 ea4228d175304820b807d0b681ed9103 - - default default] Successfully bumped revision number for resource 34cd892a-ba3c-46af-ae3c-febfbb7f8e25 (type: security_groups) to 1
2026-06-24 19:10:34.588 9 INFO neutron.db.ovn_revision_numbers_db [None req-35a6074c-1db8-41a1-be03-84451506414b ec799136185c4c139505f37770c29a78 ea4228d175304820b807d0b681ed9103 - - default default] Successfully bumped revision number for resource 08b56c06-63ab-422a-bbe0-d37cc827cc8f (type: security_group_rules) to 0
2026-06-24 19:10:34.605 9 INFO neutron.db.ovn_revision_numbers_db [None req-35a6074c-1db8-41a1-be03-84451506414b ec799136185c4c139505f37770c29a78 ea4228d175304820b807d0b681ed9103 - - default default] Successfully bumped revision number for resource 2390f5fc-8773-4e1d-a509-b8251a032775 (type: security_group_rules) to 0
2026-06-24 19:10:34.614 10 INFO neutron.wsgi [None req-b4fb921d-ec0e-480d-8b61-e82669f0b001 7edbd5975c5144b79e94df910e32dc88 7e574a701aeb4209841c7cb9c602f0f3 - - default default] 10.0.0.128 "DELETE /v2.0/security-group-rules/793ffa8f-0746-4efb-b467-025296c7311d HTTP/1.1" status: 204 len: 168 time: 0.1316209
2026-06-24 19:10:34.627 9 INFO neutron.db.ovn_revision_numbers_db [None req-35a6074c-1db8-41a1-be03-84451506414b ec799136185c4c139505f37770c29a78 ea4228d175304820b807d0b681ed9103 - - default default] Successfully bumped revision number for resource 894fa920-c7ac-4259-83f4-dd76fa19679b (type: security_group_rules) to 0
2026-06-24 19:10:34.653 9 INFO neutron.db.ovn_revision_numbers_db [None req-35a6074c-1db8-41a1-be03-84451506414b ec799136185c4c139505f37770c29a78 ea4228d175304820b807d0b681ed9103 - - default default] Successfully bumped revision number for resource fc515b4d-b672-4379-b87c-320d57b98065 (type: security_group_rules) to 0
2026-06-24 19:10:34.681 9 INFO neutron.wsgi [None req-35a6074c-1db8-41a1-be03-84451506414b ec799136185c4c139505f37770c29a78 ea4228d175304820b807d0b681ed9103 - - default default] 10.0.0.128 "GET /v2.0/security-groups?tenant_id=486cc9fa971344189eeb8a716dda63fe&name=default HTTP/1.1" status: 200 len: 3120 time: 0.2704217
2026-06-24 19:10:34.719 10 INFO neutron.wsgi [None req-ca5d7fe0-ed90-478b-bdf4-6956b85ba0b6 7edbd5975c5144b79e94df910e32dc88 7e574a701aeb4209841c7cb9c602f0f3 - - default default] 10.0.0.128 "GET /v2.0/security-group-rules HTTP/1.1" status: 200 len: 3755 time: 0.1000118
2026-06-24 19:10:34.903 10 INFO neutron.wsgi [None req-dfcbbcee-9589-4a25-bcec-9a7b86629a4d 7edbd5975c5144b79e94df910e32dc88 7e574a701aeb4209841c7cb9c602f0f3 - - default default] 10.0.0.128 "DELETE /v2.0/security-groups/1fc65f9a-e6a8-49a5-8938-ebf6f4abf226 HTTP/1.1" status: 204 len: 168 time: 0.1804295
2026-06-24 19:10:34.979 10 INFO neutron.wsgi [None req-6f035e1c-288c-4426-8909-eb5206da826f 7edbd5975c5144b79e94df910e32dc88 7e574a701aeb4209841c7cb9c602f0f3 - - default default] 10.0.0.128 "GET /v2.0/security-groups HTTP/1.1" status: 200 len: 3120 time: 0.0693281
2026-06-24 19:10:35.029 10 INFO neutron.wsgi [None req-09960a64-da53-4e23-af34-c5924e8cf08f ec799136185c4c139505f37770c29a78 ea4228d175304820b807d0b681ed9103 - - default default] 10.0.0.128 "DELETE /v2.0/security-groups/34cd892a-ba3c-46af-ae3c-febfbb7f8e25 HTTP/1.1" status: 204 len: 168 time: 0.3411729
2026-06-24 19:10:35.051 10 INFO neutron.wsgi [None req-d71adb19-bb6d-41df-811c-8633ea0d451e 7edbd5975c5144b79e94df910e32dc88 7e574a701aeb4209841c7cb9c602f0f3 - - default default] 10.0.0.128 "GET /v2.0/security-groups HTTP/1.1" status: 200 len: 3120 time: 0.0633001
2026-06-24 19:10:35.727 10 INFO neutron.wsgi [None req-4b339a17-91f0-40f3-a2d3-9a208668174e ec799136185c4c139505f37770c29a78 ea4228d175304820b807d0b681ed9103 - - default default] 10.0.0.128 "GET /v2.0/security-groups?tenant_id=7e574a701aeb4209841c7cb9c602f0f3&name=default HTTP/1.1" status: 200 len: 3120 time: 0.2518570
2026-06-24 19:10:35.980 10 INFO neutron.wsgi [None req-ea0f0fd4-9a9c-4e54-b531-dd504a0eaf12 ec799136185c4c139505f37770c29a78 ea4228d175304820b807d0b681ed9103 - - default default] 10.0.0.128 "DELETE /v2.0/security-groups/b73239d9-3a0a-495a-8aec-e68d7012a669 HTTP/1.1" status: 204 len: 168 time: 0.2471981
2026-06-24 19:10:36.190 9 INFO neutron.wsgi [None req-0c2ba91e-d9db-4d21-961e-2b4c4b46153b ec799136185c4c139505f37770c29a78 ea4228d175304820b807d0b681ed9103 - - default default] 10.0.0.128 "PUT /v2.0/routers/aa7ce675-9cb8-40d1-b93a-ada61b95cef7/remove_router_interface HTTP/1.1" status: 200 len: 503 time: 1.2670627 /var/lib/openstack/lib/python3.10/site-packages/pycadf/identifier.py:71: UserWarning: Invalid uuid: neutron. To ensure interoperability, identifiers should be a valid uuid. warnings.warn(('Invalid uuid: %s. To ensure interoperability, '
2026-06-24 19:10:37.358 9 INFO neutron.wsgi [None req-4b1307bc-0f4d-4a87-877c-5031b41284d4 ec799136185c4c139505f37770c29a78 ea4228d175304820b807d0b681ed9103 - - default default] 10.0.0.128 "DELETE /v2.0/routers/aa7ce675-9cb8-40d1-b93a-ada61b95cef7 HTTP/1.1" status: 204 len: 168 time: 1.1637053
2026-06-24 19:10:37.571 9 INFO neutron.wsgi [None req-3a200638-5a2e-47f6-a13b-253a8ee82e6a ec799136185c4c139505f37770c29a78 ea4228d175304820b807d0b681ed9103 - - default default] 10.0.0.128 "DELETE /v2.0/subnets/dea19cd4-f4ae-4dd7-a21e-916fccfcdc3c HTTP/1.1" status: 204 len: 168 time: 0.1978173
2026-06-24 19:10:37.690 10 INFO neutron.wsgi [-] 10.0.0.128 "GET / HTTP/1.1" status: 200 len: 279 time: 0.0029790
2026-06-24 19:10:37.982 10 INFO neutron.wsgi [None req-9238d93b-f35a-4324-a1a7-edb67481d713 9cb3d41bc77c4667b60fc945199e9119 1293e92ba022479f91cda6ee969724b5 - - default default] 10.0.0.128 "GET /v2.0/ HTTP/1.1" status: 200 len: 826 time: 0.2851875
2026-06-24 19:10:38.034 9 INFO neutron.services.segments.plugin [-] Segment 9d44c6bc-fcb5-4941-8892-07265a1c345c resource provider aggregate not found
2026-06-24 19:10:38.039 9 INFO neutron.services.segments.plugin [-] Segment 9d44c6bc-fcb5-4941-8892-07265a1c345c resource provider aggregate not found
2026-06-24 19:10:38.055 9 INFO neutron.wsgi [None req-28db0702-7539-4ed8-bc43-386d9be69950 ec799136185c4c139505f37770c29a78 ea4228d175304820b807d0b681ed9103 - - default default] 10.0.0.128 "DELETE /v2.0/networks/43996b39-f419-4e4e-8982-293e3e88747b HTTP/1.1" status: 204 len: 168 time: 0.4798932
2026-06-24 19:10:38.056 9 INFO neutron.services.segments.plugin [-] Segment 9d44c6bc-fcb5-4941-8892-07265a1c345c resource provider not found; error: Placement Client Error (4xx): {"errors": [{"status": 404, "title": "Not Found", "detail": "The resource could not be found.\n\n No resource provider with uuid 9d44c6bc-fcb5-4941-8892-07265a1c345c found for delete ", "request_id": "req-bfe3f747-7134-4844-86e0-ea4219865a9c"}]}
2026-06-24 19:10:38.061 9 INFO neutron.services.segments.plugin [-] Segment 9d44c6bc-fcb5-4941-8892-07265a1c345c resource provider not found; error: Placement Client Error (4xx): {"errors": [{"status": 404, "title": "Not Found", "detail": "The resource could not be found.\n\n No resource provider with uuid 9d44c6bc-fcb5-4941-8892-07265a1c345c found for delete ", "request_id": "req-29ab4af4-6518-4e61-858f-7ce6977e3b1b"}]}
2026-06-24 19:10:38.245 9 INFO neutron.wsgi [None req-b4bd5751-5e44-4301-a3b9-eacce3907f29 ec799136185c4c139505f37770c29a78 ea4228d175304820b807d0b681ed9103 - - default default] 10.0.0.128 "GET /v2.0/security-groups?tenant_id=ba0b00fab1e94600bc375865f9ff3c1c&name=default HTTP/1.1" status: 200 len: 3120 time: 0.0402412
2026-06-24 19:10:38.588 9 INFO neutron.wsgi [None req-618c2505-96f6-444a-b7b4-51eff2c06357 ec799136185c4c139505f37770c29a78 ea4228d175304820b807d0b681ed9103 - - default default] 10.0.0.128 "DELETE /v2.0/security-groups/2aee8d42-323e-4150-be21-17b174bbe270 HTTP/1.1" status: 204 len: 168 time: 0.3338079
2026-06-24 19:10:38.675 9 WARNING neutron_lib.context [None req-8a28f0c5-6bb5-4d87-9763-70c2fa0c946b e1c16dd2737a472595f551c076cdb39d 12a91bf2c20c4330951fcaa86ea25da6 - - default default] Method 'is_advsvc' is deprecated since 2023.2 release (neutron-lib 3.8.0) and will be removed once support for the old RBAC API policies will be removed from Neutron. Please use method 'is_service_role' instead.
2026-06-24 19:10:38.846 10 INFO neutron.db.ovn_revision_numbers_db [None req-45cd2261-86b0-4aac-bf3d-af0776ea4c4b ec799136185c4c139505f37770c29a78 ea4228d175304820b807d0b681ed9103 - - default default] Successfully bumped revision number for resource bb0b119d-2157-408f-acb0-871cfb17a77a (type: security_groups) to 1
2026-06-24 19:10:38.858 10 INFO neutron.db.ovn_revision_numbers_db [None req-45cd2261-86b0-4aac-bf3d-af0776ea4c4b ec799136185c4c139505f37770c29a78 ea4228d175304820b807d0b681ed9103 - - default default] Successfully bumped revision number for resource 0ab8c9dc-c5ff-4798-9010-c567360dbefc (type: security_group_rules) to 0
2026-06-24 19:10:38.866 9 INFO neutron.db.ovn_revision_numbers_db [None req-8a28f0c5-6bb5-4d87-9763-70c2fa0c946b e1c16dd2737a472595f551c076cdb39d 12a91bf2c20c4330951fcaa86ea25da6 - - default default] Successfully bumped revision number for resource e4da3462-9b7f-4e62-ba6f-1bbc3fc1a8aa (type: security_groups) to 1
2026-06-24 19:10:38.878 10 INFO neutron.db.ovn_revision_numbers_db [None req-45cd2261-86b0-4aac-bf3d-af0776ea4c4b ec799136185c4c139505f37770c29a78 ea4228d175304820b807d0b681ed9103 - - default default] Successfully bumped revision number for resource 10145b99-a95a-4679-804a-02c1402dbf25 (type: security_group_rules) to 0
2026-06-24 19:10:38.888 9 INFO neutron.db.ovn_revision_numbers_db [None req-8a28f0c5-6bb5-4d87-9763-70c2fa0c946b e1c16dd2737a472595f551c076cdb39d 12a91bf2c20c4330951fcaa86ea25da6 - - default default] Successfully bumped revision number for resource 6af1d791-9ef8-4d8f-be3a-fac16d5cc582 (type: security_group_rules) to 0
2026-06-24 19:10:38.901 10 INFO neutron.db.ovn_revision_numbers_db [None req-45cd2261-86b0-4aac-bf3d-af0776ea4c4b ec799136185c4c139505f37770c29a78 ea4228d175304820b807d0b681ed9103 - - default default] Successfully bumped revision number for resource 738b53df-6e12-4e41-a5d0-a9021a9014f5 (type: security_group_rules) to 0
2026-06-24 19:10:38.902 9 INFO neutron.db.ovn_revision_numbers_db [None req-8a28f0c5-6bb5-4d87-9763-70c2fa0c946b e1c16dd2737a472595f551c076cdb39d 12a91bf2c20c4330951fcaa86ea25da6 - - default default] Successfully bumped revision number for resource ad3d3099-7d25-44b2-a8e4-b37274508194 (type: security_group_rules) to 0
2026-06-24 19:10:38.918 10 WARNING neutron_lib.context [None req-53cf32bf-b880-4d9a-a4a6-1764c288e028 4835daeacea144d1b5e7a1c023a3efca 510fcf7d649444d09cdff1a076a9c24d - - default default] Method 'is_advsvc' is deprecated since 2023.2 release (neutron-lib 3.8.0) and will be removed once support for the old RBAC API policies will be removed from Neutron. Please use method 'is_service_role' instead.
2026-06-24 19:10:38.922 9 INFO neutron.db.ovn_revision_numbers_db [None req-8a28f0c5-6bb5-4d87-9763-70c2fa0c946b e1c16dd2737a472595f551c076cdb39d 12a91bf2c20c4330951fcaa86ea25da6 - - default default] Successfully bumped revision number for resource e7635bd2-bbba-40ba-a903-f7d5939aff35 (type: security_group_rules) to 0
2026-06-24 19:10:38.927 10 INFO neutron.db.ovn_revision_numbers_db [None req-45cd2261-86b0-4aac-bf3d-af0776ea4c4b ec799136185c4c139505f37770c29a78 ea4228d175304820b807d0b681ed9103 - - default default] Successfully bumped revision number for resource 79e67729-e4d9-45ca-8c30-4a3153523cb9 (type: security_group_rules) to 0
2026-06-24 19:10:38.936 9 INFO neutron.db.ovn_revision_numbers_db [None req-8a28f0c5-6bb5-4d87-9763-70c2fa0c946b e1c16dd2737a472595f551c076cdb39d 12a91bf2c20c4330951fcaa86ea25da6 - - default default] Successfully bumped revision number for resource ebd0ad5d-7096-4faa-b1ac-facb0ff164ad (type: security_group_rules) to 0
2026-06-24 19:10:38.965 10 INFO neutron.wsgi [None req-45cd2261-86b0-4aac-bf3d-af0776ea4c4b ec799136185c4c139505f37770c29a78 ea4228d175304820b807d0b681ed9103 - - default default] 10.0.0.128 "GET /v2.0/security-groups?tenant_id=1293e92ba022479f91cda6ee969724b5&name=default HTTP/1.1" status: 200 len: 3120 time: 0.3302693
2026-06-24 19:10:39.013 9 INFO neutron.db.segments_db [None req-8a28f0c5-6bb5-4d87-9763-70c2fa0c946b e1c16dd2737a472595f551c076cdb39d 12a91bf2c20c4330951fcaa86ea25da6 - - default default] Added segment ffe3f74f-bdf9-469f-b01a-c25785a86c32 of type geneve for network 566abfe8-eaf5-4264-badc-83c25f4d0fa4
2026-06-24 19:10:39.110 10 INFO neutron.db.ovn_revision_numbers_db [None req-53cf32bf-b880-4d9a-a4a6-1764c288e028 4835daeacea144d1b5e7a1c023a3efca 510fcf7d649444d09cdff1a076a9c24d - - default default] Successfully bumped revision number for resource e9e93688-3408-469b-9e44-a1d1ce596f00 (type: security_groups) to 1
2026-06-24 19:10:39.124 10 INFO neutron.db.ovn_revision_numbers_db [None req-53cf32bf-b880-4d9a-a4a6-1764c288e028 4835daeacea144d1b5e7a1c023a3efca 510fcf7d649444d09cdff1a076a9c24d - - default default] Successfully bumped revision number for resource 1a6dabfb-31a7-40e9-becb-7bc435c2f5e2 (type: security_group_rules) to 0
2026-06-24 19:10:39.138 10 INFO neutron.db.ovn_revision_numbers_db [None req-53cf32bf-b880-4d9a-a4a6-1764c288e028 4835daeacea144d1b5e7a1c023a3efca 510fcf7d649444d09cdff1a076a9c24d - - default default] Successfully bumped revision number for resource 91cde450-adb2-406e-9471-4fa7d350344b (type: security_group_rules) to 0
2026-06-24 19:10:39.156 10 INFO neutron.db.ovn_revision_numbers_db [None req-53cf32bf-b880-4d9a-a4a6-1764c288e028 4835daeacea144d1b5e7a1c023a3efca 510fcf7d649444d09cdff1a076a9c24d - - default default] Successfully bumped revision number for resource 94543044-fccb-4be6-959b-3bdaf00b1777 (type: security_group_rules) to 0
2026-06-24 19:10:39.171 10 INFO neutron.db.ovn_revision_numbers_db [None req-53cf32bf-b880-4d9a-a4a6-1764c288e028 4835daeacea144d1b5e7a1c023a3efca 510fcf7d649444d09cdff1a076a9c24d - - default default] Successfully bumped revision number for resource de33a2c8-1239-46d4-8545-124a4d09bb72 (type: security_group_rules) to 0
2026-06-24 19:10:39.232 10 INFO neutron.db.segments_db [None req-53cf32bf-b880-4d9a-a4a6-1764c288e028 4835daeacea144d1b5e7a1c023a3efca 510fcf7d649444d09cdff1a076a9c24d - - default default] Added segment 01644385-9323-4c8b-bbc3-4bcb2d09675e of type geneve for network c03fb15e-edea-4df3-8944-9725759be268
2026-06-24 19:10:39.241 9 INFO neutron.db.ovn_revision_numbers_db [None req-8a28f0c5-6bb5-4d87-9763-70c2fa0c946b e1c16dd2737a472595f551c076cdb39d 12a91bf2c20c4330951fcaa86ea25da6 - - default default] Successfully bumped revision number for resource 566abfe8-eaf5-4264-badc-83c25f4d0fa4 (type: networks) to 1
2026-06-24 19:10:39.388 9 INFO neutron.wsgi [None req-2ff19f0a-dfa5-4c68-8532-6b13582c27ca ec799136185c4c139505f37770c29a78 ea4228d175304820b807d0b681ed9103 - - default default] 10.0.0.128 "DELETE /v2.0/security-groups/bb0b119d-2157-408f-acb0-871cfb17a77a HTTP/1.1" status: 204 len: 168 time: 0.4098835
2026-06-24 19:10:39.428 10 INFO neutron.db.ovn_revision_numbers_db [None req-53cf32bf-b880-4d9a-a4a6-1764c288e028 4835daeacea144d1b5e7a1c023a3efca 510fcf7d649444d09cdff1a076a9c24d - - default default] Successfully bumped revision number for resource c03fb15e-edea-4df3-8944-9725759be268 (type: networks) to 1
2026-06-24 19:10:39.432 9 WARNING neutron.scheduler.dhcp_agent_scheduler [None req-8a28f0c5-6bb5-4d87-9763-70c2fa0c946b e1c16dd2737a472595f551c076cdb39d 12a91bf2c20c4330951fcaa86ea25da6 - - default default] No more DHCP agents
2026-06-24 19:10:39.435 9 WARNING neutron.api.rpc.agentnotifiers.dhcp_rpc_agent_api [None req-8a28f0c5-6bb5-4d87-9763-70c2fa0c946b e1c16dd2737a472595f551c076cdb39d 12a91bf2c20c4330951fcaa86ea25da6 - - default default] Unable to schedule network 566abfe8-eaf5-4264-badc-83c25f4d0fa4: no agents available; will retry on subsequent port and subnet creation events.
2026-06-24 19:10:39.524 9 INFO neutron.db.ovn_revision_numbers_db [None req-8a28f0c5-6bb5-4d87-9763-70c2fa0c946b e1c16dd2737a472595f551c076cdb39d 12a91bf2c20c4330951fcaa86ea25da6 - - default default] Successfully bumped revision number for resource 532e3589-d35f-46dc-ab5c-1d92473a2bb3 (type: ports) to 1
2026-06-24 19:10:39.547 9 INFO neutron.wsgi [None req-8a28f0c5-6bb5-4d87-9763-70c2fa0c946b e1c16dd2737a472595f551c076cdb39d 12a91bf2c20c4330951fcaa86ea25da6 - - default default] 10.0.0.128 "POST /v2.0/networks HTTP/1.1" status: 201 len: 830 time: 1.0249958
2026-06-24 19:10:39.555 9 WARNING neutron_lib.context [None req-71c82103-dc90-439b-84eb-ff8767fb03f4 e1c16dd2737a472595f551c076cdb39d 12a91bf2c20c4330951fcaa86ea25da6 - - default default] Method 'is_advsvc' is deprecated since 2023.2 release (neutron-lib 3.8.0) and will be removed once support for the old RBAC API policies will be removed from Neutron. Please use method 'is_service_role' instead.
2026-06-24 19:10:39.655 10 WARNING neutron.scheduler.dhcp_agent_scheduler [None req-53cf32bf-b880-4d9a-a4a6-1764c288e028 4835daeacea144d1b5e7a1c023a3efca 510fcf7d649444d09cdff1a076a9c24d - - default default] No more DHCP agents
2026-06-24 19:10:39.656 10 WARNING neutron.api.rpc.agentnotifiers.dhcp_rpc_agent_api [None req-53cf32bf-b880-4d9a-a4a6-1764c288e028 4835daeacea144d1b5e7a1c023a3efca 510fcf7d649444d09cdff1a076a9c24d - - default default] Unable to schedule network c03fb15e-edea-4df3-8944-9725759be268: no agents available; will retry on subsequent port and subnet creation events.
2026-06-24 19:10:39.766 10 INFO neutron.db.ovn_revision_numbers_db [None req-53cf32bf-b880-4d9a-a4a6-1764c288e028 4835daeacea144d1b5e7a1c023a3efca 510fcf7d649444d09cdff1a076a9c24d - - default default] Successfully bumped revision number for resource e1343c5b-e082-4abf-8c5f-6b022c093e2a (type: ports) to 1
2026-06-24 19:10:39.784 10 INFO neutron.wsgi [None req-53cf32bf-b880-4d9a-a4a6-1764c288e028 4835daeacea144d1b5e7a1c023a3efca 510fcf7d649444d09cdff1a076a9c24d - - default default] 10.0.0.128 "POST /v2.0/networks HTTP/1.1" status: 201 len: 831 time: 1.0335467
2026-06-24 19:10:39.792 10 WARNING neutron_lib.context [None req-54f78e6f-62cc-42a7-b7ba-99dffda0ff61 4835daeacea144d1b5e7a1c023a3efca 510fcf7d649444d09cdff1a076a9c24d - - default default] Method 'is_advsvc' is deprecated since 2023.2 release (neutron-lib 3.8.0) and will be removed once support for the old RBAC API policies will be removed from Neutron. Please use method 'is_service_role' instead.
2026-06-24 19:10:39.897 9 WARNING neutron.scheduler.dhcp_agent_scheduler [None req-71c82103-dc90-439b-84eb-ff8767fb03f4 e1c16dd2737a472595f551c076cdb39d 12a91bf2c20c4330951fcaa86ea25da6 - - default default] No more DHCP agents
2026-06-24 19:10:39.899 9 WARNING neutron.api.rpc.agentnotifiers.dhcp_rpc_agent_api [None req-71c82103-dc90-439b-84eb-ff8767fb03f4 e1c16dd2737a472595f551c076cdb39d 12a91bf2c20c4330951fcaa86ea25da6 - - default default] Unable to schedule network 566abfe8-eaf5-4264-badc-83c25f4d0fa4: no agents available; will retry on subsequent port and subnet creation events.
2026-06-24 19:10:39.999 9 INFO neutron.db.ovn_revision_numbers_db [None req-71c82103-dc90-439b-84eb-ff8767fb03f4 e1c16dd2737a472595f551c076cdb39d 12a91bf2c20c4330951fcaa86ea25da6 - - default default] Successfully bumped revision number for resource 569d248b-0cd3-49d2-96fc-5b01b547069e (type: ports) to 1
2026-06-24 19:10:40.108 9 INFO neutron.wsgi [None req-71c82103-dc90-439b-84eb-ff8767fb03f4 e1c16dd2737a472595f551c076cdb39d 12a91bf2c20c4330951fcaa86ea25da6 - - default default] 10.0.0.128 "POST /v2.0/ports HTTP/1.1" status: 201 len: 942 time: 0.5579324
2026-06-24 19:10:40.127 10 WARNING neutron.scheduler.dhcp_agent_scheduler [None req-54f78e6f-62cc-42a7-b7ba-99dffda0ff61 4835daeacea144d1b5e7a1c023a3efca 510fcf7d649444d09cdff1a076a9c24d - - default default] No more DHCP agents /var/lib/openstack/lib/python3.10/site-packages/pycadf/identifier.py:71: UserWarning: Invalid uuid: neutron. To ensure interoperability, identifiers should be a valid uuid. warnings.warn(('Invalid uuid: %s. To ensure interoperability, '
2026-06-24 19:10:40.130 10 WARNING neutron.api.rpc.agentnotifiers.dhcp_rpc_agent_api [None req-54f78e6f-62cc-42a7-b7ba-99dffda0ff61 4835daeacea144d1b5e7a1c023a3efca 510fcf7d649444d09cdff1a076a9c24d - - default default] Unable to schedule network c03fb15e-edea-4df3-8944-9725759be268: no agents available; will retry on subsequent port and subnet creation events.
2026-06-24 19:10:40.132 9 WARNING neutron_lib.context [None req-d41f9fd3-ada7-4bc7-8675-29015f1a718e e1c16dd2737a472595f551c076cdb39d 12a91bf2c20c4330951fcaa86ea25da6 - - default default] Method 'is_advsvc' is deprecated since 2023.2 release (neutron-lib 3.8.0) and will be removed once support for the old RBAC API policies will be removed from Neutron. Please use method 'is_service_role' instead.
2026-06-24 19:10:40.241 10 INFO neutron.db.ovn_revision_numbers_db [None req-54f78e6f-62cc-42a7-b7ba-99dffda0ff61 4835daeacea144d1b5e7a1c023a3efca 510fcf7d649444d09cdff1a076a9c24d - - default default] Successfully bumped revision number for resource 44cf1e8c-812c-4081-b407-4ce71ad5a7f8 (type: ports) to 1
2026-06-24 19:10:40.275 10 INFO neutron.wsgi [None req-54f78e6f-62cc-42a7-b7ba-99dffda0ff61 4835daeacea144d1b5e7a1c023a3efca 510fcf7d649444d09cdff1a076a9c24d - - default default] 10.0.0.128 "POST /v2.0/ports HTTP/1.1" status: 201 len: 942 time: 0.4872825 /var/lib/openstack/lib/python3.10/site-packages/pycadf/identifier.py:71: UserWarning: Invalid uuid: neutron. To ensure interoperability, identifiers should be a valid uuid. warnings.warn(('Invalid uuid: %s. To ensure interoperability, '
2026-06-24 19:10:40.290 10 WARNING neutron_lib.context [None req-3fb6f7fb-ea1c-40fa-9218-84ee090d710b 4835daeacea144d1b5e7a1c023a3efca 510fcf7d649444d09cdff1a076a9c24d - - default default] Method 'is_advsvc' is deprecated since 2023.2 release (neutron-lib 3.8.0) and will be removed once support for the old RBAC API policies will be removed from Neutron. Please use method 'is_service_role' instead.
2026-06-24 19:10:40.473 9 INFO neutron.wsgi [None req-d41f9fd3-ada7-4bc7-8675-29015f1a718e e1c16dd2737a472595f551c076cdb39d 12a91bf2c20c4330951fcaa86ea25da6 - - default default] 10.0.0.128 "POST /v2.0/trunks HTTP/1.1" status: 201 len: 608 time: 0.3459415
2026-06-24 19:10:40.538 9 INFO neutron.wsgi [None req-a2e33533-8487-471f-bed2-f30869bce298 e1c16dd2737a472595f551c076cdb39d 12a91bf2c20c4330951fcaa86ea25da6 - - default default] 10.0.0.128 "PUT /v2.0/trunks/5fe99085-0cd6-4b57-8fd6-48c6110e34e3/tags HTTP/1.1" status: 200 len: 218 time: 0.0590167
2026-06-24 19:10:40.567 9 INFO neutron.wsgi [None req-163befea-3220-4c9b-bab5-d95596ae3a34 e1c16dd2737a472595f551c076cdb39d 12a91bf2c20c4330951fcaa86ea25da6 - - default default] 10.0.0.128 "GET /v2.0/trunks/5fe99085-0cd6-4b57-8fd6-48c6110e34e3/tags HTTP/1.1" status: 200 len: 218 time: 0.0198202
2026-06-24 19:10:40.606 9 INFO neutron.wsgi [None req-d83b9317-d05a-429b-8760-3d9b516d0ccf e1c16dd2737a472595f551c076cdb39d 12a91bf2c20c4330951fcaa86ea25da6 - - default default] 10.0.0.128 "PUT /v2.0/trunks/5fe99085-0cd6-4b57-8fd6-48c6110e34e3/tags/green HTTP/1.1" status: 201 len: 201 time: 0.0324786
2026-06-24 19:10:40.628 9 INFO neutron.wsgi [None req-72a4752d-071e-42f7-b6f8-e22a95d6c609 e1c16dd2737a472595f551c076cdb39d 12a91bf2c20c4330951fcaa86ea25da6 - - default default] 10.0.0.128 "GET /v2.0/trunks/5fe99085-0cd6-4b57-8fd6-48c6110e34e3/tags HTTP/1.1" status: 200 len: 227 time: 0.0176594
2026-06-24 19:10:40.655 9 INFO neutron.wsgi [None req-645eb674-c002-43bc-a802-f10d379de719 e1c16dd2737a472595f551c076cdb39d 12a91bf2c20c4330951fcaa86ea25da6 - - default default] 10.0.0.128 "PUT /v2.0/trunks/5fe99085-0cd6-4b57-8fd6-48c6110e34e3/tags/red HTTP/1.1" status: 201 len: 201 time: 0.0211265
2026-06-24 19:10:40.675 9 INFO neutron.wsgi [None req-9bc60029-470a-41a4-9542-8a06ec0a797f e1c16dd2737a472595f551c076cdb39d 12a91bf2c20c4330951fcaa86ea25da6 - - default default] 10.0.0.128 "GET /v2.0/trunks/5fe99085-0cd6-4b57-8fd6-48c6110e34e3/tags HTTP/1.1" status: 200 len: 227 time: 0.0153546
2026-06-24 19:10:40.720 9 INFO neutron.wsgi [None req-5624074e-1ec4-477b-ac80-e634e868a859 e1c16dd2737a472595f551c076cdb39d 12a91bf2c20c4330951fcaa86ea25da6 - - default default] 10.0.0.128 "PUT /v2.0/trunks/5fe99085-0cd6-4b57-8fd6-48c6110e34e3/tags/black.or.white HTTP/1.1" status: 201 len: 201 time: 0.0405543
2026-06-24 19:10:40.750 10 INFO neutron.wsgi [None req-3fb6f7fb-ea1c-40fa-9218-84ee090d710b 4835daeacea144d1b5e7a1c023a3efca 510fcf7d649444d09cdff1a076a9c24d - - default default] 10.0.0.128 "POST /v2.0/trunks HTTP/1.1" status: 201 len: 608 time: 0.4668224
2026-06-24 19:10:40.751 9 INFO neutron.wsgi [None req-9c0afd18-0341-4463-81c9-8b4fa4fa8259 e1c16dd2737a472595f551c076cdb39d 12a91bf2c20c4330951fcaa86ea25da6 - - default default] 10.0.0.128 "GET /v2.0/trunks/5fe99085-0cd6-4b57-8fd6-48c6110e34e3/tags HTTP/1.1" status: 200 len: 245 time: 0.0271752
2026-06-24 19:10:40.762 10 WARNING neutron_lib.context [None req-265446c2-2ce0-4a5f-ba1b-2e889bb5edf4 4835daeacea144d1b5e7a1c023a3efca 510fcf7d649444d09cdff1a076a9c24d - - default default] Method 'is_advsvc' is deprecated since 2023.2 release (neutron-lib 3.8.0) and will be removed once support for the old RBAC API policies will be removed from Neutron. Please use method 'is_service_role' instead.
2026-06-24 19:10:40.803 9 INFO neutron.wsgi [None req-67998518-579e-4a3a-afd7-574fa3bf3e92 e1c16dd2737a472595f551c076cdb39d 12a91bf2c20c4330951fcaa86ea25da6 - - default default] 10.0.0.128 "PUT /v2.0/trunks/5fe99085-0cd6-4b57-8fd6-48c6110e34e3/tags HTTP/1.1" status: 200 len: 230 time: 0.0474093
2026-06-24 19:10:40.835 10 INFO neutron.wsgi [None req-62d2811e-8470-4bee-946e-7a7f09e18f5d e1c16dd2737a472595f551c076cdb39d 12a91bf2c20c4330951fcaa86ea25da6 - - default default] 10.0.0.128 "GET /v2.0/trunks/5fe99085-0cd6-4b57-8fd6-48c6110e34e3/tags HTTP/1.1" status: 200 len: 230 time: 0.0281057
2026-06-24 19:10:40.857 10 INFO neutron.wsgi [None req-9f5cb744-e8df-4052-b2da-7d0a21307555 e1c16dd2737a472595f551c076cdb39d 12a91bf2c20c4330951fcaa86ea25da6 - - default default] 10.0.0.128 "GET /v2.0/trunks/5fe99085-0cd6-4b57-8fd6-48c6110e34e3/tags/red HTTP/1.1" status: 204 len: 168 time: 0.0169067
2026-06-24 19:10:40.859 9 INFO neutron.db.ovn_revision_numbers_db [None req-90ad3e7f-2a26-4d1b-9731-19144f7a6b0b ec799136185c4c139505f37770c29a78 ea4228d175304820b807d0b681ed9103 - - default default] Successfully bumped revision number for resource a10a128b-4e61-44a8-93da-eb7d85f3fc2e (type: security_groups) to 1
2026-06-24 19:10:40.876 10 INFO neutron.db.segments_db [None req-265446c2-2ce0-4a5f-ba1b-2e889bb5edf4 4835daeacea144d1b5e7a1c023a3efca 510fcf7d649444d09cdff1a076a9c24d - - default default] Added segment 0210a3a0-d4c8-4d36-8d50-26e3b7298172 of type geneve for network 5fc90553-fb83-4c61-91aa-8767a7b7f4f3
2026-06-24 19:10:40.879 9 INFO neutron.db.ovn_revision_numbers_db [None req-90ad3e7f-2a26-4d1b-9731-19144f7a6b0b ec799136185c4c139505f37770c29a78 ea4228d175304820b807d0b681ed9103 - - default default] Successfully bumped revision number for resource 0bde9426-aca9-4271-ab03-3bf593b1aad1 (type: security_group_rules) to 0
2026-06-24 19:10:40.884 9 INFO neutron.api.v2.resource [None req-66378ee2-fe50-45e1-be06-6c5ebf8e3b0e e1c16dd2737a472595f551c076cdb39d 12a91bf2c20c4330951fcaa86ea25da6 - - default default] show failed (client error): The resource could not be found.
2026-06-24 19:10:40.885 9 INFO neutron.wsgi [None req-66378ee2-fe50-45e1-be06-6c5ebf8e3b0e e1c16dd2737a472595f551c076cdb39d 12a91bf2c20c4330951fcaa86ea25da6 - - default default] 10.0.0.128 "GET /v2.0/trunks/5fe99085-0cd6-4b57-8fd6-48c6110e34e3/tags/green HTTP/1.1" status: 404 len: 299 time: 0.0223722
2026-06-24 19:10:40.900 9 INFO neutron.db.ovn_revision_numbers_db [None req-90ad3e7f-2a26-4d1b-9731-19144f7a6b0b ec799136185c4c139505f37770c29a78 ea4228d175304820b807d0b681ed9103 - - default default] Successfully bumped revision number for resource 64de91ff-7c3c-417f-b0d6-1be0785e4421 (type: security_group_rules) to 0
2026-06-24 19:10:40.917 9 INFO neutron.db.ovn_revision_numbers_db [None req-90ad3e7f-2a26-4d1b-9731-19144f7a6b0b ec799136185c4c139505f37770c29a78 ea4228d175304820b807d0b681ed9103 - - default default] Successfully bumped revision number for resource 83646258-3493-4170-a7ac-5f0983c38b7d (type: security_group_rules) to 0
2026-06-24 19:10:40.925 9 INFO neutron.wsgi [None req-0c2a1c1e-3fca-419d-8c9a-458c32fed5f6 e1c16dd2737a472595f551c076cdb39d 12a91bf2c20c4330951fcaa86ea25da6 - - default default] 10.0.0.128 "DELETE /v2.0/trunks/5fe99085-0cd6-4b57-8fd6-48c6110e34e3/tags/red HTTP/1.1" status: 204 len: 168 time: 0.0350420
2026-06-24 19:10:40.932 9 INFO neutron.db.ovn_revision_numbers_db [None req-90ad3e7f-2a26-4d1b-9731-19144f7a6b0b ec799136185c4c139505f37770c29a78 ea4228d175304820b807d0b681ed9103 - - default default] Successfully bumped revision number for resource 9c0385b9-1760-4eab-aa42-5bfb5b8fbe2b (type: security_group_rules) to 0
2026-06-24 19:10:40.954 10 INFO neutron.wsgi [None req-869a4ac3-ade6-48a6-957d-c86f5843c1cc e1c16dd2737a472595f551c076cdb39d 12a91bf2c20c4330951fcaa86ea25da6 - - default default] 10.0.0.128 "GET /v2.0/trunks/5fe99085-0cd6-4b57-8fd6-48c6110e34e3/tags HTTP/1.1" status: 200 len: 223 time: 0.0256743
2026-06-24 19:10:40.991 9 INFO neutron.db.segments_db [None req-90ad3e7f-2a26-4d1b-9731-19144f7a6b0b ec799136185c4c139505f37770c29a78 ea4228d175304820b807d0b681ed9103 - - default default] Added segment 57f427f4-1fe5-465f-8051-5fdf91161545 of type geneve for network 38d4a873-7517-4628-8810-c56ea2bb6b2e
2026-06-24 19:10:41.012 9 INFO neutron.api.v2.resource [None req-300f5541-8197-4136-94a9-3759c1ce1139 e1c16dd2737a472595f551c076cdb39d 12a91bf2c20c4330951fcaa86ea25da6 - - default default] delete failed (client error): The resource could not be found.
2026-06-24 19:10:41.014 9 INFO neutron.wsgi [None req-300f5541-8197-4136-94a9-3759c1ce1139 e1c16dd2737a472595f551c076cdb39d 12a91bf2c20c4330951fcaa86ea25da6 - - default default] 10.0.0.128 "DELETE /v2.0/trunks/5fe99085-0cd6-4b57-8fd6-48c6110e34e3/tags/green HTTP/1.1" status: 404 len: 299 time: 0.0542088
2026-06-24 19:10:41.044 10 INFO neutron.db.ovn_revision_numbers_db [None req-265446c2-2ce0-4a5f-ba1b-2e889bb5edf4 4835daeacea144d1b5e7a1c023a3efca 510fcf7d649444d09cdff1a076a9c24d - - default default] Successfully bumped revision number for resource 5fc90553-fb83-4c61-91aa-8767a7b7f4f3 (type: networks) to 1
2026-06-24 19:10:41.094 9 INFO neutron.wsgi [None req-fa0abb67-94ce-43e2-907c-afc00eb3907e e1c16dd2737a472595f551c076cdb39d 12a91bf2c20c4330951fcaa86ea25da6 - - default default] 10.0.0.128 "DELETE /v2.0/trunks/5fe99085-0cd6-4b57-8fd6-48c6110e34e3/tags HTTP/1.1" status: 204 len: 168 time: 0.0749142
2026-06-24 19:10:41.149 10 INFO neutron.wsgi [None req-c753f8f5-ad32-4cfd-8af6-2001c58c21f6 e1c16dd2737a472595f551c076cdb39d 12a91bf2c20c4330951fcaa86ea25da6 - - default default] 10.0.0.128 "GET /v2.0/trunks/5fe99085-0cd6-4b57-8fd6-48c6110e34e3/tags HTTP/1.1" status: 200 len: 205 time: 0.0493121
2026-06-24 19:10:41.166 9 INFO neutron.db.ovn_revision_numbers_db [None req-90ad3e7f-2a26-4d1b-9731-19144f7a6b0b ec799136185c4c139505f37770c29a78 ea4228d175304820b807d0b681ed9103 - - default default] Successfully bumped revision number for resource 38d4a873-7517-4628-8810-c56ea2bb6b2e (type: networks) to 1
2026-06-24 19:10:41.203 9 INFO neutron.wsgi [None req-8a7f1507-311e-4092-b596-c83ca4a51976 e1c16dd2737a472595f551c076cdb39d 12a91bf2c20c4330951fcaa86ea25da6 - - default default] 10.0.0.128 "GET /v2.0/trunks/5fe99085-0cd6-4b57-8fd6-48c6110e34e3 HTTP/1.1" status: 200 len: 603 time: 0.0346394
