2026-06-24 19:10:18.863 10 INFO neutron.wsgi [None req-ebb94ecd-6c3c-4d17-8e11-9efd0b3ab930 2542ce9b205e4accb0e48ab64ee5d947 b599e260ff174c8e80901e025c07b912 - - default default] 10.0.0.128 "POST /v2.0/security-groups HTTP/1.1" status: 201 len: 1801 time: 0.3893638
2026-06-24 19:10:18.876 9 WARNING neutron_lib.context [None req-48504a6c-1dbb-4289-8a6a-5268c4edfccc 2542ce9b205e4accb0e48ab64ee5d947 b599e260ff174c8e80901e025c07b912 - - default default] Method 'is_advsvc' is deprecated since 2023.2 release (neutron-lib 3.8.0) and will be removed once support for the old RBAC API policies will be removed from Neutron. Please use method 'is_service_role' instead.
2026-06-24 19:10:19.012 10 INFO neutron.wsgi [None req-848aba69-8ff9-4259-a603-7382ab3722fa ec799136185c4c139505f37770c29a78 ea4228d175304820b807d0b681ed9103 - - default default] 10.0.0.128 "GET /v2.0/security-groups?tenant_id=42510b9d2362463b93ed8e17282241d5&name=default HTTP/1.1" status: 200 len: 3120 time: 0.2543814
2026-06-24 19:10:19.155 9 INFO neutron.db.ovn_revision_numbers_db [None req-48504a6c-1dbb-4289-8a6a-5268c4edfccc 2542ce9b205e4accb0e48ab64ee5d947 b599e260ff174c8e80901e025c07b912 - - default default] Successfully bumped revision number for resource 32d796da-6222-4cdf-a28b-f12ff0fbf0a6 (type: security_groups) to 1
2026-06-24 19:10:19.194 9 INFO neutron.db.ovn_revision_numbers_db [None req-48504a6c-1dbb-4289-8a6a-5268c4edfccc 2542ce9b205e4accb0e48ab64ee5d947 b599e260ff174c8e80901e025c07b912 - - default default] Successfully bumped revision number for resource 9a8bdefc-19d0-4910-9a9a-4b785cb85c03 (type: security_group_rules) to 0
2026-06-24 19:10:19.237 9 INFO neutron.db.ovn_revision_numbers_db [None req-48504a6c-1dbb-4289-8a6a-5268c4edfccc 2542ce9b205e4accb0e48ab64ee5d947 b599e260ff174c8e80901e025c07b912 - - default default] Successfully bumped revision number for resource a39435cf-f51d-4c4a-a472-0588e4afafcc (type: security_group_rules) to 0
2026-06-24 19:10:19.284 9 INFO neutron.wsgi [None req-48504a6c-1dbb-4289-8a6a-5268c4edfccc 2542ce9b205e4accb0e48ab64ee5d947 b599e260ff174c8e80901e025c07b912 - - default default] 10.0.0.128 "POST /v2.0/security-groups HTTP/1.1" status: 201 len: 1801 time: 0.4149289
2026-06-24 19:10:19.287 10 INFO neutron.db.ovn_revision_numbers_db [None req-6e4e2852-94a4-41eb-925f-68582b40b1bb - - - - - -] Successfully bumped revision number for resource 3ac169b7-90df-43fd-90e4-85d8ebe5181a (type: ports) to 1
2026-06-24 19:10:19.296 10 WARNING neutron_lib.context [None req-66d13c34-e485-4382-b1b6-c11894bba115 2542ce9b205e4accb0e48ab64ee5d947 b599e260ff174c8e80901e025c07b912 - - default default] Method 'is_advsvc' is deprecated since 2023.2 release (neutron-lib 3.8.0) and will be removed once support for the old RBAC API policies will be removed from Neutron. Please use method 'is_service_role' instead.
2026-06-24 19:10:19.306 9 WARNING neutron.scheduler.dhcp_agent_scheduler [None req-eac34bd0-e6d4-49d8-89e4-4cab020463fb ec799136185c4c139505f37770c29a78 ea4228d175304820b807d0b681ed9103 - - default default] No more DHCP agents
2026-06-24 19:10:19.309 9 WARNING neutron.api.rpc.agentnotifiers.dhcp_rpc_agent_api [None req-eac34bd0-e6d4-49d8-89e4-4cab020463fb ec799136185c4c139505f37770c29a78 ea4228d175304820b807d0b681ed9103 - - default default] Unable to schedule network 43996b39-f419-4e4e-8982-293e3e88747b: no agents available; will retry on subsequent port and subnet creation events.
2026-06-24 19:10:19.457 9 INFO neutron.wsgi [None req-83bf9e41-9783-4ac9-8f00-66c88282241e ec799136185c4c139505f37770c29a78 ea4228d175304820b807d0b681ed9103 - - default default] 10.0.0.128 "DELETE /v2.0/security-groups/4410b27a-8531-44d6-a69d-0f031ca47e87 HTTP/1.1" status: 204 len: 168 time: 0.4367275
2026-06-24 19:10:19.481 10 INFO neutron.db.ovn_revision_numbers_db [None req-66d13c34-e485-4382-b1b6-c11894bba115 2542ce9b205e4accb0e48ab64ee5d947 b599e260ff174c8e80901e025c07b912 - - default default] Successfully bumped revision number for resource 45f51ee8-8423-49ae-adf2-882ad0435234 (type: security_groups) to 1
2026-06-24 19:10:19.508 9 INFO neutron.db.ovn_revision_numbers_db [None req-eac34bd0-e6d4-49d8-89e4-4cab020463fb ec799136185c4c139505f37770c29a78 ea4228d175304820b807d0b681ed9103 - - default default] Successfully bumped revision number for resource 9b953c29-86b2-4e4f-9113-13840a9e510d (type: ports) to 1
2026-06-24 19:10:19.524 10 INFO neutron.db.ovn_revision_numbers_db [None req-66d13c34-e485-4382-b1b6-c11894bba115 2542ce9b205e4accb0e48ab64ee5d947 b599e260ff174c8e80901e025c07b912 - - default default] Successfully bumped revision number for resource 583096f6-4131-4024-95e6-b0d4883b5b9a (type: security_group_rules) to 0
2026-06-24 19:10:19.559 10 INFO neutron.db.ovn_revision_numbers_db [None req-66d13c34-e485-4382-b1b6-c11894bba115 2542ce9b205e4accb0e48ab64ee5d947 b599e260ff174c8e80901e025c07b912 - - default default] Successfully bumped revision number for resource aef26dd9-374e-4e74-b65d-9d4d6c4a9713 (type: security_group_rules) to 0
2026-06-24 19:10:19.586 10 INFO neutron.wsgi [None req-66d13c34-e485-4382-b1b6-c11894bba115 2542ce9b205e4accb0e48ab64ee5d947 b599e260ff174c8e80901e025c07b912 - - default default] 10.0.0.128 "POST /v2.0/security-groups HTTP/1.1" status: 201 len: 1801 time: 0.2970726
2026-06-24 19:10:19.597 9 WARNING neutron_lib.context [None req-743dc0cd-ed23-46d9-b1cd-5bc8f16327b6 2542ce9b205e4accb0e48ab64ee5d947 b599e260ff174c8e80901e025c07b912 - - default default] Method 'is_advsvc' is deprecated since 2023.2 release (neutron-lib 3.8.0) and will be removed once support for the old RBAC API policies will be removed from Neutron. Please use method 'is_service_role' instead.
2026-06-24 19:10:19.720 10 INFO neutron.db.ovn_revision_numbers_db [None req-6e4e2852-94a4-41eb-925f-68582b40b1bb - - - - - -] Successfully bumped revision number for resource 3ac169b7-90df-43fd-90e4-85d8ebe5181a (type: router_ports) to 3
2026-06-24 19:10:19.798 9 INFO neutron.db.ovn_revision_numbers_db [None req-743dc0cd-ed23-46d9-b1cd-5bc8f16327b6 2542ce9b205e4accb0e48ab64ee5d947 b599e260ff174c8e80901e025c07b912 - - default default] Successfully bumped revision number for resource 21a9b8b2-7060-407e-94f4-f9b31d258c99 (type: security_groups) to 1
2026-06-24 19:10:19.820 9 INFO neutron.db.ovn_revision_numbers_db [None req-743dc0cd-ed23-46d9-b1cd-5bc8f16327b6 2542ce9b205e4accb0e48ab64ee5d947 b599e260ff174c8e80901e025c07b912 - - default default] Successfully bumped revision number for resource 21603c0f-7bda-4888-8799-fcd97f32ced9 (type: security_group_rules) to 0
2026-06-24 19:10:19.839 9 INFO neutron.db.ovn_revision_numbers_db [None req-743dc0cd-ed23-46d9-b1cd-5bc8f16327b6 2542ce9b205e4accb0e48ab64ee5d947 b599e260ff174c8e80901e025c07b912 - - default default] Successfully bumped revision number for resource adbb64a0-9e7b-4028-aee6-d9ee744734b6 (type: security_group_rules) to 0
2026-06-24 19:10:19.873 9 INFO neutron.wsgi [None req-743dc0cd-ed23-46d9-b1cd-5bc8f16327b6 2542ce9b205e4accb0e48ab64ee5d947 b599e260ff174c8e80901e025c07b912 - - default default] 10.0.0.128 "POST /v2.0/security-groups HTTP/1.1" status: 201 len: 1801 time: 0.2804728
2026-06-24 19:10:19.941 9 INFO neutron.wsgi [None req-9afb2aea-dda9-43ae-a0fb-aa6598690cdc 2542ce9b205e4accb0e48ab64ee5d947 b599e260ff174c8e80901e025c07b912 - - default default] 10.0.0.128 "PUT /v2.0/security-groups/29b53813-df0e-4efb-b908-28809321df81/tags HTTP/1.1" status: 200 len: 210 time: 0.0599604
2026-06-24 19:10:19.988 10 INFO neutron.db.ovn_revision_numbers_db [None req-6e4e2852-94a4-41eb-925f-68582b40b1bb - - - - - -] Successfully bumped revision number for resource 3ac169b7-90df-43fd-90e4-85d8ebe5181a (type: ports) to 2
2026-06-24 19:10:20.030 9 INFO neutron.wsgi [None req-c146f9e6-a4bf-4427-99b8-b9415e461af0 2542ce9b205e4accb0e48ab64ee5d947 b599e260ff174c8e80901e025c07b912 - - default default] 10.0.0.128 "PUT /v2.0/security-groups/dc9821fa-65cf-4925-9bda-1a7666926204/tags HTTP/1.1" status: 200 len: 218 time: 0.0805941
2026-06-24 19:10:20.107 9 INFO neutron.wsgi [None req-787bf4cb-6e4b-416f-8d53-6d425913972a 2542ce9b205e4accb0e48ab64ee5d947 b599e260ff174c8e80901e025c07b912 - - default default] 10.0.0.128 "PUT /v2.0/security-groups/32d796da-6222-4cdf-a28b-f12ff0fbf0a6/tags HTTP/1.1" status: 200 len: 227 time: 0.0696809
2026-06-24 19:10:20.193 9 INFO neutron.wsgi [None req-f0e2638a-608f-4bc5-aa05-c2b965c1531f 2542ce9b205e4accb0e48ab64ee5d947 b599e260ff174c8e80901e025c07b912 - - default default] 10.0.0.128 "PUT /v2.0/security-groups/45f51ee8-8423-49ae-adf2-882ad0435234/tags HTTP/1.1" status: 200 len: 212 time: 0.0805366
2026-06-24 19:10:20.264 9 ERROR ovsdbapp.backend.ovs_idl.command [None req-eac34bd0-e6d4-49d8-89e4-4cab020463fb ec799136185c4c139505f37770c29a78 ea4228d175304820b807d0b681ed9103 - - default default] Error executing command (DbGetCommand): ovsdbapp.backend.ovs_idl.idlutils.RowNotFound: Cannot find Logical_Router_Port with name=lrp-9b953c29-86b2-4e4f-9113-13840a9e510d
2026-06-24 19:10:20.264 9 ERROR ovsdbapp.backend.ovs_idl.command
Traceback (most recent call last):
2026-06-24 19:10:20.264 9 ERROR ovsdbapp.backend.ovs_idl.command
File "/var/lib/openstack/lib/python3.10/site-packages/ovsdbapp/backend/ovs_idl/command.py", line 47, in execute
2026-06-24 19:10:20.264 9 ERROR ovsdbapp.backend.ovs_idl.command self.run_idl(None)
2026-06-24 19:10:20.264 9 ERROR ovsdbapp.backend.ovs_idl.command
File "/var/lib/openstack/lib/python3.10/site-packages/ovsdbapp/backend/ovs_idl/command.py", line 235, in run_idl
2026-06-24 19:10:20.264 9 ERROR ovsdbapp.backend.ovs_idl.command record = self.api.lookup(self.table, self.record)
2026-06-24 19:10:20.264 9 ERROR ovsdbapp.backend.ovs_idl.command
File "/var/lib/openstack/lib/python3.10/site-packages/ovsdbapp/backend/ovs_idl/__init__.py", line 184, in lookup
2026-06-24 19:10:20.264 9 ERROR ovsdbapp.backend.ovs_idl.command return self._lookup(table, record)
2026-06-24 19:10:20.264 9 ERROR ovsdbapp.backend.ovs_idl.command
File "/var/lib/openstack/lib/python3.10/site-packages/ovsdbapp/backend/ovs_idl/__init__.py", line 235, in _lookup
2026-06-24 19:10:20.264 9 ERROR ovsdbapp.backend.ovs_idl.command row = idlutils.row_by_value(self, rl.table, rl.column, record)
2026-06-24 19:10:20.264 9 ERROR ovsdbapp.backend.ovs_idl.command
File "/var/lib/openstack/lib/python3.10/site-packages/ovsdbapp/backend/ovs_idl/idlutils.py", line 114, in row_by_value
2026-06-24 19:10:20.264 9 ERROR ovsdbapp.backend.ovs_idl.command raise RowNotFound(table=table, col=column, match=match)
2026-06-24 19:10:20.264 9 ERROR ovsdbapp.backend.ovs_idl.command ovsdbapp.backend.ovs_idl.idlutils.RowNotFound: Cannot find Logical_Router_Port with name=lrp-9b953c29-86b2-4e4f-9113-13840a9e510d
2026-06-24 19:10:20.264 9 ERROR ovsdbapp.backend.ovs_idl.command 
2026-06-24 19:10:20.264 9 ERROR neutron_lib.callbacks.manager [None req-eac34bd0-e6d4-49d8-89e4-4cab020463fb ec799136185c4c139505f37770c29a78 ea4228d175304820b807d0b681ed9103 - - default default] Error during notification for neutron.services.ovn_l3.plugin.OVNL3RouterPlugin._port_update-8754342971110 port, after_update: ovsdbapp.backend.ovs_idl.idlutils.RowNotFound: Cannot find Logical_Router_Port with name=lrp-9b953c29-86b2-4e4f-9113-13840a9e510d
2026-06-24 19:10:20.264 9 ERROR neutron_lib.callbacks.manager
Traceback (most recent call last):
2026-06-24 19:10:20.264 9 ERROR neutron_lib.callbacks.manager
File "/var/lib/openstack/lib/python3.10/site-packages/neutron_lib/callbacks/manager.py", line 189, in _notify_loop
2026-06-24 19:10:20.264 9 ERROR neutron_lib.callbacks.manager callback.method(resource, event, trigger, payload=payload)
2026-06-24 19:10:20.264 9 ERROR neutron_lib.callbacks.manager
File "/var/lib/openstack/lib/python3.10/site-packages/neutron/services/ovn_l3/plugin.py", line 391, in _port_update
2026-06-24 19:10:20.264 9 ERROR neutron_lib.callbacks.manager l3plugin._ovn_client.update_router_port(context,
2026-06-24 19:10:20.264 9 ERROR neutron_lib.callbacks.manager
File "/var/lib/openstack/lib/python3.10/site-packages/neutron/plugins/ml2/drivers/ovn/mech_driver/ovsdb/ovn_client.py", line 1878, in update_router_port
2026-06-24 19:10:20.264 9 ERROR neutron_lib.callbacks.manager self._update_lrouter_port(context, port, if_exists=if_exists,
2026-06-24 19:10:20.264 9 ERROR neutron_lib.callbacks.manager
File "/var/lib/openstack/lib/python3.10/site-packages/neutron/plugins/ml2/drivers/ovn/mech_driver/ovsdb/ovn_client.py", line 1855, in _update_lrouter_port
2026-06-24 19:10:20.264 9 ERROR neutron_lib.callbacks.manager external_ids = self._nb_idl.db_get(
2026-06-24 19:10:20.264 9 ERROR neutron_lib.callbacks.manager
File "/var/lib/openstack/lib/python3.10/site-packages/ovsdbapp/backend/ovs_idl/command.py", line 47, in execute
2026-06-24 19:10:20.264 9 ERROR neutron_lib.callbacks.manager self.run_idl(None)
2026-06-24 19:10:20.264 9 ERROR neutron_lib.callbacks.manager
File "/var/lib/openstack/lib/python3.10/site-packages/ovsdbapp/backend/ovs_idl/command.py", line 235, in run_idl
2026-06-24 19:10:20.264 9 ERROR neutron_lib.callbacks.manager record = self.api.lookup(self.table, self.record)
2026-06-24 19:10:20.264 9 ERROR neutron_lib.callbacks.manager
File "/var/lib/openstack/lib/python3.10/site-packages/ovsdbapp/backend/ovs_idl/__init__.py", line 184, in lookup
2026-06-24 19:10:20.264 9 ERROR neutron_lib.callbacks.manager return self._lookup(table, record)
2026-06-24 19:10:20.264 9 ERROR neutron_lib.callbacks.manager
File "/var/lib/openstack/lib/python3.10/site-packages/ovsdbapp/backend/ovs_idl/__init__.py", line 235, in _lookup
2026-06-24 19:10:20.264 9 ERROR neutron_lib.callbacks.manager row = idlutils.row_by_value(self, rl.table, rl.column, record)
2026-06-24 19:10:20.264 9 ERROR neutron_lib.callbacks.manager
File "/var/lib/openstack/lib/python3.10/site-packages/ovsdbapp/backend/ovs_idl/idlutils.py", line 114, in row_by_value
2026-06-24 19:10:20.264 9 ERROR neutron_lib.callbacks.manager raise RowNotFound(table=table, col=column, match=match)
2026-06-24 19:10:20.264 9 ERROR neutron_lib.callbacks.manager ovsdbapp.backend.ovs_idl.idlutils.RowNotFound: Cannot find Logical_Router_Port with name=lrp-9b953c29-86b2-4e4f-9113-13840a9e510d
2026-06-24 19:10:20.264 9 ERROR neutron_lib.callbacks.manager 
2026-06-24 19:10:20.271 9 INFO neutron.wsgi [None req-e60d32ea-6aa2-484b-a37c-36195609dcc9 2542ce9b205e4accb0e48ab64ee5d947 b599e260ff174c8e80901e025c07b912 - - default default] 10.0.0.128 "GET /v2.0/security-groups?tags=red HTTP/1.1" status: 200 len: 4999 time: 0.0684004
2026-06-24 19:10:20.601 9 INFO neutron.wsgi [None req-2da13fa0-cbbc-433d-8e82-7193f266b0c7 2542ce9b205e4accb0e48ab64ee5d947 b599e260ff174c8e80901e025c07b912 - - default default] 10.0.0.128 "GET /v2.0/security-groups?tags=red%2Cblue HTTP/1.1" status: 200 len: 3413 time: 0.3135090
2026-06-24 19:10:20.653 10 INFO neutron.wsgi [None req-f734c17d-e34d-42c5-86d1-4e0dc8b9b6ea 2542ce9b205e4accb0e48ab64ee5d947 b599e260ff174c8e80901e025c07b912 - - default default] 10.0.0.128 "GET /v2.0/security-groups?tags-any=blue HTTP/1.1" status: 200 len: 3413 time: 0.0448108
2026-06-24 19:10:20.677 10 INFO neutron.db.ovn_revision_numbers_db [None req-6e4e2852-94a4-41eb-925f-68582b40b1bb - - - - - -] Successfully bumped revision number for resource 3ac169b7-90df-43fd-90e4-85d8ebe5181a (type: ports) to 4
2026-06-24 19:10:20.729 9 INFO neutron.wsgi [None req-c2e4b618-0435-485d-aa33-3a13e7975124 2542ce9b205e4accb0e48ab64ee5d947 b599e260ff174c8e80901e025c07b912 - - default default] 10.0.0.128 "GET /v2.0/security-groups?tags-any=red%2Cblue HTTP/1.1" status: 200 len: 4999 time: 0.0706990
2026-06-24 19:10:20.805 9 INFO neutron.plugins.ml2.drivers.ovn.mech_driver.mech_driver [None req-ee5c6fa3-e313-4882-9571-18a31207f112 - - - - - -] OVN reports status up for port: 9b953c29-86b2-4e4f-9113-13840a9e510d
2026-06-24 19:10:20.812 9 INFO neutron.wsgi [None req-3a3f51ca-9405-4e27-af43-c164e43625e8 2542ce9b205e4accb0e48ab64ee5d947 b599e260ff174c8e80901e025c07b912 - - default default] 10.0.0.128 "GET /v2.0/security-groups?not-tags=red HTTP/1.1" status: 200 len: 6289 time: 0.0782480
2026-06-24 19:10:20.834 9 INFO neutron.plugins.ml2.plugin [None req-ee5c6fa3-e313-4882-9571-18a31207f112 - - - - - -] Attempt 1 to provision port 9b953c29-86b2-4e4f-9113-13840a9e510d
2026-06-24 19:10:20.874 9 INFO neutron.db.ovn_revision_numbers_db [None req-eac34bd0-e6d4-49d8-89e4-4cab020463fb ec799136185c4c139505f37770c29a78 ea4228d175304820b807d0b681ed9103 - - default default] Successfully bumped revision number for resource 9b953c29-86b2-4e4f-9113-13840a9e510d (type: ports) to 1
2026-06-24 19:10:20.901 9 INFO neutron.wsgi [None req-a898bf15-a0d5-41f6-82c6-7f3dbef4a630 2542ce9b205e4accb0e48ab64ee5d947 b599e260ff174c8e80901e025c07b912 - - default default] 10.0.0.128 "GET /v2.0/security-groups?not-tags=red%2Cblue HTTP/1.1" status: 200 len: 7875 time: 0.0796821
2026-06-24 19:10:20.973 9 WARNING neutron.scheduler.dhcp_agent_scheduler [None req-eac34bd0-e6d4-49d8-89e4-4cab020463fb ec799136185c4c139505f37770c29a78 ea4228d175304820b807d0b681ed9103 - - default default] No more DHCP agents
2026-06-24 19:10:20.976 10 INFO neutron.wsgi [None req-4e314294-7d67-4f8d-9fa0-708a0ed97115 2542ce9b205e4accb0e48ab64ee5d947 b599e260ff174c8e80901e025c07b912 - - default default] 10.0.0.128 "GET /v2.0/security-groups?not-tags-any=blue HTTP/1.1" status: 200 len: 7875 time: 0.0645270
2026-06-24 19:10:20.976 9 WARNING neutron.api.rpc.agentnotifiers.dhcp_rpc_agent_api [None req-eac34bd0-e6d4-49d8-89e4-4cab020463fb ec799136185c4c139505f37770c29a78 ea4228d175304820b807d0b681ed9103 - - default default] Unable to schedule network 43996b39-f419-4e4e-8982-293e3e88747b: no agents available; will retry on subsequent port and subnet creation events.
2026-06-24 19:10:21.026 10 INFO neutron.db.ovn_revision_numbers_db [None req-6e4e2852-94a4-41eb-925f-68582b40b1bb - - - - - -] Successfully bumped revision number for resource 3ac169b7-90df-43fd-90e4-85d8ebe5181a (type: router_ports) to 4
2026-06-24 19:10:21.050 10 INFO neutron.wsgi [None req-a079b6f9-1ea8-4e7c-98bf-47f69ffd9c4f 2542ce9b205e4accb0e48ab64ee5d947 b599e260ff174c8e80901e025c07b912 - - default default] 10.0.0.128 "GET /v2.0/security-groups?not-tags-any=red%2Cblue HTTP/1.1" status: 200 len: 6289 time: 0.0643842
2026-06-24 19:10:21.186 10 INFO neutron.wsgi [None req-981b133b-0dbc-459e-8583-8c53609389e3 2542ce9b205e4accb0e48ab64ee5d947 b599e260ff174c8e80901e025c07b912 - - default default] 10.0.0.128 "DELETE /v2.0/security-groups/29b53813-df0e-4efb-b908-28809321df81 HTTP/1.1" status: 204 len: 168 time: 0.1265471
2026-06-24 19:10:21.308 10 INFO neutron.wsgi [None req-4ae95da4-4523-4a72-bc7d-6130c76275e0 2542ce9b205e4accb0e48ab64ee5d947 b599e260ff174c8e80901e025c07b912 - - default default] 10.0.0.128 "DELETE /v2.0/security-groups/dc9821fa-65cf-4925-9bda-1a7666926204 HTTP/1.1" status: 204 len: 168 time: 0.1165323
2026-06-24 19:10:21.431 10 INFO neutron.wsgi [None req-b56e3c11-d4b7-47b1-b2f8-9d81d0fb0d19 2542ce9b205e4accb0e48ab64ee5d947 b599e260ff174c8e80901e025c07b912 - - default default] 10.0.0.128 "DELETE /v2.0/security-groups/32d796da-6222-4cdf-a28b-f12ff0fbf0a6 HTTP/1.1" status: 204 len: 168 time: 0.1185422
2026-06-24 19:10:21.511 9 INFO neutron.db.ovn_revision_numbers_db [None req-ee5c6fa3-e313-4882-9571-18a31207f112 - - - - - -] Successfully bumped revision number for resource 9b953c29-86b2-4e4f-9113-13840a9e510d (type: ports) to 2
2026-06-24 19:10:21.538 10 INFO neutron.wsgi [None req-59c88501-234b-416c-bd79-7d6a08f9cc36 2542ce9b205e4accb0e48ab64ee5d947 b599e260ff174c8e80901e025c07b912 - - default default] 10.0.0.128 "DELETE /v2.0/security-groups/45f51ee8-8423-49ae-adf2-882ad0435234 HTTP/1.1" status: 204 len: 168 time: 0.1013091
2026-06-24 19:10:21.558 10 WARNING neutron_lib.context [None req-2fb31ceb-74b1-4b76-a267-eb0f27af40ba 85358a8347d4468888f5318db07edaed fc60a1f8415e483ca17b6834731cff04 - - default default] Method 'is_advsvc' is deprecated since 2023.2 release (neutron-lib 3.8.0) and will be removed once support for the old RBAC API policies will be removed from Neutron. Please use method 'is_service_role' instead.
2026-06-24 19:10:21.675 9 INFO neutron.db.ovn_revision_numbers_db [None req-eac34bd0-e6d4-49d8-89e4-4cab020463fb ec799136185c4c139505f37770c29a78 ea4228d175304820b807d0b681ed9103 - - default default] Successfully bumped revision number for resource 9b953c29-86b2-4e4f-9113-13840a9e510d (type: router_ports) to 1
2026-06-24 19:10:21.677 10 INFO neutron.wsgi [None req-30d2e939-b889-469f-bb12-c4c3c6671c2d 2542ce9b205e4accb0e48ab64ee5d947 b599e260ff174c8e80901e025c07b912 - - default default] 10.0.0.128 "DELETE /v2.0/security-groups/21a9b8b2-7060-407e-94f4-f9b31d258c99 HTTP/1.1" status: 204 len: 168 time: 0.1340935
2026-06-24 19:10:21.681 9 INFO neutron.wsgi [None req-eac34bd0-e6d4-49d8-89e4-4cab020463fb ec799136185c4c139505f37770c29a78 ea4228d175304820b807d0b681ed9103 - - default default] 10.0.0.128 "PUT /v2.0/routers/aa7ce675-9cb8-40d1-b93a-ada61b95cef7/add_router_interface HTTP/1.1" status: 200 len: 503 time: 3.1405141
2026-06-24 19:10:21.695 9 INFO neutron.db.ovn_revision_numbers_db [None req-ee5c6fa3-e313-4882-9571-18a31207f112 - - - - - -] Successfully bumped revision number for resource 9b953c29-86b2-4e4f-9113-13840a9e510d (type: router_ports) to 2
2026-06-24 19:10:21.727 10 WARNING neutron_lib.context [None req-971e955b-2b9d-468c-802f-e083c4537661 0935268cf3da4299a2a1280c985df69e 44a9f6cb63f543aeb3f72ac543a899cc - - default default] Method 'is_advsvc' is deprecated since 2023.2 release (neutron-lib 3.8.0) and will be removed once support for the old RBAC API policies will be removed from Neutron. Please use method 'is_service_role' instead.
2026-06-24 19:10:21.730 10 INFO neutron.db.ovn_revision_numbers_db [None req-2fb31ceb-74b1-4b76-a267-eb0f27af40ba 85358a8347d4468888f5318db07edaed fc60a1f8415e483ca17b6834731cff04 - - default default] Successfully bumped revision number for resource c1888d5a-c4c6-4bcd-8076-30428c719974 (type: security_groups) to 1
2026-06-24 19:10:21.754 10 INFO neutron.db.ovn_revision_numbers_db [None req-2fb31ceb-74b1-4b76-a267-eb0f27af40ba 85358a8347d4468888f5318db07edaed fc60a1f8415e483ca17b6834731cff04 - - default default] Successfully bumped revision number for resource 58501c53-d5d0-4555-9e2e-eaf035204ced (type: security_group_rules) to 0
2026-06-24 19:10:21.770 10 INFO neutron.db.ovn_revision_numbers_db [None req-2fb31ceb-74b1-4b76-a267-eb0f27af40ba 85358a8347d4468888f5318db07edaed fc60a1f8415e483ca17b6834731cff04 - - default default] Successfully bumped revision number for resource 5d9e9391-667c-4a0d-abc3-4f15996ff18a (type: security_group_rules) to 0
2026-06-24 19:10:21.787 10 INFO neutron.db.ovn_revision_numbers_db [None req-2fb31ceb-74b1-4b76-a267-eb0f27af40ba 85358a8347d4468888f5318db07edaed fc60a1f8415e483ca17b6834731cff04 - - default default] Successfully bumped revision number for resource 7329b1ac-89eb-4160-9a63-3ae82e8acc74 (type: security_group_rules) to 0
2026-06-24 19:10:21.803 10 INFO neutron.db.ovn_revision_numbers_db [None req-2fb31ceb-74b1-4b76-a267-eb0f27af40ba 85358a8347d4468888f5318db07edaed fc60a1f8415e483ca17b6834731cff04 - - default default] Successfully bumped revision number for resource d5065183-8bc1-4344-b98f-f3b7db6c054b (type: security_group_rules) to 0
2026-06-24 19:10:21.860 10 INFO neutron.db.segments_db [None req-2fb31ceb-74b1-4b76-a267-eb0f27af40ba 85358a8347d4468888f5318db07edaed fc60a1f8415e483ca17b6834731cff04 - - default default] Added segment 243fb2e9-8f38-4025-a22e-e0658cad0200 of type geneve for network 63651a72-335e-4d36-ba43-bea7ea9bd732
2026-06-24 19:10:21.865 10 INFO neutron.db.ovn_revision_numbers_db [None req-971e955b-2b9d-468c-802f-e083c4537661 0935268cf3da4299a2a1280c985df69e 44a9f6cb63f543aeb3f72ac543a899cc - - default default] Successfully bumped revision number for resource 07732c80-0422-49c7-a662-944e9da5997d (type: security_groups) to 1
2026-06-24 19:10:21.885 10 INFO neutron.db.ovn_revision_numbers_db [None req-971e955b-2b9d-468c-802f-e083c4537661 0935268cf3da4299a2a1280c985df69e 44a9f6cb63f543aeb3f72ac543a899cc - - default default] Successfully bumped revision number for resource 1b01c2a6-fb4c-4f45-82f3-0ec524fc420a (type: security_group_rules) to 0
2026-06-24 19:10:21.909 10 INFO neutron.db.ovn_revision_numbers_db [None req-971e955b-2b9d-468c-802f-e083c4537661 0935268cf3da4299a2a1280c985df69e 44a9f6cb63f543aeb3f72ac543a899cc - - default default] Successfully bumped revision number for resource 271b2065-009c-4850-9bd8-55915a476a80 (type: security_group_rules) to 0
2026-06-24 19:10:21.926 10 INFO neutron.db.ovn_revision_numbers_db [None req-971e955b-2b9d-468c-802f-e083c4537661 0935268cf3da4299a2a1280c985df69e 44a9f6cb63f543aeb3f72ac543a899cc - - default default] Successfully bumped revision number for resource 7367c3fd-782b-4e57-b70a-4888cd80e167 (type: security_group_rules) to 0
2026-06-24 19:10:21.964 10 INFO neutron.db.ovn_revision_numbers_db [None req-971e955b-2b9d-468c-802f-e083c4537661 0935268cf3da4299a2a1280c985df69e 44a9f6cb63f543aeb3f72ac543a899cc - - default default] Successfully bumped revision number for resource edfb41ac-ec23-4bca-88a5-c5845798b746 (type: security_group_rules) to 0
2026-06-24 19:10:22.036 10 INFO neutron.db.ovn_revision_numbers_db [None req-2fb31ceb-74b1-4b76-a267-eb0f27af40ba 85358a8347d4468888f5318db07edaed fc60a1f8415e483ca17b6834731cff04 - - default default] Successfully bumped revision number for resource 63651a72-335e-4d36-ba43-bea7ea9bd732 (type: networks) to 1
2026-06-24 19:10:22.115 10 INFO neutron.db.ovn_revision_numbers_db [None req-971e955b-2b9d-468c-802f-e083c4537661 0935268cf3da4299a2a1280c985df69e 44a9f6cb63f543aeb3f72ac543a899cc - - default default] Successfully bumped revision number for resource b3d78b55-8c38-4b3f-9491-49a67f46319b (type: security_groups) to 1
2026-06-24 19:10:22.139 10 INFO neutron.db.ovn_revision_numbers_db [None req-971e955b-2b9d-468c-802f-e083c4537661 0935268cf3da4299a2a1280c985df69e 44a9f6cb63f543aeb3f72ac543a899cc - - default default] Successfully bumped revision number for resource 622727c1-4358-4671-b46b-7d67c2746882 (type: security_group_rules) to 0
2026-06-24 19:10:22.166 10 INFO neutron.db.ovn_revision_numbers_db [None req-971e955b-2b9d-468c-802f-e083c4537661 0935268cf3da4299a2a1280c985df69e 44a9f6cb63f543aeb3f72ac543a899cc - - default default] Successfully bumped revision number for resource 6949a215-43c2-4136-95b0-9f065fb639e8 (type: security_group_rules) to 0
2026-06-24 19:10:22.189 10 INFO neutron.wsgi [None req-971e955b-2b9d-468c-802f-e083c4537661 0935268cf3da4299a2a1280c985df69e 44a9f6cb63f543aeb3f72ac543a899cc - - default default] 10.0.0.128 "POST /v2.0/security-groups HTTP/1.1" status: 201 len: 1801 time: 0.4982021
2026-06-24 19:10:22.242 10 INFO neutron.wsgi [None req-105e11f8-38d6-463b-9634-b9f6acf3bcaa 0935268cf3da4299a2a1280c985df69e 44a9f6cb63f543aeb3f72ac543a899cc - - default default] 10.0.0.128 "PUT /v2.0/security-groups/b3d78b55-8c38-4b3f-9491-49a67f46319b/tags HTTP/1.1" status: 200 len: 218 time: 0.0456991
2026-06-24 19:10:22.260 10 WARNING neutron.scheduler.dhcp_agent_scheduler [None req-2fb31ceb-74b1-4b76-a267-eb0f27af40ba 85358a8347d4468888f5318db07edaed fc60a1f8415e483ca17b6834731cff04 - - default default] No more DHCP agents
2026-06-24 19:10:22.262 10 WARNING neutron.api.rpc.agentnotifiers.dhcp_rpc_agent_api [None req-2fb31ceb-74b1-4b76-a267-eb0f27af40ba 85358a8347d4468888f5318db07edaed fc60a1f8415e483ca17b6834731cff04 - - default default] Unable to schedule network 63651a72-335e-4d36-ba43-bea7ea9bd732: no agents available; will retry on subsequent port and subnet creation events.
2026-06-24 19:10:22.277 9 INFO neutron.wsgi [None req-1a8551b3-3f97-471b-b8aa-0e0f0fb7ca0c 0935268cf3da4299a2a1280c985df69e 44a9f6cb63f543aeb3f72ac543a899cc - - default default] 10.0.0.128 "GET /v2.0/security-groups/b3d78b55-8c38-4b3f-9491-49a67f46319b/tags HTTP/1.1" status: 200 len: 218 time: 0.0286763
2026-06-24 19:10:22.319 9 INFO neutron.wsgi [None req-8cab6718-6d56-4bd8-a0b7-2c81990ea368 0935268cf3da4299a2a1280c985df69e 44a9f6cb63f543aeb3f72ac543a899cc - - default default] 10.0.0.128 "PUT /v2.0/security-groups/b3d78b55-8c38-4b3f-9491-49a67f46319b/tags/green HTTP/1.1" status: 201 len: 201 time: 0.0364735
2026-06-24 19:10:22.355 9 INFO neutron.wsgi [None req-dbce3e43-d95c-484a-9e6f-4a9ee607ace1 0935268cf3da4299a2a1280c985df69e 44a9f6cb63f543aeb3f72ac543a899cc - - default default] 10.0.0.128 "GET /v2.0/security-groups/b3d78b55-8c38-4b3f-9491-49a67f46319b/tags HTTP/1.1" status: 200 len: 227 time: 0.0308905
2026-06-24 19:10:22.362 10 INFO neutron.db.ovn_revision_numbers_db [None req-2fb31ceb-74b1-4b76-a267-eb0f27af40ba 85358a8347d4468888f5318db07edaed fc60a1f8415e483ca17b6834731cff04 - - default default] Successfully bumped revision number for resource 71c23c15-2b31-41a7-9f6b-50a52a716bfa (type: ports) to 1
2026-06-24 19:10:22.387 10 INFO neutron.wsgi [None req-2fb31ceb-74b1-4b76-a267-eb0f27af40ba 85358a8347d4468888f5318db07edaed fc60a1f8415e483ca17b6834731cff04 - - default default] 10.0.0.128 "POST /v2.0/networks HTTP/1.1" status: 201 len: 847 time: 0.9327731
2026-06-24 19:10:22.390 9 INFO neutron.wsgi [None req-20f5efd8-3563-46d6-b824-847660590663 0935268cf3da4299a2a1280c985df69e 44a9f6cb63f543aeb3f72ac543a899cc - - default default] 10.0.0.128 "PUT /v2.0/security-groups/b3d78b55-8c38-4b3f-9491-49a67f46319b/tags/red HTTP/1.1" status: 201 len: 201 time: 0.0301685
2026-06-24 19:10:22.427 9 INFO neutron.wsgi [None req-1dd60ac1-a2ae-4072-ad4c-adb9fb3388a0 0935268cf3da4299a2a1280c985df69e 44a9f6cb63f543aeb3f72ac543a899cc - - default default] 10.0.0.128 "GET /v2.0/security-groups/b3d78b55-8c38-4b3f-9491-49a67f46319b/tags HTTP/1.1" status: 200 len: 227 time: 0.0246184
2026-06-24 19:10:22.474 10 INFO neutron.wsgi [None req-8fbd88aa-f52b-4af3-ba8c-3633eaf44cce 0935268cf3da4299a2a1280c985df69e 44a9f6cb63f543aeb3f72ac543a899cc - - default default] 10.0.0.128 "PUT /v2.0/security-groups/b3d78b55-8c38-4b3f-9491-49a67f46319b/tags/black.or.white HTTP/1.1" status: 201 len: 201 time: 0.0425518
2026-06-24 19:10:22.506 10 INFO neutron.wsgi [None req-fe865686-17eb-424d-a20b-7961ba8cdd3e 0935268cf3da4299a2a1280c985df69e 44a9f6cb63f543aeb3f72ac543a899cc - - default default] 10.0.0.128 "GET /v2.0/security-groups/b3d78b55-8c38-4b3f-9491-49a67f46319b/tags HTTP/1.1" status: 200 len: 245 time: 0.0277863
2026-06-24 19:10:22.552 10 INFO neutron.wsgi [None req-9e08f490-3538-4bae-9dd7-1ae8c072b676 0935268cf3da4299a2a1280c985df69e 44a9f6cb63f543aeb3f72ac543a899cc - - default default] 10.0.0.128 "PUT /v2.0/security-groups/b3d78b55-8c38-4b3f-9491-49a67f46319b/tags HTTP/1.1" status: 200 len: 230 time: 0.0411575
2026-06-24 19:10:22.586 10 INFO neutron.wsgi [None req-849cd4ef-96a3-42e1-b18b-d06897b9372c 0935268cf3da4299a2a1280c985df69e 44a9f6cb63f543aeb3f72ac543a899cc - - default default] 10.0.0.128 "GET /v2.0/security-groups/b3d78b55-8c38-4b3f-9491-49a67f46319b/tags HTTP/1.1" status: 200 len: 230 time: 0.0303402
2026-06-24 19:10:22.622 10 INFO neutron.wsgi [None req-fef2473c-6cda-4258-93fb-4f96c9588960 0935268cf3da4299a2a1280c985df69e 44a9f6cb63f543aeb3f72ac543a899cc - - default default] 10.0.0.128 "GET /v2.0/security-groups/b3d78b55-8c38-4b3f-9491-49a67f46319b/tags/red HTTP/1.1" status: 204 len: 168 time: 0.0303147
2026-06-24 19:10:22.654 10 INFO neutron.api.v2.resource [None req-3be6b2d0-58e6-4a38-b966-f49bd6e9c6e9 0935268cf3da4299a2a1280c985df69e 44a9f6cb63f543aeb3f72ac543a899cc - - default default] show failed (client error): The resource could not be found.
2026-06-24 19:10:22.655 10 INFO neutron.wsgi [None req-3be6b2d0-58e6-4a38-b966-f49bd6e9c6e9 0935268cf3da4299a2a1280c985df69e 44a9f6cb63f543aeb3f72ac543a899cc - - default default] 10.0.0.128 "GET /v2.0/security-groups/b3d78b55-8c38-4b3f-9491-49a67f46319b/tags/green HTTP/1.1" status: 404 len: 299 time: 0.0277338
2026-06-24 19:10:22.705 9 INFO neutron.wsgi [None req-e0187bbd-82dd-4617-9e8f-f64e013c643a 0935268cf3da4299a2a1280c985df69e 44a9f6cb63f543aeb3f72ac543a899cc - - default default] 10.0.0.128 "DELETE /v2.0/security-groups/b3d78b55-8c38-4b3f-9491-49a67f46319b/tags/red HTTP/1.1" status: 204 len: 168 time: 0.0426800
2026-06-24 19:10:22.738 9 INFO neutron.wsgi [None req-e693fa82-9498-4205-845b-bd3008a0ece0 0935268cf3da4299a2a1280c985df69e 44a9f6cb63f543aeb3f72ac543a899cc - - default default] 10.0.0.128 "GET /v2.0/security-groups/b3d78b55-8c38-4b3f-9491-49a67f46319b/tags HTTP/1.1" status: 200 len: 223 time: 0.0283182
2026-06-24 19:10:22.768 9 INFO neutron.api.v2.resource [None req-74a1339c-1169-4df7-815a-8ae050e57b31 0935268cf3da4299a2a1280c985df69e 44a9f6cb63f543aeb3f72ac543a899cc - - default default] delete failed (client error): The resource could not be found.
2026-06-24 19:10:22.770 9 INFO neutron.wsgi [None req-74a1339c-1169-4df7-815a-8ae050e57b31 0935268cf3da4299a2a1280c985df69e 44a9f6cb63f543aeb3f72ac543a899cc - - default default] 10.0.0.128 "DELETE /v2.0/security-groups/b3d78b55-8c38-4b3f-9491-49a67f46319b/tags/green HTTP/1.1" status: 404 len: 299 time: 0.0262609
2026-06-24 19:10:22.817 9 INFO neutron.wsgi [None req-65f02a09-ebae-4d93-9aab-520f51b199c9 0935268cf3da4299a2a1280c985df69e 44a9f6cb63f543aeb3f72ac543a899cc - - default default] 10.0.0.128 "DELETE /v2.0/security-groups/b3d78b55-8c38-4b3f-9491-49a67f46319b/tags HTTP/1.1" status: 204 len: 168 time: 0.0410471
2026-06-24 19:10:22.846 9 INFO neutron.wsgi [None req-f11f8c48-fde7-458d-bae8-03f238116d3c 0935268cf3da4299a2a1280c985df69e 44a9f6cb63f543aeb3f72ac543a899cc - - default default] 10.0.0.128 "GET /v2.0/security-groups/b3d78b55-8c38-4b3f-9491-49a67f46319b/tags HTTP/1.1" status: 200 len: 205 time: 0.0243394
2026-06-24 19:10:22.898 10 INFO neutron.db.ovn_revision_numbers_db [None req-89561e48-b06b-4f28-acdb-b75fbd93ae94 ec799136185c4c139505f37770c29a78 ea4228d175304820b807d0b681ed9103 - - default default] Successfully bumped revision number for resource ef839237-ac16-4dd7-8d82-d0f13aefc854 (type: security_groups) to 1
2026-06-24 19:10:22.908 10 WARNING neutron_lib.context [None req-0471c351-9478-45f1-9f8d-9cf03800cfff 85358a8347d4468888f5318db07edaed fc60a1f8415e483ca17b6834731cff04 - - default default] Method 'is_advsvc' is deprecated since 2023.2 release (neutron-lib 3.8.0) and will be removed once support for the old RBAC API policies will be removed from Neutron. Please use method 'is_service_role' instead.
2026-06-24 19:10:22.928 10 INFO neutron.db.ovn_revision_numbers_db [None req-89561e48-b06b-4f28-acdb-b75fbd93ae94 ec799136185c4c139505f37770c29a78 ea4228d175304820b807d0b681ed9103 - - default default] Successfully bumped revision number for resource 89787679-7679-4525-803c-1ee280c4c463 (type: security_group_rules) to 0
2026-06-24 19:10:22.951 10 INFO neutron.db.ovn_revision_numbers_db [None req-89561e48-b06b-4f28-acdb-b75fbd93ae94 ec799136185c4c139505f37770c29a78 ea4228d175304820b807d0b681ed9103 - - default default] Successfully bumped revision number for resource 9a1a7e2a-2451-48a4-9ace-a112f669425e (type: security_group_rules) to 0
2026-06-24 19:10:22.973 10 INFO neutron.db.ovn_revision_numbers_db [None req-89561e48-b06b-4f28-acdb-b75fbd93ae94 ec799136185c4c139505f37770c29a78 ea4228d175304820b807d0b681ed9103 - - default default] Successfully bumped revision number for resource 9f7f29ee-7790-4d00-a7fd-6ea79c9e0acc (type: security_group_rules) to 0
2026-06-24 19:10:22.985 9 INFO neutron.wsgi [None req-da7e8fbc-c10d-4414-899d-7cac540673d4 0935268cf3da4299a2a1280c985df69e 44a9f6cb63f543aeb3f72ac543a899cc - - default default] 10.0.0.128 "DELETE /v2.0/security-groups/b3d78b55-8c38-4b3f-9491-49a67f46319b HTTP/1.1" status: 204 len: 168 time: 0.1306612
2026-06-24 19:10:23.008 10 INFO neutron.db.ovn_revision_numbers_db [None req-89561e48-b06b-4f28-acdb-b75fbd93ae94 ec799136185c4c139505f37770c29a78 ea4228d175304820b807d0b681ed9103 - - default default] Successfully bumped revision number for resource e388778d-be26-4760-a9e3-e36848a5f938 (type: security_group_rules) to 0
2026-06-24 19:10:23.039 10 INFO neutron.wsgi [None req-89561e48-b06b-4f28-acdb-b75fbd93ae94 ec799136185c4c139505f37770c29a78 ea4228d175304820b807d0b681ed9103 - - default default] 10.0.0.128 "GET /v2.0/security-groups?tenant_id=d4a64c17d4d4441b93477259c4a9408b&name=default HTTP/1.1" status: 200 len: 3120 time: 0.4736643
2026-06-24 19:10:23.221 10 WARNING neutron.scheduler.dhcp_agent_scheduler [None req-0471c351-9478-45f1-9f8d-9cf03800cfff 85358a8347d4468888f5318db07edaed fc60a1f8415e483ca17b6834731cff04 - - default default] No more DHCP agents
2026-06-24 19:10:23.224 10 WARNING neutron.api.rpc.agentnotifiers.dhcp_rpc_agent_api [None req-0471c351-9478-45f1-9f8d-9cf03800cfff 85358a8347d4468888f5318db07edaed fc60a1f8415e483ca17b6834731cff04 - - default default] Unable to schedule network 63651a72-335e-4d36-ba43-bea7ea9bd732: no agents available; will retry on subsequent port and subnet creation events.
2026-06-24 19:10:23.268 10 INFO neutron.db.ovn_revision_numbers_db [None req-0471c351-9478-45f1-9f8d-9cf03800cfff 85358a8347d4468888f5318db07edaed fc60a1f8415e483ca17b6834731cff04 - - default default] Successfully bumped revision number for resource 081ee1e4-71cd-4597-a25f-6455cb2aa6bb (type: subnets) to 0
2026-06-24 19:10:23.286 10 INFO neutron.wsgi [None req-0471c351-9478-45f1-9f8d-9cf03800cfff 85358a8347d4468888f5318db07edaed fc60a1f8415e483ca17b6834731cff04 - - default default] 10.0.0.128 "POST /v2.0/subnets HTTP/1.1" status: 201 len: 848 time: 0.3846855
2026-06-24 19:10:23.299 9 WARNING neutron_lib.context [None req-b1adaa7a-6267-4a5d-8e67-d805eade1c84 85358a8347d4468888f5318db07edaed fc60a1f8415e483ca17b6834731cff04 - - default default] Method 'is_advsvc' is deprecated since 2023.2 release (neutron-lib 3.8.0) and will be removed once support for the old RBAC API policies will be removed from Neutron. Please use method 'is_service_role' instead.
2026-06-24 19:10:23.340 10 INFO neutron.wsgi [None req-88d8e2e9-7ee7-4a97-a5fa-69b3c1080bc5 ec799136185c4c139505f37770c29a78 ea4228d175304820b807d0b681ed9103 - - default default] 10.0.0.128 "DELETE /v2.0/security-groups/ef839237-ac16-4dd7-8d82-d0f13aefc854 HTTP/1.1" status: 204 len: 168 time: 0.2949431
2026-06-24 19:10:23.394 9 INFO neutron.db.segments_db [None req-b1adaa7a-6267-4a5d-8e67-d805eade1c84 85358a8347d4468888f5318db07edaed fc60a1f8415e483ca17b6834731cff04 - - default default] Added segment 388631bd-4f98-404f-b1ce-0d3673086182 of type geneve for network 297a19c9-7c06-4c34-86c8-3ed461e272b3
2026-06-24 19:10:23.603 10 INFO neutron.db.ovn_revision_numbers_db [None req-e640addc-009b-414e-b671-8261d94e370f ec799136185c4c139505f37770c29a78 ea4228d175304820b807d0b681ed9103 - - default default] Successfully bumped revision number for resource 20d71c50-9419-4d6a-9b1c-ed7a67d9f348 (type: security_groups) to 1
2026-06-24 19:10:23.615 10 INFO neutron.db.ovn_revision_numbers_db [None req-e640addc-009b-414e-b671-8261d94e370f ec799136185c4c139505f37770c29a78 ea4228d175304820b807d0b681ed9103 - - default default] Successfully bumped revision number for resource 7118ec80-8217-4724-8b57-60aecfc7f4ff (type: security_group_rules) to 0
2026-06-24 19:10:23.628 10 INFO neutron.db.ovn_revision_numbers_db [None req-e640addc-009b-414e-b671-8261d94e370f ec799136185c4c139505f37770c29a78 ea4228d175304820b807d0b681ed9103 - - default default] Successfully bumped revision number for resource 9cc4db36-8361-4c80-8d6f-479ec4d18a58 (type: security_group_rules) to 0
2026-06-24 19:10:23.648 10 INFO neutron.db.ovn_revision_numbers_db [None req-e640addc-009b-414e-b671-8261d94e370f ec799136185c4c139505f37770c29a78 ea4228d175304820b807d0b681ed9103 - - default default] Successfully bumped revision number for resource c9e44f46-fb41-4586-8fa2-5d82ec4e56e1 (type: security_group_rules) to 0
2026-06-24 19:10:23.667 10 INFO neutron.db.ovn_revision_numbers_db [None req-e640addc-009b-414e-b671-8261d94e370f ec799136185c4c139505f37770c29a78 ea4228d175304820b807d0b681ed9103 - - default default] Successfully bumped revision number for resource e4db2c10-2270-498a-b78b-c55b2890b51d (type: security_group_rules) to 0
2026-06-24 19:10:23.691 10 INFO neutron.wsgi [None req-e640addc-009b-414e-b671-8261d94e370f ec799136185c4c139505f37770c29a78 ea4228d175304820b807d0b681ed9103 - - default default] 10.0.0.128 "GET /v2.0/security-groups?tenant_id=592ad3c00c144d5f991095789715fe7a&name=default HTTP/1.1" status: 200 len: 3120 time: 0.1995285
2026-06-24 19:10:23.800 9 INFO neutron.db.ovn_revision_numbers_db [None req-b1adaa7a-6267-4a5d-8e67-d805eade1c84 85358a8347d4468888f5318db07edaed fc60a1f8415e483ca17b6834731cff04 - - default default] Successfully bumped revision number for resource 297a19c9-7c06-4c34-86c8-3ed461e272b3 (type: networks) to 1
2026-06-24 19:10:23.941 10 INFO neutron.wsgi [None req-d77ea335-d72e-4fe4-9ed8-3c7ba86ef108 ec799136185c4c139505f37770c29a78 ea4228d175304820b807d0b681ed9103 - - default default] 10.0.0.128 "DELETE /v2.0/security-groups/20d71c50-9419-4d6a-9b1c-ed7a67d9f348 HTTP/1.1" status: 204 len: 168 time: 0.2429686
2026-06-24 19:10:23.958 9 INFO neutron.wsgi [None req-f6ad5f00-6925-405e-8784-98a3d46d861c ec799136185c4c139505f37770c29a78 ea4228d175304820b807d0b681ed9103 - - default default] 10.0.0.128 "GET /v2.0/security-groups?tenant_id=44a9f6cb63f543aeb3f72ac543a899cc&name=default HTTP/1.1" status: 200 len: 3120 time: 0.2586262
2026-06-24 19:10:24.026 9 WARNING neutron.scheduler.dhcp_agent_scheduler [None req-b1adaa7a-6267-4a5d-8e67-d805eade1c84 85358a8347d4468888f5318db07edaed fc60a1f8415e483ca17b6834731cff04 - - default default] No more DHCP agents
2026-06-24 19:10:24.036 9 WARNING neutron.api.rpc.agentnotifiers.dhcp_rpc_agent_api [None req-b1adaa7a-6267-4a5d-8e67-d805eade1c84 85358a8347d4468888f5318db07edaed fc60a1f8415e483ca17b6834731cff04 - - default default] Unable to schedule network 297a19c9-7c06-4c34-86c8-3ed461e272b3: no agents available; will retry on subsequent port and subnet creation events.
2026-06-24 19:10:24.204 9 INFO neutron.wsgi [None req-7b56711e-d93a-4b3b-a9cd-a552ff9ba873 ec799136185c4c139505f37770c29a78 ea4228d175304820b807d0b681ed9103 - - default default] 10.0.0.128 "GET /v2.0/security-groups?tenant_id=b599e260ff174c8e80901e025c07b912&name=default HTTP/1.1" status: 200 len: 3120 time: 0.1272333
2026-06-24 19:10:24.230 9 INFO neutron.wsgi [req-71715d1f-b88c-4694-afde-87326fc5d34d req-0f0553d8-a888-4a7c-b163-9f31662ceea7 4f9185a62f014a70a4016ded0ea2064b ba0b00fab1e94600bc375865f9ff3c1c - - default default] 10.0.0.212 "GET /v2.0/networks?id=43996b39-f419-4e4e-8982-293e3e88747b HTTP/1.1" status: 200 len: 871 time: 0.1458631
2026-06-24 19:10:24.246 10 INFO neutron.wsgi [None req-9b6f31f2-1973-45ac-8ae7-5ac3083e87e1 ec799136185c4c139505f37770c29a78 ea4228d175304820b807d0b681ed9103 - - default default] 10.0.0.128 "DELETE /v2.0/security-groups/07732c80-0422-49c7-a662-944e9da5997d HTTP/1.1" status: 204 len: 168 time: 0.2822924
2026-06-24 19:10:24.247 9 INFO neutron.wsgi [req-71715d1f-b88c-4694-afde-87326fc5d34d req-4498d61a-2277-4732-92a8-e2b363f92407 4f9185a62f014a70a4016ded0ea2064b ba0b00fab1e94600bc375865f9ff3c1c - - default default] 10.0.0.212 "GET /v2.0/quotas/ba0b00fab1e94600bc375865f9ff3c1c HTTP/1.1" status: 200 len: 491 time: 0.0087187
2026-06-24 19:10:24.248 9 INFO neutron.db.ovn_revision_numbers_db [None req-b1adaa7a-6267-4a5d-8e67-d805eade1c84 85358a8347d4468888f5318db07edaed fc60a1f8415e483ca17b6834731cff04 - - default default] Successfully bumped revision number for resource 01ca2e1f-eea1-44f0-8696-090ee68aa9de (type: ports) to 1
2026-06-24 19:10:24.289 9 INFO neutron.wsgi [None req-b1adaa7a-6267-4a5d-8e67-d805eade1c84 85358a8347d4468888f5318db07edaed fc60a1f8415e483ca17b6834731cff04 - - default default] 10.0.0.128 "POST /v2.0/networks HTTP/1.1" status: 201 len: 845 time: 0.9974265
2026-06-24 19:10:24.412 9 INFO neutron.wsgi [req-71715d1f-b88c-4694-afde-87326fc5d34d req-5fa9bf17-f6a9-4d70-af52-4d4b70da07dc 4f9185a62f014a70a4016ded0ea2064b ba0b00fab1e94600bc375865f9ff3c1c - - default default] 10.0.0.212 "GET /v2.0/ports?tenant_id=ba0b00fab1e94600bc375865f9ff3c1c&fields=id HTTP/1.1" status: 200 len: 302 time: 0.1554577
2026-06-24 19:10:24.465 10 INFO neutron.wsgi [None req-2e1befd6-ebe7-40bd-9499-4e4236f214bf ec799136185c4c139505f37770c29a78 ea4228d175304820b807d0b681ed9103 - - default default] 10.0.0.128 "DELETE /v2.0/security-groups/945613e8-176e-4b02-b28e-003713a45c31 HTTP/1.1" status: 204 len: 168 time: 0.2551587
2026-06-24 19:10:24.515 9 INFO neutron.wsgi [req-71715d1f-b88c-4694-afde-87326fc5d34d req-3048faf7-1751-431c-a946-1b1e0108feae 0228d60db1794f79b563f87482b38b7f a9300bfa96bf46e498024eef4a9eaaa8 - - c2ee87ff3b734500b7461b6666630454 c2ee87ff3b734500b7461b6666630454] 10.0.0.212 "GET /v2.0/networks/43996b39-f419-4e4e-8982-293e3e88747b?fields=segments HTTP/1.1" status: 200 len: 212 time: 0.0932958
2026-06-24 19:10:24.566 10 INFO neutron.db.ovn_revision_numbers_db [None req-07e49e30-ed9e-4620-a9a9-a5e04c60af46 ec799136185c4c139505f37770c29a78 ea4228d175304820b807d0b681ed9103 - - default default] Successfully bumped revision number for resource 6837744c-d080-4d1a-a6d2-f5eacb8c5990 (type: security_groups) to 1
2026-06-24 19:10:24.567 9 INFO neutron.db.ovn_revision_numbers_db [None req-8df9679c-56cc-4cbf-af0e-4c5ccfc1c177 85358a8347d4468888f5318db07edaed fc60a1f8415e483ca17b6834731cff04 - - default default] Successfully bumped revision number for resource 297a19c9-7c06-4c34-86c8-3ed461e272b3 (type: networks) to 2
2026-06-24 19:10:24.571 9 INFO neutron.wsgi [None req-8df9679c-56cc-4cbf-af0e-4c5ccfc1c177 85358a8347d4468888f5318db07edaed fc60a1f8415e483ca17b6834731cff04 - - default default] 10.0.0.128 "PUT /v2.0/networks/297a19c9-7c06-4c34-86c8-3ed461e272b3 HTTP/1.1" status: 200 len: 792 time: 0.2728264
2026-06-24 19:10:24.583 10 WARNING neutron_lib.context [None req-3a027cc7-3c10-4b53-9a97-7e545c323611 85358a8347d4468888f5318db07edaed fc60a1f8415e483ca17b6834731cff04 - - default default] Method 'is_advsvc' is deprecated since 2023.2 release (neutron-lib 3.8.0) and will be removed once support for the old RBAC API policies will be removed from Neutron. Please use method 'is_service_role' instead.
2026-06-24 19:10:24.602 9 INFO neutron.wsgi [req-71715d1f-b88c-4694-afde-87326fc5d34d req-c8ad9edf-42fe-4f6f-b0c8-a7df3059e885 0228d60db1794f79b563f87482b38b7f a9300bfa96bf46e498024eef4a9eaaa8 - - c2ee87ff3b734500b7461b6666630454 c2ee87ff3b734500b7461b6666630454] 10.0.0.212 "GET /v2.0/networks/43996b39-f419-4e4e-8982-293e3e88747b?fields=provider%3Aphysical_network&fields=provider%3Anetwork_type HTTP/1.1" status: 200 len: 277 time: 0.0764127
2026-06-24 19:10:24.605 10 INFO neutron.db.ovn_revision_numbers_db [None req-07e49e30-ed9e-4620-a9a9-a5e04c60af46 ec799136185c4c139505f37770c29a78 ea4228d175304820b807d0b681ed9103 - - default default] Successfully bumped revision number for resource 0f45a201-2622-4278-9b4d-6c8f590ae482 (type: security_group_rules) to 0
2026-06-24 19:10:24.627 10 INFO neutron.db.ovn_revision_numbers_db [None req-07e49e30-ed9e-4620-a9a9-a5e04c60af46 ec799136185c4c139505f37770c29a78 ea4228d175304820b807d0b681ed9103 - - default default] Successfully bumped revision number for resource 4b737a08-4810-47f0-9f32-eb5e2070ab35 (type: security_group_rules) to 0
2026-06-24 19:10:24.655 10 INFO neutron.db.ovn_revision_numbers_db [None req-07e49e30-ed9e-4620-a9a9-a5e04c60af46 ec799136185c4c139505f37770c29a78 ea4228d175304820b807d0b681ed9103 - - default default] Successfully bumped revision number for resource a034ed0d-8f5f-4c6e-9fe4-09c7006bb9d7 (type: security_group_rules) to 0
2026-06-24 19:10:24.672 10 INFO neutron.db.ovn_revision_numbers_db [None req-07e49e30-ed9e-4620-a9a9-a5e04c60af46 ec799136185c4c139505f37770c29a78 ea4228d175304820b807d0b681ed9103 - - default default] Successfully bumped revision number for resource f0a03dd1-4d83-4088-bd5e-b1ae7d3702c4 (type: security_group_rules) to 0
2026-06-24 19:10:24.716 10 INFO neutron.wsgi [None req-07e49e30-ed9e-4620-a9a9-a5e04c60af46 ec799136185c4c139505f37770c29a78 ea4228d175304820b807d0b681ed9103 - - default default] 10.0.0.128 "GET /v2.0/security-groups?tenant_id=e8769f60dba64a29b330a42e79d0413d&name=default HTTP/1.1" status: 200 len: 3120 time: 0.2952399
2026-06-24 19:10:24.743 9 INFO neutron.wsgi [req-7b2bcbfd-293a-4171-9ce8-68fc35ff4672 req-52c1c85e-710e-43c4-924e-7a273e111a57 4f9185a62f014a70a4016ded0ea2064b ba0b00fab1e94600bc375865f9ff3c1c - - default default] 10.0.0.212 "GET /v2.0/ports?device_id=f739340b-2d5d-4722-97b7-ab56913b0245 HTTP/1.1" status: 200 len: 210 time: 0.0296235
2026-06-24 19:10:24.914 10 WARNING neutron.scheduler.dhcp_agent_scheduler [None req-3a027cc7-3c10-4b53-9a97-7e545c323611 85358a8347d4468888f5318db07edaed fc60a1f8415e483ca17b6834731cff04 - - default default] No more DHCP agents
2026-06-24 19:10:24.919 10 WARNING neutron.api.rpc.agentnotifiers.dhcp_rpc_agent_api [None req-3a027cc7-3c10-4b53-9a97-7e545c323611 85358a8347d4468888f5318db07edaed fc60a1f8415e483ca17b6834731cff04 - - default default] Unable to schedule network 297a19c9-7c06-4c34-86c8-3ed461e272b3: no agents available; will retry on subsequent port and subnet creation events.
2026-06-24 19:10:24.968 10 INFO neutron.db.ovn_revision_numbers_db [None req-3a027cc7-3c10-4b53-9a97-7e545c323611 85358a8347d4468888f5318db07edaed fc60a1f8415e483ca17b6834731cff04 - - default default] Successfully bumped revision number for resource 0bbb230f-7f39-4a91-8467-b86d4a7e514f (type: subnets) to 0
2026-06-24 19:10:24.988 10 INFO neutron.wsgi [None req-3a027cc7-3c10-4b53-9a97-7e545c323611 85358a8347d4468888f5318db07edaed fc60a1f8415e483ca17b6834731cff04 - - default default] 10.0.0.128 "POST /v2.0/subnets HTTP/1.1" status: 201 len: 821 time: 0.4113336
2026-06-24 19:10:25.035 10 INFO neutron.wsgi [None req-c3c40471-b187-4d71-a826-90d54c39db5d ec799136185c4c139505f37770c29a78 ea4228d175304820b807d0b681ed9103 - - default default] 10.0.0.128 "DELETE /v2.0/security-groups/6837744c-d080-4d1a-a6d2-f5eacb8c5990 HTTP/1.1" status: 204 len: 168 time: 0.3142953
