2026-06-24 19:08:08.132 9 INFO neutron.wsgi [None req-7baf490d-2273-4a23-adb5-f3a46d8632c3 ec799136185c4c139505f37770c29a78 ea4228d175304820b807d0b681ed9103 - - default default] 10.0.0.14 "GET /v2.0/ports HTTP/1.1" status: 200 len: 26442 time: 0.1742105
2026-06-24 19:08:08.150 9 INFO neutron.wsgi [req-ea0db099-7aa6-47e5-9355-a6c592fa12e6 req-f0a4cdad-04dc-406a-b0e6-f8486ecedf19 8bcc955f8fcc4e638d675a3737c7a547 d20964fc693b490495e64a29677cf516 - - default default] 199.204.45.210 "GET /v2.0/security-groups?fields=id&fields=name&tenant_id=d20964fc693b490495e64a29677cf516 HTTP/1.1" status: 200 len: 380 time: 0.2378960
2026-06-24 19:08:08.173 9 WARNING neutron_lib.context [req-ea0db099-7aa6-47e5-9355-a6c592fa12e6 req-f6165fea-5160-47bf-98da-c46f7018db22 8bcc955f8fcc4e638d675a3737c7a547 d20964fc693b490495e64a29677cf516 - - default default] Method 'is_advsvc' is deprecated since 2023.2 release (neutron-lib 3.8.0) and will be removed once support for the old RBAC API policies will be removed from Neutron. Please use method 'is_service_role' instead.
2026-06-24 19:08:08.182 9 INFO neutron.wsgi [None req-610f98f3-febe-4287-835e-714cfa315f8c ec799136185c4c139505f37770c29a78 ea4228d175304820b807d0b681ed9103 - - default default] 10.0.0.14 "GET /v2.0/network-ip-availabilities HTTP/1.1" status: 200 len: 3164 time: 0.0299571
2026-06-24 19:08:08.192 10 INFO neutron.wsgi [req-9d27743b-e43d-4e16-a58c-56dd3d523e98 req-a22c7055-2170-47f6-9350-aa1d98a2338a 0228d60db1794f79b563f87482b38b7f a9300bfa96bf46e498024eef4a9eaaa8 - - c2ee87ff3b734500b7461b6666630454 c2ee87ff3b734500b7461b6666630454] 199.204.45.210 "GET /v2.0/networks/a319a978-26df-4b32-8487-e8f7dbd4b25e?fields=provider%3Aphysical_network&fields=provider%3Anetwork_type HTTP/1.1" status: 200 len: 277 time: 0.0651152
2026-06-24 19:08:08.286 10 INFO neutron.wsgi [req-f70b374f-b552-49ce-abdb-619c768989aa req-f33cc9fc-22c1-4082-8a22-6def3c4cbe74 0228d60db1794f79b563f87482b38b7f a9300bfa96bf46e498024eef4a9eaaa8 - - c2ee87ff3b734500b7461b6666630454 c2ee87ff3b734500b7461b6666630454] 199.204.45.210 "GET /v2.0/ports?tenant_id=d6b5232c3009440285a3bd232b08b4a7&device_id=47885bf2-7cc0-4142-9f7b-ca3087017e96 HTTP/1.1" status: 200 len: 1411 time: 0.0449307
2026-06-24 19:08:08.298 9 INFO neutron.wsgi [None req-3a879c3f-3ac4-4b2e-85e6-6921c4656f6b ec799136185c4c139505f37770c29a78 ea4228d175304820b807d0b681ed9103 - - default default] 10.0.0.14 "GET /v2.0/floatingips HTTP/1.1" status: 200 len: 2113 time: 0.1085756
2026-06-24 19:08:08.382 10 INFO neutron.wsgi [req-f70b374f-b552-49ce-abdb-619c768989aa req-3ac48c9a-97ca-4a18-b7d4-139da3e9b665 0228d60db1794f79b563f87482b38b7f a9300bfa96bf46e498024eef4a9eaaa8 - - c2ee87ff3b734500b7461b6666630454 c2ee87ff3b734500b7461b6666630454] 199.204.45.210 "GET /v2.0/networks?id=a319a978-26df-4b32-8487-e8f7dbd4b25e HTTP/1.1" status: 200 len: 982 time: 0.0916653
2026-06-24 19:08:08.436 10 INFO neutron.wsgi [req-f70b374f-b552-49ce-abdb-619c768989aa req-fb60dfae-916a-4ac6-ac46-1d7901d4afde 0228d60db1794f79b563f87482b38b7f a9300bfa96bf46e498024eef4a9eaaa8 - - c2ee87ff3b734500b7461b6666630454 c2ee87ff3b734500b7461b6666630454] 199.204.45.210 "GET /v2.0/floatingips?fixed_ip_address=10.100.0.10&port_id=786fff77-8614-4794-811a-7c731a5adcc0 HTTP/1.1" status: 200 len: 217 time: 0.0450392
2026-06-24 19:08:08.509 10 INFO neutron.wsgi [req-f70b374f-b552-49ce-abdb-619c768989aa req-3d3ca040-d2dc-47b8-b543-b2783e4d3589 0228d60db1794f79b563f87482b38b7f a9300bfa96bf46e498024eef4a9eaaa8 - - c2ee87ff3b734500b7461b6666630454 c2ee87ff3b734500b7461b6666630454] 199.204.45.210 "GET /v2.0/subnets?id=d63c5769-2b30-4694-af6a-fcc0bb44cdb2 HTTP/1.1" status: 200 len: 877 time: 0.0677235
2026-06-24 19:08:08.537 10 INFO neutron.wsgi [req-f70b374f-b552-49ce-abdb-619c768989aa req-b40ddffa-5f69-4bd8-93c0-ce29663bcc11 0228d60db1794f79b563f87482b38b7f a9300bfa96bf46e498024eef4a9eaaa8 - - c2ee87ff3b734500b7461b6666630454 c2ee87ff3b734500b7461b6666630454] 199.204.45.210 "GET /v2.0/ports?network_id=a319a978-26df-4b32-8487-e8f7dbd4b25e&device_owner=network%3Adhcp HTTP/1.1" status: 200 len: 210 time: 0.0231810
2026-06-24 19:08:08.597 9 INFO neutron.wsgi [None req-f1c5aec6-cf91-4ba4-b4fb-9c9ada3315b8 ec799136185c4c139505f37770c29a78 ea4228d175304820b807d0b681ed9103 - - default default] 10.0.0.14 "GET /v2.0/security-groups HTTP/1.1" status: 200 len: 37784 time: 0.2942948
2026-06-24 19:08:08.609 10 INFO neutron.wsgi [req-f70b374f-b552-49ce-abdb-619c768989aa req-29a1fa5f-5b3b-49e2-8112-a3be8f04bf33 0228d60db1794f79b563f87482b38b7f a9300bfa96bf46e498024eef4a9eaaa8 - - c2ee87ff3b734500b7461b6666630454 c2ee87ff3b734500b7461b6666630454] 199.204.45.210 "GET /v2.0/networks/a319a978-26df-4b32-8487-e8f7dbd4b25e?fields=segments HTTP/1.1" status: 200 len: 212 time: 0.0678627
2026-06-24 19:08:08.649 9 INFO neutron.wsgi [None req-bd954cca-bd55-41bd-92f7-6a9a75c33be7 ec799136185c4c139505f37770c29a78 ea4228d175304820b807d0b681ed9103 - - default default] 10.0.0.14 "GET /v2.0/agents HTTP/1.1" status: 200 len: 1390 time: 0.0380452
2026-06-24 19:08:08.738 10 INFO neutron.wsgi [req-f70b374f-b552-49ce-abdb-619c768989aa req-d12dfb7f-e542-41ed-8ddb-2080f8b97de4 0228d60db1794f79b563f87482b38b7f a9300bfa96bf46e498024eef4a9eaaa8 - - c2ee87ff3b734500b7461b6666630454 c2ee87ff3b734500b7461b6666630454] 199.204.45.210 "GET /v2.0/networks/a319a978-26df-4b32-8487-e8f7dbd4b25e?fields=provider%3Aphysical_network&fields=provider%3Anetwork_type HTTP/1.1" status: 200 len: 277 time: 0.1162984
2026-06-24 19:08:08.814 9 INFO neutron.wsgi [req-0e0f3914-9e8d-4e3f-a809-6f861255c6cc req-b3969591-5cb7-4506-9d9a-8f140e66b11b 4c696b4f0a1a4bed8ba4e3bbe09e6567 d6b5232c3009440285a3bd232b08b4a7 - - default default] 10.0.0.212 "GET /v2.0/ports?device_id=47885bf2-7cc0-4142-9f7b-ca3087017e96 HTTP/1.1" status: 200 len: 1172 time: 0.1457803
2026-06-24 19:08:08.834 9 INFO neutron.wsgi [None req-b103224a-4b9f-4a35-9e08-a94faaf13e8b ec799136185c4c139505f37770c29a78 ea4228d175304820b807d0b681ed9103 - - default default] 10.0.0.14 "GET /v2.0/subnets HTTP/1.1" status: 200 len: 4028 time: 0.1675587
2026-06-24 19:08:08.890 9 INFO neutron.wsgi [None req-91af798b-fd75-4aa3-b933-f81c00ddea41 ec799136185c4c139505f37770c29a78 ea4228d175304820b807d0b681ed9103 - - default default] 10.0.0.14 "GET /v2.0/subnetpools HTTP/1.1" status: 200 len: 193 time: 0.0503347
2026-06-24 19:08:08.952 9 INFO neutron.wsgi [req-0e0f3914-9e8d-4e3f-a809-6f861255c6cc req-57ab9825-533a-49a0-a329-e601247d1cc1 4c696b4f0a1a4bed8ba4e3bbe09e6567 d6b5232c3009440285a3bd232b08b4a7 - - default default] 10.0.0.212 "GET /v2.0/security-groups?id=49d1e513-a56a-4b25-8179-2d4954159563&fields=id&fields=name HTTP/1.1" status: 200 len: 313 time: 0.1290295
2026-06-24 19:08:09.031 9 INFO neutron.wsgi [req-1e9ac636-a7fd-444b-8388-34fc8e4cf2a9 req-57442cca-d5b9-4839-9ba7-7e35d631334d 8bcc955f8fcc4e638d675a3737c7a547 d20964fc693b490495e64a29677cf516 - - default default] 10.0.0.212 "GET /v2.0/ports?device_id=87fa2c58-b5b6-4289-bd76-d522470cfe37 HTTP/1.1" status: 200 len: 210 time: 0.0515318
2026-06-24 19:08:09.100 10 WARNING neutron.plugins.ml2.drivers.ovn.mech_driver.ovsdb.ovn_client [None req-759e9e53-8a2f-4299-9a7d-b43739cd0a68 - - - - - -] No hosting information found for port 62912f02-20f8-405c-ad1d-abd50848aea5: RuntimeError: No hosting information found for port 62912f02-20f8-405c-ad1d-abd50848aea5
2026-06-24 19:08:09.100 10 INFO neutron.plugins.ml2.drivers.ovn.mech_driver.mech_driver [None req-759e9e53-8a2f-4299-9a7d-b43739cd0a68 - - - - - -] OVN reports status up for port: 786fff77-8614-4794-811a-7c731a5adcc0
2026-06-24 19:08:09.113 10 INFO neutron.plugins.ml2.plugin [None req-759e9e53-8a2f-4299-9a7d-b43739cd0a68 - - - - - -] Attempt 1 to provision port 786fff77-8614-4794-811a-7c731a5adcc0
2026-06-24 19:08:09.464 10 INFO neutron.db.ovn_revision_numbers_db [None req-759e9e53-8a2f-4299-9a7d-b43739cd0a68 - - - - - -] Successfully bumped revision number for resource 786fff77-8614-4794-811a-7c731a5adcc0 (type: ports) to 4
2026-06-24 19:08:09.486 9 WARNING neutron.scheduler.dhcp_agent_scheduler [req-ea0db099-7aa6-47e5-9355-a6c592fa12e6 req-f6165fea-5160-47bf-98da-c46f7018db22 8bcc955f8fcc4e638d675a3737c7a547 d20964fc693b490495e64a29677cf516 - - default default] No more DHCP agents
2026-06-24 19:08:09.495 9 WARNING neutron.api.rpc.agentnotifiers.dhcp_rpc_agent_api [req-ea0db099-7aa6-47e5-9355-a6c592fa12e6 req-f6165fea-5160-47bf-98da-c46f7018db22 8bcc955f8fcc4e638d675a3737c7a547 d20964fc693b490495e64a29677cf516 - - default default] Unable to schedule network b8b51b91-d188-4926-880a-8f86f9fc29e5: no agents available; will retry on subsequent port and subnet creation events.
2026-06-24 19:08:09.685 9 INFO neutron.db.ovn_revision_numbers_db [None req-ee5c6fa3-e313-4882-9571-18a31207f112 - - - - - -] Successfully bumped revision number for resource 0780a218-ec60-43ef-9303-9e5d057f3dc6 (type: ports) to 2
2026-06-24 19:08:09.872 9 INFO neutron.db.ovn_revision_numbers_db [req-ea0db099-7aa6-47e5-9355-a6c592fa12e6 req-f6165fea-5160-47bf-98da-c46f7018db22 8bcc955f8fcc4e638d675a3737c7a547 d20964fc693b490495e64a29677cf516 - - default default] Successfully bumped revision number for resource 61c5b43c-ff52-4966-ae8d-aefba13155ff (type: ports) to 1
2026-06-24 19:08:09.936 9 INFO neutron.wsgi [req-ea0db099-7aa6-47e5-9355-a6c592fa12e6 req-f6165fea-5160-47bf-98da-c46f7018db22 8bcc955f8fcc4e638d675a3737c7a547 d20964fc693b490495e64a29677cf516 - - default default] 199.204.45.210 "POST /v2.0/ports HTTP/1.1" status: 201 len: 1162 time: 1.7792785
2026-06-24 19:08:09.946 10 INFO neutron.notifiers.nova [-] Nova event matching ['req-a27cf151-ff3c-41a2-99de-f56f6a54f981'] response: {'server_uuid': '47885bf2-7cc0-4142-9f7b-ca3087017e96', 'name': 'network-vif-plugged', 'status': 'completed', 'tag': '786fff77-8614-4794-811a-7c731a5adcc0', 'code': 200}
2026-06-24 19:08:09.947 10 INFO neutron.notifiers.nova [-] Nova event matching ['req-a27cf151-ff3c-41a2-99de-f56f6a54f981'] response: {'server_uuid': '47885bf2-7cc0-4142-9f7b-ca3087017e96', 'name': 'network-vif-plugged', 'status': 'completed', 'tag': '786fff77-8614-4794-811a-7c731a5adcc0', 'code': 200} /var/lib/openstack/lib/python3.10/site-packages/pycadf/identifier.py:71: UserWarning: Invalid uuid: neutron. To ensure interoperability, identifiers should be a valid uuid. warnings.warn(('Invalid uuid: %s. To ensure interoperability, '
2026-06-24 19:08:10.002 9 INFO neutron.db.ovn_revision_numbers_db [None req-ee5c6fa3-e313-4882-9571-18a31207f112 - - - - - -] Successfully bumped revision number for resource 0780a218-ec60-43ef-9303-9e5d057f3dc6 (type: router_ports) to 2
2026-06-24 19:08:10.125 9 INFO neutron.db.ovn_revision_numbers_db [None req-e6a58d89-4514-49f8-915a-aee843e9a7d2 3df5b066594b42b2b269ead08a245a77 c6a75f93c7544a52b1ad8e470d51afdf - - default default] Successfully bumped revision number for resource d7a59d6c-2d85-4ce1-8a30-9960ef1a56b9 (type: floatingips) to -1
2026-06-24 19:08:10.235 9 INFO neutron.wsgi [req-3eae6d47-2ba9-4bee-8b2f-1856861cdc02 req-c34141ba-2c21-4855-aee5-d971cead7d4d 8bcc955f8fcc4e638d675a3737c7a547 d20964fc693b490495e64a29677cf516 - - default default] 10.0.0.212 "GET /v2.0/ports?device_id=87fa2c58-b5b6-4289-bd76-d522470cfe37 HTTP/1.1" status: 200 len: 1160 time: 0.1169617
2026-06-24 19:08:10.517 9 INFO neutron.wsgi [req-039dc5a0-dc79-48c3-bc3d-6ae877d4fe0f req-19835f91-8d49-42de-a9dd-87e3a733f4bd 4c696b4f0a1a4bed8ba4e3bbe09e6567 d6b5232c3009440285a3bd232b08b4a7 - - default default] 10.0.0.212 "GET /v2.0/ports?device_id=47885bf2-7cc0-4142-9f7b-ca3087017e96 HTTP/1.1" status: 200 len: 1174 time: 0.4448602
2026-06-24 19:08:10.546 9 INFO neutron.wsgi [req-3eae6d47-2ba9-4bee-8b2f-1856861cdc02 req-bfc177fa-032e-4e29-ac63-222f057a60b4 8bcc955f8fcc4e638d675a3737c7a547 d20964fc693b490495e64a29677cf516 - - default default] 10.0.0.212 "GET /v2.0/security-groups?id=9a6fe5f4-27b9-4a18-9c3d-0cd917deb226&fields=id&fields=name HTTP/1.1" status: 200 len: 313 time: 0.3044481
2026-06-24 19:08:10.612 9 INFO neutron.db.ovn_revision_numbers_db [None req-e6a58d89-4514-49f8-915a-aee843e9a7d2 3df5b066594b42b2b269ead08a245a77 c6a75f93c7544a52b1ad8e470d51afdf - - default default] Successfully bumped revision number for resource d7a59d6c-2d85-4ce1-8a30-9960ef1a56b9 (type: floatingips) to 1
2026-06-24 19:08:10.612 9 INFO neutron.db.l3_db [None req-e6a58d89-4514-49f8-915a-aee843e9a7d2 3df5b066594b42b2b269ead08a245a77 c6a75f93c7544a52b1ad8e470d51afdf - - default default] Floating IP d7a59d6c-2d85-4ce1-8a30-9960ef1a56b9 associated. External IP: 10.96.250.220, port: 7b949f63-9545-4100-bee6-0d2ea1c9f511.
2026-06-24 19:08:10.619 9 INFO neutron.wsgi [req-039dc5a0-dc79-48c3-bc3d-6ae877d4fe0f req-08c24ae3-2c15-4c71-98c9-231502234f75 4c696b4f0a1a4bed8ba4e3bbe09e6567 d6b5232c3009440285a3bd232b08b4a7 - - default default] 10.0.0.212 "GET /v2.0/security-groups?id=49d1e513-a56a-4b25-8179-2d4954159563&fields=id&fields=name HTTP/1.1" status: 200 len: 313 time: 0.0902359
2026-06-24 19:08:10.663 9 INFO neutron.wsgi [None req-e6a58d89-4514-49f8-915a-aee843e9a7d2 3df5b066594b42b2b269ead08a245a77 c6a75f93c7544a52b1ad8e470d51afdf - - default default] 10.0.0.128 "POST /v2.0/floatingips HTTP/1.1" status: 201 len: 1042 time: 3.5559781
2026-06-24 19:08:10.737 9 INFO neutron.wsgi [None req-319ce4d4-e3a4-428b-b92b-7003b96bdcdf 3df5b066594b42b2b269ead08a245a77 c6a75f93c7544a52b1ad8e470d51afdf - - default default] 10.0.0.128 "GET /v2.0/floatingips/d7a59d6c-2d85-4ce1-8a30-9960ef1a56b9 HTTP/1.1" status: 200 len: 1039 time: 0.0683916 /var/lib/openstack/lib/python3.10/site-packages/pycadf/identifier.py:71: UserWarning: Invalid uuid: neutron. To ensure interoperability, identifiers should be a valid uuid. warnings.warn(('Invalid uuid: %s. To ensure interoperability, '
2026-06-24 19:08:10.821 10 INFO neutron.wsgi [None req-4f624751-2ac5-4f20-ad66-170c2945035c 3df5b066594b42b2b269ead08a245a77 c6a75f93c7544a52b1ad8e470d51afdf - - default default] 10.0.0.128 "GET /v2.0/floatingips HTTP/1.1" status: 200 len: 1042 time: 0.0761390
2026-06-24 19:08:10.860 9 INFO neutron.db.ovn_revision_numbers_db [req-ea0db099-7aa6-47e5-9355-a6c592fa12e6 req-74fd37d9-2719-4664-a766-7ff090d388bd 0228d60db1794f79b563f87482b38b7f a9300bfa96bf46e498024eef4a9eaaa8 - - c2ee87ff3b734500b7461b6666630454 c2ee87ff3b734500b7461b6666630454] Successfully bumped revision number for resource 61c5b43c-ff52-4966-ae8d-aefba13155ff (type: ports) to 2
2026-06-24 19:08:11.128 9 INFO neutron.db.ovn_revision_numbers_db [req-ea0db099-7aa6-47e5-9355-a6c592fa12e6 req-74fd37d9-2719-4664-a766-7ff090d388bd 0228d60db1794f79b563f87482b38b7f a9300bfa96bf46e498024eef4a9eaaa8 - - c2ee87ff3b734500b7461b6666630454 c2ee87ff3b734500b7461b6666630454] Successfully bumped revision number for resource 61c5b43c-ff52-4966-ae8d-aefba13155ff (type: ports) to 2
2026-06-24 19:08:11.146 9 INFO neutron.wsgi [req-ea0db099-7aa6-47e5-9355-a6c592fa12e6 req-74fd37d9-2719-4664-a766-7ff090d388bd 0228d60db1794f79b563f87482b38b7f a9300bfa96bf46e498024eef4a9eaaa8 - - c2ee87ff3b734500b7461b6666630454 c2ee87ff3b734500b7461b6666630454] 199.204.45.210 "PUT /v2.0/ports/61c5b43c-ff52-4966-ae8d-aefba13155ff HTTP/1.1" status: 200 len: 1380 time: 1.2019532
2026-06-24 19:08:11.180 9 INFO neutron.notifiers.nova [-] Nova event matching ['req-fe77c0ff-0ff1-4dfe-9d63-60d9e407ed63'] response: {'name': 'network-changed', 'server_uuid': '87fa2c58-b5b6-4289-bd76-d522470cfe37', 'tag': '61c5b43c-ff52-4966-ae8d-aefba13155ff', 'status': 'completed', 'code': 200} /var/lib/openstack/lib/python3.10/site-packages/pycadf/identifier.py:71: UserWarning: Invalid uuid: neutron. To ensure interoperability, identifiers should be a valid uuid. warnings.warn(('Invalid uuid: %s. To ensure interoperability, '
2026-06-24 19:08:11.249 9 INFO neutron.wsgi [req-ea0db099-7aa6-47e5-9355-a6c592fa12e6 req-f05e75c7-c64d-462f-86bf-c9d8f17e3636 0228d60db1794f79b563f87482b38b7f a9300bfa96bf46e498024eef4a9eaaa8 - - c2ee87ff3b734500b7461b6666630454 c2ee87ff3b734500b7461b6666630454] 199.204.45.210 "GET /v2.0/ports?tenant_id=d20964fc693b490495e64a29677cf516&device_id=87fa2c58-b5b6-4289-bd76-d522470cfe37 HTTP/1.1" status: 200 len: 1411 time: 0.0631678
2026-06-24 19:08:11.295 9 INFO neutron.wsgi [req-ea0db099-7aa6-47e5-9355-a6c592fa12e6 req-f5f58134-f7a7-4ad0-820f-f6a6b0454e0a 0228d60db1794f79b563f87482b38b7f a9300bfa96bf46e498024eef4a9eaaa8 - - c2ee87ff3b734500b7461b6666630454 c2ee87ff3b734500b7461b6666630454] 199.204.45.210 "GET /v2.0/floatingips?fixed_ip_address=10.100.0.10&port_id=61c5b43c-ff52-4966-ae8d-aefba13155ff HTTP/1.1" status: 200 len: 217 time: 0.0386612
2026-06-24 19:08:11.343 9 INFO neutron.wsgi [req-ea0db099-7aa6-47e5-9355-a6c592fa12e6 req-f46ece7f-f64d-4b6d-9f9f-f463ebeaa448 0228d60db1794f79b563f87482b38b7f a9300bfa96bf46e498024eef4a9eaaa8 - - c2ee87ff3b734500b7461b6666630454 c2ee87ff3b734500b7461b6666630454] 199.204.45.210 "GET /v2.0/subnets?id=35c4d50f-24a2-4550-88dc-e324a9b410f8 HTTP/1.1" status: 200 len: 870 time: 0.0413702
2026-06-24 19:08:11.391 9 INFO neutron.wsgi [req-ea0db099-7aa6-47e5-9355-a6c592fa12e6 req-fe7af932-f446-4b5f-b121-a47a206e22c9 0228d60db1794f79b563f87482b38b7f a9300bfa96bf46e498024eef4a9eaaa8 - - c2ee87ff3b734500b7461b6666630454 c2ee87ff3b734500b7461b6666630454] 199.204.45.210 "GET /v2.0/ports?network_id=b8b51b91-d188-4926-880a-8f86f9fc29e5&device_owner=network%3Adhcp HTTP/1.1" status: 200 len: 210 time: 0.0388274
2026-06-24 19:08:11.465 9 INFO neutron.wsgi [req-ea0db099-7aa6-47e5-9355-a6c592fa12e6 req-5ff5cbf5-8e9e-46c6-8120-357a36546265 0228d60db1794f79b563f87482b38b7f a9300bfa96bf46e498024eef4a9eaaa8 - - c2ee87ff3b734500b7461b6666630454 c2ee87ff3b734500b7461b6666630454] 199.204.45.210 "GET /v2.0/networks/b8b51b91-d188-4926-880a-8f86f9fc29e5?fields=segments HTTP/1.1" status: 200 len: 212 time: 0.0663629
2026-06-24 19:08:11.547 9 INFO neutron.wsgi [req-ea0db099-7aa6-47e5-9355-a6c592fa12e6 req-86fc6a55-ba67-4b6c-87e1-d2faaba5cd8e 0228d60db1794f79b563f87482b38b7f a9300bfa96bf46e498024eef4a9eaaa8 - - c2ee87ff3b734500b7461b6666630454 c2ee87ff3b734500b7461b6666630454] 199.204.45.210 "GET /v2.0/networks/b8b51b91-d188-4926-880a-8f86f9fc29e5?fields=provider%3Aphysical_network&fields=provider%3Anetwork_type HTTP/1.1" status: 200 len: 277 time: 0.0754650
2026-06-24 19:08:11.564 10 INFO neutron.db.ovn_revision_numbers_db [None req-b59276c3-5594-4aa7-a9c0-b39391024da1 3df5b066594b42b2b269ead08a245a77 c6a75f93c7544a52b1ad8e470d51afdf - - default default] Successfully bumped revision number for resource d7a59d6c-2d85-4ce1-8a30-9960ef1a56b9 (type: floatingips) to 2
2026-06-24 19:08:11.634 9 INFO neutron.wsgi [req-2961309c-7eb3-4e23-b4b2-9ac37ef8b848 req-547b7a66-6f70-4f98-85e4-dc2583f8d9f8 0228d60db1794f79b563f87482b38b7f a9300bfa96bf46e498024eef4a9eaaa8 - - c2ee87ff3b734500b7461b6666630454 c2ee87ff3b734500b7461b6666630454] 199.204.45.210 "GET /v2.0/ports?tenant_id=d20964fc693b490495e64a29677cf516&device_id=87fa2c58-b5b6-4289-bd76-d522470cfe37 HTTP/1.1" status: 200 len: 1411 time: 0.0477550
2026-06-24 19:08:11.730 10 INFO neutron.db.ovn_revision_numbers_db [None req-b59276c3-5594-4aa7-a9c0-b39391024da1 3df5b066594b42b2b269ead08a245a77 c6a75f93c7544a52b1ad8e470d51afdf - - default default] Successfully bumped revision number for resource d7a59d6c-2d85-4ce1-8a30-9960ef1a56b9 (type: floatingips) to 2
2026-06-24 19:08:11.730 10 INFO neutron.db.l3_db [None req-b59276c3-5594-4aa7-a9c0-b39391024da1 3df5b066594b42b2b269ead08a245a77 c6a75f93c7544a52b1ad8e470d51afdf - - default default] Floating IP d7a59d6c-2d85-4ce1-8a30-9960ef1a56b9 associated. External IP: 10.96.250.220, port: 7b949f63-9545-4100-bee6-0d2ea1c9f511.
2026-06-24 19:08:11.766 9 INFO neutron.wsgi [req-2961309c-7eb3-4e23-b4b2-9ac37ef8b848 req-489bcfb4-03b3-4ba4-bcb9-408aae45a985 0228d60db1794f79b563f87482b38b7f a9300bfa96bf46e498024eef4a9eaaa8 - - c2ee87ff3b734500b7461b6666630454 c2ee87ff3b734500b7461b6666630454] 199.204.45.210 "GET /v2.0/networks?id=b8b51b91-d188-4926-880a-8f86f9fc29e5 HTTP/1.1" status: 200 len: 974 time: 0.1231644
2026-06-24 19:08:11.783 10 INFO neutron.plugins.ml2.drivers.ovn.mech_driver.mech_driver [None req-759e9e53-8a2f-4299-9a7d-b43739cd0a68 - - - - - -] OVN reports status up for port: 61c5b43c-ff52-4966-ae8d-aefba13155ff
2026-06-24 19:08:11.814 9 INFO neutron.wsgi [req-2961309c-7eb3-4e23-b4b2-9ac37ef8b848 req-50c7aa4f-d4bf-496b-be11-f2c721322e91 0228d60db1794f79b563f87482b38b7f a9300bfa96bf46e498024eef4a9eaaa8 - - c2ee87ff3b734500b7461b6666630454 c2ee87ff3b734500b7461b6666630454] 199.204.45.210 "GET /v2.0/floatingips?fixed_ip_address=10.100.0.10&port_id=61c5b43c-ff52-4966-ae8d-aefba13155ff HTTP/1.1" status: 200 len: 217 time: 0.0398536
2026-06-24 19:08:11.819 9 INFO neutron.wsgi [req-d0d8ea28-c00d-4f5e-97cc-65a6cd3f6eee req-a2daf35b-e990-44c4-bdd5-77504e3e27ce 0f04754b37b246a1bdf12ce4ca380e82 c2ef31120e094e10b0d6eb6322221810 - - default default] 10.0.0.212 "GET /v2.0/ports?device_id=c1923fbd-3bcb-40f3-9a57-b146988fef98 HTTP/1.1" status: 200 len: 1174 time: 0.1769435
2026-06-24 19:08:11.823 9 INFO neutron.wsgi [req-9794eaa4-5ba1-4c6c-bdbc-0f59e27db1a3 req-9757553b-50ff-42ff-ad30-a2dba180e783 8bcc955f8fcc4e638d675a3737c7a547 d20964fc693b490495e64a29677cf516 - - default default] 10.0.0.212 "GET /v2.0/ports?device_id=87fa2c58-b5b6-4289-bd76-d522470cfe37 HTTP/1.1" status: 200 len: 1172 time: 0.2058866
2026-06-24 19:08:11.828 10 INFO neutron.plugins.ml2.plugin [None req-759e9e53-8a2f-4299-9a7d-b43739cd0a68 - - - - - -] Attempt 1 to provision port 61c5b43c-ff52-4966-ae8d-aefba13155ff
2026-06-24 19:08:11.847 10 INFO neutron.wsgi [None req-b59276c3-5594-4aa7-a9c0-b39391024da1 3df5b066594b42b2b269ead08a245a77 c6a75f93c7544a52b1ad8e470d51afdf - - default default] 10.0.0.128 "PUT /v2.0/floatingips/d7a59d6c-2d85-4ce1-8a30-9960ef1a56b9 HTTP/1.1" status: 200 len: 1038 time: 1.0167027 /var/lib/openstack/lib/python3.10/site-packages/pycadf/identifier.py:71: UserWarning: Invalid uuid: neutron. To ensure interoperability, identifiers should be a valid uuid. warnings.warn(('Invalid uuid: %s. To ensure interoperability, '
2026-06-24 19:08:11.889 9 INFO neutron.wsgi [req-2961309c-7eb3-4e23-b4b2-9ac37ef8b848 req-aa9beb8d-e1c2-4617-93ab-90c0a1aa91aa 0228d60db1794f79b563f87482b38b7f a9300bfa96bf46e498024eef4a9eaaa8 - - c2ee87ff3b734500b7461b6666630454 c2ee87ff3b734500b7461b6666630454] 199.204.45.210 "GET /v2.0/subnets?id=35c4d50f-24a2-4550-88dc-e324a9b410f8 HTTP/1.1" status: 200 len: 870 time: 0.0662107
2026-06-24 19:08:11.927 9 INFO neutron.wsgi [req-2961309c-7eb3-4e23-b4b2-9ac37ef8b848 req-24ca0515-55b8-49e7-b75a-47c206f0b75a 0228d60db1794f79b563f87482b38b7f a9300bfa96bf46e498024eef4a9eaaa8 - - c2ee87ff3b734500b7461b6666630454 c2ee87ff3b734500b7461b6666630454] 199.204.45.210 "GET /v2.0/ports?network_id=b8b51b91-d188-4926-880a-8f86f9fc29e5&device_owner=network%3Adhcp HTTP/1.1" status: 200 len: 210 time: 0.0317967
2026-06-24 19:08:11.930 9 INFO neutron.wsgi [req-9794eaa4-5ba1-4c6c-bdbc-0f59e27db1a3 req-764f5125-16a0-4661-8376-12595210f9fe 8bcc955f8fcc4e638d675a3737c7a547 d20964fc693b490495e64a29677cf516 - - default default] 10.0.0.212 "GET /v2.0/security-groups?id=9a6fe5f4-27b9-4a18-9c3d-0cd917deb226&fields=id&fields=name HTTP/1.1" status: 200 len: 313 time: 0.1002522
2026-06-24 19:08:11.932 9 INFO neutron.wsgi [req-d0d8ea28-c00d-4f5e-97cc-65a6cd3f6eee req-2ed33430-2f94-4ac6-9273-f3796dcf6d0b 0f04754b37b246a1bdf12ce4ca380e82 c2ef31120e094e10b0d6eb6322221810 - - default default] 10.0.0.212 "GET /v2.0/security-groups?id=1f2da3bf-1811-45b0-924d-afad13ed41f8&fields=id&fields=name HTTP/1.1" status: 200 len: 312 time: 0.0987256
2026-06-24 19:08:12.074 9 INFO neutron.wsgi [req-c89250a6-e6c3-4fd8-8ae6-dfb039e6ca43 req-847b480e-24f1-4e56-8bb1-5323d48ce67b 4c696b4f0a1a4bed8ba4e3bbe09e6567 d6b5232c3009440285a3bd232b08b4a7 - - default default] 10.0.0.212 "GET /v2.0/ports?device_id=47885bf2-7cc0-4142-9f7b-ca3087017e96 HTTP/1.1" status: 200 len: 1174 time: 0.0841494
2026-06-24 19:08:12.089 9 INFO neutron.wsgi [req-2961309c-7eb3-4e23-b4b2-9ac37ef8b848 req-7159385b-706e-4519-9990-7759c0e91622 0228d60db1794f79b563f87482b38b7f a9300bfa96bf46e498024eef4a9eaaa8 - - c2ee87ff3b734500b7461b6666630454 c2ee87ff3b734500b7461b6666630454] 199.204.45.210 "GET /v2.0/networks/b8b51b91-d188-4926-880a-8f86f9fc29e5?fields=segments HTTP/1.1" status: 200 len: 212 time: 0.1526847
2026-06-24 19:08:12.106 9 INFO neutron.wsgi [req-d982b6ed-4615-41aa-bec2-f2518f5cb327 req-d6260f5a-900f-4854-be01-ed42d8ead1d6 0f04754b37b246a1bdf12ce4ca380e82 c2ef31120e094e10b0d6eb6322221810 - - default default] 10.0.0.212 "GET /v2.0/ports?device_id=c1923fbd-3bcb-40f3-9a57-b146988fef98 HTTP/1.1" status: 200 len: 1174 time: 0.0857580
2026-06-24 19:08:12.146 10 INFO neutron.db.ovn_revision_numbers_db [None req-15c01322-1f4e-4602-a746-112584fc642d 3df5b066594b42b2b269ead08a245a77 c6a75f93c7544a52b1ad8e470d51afdf - - default default] Successfully bumped revision number for resource d7a59d6c-2d85-4ce1-8a30-9960ef1a56b9 (type: floatingips) to 3
2026-06-24 19:08:12.181 9 INFO neutron.wsgi [req-c89250a6-e6c3-4fd8-8ae6-dfb039e6ca43 req-8a59522b-f06b-4a45-bc06-7e558b18d4d0 4c696b4f0a1a4bed8ba4e3bbe09e6567 d6b5232c3009440285a3bd232b08b4a7 - - default default] 10.0.0.212 "GET /v2.0/security-groups?id=49d1e513-a56a-4b25-8179-2d4954159563&fields=id&fields=name HTTP/1.1" status: 200 len: 313 time: 0.0972583
2026-06-24 19:08:12.202 9 INFO neutron.wsgi [req-d982b6ed-4615-41aa-bec2-f2518f5cb327 req-3878dab1-4108-434e-b935-e869b47a90e8 0f04754b37b246a1bdf12ce4ca380e82 c2ef31120e094e10b0d6eb6322221810 - - default default] 10.0.0.212 "GET /v2.0/security-groups?id=1f2da3bf-1811-45b0-924d-afad13ed41f8&fields=id&fields=name HTTP/1.1" status: 200 len: 312 time: 0.0845981
2026-06-24 19:08:12.220 9 INFO neutron.wsgi [req-2961309c-7eb3-4e23-b4b2-9ac37ef8b848 req-d3d3b6ca-3ed0-4f7d-b9a5-553feb94f3c5 0228d60db1794f79b563f87482b38b7f a9300bfa96bf46e498024eef4a9eaaa8 - - c2ee87ff3b734500b7461b6666630454 c2ee87ff3b734500b7461b6666630454] 199.204.45.210 "GET /v2.0/networks/b8b51b91-d188-4926-880a-8f86f9fc29e5?fields=provider%3Aphysical_network&fields=provider%3Anetwork_type HTTP/1.1" status: 200 len: 277 time: 0.1230867
2026-06-24 19:08:12.224 10 INFO neutron.notifiers.nova [-] Nova event matching ['req-33fea357-633a-4a9e-9013-bfdaa7382263'] response: {'server_uuid': '87fa2c58-b5b6-4289-bd76-d522470cfe37', 'name': 'network-vif-plugged', 'status': 'completed', 'tag': '61c5b43c-ff52-4966-ae8d-aefba13155ff', 'code': 200}
2026-06-24 19:08:12.245 10 INFO neutron.db.l3_db [None req-15c01322-1f4e-4602-a746-112584fc642d 3df5b066594b42b2b269ead08a245a77 c6a75f93c7544a52b1ad8e470d51afdf - - default default] Floating IP d7a59d6c-2d85-4ce1-8a30-9960ef1a56b9 disassociated. External IP: 10.96.250.220, port: d351ec50-c468-41d7-bf1a-9ffdaa02dcae.
2026-06-24 19:08:12.286 10 INFO neutron.wsgi [None req-15c01322-1f4e-4602-a746-112584fc642d 3df5b066594b42b2b269ead08a245a77 c6a75f93c7544a52b1ad8e470d51afdf - - default default] 10.0.0.128 "PUT /v2.0/floatingips/d7a59d6c-2d85-4ce1-8a30-9960ef1a56b9 HTTP/1.1" status: 200 len: 748 time: 0.4324102
2026-06-24 19:08:12.340 9 INFO neutron.wsgi [req-74a005bf-e673-4d64-94ef-965de6870649 req-d61cd97a-a3fd-4632-bcff-4ea8cf09d32c 4c696b4f0a1a4bed8ba4e3bbe09e6567 d6b5232c3009440285a3bd232b08b4a7 - - default default] 10.0.0.212 "GET /v2.0/ports?device_id=47885bf2-7cc0-4142-9f7b-ca3087017e96 HTTP/1.1" status: 200 len: 1174 time: 0.0510702
2026-06-24 19:08:12.400 10 INFO neutron.db.ovn_revision_numbers_db [None req-759e9e53-8a2f-4299-9a7d-b43739cd0a68 - - - - - -] Successfully bumped revision number for resource 61c5b43c-ff52-4966-ae8d-aefba13155ff (type: ports) to 4
2026-06-24 19:08:12.614 9 INFO neutron.wsgi [req-fdc86051-9881-4379-aa06-7343b14b96e3 req-9837adcf-00f2-4604-b53d-753e29f63db2 0f04754b37b246a1bdf12ce4ca380e82 c2ef31120e094e10b0d6eb6322221810 - - default default] 10.0.0.212 "GET /v2.0/ports?device_id=c1923fbd-3bcb-40f3-9a57-b146988fef98 HTTP/1.1" status: 200 len: 1174 time: 0.0515301
2026-06-24 19:08:12.694 9 INFO neutron.wsgi [req-1d0f6fe4-2575-4ac0-a06a-7574e6ccbdab req-bb1f799e-2740-4c80-83d8-cf6b770bdd0b 0228d60db1794f79b563f87482b38b7f a9300bfa96bf46e498024eef4a9eaaa8 - - c2ee87ff3b734500b7461b6666630454 c2ee87ff3b734500b7461b6666630454] 199.204.45.210 "GET /v2.0/ports?tenant_id=c2ef31120e094e10b0d6eb6322221810&device_id=c1923fbd-3bcb-40f3-9a57-b146988fef98 HTTP/1.1" status: 200 len: 1413 time: 0.0767512
2026-06-24 19:08:12.753 9 INFO neutron.wsgi [req-fdc86051-9881-4379-aa06-7343b14b96e3 req-3fe4759a-29dd-46a5-a8d2-7a6f1aff65e5 0f04754b37b246a1bdf12ce4ca380e82 c2ef31120e094e10b0d6eb6322221810 - - default default] 10.0.0.212 "GET /v2.0/security-groups?id=1f2da3bf-1811-45b0-924d-afad13ed41f8&fields=id&fields=name HTTP/1.1" status: 200 len: 312 time: 0.1326237
2026-06-24 19:08:12.827 10 INFO neutron.wsgi [None req-e4e8dec3-aa43-48d5-acc5-5dbd802cfd74 3df5b066594b42b2b269ead08a245a77 c6a75f93c7544a52b1ad8e470d51afdf - - default default] 10.0.0.128 "DELETE /v2.0/floatingips/d7a59d6c-2d85-4ce1-8a30-9960ef1a56b9 HTTP/1.1" status: 204 len: 168 time: 0.5352063
2026-06-24 19:08:12.852 9 INFO neutron.wsgi [req-1d0f6fe4-2575-4ac0-a06a-7574e6ccbdab req-71037a14-1ae5-45e5-9d76-2b96a2390a3b 0228d60db1794f79b563f87482b38b7f a9300bfa96bf46e498024eef4a9eaaa8 - - c2ee87ff3b734500b7461b6666630454 c2ee87ff3b734500b7461b6666630454] 199.204.45.210 "GET /v2.0/networks?id=93fa09fc-14f9-4a73-9070-455c32e15a83 HTTP/1.1" status: 200 len: 974 time: 0.1437078 /var/lib/openstack/lib/python3.10/site-packages/pycadf/identifier.py:71: UserWarning: Invalid uuid: neutron. To ensure interoperability, identifiers should be a valid uuid. warnings.warn(('Invalid uuid: %s. To ensure interoperability, '
2026-06-24 19:08:12.882 10 INFO neutron.api.v2.resource [None req-104bcbe6-055a-45ed-b09b-4cb9bdd10309 3df5b066594b42b2b269ead08a245a77 c6a75f93c7544a52b1ad8e470d51afdf - - default default] delete failed (client error): The resource could not be found.
2026-06-24 19:08:12.884 10 INFO neutron.wsgi [None req-104bcbe6-055a-45ed-b09b-4cb9bdd10309 3df5b066594b42b2b269ead08a245a77 c6a75f93c7544a52b1ad8e470d51afdf - - default default] 10.0.0.128 "DELETE /v2.0/floatingips/d7a59d6c-2d85-4ce1-8a30-9960ef1a56b9 HTTP/1.1" status: 404 len: 345 time: 0.0351248
2026-06-24 19:08:12.943 9 INFO neutron.wsgi [req-1d0f6fe4-2575-4ac0-a06a-7574e6ccbdab req-a0268cd1-80dd-4a1a-8830-3ab2e6c7d944 0228d60db1794f79b563f87482b38b7f a9300bfa96bf46e498024eef4a9eaaa8 - - c2ee87ff3b734500b7461b6666630454 c2ee87ff3b734500b7461b6666630454] 199.204.45.210 "GET /v2.0/floatingips?fixed_ip_address=10.100.0.13&port_id=65e612c4-0f9c-4b90-af7b-aabea817f850 HTTP/1.1" status: 200 len: 1060 time: 0.0860543
2026-06-24 19:08:12.981 10 INFO neutron.wsgi [-] 10.0.0.132 "GET / HTTP/1.1" status: 200 len: 247 time: 0.0029500
2026-06-24 19:08:12.984 10 INFO neutron.wsgi [-] 10.0.0.132 "GET / HTTP/1.1" status: 200 len: 247 time: 0.0017989
2026-06-24 19:08:13.041 9 INFO neutron.wsgi [req-1d0f6fe4-2575-4ac0-a06a-7574e6ccbdab req-946076f8-b82c-40dd-8ba9-a0efe2733f4b 0228d60db1794f79b563f87482b38b7f a9300bfa96bf46e498024eef4a9eaaa8 - - c2ee87ff3b734500b7461b6666630454 c2ee87ff3b734500b7461b6666630454] 199.204.45.210 "GET /v2.0/subnets?id=cfbe42d6-58c6-4a25-b5cd-1b80d8b46586 HTTP/1.1" status: 200 len: 869 time: 0.0894806
2026-06-24 19:08:13.095 9 INFO neutron.wsgi [req-1d0f6fe4-2575-4ac0-a06a-7574e6ccbdab req-d6a907ff-f963-4b73-bb32-c75ce7375601 0228d60db1794f79b563f87482b38b7f a9300bfa96bf46e498024eef4a9eaaa8 - - c2ee87ff3b734500b7461b6666630454 c2ee87ff3b734500b7461b6666630454] 199.204.45.210 "GET /v2.0/ports?network_id=93fa09fc-14f9-4a73-9070-455c32e15a83&device_owner=network%3Adhcp HTTP/1.1" status: 200 len: 210 time: 0.0475292
2026-06-24 19:08:13.105 9 INFO neutron.wsgi [req-6d727709-bbfc-4f1b-9860-0fb676f59765 req-c090d221-1425-4cf6-8e37-329ed4dda73e 8bcc955f8fcc4e638d675a3737c7a547 d20964fc693b490495e64a29677cf516 - - default default] 10.0.0.212 "GET /v2.0/ports?device_id=87fa2c58-b5b6-4289-bd76-d522470cfe37 HTTP/1.1" status: 200 len: 1174 time: 0.0930588
2026-06-24 19:08:13.422 9 INFO neutron.wsgi [req-6d727709-bbfc-4f1b-9860-0fb676f59765 req-e097006a-611b-4c4d-b57e-f34a7931b8f5 8bcc955f8fcc4e638d675a3737c7a547 d20964fc693b490495e64a29677cf516 - - default default] 10.0.0.212 "GET /v2.0/security-groups?id=9a6fe5f4-27b9-4a18-9c3d-0cd917deb226&fields=id&fields=name HTTP/1.1" status: 200 len: 313 time: 0.3027940
2026-06-24 19:08:13.428 9 INFO neutron.wsgi [req-1d0f6fe4-2575-4ac0-a06a-7574e6ccbdab req-656a522c-981d-4928-bfe7-0ded3722af2b 0228d60db1794f79b563f87482b38b7f a9300bfa96bf46e498024eef4a9eaaa8 - - c2ee87ff3b734500b7461b6666630454 c2ee87ff3b734500b7461b6666630454] 199.204.45.210 "GET /v2.0/networks/93fa09fc-14f9-4a73-9070-455c32e15a83?fields=segments HTTP/1.1" status: 200 len: 212 time: 0.3211226
2026-06-24 19:08:13.532 9 INFO neutron.wsgi [req-1d0f6fe4-2575-4ac0-a06a-7574e6ccbdab req-05c63c60-1884-4972-adcd-a8223ef9cbb6 0228d60db1794f79b563f87482b38b7f a9300bfa96bf46e498024eef4a9eaaa8 - - c2ee87ff3b734500b7461b6666630454 c2ee87ff3b734500b7461b6666630454] 199.204.45.210 "GET /v2.0/networks/93fa09fc-14f9-4a73-9070-455c32e15a83?fields=provider%3Aphysical_network&fields=provider%3Anetwork_type HTTP/1.1" status: 200 len: 277 time: 0.0944834
2026-06-24 19:08:13.552 9 INFO neutron.wsgi [req-e7c0c703-8371-4613-90d3-300fb1a68ddd req-63babaf5-9943-415b-b9d2-058cea252433 8bcc955f8fcc4e638d675a3737c7a547 d20964fc693b490495e64a29677cf516 - - default default] 10.0.0.212 "GET /v2.0/ports?device_id=87fa2c58-b5b6-4289-bd76-d522470cfe37 HTTP/1.1" status: 200 len: 1174 time: 0.0547616
2026-06-24 19:08:13.564 9 INFO neutron.db.ovn_revision_numbers_db [None req-1968108d-9bd9-4b78-8f32-570076e7771c 4c696b4f0a1a4bed8ba4e3bbe09e6567 d6b5232c3009440285a3bd232b08b4a7 - - default default] Successfully bumped revision number for resource 1a4f20a8-3931-4358-9816-82ea2396874c (type: floatingips) to 1
2026-06-24 19:08:13.731 9 INFO neutron.db.ovn_revision_numbers_db [None req-1968108d-9bd9-4b78-8f32-570076e7771c 4c696b4f0a1a4bed8ba4e3bbe09e6567 d6b5232c3009440285a3bd232b08b4a7 - - default default] Successfully bumped revision number for resource 1a4f20a8-3931-4358-9816-82ea2396874c (type: floatingips) to 2
2026-06-24 19:08:13.732 9 INFO neutron.db.l3_db [None req-1968108d-9bd9-4b78-8f32-570076e7771c 4c696b4f0a1a4bed8ba4e3bbe09e6567 d6b5232c3009440285a3bd232b08b4a7 - - default default] Floating IP 1a4f20a8-3931-4358-9816-82ea2396874c associated. External IP: 10.96.250.201, port: 786fff77-8614-4794-811a-7c731a5adcc0.
2026-06-24 19:08:13.754 10 INFO neutron.wsgi [None req-3bf03e81-e3b0-4831-8bb1-d1bb540a60ec 3df5b066594b42b2b269ead08a245a77 c6a75f93c7544a52b1ad8e470d51afdf - - default default] 10.0.0.128 "DELETE /v2.0/ports/d351ec50-c468-41d7-bf1a-9ffdaa02dcae HTTP/1.1" status: 204 len: 168 time: 0.8643985
2026-06-24 19:08:13.802 9 INFO neutron.wsgi [None req-1968108d-9bd9-4b78-8f32-570076e7771c 4c696b4f0a1a4bed8ba4e3bbe09e6567 d6b5232c3009440285a3bd232b08b4a7 - - default default] 10.0.0.128 "PUT /v2.0/floatingips/1a4f20a8-3931-4358-9816-82ea2396874c HTTP/1.1" status: 200 len: 1050 time: 1.4344573
2026-06-24 19:08:13.946 9 INFO neutron.wsgi [req-b88626ba-61fb-4f31-afd3-427ba202b388 req-c59fa5d9-9e0f-41b3-8c61-d7d3d90c9cdf 0f04754b37b246a1bdf12ce4ca380e82 c2ef31120e094e10b0d6eb6322221810 - - default default] 10.0.0.212 "GET /v2.0/ports?device_id=c1923fbd-3bcb-40f3-9a57-b146988fef98 HTTP/1.1" status: 200 len: 1174 time: 0.0819359
2026-06-24 19:08:13.962 9 INFO neutron.wsgi [req-e33d31ea-91c2-4152-984b-3e7b46f72545 req-c863db7c-25a2-4026-b0c6-3efae488cfa9 4c696b4f0a1a4bed8ba4e3bbe09e6567 d6b5232c3009440285a3bd232b08b4a7 - - default default] 10.0.0.212 "GET /v2.0/ports?device_id=47885bf2-7cc0-4142-9f7b-ca3087017e96 HTTP/1.1" status: 200 len: 1174 time: 0.0967700
2026-06-24 19:08:14.041 9 INFO neutron.wsgi [req-e33d31ea-91c2-4152-984b-3e7b46f72545 req-efcb1196-35fa-4e16-af94-d6236c8ff36a 4c696b4f0a1a4bed8ba4e3bbe09e6567 d6b5232c3009440285a3bd232b08b4a7 - - default default] 10.0.0.212 "GET /v2.0/security-groups?id=49d1e513-a56a-4b25-8179-2d4954159563&fields=id&fields=name HTTP/1.1" status: 200 len: 313 time: 0.0683424
2026-06-24 19:08:14.055 9 INFO neutron.wsgi [req-b88626ba-61fb-4f31-afd3-427ba202b388 req-45a6f8fa-1829-4360-95bc-535fa338b77e 0f04754b37b246a1bdf12ce4ca380e82 c2ef31120e094e10b0d6eb6322221810 - - default default] 10.0.0.212 "GET /v2.0/security-groups?id=1f2da3bf-1811-45b0-924d-afad13ed41f8&fields=id&fields=name HTTP/1.1" status: 200 len: 312 time: 0.1031072
2026-06-24 19:08:14.097 9 INFO neutron.notifiers.nova [-] Nova event matching ['req-0610554e-40d9-47af-a96d-15eb34e59780'] response: {'name': 'network-changed', 'server_uuid': '47885bf2-7cc0-4142-9f7b-ca3087017e96', 'tag': '786fff77-8614-4794-811a-7c731a5adcc0', 'status': 'completed', 'code': 200}
2026-06-24 19:08:14.205 9 INFO neutron.wsgi [req-9987a318-1879-4d4c-805a-f5be2d22910b req-5b746fd4-fe49-424d-9b38-dfad12642672 0228d60db1794f79b563f87482b38b7f a9300bfa96bf46e498024eef4a9eaaa8 - - c2ee87ff3b734500b7461b6666630454 c2ee87ff3b734500b7461b6666630454] 199.204.45.210 "GET /v2.0/ports?tenant_id=d6b5232c3009440285a3bd232b08b4a7&device_id=47885bf2-7cc0-4142-9f7b-ca3087017e96 HTTP/1.1" status: 200 len: 1413 time: 0.0792277
2026-06-24 19:08:14.284 10 INFO neutron.notifiers.nova [-] Nova event matching ['req-73f7d1db-ce72-48eb-9002-c59fd79fde0c'] response: {'server_uuid': '87fa2c58-b5b6-4289-bd76-d522470cfe37', 'name': 'network-vif-plugged', 'status': 'completed', 'tag': '61c5b43c-ff52-4966-ae8d-aefba13155ff', 'code': 200}
2026-06-24 19:08:14.359 9 INFO neutron.wsgi [req-9987a318-1879-4d4c-805a-f5be2d22910b req-083176c2-7d8f-49fb-9d3e-d5277bd9b143 0228d60db1794f79b563f87482b38b7f a9300bfa96bf46e498024eef4a9eaaa8 - - c2ee87ff3b734500b7461b6666630454 c2ee87ff3b734500b7461b6666630454] 199.204.45.210 "GET /v2.0/networks?id=a319a978-26df-4b32-8487-e8f7dbd4b25e HTTP/1.1" status: 200 len: 982 time: 0.1419518
2026-06-24 19:08:14.399 10 INFO neutron.db.ovn_revision_numbers_db [None req-fbd8f4be-f21e-4c6e-815f-f4128d9bfa6c 8bcc955f8fcc4e638d675a3737c7a547 d20964fc693b490495e64a29677cf516 - - default default] Successfully bumped revision number for resource fe5e3f57-4bc1-48ef-a9fb-d6c79cf4949b (type: floatingips) to 1
2026-06-24 19:08:14.445 9 INFO neutron.wsgi [req-9987a318-1879-4d4c-805a-f5be2d22910b req-15a9543a-a82e-4238-a094-db16cb18a8bb 0228d60db1794f79b563f87482b38b7f a9300bfa96bf46e498024eef4a9eaaa8 - - c2ee87ff3b734500b7461b6666630454 c2ee87ff3b734500b7461b6666630454] 199.204.45.210 "GET /v2.0/floatingips?fixed_ip_address=10.100.0.10&port_id=786fff77-8614-4794-811a-7c731a5adcc0 HTTP/1.1" status: 200 len: 1060 time: 0.0769644
2026-06-24 19:08:14.505 9 INFO neutron.wsgi [req-9987a318-1879-4d4c-805a-f5be2d22910b req-26aa9759-fc2b-4596-9dbd-d62f52fea866 0228d60db1794f79b563f87482b38b7f a9300bfa96bf46e498024eef4a9eaaa8 - - c2ee87ff3b734500b7461b6666630454 c2ee87ff3b734500b7461b6666630454] 199.204.45.210 "GET /v2.0/subnets?id=d63c5769-2b30-4694-af6a-fcc0bb44cdb2 HTTP/1.1" status: 200 len: 877 time: 0.0527201
2026-06-24 19:08:14.551 9 INFO neutron.wsgi [req-9987a318-1879-4d4c-805a-f5be2d22910b req-af6d8450-2f38-46ff-9bb6-57722ee9d3c4 0228d60db1794f79b563f87482b38b7f a9300bfa96bf46e498024eef4a9eaaa8 - - c2ee87ff3b734500b7461b6666630454 c2ee87ff3b734500b7461b6666630454] 199.204.45.210 "GET /v2.0/ports?network_id=a319a978-26df-4b32-8487-e8f7dbd4b25e&device_owner=network%3Adhcp HTTP/1.1" status: 200 len: 210 time: 0.0398216
2026-06-24 19:08:14.576 10 INFO neutron.db.ovn_revision_numbers_db [None req-fbd8f4be-f21e-4c6e-815f-f4128d9bfa6c 8bcc955f8fcc4e638d675a3737c7a547 d20964fc693b490495e64a29677cf516 - - default default] Successfully bumped revision number for resource fe5e3f57-4bc1-48ef-a9fb-d6c79cf4949b (type: floatingips) to 2
2026-06-24 19:08:14.576 10 INFO neutron.db.l3_db [None req-fbd8f4be-f21e-4c6e-815f-f4128d9bfa6c 8bcc955f8fcc4e638d675a3737c7a547 d20964fc693b490495e64a29677cf516 - - default default] Floating IP fe5e3f57-4bc1-48ef-a9fb-d6c79cf4949b associated. External IP: 10.96.250.219, port: 61c5b43c-ff52-4966-ae8d-aefba13155ff.
2026-06-24 19:08:14.624 10 INFO neutron.wsgi [None req-fbd8f4be-f21e-4c6e-815f-f4128d9bfa6c 8bcc955f8fcc4e638d675a3737c7a547 d20964fc693b490495e64a29677cf516 - - default default] 10.0.0.128 "PUT /v2.0/floatingips/fe5e3f57-4bc1-48ef-a9fb-d6c79cf4949b HTTP/1.1" status: 200 len: 1050 time: 1.0575647
2026-06-24 19:08:14.631 9 INFO neutron.wsgi [None req-c8e805e6-ff75-4891-86cf-645adbcc8191 3df5b066594b42b2b269ead08a245a77 c6a75f93c7544a52b1ad8e470d51afdf - - default default] 10.0.0.128 "DELETE /v2.0/ports/7b949f63-9545-4100-bee6-0d2ea1c9f511 HTTP/1.1" status: 204 len: 168 time: 0.8690081
2026-06-24 19:08:14.651 9 INFO neutron.wsgi [req-9987a318-1879-4d4c-805a-f5be2d22910b req-76901e57-fe13-4a05-895e-0778a94611a7 0228d60db1794f79b563f87482b38b7f a9300bfa96bf46e498024eef4a9eaaa8 - - c2ee87ff3b734500b7461b6666630454 c2ee87ff3b734500b7461b6666630454] 199.204.45.210 "GET /v2.0/networks/a319a978-26df-4b32-8487-e8f7dbd4b25e?fields=segments HTTP/1.1" status: 200 len: 212 time: 0.0924339
2026-06-24 19:08:14.714 10 INFO neutron.wsgi [None req-bc366112-242e-45a6-91e5-6d602ee15662 3df5b066594b42b2b269ead08a245a77 c6a75f93c7544a52b1ad8e470d51afdf - - default default] 10.0.0.128 "GET /v2.0/ports?device_id=bfe54b13-2b30-4f45-aeb0-c0261f042c6b HTTP/1.1" status: 200 len: 1140 time: 0.0704792
2026-06-24 19:08:14.764 9 INFO neutron.wsgi [req-d4f7994a-9591-4fe3-b062-5755c0b391be req-8db376e3-f06c-4946-9f68-95c62cf4ebfe 8bcc955f8fcc4e638d675a3737c7a547 d20964fc693b490495e64a29677cf516 - - default default] 10.0.0.212 "GET /v2.0/ports?device_id=87fa2c58-b5b6-4289-bd76-d522470cfe37 HTTP/1.1" status: 200 len: 1174 time: 0.0701365
2026-06-24 19:08:14.769 9 INFO neutron.wsgi [req-9987a318-1879-4d4c-805a-f5be2d22910b req-b89dfcc1-a34d-4295-9509-f8d5e7aa0d2a 0228d60db1794f79b563f87482b38b7f a9300bfa96bf46e498024eef4a9eaaa8 - - c2ee87ff3b734500b7461b6666630454 c2ee87ff3b734500b7461b6666630454] 199.204.45.210 "GET /v2.0/networks/a319a978-26df-4b32-8487-e8f7dbd4b25e?fields=provider%3Aphysical_network&fields=provider%3Anetwork_type HTTP/1.1" status: 200 len: 277 time: 0.1133025
2026-06-24 19:08:14.827 9 INFO neutron.wsgi [req-d4f7994a-9591-4fe3-b062-5755c0b391be req-72ac032b-9877-4ed9-a7d0-82d054e198c4 8bcc955f8fcc4e638d675a3737c7a547 d20964fc693b490495e64a29677cf516 - - default default] 10.0.0.212 "GET /v2.0/security-groups?id=9a6fe5f4-27b9-4a18-9c3d-0cd917deb226&fields=id&fields=name HTTP/1.1" status: 200 len: 313 time: 0.0544894
2026-06-24 19:08:15.210 9 WARNING neutron.plugins.ml2.drivers.ovn.mech_driver.ovsdb.ovn_client [None req-ee5c6fa3-e313-4882-9571-18a31207f112 - - - - - -] No hosting information found for port 0780a218-ec60-43ef-9303-9e5d057f3dc6: RuntimeError: No hosting information found for port 0780a218-ec60-43ef-9303-9e5d057f3dc6 /var/lib/openstack/lib/python3.10/site-packages/pycadf/identifier.py:71: UserWarning: Invalid uuid: neutron. To ensure interoperability, identifiers should be a valid uuid. warnings.warn(('Invalid uuid: %s. To ensure interoperability, '
2026-06-24 19:08:15.283 10 INFO neutron.plugins.ml2.drivers.ovn.mech_driver.mech_driver [None req-759e9e53-8a2f-4299-9a7d-b43739cd0a68 - - - - - -] OVN reports status down for port: 61c5b43c-ff52-4966-ae8d-aefba13155ff
2026-06-24 19:08:15.312 9 INFO neutron.wsgi [req-e6d046b2-dac7-4762-bcb5-f4667f9bd292 req-1782d274-fefd-4d75-9589-4ad48cf07e70 0f04754b37b246a1bdf12ce4ca380e82 c2ef31120e094e10b0d6eb6322221810 - - default default] 10.0.0.212 "GET /v2.0/ports?device_id=c1923fbd-3bcb-40f3-9a57-b146988fef98 HTTP/1.1" status: 200 len: 1174 time: 0.1636488
2026-06-24 19:08:15.328 9 INFO neutron.plugins.ml2.drivers.ovn.mech_driver.mech_driver [None req-ee5c6fa3-e313-4882-9571-18a31207f112 - - - - - -] OVN reports status down for port: 65e612c4-0f9c-4b90-af7b-aabea817f850 /var/lib/openstack/lib/python3.10/site-packages/pycadf/identifier.py:71: UserWarning: Invalid uuid: neutron. To ensure interoperability, identifiers should be a valid uuid. warnings.warn(('Invalid uuid: %s. To ensure interoperability, '
2026-06-24 19:08:15.396 9 INFO neutron.wsgi [req-242a1fc9-96ca-48f7-8dee-8c15b51384e2 req-1bedb102-7a2d-41cb-8cb2-6ae40b1b7c83 8bcc955f8fcc4e638d675a3737c7a547 d20964fc693b490495e64a29677cf516 - - default default] 10.0.0.212 "GET /v2.0/ports?device_id=87fa2c58-b5b6-4289-bd76-d522470cfe37 HTTP/1.1" status: 200 len: 1174 time: 0.1349950
2026-06-24 19:08:15.448 9 INFO neutron.wsgi [req-e6d046b2-dac7-4762-bcb5-f4667f9bd292 req-0a486e80-6fa9-461a-acd2-48cb842abb8d 0f04754b37b246a1bdf12ce4ca380e82 c2ef31120e094e10b0d6eb6322221810 - - default default] 10.0.0.212 "GET /v2.0/security-groups?id=1f2da3bf-1811-45b0-924d-afad13ed41f8&fields=id&fields=name HTTP/1.1" status: 200 len: 312 time: 0.1215446
2026-06-24 19:08:15.498 9 INFO neutron.wsgi [req-242a1fc9-96ca-48f7-8dee-8c15b51384e2 req-33c29cfd-41b0-4898-ba1a-bc51cefe6359 8bcc955f8fcc4e638d675a3737c7a547 d20964fc693b490495e64a29677cf516 - - default default] 10.0.0.212 "GET /v2.0/security-groups?id=9a6fe5f4-27b9-4a18-9c3d-0cd917deb226&fields=id&fields=name HTTP/1.1" status: 200 len: 313 time: 0.0875442
2026-06-24 19:08:15.645 9 INFO neutron.wsgi [req-ea53dd9f-0a4f-4562-baee-5105ad8dd4bb req-0ab57265-8e94-427a-93e4-a4a969a8f267 8bcc955f8fcc4e638d675a3737c7a547 d20964fc693b490495e64a29677cf516 - - default default] 199.204.45.210 "GET /v2.0/ports?device_id=87fa2c58-b5b6-4289-bd76-d522470cfe37 HTTP/1.1" status: 200 len: 1172 time: 0.0576167
2026-06-24 19:08:15.740 10 INFO neutron.db.ovn_revision_numbers_db [None req-759e9e53-8a2f-4299-9a7d-b43739cd0a68 - - - - - -] Successfully bumped revision number for resource 61c5b43c-ff52-4966-ae8d-aefba13155ff (type: ports) to 5
2026-06-24 19:08:15.873 9 INFO neutron.db.ovn_revision_numbers_db [None req-ee5c6fa3-e313-4882-9571-18a31207f112 - - - - - -] Successfully bumped revision number for resource 65e612c4-0f9c-4b90-af7b-aabea817f850 (type: ports) to 5
2026-06-24 19:08:15.899 9 WARNING neutron.plugins.ml2.drivers.ovn.mech_driver.ovsdb.ovn_client [None req-ee5c6fa3-e313-4882-9571-18a31207f112 - - - - - -] Logical_Switch_Port %s host information not removed, the port state is up
2026-06-24 19:08:15.940 9 INFO neutron.plugins.ml2.drivers.ovn.mech_driver.mech_driver [None req-ee5c6fa3-e313-4882-9571-18a31207f112 - - - - - -] OVN reports status up for port: 65e612c4-0f9c-4b90-af7b-aabea817f850
2026-06-24 19:08:15.977 9 INFO neutron.plugins.ml2.plugin [None req-ee5c6fa3-e313-4882-9571-18a31207f112 - - - - - -] Attempt 1 to provision port 65e612c4-0f9c-4b90-af7b-aabea817f850
2026-06-24 19:08:16.004 10 INFO neutron.wsgi [None req-2e0da08f-616e-4577-ab7e-9c34a19e6daa 3df5b066594b42b2b269ead08a245a77 c6a75f93c7544a52b1ad8e470d51afdf - - default default] 10.0.0.128 "PUT /v2.0/routers/bfe54b13-2b30-4f45-aeb0-c0261f042c6b/remove_router_interface HTTP/1.1" status: 200 len: 503 time: 1.2851069 /var/lib/openstack/lib/python3.10/site-packages/pycadf/identifier.py:71: UserWarning: Invalid uuid: neutron. To ensure interoperability, identifiers should be a valid uuid. warnings.warn(('Invalid uuid: %s. To ensure interoperability, '
2026-06-24 19:08:16.153 9 INFO neutron.notifiers.nova [-] Nova event matching ['req-77e59098-9012-4805-8f9b-1b77798d8012'] response: {'server_uuid': 'c1923fbd-3bcb-40f3-9a57-b146988fef98', 'name': 'network-vif-unplugged', 'status': 'completed', 'tag': '65e612c4-0f9c-4b90-af7b-aabea817f850', 'code': 200}
2026-06-24 19:08:16.153 9 INFO neutron.notifiers.nova [-] Nova event matching ['req-77e59098-9012-4805-8f9b-1b77798d8012'] response: {'server_uuid': 'c1923fbd-3bcb-40f3-9a57-b146988fef98', 'name': 'network-vif-unplugged', 'status': 'completed', 'tag': '65e612c4-0f9c-4b90-af7b-aabea817f850', 'code': 200}
2026-06-24 19:08:16.337 10 INFO neutron.notifiers.nova [-] Nova event matching ['req-5b063cba-a897-4145-b2d5-df6cbfe6c091'] response: {'name': 'network-changed', 'server_uuid': '87fa2c58-b5b6-4289-bd76-d522470cfe37', 'tag': '61c5b43c-ff52-4966-ae8d-aefba13155ff', 'status': 'completed', 'code': 200}
2026-06-24 19:08:16.337 10 INFO neutron.notifiers.nova [-] Nova event matching ['req-5b063cba-a897-4145-b2d5-df6cbfe6c091'] response: {'server_uuid': '87fa2c58-b5b6-4289-bd76-d522470cfe37', 'name': 'network-vif-unplugged', 'status': 'completed', 'tag': '61c5b43c-ff52-4966-ae8d-aefba13155ff', 'code': 200}
2026-06-24 19:08:16.337 10 INFO neutron.notifiers.nova [-] Nova event matching ['req-5b063cba-a897-4145-b2d5-df6cbfe6c091'] response: {'server_uuid': '87fa2c58-b5b6-4289-bd76-d522470cfe37', 'name': 'network-vif-unplugged', 'status': 'completed', 'tag': '61c5b43c-ff52-4966-ae8d-aefba13155ff', 'code': 200}
2026-06-24 19:08:16.406 10 INFO neutron.wsgi [req-cbd967bc-1f52-47c4-a9a4-aee2acd09a27 req-abbfe66f-3e9d-4417-af16-4159c15eba30 0228d60db1794f79b563f87482b38b7f a9300bfa96bf46e498024eef4a9eaaa8 - - c2ee87ff3b734500b7461b6666630454 c2ee87ff3b734500b7461b6666630454] 199.204.45.210 "GET /v2.0/ports?tenant_id=d20964fc693b490495e64a29677cf516&device_id=87fa2c58-b5b6-4289-bd76-d522470cfe37 HTTP/1.1" status: 200 len: 1411 time: 0.0520542
2026-06-24 19:08:16.496 10 INFO neutron.wsgi [req-cbd967bc-1f52-47c4-a9a4-aee2acd09a27 req-1137249f-7b52-49f1-bd93-b57f9a175bee 0228d60db1794f79b563f87482b38b7f a9300bfa96bf46e498024eef4a9eaaa8 - - c2ee87ff3b734500b7461b6666630454 c2ee87ff3b734500b7461b6666630454] 199.204.45.210 "GET /v2.0/networks?id=b8b51b91-d188-4926-880a-8f86f9fc29e5 HTTP/1.1" status: 200 len: 974 time: 0.0841422 /var/lib/openstack/lib/python3.10/site-packages/pycadf/identifier.py:71: UserWarning: Invalid uuid: neutron. To ensure interoperability, identifiers should be a valid uuid. warnings.warn(('Invalid uuid: %s. To ensure interoperability, '
