2026-06-24 19:10:41.321 10 WARNING neutron.scheduler.dhcp_agent_scheduler [None req-265446c2-2ce0-4a5f-ba1b-2e889bb5edf4 4835daeacea144d1b5e7a1c023a3efca 510fcf7d649444d09cdff1a076a9c24d - - default default] No more DHCP agents
2026-06-24 19:10:41.327 10 WARNING neutron.api.rpc.agentnotifiers.dhcp_rpc_agent_api [None req-265446c2-2ce0-4a5f-ba1b-2e889bb5edf4 4835daeacea144d1b5e7a1c023a3efca 510fcf7d649444d09cdff1a076a9c24d - - default default] Unable to schedule network 5fc90553-fb83-4c61-91aa-8767a7b7f4f3: no agents available; will retry on subsequent port and subnet creation events.
2026-06-24 19:10:41.357 10 INFO neutron.wsgi [None req-14e3eb84-528e-4d9e-b9e2-3e60e9eb6e9f e1c16dd2737a472595f551c076cdb39d 12a91bf2c20c4330951fcaa86ea25da6 - - default default] 10.0.0.128 "GET /v2.0/ports/569d248b-0cd3-49d2-96fc-5b01b547069e HTTP/1.1" status: 200 len: 1020 time: 0.1496272
2026-06-24 19:10:41.390 9 WARNING neutron.scheduler.dhcp_agent_scheduler [None req-90ad3e7f-2a26-4d1b-9731-19144f7a6b0b ec799136185c4c139505f37770c29a78 ea4228d175304820b807d0b681ed9103 - - default default] No more DHCP agents
2026-06-24 19:10:41.396 9 WARNING neutron.api.rpc.agentnotifiers.dhcp_rpc_agent_api [None req-90ad3e7f-2a26-4d1b-9731-19144f7a6b0b ec799136185c4c139505f37770c29a78 ea4228d175304820b807d0b681ed9103 - - default default] Unable to schedule network 38d4a873-7517-4628-8810-c56ea2bb6b2e: no agents available; will retry on subsequent port and subnet creation events.
2026-06-24 19:10:41.454 10 INFO neutron.db.ovn_revision_numbers_db [None req-265446c2-2ce0-4a5f-ba1b-2e889bb5edf4 4835daeacea144d1b5e7a1c023a3efca 510fcf7d649444d09cdff1a076a9c24d - - default default] Successfully bumped revision number for resource 637a8902-e883-48ff-ae78-dbda6955681f (type: ports) to 1
2026-06-24 19:10:41.489 10 INFO neutron.wsgi [None req-265446c2-2ce0-4a5f-ba1b-2e889bb5edf4 4835daeacea144d1b5e7a1c023a3efca 510fcf7d649444d09cdff1a076a9c24d - - default default] 10.0.0.128 "POST /v2.0/networks HTTP/1.1" status: 201 len: 831 time: 0.7322674
2026-06-24 19:10:41.501 10 WARNING neutron_lib.context [None req-d25c125d-455f-490d-a85e-b416036e0d42 4835daeacea144d1b5e7a1c023a3efca 510fcf7d649444d09cdff1a076a9c24d - - default default] Method 'is_advsvc' is deprecated since 2023.2 release (neutron-lib 3.8.0) and will be removed once support for the old RBAC API policies will be removed from Neutron. Please use method 'is_service_role' instead.
2026-06-24 19:10:41.511 9 INFO neutron.wsgi [None req-5c659da3-052a-455c-8cc3-caa51ea1d9ea e1c16dd2737a472595f551c076cdb39d 12a91bf2c20c4330951fcaa86ea25da6 - - default default] 10.0.0.128 "DELETE /v2.0/trunks/5fe99085-0cd6-4b57-8fd6-48c6110e34e3 HTTP/1.1" status: 204 len: 168 time: 0.1501825
2026-06-24 19:10:41.521 9 INFO neutron.db.ovn_revision_numbers_db [None req-90ad3e7f-2a26-4d1b-9731-19144f7a6b0b ec799136185c4c139505f37770c29a78 ea4228d175304820b807d0b681ed9103 - - default default] Successfully bumped revision number for resource 4bfeb56b-b1b6-42b0-a6e0-e5b07ad92c2b (type: ports) to 1
2026-06-24 19:10:41.555 9 INFO neutron.wsgi [None req-90ad3e7f-2a26-4d1b-9731-19144f7a6b0b ec799136185c4c139505f37770c29a78 ea4228d175304820b807d0b681ed9103 - - default default] 10.0.0.128 "POST /v2.0/networks HTTP/1.1" status: 201 len: 943 time: 1.0416105
2026-06-24 19:10:41.749 10 WARNING neutron.scheduler.dhcp_agent_scheduler [None req-d25c125d-455f-490d-a85e-b416036e0d42 4835daeacea144d1b5e7a1c023a3efca 510fcf7d649444d09cdff1a076a9c24d - - default default] No more DHCP agents
2026-06-24 19:10:41.751 10 WARNING neutron.api.rpc.agentnotifiers.dhcp_rpc_agent_api [None req-d25c125d-455f-490d-a85e-b416036e0d42 4835daeacea144d1b5e7a1c023a3efca 510fcf7d649444d09cdff1a076a9c24d - - default default] Unable to schedule network 5fc90553-fb83-4c61-91aa-8767a7b7f4f3: no agents available; will retry on subsequent port and subnet creation events.
2026-06-24 19:10:41.843 10 INFO neutron.db.ovn_revision_numbers_db [None req-d25c125d-455f-490d-a85e-b416036e0d42 4835daeacea144d1b5e7a1c023a3efca 510fcf7d649444d09cdff1a076a9c24d - - default default] Successfully bumped revision number for resource 4b12abc8-6cff-43eb-842a-dc70ecf81eb5 (type: ports) to 1
2026-06-24 19:10:41.872 10 INFO neutron.wsgi [None req-d25c125d-455f-490d-a85e-b416036e0d42 4835daeacea144d1b5e7a1c023a3efca 510fcf7d649444d09cdff1a076a9c24d - - default default] 10.0.0.128 "POST /v2.0/ports HTTP/1.1" status: 201 len: 942 time: 0.3769310 /var/lib/openstack/lib/python3.10/site-packages/pycadf/identifier.py:71: UserWarning: Invalid uuid: neutron. To ensure interoperability, identifiers should be a valid uuid. warnings.warn(('Invalid uuid: %s. To ensure interoperability, '
2026-06-24 19:10:41.882 10 WARNING neutron_lib.context [None req-4f765ca8-0305-4043-be8c-d13c5af583aa 4835daeacea144d1b5e7a1c023a3efca 510fcf7d649444d09cdff1a076a9c24d - - default default] Method 'is_advsvc' is deprecated since 2023.2 release (neutron-lib 3.8.0) and will be removed once support for the old RBAC API policies will be removed from Neutron. Please use method 'is_service_role' instead.
2026-06-24 19:10:42.012 9 WARNING neutron.scheduler.dhcp_agent_scheduler [None req-945420ea-8c6b-410d-b6f4-aa218af37d6e ec799136185c4c139505f37770c29a78 ea4228d175304820b807d0b681ed9103 - - default default] No more DHCP agents
2026-06-24 19:10:42.038 9 WARNING neutron.api.rpc.agentnotifiers.dhcp_rpc_agent_api [None req-945420ea-8c6b-410d-b6f4-aa218af37d6e ec799136185c4c139505f37770c29a78 ea4228d175304820b807d0b681ed9103 - - default default] Unable to schedule network 38d4a873-7517-4628-8810-c56ea2bb6b2e: no agents available; will retry on subsequent port and subnet creation events.
2026-06-24 19:10:42.090 10 INFO neutron.wsgi [None req-4f765ca8-0305-4043-be8c-d13c5af583aa 4835daeacea144d1b5e7a1c023a3efca 510fcf7d649444d09cdff1a076a9c24d - - default default] 10.0.0.128 "POST /v2.0/trunks HTTP/1.1" status: 201 len: 608 time: 0.2130280
2026-06-24 19:10:42.100 10 WARNING neutron_lib.context [None req-c504746f-31a6-423d-95c4-80f8430b05cd 4835daeacea144d1b5e7a1c023a3efca 510fcf7d649444d09cdff1a076a9c24d - - default default] Method 'is_advsvc' is deprecated since 2023.2 release (neutron-lib 3.8.0) and will be removed once support for the old RBAC API policies will be removed from Neutron. Please use method 'is_service_role' instead.
2026-06-24 19:10:42.160 9 INFO neutron.wsgi [None req-6cf76be0-2752-4348-9546-f2a2bcdddd7e e1c16dd2737a472595f551c076cdb39d 12a91bf2c20c4330951fcaa86ea25da6 - - default default] 10.0.0.128 "DELETE /v2.0/ports/569d248b-0cd3-49d2-96fc-5b01b547069e HTTP/1.1" status: 204 len: 168 time: 0.6441994
2026-06-24 19:10:42.211 10 INFO neutron.db.segments_db [None req-c504746f-31a6-423d-95c4-80f8430b05cd 4835daeacea144d1b5e7a1c023a3efca 510fcf7d649444d09cdff1a076a9c24d - - default default] Added segment 2a0647fb-9883-4f49-bfa7-47f986ec91e1 of type geneve for network fa915a8b-515a-4856-929b-911d7d374e81
2026-06-24 19:10:42.390 10 INFO neutron.db.ovn_revision_numbers_db [None req-c504746f-31a6-423d-95c4-80f8430b05cd 4835daeacea144d1b5e7a1c023a3efca 510fcf7d649444d09cdff1a076a9c24d - - default default] Successfully bumped revision number for resource fa915a8b-515a-4856-929b-911d7d374e81 (type: networks) to 1
2026-06-24 19:10:42.571 9 INFO neutron.db.ovn_revision_numbers_db [None req-945420ea-8c6b-410d-b6f4-aa218af37d6e ec799136185c4c139505f37770c29a78 ea4228d175304820b807d0b681ed9103 - - default default] Successfully bumped revision number for resource 4bfeb56b-b1b6-42b0-a6e0-e5b07ad92c2b (type: ports) to 2
2026-06-24 19:10:42.611 9 INFO neutron.db.ovn_revision_numbers_db [None req-945420ea-8c6b-410d-b6f4-aa218af37d6e ec799136185c4c139505f37770c29a78 ea4228d175304820b807d0b681ed9103 - - default default] Successfully bumped revision number for resource b7c2beb4-0c7c-4eac-9650-fa728dfc4a46 (type: subnets) to 0
2026-06-24 19:10:42.630 9 INFO neutron.wsgi [None req-945420ea-8c6b-410d-b6f4-aa218af37d6e ec799136185c4c139505f37770c29a78 ea4228d175304820b807d0b681ed9103 - - default default] 10.0.0.128 "POST /v2.0/subnets HTTP/1.1" status: 201 len: 863 time: 1.0697818
2026-06-24 19:10:42.644 10 WARNING neutron.scheduler.dhcp_agent_scheduler [None req-c504746f-31a6-423d-95c4-80f8430b05cd 4835daeacea144d1b5e7a1c023a3efca 510fcf7d649444d09cdff1a076a9c24d - - default default] No more DHCP agents
2026-06-24 19:10:42.649 10 WARNING neutron.api.rpc.agentnotifiers.dhcp_rpc_agent_api [None req-c504746f-31a6-423d-95c4-80f8430b05cd 4835daeacea144d1b5e7a1c023a3efca 510fcf7d649444d09cdff1a076a9c24d - - default default] Unable to schedule network fa915a8b-515a-4856-929b-911d7d374e81: no agents available; will retry on subsequent port and subnet creation events.
2026-06-24 19:10:42.770 10 INFO neutron.services.segments.plugin [-] Segment ffe3f74f-bdf9-469f-b01a-c25785a86c32 resource provider aggregate not found
2026-06-24 19:10:42.775 10 INFO neutron.services.segments.plugin [-] Segment ffe3f74f-bdf9-469f-b01a-c25785a86c32 resource provider aggregate not found
2026-06-24 19:10:42.791 10 INFO neutron.services.segments.plugin [-] Segment ffe3f74f-bdf9-469f-b01a-c25785a86c32 resource provider not found; error: Placement Client Error (4xx): {"errors": [{"status": 404, "title": "Not Found", "detail": "The resource could not be found.\n\n No resource provider with uuid ffe3f74f-bdf9-469f-b01a-c25785a86c32 found for delete ", "request_id": "req-9c97a6c0-9a87-4f57-a2f5-8d4ac4e30d12"}]}
2026-06-24 19:10:42.791 10 INFO neutron.services.segments.plugin [-] Segment ffe3f74f-bdf9-469f-b01a-c25785a86c32 resource provider not found; error: Placement Client Error (4xx): {"errors": [{"status": 404, "title": "Not Found", "detail": "The resource could not be found.\n\n No resource provider with uuid ffe3f74f-bdf9-469f-b01a-c25785a86c32 found for delete ", "request_id": "req-2997e884-8603-4695-a4bd-6945d57dd519"}]}
2026-06-24 19:10:42.803 10 INFO neutron.wsgi [None req-d1effdf7-f706-4d55-970a-861a04df8823 e1c16dd2737a472595f551c076cdb39d 12a91bf2c20c4330951fcaa86ea25da6 - - default default] 10.0.0.128 "DELETE /v2.0/networks/566abfe8-eaf5-4264-badc-83c25f4d0fa4 HTTP/1.1" status: 204 len: 168 time: 0.6368988
2026-06-24 19:10:42.805 10 INFO neutron.db.ovn_revision_numbers_db [None req-c504746f-31a6-423d-95c4-80f8430b05cd 4835daeacea144d1b5e7a1c023a3efca 510fcf7d649444d09cdff1a076a9c24d - - default default] Successfully bumped revision number for resource 4a7d6777-a02e-4ef5-830f-7255fa297421 (type: ports) to 1
2026-06-24 19:10:42.839 10 INFO neutron.wsgi [None req-c504746f-31a6-423d-95c4-80f8430b05cd 4835daeacea144d1b5e7a1c023a3efca 510fcf7d649444d09cdff1a076a9c24d - - default default] 10.0.0.128 "POST /v2.0/networks HTTP/1.1" status: 201 len: 831 time: 0.7437842
2026-06-24 19:10:42.851 10 WARNING neutron_lib.context [None req-f1dfe28a-5c86-41c0-ba43-f9649903d397 4835daeacea144d1b5e7a1c023a3efca 510fcf7d649444d09cdff1a076a9c24d - - default default] Method 'is_advsvc' is deprecated since 2023.2 release (neutron-lib 3.8.0) and will be removed once support for the old RBAC API policies will be removed from Neutron. Please use method 'is_service_role' instead.
2026-06-24 19:10:42.984 9 INFO neutron.wsgi [-] 10.0.0.132 "GET / HTTP/1.1" status: 200 len: 247 time: 0.0016356
2026-06-24 19:10:42.986 9 INFO neutron.wsgi [-] 10.0.0.132 "GET / HTTP/1.1" status: 200 len: 247 time: 0.0009420
2026-06-24 19:10:43.225 10 WARNING neutron.scheduler.dhcp_agent_scheduler [None req-f1dfe28a-5c86-41c0-ba43-f9649903d397 4835daeacea144d1b5e7a1c023a3efca 510fcf7d649444d09cdff1a076a9c24d - - default default] No more DHCP agents
2026-06-24 19:10:43.227 10 WARNING neutron.api.rpc.agentnotifiers.dhcp_rpc_agent_api [None req-f1dfe28a-5c86-41c0-ba43-f9649903d397 4835daeacea144d1b5e7a1c023a3efca 510fcf7d649444d09cdff1a076a9c24d - - default default] Unable to schedule network fa915a8b-515a-4856-929b-911d7d374e81: no agents available; will retry on subsequent port and subnet creation events.
2026-06-24 19:10:43.295 9 WARNING neutron.scheduler.dhcp_agent_scheduler [None req-de376b44-2b9f-4160-a1d9-00a202cede41 ec799136185c4c139505f37770c29a78 ea4228d175304820b807d0b681ed9103 - - default default] No more DHCP agents
2026-06-24 19:10:43.301 9 WARNING neutron.api.rpc.agentnotifiers.dhcp_rpc_agent_api [None req-de376b44-2b9f-4160-a1d9-00a202cede41 ec799136185c4c139505f37770c29a78 ea4228d175304820b807d0b681ed9103 - - default default] Unable to schedule network 83af68fc-eabc-4f93-abd9-e363b8272142: no agents available; will retry on subsequent port and subnet creation events.
2026-06-24 19:10:43.324 10 INFO neutron.db.ovn_revision_numbers_db [None req-f1dfe28a-5c86-41c0-ba43-f9649903d397 4835daeacea144d1b5e7a1c023a3efca 510fcf7d649444d09cdff1a076a9c24d - - default default] Successfully bumped revision number for resource cb44ae15-45b3-4742-948e-f06d62bd806a (type: ports) to 1
2026-06-24 19:10:43.354 10 INFO neutron.wsgi [None req-f1dfe28a-5c86-41c0-ba43-f9649903d397 4835daeacea144d1b5e7a1c023a3efca 510fcf7d649444d09cdff1a076a9c24d - - default default] 10.0.0.128 "POST /v2.0/ports HTTP/1.1" status: 201 len: 942 time: 0.5098152
2026-06-24 19:10:43.366 9 WARNING neutron_lib.context [None req-67c80195-0ace-4c8d-b7ee-37fc463fa602 4835daeacea144d1b5e7a1c023a3efca 510fcf7d649444d09cdff1a076a9c24d - - default default] Method 'is_advsvc' is deprecated since 2023.2 release (neutron-lib 3.8.0) and will be removed once support for the old RBAC API policies will be removed from Neutron. Please use method 'is_service_role' instead.
2026-06-24 19:10:43.571 9 INFO neutron.db.ovn_revision_numbers_db [None req-de376b44-2b9f-4160-a1d9-00a202cede41 ec799136185c4c139505f37770c29a78 ea4228d175304820b807d0b681ed9103 - - default default] Successfully bumped revision number for resource 0f79dd08-8f33-49c6-8f3f-f6630c981829 (type: ports) to 1
2026-06-24 19:10:43.755 9 INFO neutron.wsgi [None req-67c80195-0ace-4c8d-b7ee-37fc463fa602 4835daeacea144d1b5e7a1c023a3efca 510fcf7d649444d09cdff1a076a9c24d - - default default] 10.0.0.128 "POST /v2.0/trunks HTTP/1.1" status: 201 len: 608 time: 0.3945630 /var/lib/openstack/lib/python3.10/site-packages/pycadf/identifier.py:71: UserWarning: Invalid uuid: neutron. To ensure interoperability, identifiers should be a valid uuid. warnings.warn(('Invalid uuid: %s. To ensure interoperability, '
2026-06-24 19:10:43.771 10 WARNING neutron_lib.context [None req-e5c1fe12-b77d-4065-b078-fdd0a2942da0 4835daeacea144d1b5e7a1c023a3efca 510fcf7d649444d09cdff1a076a9c24d - - default default] Method 'is_advsvc' is deprecated since 2023.2 release (neutron-lib 3.8.0) and will be removed once support for the old RBAC API policies will be removed from Neutron. Please use method 'is_service_role' instead.
2026-06-24 19:10:43.836 10 INFO neutron.wsgi [None req-ed9febda-9d65-46b8-aa60-ccb496449c23 ec799136185c4c139505f37770c29a78 ea4228d175304820b807d0b681ed9103 - - default default] 10.0.0.128 "GET /v2.0/security-groups?tenant_id=12a91bf2c20c4330951fcaa86ea25da6&name=default HTTP/1.1" status: 200 len: 3120 time: 0.2362828
2026-06-24 19:10:43.882 10 INFO neutron.db.segments_db [None req-e5c1fe12-b77d-4065-b078-fdd0a2942da0 4835daeacea144d1b5e7a1c023a3efca 510fcf7d649444d09cdff1a076a9c24d - - default default] Added segment 740ebec2-6c07-40cf-8274-521145795604 of type geneve for network d1034307-f786-4bde-9c61-e79c1721b920
2026-06-24 19:10:44.109 10 INFO neutron.db.ovn_revision_numbers_db [None req-e5c1fe12-b77d-4065-b078-fdd0a2942da0 4835daeacea144d1b5e7a1c023a3efca 510fcf7d649444d09cdff1a076a9c24d - - default default] Successfully bumped revision number for resource d1034307-f786-4bde-9c61-e79c1721b920 (type: networks) to 1
2026-06-24 19:10:44.222 10 INFO neutron.wsgi [None req-f8433496-3408-4357-9801-c1d5245a8fa2 ec799136185c4c139505f37770c29a78 ea4228d175304820b807d0b681ed9103 - - default default] 10.0.0.128 "DELETE /v2.0/security-groups/e4da3462-9b7f-4e62-ba6f-1bbc3fc1a8aa HTTP/1.1" status: 204 len: 168 time: 0.3797710
2026-06-24 19:10:44.294 10 WARNING neutron.scheduler.dhcp_agent_scheduler [None req-e5c1fe12-b77d-4065-b078-fdd0a2942da0 4835daeacea144d1b5e7a1c023a3efca 510fcf7d649444d09cdff1a076a9c24d - - default default] No more DHCP agents
2026-06-24 19:10:44.297 10 WARNING neutron.api.rpc.agentnotifiers.dhcp_rpc_agent_api [None req-e5c1fe12-b77d-4065-b078-fdd0a2942da0 4835daeacea144d1b5e7a1c023a3efca 510fcf7d649444d09cdff1a076a9c24d - - default default] Unable to schedule network d1034307-f786-4bde-9c61-e79c1721b920: no agents available; will retry on subsequent port and subnet creation events.
2026-06-24 19:10:44.394 10 INFO neutron.db.ovn_revision_numbers_db [None req-e5c1fe12-b77d-4065-b078-fdd0a2942da0 4835daeacea144d1b5e7a1c023a3efca 510fcf7d649444d09cdff1a076a9c24d - - default default] Successfully bumped revision number for resource c43295ca-e2cd-4f05-b34a-9f6ed1264a1f (type: ports) to 1
2026-06-24 19:10:44.419 10 INFO neutron.wsgi [None req-e5c1fe12-b77d-4065-b078-fdd0a2942da0 4835daeacea144d1b5e7a1c023a3efca 510fcf7d649444d09cdff1a076a9c24d - - default default] 10.0.0.128 "POST /v2.0/networks HTTP/1.1" status: 201 len: 830 time: 0.6557837
2026-06-24 19:10:44.428 10 WARNING neutron_lib.context [None req-9e94a967-19a2-433f-8364-893d0ebbfaf1 4835daeacea144d1b5e7a1c023a3efca 510fcf7d649444d09cdff1a076a9c24d - - default default] Method 'is_advsvc' is deprecated since 2023.2 release (neutron-lib 3.8.0) and will be removed once support for the old RBAC API policies will be removed from Neutron. Please use method 'is_service_role' instead.
2026-06-24 19:10:44.534 9 INFO neutron.db.ovn_revision_numbers_db [None req-791d1369-8ea6-46cb-976b-d5930255f83a ec799136185c4c139505f37770c29a78 ea4228d175304820b807d0b681ed9103 - - default default] Successfully bumped revision number for resource dfa71e1a-689a-42ef-988f-0655bbc795df (type: security_groups) to 1
2026-06-24 19:10:44.551 9 INFO neutron.db.ovn_revision_numbers_db [None req-791d1369-8ea6-46cb-976b-d5930255f83a ec799136185c4c139505f37770c29a78 ea4228d175304820b807d0b681ed9103 - - default default] Successfully bumped revision number for resource 3d5d110c-753d-4005-b38a-9c95ec5f1a05 (type: security_group_rules) to 0
2026-06-24 19:10:44.574 9 INFO neutron.db.ovn_revision_numbers_db [None req-791d1369-8ea6-46cb-976b-d5930255f83a ec799136185c4c139505f37770c29a78 ea4228d175304820b807d0b681ed9103 - - default default] Successfully bumped revision number for resource 7f393d81-b9f3-45a8-97f6-92806d36d0d4 (type: security_group_rules) to 0
2026-06-24 19:10:44.596 9 INFO neutron.db.ovn_revision_numbers_db [None req-791d1369-8ea6-46cb-976b-d5930255f83a ec799136185c4c139505f37770c29a78 ea4228d175304820b807d0b681ed9103 - - default default] Successfully bumped revision number for resource bd37f9e1-0bd7-48de-ac37-24563cafab66 (type: security_group_rules) to 0
2026-06-24 19:10:44.611 9 INFO neutron.plugins.ml2.drivers.ovn.mech_driver.ovsdb.commands [None req-9fe5a1ba-4048-4431-aecc-a791298289ca - - - - - -] Schedule LRP lrp-0f79dd08-8f33-49c6-8f3f-f6630c981829 on gateway f5cdd266-7fbb-49d4-98f3-cb656c516c24 with priority 1
2026-06-24 19:10:44.613 9 INFO neutron.db.ovn_revision_numbers_db [None req-791d1369-8ea6-46cb-976b-d5930255f83a ec799136185c4c139505f37770c29a78 ea4228d175304820b807d0b681ed9103 - - default default] Successfully bumped revision number for resource c2608143-ed80-4d47-82b9-d43ace996723 (type: security_group_rules) to 0
2026-06-24 19:10:44.625 9 INFO neutron.plugins.ml2.drivers.ovn.mech_driver.mech_driver [None req-ee5c6fa3-e313-4882-9571-18a31207f112 - - - - - -] OVN reports status up for port: 0f79dd08-8f33-49c6-8f3f-f6630c981829
2026-06-24 19:10:44.654 9 INFO neutron.plugins.ml2.drivers.ovn.mech_driver.ovsdb.ovsdb_monitor [None req-acabf4b9-38c9-4de7-8c85-b48865b76270 - - - - - -] Router 778cd510-0f99-4fbf-a0c2-0fb79c73670b is bound to host instance
2026-06-24 19:10:44.666 9 INFO neutron.plugins.ml2.plugin [None req-ee5c6fa3-e313-4882-9571-18a31207f112 - - - - - -] Attempt 1 to provision port 0f79dd08-8f33-49c6-8f3f-f6630c981829
2026-06-24 19:10:44.671 9 INFO neutron.wsgi [None req-791d1369-8ea6-46cb-976b-d5930255f83a ec799136185c4c139505f37770c29a78 ea4228d175304820b807d0b681ed9103 - - default default] 10.0.0.128 "GET /v2.0/security-groups?tenant_id=6aa3bc0b48714bd49187184d3f7fce4d&name=default HTTP/1.1" status: 200 len: 3120 time: 0.3406291 /var/lib/openstack/lib/python3.10/site-packages/pycadf/identifier.py:71: UserWarning: Invalid uuid: neutron. To ensure interoperability, identifiers should be a valid uuid. warnings.warn(('Invalid uuid: %s. To ensure interoperability, '
2026-06-24 19:10:44.695 10 WARNING neutron.scheduler.dhcp_agent_scheduler [None req-9e94a967-19a2-433f-8364-893d0ebbfaf1 4835daeacea144d1b5e7a1c023a3efca 510fcf7d649444d09cdff1a076a9c24d - - default default] No more DHCP agents
2026-06-24 19:10:44.701 10 WARNING neutron.api.rpc.agentnotifiers.dhcp_rpc_agent_api [None req-9e94a967-19a2-433f-8364-893d0ebbfaf1 4835daeacea144d1b5e7a1c023a3efca 510fcf7d649444d09cdff1a076a9c24d - - default default] Unable to schedule network d1034307-f786-4bde-9c61-e79c1721b920: no agents available; will retry on subsequent port and subnet creation events.
2026-06-24 19:10:44.725 9 INFO neutron.db.ovn_revision_numbers_db [None req-de376b44-2b9f-4160-a1d9-00a202cede41 ec799136185c4c139505f37770c29a78 ea4228d175304820b807d0b681ed9103 - - default default] Successfully bumped revision number for resource 0f79dd08-8f33-49c6-8f3f-f6630c981829 (type: router_ports) to 1
2026-06-24 19:10:44.815 10 INFO neutron.db.ovn_revision_numbers_db [None req-9e94a967-19a2-433f-8364-893d0ebbfaf1 4835daeacea144d1b5e7a1c023a3efca 510fcf7d649444d09cdff1a076a9c24d - - default default] Successfully bumped revision number for resource aa343783-1748-4484-a0a4-6145179d7ad7 (type: ports) to 1
2026-06-24 19:10:44.841 10 INFO neutron.wsgi [None req-9e94a967-19a2-433f-8364-893d0ebbfaf1 4835daeacea144d1b5e7a1c023a3efca 510fcf7d649444d09cdff1a076a9c24d - - default default] 10.0.0.128 "POST /v2.0/ports HTTP/1.1" status: 201 len: 942 time: 0.4178224 /var/lib/openstack/lib/python3.10/site-packages/pycadf/identifier.py:71: UserWarning: Invalid uuid: neutron. To ensure interoperability, identifiers should be a valid uuid. warnings.warn(('Invalid uuid: %s. To ensure interoperability, '
2026-06-24 19:10:44.848 10 WARNING neutron_lib.context [None req-ab9b69b9-5647-4a7b-99c8-d9f04aa304d4 4835daeacea144d1b5e7a1c023a3efca 510fcf7d649444d09cdff1a076a9c24d - - default default] Method 'is_advsvc' is deprecated since 2023.2 release (neutron-lib 3.8.0) and will be removed once support for the old RBAC API policies will be removed from Neutron. Please use method 'is_service_role' instead.
2026-06-24 19:10:44.874 9 INFO neutron.db.ovn_revision_numbers_db [None req-de376b44-2b9f-4160-a1d9-00a202cede41 ec799136185c4c139505f37770c29a78 ea4228d175304820b807d0b681ed9103 - - default default] Successfully bumped revision number for resource 778cd510-0f99-4fbf-a0c2-0fb79c73670b (type: routers) to 2
2026-06-24 19:10:44.901 9 INFO neutron.wsgi [None req-de376b44-2b9f-4160-a1d9-00a202cede41 ec799136185c4c139505f37770c29a78 ea4228d175304820b807d0b681ed9103 - - default default] 10.0.0.128 "POST /v2.0/routers HTTP/1.1" status: 201 len: 1165 time: 2.2661889
2026-06-24 19:10:44.982 10 INFO neutron.wsgi [None req-9eaa8f5c-4c8d-4a21-a52b-900e668d8f22 ec799136185c4c139505f37770c29a78 ea4228d175304820b807d0b681ed9103 - - default default] 10.0.0.128 "DELETE /v2.0/security-groups/dfa71e1a-689a-42ef-988f-0655bbc795df HTTP/1.1" status: 204 len: 168 time: 0.3061571
2026-06-24 19:10:45.103 10 INFO neutron.db.ovn_revision_numbers_db [None req-8ef52e7f-4c58-4897-893f-b1261af0a223 ec799136185c4c139505f37770c29a78 ea4228d175304820b807d0b681ed9103 - - default default] Successfully bumped revision number for resource 7c6e13b0-698a-4c16-a1cc-95366f86c5e7 (type: security_groups) to 1
2026-06-24 19:10:45.110 10 INFO neutron.wsgi [None req-ab9b69b9-5647-4a7b-99c8-d9f04aa304d4 4835daeacea144d1b5e7a1c023a3efca 510fcf7d649444d09cdff1a076a9c24d - - default default] 10.0.0.128 "POST /v2.0/trunks HTTP/1.1" status: 201 len: 608 time: 0.2656260
2026-06-24 19:10:45.120 10 WARNING neutron_lib.context [None req-a63c9b75-e37b-4342-a2cc-cab8e5ced8a6 4835daeacea144d1b5e7a1c023a3efca 510fcf7d649444d09cdff1a076a9c24d - - default default] Method 'is_advsvc' is deprecated since 2023.2 release (neutron-lib 3.8.0) and will be removed once support for the old RBAC API policies will be removed from Neutron. Please use method 'is_service_role' instead.
2026-06-24 19:10:45.129 10 INFO neutron.db.ovn_revision_numbers_db [None req-8ef52e7f-4c58-4897-893f-b1261af0a223 ec799136185c4c139505f37770c29a78 ea4228d175304820b807d0b681ed9103 - - default default] Successfully bumped revision number for resource 434adfe1-5ccd-4cbc-98ed-97398b5c3727 (type: security_group_rules) to 0
2026-06-24 19:10:45.162 10 INFO neutron.db.ovn_revision_numbers_db [None req-8ef52e7f-4c58-4897-893f-b1261af0a223 ec799136185c4c139505f37770c29a78 ea4228d175304820b807d0b681ed9103 - - default default] Successfully bumped revision number for resource 57faad43-8296-4ed6-9c4f-9c86f29a5e98 (type: security_group_rules) to 0
2026-06-24 19:10:45.201 10 INFO neutron.db.ovn_revision_numbers_db [None req-8ef52e7f-4c58-4897-893f-b1261af0a223 ec799136185c4c139505f37770c29a78 ea4228d175304820b807d0b681ed9103 - - default default] Successfully bumped revision number for resource c6e03d82-54d2-4496-8340-8640104474c6 (type: security_group_rules) to 0
2026-06-24 19:10:45.224 10 INFO neutron.db.segments_db [None req-a63c9b75-e37b-4342-a2cc-cab8e5ced8a6 4835daeacea144d1b5e7a1c023a3efca 510fcf7d649444d09cdff1a076a9c24d - - default default] Added segment 62e7e0ff-c486-417f-b6d4-28a8f37f7d75 of type geneve for network 23ba3f8e-2c70-45e1-ba53-751b14732d65
2026-06-24 19:10:45.229 10 INFO neutron.db.ovn_revision_numbers_db [None req-8ef52e7f-4c58-4897-893f-b1261af0a223 ec799136185c4c139505f37770c29a78 ea4228d175304820b807d0b681ed9103 - - default default] Successfully bumped revision number for resource fa1fa552-7502-4015-b03f-8461e0403cb0 (type: security_group_rules) to 0
2026-06-24 19:10:45.263 10 INFO neutron.wsgi [None req-8ef52e7f-4c58-4897-893f-b1261af0a223 ec799136185c4c139505f37770c29a78 ea4228d175304820b807d0b681ed9103 - - default default] 10.0.0.128 "GET /v2.0/security-groups?tenant_id=97f14b3ca6be427b8d8136d1e98aaaf9&name=default HTTP/1.1" status: 200 len: 3120 time: 0.5141351
2026-06-24 19:10:45.632 10 INFO neutron.db.ovn_revision_numbers_db [None req-a63c9b75-e37b-4342-a2cc-cab8e5ced8a6 4835daeacea144d1b5e7a1c023a3efca 510fcf7d649444d09cdff1a076a9c24d - - default default] Successfully bumped revision number for resource 23ba3f8e-2c70-45e1-ba53-751b14732d65 (type: networks) to 1
2026-06-24 19:10:45.852 10 WARNING neutron.scheduler.dhcp_agent_scheduler [None req-a63c9b75-e37b-4342-a2cc-cab8e5ced8a6 4835daeacea144d1b5e7a1c023a3efca 510fcf7d649444d09cdff1a076a9c24d - - default default] No more DHCP agents
2026-06-24 19:10:45.856 10 WARNING neutron.api.rpc.agentnotifiers.dhcp_rpc_agent_api [None req-a63c9b75-e37b-4342-a2cc-cab8e5ced8a6 4835daeacea144d1b5e7a1c023a3efca 510fcf7d649444d09cdff1a076a9c24d - - default default] Unable to schedule network 23ba3f8e-2c70-45e1-ba53-751b14732d65: no agents available; will retry on subsequent port and subnet creation events.
2026-06-24 19:10:45.946 10 INFO neutron.db.ovn_revision_numbers_db [None req-a63c9b75-e37b-4342-a2cc-cab8e5ced8a6 4835daeacea144d1b5e7a1c023a3efca 510fcf7d649444d09cdff1a076a9c24d - - default default] Successfully bumped revision number for resource 493a9042-3b26-498f-8d67-a396eb1078ad (type: ports) to 1
2026-06-24 19:10:45.971 10 INFO neutron.wsgi [None req-a63c9b75-e37b-4342-a2cc-cab8e5ced8a6 4835daeacea144d1b5e7a1c023a3efca 510fcf7d649444d09cdff1a076a9c24d - - default default] 10.0.0.128 "POST /v2.0/networks HTTP/1.1" status: 201 len: 830 time: 0.8551145
2026-06-24 19:10:45.985 10 WARNING neutron_lib.context [None req-796468e8-c278-4d81-a7f1-5b2de1496b5d 4835daeacea144d1b5e7a1c023a3efca 510fcf7d649444d09cdff1a076a9c24d - - default default] Method 'is_advsvc' is deprecated since 2023.2 release (neutron-lib 3.8.0) and will be removed once support for the old RBAC API policies will be removed from Neutron. Please use method 'is_service_role' instead.
2026-06-24 19:10:46.075 9 INFO neutron.wsgi [None req-3464d0fa-424b-412f-a592-91a262ef492b ec799136185c4c139505f37770c29a78 ea4228d175304820b807d0b681ed9103 - - default default] 10.0.0.128 "DELETE /v2.0/security-groups/7c6e13b0-698a-4c16-a1cc-95366f86c5e7 HTTP/1.1" status: 204 len: 168 time: 0.7932689
2026-06-24 19:10:46.131 9 INFO neutron.db.ovn_revision_numbers_db [None req-acabf4b9-38c9-4de7-8c85-b48865b76270 - - - - - -] Successfully bumped revision number for resource 0f79dd08-8f33-49c6-8f3f-f6630c981829 (type: ports) to 1
2026-06-24 19:10:46.139 9 WARNING neutron.scheduler.dhcp_agent_scheduler [None req-3ffc8bb9-b4e8-43d8-b07e-c7d691a3672d ec799136185c4c139505f37770c29a78 ea4228d175304820b807d0b681ed9103 - - default default] No more DHCP agents
2026-06-24 19:10:46.142 9 WARNING neutron.api.rpc.agentnotifiers.dhcp_rpc_agent_api [None req-3ffc8bb9-b4e8-43d8-b07e-c7d691a3672d ec799136185c4c139505f37770c29a78 ea4228d175304820b807d0b681ed9103 - - default default] Unable to schedule network 38d4a873-7517-4628-8810-c56ea2bb6b2e: no agents available; will retry on subsequent port and subnet creation events.
2026-06-24 19:10:46.271 10 WARNING neutron.scheduler.dhcp_agent_scheduler [None req-796468e8-c278-4d81-a7f1-5b2de1496b5d 4835daeacea144d1b5e7a1c023a3efca 510fcf7d649444d09cdff1a076a9c24d - - default default] No more DHCP agents
2026-06-24 19:10:46.273 10 WARNING neutron.api.rpc.agentnotifiers.dhcp_rpc_agent_api [None req-796468e8-c278-4d81-a7f1-5b2de1496b5d 4835daeacea144d1b5e7a1c023a3efca 510fcf7d649444d09cdff1a076a9c24d - - default default] Unable to schedule network 23ba3f8e-2c70-45e1-ba53-751b14732d65: no agents available; will retry on subsequent port and subnet creation events.
2026-06-24 19:10:46.385 10 INFO neutron.db.ovn_revision_numbers_db [None req-796468e8-c278-4d81-a7f1-5b2de1496b5d 4835daeacea144d1b5e7a1c023a3efca 510fcf7d649444d09cdff1a076a9c24d - - default default] Successfully bumped revision number for resource b9972871-fa47-4e7c-86ac-12c6f150a5c0 (type: ports) to 1
2026-06-24 19:10:46.408 10 INFO neutron.wsgi [None req-796468e8-c278-4d81-a7f1-5b2de1496b5d 4835daeacea144d1b5e7a1c023a3efca 510fcf7d649444d09cdff1a076a9c24d - - default default] 10.0.0.128 "POST /v2.0/ports HTTP/1.1" status: 201 len: 942 time: 0.4308715 /var/lib/openstack/lib/python3.10/site-packages/pycadf/identifier.py:71: UserWarning: Invalid uuid: neutron. To ensure interoperability, identifiers should be a valid uuid. warnings.warn(('Invalid uuid: %s. To ensure interoperability, '
2026-06-24 19:10:46.418 10 WARNING neutron_lib.context [None req-1625f6dd-f393-4cf0-92cb-1e76573ff12c 4835daeacea144d1b5e7a1c023a3efca 510fcf7d649444d09cdff1a076a9c24d - - default default] Method 'is_advsvc' is deprecated since 2023.2 release (neutron-lib 3.8.0) and will be removed once support for the old RBAC API policies will be removed from Neutron. Please use method 'is_service_role' instead.
2026-06-24 19:10:46.460 9 INFO neutron.db.ovn_revision_numbers_db [None req-3ffc8bb9-b4e8-43d8-b07e-c7d691a3672d ec799136185c4c139505f37770c29a78 ea4228d175304820b807d0b681ed9103 - - default default] Successfully bumped revision number for resource d9fc8c76-5155-4d9e-b452-5eed0ef6c336 (type: ports) to 1
2026-06-24 19:10:46.569 9 INFO neutron.db.ovn_revision_numbers_db [None req-a176313a-daea-480d-88c2-36e311ebc4c5 ec799136185c4c139505f37770c29a78 ea4228d175304820b807d0b681ed9103 - - default default] Successfully bumped revision number for resource 4072ce64-7b22-423f-81c8-da6a96db5fce (type: security_groups) to 1
2026-06-24 19:10:46.601 9 INFO neutron.db.ovn_revision_numbers_db [None req-a176313a-daea-480d-88c2-36e311ebc4c5 ec799136185c4c139505f37770c29a78 ea4228d175304820b807d0b681ed9103 - - default default] Successfully bumped revision number for resource 0be27a69-070c-4ce2-810e-878f614c4e81 (type: security_group_rules) to 0
2026-06-24 19:10:46.619 10 INFO neutron.wsgi [None req-1625f6dd-f393-4cf0-92cb-1e76573ff12c 4835daeacea144d1b5e7a1c023a3efca 510fcf7d649444d09cdff1a076a9c24d - - default default] 10.0.0.128 "POST /v2.0/trunks HTTP/1.1" status: 201 len: 608 time: 0.2059209
2026-06-24 19:10:46.633 9 INFO neutron.db.ovn_revision_numbers_db [None req-a176313a-daea-480d-88c2-36e311ebc4c5 ec799136185c4c139505f37770c29a78 ea4228d175304820b807d0b681ed9103 - - default default] Successfully bumped revision number for resource 0ff50cea-8919-4da3-9dc4-d46558650403 (type: security_group_rules) to 0
2026-06-24 19:10:46.656 10 INFO neutron.wsgi [None req-f94b3cd4-b07d-42c9-aeb0-e5c7f083a7a9 4835daeacea144d1b5e7a1c023a3efca 510fcf7d649444d09cdff1a076a9c24d - - default default] 10.0.0.128 "PUT /v2.0/trunks/496a9276-aa11-4962-aab3-7fcbfbb0f727/tags HTTP/1.1" status: 200 len: 210 time: 0.0334592
2026-06-24 19:10:46.659 9 INFO neutron.db.ovn_revision_numbers_db [None req-a176313a-daea-480d-88c2-36e311ebc4c5 ec799136185c4c139505f37770c29a78 ea4228d175304820b807d0b681ed9103 - - default default] Successfully bumped revision number for resource 6fbb97e9-5f06-4475-9132-731858d8238a (type: security_group_rules) to 0
2026-06-24 19:10:46.684 9 INFO neutron.db.ovn_revision_numbers_db [None req-a176313a-daea-480d-88c2-36e311ebc4c5 ec799136185c4c139505f37770c29a78 ea4228d175304820b807d0b681ed9103 - - default default] Successfully bumped revision number for resource ef28998d-376b-455a-9637-6c9e15577b20 (type: security_group_rules) to 0
2026-06-24 19:10:46.690 10 INFO neutron.wsgi [None req-6b54ec62-dd3d-4da9-8640-cbf0d1b29e8b 4835daeacea144d1b5e7a1c023a3efca 510fcf7d649444d09cdff1a076a9c24d - - default default] 10.0.0.128 "PUT /v2.0/trunks/f247c943-d87a-4f61-84d2-8d32d1b34df2/tags HTTP/1.1" status: 200 len: 218 time: 0.0297186
2026-06-24 19:10:46.720 9 INFO neutron.wsgi [None req-a176313a-daea-480d-88c2-36e311ebc4c5 ec799136185c4c139505f37770c29a78 ea4228d175304820b807d0b681ed9103 - - default default] 10.0.0.128 "GET /v2.0/security-groups?tenant_id=29ec042064f04313b0fc2d8db19d5669&name=default HTTP/1.1" status: 200 len: 3120 time: 0.4543591
2026-06-24 19:10:46.720 9 INFO neutron.db.ovn_revision_numbers_db [None req-acabf4b9-38c9-4de7-8c85-b48865b76270 - - - - - -] Successfully bumped revision number for resource 0f79dd08-8f33-49c6-8f3f-f6630c981829 (type: router_ports) to 3
2026-06-24 19:10:46.735 10 INFO neutron.wsgi [None req-24cd23d2-d38f-4fd1-a9af-2af330dde365 4835daeacea144d1b5e7a1c023a3efca 510fcf7d649444d09cdff1a076a9c24d - - default default] 10.0.0.128 "PUT /v2.0/trunks/828b7228-eb78-419f-8fa4-330a4a1ae194/tags HTTP/1.1" status: 200 len: 227 time: 0.0403507
2026-06-24 19:10:46.782 10 INFO neutron.wsgi [None req-cedb555d-33d5-4298-9b4d-a16937f4458c 4835daeacea144d1b5e7a1c023a3efca 510fcf7d649444d09cdff1a076a9c24d - - default default] 10.0.0.128 "PUT /v2.0/trunks/9b4fde8b-9b41-4b4a-ad98-be53b252e693/tags HTTP/1.1" status: 200 len: 212 time: 0.0423188
2026-06-24 19:10:46.840 9 INFO neutron.wsgi [None req-a19accdd-58d6-414c-b50b-42a8e9a368e6 4835daeacea144d1b5e7a1c023a3efca 510fcf7d649444d09cdff1a076a9c24d - - default default] 10.0.0.128 "GET /v2.0/trunks?tags=red HTTP/1.1" status: 200 len: 1447 time: 0.0516233
2026-06-24 19:10:46.890 9 INFO neutron.wsgi [None req-3fe479f7-df61-409f-90c6-b98bb0307d52 4835daeacea144d1b5e7a1c023a3efca 510fcf7d649444d09cdff1a076a9c24d - - default default] 10.0.0.128 "GET /v2.0/trunks?tags=red%2Cblue HTTP/1.1" status: 200 len: 1041 time: 0.0452256
2026-06-24 19:10:46.924 10 INFO neutron.wsgi [None req-69cab80f-2930-4cee-8032-e58b9d7c9db2 4835daeacea144d1b5e7a1c023a3efca 510fcf7d649444d09cdff1a076a9c24d - - default default] 10.0.0.128 "GET /v2.0/trunks?tags-any=blue HTTP/1.1" status: 200 len: 1041 time: 0.0295095
2026-06-24 19:10:46.953 10 INFO neutron.wsgi [None req-f44859c4-dd1e-4692-a85a-66c0f803b63e 4835daeacea144d1b5e7a1c023a3efca 510fcf7d649444d09cdff1a076a9c24d - - default default] 10.0.0.128 "GET /v2.0/trunks?tags-any=red%2Cblue HTTP/1.1" status: 200 len: 1447 time: 0.0232425
2026-06-24 19:10:46.987 10 INFO neutron.wsgi [None req-97cb25a2-c22a-4885-ba8b-90dc67e43cf0 4835daeacea144d1b5e7a1c023a3efca 510fcf7d649444d09cdff1a076a9c24d - - default default] 10.0.0.128 "GET /v2.0/trunks?not-tags=red HTTP/1.1" status: 200 len: 1013 time: 0.0292239
2026-06-24 19:10:47.022 10 INFO neutron.wsgi [None req-36396abb-3548-402f-9051-2328465facd5 4835daeacea144d1b5e7a1c023a3efca 510fcf7d649444d09cdff1a076a9c24d - - default default] 10.0.0.128 "GET /v2.0/trunks?not-tags=red%2Cblue HTTP/1.1" status: 200 len: 1419 time: 0.0287132
2026-06-24 19:10:47.049 10 INFO neutron.wsgi [None req-17db864b-307c-43b3-bf0b-1641ee4168df ec799136185c4c139505f37770c29a78 ea4228d175304820b807d0b681ed9103 - - default default] 10.0.0.128 "DELETE /v2.0/security-groups/4072ce64-7b22-423f-81c8-da6a96db5fce HTTP/1.1" status: 204 len: 168 time: 0.3235703
2026-06-24 19:10:47.105 9 INFO neutron.wsgi [None req-f74b15e7-d321-4bf3-9fac-9d9b16944406 4835daeacea144d1b5e7a1c023a3efca 510fcf7d649444d09cdff1a076a9c24d - - default default] 10.0.0.128 "GET /v2.0/trunks?not-tags-any=blue HTTP/1.1" status: 200 len: 1419 time: 0.0743721
2026-06-24 19:10:47.138 10 INFO neutron.wsgi [None req-32ee3636-5399-4e1d-9e4b-76324c9d3a81 4835daeacea144d1b5e7a1c023a3efca 510fcf7d649444d09cdff1a076a9c24d - - default default] 10.0.0.128 "GET /v2.0/trunks?not-tags-any=red%2Cblue HTTP/1.1" status: 200 len: 1013 time: 0.0254660
2026-06-24 19:10:47.163 9 INFO neutron.db.ovn_revision_numbers_db [None req-acabf4b9-38c9-4de7-8c85-b48865b76270 - - - - - -] Successfully bumped revision number for resource 0f79dd08-8f33-49c6-8f3f-f6630c981829 (type: ports) to 2
2026-06-24 19:10:47.163 10 INFO neutron.wsgi [None req-d2a4f886-585f-42c4-bb25-d5e63c07b79c 4835daeacea144d1b5e7a1c023a3efca 510fcf7d649444d09cdff1a076a9c24d - - default default] 10.0.0.128 "GET /v2.0/trunks/496a9276-aa11-4962-aab3-7fcbfbb0f727 HTTP/1.1" status: 200 len: 608 time: 0.0184166
2026-06-24 19:10:47.284 10 INFO neutron.wsgi [None req-7f1b0fde-243c-400a-8b79-fd929a36c95a 4835daeacea144d1b5e7a1c023a3efca 510fcf7d649444d09cdff1a076a9c24d - - default default] 10.0.0.128 "GET /v2.0/ports/44cf1e8c-812c-4081-b407-4ce71ad5a7f8 HTTP/1.1" status: 200 len: 1020 time: 0.1165016
2026-06-24 19:10:47.379 10 INFO neutron.wsgi [None req-4eb3cef5-0a58-4327-af3f-8b2029066314 4835daeacea144d1b5e7a1c023a3efca 510fcf7d649444d09cdff1a076a9c24d - - default default] 10.0.0.128 "DELETE /v2.0/trunks/496a9276-aa11-4962-aab3-7fcbfbb0f727 HTTP/1.1" status: 204 len: 168 time: 0.0896506
2026-06-24 19:10:47.401 10 INFO neutron.wsgi [None req-3192b9d1-1659-4bfe-b038-80bfb36328c6 4835daeacea144d1b5e7a1c023a3efca 510fcf7d649444d09cdff1a076a9c24d - - default default] 10.0.0.128 "GET /v2.0/trunks/f247c943-d87a-4f61-84d2-8d32d1b34df2 HTTP/1.1" status: 200 len: 616 time: 0.0173974
2026-06-24 19:10:47.528 10 INFO neutron.wsgi [None req-42137878-1d57-40dc-af72-9cbda1f8b922 4835daeacea144d1b5e7a1c023a3efca 510fcf7d649444d09cdff1a076a9c24d - - default default] 10.0.0.128 "GET /v2.0/ports/4b12abc8-6cff-43eb-842a-dc70ecf81eb5 HTTP/1.1" status: 200 len: 1020 time: 0.1222751
2026-06-24 19:10:47.570 9 ERROR ovsdbapp.backend.ovs_idl.command [None req-3ffc8bb9-b4e8-43d8-b07e-c7d691a3672d ec799136185c4c139505f37770c29a78 ea4228d175304820b807d0b681ed9103 - - default default] Error executing command (DbGetCommand): ovsdbapp.backend.ovs_idl.idlutils.RowNotFound: Cannot find Logical_Router_Port with name=lrp-d9fc8c76-5155-4d9e-b452-5eed0ef6c336
2026-06-24 19:10:47.570 9 ERROR ovsdbapp.backend.ovs_idl.command
Traceback (most recent call last):
2026-06-24 19:10:47.570 9 ERROR ovsdbapp.backend.ovs_idl.command
File "/var/lib/openstack/lib/python3.10/site-packages/ovsdbapp/backend/ovs_idl/command.py", line 47, in execute
2026-06-24 19:10:47.570 9 ERROR ovsdbapp.backend.ovs_idl.command self.run_idl(None)
2026-06-24 19:10:47.570 9 ERROR ovsdbapp.backend.ovs_idl.command
File "/var/lib/openstack/lib/python3.10/site-packages/ovsdbapp/backend/ovs_idl/command.py", line 235, in run_idl
2026-06-24 19:10:47.570 9 ERROR ovsdbapp.backend.ovs_idl.command record = self.api.lookup(self.table, self.record)
2026-06-24 19:10:47.570 9 ERROR ovsdbapp.backend.ovs_idl.command
File "/var/lib/openstack/lib/python3.10/site-packages/ovsdbapp/backend/ovs_idl/__init__.py", line 184, in lookup
2026-06-24 19:10:47.570 9 ERROR ovsdbapp.backend.ovs_idl.command return self._lookup(table, record)
2026-06-24 19:10:47.570 9 ERROR ovsdbapp.backend.ovs_idl.command
File "/var/lib/openstack/lib/python3.10/site-packages/ovsdbapp/backend/ovs_idl/__init__.py", line 235, in _lookup
2026-06-24 19:10:47.570 9 ERROR ovsdbapp.backend.ovs_idl.command row = idlutils.row_by_value(self, rl.table, rl.column, record)
2026-06-24 19:10:47.570 9 ERROR ovsdbapp.backend.ovs_idl.command
File "/var/lib/openstack/lib/python3.10/site-packages/ovsdbapp/backend/ovs_idl/idlutils.py", line 114, in row_by_value
2026-06-24 19:10:47.570 9 ERROR ovsdbapp.backend.ovs_idl.command raise RowNotFound(table=table, col=column, match=match)
2026-06-24 19:10:47.570 9 ERROR ovsdbapp.backend.ovs_idl.command ovsdbapp.backend.ovs_idl.idlutils.RowNotFound: Cannot find Logical_Router_Port with name=lrp-d9fc8c76-5155-4d9e-b452-5eed0ef6c336
2026-06-24 19:10:47.570 9 ERROR ovsdbapp.backend.ovs_idl.command 
2026-06-24 19:10:47.571 9 ERROR neutron_lib.callbacks.manager [None req-3ffc8bb9-b4e8-43d8-b07e-c7d691a3672d ec799136185c4c139505f37770c29a78 ea4228d175304820b807d0b681ed9103 - - default default] Error during notification for neutron.services.ovn_l3.plugin.OVNL3RouterPlugin._port_update-8754342971110 port, after_update: ovsdbapp.backend.ovs_idl.idlutils.RowNotFound: Cannot find Logical_Router_Port with name=lrp-d9fc8c76-5155-4d9e-b452-5eed0ef6c336
2026-06-24 19:10:47.571 9 ERROR neutron_lib.callbacks.manager
Traceback (most recent call last):
2026-06-24 19:10:47.571 9 ERROR neutron_lib.callbacks.manager
File "/var/lib/openstack/lib/python3.10/site-packages/neutron_lib/callbacks/manager.py", line 189, in _notify_loop
2026-06-24 19:10:47.571 9 ERROR neutron_lib.callbacks.manager callback.method(resource, event, trigger, payload=payload)
2026-06-24 19:10:47.571 9 ERROR neutron_lib.callbacks.manager
File "/var/lib/openstack/lib/python3.10/site-packages/neutron/services/ovn_l3/plugin.py", line 391, in _port_update
2026-06-24 19:10:47.571 9 ERROR neutron_lib.callbacks.manager l3plugin._ovn_client.update_router_port(context,
2026-06-24 19:10:47.571 9 ERROR neutron_lib.callbacks.manager
File "/var/lib/openstack/lib/python3.10/site-packages/neutron/plugins/ml2/drivers/ovn/mech_driver/ovsdb/ovn_client.py", line 1878, in update_router_port
2026-06-24 19:10:47.571 9 ERROR neutron_lib.callbacks.manager self._update_lrouter_port(context, port, if_exists=if_exists,
2026-06-24 19:10:47.571 9 ERROR neutron_lib.callbacks.manager
File "/var/lib/openstack/lib/python3.10/site-packages/neutron/plugins/ml2/drivers/ovn/mech_driver/ovsdb/ovn_client.py", line 1855, in _update_lrouter_port
2026-06-24 19:10:47.571 9 ERROR neutron_lib.callbacks.manager external_ids = self._nb_idl.db_get(
2026-06-24 19:10:47.571 9 ERROR neutron_lib.callbacks.manager
File "/var/lib/openstack/lib/python3.10/site-packages/ovsdbapp/backend/ovs_idl/command.py", line 47, in execute
2026-06-24 19:10:47.571 9 ERROR neutron_lib.callbacks.manager self.run_idl(None)
2026-06-24 19:10:47.571 9 ERROR neutron_lib.callbacks.manager
File "/var/lib/openstack/lib/python3.10/site-packages/ovsdbapp/backend/ovs_idl/command.py", line 235, in run_idl
2026-06-24 19:10:47.571 9 ERROR neutron_lib.callbacks.manager record = self.api.lookup(self.table, self.record)
2026-06-24 19:10:47.571 9 ERROR neutron_lib.callbacks.manager
File "/var/lib/openstack/lib/python3.10/site-packages/ovsdbapp/backend/ovs_idl/__init__.py", line 184, in lookup
2026-06-24 19:10:47.571 9 ERROR neutron_lib.callbacks.manager return self._lookup(table, record)
2026-06-24 19:10:47.571 9 ERROR neutron_lib.callbacks.manager
File "/var/lib/openstack/lib/python3.10/site-packages/ovsdbapp/backend/ovs_idl/__init__.py", line 235, in _lookup
2026-06-24 19:10:47.571 9 ERROR neutron_lib.callbacks.manager row = idlutils.row_by_value(self, rl.table, rl.column, record)
2026-06-24 19:10:47.571 9 ERROR neutron_lib.callbacks.manager
File "/var/lib/openstack/lib/python3.10/site-packages/ovsdbapp/backend/ovs_idl/idlutils.py", line 114, in row_by_value
2026-06-24 19:10:47.571 9 ERROR neutron_lib.callbacks.manager raise RowNotFound(table=table, col=column, match=match)
2026-06-24 19:10:47.571 9 ERROR neutron_lib.callbacks.manager ovsdbapp.backend.ovs_idl.idlutils.RowNotFound: Cannot find Logical_Router_Port with name=lrp-d9fc8c76-5155-4d9e-b452-5eed0ef6c336
2026-06-24 19:10:47.571 9 ERROR neutron_lib.callbacks.manager 
2026-06-24 19:10:47.641 10 INFO neutron.wsgi [None req-09dd0290-ff65-4f18-a17f-6ccee9f87104 4835daeacea144d1b5e7a1c023a3efca 510fcf7d649444d09cdff1a076a9c24d - - default default] 10.0.0.128 "DELETE /v2.0/trunks/f247c943-d87a-4f61-84d2-8d32d1b34df2 HTTP/1.1" status: 204 len: 168 time: 0.1074998
2026-06-24 19:10:47.669 10 INFO neutron.wsgi [None req-d4127f6f-4068-448f-911c-f403ac45b5cb 4835daeacea144d1b5e7a1c023a3efca 510fcf7d649444d09cdff1a076a9c24d - - default default] 10.0.0.128 "GET /v2.0/trunks/828b7228-eb78-419f-8fa4-330a4a1ae194 HTTP/1.1" status: 200 len: 625 time: 0.0194399
2026-06-24 19:10:47.764 10 INFO neutron.wsgi [None req-ba91233c-1eef-49cd-9d55-e7d96188373e 4835daeacea144d1b5e7a1c023a3efca 510fcf7d649444d09cdff1a076a9c24d - - default default] 10.0.0.128 "GET /v2.0/ports/cb44ae15-45b3-4742-948e-f06d62bd806a HTTP/1.1" status: 200 len: 1020 time: 0.0885561
2026-06-24 19:10:47.849 10 INFO neutron.wsgi [None req-1be5231e-019c-4937-93a6-813e383f1055 4835daeacea144d1b5e7a1c023a3efca 510fcf7d649444d09cdff1a076a9c24d - - default default] 10.0.0.128 "DELETE /v2.0/trunks/828b7228-eb78-419f-8fa4-330a4a1ae194 HTTP/1.1" status: 204 len: 168 time: 0.0813606
2026-06-24 19:10:47.874 10 INFO neutron.wsgi [None req-745eb085-f474-4193-8986-ebba20c19847 4835daeacea144d1b5e7a1c023a3efca 510fcf7d649444d09cdff1a076a9c24d - - default default] 10.0.0.128 "GET /v2.0/trunks/9b4fde8b-9b41-4b4a-ad98-be53b252e693 HTTP/1.1" status: 200 len: 610 time: 0.0200057
2026-06-24 19:10:47.878 9 INFO neutron.plugins.ml2.drivers.ovn.mech_driver.mech_driver [None req-ee5c6fa3-e313-4882-9571-18a31207f112 - - - - - -] OVN reports status up for port: d9fc8c76-5155-4d9e-b452-5eed0ef6c336
2026-06-24 19:10:47.898 9 INFO neutron.plugins.ml2.plugin [None req-ee5c6fa3-e313-4882-9571-18a31207f112 - - - - - -] Attempt 1 to provision port d9fc8c76-5155-4d9e-b452-5eed0ef6c336
2026-06-24 19:10:47.937 9 INFO neutron.db.ovn_revision_numbers_db [None req-3ffc8bb9-b4e8-43d8-b07e-c7d691a3672d ec799136185c4c139505f37770c29a78 ea4228d175304820b807d0b681ed9103 - - default default] Successfully bumped revision number for resource d9fc8c76-5155-4d9e-b452-5eed0ef6c336 (type: ports) to 1
2026-06-24 19:10:47.968 10 INFO neutron.wsgi [None req-7d28d155-5a98-4fb4-9d9d-cd9033d9e54f 4835daeacea144d1b5e7a1c023a3efca 510fcf7d649444d09cdff1a076a9c24d - - default default] 10.0.0.128 "GET /v2.0/ports/aa343783-1748-4484-a0a4-6145179d7ad7 HTTP/1.1" status: 200 len: 1020 time: 0.0891812
2026-06-24 19:10:48.048 10 INFO neutron.wsgi [None req-d7154a0b-ab9f-43f6-8f6d-17cfc00b2d85 4835daeacea144d1b5e7a1c023a3efca 510fcf7d649444d09cdff1a076a9c24d - - default default] 10.0.0.128 "DELETE /v2.0/trunks/9b4fde8b-9b41-4b4a-ad98-be53b252e693 HTTP/1.1" status: 204 len: 168 time: 0.0759830
2026-06-24 19:10:48.051 9 INFO neutron.db.ovn_revision_numbers_db [None req-acabf4b9-38c9-4de7-8c85-b48865b76270 - - - - - -] Successfully bumped revision number for resource 0f79dd08-8f33-49c6-8f3f-f6630c981829 (type: ports) to 4
2026-06-24 19:10:48.072 10 INFO neutron.wsgi [None req-b79f6bb0-f6ae-488e-a615-665a3d5f2fc6 4835daeacea144d1b5e7a1c023a3efca 510fcf7d649444d09cdff1a076a9c24d - - default default] 10.0.0.128 "GET /v2.0/trunks/4c8bd329-bc7f-4e21-a145-21c153edd6cf HTTP/1.1" status: 200 len: 603 time: 0.0176244
2026-06-24 19:10:48.076 9 WARNING neutron.scheduler.dhcp_agent_scheduler [None req-3ffc8bb9-b4e8-43d8-b07e-c7d691a3672d ec799136185c4c139505f37770c29a78 ea4228d175304820b807d0b681ed9103 - - default default] No more DHCP agents
2026-06-24 19:10:48.082 9 WARNING neutron.api.rpc.agentnotifiers.dhcp_rpc_agent_api [None req-3ffc8bb9-b4e8-43d8-b07e-c7d691a3672d ec799136185c4c139505f37770c29a78 ea4228d175304820b807d0b681ed9103 - - default default] Unable to schedule network 38d4a873-7517-4628-8810-c56ea2bb6b2e: no agents available; will retry on subsequent port and subnet creation events.
2026-06-24 19:10:48.166 10 INFO neutron.wsgi [None req-227be85f-4dd6-4ed3-afdf-4aec3c6e7d91 4835daeacea144d1b5e7a1c023a3efca 510fcf7d649444d09cdff1a076a9c24d - - default default] 10.0.0.128 "GET /v2.0/ports/b9972871-fa47-4e7c-86ac-12c6f150a5c0 HTTP/1.1" status: 200 len: 1020 time: 0.0886083
2026-06-24 19:10:48.259 10 INFO neutron.wsgi [None req-e228291b-3f08-452d-9b3f-bd261edf6eed 4835daeacea144d1b5e7a1c023a3efca 510fcf7d649444d09cdff1a076a9c24d - - default default] 10.0.0.128 "DELETE /v2.0/trunks/4c8bd329-bc7f-4e21-a145-21c153edd6cf HTTP/1.1" status: 204 len: 168 time: 0.0856504
2026-06-24 19:10:48.591 10 INFO neutron.wsgi [None req-b55013ac-d82b-457f-bcde-79f95c1e08e4 4835daeacea144d1b5e7a1c023a3efca 510fcf7d649444d09cdff1a076a9c24d - - default default] 10.0.0.128 "DELETE /v2.0/ports/44cf1e8c-812c-4081-b407-4ce71ad5a7f8 HTTP/1.1" status: 204 len: 168 time: 0.3269582
2026-06-24 19:10:48.848 9 INFO neutron.db.ovn_revision_numbers_db [None req-acabf4b9-38c9-4de7-8c85-b48865b76270 - - - - - -] Successfully bumped revision number for resource 0f79dd08-8f33-49c6-8f3f-f6630c981829 (type: router_ports) to 4
