2026-06-24 19:06:37.441 9 INFO neutron.wsgi [None req-ccb91efa-5ff7-420e-868b-fd89c685877c ec799136185c4c139505f37770c29a78 ea4228d175304820b807d0b681ed9103 - - default default] 199.204.45.210,10.0.0.132 "GET /v2.0/networks?name=public HTTP/1.1" status: 200 len: 928 time: 0.1213686
2026-06-24 19:06:42.980 9 INFO neutron.wsgi [-] 10.0.0.132 "GET / HTTP/1.1" status: 200 len: 247 time: 0.0019262
2026-06-24 19:06:42.982 10 INFO neutron.wsgi [-] 10.0.0.132 "GET / HTTP/1.1" status: 200 len: 247 time: 0.0040419
2026-06-24 19:06:57.980 10 INFO neutron.wsgi [-] 10.0.0.132 "GET / HTTP/1.1" status: 200 len: 247 time: 0.0016558
2026-06-24 19:06:57.981 9 INFO neutron.wsgi [-] 10.0.0.132 "GET / HTTP/1.1" status: 200 len: 247 time: 0.0024819
2026-06-24 19:07:07.405 9 INFO neutron.wsgi [None req-158039a9-22d8-478a-965f-c12dc33dd148 ec799136185c4c139505f37770c29a78 ea4228d175304820b807d0b681ed9103 - - default default] 10.0.0.14 "GET /v2.0/agents HTTP/1.1" status: 200 len: 1390 time: 0.1655579
2026-06-24 19:07:07.471 9 INFO neutron.wsgi [None req-30e71a52-b349-450b-b5cf-71961a87e494 ec799136185c4c139505f37770c29a78 ea4228d175304820b807d0b681ed9103 - - default default] 10.0.0.14 "GET /v2.0/ports HTTP/1.1" status: 200 len: 5351 time: 0.0648878
2026-06-24 19:07:07.527 9 INFO neutron.wsgi [None req-3d47db69-19e6-43e1-82c3-f87f3bc8fe22 ec799136185c4c139505f37770c29a78 ea4228d175304820b807d0b681ed9103 - - default default] 10.0.0.14 "GET /v2.0/subnets HTTP/1.1" status: 200 len: 1437 time: 0.0497177
2026-06-24 19:07:07.538 9 INFO neutron.wsgi [None req-6aa2bf7a-15f5-4af6-84a3-4c680a4f5d08 ec799136185c4c139505f37770c29a78 ea4228d175304820b807d0b681ed9103 - - default default] 10.0.0.14 "GET /v2.0/subnetpools HTTP/1.1" status: 200 len: 193 time: 0.0104756
2026-06-24 19:07:07.562 9 INFO neutron.wsgi [None req-f1412f31-e049-47f7-8737-048cb6d1fb9d ec799136185c4c139505f37770c29a78 ea4228d175304820b807d0b681ed9103 - - default default] 10.0.0.14 "GET /v2.0/floatingips HTTP/1.1" status: 200 len: 193 time: 0.0230031
2026-06-24 19:07:07.606 9 INFO neutron.wsgi [None req-94208160-f66a-4ab2-8f98-00c48fc1af43 ec799136185c4c139505f37770c29a78 ea4228d175304820b807d0b681ed9103 - - default default] 10.0.0.14 "GET /v2.0/subnets HTTP/1.1" status: 200 len: 1437 time: 0.0421603
2026-06-24 19:07:07.646 9 INFO neutron.wsgi [None req-bcba4569-2fb6-41af-b5fe-09dda9dbfa51 ec799136185c4c139505f37770c29a78 ea4228d175304820b807d0b681ed9103 - - default default] 10.0.0.14 "GET /v2.0/routers HTTP/1.1" status: 200 len: 189 time: 0.0380745
2026-06-24 19:07:07.676 9 INFO neutron.wsgi [None req-f58f14b4-5359-406b-a51f-04f334332a7a ec799136185c4c139505f37770c29a78 ea4228d175304820b807d0b681ed9103 - - default default] 10.0.0.14 "GET /v2.0/agents?binary=ovn-controller HTTP/1.1" status: 200 len: 591 time: 0.0247612
2026-06-24 19:07:07.694 9 INFO neutron.wsgi [None req-ebe76074-1aad-4a7e-aa81-5d324b346632 ec799136185c4c139505f37770c29a78 ea4228d175304820b807d0b681ed9103 - - default default] 10.0.0.14 "GET /v2.0/network-ip-availabilities HTTP/1.1" status: 200 len: 1280 time: 0.0167568
2026-06-24 19:07:07.786 9 INFO neutron.wsgi [None req-8b2fd4cd-ae0c-4106-9c92-71ac3d9ba2df ec799136185c4c139505f37770c29a78 ea4228d175304820b807d0b681ed9103 - - default default] 10.0.0.14 "GET /v2.0/networks HTTP/1.1" status: 200 len: 2350 time: 0.0917208
2026-06-24 19:07:07.836 9 INFO neutron.wsgi [None req-edd35f10-1e65-4891-b75d-9bf334866031 ec799136185c4c139505f37770c29a78 ea4228d175304820b807d0b681ed9103 - - default default] 10.0.0.14 "GET /v2.0/security-groups HTTP/1.1" status: 200 len: 17578 time: 0.0477083
2026-06-24 19:07:12.982 9 INFO neutron.wsgi [-] 10.0.0.132 "GET / HTTP/1.1" status: 200 len: 247 time: 0.0046759
2026-06-24 19:07:12.985 9 INFO neutron.wsgi [-] 10.0.0.132 "GET / HTTP/1.1" status: 200 len: 247 time: 0.0016468
2026-06-24 19:07:17.244 9 INFO neutron.wsgi [None req-517ea7b0-4fa7-4b01-a4b9-634a402a86f7 ec799136185c4c139505f37770c29a78 ea4228d175304820b807d0b681ed9103 - - default default] 10.0.0.128 "GET /v2.0/networks HTTP/1.1" status: 200 len: 2369 time: 0.1020212
2026-06-24 19:07:18.413 9 INFO neutron.wsgi [None req-722bdce9-50d9-41c0-a1aa-53555ce29b36 ec799136185c4c139505f37770c29a78 ea4228d175304820b807d0b681ed9103 - - default default] 10.0.0.128 "GET /v2.0/floatingips HTTP/1.1" status: 200 len: 212 time: 0.0209579
2026-06-24 19:07:18.440 9 INFO neutron.wsgi [None req-b1b0600d-bbee-4abe-9b22-f1c9c7d820ec ec799136185c4c139505f37770c29a78 ea4228d175304820b807d0b681ed9103 - - default default] 10.0.0.128 "GET /v2.0/routers HTTP/1.1" status: 200 len: 208 time: 0.0226951
2026-06-24 19:07:18.501 9 INFO neutron.wsgi [None req-b0270509-6e6f-411c-801a-28074b2860bf ec799136185c4c139505f37770c29a78 ea4228d175304820b807d0b681ed9103 - - default default] 10.0.0.128 "GET /v2.0/ports HTTP/1.1" status: 200 len: 5370 time: 0.0560999
2026-06-24 19:07:18.539 9 INFO neutron.wsgi [None req-5b708282-3cb3-47f7-be7f-4a2338ebb5a2 ec799136185c4c139505f37770c29a78 ea4228d175304820b807d0b681ed9103 - - default default] 10.0.0.128 "GET /v2.0/subnets HTTP/1.1" status: 200 len: 1456 time: 0.0332067
2026-06-24 19:07:18.618 9 INFO neutron.wsgi [None req-e0bae3dd-9368-4523-a008-0a1225d78db3 ec799136185c4c139505f37770c29a78 ea4228d175304820b807d0b681ed9103 - - default default] 10.0.0.128 "GET /v2.0/networks HTTP/1.1" status: 200 len: 2369 time: 0.0730343
2026-06-24 19:07:18.672 9 INFO neutron.wsgi [None req-09e5c476-b545-44aa-a09b-2ef090737185 ec799136185c4c139505f37770c29a78 ea4228d175304820b807d0b681ed9103 - - default default] 10.0.0.128 "GET /v2.0/security-groups HTTP/1.1" status: 200 len: 17597 time: 0.0484378
2026-06-24 19:07:18.689 9 INFO neutron.wsgi [None req-247c5f45-6e82-4347-b8e7-68613c01ce7a ec799136185c4c139505f37770c29a78 ea4228d175304820b807d0b681ed9103 - - default default] 10.0.0.128 "GET /v2.0/subnetpools HTTP/1.1" status: 200 len: 212 time: 0.0112119
2026-06-24 19:07:27.980 10 INFO neutron.wsgi [-] 10.0.0.132 "GET / HTTP/1.1" status: 200 len: 247 time: 0.0017276
2026-06-24 19:07:27.983 9 INFO neutron.wsgi [-] 10.0.0.132 "GET / HTTP/1.1" status: 200 len: 247 time: 0.0039988
2026-06-24 19:07:30.055 9 INFO neutron.db.ovn_revision_numbers_db [None req-970637e6-29e9-4243-a0d4-6e09a8925529 ec799136185c4c139505f37770c29a78 ea4228d175304820b807d0b681ed9103 - - default default] Successfully bumped revision number for resource 24ff4431-cd27-4600-bae2-f5fb6c5c4a70 (type: security_groups) to 1
2026-06-24 19:07:30.079 9 INFO neutron.db.ovn_revision_numbers_db [None req-970637e6-29e9-4243-a0d4-6e09a8925529 ec799136185c4c139505f37770c29a78 ea4228d175304820b807d0b681ed9103 - - default default] Successfully bumped revision number for resource 8dbb37b0-a19a-4e25-816f-6b894073e87d (type: security_group_rules) to 0
2026-06-24 19:07:30.096 9 INFO neutron.db.ovn_revision_numbers_db [None req-970637e6-29e9-4243-a0d4-6e09a8925529 ec799136185c4c139505f37770c29a78 ea4228d175304820b807d0b681ed9103 - - default default] Successfully bumped revision number for resource b08eef88-7d26-401e-b0f0-ddbd7a8646b4 (type: security_group_rules) to 0
2026-06-24 19:07:30.107 10 INFO neutron.db.ovn_revision_numbers_db [None req-c36a8909-ec87-44d5-b9b2-71b31fdd6d56 ec799136185c4c139505f37770c29a78 ea4228d175304820b807d0b681ed9103 - - default default] Successfully bumped revision number for resource ee51ad9a-6f31-411e-8bfe-ca32a0ef57ff (type: security_groups) to 1
2026-06-24 19:07:30.110 9 INFO neutron.db.ovn_revision_numbers_db [None req-970637e6-29e9-4243-a0d4-6e09a8925529 ec799136185c4c139505f37770c29a78 ea4228d175304820b807d0b681ed9103 - - default default] Successfully bumped revision number for resource d7951dfc-b023-4023-90ea-be3f3d8f601a (type: security_group_rules) to 0
2026-06-24 19:07:30.121 10 INFO neutron.db.ovn_revision_numbers_db [None req-c36a8909-ec87-44d5-b9b2-71b31fdd6d56 ec799136185c4c139505f37770c29a78 ea4228d175304820b807d0b681ed9103 - - default default] Successfully bumped revision number for resource 077061cd-74cf-4dfb-b160-69477eda26e4 (type: security_group_rules) to 0
2026-06-24 19:07:30.125 9 INFO neutron.db.ovn_revision_numbers_db [None req-970637e6-29e9-4243-a0d4-6e09a8925529 ec799136185c4c139505f37770c29a78 ea4228d175304820b807d0b681ed9103 - - default default] Successfully bumped revision number for resource fb37b9c4-0cd0-4ab7-8363-4dd75850b2bc (type: security_group_rules) to 0
2026-06-24 19:07:30.145 10 INFO neutron.db.ovn_revision_numbers_db [None req-c36a8909-ec87-44d5-b9b2-71b31fdd6d56 ec799136185c4c139505f37770c29a78 ea4228d175304820b807d0b681ed9103 - - default default] Successfully bumped revision number for resource 2dc71a06-6632-4253-a9ba-eafaaa0f83ec (type: security_group_rules) to 0
2026-06-24 19:07:30.163 10 INFO neutron.db.ovn_revision_numbers_db [None req-c36a8909-ec87-44d5-b9b2-71b31fdd6d56 ec799136185c4c139505f37770c29a78 ea4228d175304820b807d0b681ed9103 - - default default] Successfully bumped revision number for resource 9c826f56-1892-4b56-85a8-9e5cd1d896e6 (type: security_group_rules) to 0
2026-06-24 19:07:30.176 10 INFO neutron.db.ovn_revision_numbers_db [None req-c36a8909-ec87-44d5-b9b2-71b31fdd6d56 ec799136185c4c139505f37770c29a78 ea4228d175304820b807d0b681ed9103 - - default default] Successfully bumped revision number for resource d60161e4-afb4-4402-91d3-88ff175f178e (type: security_group_rules) to 0
2026-06-24 19:07:30.188 9 INFO neutron.db.segments_db [None req-970637e6-29e9-4243-a0d4-6e09a8925529 ec799136185c4c139505f37770c29a78 ea4228d175304820b807d0b681ed9103 - - default default] Added segment 921eb1ab-41e4-4c33-b8ef-86683c259038 of type geneve for network 3c601eaa-31c2-4b1e-8541-b2f58de2e94b
2026-06-24 19:07:30.229 10 INFO neutron.db.segments_db [None req-c36a8909-ec87-44d5-b9b2-71b31fdd6d56 ec799136185c4c139505f37770c29a78 ea4228d175304820b807d0b681ed9103 - - default default] Added segment 3b691c56-88d9-4d68-9402-209da7c03b5d of type geneve for network 0dc3513c-d3d7-470a-b203-cdeb1461d839
2026-06-24 19:07:30.400 10 INFO neutron.db.ovn_revision_numbers_db [None req-c36a8909-ec87-44d5-b9b2-71b31fdd6d56 ec799136185c4c139505f37770c29a78 ea4228d175304820b807d0b681ed9103 - - default default] Successfully bumped revision number for resource 0dc3513c-d3d7-470a-b203-cdeb1461d839 (type: networks) to 1
2026-06-24 19:07:30.408 9 INFO neutron.db.ovn_revision_numbers_db [None req-970637e6-29e9-4243-a0d4-6e09a8925529 ec799136185c4c139505f37770c29a78 ea4228d175304820b807d0b681ed9103 - - default default] Successfully bumped revision number for resource 3c601eaa-31c2-4b1e-8541-b2f58de2e94b (type: networks) to 1
2026-06-24 19:07:30.458 10 INFO neutron.db.ovn_revision_numbers_db [None req-b29eef63-9295-4322-b65c-988da09e808a ec799136185c4c139505f37770c29a78 ea4228d175304820b807d0b681ed9103 - - default default] Successfully bumped revision number for resource 8ec464cd-3caf-4820-97db-e38c65dc8213 (type: security_groups) to 1
2026-06-24 19:07:30.483 10 INFO neutron.db.ovn_revision_numbers_db [None req-b29eef63-9295-4322-b65c-988da09e808a ec799136185c4c139505f37770c29a78 ea4228d175304820b807d0b681ed9103 - - default default] Successfully bumped revision number for resource 0865d6f4-3643-4497-a1af-319abc1a036f (type: security_group_rules) to 0
2026-06-24 19:07:30.506 10 INFO neutron.db.ovn_revision_numbers_db [None req-b29eef63-9295-4322-b65c-988da09e808a ec799136185c4c139505f37770c29a78 ea4228d175304820b807d0b681ed9103 - - default default] Successfully bumped revision number for resource 62797c7e-0756-484a-92cd-5d4c5dd329c7 (type: security_group_rules) to 0
2026-06-24 19:07:30.523 10 INFO neutron.db.ovn_revision_numbers_db [None req-b29eef63-9295-4322-b65c-988da09e808a ec799136185c4c139505f37770c29a78 ea4228d175304820b807d0b681ed9103 - - default default] Successfully bumped revision number for resource bc3bbf4a-88f2-45bf-8591-6ccbada52f59 (type: security_group_rules) to 0
2026-06-24 19:07:30.559 10 INFO neutron.db.ovn_revision_numbers_db [None req-b29eef63-9295-4322-b65c-988da09e808a ec799136185c4c139505f37770c29a78 ea4228d175304820b807d0b681ed9103 - - default default] Successfully bumped revision number for resource d8d9e487-c4df-4aa9-8078-ab4044053d00 (type: security_group_rules) to 0
2026-06-24 19:07:30.590 10 INFO neutron.wsgi [None req-b29eef63-9295-4322-b65c-988da09e808a ec799136185c4c139505f37770c29a78 ea4228d175304820b807d0b681ed9103 - - default default] 10.0.0.128 "GET /v2.0/security-groups?tenant_id=766d64fd979f4982bd3cdfee0abf1fc0&name=default HTTP/1.1" status: 200 len: 3116 time: 0.4315012
2026-06-24 19:07:30.606 9 WARNING neutron.scheduler.dhcp_agent_scheduler [None req-970637e6-29e9-4243-a0d4-6e09a8925529 ec799136185c4c139505f37770c29a78 ea4228d175304820b807d0b681ed9103 - - default default] No more DHCP agents
2026-06-24 19:07:30.607 9 WARNING neutron.api.rpc.agentnotifiers.dhcp_rpc_agent_api [None req-970637e6-29e9-4243-a0d4-6e09a8925529 ec799136185c4c139505f37770c29a78 ea4228d175304820b807d0b681ed9103 - - default default] Unable to schedule network 3c601eaa-31c2-4b1e-8541-b2f58de2e94b: no agents available; will retry on subsequent port and subnet creation events.
2026-06-24 19:07:30.625 10 WARNING neutron.scheduler.dhcp_agent_scheduler [None req-c36a8909-ec87-44d5-b9b2-71b31fdd6d56 ec799136185c4c139505f37770c29a78 ea4228d175304820b807d0b681ed9103 - - default default] No more DHCP agents
2026-06-24 19:07:30.629 10 WARNING neutron.api.rpc.agentnotifiers.dhcp_rpc_agent_api [None req-c36a8909-ec87-44d5-b9b2-71b31fdd6d56 ec799136185c4c139505f37770c29a78 ea4228d175304820b807d0b681ed9103 - - default default] Unable to schedule network 0dc3513c-d3d7-470a-b203-cdeb1461d839: no agents available; will retry on subsequent port and subnet creation events.
2026-06-24 19:07:30.686 9 INFO neutron.db.ovn_revision_numbers_db [None req-970637e6-29e9-4243-a0d4-6e09a8925529 ec799136185c4c139505f37770c29a78 ea4228d175304820b807d0b681ed9103 - - default default] Successfully bumped revision number for resource a29a68ec-1297-4bd4-97cd-33b3d8e072f8 (type: ports) to 1
2026-06-24 19:07:30.717 9 INFO neutron.wsgi [None req-970637e6-29e9-4243-a0d4-6e09a8925529 ec799136185c4c139505f37770c29a78 ea4228d175304820b807d0b681ed9103 - - default default] 10.0.0.128 "POST /v2.0/networks HTTP/1.1" status: 201 len: 951 time: 1.0149961
2026-06-24 19:07:30.740 10 INFO neutron.db.ovn_revision_numbers_db [None req-c36a8909-ec87-44d5-b9b2-71b31fdd6d56 ec799136185c4c139505f37770c29a78 ea4228d175304820b807d0b681ed9103 - - default default] Successfully bumped revision number for resource 94332e83-572e-4819-af6d-08efad79d1cf (type: ports) to 1
2026-06-24 19:07:30.767 10 INFO neutron.wsgi [None req-c36a8909-ec87-44d5-b9b2-71b31fdd6d56 ec799136185c4c139505f37770c29a78 ea4228d175304820b807d0b681ed9103 - - default default] 10.0.0.128 "POST /v2.0/networks HTTP/1.1" status: 201 len: 947 time: 1.0470457
2026-06-24 19:07:30.896 9 WARNING neutron.scheduler.dhcp_agent_scheduler [None req-db0023d3-0d37-4169-976e-6fb44b07e76c ec799136185c4c139505f37770c29a78 ea4228d175304820b807d0b681ed9103 - - default default] No more DHCP agents
2026-06-24 19:07:30.899 9 WARNING neutron.api.rpc.agentnotifiers.dhcp_rpc_agent_api [None req-db0023d3-0d37-4169-976e-6fb44b07e76c ec799136185c4c139505f37770c29a78 ea4228d175304820b807d0b681ed9103 - - default default] Unable to schedule network 3c601eaa-31c2-4b1e-8541-b2f58de2e94b: no agents available; will retry on subsequent port and subnet creation events.
2026-06-24 19:07:30.945 10 INFO neutron.wsgi [None req-89a519e8-85cf-4ab2-852b-7806f8d426d0 ec799136185c4c139505f37770c29a78 ea4228d175304820b807d0b681ed9103 - - default default] 10.0.0.128 "DELETE /v2.0/security-groups/8ec464cd-3caf-4820-97db-e38c65dc8213 HTTP/1.1" status: 204 len: 168 time: 0.3483791
2026-06-24 19:07:30.970 10 WARNING neutron.scheduler.dhcp_agent_scheduler [None req-8623e00d-152e-4ddc-a460-6f641fa02f80 ec799136185c4c139505f37770c29a78 ea4228d175304820b807d0b681ed9103 - - default default] No more DHCP agents
2026-06-24 19:07:30.972 10 WARNING neutron.api.rpc.agentnotifiers.dhcp_rpc_agent_api [None req-8623e00d-152e-4ddc-a460-6f641fa02f80 ec799136185c4c139505f37770c29a78 ea4228d175304820b807d0b681ed9103 - - default default] Unable to schedule network 0dc3513c-d3d7-470a-b203-cdeb1461d839: no agents available; will retry on subsequent port and subnet creation events.
2026-06-24 19:07:31.486 9 INFO neutron.db.ovn_revision_numbers_db [None req-db0023d3-0d37-4169-976e-6fb44b07e76c ec799136185c4c139505f37770c29a78 ea4228d175304820b807d0b681ed9103 - - default default] Successfully bumped revision number for resource a29a68ec-1297-4bd4-97cd-33b3d8e072f8 (type: ports) to 2
2026-06-24 19:07:31.537 9 INFO neutron.db.ovn_revision_numbers_db [None req-db0023d3-0d37-4169-976e-6fb44b07e76c ec799136185c4c139505f37770c29a78 ea4228d175304820b807d0b681ed9103 - - default default] Successfully bumped revision number for resource 780fb526-cb58-43ed-9ee5-d55f1f9c7688 (type: subnets) to 0
2026-06-24 19:07:31.554 9 INFO neutron.wsgi [None req-db0023d3-0d37-4169-976e-6fb44b07e76c ec799136185c4c139505f37770c29a78 ea4228d175304820b807d0b681ed9103 - - default default] 10.0.0.128 "POST /v2.0/subnets HTTP/1.1" status: 201 len: 871 time: 0.8306997
2026-06-24 19:07:31.562 10 INFO neutron.db.ovn_revision_numbers_db [None req-8623e00d-152e-4ddc-a460-6f641fa02f80 ec799136185c4c139505f37770c29a78 ea4228d175304820b807d0b681ed9103 - - default default] Successfully bumped revision number for resource 94332e83-572e-4819-af6d-08efad79d1cf (type: ports) to 2
2026-06-24 19:07:31.599 10 INFO neutron.db.ovn_revision_numbers_db [None req-8623e00d-152e-4ddc-a460-6f641fa02f80 ec799136185c4c139505f37770c29a78 ea4228d175304820b807d0b681ed9103 - - default default] Successfully bumped revision number for resource c41399cf-6058-4837-b878-6d91dbab0876 (type: subnets) to 0
2026-06-24 19:07:31.619 10 INFO neutron.wsgi [None req-8623e00d-152e-4ddc-a460-6f641fa02f80 ec799136185c4c139505f37770c29a78 ea4228d175304820b807d0b681ed9103 - - default default] 10.0.0.128 "POST /v2.0/subnets HTTP/1.1" status: 201 len: 867 time: 0.8340690
2026-06-24 19:07:32.484 9 WARNING neutron.scheduler.dhcp_agent_scheduler [None req-fd035d00-78b4-4a35-97c3-655fb7957f06 ec799136185c4c139505f37770c29a78 ea4228d175304820b807d0b681ed9103 - - default default] No more DHCP agents
2026-06-24 19:07:32.488 9 WARNING neutron.api.rpc.agentnotifiers.dhcp_rpc_agent_api [None req-fd035d00-78b4-4a35-97c3-655fb7957f06 ec799136185c4c139505f37770c29a78 ea4228d175304820b807d0b681ed9103 - - default default] Unable to schedule network 83af68fc-eabc-4f93-abd9-e363b8272142: no agents available; will retry on subsequent port and subnet creation events.
2026-06-24 19:07:32.529 9 WARNING neutron.scheduler.dhcp_agent_scheduler [None req-58fcabf8-b6f1-4ac5-98d6-1d2827e96e90 ec799136185c4c139505f37770c29a78 ea4228d175304820b807d0b681ed9103 - - default default] No more DHCP agents
2026-06-24 19:07:32.540 9 WARNING neutron.api.rpc.agentnotifiers.dhcp_rpc_agent_api [None req-58fcabf8-b6f1-4ac5-98d6-1d2827e96e90 ec799136185c4c139505f37770c29a78 ea4228d175304820b807d0b681ed9103 - - default default] Unable to schedule network 83af68fc-eabc-4f93-abd9-e363b8272142: no agents available; will retry on subsequent port and subnet creation events.
2026-06-24 19:07:32.696 9 INFO neutron.db.ovn_revision_numbers_db [None req-fd035d00-78b4-4a35-97c3-655fb7957f06 ec799136185c4c139505f37770c29a78 ea4228d175304820b807d0b681ed9103 - - default default] Successfully bumped revision number for resource dab663b7-6839-4d52-b404-823b8ac42344 (type: ports) to 1
2026-06-24 19:07:32.854 9 INFO neutron.db.ovn_revision_numbers_db [None req-58fcabf8-b6f1-4ac5-98d6-1d2827e96e90 ec799136185c4c139505f37770c29a78 ea4228d175304820b807d0b681ed9103 - - default default] Successfully bumped revision number for resource c51648eb-3f63-436d-85d1-b1236f199cbf (type: ports) to 1
2026-06-24 19:07:33.129 10 INFO neutron.db.ovn_revision_numbers_db [None req-a2f7ba82-e97b-4d71-aa2b-d0dfbd1c472e ec799136185c4c139505f37770c29a78 ea4228d175304820b807d0b681ed9103 - - default default] Successfully bumped revision number for resource 8088c999-aca5-45f2-9ad3-2774bf5bfa85 (type: security_groups) to 1
2026-06-24 19:07:33.146 10 INFO neutron.db.ovn_revision_numbers_db [None req-a2f7ba82-e97b-4d71-aa2b-d0dfbd1c472e ec799136185c4c139505f37770c29a78 ea4228d175304820b807d0b681ed9103 - - default default] Successfully bumped revision number for resource 249f56b8-4d59-4456-8a1d-8199f95dca34 (type: security_group_rules) to 0
2026-06-24 19:07:33.161 10 INFO neutron.db.ovn_revision_numbers_db [None req-a2f7ba82-e97b-4d71-aa2b-d0dfbd1c472e ec799136185c4c139505f37770c29a78 ea4228d175304820b807d0b681ed9103 - - default default] Successfully bumped revision number for resource 404c21f1-1bee-43ff-9563-91489bde84a4 (type: security_group_rules) to 0
2026-06-24 19:07:33.185 10 INFO neutron.db.ovn_revision_numbers_db [None req-a2f7ba82-e97b-4d71-aa2b-d0dfbd1c472e ec799136185c4c139505f37770c29a78 ea4228d175304820b807d0b681ed9103 - - default default] Successfully bumped revision number for resource 69d0b55c-c2c1-429a-acbc-6c562600863f (type: security_group_rules) to 0
2026-06-24 19:07:33.201 10 INFO neutron.db.ovn_revision_numbers_db [None req-4f0537cb-31ce-4db5-8ba0-d5329ded35f4 ec799136185c4c139505f37770c29a78 ea4228d175304820b807d0b681ed9103 - - default default] Successfully bumped revision number for resource 9f8eca8e-9d46-4eb5-9a6a-354dbcb9c5f0 (type: security_groups) to 1
2026-06-24 19:07:33.204 10 INFO neutron.db.ovn_revision_numbers_db [None req-a2f7ba82-e97b-4d71-aa2b-d0dfbd1c472e ec799136185c4c139505f37770c29a78 ea4228d175304820b807d0b681ed9103 - - default default] Successfully bumped revision number for resource f7d69b95-d779-40a9-ad29-c6c683d2cb97 (type: security_group_rules) to 0
2026-06-24 19:07:33.229 10 INFO neutron.wsgi [None req-a2f7ba82-e97b-4d71-aa2b-d0dfbd1c472e ec799136185c4c139505f37770c29a78 ea4228d175304820b807d0b681ed9103 - - default default] 10.0.0.128 "GET /v2.0/security-groups?tenant_id=eecb6160f21545bc8b62ba862b6fdf82&name=default HTTP/1.1" status: 200 len: 3116 time: 0.4560125
2026-06-24 19:07:33.235 10 INFO neutron.db.ovn_revision_numbers_db [None req-4f0537cb-31ce-4db5-8ba0-d5329ded35f4 ec799136185c4c139505f37770c29a78 ea4228d175304820b807d0b681ed9103 - - default default] Successfully bumped revision number for resource 08aaf344-8ad0-4cca-91e8-ab418a80f6ed (type: security_group_rules) to 0
2026-06-24 19:07:33.260 10 INFO neutron.db.ovn_revision_numbers_db [None req-4f0537cb-31ce-4db5-8ba0-d5329ded35f4 ec799136185c4c139505f37770c29a78 ea4228d175304820b807d0b681ed9103 - - default default] Successfully bumped revision number for resource 807bec45-edb1-45f6-a14e-ae9b59035aa9 (type: security_group_rules) to 0
2026-06-24 19:07:33.281 10 INFO neutron.db.ovn_revision_numbers_db [None req-4f0537cb-31ce-4db5-8ba0-d5329ded35f4 ec799136185c4c139505f37770c29a78 ea4228d175304820b807d0b681ed9103 - - default default] Successfully bumped revision number for resource 8eff56f9-8e55-47e0-b0dd-0947ba5d4fe7 (type: security_group_rules) to 0
2026-06-24 19:07:33.300 10 INFO neutron.db.ovn_revision_numbers_db [None req-4f0537cb-31ce-4db5-8ba0-d5329ded35f4 ec799136185c4c139505f37770c29a78 ea4228d175304820b807d0b681ed9103 - - default default] Successfully bumped revision number for resource dc38fcf9-de5c-4d47-b5b1-67cca7cae8f6 (type: security_group_rules) to 0
2026-06-24 19:07:33.333 9 INFO neutron.plugins.ml2.drivers.ovn.mech_driver.ovsdb.extensions.qos [None req-fd035d00-78b4-4a35-97c3-655fb7957f06 ec799136185c4c139505f37770c29a78 ea4228d175304820b807d0b681ed9103 - - default default] Starting OVNClientQosExtension
2026-06-24 19:07:33.365 10 INFO neutron.db.segments_db [None req-4f0537cb-31ce-4db5-8ba0-d5329ded35f4 ec799136185c4c139505f37770c29a78 ea4228d175304820b807d0b681ed9103 - - default default] Added segment 3b8f11f0-af65-4501-9599-19af35b841f0 of type geneve for network 93fa09fc-14f9-4a73-9070-455c32e15a83
2026-06-24 19:07:33.598 10 INFO neutron.db.ovn_revision_numbers_db [None req-4f0537cb-31ce-4db5-8ba0-d5329ded35f4 ec799136185c4c139505f37770c29a78 ea4228d175304820b807d0b681ed9103 - - default default] Successfully bumped revision number for resource 93fa09fc-14f9-4a73-9070-455c32e15a83 (type: networks) to 1
2026-06-24 19:07:33.635 10 INFO neutron.wsgi [None req-2e3573de-2dfd-4a82-8464-b348e3495021 ec799136185c4c139505f37770c29a78 ea4228d175304820b807d0b681ed9103 - - default default] 10.0.0.128 "DELETE /v2.0/security-groups/8088c999-aca5-45f2-9ad3-2774bf5bfa85 HTTP/1.1" status: 204 len: 168 time: 0.4010658
2026-06-24 19:07:33.804 10 WARNING neutron.scheduler.dhcp_agent_scheduler [None req-4f0537cb-31ce-4db5-8ba0-d5329ded35f4 ec799136185c4c139505f37770c29a78 ea4228d175304820b807d0b681ed9103 - - default default] No more DHCP agents
2026-06-24 19:07:33.809 10 WARNING neutron.api.rpc.agentnotifiers.dhcp_rpc_agent_api [None req-4f0537cb-31ce-4db5-8ba0-d5329ded35f4 ec799136185c4c139505f37770c29a78 ea4228d175304820b807d0b681ed9103 - - default default] Unable to schedule network 93fa09fc-14f9-4a73-9070-455c32e15a83: no agents available; will retry on subsequent port and subnet creation events.
2026-06-24 19:07:33.911 10 INFO neutron.db.ovn_revision_numbers_db [None req-4f0537cb-31ce-4db5-8ba0-d5329ded35f4 ec799136185c4c139505f37770c29a78 ea4228d175304820b807d0b681ed9103 - - default default] Successfully bumped revision number for resource 7f4f0b03-b183-4635-8bdd-9fc8c18d1510 (type: ports) to 1
2026-06-24 19:07:33.926 10 INFO neutron.db.ovn_revision_numbers_db [None req-058cbb21-6e49-4365-b4e1-84dd2c92680b ec799136185c4c139505f37770c29a78 ea4228d175304820b807d0b681ed9103 - - default default] Successfully bumped revision number for resource 1381ed8b-5254-4aa7-a5d8-d6fea09cef9b (type: security_groups) to 1
2026-06-24 19:07:33.927 9 INFO neutron.plugins.ml2.drivers.ovn.mech_driver.ovsdb.commands [None req-9fe5a1ba-4048-4431-aecc-a791298289ca - - - - - -] Schedule LRP lrp-dab663b7-6839-4d52-b404-823b8ac42344 on gateway f5cdd266-7fbb-49d4-98f3-cb656c516c24 with priority 1
2026-06-24 19:07:33.938 10 INFO neutron.wsgi [None req-4f0537cb-31ce-4db5-8ba0-d5329ded35f4 ec799136185c4c139505f37770c29a78 ea4228d175304820b807d0b681ed9103 - - default default] 10.0.0.128 "POST /v2.0/networks HTTP/1.1" status: 201 len: 946 time: 1.0349193
2026-06-24 19:07:33.947 10 INFO neutron.plugins.ml2.drivers.ovn.mech_driver.mech_driver [None req-759e9e53-8a2f-4299-9a7d-b43739cd0a68 - - - - - -] OVN reports status up for port: dab663b7-6839-4d52-b404-823b8ac42344
2026-06-24 19:07:33.961 10 INFO neutron.db.ovn_revision_numbers_db [None req-058cbb21-6e49-4365-b4e1-84dd2c92680b ec799136185c4c139505f37770c29a78 ea4228d175304820b807d0b681ed9103 - - default default] Successfully bumped revision number for resource 18c89dc2-f18c-4af7-a451-3471eb78a15e (type: security_group_rules) to 0
2026-06-24 19:07:33.969 10 INFO neutron.plugins.ml2.plugin [None req-759e9e53-8a2f-4299-9a7d-b43739cd0a68 - - - - - -] Attempt 1 to provision port dab663b7-6839-4d52-b404-823b8ac42344
2026-06-24 19:07:33.973 9 INFO neutron.plugins.ml2.drivers.ovn.mech_driver.ovsdb.ovsdb_monitor [-] Router 29668a39-bf4a-43bc-9e5c-9c86d526ecab is bound to host instance
2026-06-24 19:07:33.999 10 INFO neutron.db.ovn_revision_numbers_db [None req-058cbb21-6e49-4365-b4e1-84dd2c92680b ec799136185c4c139505f37770c29a78 ea4228d175304820b807d0b681ed9103 - - default default] Successfully bumped revision number for resource 45fd2e1c-72ca-48e6-8c0b-04479e6b45e4 (type: security_group_rules) to 0
2026-06-24 19:07:34.022 9 INFO neutron.plugins.ml2.drivers.ovn.mech_driver.ovsdb.commands [None req-9fe5a1ba-4048-4431-aecc-a791298289ca - - - - - -] Schedule LRP lrp-c51648eb-3f63-436d-85d1-b1236f199cbf on gateway f5cdd266-7fbb-49d4-98f3-cb656c516c24 with priority 1
2026-06-24 19:07:34.033 9 INFO neutron.db.ovn_revision_numbers_db [None req-fd035d00-78b4-4a35-97c3-655fb7957f06 ec799136185c4c139505f37770c29a78 ea4228d175304820b807d0b681ed9103 - - default default] Successfully bumped revision number for resource dab663b7-6839-4d52-b404-823b8ac42344 (type: router_ports) to 1
2026-06-24 19:07:34.039 9 INFO neutron.plugins.ml2.drivers.ovn.mech_driver.mech_driver [None req-ee5c6fa3-e313-4882-9571-18a31207f112 - - - - - -] OVN reports status up for port: c51648eb-3f63-436d-85d1-b1236f199cbf
2026-06-24 19:07:34.047 10 INFO neutron.db.ovn_revision_numbers_db [None req-058cbb21-6e49-4365-b4e1-84dd2c92680b ec799136185c4c139505f37770c29a78 ea4228d175304820b807d0b681ed9103 - - default default] Successfully bumped revision number for resource 54864fc6-0d11-4c7c-961e-c1891daded47 (type: security_group_rules) to 0
2026-06-24 19:07:34.071 10 INFO neutron.plugins.ml2.drivers.ovn.mech_driver.ovsdb.ovsdb_monitor [-] Router 212750bb-9a9f-4e94-8ebb-7e72c041867e is bound to host instance
2026-06-24 19:07:34.085 10 INFO neutron.db.ovn_revision_numbers_db [None req-058cbb21-6e49-4365-b4e1-84dd2c92680b ec799136185c4c139505f37770c29a78 ea4228d175304820b807d0b681ed9103 - - default default] Successfully bumped revision number for resource d51907fc-91cc-42b1-babe-80f7011cd370 (type: security_group_rules) to 0
2026-06-24 19:07:34.127 9 INFO neutron.plugins.ml2.plugin [None req-ee5c6fa3-e313-4882-9571-18a31207f112 - - - - - -] Attempt 1 to provision port c51648eb-3f63-436d-85d1-b1236f199cbf
2026-06-24 19:07:34.130 9 INFO neutron.db.ovn_revision_numbers_db [None req-58fcabf8-b6f1-4ac5-98d6-1d2827e96e90 ec799136185c4c139505f37770c29a78 ea4228d175304820b807d0b681ed9103 - - default default] Successfully bumped revision number for resource c51648eb-3f63-436d-85d1-b1236f199cbf (type: router_ports) to 1
2026-06-24 19:07:34.145 10 INFO neutron.wsgi [None req-058cbb21-6e49-4365-b4e1-84dd2c92680b ec799136185c4c139505f37770c29a78 ea4228d175304820b807d0b681ed9103 - - default default] 10.0.0.128 "GET /v2.0/security-groups?tenant_id=6db0ce9eef37418eaf346af1ba295e48&name=default HTTP/1.1" status: 200 len: 3116 time: 0.3918560
2026-06-24 19:07:34.233 9 INFO neutron.db.ovn_revision_numbers_db [None req-fd035d00-78b4-4a35-97c3-655fb7957f06 ec799136185c4c139505f37770c29a78 ea4228d175304820b807d0b681ed9103 - - default default] Successfully bumped revision number for resource 29668a39-bf4a-43bc-9e5c-9c86d526ecab (type: routers) to 2
2026-06-24 19:07:34.279 9 INFO neutron.wsgi [None req-fd035d00-78b4-4a35-97c3-655fb7957f06 ec799136185c4c139505f37770c29a78 ea4228d175304820b807d0b681ed9103 - - default default] 10.0.0.128 "POST /v2.0/routers HTTP/1.1" status: 201 len: 1173 time: 2.7206473
2026-06-24 19:07:34.299 10 WARNING neutron.scheduler.dhcp_agent_scheduler [None req-f8bbff75-508d-4de6-b48c-363c41ea5e2a ec799136185c4c139505f37770c29a78 ea4228d175304820b807d0b681ed9103 - - default default] No more DHCP agents
2026-06-24 19:07:34.299 9 INFO neutron.db.ovn_revision_numbers_db [None req-58fcabf8-b6f1-4ac5-98d6-1d2827e96e90 ec799136185c4c139505f37770c29a78 ea4228d175304820b807d0b681ed9103 - - default default] Successfully bumped revision number for resource 212750bb-9a9f-4e94-8ebb-7e72c041867e (type: routers) to 2
2026-06-24 19:07:34.311 10 WARNING neutron.api.rpc.agentnotifiers.dhcp_rpc_agent_api [None req-f8bbff75-508d-4de6-b48c-363c41ea5e2a ec799136185c4c139505f37770c29a78 ea4228d175304820b807d0b681ed9103 - - default default] Unable to schedule network 93fa09fc-14f9-4a73-9070-455c32e15a83: no agents available; will retry on subsequent port and subnet creation events.
2026-06-24 19:07:34.356 9 INFO neutron.wsgi [None req-58fcabf8-b6f1-4ac5-98d6-1d2827e96e90 ec799136185c4c139505f37770c29a78 ea4228d175304820b807d0b681ed9103 - - default default] 10.0.0.128 "POST /v2.0/routers HTTP/1.1" status: 201 len: 1169 time: 2.7326367
2026-06-24 19:07:34.798 10 INFO neutron.wsgi [None req-c67e2260-6a3c-4644-a650-c6417f693d69 ec799136185c4c139505f37770c29a78 ea4228d175304820b807d0b681ed9103 - - default default] 10.0.0.128 "DELETE /v2.0/security-groups/1381ed8b-5254-4aa7-a5d8-d6fea09cef9b HTTP/1.1" status: 204 len: 168 time: 0.6423125
2026-06-24 19:07:34.935 10 INFO neutron.plugins.ml2.drivers.ovn.mech_driver.ovsdb.extensions.qos [None req-6e4e2852-94a4-41eb-925f-68582b40b1bb - - - - - -] Starting OVNClientQosExtension
2026-06-24 19:07:35.331 10 INFO neutron.db.ovn_revision_numbers_db [None req-f8bbff75-508d-4de6-b48c-363c41ea5e2a ec799136185c4c139505f37770c29a78 ea4228d175304820b807d0b681ed9103 - - default default] Successfully bumped revision number for resource 7f4f0b03-b183-4635-8bdd-9fc8c18d1510 (type: ports) to 2
2026-06-24 19:07:35.393 10 INFO neutron.db.ovn_revision_numbers_db [None req-f8bbff75-508d-4de6-b48c-363c41ea5e2a ec799136185c4c139505f37770c29a78 ea4228d175304820b807d0b681ed9103 - - default default] Successfully bumped revision number for resource cfbe42d6-58c6-4a25-b5cd-1b80d8b46586 (type: subnets) to 0
2026-06-24 19:07:35.407 10 INFO neutron.db.ovn_revision_numbers_db [None req-6e4e2852-94a4-41eb-925f-68582b40b1bb - - - - - -] Successfully bumped revision number for resource c51648eb-3f63-436d-85d1-b1236f199cbf (type: ports) to 1
2026-06-24 19:07:35.419 10 INFO neutron.wsgi [None req-f8bbff75-508d-4de6-b48c-363c41ea5e2a ec799136185c4c139505f37770c29a78 ea4228d175304820b807d0b681ed9103 - - default default] 10.0.0.128 "POST /v2.0/subnets HTTP/1.1" status: 201 len: 866 time: 1.4697893
2026-06-24 19:07:35.626 9 WARNING neutron.scheduler.dhcp_agent_scheduler [None req-09007ac6-3b70-499f-9cd1-5866f8b6fc83 ec799136185c4c139505f37770c29a78 ea4228d175304820b807d0b681ed9103 - - default default] No more DHCP agents
2026-06-24 19:07:35.633 9 WARNING neutron.api.rpc.agentnotifiers.dhcp_rpc_agent_api [None req-09007ac6-3b70-499f-9cd1-5866f8b6fc83 ec799136185c4c139505f37770c29a78 ea4228d175304820b807d0b681ed9103 - - default default] Unable to schedule network 3c601eaa-31c2-4b1e-8541-b2f58de2e94b: no agents available; will retry on subsequent port and subnet creation events.
2026-06-24 19:07:35.696 9 INFO neutron.db.ovn_revision_numbers_db [None req-acabf4b9-38c9-4de7-8c85-b48865b76270 - - - - - -] Successfully bumped revision number for resource dab663b7-6839-4d52-b404-823b8ac42344 (type: ports) to 1
2026-06-24 19:07:35.699 9 WARNING neutron.scheduler.dhcp_agent_scheduler [None req-8e5f30c2-41f1-4e9f-be9b-09d2042dd438 ec799136185c4c139505f37770c29a78 ea4228d175304820b807d0b681ed9103 - - default default] No more DHCP agents
2026-06-24 19:07:35.703 9 WARNING neutron.api.rpc.agentnotifiers.dhcp_rpc_agent_api [None req-8e5f30c2-41f1-4e9f-be9b-09d2042dd438 ec799136185c4c139505f37770c29a78 ea4228d175304820b807d0b681ed9103 - - default default] Unable to schedule network 0dc3513c-d3d7-470a-b203-cdeb1461d839: no agents available; will retry on subsequent port and subnet creation events.
2026-06-24 19:07:35.912 9 INFO neutron.db.ovn_revision_numbers_db [None req-09007ac6-3b70-499f-9cd1-5866f8b6fc83 ec799136185c4c139505f37770c29a78 ea4228d175304820b807d0b681ed9103 - - default default] Successfully bumped revision number for resource 605dec1a-fc02-4cd1-8264-346d8fbe92aa (type: ports) to 1
2026-06-24 19:07:36.007 9 INFO neutron.db.ovn_revision_numbers_db [None req-8e5f30c2-41f1-4e9f-be9b-09d2042dd438 ec799136185c4c139505f37770c29a78 ea4228d175304820b807d0b681ed9103 - - default default] Successfully bumped revision number for resource e5d02d3e-e7ed-4a3e-b707-41ab847a4cd0 (type: ports) to 1
2026-06-24 19:07:36.021 10 INFO neutron.db.ovn_revision_numbers_db [None req-6e4e2852-94a4-41eb-925f-68582b40b1bb - - - - - -] Successfully bumped revision number for resource c51648eb-3f63-436d-85d1-b1236f199cbf (type: router_ports) to 3
2026-06-24 19:07:36.172 10 WARNING neutron.scheduler.dhcp_agent_scheduler [None req-630ad02d-6c07-4542-8146-85b887b40ee3 ec799136185c4c139505f37770c29a78 ea4228d175304820b807d0b681ed9103 - - default default] No more DHCP agents
2026-06-24 19:07:36.175 10 WARNING neutron.api.rpc.agentnotifiers.dhcp_rpc_agent_api [None req-630ad02d-6c07-4542-8146-85b887b40ee3 ec799136185c4c139505f37770c29a78 ea4228d175304820b807d0b681ed9103 - - default default] Unable to schedule network 83af68fc-eabc-4f93-abd9-e363b8272142: no agents available; will retry on subsequent port and subnet creation events.
2026-06-24 19:07:36.308 10 INFO neutron.db.ovn_revision_numbers_db [None req-6e4e2852-94a4-41eb-925f-68582b40b1bb - - - - - -] Successfully bumped revision number for resource c51648eb-3f63-436d-85d1-b1236f199cbf (type: ports) to 2
2026-06-24 19:07:36.365 10 INFO neutron.db.ovn_revision_numbers_db [None req-630ad02d-6c07-4542-8146-85b887b40ee3 ec799136185c4c139505f37770c29a78 ea4228d175304820b807d0b681ed9103 - - default default] Successfully bumped revision number for resource 60be916d-017f-4edf-9a55-609dd231afc5 (type: ports) to 1
2026-06-24 19:07:36.595 9 INFO neutron.db.ovn_revision_numbers_db [None req-acabf4b9-38c9-4de7-8c85-b48865b76270 - - - - - -] Successfully bumped revision number for resource dab663b7-6839-4d52-b404-823b8ac42344 (type: router_ports) to 3
2026-06-24 19:07:36.970 10 INFO neutron.db.ovn_revision_numbers_db [None req-6e4e2852-94a4-41eb-925f-68582b40b1bb - - - - - -] Successfully bumped revision number for resource c51648eb-3f63-436d-85d1-b1236f199cbf (type: ports) to 4
2026-06-24 19:07:37.064 9 INFO neutron.db.ovn_revision_numbers_db [None req-acabf4b9-38c9-4de7-8c85-b48865b76270 - - - - - -] Successfully bumped revision number for resource dab663b7-6839-4d52-b404-823b8ac42344 (type: ports) to 2
2026-06-24 19:07:37.086 9 ERROR ovsdbapp.backend.ovs_idl.command [None req-09007ac6-3b70-499f-9cd1-5866f8b6fc83 ec799136185c4c139505f37770c29a78 ea4228d175304820b807d0b681ed9103 - - default default] Error executing command (DbGetCommand): ovsdbapp.backend.ovs_idl.idlutils.RowNotFound: Cannot find Logical_Router_Port with name=lrp-605dec1a-fc02-4cd1-8264-346d8fbe92aa
2026-06-24 19:07:37.086 9 ERROR ovsdbapp.backend.ovs_idl.command
Traceback (most recent call last):
2026-06-24 19:07:37.086 9 ERROR ovsdbapp.backend.ovs_idl.command
File "/var/lib/openstack/lib/python3.10/site-packages/ovsdbapp/backend/ovs_idl/command.py", line 47, in execute
2026-06-24 19:07:37.086 9 ERROR ovsdbapp.backend.ovs_idl.command self.run_idl(None)
2026-06-24 19:07:37.086 9 ERROR ovsdbapp.backend.ovs_idl.command
File "/var/lib/openstack/lib/python3.10/site-packages/ovsdbapp/backend/ovs_idl/command.py", line 235, in run_idl
2026-06-24 19:07:37.086 9 ERROR ovsdbapp.backend.ovs_idl.command record = self.api.lookup(self.table, self.record)
2026-06-24 19:07:37.086 9 ERROR ovsdbapp.backend.ovs_idl.command
File "/var/lib/openstack/lib/python3.10/site-packages/ovsdbapp/backend/ovs_idl/__init__.py", line 184, in lookup
2026-06-24 19:07:37.086 9 ERROR ovsdbapp.backend.ovs_idl.command return self._lookup(table, record)
2026-06-24 19:07:37.086 9 ERROR ovsdbapp.backend.ovs_idl.command
File "/var/lib/openstack/lib/python3.10/site-packages/ovsdbapp/backend/ovs_idl/__init__.py", line 235, in _lookup
2026-06-24 19:07:37.086 9 ERROR ovsdbapp.backend.ovs_idl.command row = idlutils.row_by_value(self, rl.table, rl.column, record)
2026-06-24 19:07:37.086 9 ERROR ovsdbapp.backend.ovs_idl.command
File "/var/lib/openstack/lib/python3.10/site-packages/ovsdbapp/backend/ovs_idl/idlutils.py", line 114, in row_by_value
2026-06-24 19:07:37.086 9 ERROR ovsdbapp.backend.ovs_idl.command raise RowNotFound(table=table, col=column, match=match)
2026-06-24 19:07:37.086 9 ERROR ovsdbapp.backend.ovs_idl.command ovsdbapp.backend.ovs_idl.idlutils.RowNotFound: Cannot find Logical_Router_Port with name=lrp-605dec1a-fc02-4cd1-8264-346d8fbe92aa
2026-06-24 19:07:37.086 9 ERROR ovsdbapp.backend.ovs_idl.command 
2026-06-24 19:07:37.087 9 ERROR neutron_lib.callbacks.manager [None req-09007ac6-3b70-499f-9cd1-5866f8b6fc83 ec799136185c4c139505f37770c29a78 ea4228d175304820b807d0b681ed9103 - - default default] Error during notification for neutron.services.ovn_l3.plugin.OVNL3RouterPlugin._port_update-8754342971110 port, after_update: ovsdbapp.backend.ovs_idl.idlutils.RowNotFound: Cannot find Logical_Router_Port with name=lrp-605dec1a-fc02-4cd1-8264-346d8fbe92aa
2026-06-24 19:07:37.087 9 ERROR neutron_lib.callbacks.manager
Traceback (most recent call last):
2026-06-24 19:07:37.087 9 ERROR neutron_lib.callbacks.manager
File "/var/lib/openstack/lib/python3.10/site-packages/neutron_lib/callbacks/manager.py", line 189, in _notify_loop
2026-06-24 19:07:37.087 9 ERROR neutron_lib.callbacks.manager callback.method(resource, event, trigger, payload=payload)
2026-06-24 19:07:37.087 9 ERROR neutron_lib.callbacks.manager
File "/var/lib/openstack/lib/python3.10/site-packages/neutron/services/ovn_l3/plugin.py", line 391, in _port_update
2026-06-24 19:07:37.087 9 ERROR neutron_lib.callbacks.manager l3plugin._ovn_client.update_router_port(context,
2026-06-24 19:07:37.087 9 ERROR neutron_lib.callbacks.manager
File "/var/lib/openstack/lib/python3.10/site-packages/neutron/plugins/ml2/drivers/ovn/mech_driver/ovsdb/ovn_client.py", line 1878, in update_router_port
2026-06-24 19:07:37.087 9 ERROR neutron_lib.callbacks.manager self._update_lrouter_port(context, port, if_exists=if_exists,
2026-06-24 19:07:37.087 9 ERROR neutron_lib.callbacks.manager
File "/var/lib/openstack/lib/python3.10/site-packages/neutron/plugins/ml2/drivers/ovn/mech_driver/ovsdb/ovn_client.py", line 1855, in _update_lrouter_port
2026-06-24 19:07:37.087 9 ERROR neutron_lib.callbacks.manager external_ids = self._nb_idl.db_get(
2026-06-24 19:07:37.087 9 ERROR neutron_lib.callbacks.manager
File "/var/lib/openstack/lib/python3.10/site-packages/ovsdbapp/backend/ovs_idl/command.py", line 47, in execute
2026-06-24 19:07:37.087 9 ERROR neutron_lib.callbacks.manager self.run_idl(None)
2026-06-24 19:07:37.087 9 ERROR neutron_lib.callbacks.manager
File "/var/lib/openstack/lib/python3.10/site-packages/ovsdbapp/backend/ovs_idl/command.py", line 235, in run_idl
2026-06-24 19:07:37.087 9 ERROR neutron_lib.callbacks.manager record = self.api.lookup(self.table, self.record)
2026-06-24 19:07:37.087 9 ERROR neutron_lib.callbacks.manager
File "/var/lib/openstack/lib/python3.10/site-packages/ovsdbapp/backend/ovs_idl/__init__.py", line 184, in lookup
2026-06-24 19:07:37.087 9 ERROR neutron_lib.callbacks.manager return self._lookup(table, record)
2026-06-24 19:07:37.087 9 ERROR neutron_lib.callbacks.manager
File "/var/lib/openstack/lib/python3.10/site-packages/ovsdbapp/backend/ovs_idl/__init__.py", line 235, in _lookup
2026-06-24 19:07:37.087 9 ERROR neutron_lib.callbacks.manager row = idlutils.row_by_value(self, rl.table, rl.column, record)
2026-06-24 19:07:37.087 9 ERROR neutron_lib.callbacks.manager
File "/var/lib/openstack/lib/python3.10/site-packages/ovsdbapp/backend/ovs_idl/idlutils.py", line 114, in row_by_value
2026-06-24 19:07:37.087 9 ERROR neutron_lib.callbacks.manager raise RowNotFound(table=table, col=column, match=match)
2026-06-24 19:07:37.087 9 ERROR neutron_lib.callbacks.manager ovsdbapp.backend.ovs_idl.idlutils.RowNotFound: Cannot find Logical_Router_Port with name=lrp-605dec1a-fc02-4cd1-8264-346d8fbe92aa
2026-06-24 19:07:37.087 9 ERROR neutron_lib.callbacks.manager 
2026-06-24 19:07:37.164 9 ERROR ovsdbapp.backend.ovs_idl.command [None req-8e5f30c2-41f1-4e9f-be9b-09d2042dd438 ec799136185c4c139505f37770c29a78 ea4228d175304820b807d0b681ed9103 - - default default] Error executing command (DbGetCommand): ovsdbapp.backend.ovs_idl.idlutils.RowNotFound: Cannot find Logical_Router_Port with name=lrp-e5d02d3e-e7ed-4a3e-b707-41ab847a4cd0
2026-06-24 19:07:37.164 9 ERROR ovsdbapp.backend.ovs_idl.command
Traceback (most recent call last):
2026-06-24 19:07:37.164 9 ERROR ovsdbapp.backend.ovs_idl.command
File "/var/lib/openstack/lib/python3.10/site-packages/ovsdbapp/backend/ovs_idl/command.py", line 47, in execute
2026-06-24 19:07:37.164 9 ERROR ovsdbapp.backend.ovs_idl.command self.run_idl(None)
2026-06-24 19:07:37.164 9 ERROR ovsdbapp.backend.ovs_idl.command
File "/var/lib/openstack/lib/python3.10/site-packages/ovsdbapp/backend/ovs_idl/command.py", line 235, in run_idl
2026-06-24 19:07:37.164 9 ERROR ovsdbapp.backend.ovs_idl.command record = self.api.lookup(self.table, self.record)
2026-06-24 19:07:37.164 9 ERROR ovsdbapp.backend.ovs_idl.command
File "/var/lib/openstack/lib/python3.10/site-packages/ovsdbapp/backend/ovs_idl/__init__.py", line 184, in lookup
2026-06-24 19:07:37.164 9 ERROR ovsdbapp.backend.ovs_idl.command return self._lookup(table, record)
2026-06-24 19:07:37.164 9 ERROR ovsdbapp.backend.ovs_idl.command
File "/var/lib/openstack/lib/python3.10/site-packages/ovsdbapp/backend/ovs_idl/__init__.py", line 235, in _lookup
2026-06-24 19:07:37.164 9 ERROR ovsdbapp.backend.ovs_idl.command row = idlutils.row_by_value(self, rl.table, rl.column, record)
2026-06-24 19:07:37.164 9 ERROR ovsdbapp.backend.ovs_idl.command
File "/var/lib/openstack/lib/python3.10/site-packages/ovsdbapp/backend/ovs_idl/idlutils.py", line 114, in row_by_value
2026-06-24 19:07:37.164 9 ERROR ovsdbapp.backend.ovs_idl.command raise RowNotFound(table=table, col=column, match=match)
2026-06-24 19:07:37.164 9 ERROR ovsdbapp.backend.ovs_idl.command ovsdbapp.backend.ovs_idl.idlutils.RowNotFound: Cannot find Logical_Router_Port with name=lrp-e5d02d3e-e7ed-4a3e-b707-41ab847a4cd0
2026-06-24 19:07:37.164 9 ERROR ovsdbapp.backend.ovs_idl.command 
2026-06-24 19:07:37.165 9 ERROR neutron_lib.callbacks.manager [None req-8e5f30c2-41f1-4e9f-be9b-09d2042dd438 ec799136185c4c139505f37770c29a78 ea4228d175304820b807d0b681ed9103 - - default default] Error during notification for neutron.services.ovn_l3.plugin.OVNL3RouterPlugin._port_update-8754342971110 port, after_update: ovsdbapp.backend.ovs_idl.idlutils.RowNotFound: Cannot find Logical_Router_Port with name=lrp-e5d02d3e-e7ed-4a3e-b707-41ab847a4cd0
2026-06-24 19:07:37.165 9 ERROR neutron_lib.callbacks.manager
Traceback (most recent call last):
2026-06-24 19:07:37.165 9 ERROR neutron_lib.callbacks.manager
File "/var/lib/openstack/lib/python3.10/site-packages/neutron_lib/callbacks/manager.py", line 189, in _notify_loop
2026-06-24 19:07:37.165 9 ERROR neutron_lib.callbacks.manager callback.method(resource, event, trigger, payload=payload)
2026-06-24 19:07:37.165 9 ERROR neutron_lib.callbacks.manager
File "/var/lib/openstack/lib/python3.10/site-packages/neutron/services/ovn_l3/plugin.py", line 391, in _port_update
2026-06-24 19:07:37.165 9 ERROR neutron_lib.callbacks.manager l3plugin._ovn_client.update_router_port(context,
2026-06-24 19:07:37.165 9 ERROR neutron_lib.callbacks.manager
File "/var/lib/openstack/lib/python3.10/site-packages/neutron/plugins/ml2/drivers/ovn/mech_driver/ovsdb/ovn_client.py", line 1878, in update_router_port
2026-06-24 19:07:37.165 9 ERROR neutron_lib.callbacks.manager self._update_lrouter_port(context, port, if_exists=if_exists,
2026-06-24 19:07:37.165 9 ERROR neutron_lib.callbacks.manager
File "/var/lib/openstack/lib/python3.10/site-packages/neutron/plugins/ml2/drivers/ovn/mech_driver/ovsdb/ovn_client.py", line 1855, in _update_lrouter_port
2026-06-24 19:07:37.165 9 ERROR neutron_lib.callbacks.manager external_ids = self._nb_idl.db_get(
2026-06-24 19:07:37.165 9 ERROR neutron_lib.callbacks.manager
File "/var/lib/openstack/lib/python3.10/site-packages/ovsdbapp/backend/ovs_idl/command.py", line 47, in execute
2026-06-24 19:07:37.165 9 ERROR neutron_lib.callbacks.manager self.run_idl(None)
2026-06-24 19:07:37.165 9 ERROR neutron_lib.callbacks.manager
File "/var/lib/openstack/lib/python3.10/site-packages/ovsdbapp/backend/ovs_idl/command.py", line 235, in run_idl
2026-06-24 19:07:37.165 9 ERROR neutron_lib.callbacks.manager record = self.api.lookup(self.table, self.record)
2026-06-24 19:07:37.165 9 ERROR neutron_lib.callbacks.manager
File "/var/lib/openstack/lib/python3.10/site-packages/ovsdbapp/backend/ovs_idl/__init__.py", line 184, in lookup
2026-06-24 19:07:37.165 9 ERROR neutron_lib.callbacks.manager return self._lookup(table, record)
2026-06-24 19:07:37.165 9 ERROR neutron_lib.callbacks.manager
File "/var/lib/openstack/lib/python3.10/site-packages/ovsdbapp/backend/ovs_idl/__init__.py", line 235, in _lookup
2026-06-24 19:07:37.165 9 ERROR neutron_lib.callbacks.manager row = idlutils.row_by_value(self, rl.table, rl.column, record)
2026-06-24 19:07:37.165 9 ERROR neutron_lib.callbacks.manager
File "/var/lib/openstack/lib/python3.10/site-packages/ovsdbapp/backend/ovs_idl/idlutils.py", line 114, in row_by_value
2026-06-24 19:07:37.165 9 ERROR neutron_lib.callbacks.manager raise RowNotFound(table=table, col=column, match=match)
2026-06-24 19:07:37.165 9 ERROR neutron_lib.callbacks.manager ovsdbapp.backend.ovs_idl.idlutils.RowNotFound: Cannot find Logical_Router_Port with name=lrp-e5d02d3e-e7ed-4a3e-b707-41ab847a4cd0
2026-06-24 19:07:37.165 9 ERROR neutron_lib.callbacks.manager 
2026-06-24 19:07:37.529 10 INFO neutron.db.ovn_revision_numbers_db [None req-6e4e2852-94a4-41eb-925f-68582b40b1bb - - - - - -] Successfully bumped revision number for resource c51648eb-3f63-436d-85d1-b1236f199cbf (type: router_ports) to 4
2026-06-24 19:07:37.535 9 INFO neutron.plugins.ml2.drivers.ovn.mech_driver.mech_driver [None req-ee5c6fa3-e313-4882-9571-18a31207f112 - - - - - -] OVN reports status up for port: 605dec1a-fc02-4cd1-8264-346d8fbe92aa
2026-06-24 19:07:37.544 10 INFO neutron.plugins.ml2.drivers.ovn.mech_driver.ovsdb.commands [None req-9788bae1-2cd4-4678-bb7a-68f26f4f8fe4 - - - - - -] Schedule LRP lrp-60be916d-017f-4edf-9a55-609dd231afc5 on gateway f5cdd266-7fbb-49d4-98f3-cb656c516c24 with priority 1
2026-06-24 19:07:37.584 10 INFO neutron.db.ovn_revision_numbers_db [None req-630ad02d-6c07-4542-8146-85b887b40ee3 ec799136185c4c139505f37770c29a78 ea4228d175304820b807d0b681ed9103 - - default default] Successfully bumped revision number for resource 60be916d-017f-4edf-9a55-609dd231afc5 (type: router_ports) to 1
2026-06-24 19:07:37.588 9 INFO neutron.plugins.ml2.plugin [None req-ee5c6fa3-e313-4882-9571-18a31207f112 - - - - - -] Attempt 1 to provision port 605dec1a-fc02-4cd1-8264-346d8fbe92aa
