2026-06-24 19:08:54.333 9 INFO neutron.db.ovn_revision_numbers_db [None req-b7ea3aa7-c428-4172-ab43-611cf52baf4c ec799136185c4c139505f37770c29a78 ea4228d175304820b807d0b681ed9103 - - default default] Successfully bumped revision number for resource 6114b8df-aa78-41ad-ae21-2e3d4bfb6bf8 (type: security_group_rules) to 0
2026-06-24 19:08:54.341 9 WARNING neutron.scheduler.dhcp_agent_scheduler [None req-b29d7235-0af7-4c3f-b5ca-93b2da63a901 5f04abe752d84541bdb20a0453c905af 753bf87e3e4f4f8e90c2996bb0b1a8ab - - default default] No more DHCP agents
2026-06-24 19:08:54.343 9 WARNING neutron.api.rpc.agentnotifiers.dhcp_rpc_agent_api [None req-b29d7235-0af7-4c3f-b5ca-93b2da63a901 5f04abe752d84541bdb20a0453c905af 753bf87e3e4f4f8e90c2996bb0b1a8ab - - default default] Unable to schedule network 48dd8a93-4648-4c6c-9d13-844747fbbc9c: no agents available; will retry on subsequent port and subnet creation events.
2026-06-24 19:08:54.355 9 INFO neutron.db.ovn_revision_numbers_db [None req-b7ea3aa7-c428-4172-ab43-611cf52baf4c ec799136185c4c139505f37770c29a78 ea4228d175304820b807d0b681ed9103 - - default default] Successfully bumped revision number for resource 7a190720-aaf8-4ff2-9dbb-d6c10c6e1e8d (type: security_group_rules) to 0
2026-06-24 19:08:54.370 9 INFO neutron.db.ovn_revision_numbers_db [None req-b7ea3aa7-c428-4172-ab43-611cf52baf4c ec799136185c4c139505f37770c29a78 ea4228d175304820b807d0b681ed9103 - - default default] Successfully bumped revision number for resource cd39bcdd-904b-43d7-8461-74bac1629258 (type: security_group_rules) to 0
2026-06-24 19:08:54.417 9 INFO neutron.wsgi [None req-b7ea3aa7-c428-4172-ab43-611cf52baf4c ec799136185c4c139505f37770c29a78 ea4228d175304820b807d0b681ed9103 - - default default] 10.0.0.128 "GET /v2.0/security-groups?tenant_id=03b90902cfd5439389bbe55e3f89fa2e&name=default HTTP/1.1" status: 200 len: 3120 time: 0.3687410
2026-06-24 19:08:54.431 10 INFO neutron.db.ovn_revision_numbers_db [None req-c12bd45c-aa7c-44d4-b304-4aaf67b4a975 f6b15d74a0544112968525bc268d0dc6 401c6b28b2604014810acbaa7056792d - - default default] Successfully bumped revision number for resource eb8d7047-0170-4576-9045-d3f3f6c8208e (type: security_group_rules) to 0
2026-06-24 19:08:54.486 10 INFO neutron.wsgi [None req-c12bd45c-aa7c-44d4-b304-4aaf67b4a975 f6b15d74a0544112968525bc268d0dc6 401c6b28b2604014810acbaa7056792d - - default default] 10.0.0.128 "POST /v2.0/security-group-rules HTTP/1.1" status: 201 len: 796 time: 0.2344656
2026-06-24 19:08:54.496 9 WARNING neutron_lib.context [None req-bc89342f-f358-41de-8e13-cfbec1949cda f6b15d74a0544112968525bc268d0dc6 401c6b28b2604014810acbaa7056792d - - default default] Method 'is_advsvc' is deprecated since 2023.2 release (neutron-lib 3.8.0) and will be removed once support for the old RBAC API policies will be removed from Neutron. Please use method 'is_service_role' instead.
2026-06-24 19:08:54.522 9 INFO neutron.db.ovn_revision_numbers_db [None req-b29d7235-0af7-4c3f-b5ca-93b2da63a901 5f04abe752d84541bdb20a0453c905af 753bf87e3e4f4f8e90c2996bb0b1a8ab - - default default] Successfully bumped revision number for resource 46fa1419-467c-46b6-9f6b-74fbab63fc1b (type: router_ports) to 2
2026-06-24 19:08:54.530 9 INFO neutron.wsgi [None req-b29d7235-0af7-4c3f-b5ca-93b2da63a901 5f04abe752d84541bdb20a0453c905af 753bf87e3e4f4f8e90c2996bb0b1a8ab - - default default] 10.0.0.128 "PUT /v2.0/routers/feb8fd58-298a-4cc6-8ed0-84f010df488f/add_router_interface HTTP/1.1" status: 200 len: 503 time: 2.7854757
2026-06-24 19:08:54.542 10 INFO neutron.db.ovn_revision_numbers_db [None req-90a73267-a7ea-43f4-88dd-ad38be4073c6 ec799136185c4c139505f37770c29a78 ea4228d175304820b807d0b681ed9103 - - default default] Successfully bumped revision number for resource cdaa540a-ca7a-41b2-8408-d468e90daa25 (type: security_groups) to 1
2026-06-24 19:08:54.574 10 INFO neutron.db.ovn_revision_numbers_db [None req-90a73267-a7ea-43f4-88dd-ad38be4073c6 ec799136185c4c139505f37770c29a78 ea4228d175304820b807d0b681ed9103 - - default default] Successfully bumped revision number for resource 302fb550-e71c-440e-a3e2-e54291403b5b (type: security_group_rules) to 0
2026-06-24 19:08:54.619 10 INFO neutron.db.ovn_revision_numbers_db [None req-90a73267-a7ea-43f4-88dd-ad38be4073c6 ec799136185c4c139505f37770c29a78 ea4228d175304820b807d0b681ed9103 - - default default] Successfully bumped revision number for resource 39db98d7-2748-4bf0-8997-0fcb88a905c8 (type: security_group_rules) to 0
2026-06-24 19:08:54.658 9 INFO neutron.db.ovn_revision_numbers_db [None req-bc89342f-f358-41de-8e13-cfbec1949cda f6b15d74a0544112968525bc268d0dc6 401c6b28b2604014810acbaa7056792d - - default default] Successfully bumped revision number for resource 3f277718-92ce-4821-9626-4b7fe1dd2e54 (type: security_group_rules) to 0
2026-06-24 19:08:54.659 10 INFO neutron.db.ovn_revision_numbers_db [None req-90a73267-a7ea-43f4-88dd-ad38be4073c6 ec799136185c4c139505f37770c29a78 ea4228d175304820b807d0b681ed9103 - - default default] Successfully bumped revision number for resource 51cbd3b0-3cb6-4da1-b3b1-7af509cd67a3 (type: security_group_rules) to 0
2026-06-24 19:08:54.671 10 INFO neutron.wsgi [None req-012deda9-a3ab-4cc1-9709-ccc89f09e344 5f04abe752d84541bdb20a0453c905af 753bf87e3e4f4f8e90c2996bb0b1a8ab - - default default] 10.0.0.128 "GET /v2.0/ports/46fa1419-467c-46b6-9f6b-74fbab63fc1b HTTP/1.1" status: 200 len: 1203 time: 0.1353571
2026-06-24 19:08:54.682 10 INFO neutron.db.ovn_revision_numbers_db [None req-90a73267-a7ea-43f4-88dd-ad38be4073c6 ec799136185c4c139505f37770c29a78 ea4228d175304820b807d0b681ed9103 - - default default] Successfully bumped revision number for resource 69efe146-5952-4d2c-b943-4280967506fb (type: security_group_rules) to 0
2026-06-24 19:08:54.705 9 INFO neutron.wsgi [None req-bc89342f-f358-41de-8e13-cfbec1949cda f6b15d74a0544112968525bc268d0dc6 401c6b28b2604014810acbaa7056792d - - default default] 10.0.0.128 "POST /v2.0/security-group-rules HTTP/1.1" status: 201 len: 801 time: 0.2152188
2026-06-24 19:08:54.706 10 INFO neutron.wsgi [None req-90a73267-a7ea-43f4-88dd-ad38be4073c6 ec799136185c4c139505f37770c29a78 ea4228d175304820b807d0b681ed9103 - - default default] 10.0.0.128 "GET /v2.0/security-groups?tenant_id=1506aa55cf6d45b5852c028866d2321c&name=default HTTP/1.1" status: 200 len: 3120 time: 0.5045335
2026-06-24 19:08:54.729 9 WARNING neutron_lib.context [None req-d587e868-9f04-43ff-bf70-045b5afcc83e f6b15d74a0544112968525bc268d0dc6 401c6b28b2604014810acbaa7056792d - - default default] Method 'is_advsvc' is deprecated since 2023.2 release (neutron-lib 3.8.0) and will be removed once support for the old RBAC API policies will be removed from Neutron. Please use method 'is_service_role' instead.
2026-06-24 19:08:54.787 10 INFO neutron.wsgi [None req-608b4620-877f-4d58-b98e-d10113da868f ec799136185c4c139505f37770c29a78 ea4228d175304820b807d0b681ed9103 - - default default] 10.0.0.128 "DELETE /v2.0/security-groups/6eb26d73-861a-4d9d-8b3e-645ff195c005 HTTP/1.1" status: 204 len: 168 time: 0.3653033
2026-06-24 19:08:54.948 10 INFO neutron.wsgi [None req-615e1845-d802-4684-a090-5c4c67db82bd ec799136185c4c139505f37770c29a78 ea4228d175304820b807d0b681ed9103 - - default default] 10.0.0.128 "DELETE /v2.0/security-groups/cdaa540a-ca7a-41b2-8408-d468e90daa25 HTTP/1.1" status: 204 len: 168 time: 0.2353323
2026-06-24 19:08:55.199 9 WARNING neutron.scheduler.dhcp_agent_scheduler [None req-d587e868-9f04-43ff-bf70-045b5afcc83e f6b15d74a0544112968525bc268d0dc6 401c6b28b2604014810acbaa7056792d - - default default] No more DHCP agents
2026-06-24 19:08:55.208 9 WARNING neutron.api.rpc.agentnotifiers.dhcp_rpc_agent_api [None req-d587e868-9f04-43ff-bf70-045b5afcc83e f6b15d74a0544112968525bc268d0dc6 401c6b28b2604014810acbaa7056792d - - default default] Unable to schedule network 83af68fc-eabc-4f93-abd9-e363b8272142: no agents available; will retry on subsequent port and subnet creation events.
2026-06-24 19:08:55.232 10 INFO neutron.db.ovn_revision_numbers_db [None req-fdeb330e-a9fc-4ed8-a6b4-7a8177c23f6d ec799136185c4c139505f37770c29a78 ea4228d175304820b807d0b681ed9103 - - default default] Successfully bumped revision number for resource 90192771-0cf2-4103-ad22-ce29b4afddbd (type: security_groups) to 1
2026-06-24 19:08:55.254 10 INFO neutron.db.ovn_revision_numbers_db [None req-fdeb330e-a9fc-4ed8-a6b4-7a8177c23f6d ec799136185c4c139505f37770c29a78 ea4228d175304820b807d0b681ed9103 - - default default] Successfully bumped revision number for resource 45b91d82-ad10-4f92-beda-b9fad0a2fe30 (type: security_group_rules) to 0
2026-06-24 19:08:55.276 10 INFO neutron.db.ovn_revision_numbers_db [None req-fdeb330e-a9fc-4ed8-a6b4-7a8177c23f6d ec799136185c4c139505f37770c29a78 ea4228d175304820b807d0b681ed9103 - - default default] Successfully bumped revision number for resource 45edb1b2-80ff-4258-8719-8ee6bbadabc2 (type: security_group_rules) to 0
2026-06-24 19:08:55.301 10 INFO neutron.db.ovn_revision_numbers_db [None req-fdeb330e-a9fc-4ed8-a6b4-7a8177c23f6d ec799136185c4c139505f37770c29a78 ea4228d175304820b807d0b681ed9103 - - default default] Successfully bumped revision number for resource a3873e5b-4c8a-464a-a1fb-9069f1f907c8 (type: security_group_rules) to 0
2026-06-24 19:08:55.317 10 INFO neutron.db.ovn_revision_numbers_db [None req-fdeb330e-a9fc-4ed8-a6b4-7a8177c23f6d ec799136185c4c139505f37770c29a78 ea4228d175304820b807d0b681ed9103 - - default default] Successfully bumped revision number for resource d253b31a-8e36-4c28-af65-226217cdfb21 (type: security_group_rules) to 0
2026-06-24 19:08:55.337 10 INFO neutron.wsgi [None req-fdeb330e-a9fc-4ed8-a6b4-7a8177c23f6d ec799136185c4c139505f37770c29a78 ea4228d175304820b807d0b681ed9103 - - default default] 10.0.0.128 "GET /v2.0/security-groups?tenant_id=716400bb078444c385522569d6e0947d&name=default HTTP/1.1" status: 200 len: 3120 time: 0.2417049
2026-06-24 19:08:55.610 10 INFO neutron.wsgi [None req-90521cc2-93ea-459d-b0ed-3b74bbb35873 ec799136185c4c139505f37770c29a78 ea4228d175304820b807d0b681ed9103 - - default default] 10.0.0.128 "DELETE /v2.0/security-groups/90192771-0cf2-4103-ad22-ce29b4afddbd HTTP/1.1" status: 204 len: 168 time: 0.2646222
2026-06-24 19:08:55.670 9 INFO neutron.wsgi [None req-7c3027f7-1c2a-4720-9160-fea16de07fa2 5f04abe752d84541bdb20a0453c905af 753bf87e3e4f4f8e90c2996bb0b1a8ab - - default default] 10.0.0.128 "PUT /v2.0/routers/feb8fd58-298a-4cc6-8ed0-84f010df488f/remove_router_interface HTTP/1.1" status: 200 len: 503 time: 0.9954476
2026-06-24 19:08:55.732 9 INFO neutron.wsgi [None req-d587e868-9f04-43ff-bf70-045b5afcc83e f6b15d74a0544112968525bc268d0dc6 401c6b28b2604014810acbaa7056792d - - default default] 10.0.0.128 "POST /v2.0/floatingips HTTP/1.1" status: 201 len: 751 time: 1.0214090
2026-06-24 19:08:55.759 10 INFO neutron.api.v2.resource [None req-5ca9cfbd-96a0-4c1a-8ac2-7007b7ef07f2 5f04abe752d84541bdb20a0453c905af 753bf87e3e4f4f8e90c2996bb0b1a8ab - - default default] remove_router_interface failed (client error): The resource could not be found.
2026-06-24 19:08:55.760 10 INFO neutron.wsgi [None req-5ca9cfbd-96a0-4c1a-8ac2-7007b7ef07f2 5f04abe752d84541bdb20a0453c905af 753bf87e3e4f4f8e90c2996bb0b1a8ab - - default default] 10.0.0.128 "PUT /v2.0/routers/feb8fd58-298a-4cc6-8ed0-84f010df488f/remove_router_interface HTTP/1.1" status: 404 len: 398 time: 0.0799308
2026-06-24 19:08:55.788 10 INFO neutron.wsgi [None req-c4608b10-9420-4c2a-9f5e-a08a74404e2f 5f04abe752d84541bdb20a0453c905af 753bf87e3e4f4f8e90c2996bb0b1a8ab - - default default] 10.0.0.128 "GET /v2.0/ports?device_id=feb8fd58-298a-4cc6-8ed0-84f010df488f HTTP/1.1" status: 200 len: 205 time: 0.0225174 /var/lib/openstack/lib/python3.10/site-packages/pycadf/identifier.py:71: UserWarning: Invalid uuid: neutron. To ensure interoperability, identifiers should be a valid uuid. warnings.warn(('Invalid uuid: %s. To ensure interoperability, '
2026-06-24 19:08:56.293 9 INFO neutron.wsgi [req-abbffa58-cc98-4f15-ba86-3f8a5e2c9ddb req-2637ce43-da8a-4c09-bb19-4332da12c462 f6b15d74a0544112968525bc268d0dc6 401c6b28b2604014810acbaa7056792d - - default default] 10.0.0.212 "GET /v2.0/security-groups?name=tempest-securitygroup--1389148593&fields=id&tenant_id=401c6b28b2604014810acbaa7056792d HTTP/1.1" status: 200 len: 267 time: 0.0626934
2026-06-24 19:08:56.349 10 INFO neutron.wsgi [None req-6bdb54d2-1e81-43c6-80c0-34b53446fb29 5f04abe752d84541bdb20a0453c905af 753bf87e3e4f4f8e90c2996bb0b1a8ab - - default default] 10.0.0.128 "DELETE /v2.0/routers/feb8fd58-298a-4cc6-8ed0-84f010df488f HTTP/1.1" status: 204 len: 168 time: 0.5561743
2026-06-24 19:08:56.393 9 INFO neutron.wsgi [req-abbffa58-cc98-4f15-ba86-3f8a5e2c9ddb req-d3868efc-9462-405c-90f3-3066278002bf f6b15d74a0544112968525bc268d0dc6 401c6b28b2604014810acbaa7056792d - - default default] 10.0.0.212 "GET /v2.0/networks?id=37b11919-fc45-4289-9491-136d533cb457 HTTP/1.1" status: 200 len: 868 time: 0.0950358
2026-06-24 19:08:56.418 9 INFO neutron.wsgi [req-abbffa58-cc98-4f15-ba86-3f8a5e2c9ddb req-724b80f4-e445-4ea4-8156-a000c5e87f3b f6b15d74a0544112968525bc268d0dc6 401c6b28b2604014810acbaa7056792d - - default default] 10.0.0.212 "GET /v2.0/quotas/401c6b28b2604014810acbaa7056792d HTTP/1.1" status: 200 len: 491 time: 0.0153623
2026-06-24 19:08:56.555 9 INFO neutron.wsgi [req-abbffa58-cc98-4f15-ba86-3f8a5e2c9ddb req-f296c01a-a764-4051-9c87-7a313a37a4e0 f6b15d74a0544112968525bc268d0dc6 401c6b28b2604014810acbaa7056792d - - default default] 10.0.0.212 "GET /v2.0/ports?tenant_id=401c6b28b2604014810acbaa7056792d&fields=id HTTP/1.1" status: 200 len: 302 time: 0.1240027
2026-06-24 19:08:56.655 9 INFO neutron.wsgi [None req-0892d068-387b-4b90-a832-5f64aab6e611 5f04abe752d84541bdb20a0453c905af 753bf87e3e4f4f8e90c2996bb0b1a8ab - - default default] 10.0.0.128 "DELETE /v2.0/subnets/0b6db824-52de-49de-ba32-799bcd7f30eb HTTP/1.1" status: 204 len: 168 time: 0.3006783
2026-06-24 19:08:56.846 10 INFO neutron.wsgi [None req-2e906460-a67e-45ab-9e56-5461596eb281 dec2e144f93a431b8436c1599571d44f a21de954905d4f8ca163d38d6800849b - - default default] 10.0.0.128 "GET /v2.0/extensions HTTP/1.1" status: 200 len: 18678 time: 0.1247234
2026-06-24 19:08:56.858 10 INFO neutron.wsgi [None req-c80edaba-abe4-40b8-acfb-6dc3efdc0c98 dec2e144f93a431b8436c1599571d44f a21de954905d4f8ca163d38d6800849b - - default default] 10.0.0.128 "GET /v2.0/extensions/address-group HTTP/1.1" status: 200 len: 353 time: 0.0057771
2026-06-24 19:08:56.867 10 INFO neutron.wsgi [None req-b19f02a4-294f-4b3f-b0b5-72f4e2055ca8 dec2e144f93a431b8436c1599571d44f a21de954905d4f8ca163d38d6800849b - - default default] 10.0.0.128 "GET /v2.0/extensions/address-scope HTTP/1.1" status: 200 len: 357 time: 0.0048301
2026-06-24 19:08:56.877 10 INFO neutron.wsgi [None req-aad52d2d-b493-4282-bc77-e3e552dc27de dec2e144f93a431b8436c1599571d44f a21de954905d4f8ca163d38d6800849b - - default default] 10.0.0.128 "GET /v2.0/extensions/agent HTTP/1.1" status: 200 len: 347 time: 0.0060599
2026-06-24 19:08:56.889 10 INFO neutron.wsgi [None req-3e405016-457e-4bb9-984a-ffb5ad6ec0d4 dec2e144f93a431b8436c1599571d44f a21de954905d4f8ca163d38d6800849b - - default default] 10.0.0.128 "GET /v2.0/extensions/allowed-address-pairs HTTP/1.1" status: 200 len: 378 time: 0.0061126
2026-06-24 19:08:56.899 10 INFO neutron.wsgi [None req-8c8e64a9-f645-476c-b4aa-6c78793b5830 dec2e144f93a431b8436c1599571d44f a21de954905d4f8ca163d38d6800849b - - default default] 10.0.0.128 "GET /v2.0/extensions/auto-allocated-topology HTTP/1.1" status: 200 len: 394 time: 0.0057991
2026-06-24 19:08:56.911 10 INFO neutron.wsgi [None req-14dbe708-74c4-496b-99b7-af9868d8eaa1 dec2e144f93a431b8436c1599571d44f a21de954905d4f8ca163d38d6800849b - - default default] 10.0.0.128 "GET /v2.0/extensions/availability_zone HTTP/1.1" status: 200 len: 372 time: 0.0081909
2026-06-24 19:08:56.926 10 INFO neutron.wsgi [None req-aad965ba-9d43-44fb-91bc-f1fc3d6c1fbd dec2e144f93a431b8436c1599571d44f a21de954905d4f8ca163d38d6800849b - - default default] 10.0.0.128 "GET /v2.0/extensions/default-subnetpools HTTP/1.1" status: 200 len: 405 time: 0.0086865
2026-06-24 19:08:56.938 10 INFO neutron.wsgi [None req-01161e56-8a95-42b9-b26c-ceb2e586af0d dec2e144f93a431b8436c1599571d44f a21de954905d4f8ca163d38d6800849b - - default default] 10.0.0.128 "GET /v2.0/extensions/dhcp_agent_scheduler HTTP/1.1" status: 200 len: 381 time: 0.0072305
2026-06-24 19:08:56.948 10 INFO neutron.wsgi [None req-3e0eb91c-ff82-4f57-9729-9ce0c0453924 dec2e144f93a431b8436c1599571d44f a21de954905d4f8ca163d38d6800849b - - default default] 10.0.0.128 "GET /v2.0/extensions/dns-integration HTTP/1.1" status: 200 len: 366 time: 0.0064394
2026-06-24 19:08:56.962 10 INFO neutron.wsgi [None req-50e356c7-194e-4312-8917-87d4901f54ba dec2e144f93a431b8436c1599571d44f a21de954905d4f8ca163d38d6800849b - - default default] 10.0.0.128 "GET /v2.0/extensions/dns-domain-ports HTTP/1.1" status: 200 len: 399 time: 0.0080647
2026-06-24 19:08:56.963 9 INFO neutron.wsgi [req-abbffa58-cc98-4f15-ba86-3f8a5e2c9ddb req-0002ba19-03a0-4b2c-866b-4f79198a41f2 0228d60db1794f79b563f87482b38b7f a9300bfa96bf46e498024eef4a9eaaa8 - - c2ee87ff3b734500b7461b6666630454 c2ee87ff3b734500b7461b6666630454] 10.0.0.212 "GET /v2.0/extensions HTTP/1.1" status: 200 len: 18683 time: 0.0482960
2026-06-24 19:08:56.974 10 INFO neutron.wsgi [None req-27299973-a97c-41aa-be90-71e6e0968246 dec2e144f93a431b8436c1599571d44f a21de954905d4f8ca163d38d6800849b - - default default] 10.0.0.128 "GET /v2.0/extensions/dns-integration-domain-keywords HTTP/1.1" status: 200 len: 477 time: 0.0063877
2026-06-24 19:08:56.984 10 INFO neutron.wsgi [None req-757dc6ca-72ad-4d13-9b77-d2970361a36a dec2e144f93a431b8436c1599571d44f a21de954905d4f8ca163d38d6800849b - - default default] 10.0.0.128 "GET /v2.0/extensions/empty-string-filtering HTTP/1.1" status: 200 len: 413 time: 0.0060251
2026-06-24 19:08:56.994 10 INFO neutron.wsgi [None req-c37f8b2b-f418-4290-a136-2637b6e24594 dec2e144f93a431b8436c1599571d44f a21de954905d4f8ca163d38d6800849b - - default default] 10.0.0.128 "GET /v2.0/extensions/external-net HTTP/1.1" status: 200 len: 394 time: 0.0060856
2026-06-24 19:08:57.005 10 INFO neutron.wsgi [None req-b03ae112-0b6f-4d6b-aa09-06f561923581 dec2e144f93a431b8436c1599571d44f a21de954905d4f8ca163d38d6800849b - - default default] 10.0.0.128 "GET /v2.0/extensions/extra_dhcp_opt HTTP/1.1" status: 200 len: 498 time: 0.0056648
2026-06-24 19:08:57.015 10 INFO neutron.wsgi [None req-cd55abb4-0a80-4616-8cba-f4dd024647b5 dec2e144f93a431b8436c1599571d44f a21de954905d4f8ca163d38d6800849b - - default default] 10.0.0.128 "GET /v2.0/extensions/extraroute HTTP/1.1" status: 200 len: 375 time: 0.0064096
2026-06-24 19:08:57.026 10 INFO neutron.wsgi [None req-da64ff3f-77c6-4185-8b1f-d2aa7c67290b dec2e144f93a431b8436c1599571d44f a21de954905d4f8ca163d38d6800849b - - default default] 10.0.0.128 "GET /v2.0/extensions/floating-ip-port-forwarding-detail HTTP/1.1" status: 200 len: 465 time: 0.0066192
2026-06-24 19:08:57.038 9 INFO neutron.wsgi [None req-ae9f5083-18c3-4198-88f1-024d18773cd5 dec2e144f93a431b8436c1599571d44f a21de954905d4f8ca163d38d6800849b - - default default] 10.0.0.128 "GET /v2.0/extensions/fip-port-details HTTP/1.1" status: 200 len: 406 time: 0.0069664
2026-06-24 19:08:57.050 10 INFO neutron.wsgi [None req-4b45b043-5e8c-4bab-96d8-544e325e2016 dec2e144f93a431b8436c1599571d44f a21de954905d4f8ca163d38d6800849b - - default default] 10.0.0.128 "GET /v2.0/extensions/flavors HTTP/1.1" status: 200 len: 387 time: 0.0063481
2026-06-24 19:08:57.061 10 INFO neutron.wsgi [None req-8438555c-cf4e-43e0-bdb6-c1b103ccc7fe dec2e144f93a431b8436c1599571d44f a21de954905d4f8ca163d38d6800849b - - default default] 10.0.0.128 "GET /v2.0/extensions/floatingip-pools HTTP/1.1" status: 200 len: 382 time: 0.0059023
2026-06-24 19:08:57.072 10 INFO neutron.wsgi [None req-983d965d-f5c1-4ebb-b159-0a919f2d1c0d dec2e144f93a431b8436c1599571d44f a21de954905d4f8ca163d38d6800849b - - default default] 10.0.0.128 "GET /v2.0/extensions/ip_allocation HTTP/1.1" status: 200 len: 356 time: 0.0072696
2026-06-24 19:08:57.084 10 INFO neutron.wsgi [None req-8a4a55d1-9d90-44ab-9ba6-cdc49440e7e5 dec2e144f93a431b8436c1599571d44f a21de954905d4f8ca163d38d6800849b - - default default] 10.0.0.128 "GET /v2.0/extensions/l2_adjacency HTTP/1.1" status: 200 len: 372 time: 0.0060134
2026-06-24 19:08:57.097 10 INFO neutron.wsgi [None req-b9a63aa0-70b2-45e1-8f46-7dabc9753f78 dec2e144f93a431b8436c1599571d44f a21de954905d4f8ca163d38d6800849b - - default default] 10.0.0.128 "GET /v2.0/extensions/router HTTP/1.1" status: 200 len: 450 time: 0.0079045
2026-06-24 19:08:57.105 9 INFO neutron.wsgi [req-abbffa58-cc98-4f15-ba86-3f8a5e2c9ddb req-bd23f83f-39a4-46af-bcab-7abbf1fb89d5 0228d60db1794f79b563f87482b38b7f a9300bfa96bf46e498024eef4a9eaaa8 - - c2ee87ff3b734500b7461b6666630454 c2ee87ff3b734500b7461b6666630454] 10.0.0.212 "GET /v2.0/networks/37b11919-fc45-4289-9491-136d533cb457?fields=segments HTTP/1.1" status: 200 len: 212 time: 0.1309657
2026-06-24 19:08:57.111 10 INFO neutron.wsgi [None req-13e24c89-7af3-4590-a65f-59d2db3d281a dec2e144f93a431b8436c1599571d44f a21de954905d4f8ca163d38d6800849b - - default default] 10.0.0.128 "GET /v2.0/extensions/enable-default-route-bfd HTTP/1.1" status: 200 len: 406 time: 0.0075622
2026-06-24 19:08:57.122 10 INFO neutron.wsgi [None req-78ab97a2-5064-4a1a-8edb-05773139f50c dec2e144f93a431b8436c1599571d44f a21de954905d4f8ca163d38d6800849b - - default default] 10.0.0.128 "GET /v2.0/extensions/enable-default-route-ecmp HTTP/1.1" status: 200 len: 409 time: 0.0050018
2026-06-24 19:08:57.138 10 INFO neutron.wsgi [None req-30d0f7d5-f717-4231-926a-aa7b95298bb4 dec2e144f93a431b8436c1599571d44f a21de954905d4f8ca163d38d6800849b - - default default] 10.0.0.128 "GET /v2.0/extensions/ext-gw-mode HTTP/1.1" status: 200 len: 462 time: 0.0059805
2026-06-24 19:08:57.138 9 INFO neutron.services.segments.plugin [-] Segment d7676987-351d-4bbe-bb97-81ad09b26dde resource provider aggregate not found
2026-06-24 19:08:57.144 9 INFO neutron.services.segments.plugin [-] Segment d7676987-351d-4bbe-bb97-81ad09b26dde resource provider aggregate not found
2026-06-24 19:08:57.148 10 INFO neutron.wsgi [None req-03ac91dc-3ae6-4217-a492-fa40389f9121 dec2e144f93a431b8436c1599571d44f a21de954905d4f8ca163d38d6800849b - - default default] 10.0.0.128 "GET /v2.0/extensions/l3-ha HTTP/1.1" status: 200 len: 360 time: 0.0050404
2026-06-24 19:08:57.166 10 INFO neutron.wsgi [None req-21840d7e-b95e-43b7-931d-a9d741325e6f dec2e144f93a431b8436c1599571d44f a21de954905d4f8ca163d38d6800849b - - default default] 10.0.0.128 "GET /v2.0/extensions/external-gateway-multihoming HTTP/1.1" status: 200 len: 421 time: 0.0137644
2026-06-24 19:08:57.173 9 INFO neutron.services.segments.plugin [-] Segment d7676987-351d-4bbe-bb97-81ad09b26dde resource provider not found; error: Placement Client Error (4xx): {"errors": [{"status": 404, "title": "Not Found", "detail": "The resource could not be found.\n\n No resource provider with uuid d7676987-351d-4bbe-bb97-81ad09b26dde found for delete ", "request_id": "req-140d95c7-0c50-4cec-9fb7-fbef63922464"}]}
2026-06-24 19:08:57.177 9 INFO neutron.wsgi [None req-ad94be92-6f3d-4bd4-bbd9-3484fc453417 5f04abe752d84541bdb20a0453c905af 753bf87e3e4f4f8e90c2996bb0b1a8ab - - default default] 10.0.0.128 "DELETE /v2.0/networks/48dd8a93-4648-4c6c-9d13-844747fbbc9c HTTP/1.1" status: 204 len: 168 time: 0.5187724
2026-06-24 19:08:57.179 10 INFO neutron.wsgi [None req-734676c2-296e-416e-9b8d-ad093a1a472b dec2e144f93a431b8436c1599571d44f a21de954905d4f8ca163d38d6800849b - - default default] 10.0.0.128 "GET /v2.0/extensions/l3-flavors HTTP/1.1" status: 200 len: 366 time: 0.0052435
2026-06-24 19:08:57.181 9 INFO neutron.services.segments.plugin [-] Segment d7676987-351d-4bbe-bb97-81ad09b26dde resource provider not found; error: Placement Client Error (4xx): {"errors": [{"status": 404, "title": "Not Found", "detail": "The resource could not be found.\n\n No resource provider with uuid d7676987-351d-4bbe-bb97-81ad09b26dde found for delete ", "request_id": "req-b84b87bd-db2b-4b9c-a10b-dd5cec2ea608"}]}
2026-06-24 19:08:57.193 10 INFO neutron.wsgi [None req-416484fe-7627-440d-b259-c9c90ca21822 dec2e144f93a431b8436c1599571d44f a21de954905d4f8ca163d38d6800849b - - default default] 10.0.0.128 "GET /v2.0/extensions/logging HTTP/1.1" status: 200 len: 407 time: 0.0071402
2026-06-24 19:08:57.194 9 WARNING neutron_lib.context [None req-adca53cb-3229-4da4-81ef-91fa09e72154 5f04abe752d84541bdb20a0453c905af 753bf87e3e4f4f8e90c2996bb0b1a8ab - - default default] Method 'is_advsvc' is deprecated since 2023.2 release (neutron-lib 3.8.0) and will be removed once support for the old RBAC API policies will be removed from Neutron. Please use method 'is_service_role' instead.
2026-06-24 19:08:57.201 10 INFO neutron.wsgi [None req-cf3e964d-2e64-4fab-aaca-120c68e8cbbe dec2e144f93a431b8436c1599571d44f a21de954905d4f8ca163d38d6800849b - - default default] 10.0.0.128 "GET /v2.0/extensions/multi-provider HTTP/1.1" status: 200 len: 406 time: 0.0040002
2026-06-24 19:08:57.210 10 INFO neutron.wsgi [None req-458ed1f9-ed08-48f8-b0e7-a6a45a2f03a6 dec2e144f93a431b8436c1599571d44f a21de954905d4f8ca163d38d6800849b - - default default] 10.0.0.128 "GET /v2.0/extensions/net-mtu HTTP/1.1" status: 200 len: 370 time: 0.0049648
2026-06-24 19:08:57.221 9 INFO neutron.wsgi [None req-1045e7c6-ab0e-4605-bd8c-d858c3b8444e dec2e144f93a431b8436c1599571d44f a21de954905d4f8ca163d38d6800849b - - default default] 10.0.0.128 "GET /v2.0/extensions/net-mtu-writable HTTP/1.1" status: 200 len: 401 time: 0.0064518
2026-06-24 19:08:57.233 10 INFO neutron.wsgi [None req-18627262-6c5f-48be-8b2a-08c1fdad15c9 dec2e144f93a431b8436c1599571d44f a21de954905d4f8ca163d38d6800849b - - default default] 10.0.0.128 "GET /v2.0/extensions/network_availability_zone HTTP/1.1" status: 200 len: 394 time: 0.0065517
2026-06-24 19:08:57.239 9 INFO neutron.wsgi [req-abbffa58-cc98-4f15-ba86-3f8a5e2c9ddb req-878b2083-726a-449a-81c0-f3e63e9cdb39 0228d60db1794f79b563f87482b38b7f a9300bfa96bf46e498024eef4a9eaaa8 - - c2ee87ff3b734500b7461b6666630454 c2ee87ff3b734500b7461b6666630454] 10.0.0.212 "GET /v2.0/networks/37b11919-fc45-4289-9491-136d533cb457?fields=provider%3Aphysical_network&fields=provider%3Anetwork_type HTTP/1.1" status: 200 len: 277 time: 0.1278441
2026-06-24 19:08:57.246 10 INFO neutron.wsgi [None req-bafbb4df-9a54-4167-882f-68f714f65235 dec2e144f93a431b8436c1599571d44f a21de954905d4f8ca163d38d6800849b - - default default] 10.0.0.128 "GET /v2.0/extensions/network-ip-availability HTTP/1.1" status: 200 len: 410 time: 0.0075696
2026-06-24 19:08:57.260 10 INFO neutron.wsgi [None req-2c3395d8-8da5-424c-9015-8e4951d981bd dec2e144f93a431b8436c1599571d44f a21de954905d4f8ca163d38d6800849b - - default default] 10.0.0.128 "GET /v2.0/extensions/pagination HTTP/1.1" status: 200 len: 386 time: 0.0085278
2026-06-24 19:08:57.273 10 INFO neutron.wsgi [None req-7db05b09-d5b0-4244-95e6-003d2db7d923 dec2e144f93a431b8436c1599571d44f a21de954905d4f8ca163d38d6800849b - - default default] 10.0.0.128 "GET /v2.0/extensions/port-device-profile HTTP/1.1" status: 200 len: 383 time: 0.0058362
2026-06-24 19:08:57.284 10 INFO neutron.wsgi [None req-7c128524-a866-4224-ad25-85a6a8ede208 dec2e144f93a431b8436c1599571d44f a21de954905d4f8ca163d38d6800849b - - default default] 10.0.0.128 "GET /v2.0/extensions/port-mac-address-regenerate HTTP/1.1" status: 200 len: 403 time: 0.0055146
2026-06-24 19:08:57.296 10 INFO neutron.wsgi [None req-a61cdc68-71dd-49cc-b1d4-8f5568e30c83 dec2e144f93a431b8436c1599571d44f a21de954905d4f8ca163d38d6800849b - - default default] 10.0.0.128 "GET /v2.0/extensions/port-numa-affinity-policy HTTP/1.1" status: 200 len: 392 time: 0.0054963
2026-06-24 19:08:57.310 10 INFO neutron.wsgi [None req-f1b58452-1990-4097-9dbf-7d97b8d94833 dec2e144f93a431b8436c1599571d44f a21de954905d4f8ca163d38d6800849b - - default default] 10.0.0.128 "GET /v2.0/extensions/port-resource-request HTTP/1.1" status: 200 len: 379 time: 0.0073502
2026-06-24 19:08:57.320 9 INFO neutron.db.segments_db [None req-adca53cb-3229-4da4-81ef-91fa09e72154 5f04abe752d84541bdb20a0453c905af 753bf87e3e4f4f8e90c2996bb0b1a8ab - - default default] Added segment 7320faa7-30f3-413a-84d8-03bba2620c5b of type geneve for network fe869730-04ff-40d4-806b-e6b865af2c04
2026-06-24 19:08:57.325 9 INFO neutron.wsgi [None req-2600bd99-b88b-436c-a8d6-4b7e1fec6dd7 dec2e144f93a431b8436c1599571d44f a21de954905d4f8ca163d38d6800849b - - default default] 10.0.0.128 "GET /v2.0/extensions/port-resource-request-groups HTTP/1.1" status: 200 len: 465 time: 0.0061193
2026-06-24 19:08:57.337 9 INFO neutron.wsgi [None req-09578c30-dbf5-4463-8d62-eb13f3eb2f54 dec2e144f93a431b8436c1599571d44f a21de954905d4f8ca163d38d6800849b - - default default] 10.0.0.128 "GET /v2.0/extensions/binding HTTP/1.1" status: 200 len: 387 time: 0.0055707
2026-06-24 19:08:57.350 10 INFO neutron.wsgi [None req-000cf1a9-9812-4345-a8ab-b2304b5362fe dec2e144f93a431b8436c1599571d44f a21de954905d4f8ca163d38d6800849b - - default default] 10.0.0.128 "GET /v2.0/extensions/binding-extended HTTP/1.1" status: 200 len: 406 time: 0.0067887
2026-06-24 19:08:57.361 10 INFO neutron.wsgi [None req-cbe6f556-6f2d-4bc7-84ed-e8164eba4b3a dec2e144f93a431b8436c1599571d44f a21de954905d4f8ca163d38d6800849b - - default default] 10.0.0.128 "GET /v2.0/extensions/port-security HTTP/1.1" status: 200 len: 354 time: 0.0051019
2026-06-24 19:08:57.373 10 INFO neutron.wsgi [None req-c385394a-4d12-4960-9d6d-4e9413084395 dec2e144f93a431b8436c1599571d44f a21de954905d4f8ca163d38d6800849b - - default default] 10.0.0.128 "GET /v2.0/extensions/project-id HTTP/1.1" status: 200 len: 398 time: 0.0057569
2026-06-24 19:08:57.386 10 INFO neutron.wsgi [None req-b4f7a6d0-2aa7-46ff-9458-f40005b1b6b4 dec2e144f93a431b8436c1599571d44f a21de954905d4f8ca163d38d6800849b - - default default] 10.0.0.128 "GET /v2.0/extensions/provider HTTP/1.1" status: 200 len: 385 time: 0.0045779
2026-06-24 19:08:57.396 10 INFO neutron.wsgi [None req-b60bda88-d455-4430-b047-edf377d364d0 dec2e144f93a431b8436c1599571d44f a21de954905d4f8ca163d38d6800849b - - default default] 10.0.0.128 "GET /v2.0/extensions/qos HTTP/1.1" status: 200 len: 360 time: 0.0044479
2026-06-24 19:08:57.406 10 INFO neutron.wsgi [None req-35c32617-18f9-442b-9b0d-f167548409ab dec2e144f93a431b8436c1599571d44f a21de954905d4f8ca163d38d6800849b - - default default] 10.0.0.128 "GET /v2.0/extensions/qos-bw-limit-direction HTTP/1.1" status: 200 len: 452 time: 0.0042038
2026-06-24 19:08:57.416 10 INFO neutron.wsgi [None req-9a9ebcbe-9212-453c-9608-5081330ca602 dec2e144f93a431b8436c1599571d44f a21de954905d4f8ca163d38d6800849b - - default default] 10.0.0.128 "GET /v2.0/extensions/qos-bw-minimum-ingress HTTP/1.1" status: 200 len: 445 time: 0.0049968
2026-06-24 19:08:57.425 10 INFO neutron.wsgi [None req-26cee5fc-b32b-4496-a2ab-34c72b058463 dec2e144f93a431b8436c1599571d44f a21de954905d4f8ca163d38d6800849b - - default default] 10.0.0.128 "GET /v2.0/extensions/qos-default HTTP/1.1" status: 200 len: 377 time: 0.0045626
2026-06-24 19:08:57.436 10 INFO neutron.wsgi [None req-3252d75c-be68-4c39-89ea-c1e7845152f8 dec2e144f93a431b8436c1599571d44f a21de954905d4f8ca163d38d6800849b - - default default] 10.0.0.128 "GET /v2.0/extensions/qos-fip HTTP/1.1" status: 200 len: 372 time: 0.0053635
2026-06-24 19:08:57.451 10 INFO neutron.wsgi [None req-55fca0b0-1e62-481d-92e2-195f76ba731d dec2e144f93a431b8436c1599571d44f a21de954905d4f8ca163d38d6800849b - - default default] 10.0.0.128 "GET /v2.0/extensions/qos-gateway-ip HTTP/1.1" status: 200 len: 391 time: 0.0086756
2026-06-24 19:08:57.471 10 INFO neutron.wsgi [None req-888dbf97-d3de-4825-a169-bc138d7ec090 dec2e144f93a431b8436c1599571d44f a21de954905d4f8ca163d38d6800849b - - default default] 10.0.0.128 "GET /v2.0/extensions/qos-port-network-policy HTTP/1.1" status: 200 len: 403 time: 0.0114989
2026-06-24 19:08:57.484 10 INFO neutron.wsgi [None req-c1e13882-9486-4b40-ae85-5da91cb1128d dec2e144f93a431b8436c1599571d44f a21de954905d4f8ca163d38d6800849b - - default default] 10.0.0.128 "GET /v2.0/extensions/qos-pps-minimum HTTP/1.1" status: 200 len: 397 time: 0.0068195
2026-06-24 19:08:57.491 10 INFO neutron.wsgi [None req-db279631-e5d9-4e56-8984-1534ace1f8d4 dec2e144f93a431b8436c1599571d44f a21de954905d4f8ca163d38d6800849b - - default default] 10.0.0.128 "GET /v2.0/extensions/qos-pps-minimum-rule-alias HTTP/1.1" status: 200 len: 471 time: 0.0040886
2026-06-24 19:08:57.513 10 INFO neutron.wsgi [None req-4cf92729-86ea-4b86-9730-78d1f416ce61 dec2e144f93a431b8436c1599571d44f a21de954905d4f8ca163d38d6800849b - - default default] 10.0.0.128 "GET /v2.0/extensions/qos-pps HTTP/1.1" status: 200 len: 389 time: 0.0106714
2026-06-24 19:08:57.523 10 INFO neutron.wsgi [None req-21da64fe-f446-4c6c-a0ac-8c0da6f85c11 dec2e144f93a431b8436c1599571d44f a21de954905d4f8ca163d38d6800849b - - default default] 10.0.0.128 "GET /v2.0/extensions/qos-rule-type-details HTTP/1.1" status: 200 len: 423 time: 0.0060256
2026-06-24 19:08:57.533 10 INFO neutron.wsgi [None req-99eaa7b2-8f4f-46c2-bd79-28b19b75265a dec2e144f93a431b8436c1599571d44f a21de954905d4f8ca163d38d6800849b - - default default] 10.0.0.128 "GET /v2.0/extensions/qos-rule-type-filter HTTP/1.1" status: 200 len: 567 time: 0.0063078
2026-06-24 19:08:57.546 10 INFO neutron.wsgi [None req-72236e0b-6ba6-450c-9cb4-2d042adc37f6 dec2e144f93a431b8436c1599571d44f a21de954905d4f8ca163d38d6800849b - - default default] 10.0.0.128 "GET /v2.0/extensions/qos-rules-alias HTTP/1.1" status: 200 len: 448 time: 0.0062611
2026-06-24 19:08:57.556 10 INFO neutron.wsgi [None req-1da48161-c524-4759-ab9a-6be2d4aa6699 dec2e144f93a431b8436c1599571d44f a21de954905d4f8ca163d38d6800849b - - default default] 10.0.0.128 "GET /v2.0/extensions/quota-check-limit HTTP/1.1" status: 200 len: 420 time: 0.0047014
2026-06-24 19:08:57.566 10 INFO neutron.wsgi [None req-9eee6974-9bba-4be2-b96d-9a77ac3f8cfd dec2e144f93a431b8436c1599571d44f a21de954905d4f8ca163d38d6800849b - - default default] 10.0.0.128 "GET /v2.0/extensions/quotas HTTP/1.1" status: 200 len: 386 time: 0.0042381
2026-06-24 19:08:57.575 10 INFO neutron.wsgi [None req-8b13adf0-581f-4093-bf59-49cc8562ba91 dec2e144f93a431b8436c1599571d44f a21de954905d4f8ca163d38d6800849b - - default default] 10.0.0.128 "GET /v2.0/extensions/quota_details HTTP/1.1" status: 200 len: 407 time: 0.0043817
2026-06-24 19:08:57.585 10 INFO neutron.wsgi [None req-4047c3a8-f409-4a5a-ab5c-c15e65463b8a dec2e144f93a431b8436c1599571d44f a21de954905d4f8ca163d38d6800849b - - default default] 10.0.0.128 "GET /v2.0/extensions/rbac-policies HTTP/1.1" status: 200 len: 417 time: 0.0062902
2026-06-24 19:08:57.595 10 INFO neutron.wsgi [None req-c0464568-55f7-4d63-82ff-ebee595c0c23 dec2e144f93a431b8436c1599571d44f a21de954905d4f8ca163d38d6800849b - - default default] 10.0.0.128 "GET /v2.0/extensions/rbac-address-scope HTTP/1.1" status: 200 len: 384 time: 0.0047343
2026-06-24 19:08:57.610 10 INFO neutron.wsgi [None req-babf828d-678a-48e6-8ce6-1af920a51ba7 dec2e144f93a431b8436c1599571d44f a21de954905d4f8ca163d38d6800849b - - default default] 10.0.0.128 "GET /v2.0/extensions/rbac-security-groups HTTP/1.1" status: 200 len: 404 time: 0.0117781
2026-06-24 19:08:57.624 10 INFO neutron.wsgi [None req-435e4887-0abd-44a2-a4c3-04a61ef1e329 dec2e144f93a431b8436c1599571d44f a21de954905d4f8ca163d38d6800849b - - default default] 10.0.0.128 "GET /v2.0/extensions/revision-if-match HTTP/1.1" status: 200 len: 441 time: 0.0076454
2026-06-24 19:08:57.638 10 INFO neutron.wsgi [None req-345354e5-dafb-426c-9a99-5fd2f91debf0 dec2e144f93a431b8436c1599571d44f a21de954905d4f8ca163d38d6800849b - - default default] 10.0.0.128 "GET /v2.0/extensions/standard-attr-revisions HTTP/1.1" status: 200 len: 423 time: 0.0094805
2026-06-24 19:08:57.649 10 INFO neutron.wsgi [None req-1fa927b5-dd4e-4645-b298-893c870d2889 dec2e144f93a431b8436c1599571d44f a21de954905d4f8ca163d38d6800849b - - default default] 10.0.0.128 "GET /v2.0/extensions/router_availability_zone HTTP/1.1" status: 200 len: 391 time: 0.0037186
2026-06-24 19:08:57.665 10 INFO neutron.wsgi [None req-a612fd94-5bba-48fd-8bf7-d46b1767b731 dec2e144f93a431b8436c1599571d44f a21de954905d4f8ca163d38d6800849b - - default default] 10.0.0.128 "GET /v2.0/extensions/security-groups-default-rules HTTP/1.1" status: 200 len: 456 time: 0.0078087
2026-06-24 19:08:57.675 10 INFO neutron.wsgi [None req-5c9d2853-75c3-4c85-ad72-17712653a22f dec2e144f93a431b8436c1599571d44f a21de954905d4f8ca163d38d6800849b - - default default] 10.0.0.128 "GET /v2.0/extensions/security-groups-normalized-cidr HTTP/1.1" status: 200 len: 445 time: 0.0042048
2026-06-24 19:08:57.693 10 INFO neutron.wsgi [None req-9bb02250-59f8-4d64-92cb-5c786a2a1fa7 dec2e144f93a431b8436c1599571d44f a21de954905d4f8ca163d38d6800849b - - default default] 10.0.0.128 "GET /v2.0/extensions/security-groups-remote-address-group HTTP/1.1" status: 200 len: 448 time: 0.0082903
2026-06-24 19:08:57.701 10 INFO neutron.wsgi [None req-82862387-31fd-483b-b9b6-95cd72a1cf06 dec2e144f93a431b8436c1599571d44f a21de954905d4f8ca163d38d6800849b - - default default] 10.0.0.128 "GET /v2.0/extensions/security-groups-rules-belongs-to-default-sg HTTP/1.1" status: 200 len: 508 time: 0.0045273
2026-06-24 19:08:57.710 10 INFO neutron.wsgi [None req-3324b3fe-9bee-4dc5-8203-449925d4a8d8 dec2e144f93a431b8436c1599571d44f a21de954905d4f8ca163d38d6800849b - - default default] 10.0.0.128 "GET /v2.0/extensions/security-groups-shared-filtering HTTP/1.1" status: 200 len: 435 time: 0.0049167
2026-06-24 19:08:57.727 10 INFO neutron.wsgi [None req-b8a103ea-dd01-4bb0-8e20-5d7d7d8d8cb6 dec2e144f93a431b8436c1599571d44f a21de954905d4f8ca163d38d6800849b - - default default] 10.0.0.128 "GET /v2.0/extensions/security-group HTTP/1.1" status: 200 len: 364 time: 0.0091667
2026-06-24 19:08:57.732 9 INFO neutron.wsgi [req-74894923-f005-4da6-8471-edd7da2bca40 req-31407933-11b4-41e5-96a0-10a480be733b f6b15d74a0544112968525bc268d0dc6 401c6b28b2604014810acbaa7056792d - - default default] 10.0.0.212 "GET /v2.0/ports?device_id=86d2f704-a3e5-4230-8d29-314fa0bac203 HTTP/1.1" status: 200 len: 210 time: 0.3088388
2026-06-24 19:08:57.737 10 INFO neutron.wsgi [None req-9eb32fcc-7c1b-4309-9ace-376c626c9da9 dec2e144f93a431b8436c1599571d44f a21de954905d4f8ca163d38d6800849b - - default default] 10.0.0.128 "GET /v2.0/extensions/segment HTTP/1.1" status: 200 len: 339 time: 0.0038843
2026-06-24 19:08:57.747 10 INFO neutron.wsgi [None req-ea4713e5-81b1-454e-b682-8074cf7bac03 dec2e144f93a431b8436c1599571d44f a21de954905d4f8ca163d38d6800849b - - default default] 10.0.0.128 "GET /v2.0/extensions/segments-peer-subnet-host-routes HTTP/1.1" status: 200 len: 427 time: 0.0043700
2026-06-24 19:08:57.758 10 INFO neutron.wsgi [None req-498bf340-84d1-4e01-a021-82af8797d3ca dec2e144f93a431b8436c1599571d44f a21de954905d4f8ca163d38d6800849b - - default default] 10.0.0.128 "GET /v2.0/extensions/service-type HTTP/1.1" status: 200 len: 415 time: 0.0048754
2026-06-24 19:08:57.766 10 INFO neutron.wsgi [None req-9e03283f-65c0-4f60-b5bf-e05bbefeb48d dec2e144f93a431b8436c1599571d44f a21de954905d4f8ca163d38d6800849b - - default default] 10.0.0.128 "GET /v2.0/extensions/sorting HTTP/1.1" status: 200 len: 377 time: 0.0044158
2026-06-24 19:08:57.775 10 INFO neutron.wsgi [None req-7c5dc5cc-c9f5-4152-852e-aa2dd24bdbfa dec2e144f93a431b8436c1599571d44f a21de954905d4f8ca163d38d6800849b - - default default] 10.0.0.128 "GET /v2.0/extensions/standard-attr-segment HTTP/1.1" status: 200 len: 406 time: 0.0046077
2026-06-24 19:08:57.786 10 INFO neutron.wsgi [None req-999fa95f-0cba-4164-8cdf-497accce26d6 dec2e144f93a431b8436c1599571d44f a21de954905d4f8ca163d38d6800849b - - default default] 10.0.0.128 "GET /v2.0/extensions/standard-attr-description HTTP/1.1" status: 200 len: 408 time: 0.0074654
2026-06-24 19:08:57.799 10 INFO neutron.wsgi [None req-4a5cb7f6-1bfb-491a-a58e-46faf0f657f8 dec2e144f93a431b8436c1599571d44f a21de954905d4f8ca163d38d6800849b - - default default] 10.0.0.128 "GET /v2.0/extensions/stateful-security-group HTTP/1.1" status: 200 len: 402 time: 0.0073977
2026-06-24 19:08:57.806 10 INFO neutron.wsgi [None req-6c1b44f8-0247-428d-80cd-54db7862f839 dec2e144f93a431b8436c1599571d44f a21de954905d4f8ca163d38d6800849b - - default default] 10.0.0.128 "GET /v2.0/extensions/subnet-dns-publish-fixed-ip HTTP/1.1" status: 200 len: 421 time: 0.0036948
2026-06-24 19:08:57.817 10 INFO neutron.wsgi [None req-4c717280-5912-4005-aa2a-f4d601814269 dec2e144f93a431b8436c1599571d44f a21de954905d4f8ca163d38d6800849b - - default default] 10.0.0.128 "GET /v2.0/extensions/subnet-segmentid-writable HTTP/1.1" status: 200 len: 421 time: 0.0059719
2026-06-24 19:08:57.820 9 INFO neutron.db.ovn_revision_numbers_db [None req-adca53cb-3229-4da4-81ef-91fa09e72154 5f04abe752d84541bdb20a0453c905af 753bf87e3e4f4f8e90c2996bb0b1a8ab - - default default] Successfully bumped revision number for resource fe869730-04ff-40d4-806b-e6b865af2c04 (type: networks) to 1
2026-06-24 19:08:57.826 10 INFO neutron.wsgi [None req-05e90bf0-1f16-4311-89df-7780d9533e48 dec2e144f93a431b8436c1599571d44f a21de954905d4f8ca163d38d6800849b - - default default] 10.0.0.128 "GET /v2.0/extensions/subnet-service-types HTTP/1.1" status: 200 len: 400 time: 0.0039122
2026-06-24 19:08:57.839 10 INFO neutron.wsgi [None req-0a543a4d-5342-4843-ba5e-734c41188567 dec2e144f93a431b8436c1599571d44f a21de954905d4f8ca163d38d6800849b - - default default] 10.0.0.128 "GET /v2.0/extensions/subnet_allocation HTTP/1.1" status: 200 len: 388 time: 0.0067530
2026-06-24 19:08:57.848 10 INFO neutron.wsgi [None req-e30056ef-78ab-47ba-953c-aaa741a82794 dec2e144f93a431b8436c1599571d44f a21de954905d4f8ca163d38d6800849b - - default default] 10.0.0.128 "GET /v2.0/extensions/subnetpool-prefix-ops HTTP/1.1" status: 200 len: 418 time: 0.0048394
2026-06-24 19:08:57.858 10 INFO neutron.wsgi [None req-300cb16f-2528-406a-94fc-c380f39afb9b dec2e144f93a431b8436c1599571d44f a21de954905d4f8ca163d38d6800849b - - default default] 10.0.0.128 "GET /v2.0/extensions/standard-attr-tag HTTP/1.1" status: 200 len: 537 time: 0.0051041
2026-06-24 19:08:57.870 10 INFO neutron.wsgi [None req-374eff24-0993-4368-8a3c-c3ab9864c18d dec2e144f93a431b8436c1599571d44f a21de954905d4f8ca163d38d6800849b - - default default] 10.0.0.128 "GET /v2.0/extensions/standard-attr-timestamp HTTP/1.1" status: 200 len: 449 time: 0.0078757
2026-06-24 19:08:57.881 10 INFO neutron.wsgi [None req-47485f5c-7311-47e2-8fa9-ede94289e83c dec2e144f93a431b8436c1599571d44f a21de954905d4f8ca163d38d6800849b - - default default] 10.0.0.128 "GET /v2.0/extensions/trunk HTTP/1.1" status: 200 len: 358 time: 0.0071745
2026-06-24 19:08:57.891 10 INFO neutron.wsgi [None req-06c01a32-ab4e-4982-95a5-cad2dc11113a dec2e144f93a431b8436c1599571d44f a21de954905d4f8ca163d38d6800849b - - default default] 10.0.0.128 "GET /v2.0/extensions/trunk-details HTTP/1.1" status: 200 len: 362 time: 0.0053408
2026-06-24 19:08:57.900 10 INFO neutron.wsgi [None req-7ce916ac-ebb8-4909-8de5-9bcff02c8756 dec2e144f93a431b8436c1599571d44f a21de954905d4f8ca163d38d6800849b - - default default] 10.0.0.128 "GET /v2.0/extensions/vpn-agent-scheduler HTTP/1.1" status: 200 len: 393 time: 0.0056820
2026-06-24 19:08:57.911 10 INFO neutron.wsgi [None req-d37aff4b-21df-4dfe-a274-e9a4bc660dc1 dec2e144f93a431b8436c1599571d44f a21de954905d4f8ca163d38d6800849b - - default default] 10.0.0.128 "GET /v2.0/extensions/vpn-endpoint-groups HTTP/1.1" status: 200 len: 371 time: 0.0064011
2026-06-24 19:08:57.923 10 INFO neutron.wsgi [None req-091f9f47-ca2b-4cc1-8f34-00c5790a3e02 dec2e144f93a431b8436c1599571d44f a21de954905d4f8ca163d38d6800849b - - default default] 10.0.0.128 "GET /v2.0/extensions/vpn-flavors HTTP/1.1" status: 200 len: 376 time: 0.0071397
2026-06-24 19:08:57.932 10 INFO neutron.wsgi [None req-e225c23b-af61-4514-8a2c-8c52f2ddc524 dec2e144f93a431b8436c1599571d44f a21de954905d4f8ca163d38d6800849b - - default default] 10.0.0.128 "GET /v2.0/extensions/vpnaas HTTP/1.1" status: 200 len: 348 time: 0.0050404
2026-06-24 19:08:57.980 9 INFO neutron.wsgi [-] 10.0.0.132 "GET / HTTP/1.1" status: 200 len: 247 time: 0.0016849
2026-06-24 19:08:57.981 10 INFO neutron.wsgi [-] 10.0.0.132 "GET / HTTP/1.1" status: 200 len: 247 time: 0.0027251
2026-06-24 19:08:58.044 9 WARNING neutron.scheduler.dhcp_agent_scheduler [None req-adca53cb-3229-4da4-81ef-91fa09e72154 5f04abe752d84541bdb20a0453c905af 753bf87e3e4f4f8e90c2996bb0b1a8ab - - default default] No more DHCP agents
2026-06-24 19:08:58.046 9 WARNING neutron.api.rpc.agentnotifiers.dhcp_rpc_agent_api [None req-adca53cb-3229-4da4-81ef-91fa09e72154 5f04abe752d84541bdb20a0453c905af 753bf87e3e4f4f8e90c2996bb0b1a8ab - - default default] Unable to schedule network fe869730-04ff-40d4-806b-e6b865af2c04: no agents available; will retry on subsequent port and subnet creation events.
2026-06-24 19:08:58.186 9 WARNING neutron.plugins.ml2.drivers.ovn.mech_driver.ovsdb.ovn_client [None req-ee5c6fa3-e313-4882-9571-18a31207f112 - - - - - -] No hosting information found for port 623c897a-e3cd-4ddc-89bd-1c809f714dc4: RuntimeError: No hosting information found for port 623c897a-e3cd-4ddc-89bd-1c809f714dc4
2026-06-24 19:08:58.187 9 INFO neutron.plugins.ml2.drivers.ovn.mech_driver.mech_driver [None req-ee5c6fa3-e313-4882-9571-18a31207f112 - - - - - -] OVN reports status up for port: 46fa1419-467c-46b6-9f6b-74fbab63fc1b
2026-06-24 19:08:58.200 9 INFO neutron.db.ovn_revision_numbers_db [None req-adca53cb-3229-4da4-81ef-91fa09e72154 5f04abe752d84541bdb20a0453c905af 753bf87e3e4f4f8e90c2996bb0b1a8ab - - default default] Successfully bumped revision number for resource 63ed0ef4-bfd4-4fa5-9684-3446f662692f (type: ports) to 1
2026-06-24 19:08:58.231 9 INFO neutron.wsgi [None req-adca53cb-3229-4da4-81ef-91fa09e72154 5f04abe752d84541bdb20a0453c905af 753bf87e3e4f4f8e90c2996bb0b1a8ab - - default default] 10.0.0.128 "POST /v2.0/networks HTTP/1.1" status: 201 len: 828 time: 1.0430346
2026-06-24 19:08:58.245 9 WARNING neutron_lib.context [None req-90416098-a1de-44a5-b1fc-ab586f2182cc 5f04abe752d84541bdb20a0453c905af 753bf87e3e4f4f8e90c2996bb0b1a8ab - - default default] Method 'is_advsvc' is deprecated since 2023.2 release (neutron-lib 3.8.0) and will be removed once support for the old RBAC API policies will be removed from Neutron. Please use method 'is_service_role' instead.
2026-06-24 19:08:58.355 10 INFO neutron.wsgi [req-abbffa58-cc98-4f15-ba86-3f8a5e2c9ddb req-aadfa052-0b41-4357-b5b9-00cc596c96e1 f6b15d74a0544112968525bc268d0dc6 401c6b28b2604014810acbaa7056792d - - default default] 199.204.45.210 "GET /v2.0/networks?id=37b11919-fc45-4289-9491-136d533cb457 HTTP/1.1" status: 200 len: 868 time: 0.1558731
2026-06-24 19:08:58.424 10 INFO neutron.wsgi [req-abbffa58-cc98-4f15-ba86-3f8a5e2c9ddb req-0e25753e-4157-4409-8791-9cd124e81dbc f6b15d74a0544112968525bc268d0dc6 401c6b28b2604014810acbaa7056792d - - default default] 199.204.45.210 "GET /v2.0/security-groups?fields=id&fields=name&tenant_id=401c6b28b2604014810acbaa7056792d HTTP/1.1" status: 200 len: 380 time: 0.0601134
2026-06-24 19:08:58.438 10 WARNING neutron_lib.context [req-abbffa58-cc98-4f15-ba86-3f8a5e2c9ddb req-b05ce830-acde-4f58-8432-8cfd87bf9785 f6b15d74a0544112968525bc268d0dc6 401c6b28b2604014810acbaa7056792d - - default default] Method 'is_advsvc' is deprecated since 2023.2 release (neutron-lib 3.8.0) and will be removed once support for the old RBAC API policies will be removed from Neutron. Please use method 'is_service_role' instead.
2026-06-24 19:08:58.533 9 WARNING neutron.scheduler.dhcp_agent_scheduler [None req-90416098-a1de-44a5-b1fc-ab586f2182cc 5f04abe752d84541bdb20a0453c905af 753bf87e3e4f4f8e90c2996bb0b1a8ab - - default default] No more DHCP agents
2026-06-24 19:08:58.535 9 WARNING neutron.api.rpc.agentnotifiers.dhcp_rpc_agent_api [None req-90416098-a1de-44a5-b1fc-ab586f2182cc 5f04abe752d84541bdb20a0453c905af 753bf87e3e4f4f8e90c2996bb0b1a8ab - - default default] Unable to schedule network fe869730-04ff-40d4-806b-e6b865af2c04: no agents available; will retry on subsequent port and subnet creation events.
2026-06-24 19:08:58.810 10 WARNING neutron.scheduler.dhcp_agent_scheduler [req-abbffa58-cc98-4f15-ba86-3f8a5e2c9ddb req-b05ce830-acde-4f58-8432-8cfd87bf9785 f6b15d74a0544112968525bc268d0dc6 401c6b28b2604014810acbaa7056792d - - default default] No more DHCP agents
2026-06-24 19:08:58.817 10 WARNING neutron.api.rpc.agentnotifiers.dhcp_rpc_agent_api [req-abbffa58-cc98-4f15-ba86-3f8a5e2c9ddb req-b05ce830-acde-4f58-8432-8cfd87bf9785 f6b15d74a0544112968525bc268d0dc6 401c6b28b2604014810acbaa7056792d - - default default] Unable to schedule network 37b11919-fc45-4289-9491-136d533cb457: no agents available; will retry on subsequent port and subnet creation events.
2026-06-24 19:08:58.847 9 INFO neutron.wsgi [req-ab5ac62c-ebf3-40cf-94f7-44872dbd7405 req-925275a5-03d1-427a-9de5-eeb2a082ec90 f6b15d74a0544112968525bc268d0dc6 401c6b28b2604014810acbaa7056792d - - default default] 10.0.0.212 "GET /v2.0/ports?device_id=86d2f704-a3e5-4230-8d29-314fa0bac203 HTTP/1.1" status: 200 len: 1156 time: 0.0455859
2026-06-24 19:08:58.941 9 INFO neutron.wsgi [req-ab5ac62c-ebf3-40cf-94f7-44872dbd7405 req-9942278b-8d79-4957-9a30-fba3fe82bd2e f6b15d74a0544112968525bc268d0dc6 401c6b28b2604014810acbaa7056792d - - default default] 10.0.0.212 "GET /v2.0/security-groups?id=c59d9cce-579e-4078-9630-c2486da34aa2&fields=id&fields=name HTTP/1.1" status: 200 len: 313 time: 0.0842431
2026-06-24 19:08:58.943 10 INFO neutron.db.ovn_revision_numbers_db [None req-dae780c9-59c5-470d-8f0c-8fdc95729965 ec799136185c4c139505f37770c29a78 ea4228d175304820b807d0b681ed9103 - - default default] Successfully bumped revision number for resource 4f5aea4e-2de8-458d-aabc-c8512697252f (type: security_groups) to 1
2026-06-24 19:08:58.980 10 INFO neutron.db.ovn_revision_numbers_db [None req-dae780c9-59c5-470d-8f0c-8fdc95729965 ec799136185c4c139505f37770c29a78 ea4228d175304820b807d0b681ed9103 - - default default] Successfully bumped revision number for resource 3e336334-0abb-44ef-96d7-c6abc2b75c0e (type: security_group_rules) to 0
