2026-06-24 19:09:42.173 10 WARNING neutron.api.rpc.agentnotifiers.dhcp_rpc_agent_api [None req-e89c562b-f175-4cf0-bd07-fdeeadffc678 d6cbf7e698b14514ade0a5a26c66be80 afa7d21f6ede42e0bdc9df796d3d1fab - - default default] Unable to schedule network 3995a9e1-4c1a-4339-928a-ffdf400e59ca: no agents available; will retry on subsequent port and subnet creation events. /var/lib/openstack/lib/python3.10/site-packages/pycadf/identifier.py:71: UserWarning: Invalid uuid: neutron. To ensure interoperability, identifiers should be a valid uuid. warnings.warn(('Invalid uuid: %s. To ensure interoperability, '
2026-06-24 19:09:42.216 9 ERROR ovsdbapp.backend.ovs_idl.command [None req-1a00bf37-83e5-4191-b4dd-810773118732 484ea0fa12b541ea971aeec82ddd0e02 d8f0bd7791cc4caeb9dc88a2b525d58d - - default default] Error executing command (DbGetCommand): ovsdbapp.backend.ovs_idl.idlutils.RowNotFound: Cannot find Logical_Router_Port with name=lrp-835e4b0f-fc4e-4b3e-9d36-e4c5f6172157
2026-06-24 19:09:42.216 9 ERROR ovsdbapp.backend.ovs_idl.command
Traceback (most recent call last):
2026-06-24 19:09:42.216 9 ERROR ovsdbapp.backend.ovs_idl.command
File "/var/lib/openstack/lib/python3.10/site-packages/ovsdbapp/backend/ovs_idl/command.py", line 47, in execute
2026-06-24 19:09:42.216 9 ERROR ovsdbapp.backend.ovs_idl.command self.run_idl(None)
2026-06-24 19:09:42.216 9 ERROR ovsdbapp.backend.ovs_idl.command
File "/var/lib/openstack/lib/python3.10/site-packages/ovsdbapp/backend/ovs_idl/command.py", line 235, in run_idl
2026-06-24 19:09:42.216 9 ERROR ovsdbapp.backend.ovs_idl.command record = self.api.lookup(self.table, self.record)
2026-06-24 19:09:42.216 9 ERROR ovsdbapp.backend.ovs_idl.command
File "/var/lib/openstack/lib/python3.10/site-packages/ovsdbapp/backend/ovs_idl/__init__.py", line 184, in lookup
2026-06-24 19:09:42.216 9 ERROR ovsdbapp.backend.ovs_idl.command return self._lookup(table, record)
2026-06-24 19:09:42.216 9 ERROR ovsdbapp.backend.ovs_idl.command
File "/var/lib/openstack/lib/python3.10/site-packages/ovsdbapp/backend/ovs_idl/__init__.py", line 235, in _lookup
2026-06-24 19:09:42.216 9 ERROR ovsdbapp.backend.ovs_idl.command row = idlutils.row_by_value(self, rl.table, rl.column, record)
2026-06-24 19:09:42.216 9 ERROR ovsdbapp.backend.ovs_idl.command
File "/var/lib/openstack/lib/python3.10/site-packages/ovsdbapp/backend/ovs_idl/idlutils.py", line 114, in row_by_value
2026-06-24 19:09:42.216 9 ERROR ovsdbapp.backend.ovs_idl.command raise RowNotFound(table=table, col=column, match=match)
2026-06-24 19:09:42.216 9 ERROR ovsdbapp.backend.ovs_idl.command ovsdbapp.backend.ovs_idl.idlutils.RowNotFound: Cannot find Logical_Router_Port with name=lrp-835e4b0f-fc4e-4b3e-9d36-e4c5f6172157
2026-06-24 19:09:42.216 9 ERROR ovsdbapp.backend.ovs_idl.command 
2026-06-24 19:09:42.217 9 ERROR neutron_lib.callbacks.manager [None req-1a00bf37-83e5-4191-b4dd-810773118732 484ea0fa12b541ea971aeec82ddd0e02 d8f0bd7791cc4caeb9dc88a2b525d58d - - default default] Error during notification for neutron.services.ovn_l3.plugin.OVNL3RouterPlugin._port_update-8754342971110 port, after_update: ovsdbapp.backend.ovs_idl.idlutils.RowNotFound: Cannot find Logical_Router_Port with name=lrp-835e4b0f-fc4e-4b3e-9d36-e4c5f6172157
2026-06-24 19:09:42.217 9 ERROR neutron_lib.callbacks.manager
Traceback (most recent call last):
2026-06-24 19:09:42.217 9 ERROR neutron_lib.callbacks.manager
File "/var/lib/openstack/lib/python3.10/site-packages/neutron_lib/callbacks/manager.py", line 189, in _notify_loop
2026-06-24 19:09:42.217 9 ERROR neutron_lib.callbacks.manager callback.method(resource, event, trigger, payload=payload)
2026-06-24 19:09:42.217 9 ERROR neutron_lib.callbacks.manager
File "/var/lib/openstack/lib/python3.10/site-packages/neutron/services/ovn_l3/plugin.py", line 391, in _port_update
2026-06-24 19:09:42.217 9 ERROR neutron_lib.callbacks.manager l3plugin._ovn_client.update_router_port(context,
2026-06-24 19:09:42.217 9 ERROR neutron_lib.callbacks.manager
File "/var/lib/openstack/lib/python3.10/site-packages/neutron/plugins/ml2/drivers/ovn/mech_driver/ovsdb/ovn_client.py", line 1878, in update_router_port
2026-06-24 19:09:42.217 9 ERROR neutron_lib.callbacks.manager self._update_lrouter_port(context, port, if_exists=if_exists,
2026-06-24 19:09:42.217 9 ERROR neutron_lib.callbacks.manager
File "/var/lib/openstack/lib/python3.10/site-packages/neutron/plugins/ml2/drivers/ovn/mech_driver/ovsdb/ovn_client.py", line 1855, in _update_lrouter_port
2026-06-24 19:09:42.217 9 ERROR neutron_lib.callbacks.manager external_ids = self._nb_idl.db_get(
2026-06-24 19:09:42.217 9 ERROR neutron_lib.callbacks.manager
File "/var/lib/openstack/lib/python3.10/site-packages/ovsdbapp/backend/ovs_idl/command.py", line 47, in execute
2026-06-24 19:09:42.217 9 ERROR neutron_lib.callbacks.manager self.run_idl(None)
2026-06-24 19:09:42.217 9 ERROR neutron_lib.callbacks.manager
File "/var/lib/openstack/lib/python3.10/site-packages/ovsdbapp/backend/ovs_idl/command.py", line 235, in run_idl
2026-06-24 19:09:42.217 9 ERROR neutron_lib.callbacks.manager record = self.api.lookup(self.table, self.record)
2026-06-24 19:09:42.217 9 ERROR neutron_lib.callbacks.manager
File "/var/lib/openstack/lib/python3.10/site-packages/ovsdbapp/backend/ovs_idl/__init__.py", line 184, in lookup
2026-06-24 19:09:42.217 9 ERROR neutron_lib.callbacks.manager return self._lookup(table, record)
2026-06-24 19:09:42.217 9 ERROR neutron_lib.callbacks.manager
File "/var/lib/openstack/lib/python3.10/site-packages/ovsdbapp/backend/ovs_idl/__init__.py", line 235, in _lookup
2026-06-24 19:09:42.217 9 ERROR neutron_lib.callbacks.manager row = idlutils.row_by_value(self, rl.table, rl.column, record)
2026-06-24 19:09:42.217 9 ERROR neutron_lib.callbacks.manager
File "/var/lib/openstack/lib/python3.10/site-packages/ovsdbapp/backend/ovs_idl/idlutils.py", line 114, in row_by_value
2026-06-24 19:09:42.217 9 ERROR neutron_lib.callbacks.manager raise RowNotFound(table=table, col=column, match=match)
2026-06-24 19:09:42.217 9 ERROR neutron_lib.callbacks.manager ovsdbapp.backend.ovs_idl.idlutils.RowNotFound: Cannot find Logical_Router_Port with name=lrp-835e4b0f-fc4e-4b3e-9d36-e4c5f6172157
2026-06-24 19:09:42.217 9 ERROR neutron_lib.callbacks.manager 
2026-06-24 19:09:42.301 10 INFO neutron.db.ovn_revision_numbers_db [None req-e89c562b-f175-4cf0-bd07-fdeeadffc678 d6cbf7e698b14514ade0a5a26c66be80 afa7d21f6ede42e0bdc9df796d3d1fab - - default default] Successfully bumped revision number for resource 5e5e26d3-acd5-4999-b5af-014e1fb962a9 (type: ports) to 1
2026-06-24 19:09:42.324 10 INFO neutron.wsgi [None req-e89c562b-f175-4cf0-bd07-fdeeadffc678 d6cbf7e698b14514ade0a5a26c66be80 afa7d21f6ede42e0bdc9df796d3d1fab - - default default] 10.0.0.128 "POST /v2.0/ports HTTP/1.1" status: 201 len: 976 time: 0.4582186
2026-06-24 19:09:42.344 9 INFO neutron.services.segments.plugin [-] Segment 0a2c7eb9-8c5a-4019-bfa9-c88f27156a6d resource provider aggregate not found
2026-06-24 19:09:42.367 9 INFO neutron.services.segments.plugin [-] Segment 0a2c7eb9-8c5a-4019-bfa9-c88f27156a6d resource provider not found; error: Placement Client Error (4xx): {"errors": [{"status": 404, "title": "Not Found", "detail": "The resource could not be found.\n\n No resource provider with uuid 0a2c7eb9-8c5a-4019-bfa9-c88f27156a6d found for delete ", "request_id": "req-a45bf5e7-119c-4fde-9c9f-555f6a16eb8e"}]}
2026-06-24 19:09:42.370 10 INFO neutron.plugins.ml2.drivers.ovn.mech_driver.mech_driver [None req-759e9e53-8a2f-4299-9a7d-b43739cd0a68 - - - - - -] OVN reports status up for port: 835e4b0f-fc4e-4b3e-9d36-e4c5f6172157
2026-06-24 19:09:42.370 9 INFO neutron.services.segments.plugin [-] Segment 0a2c7eb9-8c5a-4019-bfa9-c88f27156a6d resource provider aggregate not found
2026-06-24 19:09:42.391 10 INFO neutron.plugins.ml2.plugin [None req-759e9e53-8a2f-4299-9a7d-b43739cd0a68 - - - - - -] Attempt 1 to provision port 835e4b0f-fc4e-4b3e-9d36-e4c5f6172157
2026-06-24 19:09:42.397 9 INFO neutron.services.segments.plugin [-] Segment 0a2c7eb9-8c5a-4019-bfa9-c88f27156a6d resource provider not found; error: Placement Client Error (4xx): {"errors": [{"status": 404, "title": "Not Found", "detail": "The resource could not be found.\n\n No resource provider with uuid 0a2c7eb9-8c5a-4019-bfa9-c88f27156a6d found for delete ", "request_id": "req-4d64dc92-d552-420f-bc89-2b7a9b4744d7"}]}
2026-06-24 19:09:42.400 9 INFO neutron.db.ovn_revision_numbers_db [None req-1a00bf37-83e5-4191-b4dd-810773118732 484ea0fa12b541ea971aeec82ddd0e02 d8f0bd7791cc4caeb9dc88a2b525d58d - - default default] Successfully bumped revision number for resource 835e4b0f-fc4e-4b3e-9d36-e4c5f6172157 (type: ports) to 1
2026-06-24 19:09:42.434 10 INFO neutron.db.ovn_revision_numbers_db [None req-9c066e0c-6181-4224-b08f-aa9c63c6856a ec799136185c4c139505f37770c29a78 ea4228d175304820b807d0b681ed9103 - - default default] Successfully bumped revision number for resource affc4fb7-071b-4b92-aa14-1ec84248175b (type: security_groups) to 1
2026-06-24 19:09:42.463 10 INFO neutron.db.ovn_revision_numbers_db [None req-9c066e0c-6181-4224-b08f-aa9c63c6856a ec799136185c4c139505f37770c29a78 ea4228d175304820b807d0b681ed9103 - - default default] Successfully bumped revision number for resource 5f8cb9ba-e600-491a-baa3-420e68e6e46a (type: security_group_rules) to 0
2026-06-24 19:09:42.465 9 WARNING neutron.scheduler.dhcp_agent_scheduler [None req-1a00bf37-83e5-4191-b4dd-810773118732 484ea0fa12b541ea971aeec82ddd0e02 d8f0bd7791cc4caeb9dc88a2b525d58d - - default default] No more DHCP agents
2026-06-24 19:09:42.468 9 WARNING neutron.api.rpc.agentnotifiers.dhcp_rpc_agent_api [None req-1a00bf37-83e5-4191-b4dd-810773118732 484ea0fa12b541ea971aeec82ddd0e02 d8f0bd7791cc4caeb9dc88a2b525d58d - - default default] Unable to schedule network e5166aa2-27da-434c-9c97-ab41a3093228: no agents available; will retry on subsequent port and subnet creation events.
2026-06-24 19:09:42.484 10 INFO neutron.db.ovn_revision_numbers_db [None req-9c066e0c-6181-4224-b08f-aa9c63c6856a ec799136185c4c139505f37770c29a78 ea4228d175304820b807d0b681ed9103 - - default default] Successfully bumped revision number for resource 6b106bf7-6ee0-46f0-89e8-bd126bbbd5f2 (type: security_group_rules) to 0
2026-06-24 19:09:42.511 10 INFO neutron.db.ovn_revision_numbers_db [None req-9c066e0c-6181-4224-b08f-aa9c63c6856a ec799136185c4c139505f37770c29a78 ea4228d175304820b807d0b681ed9103 - - default default] Successfully bumped revision number for resource 75bf0b9e-d07a-4276-89bf-a3ead217a3c7 (type: security_group_rules) to 0
2026-06-24 19:09:42.548 10 INFO neutron.db.ovn_revision_numbers_db [None req-9c066e0c-6181-4224-b08f-aa9c63c6856a ec799136185c4c139505f37770c29a78 ea4228d175304820b807d0b681ed9103 - - default default] Successfully bumped revision number for resource 92e554e5-c72e-42e3-839d-ba9a88a10bd7 (type: security_group_rules) to 0
2026-06-24 19:09:42.805 10 INFO neutron.wsgi [None req-9c066e0c-6181-4224-b08f-aa9c63c6856a ec799136185c4c139505f37770c29a78 ea4228d175304820b807d0b681ed9103 - - default default] 10.0.0.128 "GET /v2.0/security-groups?tenant_id=cbb384d9291e41cd9a68d00f3edf4520&name=default HTTP/1.1" status: 200 len: 3120 time: 0.8544550
2026-06-24 19:09:42.873 9 INFO neutron.db.ovn_revision_numbers_db [None req-1a00bf37-83e5-4191-b4dd-810773118732 484ea0fa12b541ea971aeec82ddd0e02 d8f0bd7791cc4caeb9dc88a2b525d58d - - default default] Successfully bumped revision number for resource 835e4b0f-fc4e-4b3e-9d36-e4c5f6172157 (type: router_ports) to 1
2026-06-24 19:09:42.880 9 INFO neutron.wsgi [None req-1a00bf37-83e5-4191-b4dd-810773118732 484ea0fa12b541ea971aeec82ddd0e02 d8f0bd7791cc4caeb9dc88a2b525d58d - - default default] 10.0.0.128 "PUT /v2.0/routers/c4834ae4-799a-489f-8e4b-19f2153d6b1a/add_router_interface HTTP/1.1" status: 200 len: 503 time: 1.8730817
2026-06-24 19:09:42.935 9 INFO neutron.plugins.ml2.drivers.ovn.mech_driver.mech_driver [None req-ee5c6fa3-e313-4882-9571-18a31207f112 - - - - - -] OVN reports status down for port: 5e5e26d3-acd5-4999-b5af-014e1fb962a9
2026-06-24 19:09:42.980 10 INFO neutron.wsgi [-] 10.0.0.132 "GET / HTTP/1.1" status: 200 len: 247 time: 0.0015895
2026-06-24 19:09:42.981 10 INFO neutron.wsgi [-] 10.0.0.132 "GET / HTTP/1.1" status: 200 len: 247 time: 0.0010343
2026-06-24 19:09:42.983 10 INFO neutron.db.ovn_revision_numbers_db [None req-861423e3-d860-4bf3-bdcc-e406273870ac d6cbf7e698b14514ade0a5a26c66be80 afa7d21f6ede42e0bdc9df796d3d1fab - - default default] Successfully bumped revision number for resource 5e5e26d3-acd5-4999-b5af-014e1fb962a9 (type: ports) to 2
2026-06-24 19:09:42.998 10 INFO neutron.wsgi [None req-861423e3-d860-4bf3-bdcc-e406273870ac d6cbf7e698b14514ade0a5a26c66be80 afa7d21f6ede42e0bdc9df796d3d1fab - - default default] 10.0.0.128 "PUT /v2.0/ports/5e5e26d3-acd5-4999-b5af-014e1fb962a9 HTTP/1.1" status: 200 len: 946 time: 0.6693802
2026-06-24 19:09:43.061 9 INFO neutron.wsgi [None req-5f34f3c8-eb8b-4aaa-92eb-fc1c567afa08 484ea0fa12b541ea971aeec82ddd0e02 d8f0bd7791cc4caeb9dc88a2b525d58d - - default default] 10.0.0.128 "GET /v2.0/ports/835e4b0f-fc4e-4b3e-9d36-e4c5f6172157 HTTP/1.1" status: 200 len: 1141 time: 0.1701312 /var/lib/openstack/lib/python3.10/site-packages/pycadf/identifier.py:71: UserWarning: Invalid uuid: neutron. To ensure interoperability, identifiers should be a valid uuid. warnings.warn(('Invalid uuid: %s. To ensure interoperability, '
2026-06-24 19:09:43.137 10 INFO neutron.wsgi [None req-411a8eb9-a3d1-42e1-9a80-cdcf9a676511 484ea0fa12b541ea971aeec82ddd0e02 d8f0bd7791cc4caeb9dc88a2b525d58d - - default default] 10.0.0.128 "GET /v2.0/ports/835e4b0f-fc4e-4b3e-9d36-e4c5f6172157 HTTP/1.1" status: 200 len: 1141 time: 0.0642829
2026-06-24 19:09:43.263 10 INFO neutron.db.ovn_revision_numbers_db [None req-759e9e53-8a2f-4299-9a7d-b43739cd0a68 - - - - - -] Successfully bumped revision number for resource 835e4b0f-fc4e-4b3e-9d36-e4c5f6172157 (type: ports) to 2
2026-06-24 19:09:43.280 9 INFO neutron.wsgi [None req-8fc8887e-5982-4d32-93e8-00d6a938d7c6 ec799136185c4c139505f37770c29a78 ea4228d175304820b807d0b681ed9103 - - default default] 10.0.0.128 "DELETE /v2.0/security-groups/affc4fb7-071b-4b92-aa14-1ec84248175b HTTP/1.1" status: 204 len: 168 time: 0.4698107
2026-06-24 19:09:43.428 9 INFO neutron.wsgi [None req-898931b2-a20d-4495-874f-f4fdd8fa6c1e d6cbf7e698b14514ade0a5a26c66be80 afa7d21f6ede42e0bdc9df796d3d1fab - - default default] 10.0.0.128 "DELETE /v2.0/ports/5e5e26d3-acd5-4999-b5af-014e1fb962a9 HTTP/1.1" status: 204 len: 168 time: 0.4188957
2026-06-24 19:09:43.429 10 INFO neutron.db.ovn_revision_numbers_db [None req-759e9e53-8a2f-4299-9a7d-b43739cd0a68 - - - - - -] Successfully bumped revision number for resource 835e4b0f-fc4e-4b3e-9d36-e4c5f6172157 (type: router_ports) to 2
2026-06-24 19:09:43.489 9 INFO neutron.wsgi [None req-16c913e1-5e8b-49dc-8a20-8172c8e5dea1 d6cbf7e698b14514ade0a5a26c66be80 afa7d21f6ede42e0bdc9df796d3d1fab - - default default] 10.0.0.128 "GET /v2.0/ports HTTP/1.1" status: 200 len: 1733 time: 0.0541663
2026-06-24 19:09:43.518 9 INFO neutron.pecan_wsgi.hooks.translation [None req-51af4a13-32ca-4dd3-ba83-9684cfa23e04 d6cbf7e698b14514ade0a5a26c66be80 afa7d21f6ede42e0bdc9df796d3d1fab - - default default] GET failed (client error): The resource could not be found.
2026-06-24 19:09:43.520 9 INFO neutron.wsgi [None req-51af4a13-32ca-4dd3-ba83-9684cfa23e04 d6cbf7e698b14514ade0a5a26c66be80 afa7d21f6ede42e0bdc9df796d3d1fab - - default default] 10.0.0.128 "GET /v2.0/ports/5e5e26d3-acd5-4999-b5af-014e1fb962a9 HTTP/1.1" status: 404 len: 333 time: 0.0243380
2026-06-24 19:09:43.602 9 INFO neutron.wsgi [None req-0e85c141-2554-4fb2-8bef-366f0228e706 d6cbf7e698b14514ade0a5a26c66be80 afa7d21f6ede42e0bdc9df796d3d1fab - - default default] 10.0.0.128 "GET /v2.0/ports HTTP/1.1" status: 200 len: 1733 time: 0.0742939
2026-06-24 19:09:43.649 9 INFO neutron.wsgi [None req-45ace411-c4d5-457f-930f-350627409a8b d6cbf7e698b14514ade0a5a26c66be80 afa7d21f6ede42e0bdc9df796d3d1fab - - default default] 10.0.0.128 "GET /v2.0/ports/be117bc9-1217-421c-9fae-e939080dadfa HTTP/1.1" status: 200 len: 973 time: 0.0396702
2026-06-24 19:09:43.677 10 INFO neutron.pecan_wsgi.hooks.translation [None req-1a95d3be-8da9-4070-9ea5-b2f0a36cd400 d6cbf7e698b14514ade0a5a26c66be80 afa7d21f6ede42e0bdc9df796d3d1fab - - default default] DELETE failed (client error): The resource could not be found.
2026-06-24 19:09:43.680 10 INFO neutron.wsgi [None req-1a95d3be-8da9-4070-9ea5-b2f0a36cd400 d6cbf7e698b14514ade0a5a26c66be80 afa7d21f6ede42e0bdc9df796d3d1fab - - default default] 10.0.0.128 "DELETE /v2.0/ports/bbd2a260-054a-450e-bc44-370b6f92f595 HTTP/1.1" status: 404 len: 333 time: 0.0253825
2026-06-24 19:09:43.703 10 INFO neutron.pecan_wsgi.hooks.translation [None req-7f4187be-5362-4705-81bb-4eb11a4a6087 d6cbf7e698b14514ade0a5a26c66be80 afa7d21f6ede42e0bdc9df796d3d1fab - - default default] DELETE failed (client error): The resource could not be found.
2026-06-24 19:09:43.705 10 INFO neutron.wsgi [None req-7f4187be-5362-4705-81bb-4eb11a4a6087 d6cbf7e698b14514ade0a5a26c66be80 afa7d21f6ede42e0bdc9df796d3d1fab - - default default] 10.0.0.128 "DELETE /v2.0/subnets/81fe35ed-da41-4bf1-ada0-cf56aeadb463 HTTP/1.1" status: 404 len: 337 time: 0.0196142
2026-06-24 19:09:43.727 9 INFO neutron.pecan_wsgi.hooks.translation [None req-bf0e63dc-d9d9-4120-a682-c1db00d5967b d6cbf7e698b14514ade0a5a26c66be80 afa7d21f6ede42e0bdc9df796d3d1fab - - default default] DELETE failed (client error): The resource could not be found.
2026-06-24 19:09:43.729 9 INFO neutron.wsgi [None req-bf0e63dc-d9d9-4120-a682-c1db00d5967b d6cbf7e698b14514ade0a5a26c66be80 afa7d21f6ede42e0bdc9df796d3d1fab - - default default] 10.0.0.128 "DELETE /v2.0/subnets/61f8235c-0740-4a0d-b5a8-f93f531b1e08 HTTP/1.1" status: 404 len: 337 time: 0.0187566
2026-06-24 19:09:43.936 10 INFO neutron.wsgi [None req-20cb88ac-5171-4a67-940f-895f9ed16391 484ea0fa12b541ea971aeec82ddd0e02 d8f0bd7791cc4caeb9dc88a2b525d58d - - default default] 10.0.0.128 "PUT /v2.0/routers/c4834ae4-799a-489f-8e4b-19f2153d6b1a/remove_router_interface HTTP/1.1" status: 200 len: 503 time: 0.7944326
2026-06-24 19:09:43.975 9 INFO neutron.wsgi [None req-070a2c18-4e1e-44c0-aa02-2ae598a6ed7c 484ea0fa12b541ea971aeec82ddd0e02 d8f0bd7791cc4caeb9dc88a2b525d58d - - default default] 10.0.0.128 "GET /v2.0/ports?device_id=c4834ae4-799a-489f-8e4b-19f2153d6b1a HTTP/1.1" status: 200 len: 205 time: 0.0334582 /var/lib/openstack/lib/python3.10/site-packages/pycadf/identifier.py:71: UserWarning: Invalid uuid: neutron. To ensure interoperability, identifiers should be a valid uuid. warnings.warn(('Invalid uuid: %s. To ensure interoperability, '
2026-06-24 19:09:44.059 9 INFO neutron.wsgi [None req-ed4be38f-20e5-4900-b278-693ce64bffc3 d6cbf7e698b14514ade0a5a26c66be80 afa7d21f6ede42e0bdc9df796d3d1fab - - default default] 10.0.0.128 "DELETE /v2.0/ports/be117bc9-1217-421c-9fae-e939080dadfa HTTP/1.1" status: 204 len: 168 time: 0.3202028
2026-06-24 19:09:44.062 9 INFO neutron.db.ovn_revision_numbers_db [None req-e951b643-5540-4da6-ad32-dd6f3101b594 ec799136185c4c139505f37770c29a78 ea4228d175304820b807d0b681ed9103 - - default default] Successfully bumped revision number for resource 793bc860-a15c-4c3e-bf45-593cedecc1fe (type: security_groups) to 1
2026-06-24 19:09:44.086 9 INFO neutron.db.ovn_revision_numbers_db [None req-e951b643-5540-4da6-ad32-dd6f3101b594 ec799136185c4c139505f37770c29a78 ea4228d175304820b807d0b681ed9103 - - default default] Successfully bumped revision number for resource 22caeb90-88cf-4fa2-a70c-9977caf04045 (type: security_group_rules) to 0
2026-06-24 19:09:44.106 9 INFO neutron.db.ovn_revision_numbers_db [None req-e951b643-5540-4da6-ad32-dd6f3101b594 ec799136185c4c139505f37770c29a78 ea4228d175304820b807d0b681ed9103 - - default default] Successfully bumped revision number for resource 2ae217ff-bb72-475a-8721-baa4db382546 (type: security_group_rules) to 0
2026-06-24 19:09:44.123 9 INFO neutron.db.ovn_revision_numbers_db [None req-e951b643-5540-4da6-ad32-dd6f3101b594 ec799136185c4c139505f37770c29a78 ea4228d175304820b807d0b681ed9103 - - default default] Successfully bumped revision number for resource 57d57da8-983f-4d34-8ef4-71312489e04a (type: security_group_rules) to 0
2026-06-24 19:09:44.136 9 INFO neutron.db.ovn_revision_numbers_db [None req-e951b643-5540-4da6-ad32-dd6f3101b594 ec799136185c4c139505f37770c29a78 ea4228d175304820b807d0b681ed9103 - - default default] Successfully bumped revision number for resource bea51cbe-79e8-4cb5-b31a-3b24b5bcce75 (type: security_group_rules) to 0
2026-06-24 19:09:44.163 9 INFO neutron.wsgi [None req-e951b643-5540-4da6-ad32-dd6f3101b594 ec799136185c4c139505f37770c29a78 ea4228d175304820b807d0b681ed9103 - - default default] 10.0.0.128 "GET /v2.0/security-groups?tenant_id=1dc2e381c8c64bb1887870f9ff6f92a4&name=default HTTP/1.1" status: 200 len: 3120 time: 0.5234957
2026-06-24 19:09:44.390 9 INFO neutron.wsgi [None req-e241b6d3-6a51-45e6-a481-ef6544fe7951 ec799136185c4c139505f37770c29a78 ea4228d175304820b807d0b681ed9103 - - default default] 10.0.0.128 "DELETE /v2.0/security-groups/793bc860-a15c-4c3e-bf45-593cedecc1fe HTTP/1.1" status: 204 len: 168 time: 0.2210090
2026-06-24 19:09:44.592 10 INFO neutron.wsgi [None req-c4ce8d34-f5b9-4f06-ae69-294e83d82c59 484ea0fa12b541ea971aeec82ddd0e02 d8f0bd7791cc4caeb9dc88a2b525d58d - - default default] 10.0.0.128 "DELETE /v2.0/routers/c4834ae4-799a-489f-8e4b-19f2153d6b1a HTTP/1.1" status: 204 len: 168 time: 0.6108086
2026-06-24 19:09:44.769 9 INFO neutron.wsgi [None req-91df398a-a395-49b5-85cb-8099c55f9cf2 484ea0fa12b541ea971aeec82ddd0e02 d8f0bd7791cc4caeb9dc88a2b525d58d - - default default] 10.0.0.128 "DELETE /v2.0/subnets/1fc94fbb-2f14-46fc-ac21-a1a00e8b3696 HTTP/1.1" status: 204 len: 168 time: 0.1676819
2026-06-24 19:09:44.854 10 INFO neutron.services.segments.plugin [-] Segment 3ce6b006-8b6d-4853-bee3-f06812a8560e resource provider aggregate not found
2026-06-24 19:09:44.860 10 INFO neutron.services.segments.plugin [-] Segment 3ce6b006-8b6d-4853-bee3-f06812a8560e resource provider aggregate not found
2026-06-24 19:09:44.875 10 INFO neutron.services.segments.plugin [-] Segment 3ce6b006-8b6d-4853-bee3-f06812a8560e resource provider not found; error: Placement Client Error (4xx): {"errors": [{"status": 404, "title": "Not Found", "detail": "The resource could not be found.\n\n No resource provider with uuid 3ce6b006-8b6d-4853-bee3-f06812a8560e found for delete ", "request_id": "req-34498cc4-15f7-4b42-9c87-88d4bd378670"}]}
2026-06-24 19:09:44.879 10 INFO neutron.services.segments.plugin [-] Segment 3ce6b006-8b6d-4853-bee3-f06812a8560e resource provider not found; error: Placement Client Error (4xx): {"errors": [{"status": 404, "title": "Not Found", "detail": "The resource could not be found.\n\n No resource provider with uuid 3ce6b006-8b6d-4853-bee3-f06812a8560e found for delete ", "request_id": "req-768da9b8-caec-421c-ae9e-905f057d573c"}]}
2026-06-24 19:09:44.915 10 INFO neutron.wsgi [None req-7ae4bc02-d4cd-41b7-9bae-842579b27173 d6cbf7e698b14514ade0a5a26c66be80 afa7d21f6ede42e0bdc9df796d3d1fab - - default default] 10.0.0.128 "DELETE /v2.0/networks/3995a9e1-4c1a-4339-928a-ffdf400e59ca HTTP/1.1" status: 204 len: 168 time: 0.8518379
2026-06-24 19:09:45.278 10 INFO neutron.wsgi [None req-c41dfbbd-0969-4a01-9ffa-f18d7f11f3e8 484ea0fa12b541ea971aeec82ddd0e02 d8f0bd7791cc4caeb9dc88a2b525d58d - - default default] 10.0.0.128 "DELETE /v2.0/networks/e5166aa2-27da-434c-9c97-ab41a3093228 HTTP/1.1" status: 204 len: 168 time: 0.5045347
2026-06-24 19:09:45.289 10 WARNING neutron_lib.context [None req-e99555c5-69fe-4287-9533-7f91dfa2f050 484ea0fa12b541ea971aeec82ddd0e02 d8f0bd7791cc4caeb9dc88a2b525d58d - - default default] Method 'is_advsvc' is deprecated since 2023.2 release (neutron-lib 3.8.0) and will be removed once support for the old RBAC API policies will be removed from Neutron. Please use method 'is_service_role' instead.
2026-06-24 19:09:45.590 9 INFO neutron.wsgi [None req-f216655a-d5e9-40a7-9812-9317651b1870 ec799136185c4c139505f37770c29a78 ea4228d175304820b807d0b681ed9103 - - default default] 10.0.0.128 "GET /v2.0/security-groups?tenant_id=afa7d21f6ede42e0bdc9df796d3d1fab&name=default HTTP/1.1" status: 200 len: 3120 time: 0.1636338
2026-06-24 19:09:45.823 9 INFO neutron.wsgi [None req-82e662b6-c3b4-467c-ba1d-9e94c004d6e0 ec799136185c4c139505f37770c29a78 ea4228d175304820b807d0b681ed9103 - - default default] 10.0.0.128 "DELETE /v2.0/security-groups/9e47fe95-a221-4b98-848e-89caf38bb7ad HTTP/1.1" status: 204 len: 168 time: 0.2260885
2026-06-24 19:09:45.909 10 WARNING neutron.scheduler.dhcp_agent_scheduler [None req-e99555c5-69fe-4287-9533-7f91dfa2f050 484ea0fa12b541ea971aeec82ddd0e02 d8f0bd7791cc4caeb9dc88a2b525d58d - - default default] No more DHCP agents
2026-06-24 19:09:45.911 10 WARNING neutron.api.rpc.agentnotifiers.dhcp_rpc_agent_api [None req-e99555c5-69fe-4287-9533-7f91dfa2f050 484ea0fa12b541ea971aeec82ddd0e02 d8f0bd7791cc4caeb9dc88a2b525d58d - - default default] Unable to schedule network 83af68fc-eabc-4f93-abd9-e363b8272142: no agents available; will retry on subsequent port and subnet creation events.
2026-06-24 19:09:46.100 10 INFO neutron.db.ovn_revision_numbers_db [None req-e99555c5-69fe-4287-9533-7f91dfa2f050 484ea0fa12b541ea971aeec82ddd0e02 d8f0bd7791cc4caeb9dc88a2b525d58d - - default default] Successfully bumped revision number for resource c13a5425-5954-4d23-b3f1-2f36d45b601c (type: ports) to 1
2026-06-24 19:09:46.802 10 INFO neutron.plugins.ml2.drivers.ovn.mech_driver.ovsdb.commands [None req-9788bae1-2cd4-4678-bb7a-68f26f4f8fe4 - - - - - -] Schedule LRP lrp-c13a5425-5954-4d23-b3f1-2f36d45b601c on gateway f5cdd266-7fbb-49d4-98f3-cb656c516c24 with priority 1
2026-06-24 19:09:46.814 9 INFO neutron.plugins.ml2.drivers.ovn.mech_driver.mech_driver [None req-ee5c6fa3-e313-4882-9571-18a31207f112 - - - - - -] OVN reports status up for port: c13a5425-5954-4d23-b3f1-2f36d45b601c
2026-06-24 19:09:46.834 9 INFO neutron.plugins.ml2.plugin [None req-ee5c6fa3-e313-4882-9571-18a31207f112 - - - - - -] Attempt 1 to provision port c13a5425-5954-4d23-b3f1-2f36d45b601c
2026-06-24 19:09:46.854 10 INFO neutron.db.ovn_revision_numbers_db [None req-e99555c5-69fe-4287-9533-7f91dfa2f050 484ea0fa12b541ea971aeec82ddd0e02 d8f0bd7791cc4caeb9dc88a2b525d58d - - default default] Successfully bumped revision number for resource c13a5425-5954-4d23-b3f1-2f36d45b601c (type: router_ports) to 1
2026-06-24 19:09:46.893 10 INFO neutron.services.segments.plugin [-] Segment 90b4b412-89ca-46f6-9f45-e045c79d28a3 resource provider aggregate not found
2026-06-24 19:09:47.156 10 INFO neutron.services.segments.plugin [-] Segment 90b4b412-89ca-46f6-9f45-e045c79d28a3 resource provider aggregate not found
2026-06-24 19:09:47.173 10 INFO neutron.services.segments.plugin [-] Segment 90b4b412-89ca-46f6-9f45-e045c79d28a3 resource provider not found; error: Placement Client Error (4xx): {"errors": [{"status": 404, "title": "Not Found", "detail": "The resource could not be found.\n\n No resource provider with uuid 90b4b412-89ca-46f6-9f45-e045c79d28a3 found for delete ", "request_id": "req-cc1af476-940d-4828-a52e-289aada2f914"}]}
2026-06-24 19:09:47.178 10 INFO neutron.services.segments.plugin [-] Segment 90b4b412-89ca-46f6-9f45-e045c79d28a3 resource provider not found; error: Placement Client Error (4xx): {"errors": [{"status": 404, "title": "Not Found", "detail": "The resource could not be found.\n\n No resource provider with uuid 90b4b412-89ca-46f6-9f45-e045c79d28a3 found for delete ", "request_id": "req-52f08993-554d-40ca-8f13-190783f30586"}]}
2026-06-24 19:09:47.196 10 INFO neutron.db.ovn_revision_numbers_db [None req-e99555c5-69fe-4287-9533-7f91dfa2f050 484ea0fa12b541ea971aeec82ddd0e02 d8f0bd7791cc4caeb9dc88a2b525d58d - - default default] Successfully bumped revision number for resource 5b9d639a-5c87-4ab6-895a-5e0ebff1991a (type: routers) to 2
2026-06-24 19:09:47.218 10 INFO neutron.wsgi [None req-e99555c5-69fe-4287-9533-7f91dfa2f050 484ea0fa12b541ea971aeec82ddd0e02 d8f0bd7791cc4caeb9dc88a2b525d58d - - default default] 10.0.0.128 "POST /v2.0/routers HTTP/1.1" status: 201 len: 1151 time: 1.9335761
2026-06-24 19:09:47.298 10 INFO neutron.wsgi [None req-36946270-4f3e-4059-9f2e-e34929f94a63 484ea0fa12b541ea971aeec82ddd0e02 d8f0bd7791cc4caeb9dc88a2b525d58d - - default default] 10.0.0.128 "GET /v2.0/routers/5b9d639a-5c87-4ab6-895a-5e0ebff1991a HTTP/1.1" status: 200 len: 1152 time: 0.0751591
2026-06-24 19:09:47.455 10 INFO neutron.wsgi [None req-b7cc9919-011d-421e-aa56-fe5e6ec3b099 484ea0fa12b541ea971aeec82ddd0e02 d8f0bd7791cc4caeb9dc88a2b525d58d - - default default] 10.0.0.128 "GET /v2.0/routers HTTP/1.1" status: 200 len: 1155 time: 0.1518040
2026-06-24 19:09:48.000 10 INFO neutron.db.ovn_revision_numbers_db [None req-d32008b4-b31a-498d-b5f5-e6864e69d0e2 484ea0fa12b541ea971aeec82ddd0e02 d8f0bd7791cc4caeb9dc88a2b525d58d - - default default] Successfully bumped revision number for resource 5b9d639a-5c87-4ab6-895a-5e0ebff1991a (type: routers) to 3
2026-06-24 19:09:48.008 10 INFO neutron.wsgi [None req-d32008b4-b31a-498d-b5f5-e6864e69d0e2 484ea0fa12b541ea971aeec82ddd0e02 d8f0bd7791cc4caeb9dc88a2b525d58d - - default default] 10.0.0.128 "PUT /v2.0/routers/5b9d639a-5c87-4ab6-895a-5e0ebff1991a HTTP/1.1" status: 200 len: 1159 time: 0.5484486
2026-06-24 19:09:48.111 10 INFO neutron.wsgi [None req-86974df0-6367-4b37-aa2d-542b35ff4281 484ea0fa12b541ea971aeec82ddd0e02 d8f0bd7791cc4caeb9dc88a2b525d58d - - default default] 10.0.0.128 "GET /v2.0/routers/5b9d639a-5c87-4ab6-895a-5e0ebff1991a HTTP/1.1" status: 200 len: 1159 time: 0.0961025
2026-06-24 19:09:48.144 9 INFO neutron.wsgi [None req-99898166-847d-40ee-80ff-3d2ce464ab86 484ea0fa12b541ea971aeec82ddd0e02 d8f0bd7791cc4caeb9dc88a2b525d58d - - default default] 10.0.0.128 "GET /v2.0/ports?device_id=5b9d639a-5c87-4ab6-895a-5e0ebff1991a HTTP/1.1" status: 200 len: 205 time: 0.0247757
2026-06-24 19:09:48.173 10 INFO neutron.wsgi [None req-b1b52706-5efd-4c1d-b7f6-e45be6f05ad7 dfbf0be5479844859b29e676a8608b5e 520f859caeaa423580dba46c9db48248 - - default default] 10.0.0.128 "POST /v2.0/qos/policies HTTP/1.1" status: 201 len: 558 time: 0.3311167
2026-06-24 19:09:48.218 10 INFO neutron.wsgi [None req-e253d2e9-22c2-411b-b835-9c26449b0bbc dfbf0be5479844859b29e676a8608b5e 520f859caeaa423580dba46c9db48248 - - default default] 10.0.0.128 "POST /v2.0/qos/policies HTTP/1.1" status: 201 len: 558 time: 0.0390444
2026-06-24 19:09:48.264 10 INFO neutron.wsgi [None req-c01245fa-edac-4ed6-b5e5-38fad24d718a dfbf0be5479844859b29e676a8608b5e 520f859caeaa423580dba46c9db48248 - - default default] 10.0.0.128 "POST /v2.0/qos/policies HTTP/1.1" status: 201 len: 558 time: 0.0413151
2026-06-24 19:09:48.332 10 INFO neutron.wsgi [None req-f871babb-018e-4e18-9f96-ee3f09187f3b dfbf0be5479844859b29e676a8608b5e 520f859caeaa423580dba46c9db48248 - - default default] 10.0.0.128 "POST /v2.0/qos/policies HTTP/1.1" status: 201 len: 558 time: 0.0541935
2026-06-24 19:09:48.379 10 INFO neutron.wsgi [None req-94086072-3eea-4de2-bd85-2628db894ed6 dfbf0be5479844859b29e676a8608b5e 520f859caeaa423580dba46c9db48248 - - default default] 10.0.0.128 "POST /v2.0/qos/policies HTTP/1.1" status: 201 len: 558 time: 0.0417767
2026-06-24 19:09:48.415 10 INFO neutron.wsgi [None req-1a9489a7-5282-428a-b431-0864043fb6b5 dfbf0be5479844859b29e676a8608b5e 520f859caeaa423580dba46c9db48248 - - default default] 10.0.0.128 "PUT /v2.0/policies/cca106bc-51f8-4c17-9025-985d249088a9/tags HTTP/1.1" status: 200 len: 210 time: 0.0307512
2026-06-24 19:09:48.450 10 INFO neutron.wsgi [None req-f819fd21-9618-4b95-904c-8c7a1daca320 dfbf0be5479844859b29e676a8608b5e 520f859caeaa423580dba46c9db48248 - - default default] 10.0.0.128 "PUT /v2.0/policies/351e15d3-c3b6-4f9e-8b49-2f355aa360b1/tags HTTP/1.1" status: 200 len: 218 time: 0.0286436
2026-06-24 19:09:48.493 10 INFO neutron.wsgi [None req-1f06163c-c0db-4ce6-b570-ef3bfad21f2b dfbf0be5479844859b29e676a8608b5e 520f859caeaa423580dba46c9db48248 - - default default] 10.0.0.128 "PUT /v2.0/policies/d4d2372f-5b47-4c3a-baee-a60d8f58cef0/tags HTTP/1.1" status: 200 len: 227 time: 0.0375917
2026-06-24 19:09:48.567 9 INFO neutron.wsgi [None req-56f882e9-de43-4cdf-bcca-b7ca25b8ead2 dfbf0be5479844859b29e676a8608b5e 520f859caeaa423580dba46c9db48248 - - default default] 10.0.0.128 "PUT /v2.0/policies/29b7b347-4b94-4fcc-b395-6b2da2754335/tags HTTP/1.1" status: 200 len: 212 time: 0.0599310
2026-06-24 19:09:48.729 10 WARNING neutron.plugins.ml2.drivers.ovn.mech_driver.ovsdb.ovn_client [None req-759e9e53-8a2f-4299-9a7d-b43739cd0a68 - - - - - -] No port found with ID 835e4b0f-fc4e-4b3e-9d36-e4c5f6172157: RuntimeError: No port found with ID 835e4b0f-fc4e-4b3e-9d36-e4c5f6172157
2026-06-24 19:09:49.122 9 INFO neutron.wsgi [None req-05c1ee55-9c07-40c9-a1b6-3e7d665eea72 484ea0fa12b541ea971aeec82ddd0e02 d8f0bd7791cc4caeb9dc88a2b525d58d - - default default] 10.0.0.128 "DELETE /v2.0/routers/5b9d639a-5c87-4ab6-895a-5e0ebff1991a HTTP/1.1" status: 204 len: 168 time: 0.9736733
2026-06-24 19:09:49.156 10 INFO neutron.wsgi [None req-f28b59c6-1d22-4bc9-a8e8-6c0c5414d4ab 484ea0fa12b541ea971aeec82ddd0e02 d8f0bd7791cc4caeb9dc88a2b525d58d - - default default] 10.0.0.128 "GET /v2.0/ports?device_id=5b9d639a-5c87-4ab6-895a-5e0ebff1991a HTTP/1.1" status: 200 len: 205 time: 0.0225046
2026-06-24 19:09:49.196 10 INFO neutron.api.v2.resource [None req-3bf5f2a4-06f5-42d3-90ff-7695c9291335 484ea0fa12b541ea971aeec82ddd0e02 d8f0bd7791cc4caeb9dc88a2b525d58d - - default default] delete failed (client error): The resource could not be found.
2026-06-24 19:09:49.197 10 INFO neutron.wsgi [None req-3bf5f2a4-06f5-42d3-90ff-7695c9291335 484ea0fa12b541ea971aeec82ddd0e02 d8f0bd7791cc4caeb9dc88a2b525d58d - - default default] 10.0.0.128 "DELETE /v2.0/routers/5b9d639a-5c87-4ab6-895a-5e0ebff1991a HTTP/1.1" status: 404 len: 336 time: 0.0371573
2026-06-24 19:09:49.222 9 INFO neutron.wsgi [None req-c83c134a-77e9-49c1-acd6-f9f434c993b0 484ea0fa12b541ea971aeec82ddd0e02 d8f0bd7791cc4caeb9dc88a2b525d58d - - default default] 10.0.0.128 "GET /v2.0/ports?device_id=c4834ae4-799a-489f-8e4b-19f2153d6b1a HTTP/1.1" status: 200 len: 205 time: 0.0186563
2026-06-24 19:09:49.252 9 INFO neutron.api.v2.resource [None req-7eb675ca-9713-4507-b5a2-258166eca1c1 484ea0fa12b541ea971aeec82ddd0e02 d8f0bd7791cc4caeb9dc88a2b525d58d - - default default] delete failed (client error): The resource could not be found.
2026-06-24 19:09:49.253 9 INFO neutron.wsgi [None req-7eb675ca-9713-4507-b5a2-258166eca1c1 484ea0fa12b541ea971aeec82ddd0e02 d8f0bd7791cc4caeb9dc88a2b525d58d - - default default] 10.0.0.128 "DELETE /v2.0/routers/c4834ae4-799a-489f-8e4b-19f2153d6b1a HTTP/1.1" status: 404 len: 336 time: 0.0263314
2026-06-24 19:09:49.281 9 INFO neutron.pecan_wsgi.hooks.translation [None req-29b976c0-8b09-42a2-aed6-41b519d498d3 484ea0fa12b541ea971aeec82ddd0e02 d8f0bd7791cc4caeb9dc88a2b525d58d - - default default] DELETE failed (client error): The resource could not be found.
2026-06-24 19:09:49.283 10 INFO neutron.wsgi [None req-ae27f430-dae2-4be7-be0d-bca57d89323e c0439d5be0b0492f870d2de7e50b5d1c bb0c274d2175496295d475c77408094d - - default default] 10.0.0.128 "GET /v2.0/qos/policies?tags=red HTTP/1.1" status: 200 len: 1296 time: 0.3754549
2026-06-24 19:09:49.284 9 INFO neutron.wsgi [None req-29b976c0-8b09-42a2-aed6-41b519d498d3 484ea0fa12b541ea971aeec82ddd0e02 d8f0bd7791cc4caeb9dc88a2b525d58d - - default default] 10.0.0.128 "DELETE /v2.0/subnets/1fc94fbb-2f14-46fc-ac21-a1a00e8b3696 HTTP/1.1" status: 404 len: 337 time: 0.0242200
2026-06-24 19:09:49.311 10 INFO neutron.wsgi [None req-45db6085-88b0-4485-8ef7-ff31becd4997 484ea0fa12b541ea971aeec82ddd0e02 d8f0bd7791cc4caeb9dc88a2b525d58d - - default default] 10.0.0.128 "GET /v2.0/ports?device_id=28910b4b-96ad-4394-ba42-fa5fee5fbbdc HTTP/1.1" status: 200 len: 205 time: 0.0227809
2026-06-24 19:09:49.352 10 INFO neutron.api.v2.resource [None req-26ba4b4e-1fd4-42ef-a88e-15c5510d08de 484ea0fa12b541ea971aeec82ddd0e02 d8f0bd7791cc4caeb9dc88a2b525d58d - - default default] delete failed (client error): The resource could not be found.
2026-06-24 19:09:49.354 10 INFO neutron.wsgi [None req-26ba4b4e-1fd4-42ef-a88e-15c5510d08de 484ea0fa12b541ea971aeec82ddd0e02 d8f0bd7791cc4caeb9dc88a2b525d58d - - default default] 10.0.0.128 "DELETE /v2.0/routers/28910b4b-96ad-4394-ba42-fa5fee5fbbdc HTTP/1.1" status: 404 len: 336 time: 0.0346401
2026-06-24 19:09:49.354 9 INFO neutron.wsgi [None req-439868ad-010f-406c-a2e9-2174638d1210 c0439d5be0b0492f870d2de7e50b5d1c bb0c274d2175496295d475c77408094d - - default default] 10.0.0.128 "GET /v2.0/qos/policies?tags=red%2Cblue HTTP/1.1" status: 200 len: 941 time: 0.0663397
2026-06-24 19:09:49.377 10 INFO neutron.pecan_wsgi.hooks.translation [None req-9b2dfce1-fd01-4da5-a6e8-a454b9627f30 484ea0fa12b541ea971aeec82ddd0e02 d8f0bd7791cc4caeb9dc88a2b525d58d - - default default] DELETE failed (client error): The resource could not be found.
2026-06-24 19:09:49.380 10 INFO neutron.wsgi [None req-9b2dfce1-fd01-4da5-a6e8-a454b9627f30 484ea0fa12b541ea971aeec82ddd0e02 d8f0bd7791cc4caeb9dc88a2b525d58d - - default default] 10.0.0.128 "DELETE /v2.0/subnets/2f926252-a516-44b7-aa57-875ce9bbdcd0 HTTP/1.1" status: 404 len: 337 time: 0.0222671
2026-06-24 19:09:49.404 9 INFO neutron.wsgi [None req-a4d8055c-fc8d-4e8c-a9b6-f7e070a89d6c 484ea0fa12b541ea971aeec82ddd0e02 d8f0bd7791cc4caeb9dc88a2b525d58d - - default default] 10.0.0.128 "GET /v2.0/ports?device_id=0d37bcc3-e62b-4f1e-93d3-8a1815d43ffd HTTP/1.1" status: 200 len: 205 time: 0.0194373
2026-06-24 19:09:49.426 9 INFO neutron.wsgi [None req-9d3b79be-fea0-442a-afb2-72467b452114 c0439d5be0b0492f870d2de7e50b5d1c bb0c274d2175496295d475c77408094d - - default default] 10.0.0.128 "GET /v2.0/qos/policies?tags-any=blue HTTP/1.1" status: 200 len: 941 time: 0.0676324
2026-06-24 19:09:49.433 10 INFO neutron.api.v2.resource [None req-08234806-58b0-427a-94a0-2045c97f452b 484ea0fa12b541ea971aeec82ddd0e02 d8f0bd7791cc4caeb9dc88a2b525d58d - - default default] delete failed (client error): The resource could not be found.
2026-06-24 19:09:49.434 10 INFO neutron.wsgi [None req-08234806-58b0-427a-94a0-2045c97f452b 484ea0fa12b541ea971aeec82ddd0e02 d8f0bd7791cc4caeb9dc88a2b525d58d - - default default] 10.0.0.128 "DELETE /v2.0/routers/0d37bcc3-e62b-4f1e-93d3-8a1815d43ffd HTTP/1.1" status: 404 len: 336 time: 0.0260901
2026-06-24 19:09:49.458 10 INFO neutron.pecan_wsgi.hooks.translation [None req-72563076-dc53-4744-947f-6d05e22e88c5 484ea0fa12b541ea971aeec82ddd0e02 d8f0bd7791cc4caeb9dc88a2b525d58d - - default default] DELETE failed (client error): The resource could not be found.
2026-06-24 19:09:49.461 10 INFO neutron.wsgi [None req-72563076-dc53-4744-947f-6d05e22e88c5 484ea0fa12b541ea971aeec82ddd0e02 d8f0bd7791cc4caeb9dc88a2b525d58d - - default default] 10.0.0.128 "DELETE /v2.0/subnets/03db76e6-0e36-4419-97a2-7876ec508089 HTTP/1.1" status: 404 len: 337 time: 0.0224957
2026-06-24 19:09:49.480 10 INFO neutron.pecan_wsgi.hooks.translation [None req-acec4501-976f-44f9-b84c-17205308db32 484ea0fa12b541ea971aeec82ddd0e02 d8f0bd7791cc4caeb9dc88a2b525d58d - - default default] DELETE failed (client error): The resource could not be found.
2026-06-24 19:09:49.486 10 INFO neutron.wsgi [None req-acec4501-976f-44f9-b84c-17205308db32 484ea0fa12b541ea971aeec82ddd0e02 d8f0bd7791cc4caeb9dc88a2b525d58d - - default default] 10.0.0.128 "DELETE /v2.0/subnets/dd04c4a9-41b6-4ccc-8eb3-d9c7fba3753e HTTP/1.1" status: 404 len: 337 time: 0.0207176
2026-06-24 19:09:49.507 9 INFO neutron.wsgi [None req-e5aceeda-6996-421b-8861-0225c69354b7 c0439d5be0b0492f870d2de7e50b5d1c bb0c274d2175496295d475c77408094d - - default default] 10.0.0.128 "GET /v2.0/qos/policies?tags-any=red%2Cblue HTTP/1.1" status: 200 len: 1296 time: 0.0751398
2026-06-24 19:09:49.564 9 INFO neutron.wsgi [None req-d735f1a2-fff7-4340-9772-a699d2aba5e2 c0439d5be0b0492f870d2de7e50b5d1c bb0c274d2175496295d475c77408094d - - default default] 10.0.0.128 "GET /v2.0/qos/policies?not-tags=red HTTP/1.1" status: 200 len: 913 time: 0.0518668
2026-06-24 19:09:49.644 9 INFO neutron.wsgi [None req-853cd8b6-5a0e-4325-ad0e-65b2a2bed93e c0439d5be0b0492f870d2de7e50b5d1c bb0c274d2175496295d475c77408094d - - default default] 10.0.0.128 "GET /v2.0/qos/policies?not-tags=red%2Cblue HTTP/1.1" status: 200 len: 1268 time: 0.0755143
2026-06-24 19:09:49.738 9 INFO neutron.wsgi [None req-d7c4cb03-924b-44eb-82c9-96e6073839bd c0439d5be0b0492f870d2de7e50b5d1c bb0c274d2175496295d475c77408094d - - default default] 10.0.0.128 "GET /v2.0/qos/policies?not-tags-any=blue HTTP/1.1" status: 200 len: 1268 time: 0.0835280
2026-06-24 19:09:49.797 9 INFO neutron.wsgi [None req-2a9452ca-b394-407c-aebf-ab491a4aa2f2 c0439d5be0b0492f870d2de7e50b5d1c bb0c274d2175496295d475c77408094d - - default default] 10.0.0.128 "GET /v2.0/qos/policies?not-tags-any=red%2Cblue HTTP/1.1" status: 200 len: 913 time: 0.0518806
2026-06-24 19:09:49.871 9 INFO neutron.wsgi [None req-5698228c-bc00-41dd-8f1d-53be356775ac dfbf0be5479844859b29e676a8608b5e 520f859caeaa423580dba46c9db48248 - - default default] 10.0.0.128 "DELETE /v2.0/qos/policies/cca106bc-51f8-4c17-9025-985d249088a9 HTTP/1.1" status: 204 len: 168 time: 0.0692458
2026-06-24 19:09:49.931 9 INFO neutron.wsgi [None req-bcc8a74a-bada-4924-8a61-1d20bcd3a998 dfbf0be5479844859b29e676a8608b5e 520f859caeaa423580dba46c9db48248 - - default default] 10.0.0.128 "DELETE /v2.0/qos/policies/351e15d3-c3b6-4f9e-8b49-2f355aa360b1 HTTP/1.1" status: 204 len: 168 time: 0.0558765
2026-06-24 19:09:50.012 9 INFO neutron.wsgi [None req-1ca99f48-7e81-4c2c-83d5-4593d3e51a4a dfbf0be5479844859b29e676a8608b5e 520f859caeaa423580dba46c9db48248 - - default default] 10.0.0.128 "DELETE /v2.0/qos/policies/d4d2372f-5b47-4c3a-baee-a60d8f58cef0 HTTP/1.1" status: 204 len: 168 time: 0.0751591
2026-06-24 19:09:50.080 9 INFO neutron.wsgi [None req-cb763b71-a212-4be0-8bb5-5ac18f5684ee dfbf0be5479844859b29e676a8608b5e 520f859caeaa423580dba46c9db48248 - - default default] 10.0.0.128 "DELETE /v2.0/qos/policies/29b7b347-4b94-4fcc-b395-6b2da2754335 HTTP/1.1" status: 204 len: 168 time: 0.0621490
2026-06-24 19:09:50.179 10 INFO neutron.wsgi [None req-0e14c57f-a059-4feb-b687-988fe3543d45 dfbf0be5479844859b29e676a8608b5e 520f859caeaa423580dba46c9db48248 - - default default] 10.0.0.128 "DELETE /v2.0/qos/policies/ac02bd25-6f57-4233-8d89-c68952d5cc67 HTTP/1.1" status: 204 len: 168 time: 0.0920000
2026-06-24 19:09:50.394 9 INFO neutron.wsgi [None req-712ef15d-0120-4339-ac4f-7550857d1506 ec799136185c4c139505f37770c29a78 ea4228d175304820b807d0b681ed9103 - - default default] 10.0.0.128 "GET /v2.0/security-groups?tenant_id=d8f0bd7791cc4caeb9dc88a2b525d58d&name=default HTTP/1.1" status: 200 len: 3120 time: 0.2278616
2026-06-24 19:09:50.681 9 INFO neutron.wsgi [None req-5c055223-17c4-49e6-9bfe-62ec9a69c121 ec799136185c4c139505f37770c29a78 ea4228d175304820b807d0b681ed9103 - - default default] 10.0.0.128 "DELETE /v2.0/security-groups/8cdc5794-8aa5-42a5-9830-ce97dd801bf5 HTTP/1.1" status: 204 len: 168 time: 0.2804246
2026-06-24 19:09:51.252 9 INFO neutron.db.ovn_revision_numbers_db [None req-9df20355-738e-4d56-86c8-dc08f3052465 ec799136185c4c139505f37770c29a78 ea4228d175304820b807d0b681ed9103 - - default default] Successfully bumped revision number for resource 37cfe2a2-4fe2-4f9a-ae65-9ddd8a71f933 (type: security_groups) to 1
2026-06-24 19:09:51.271 9 INFO neutron.db.ovn_revision_numbers_db [None req-9df20355-738e-4d56-86c8-dc08f3052465 ec799136185c4c139505f37770c29a78 ea4228d175304820b807d0b681ed9103 - - default default] Successfully bumped revision number for resource 58db3900-8d6e-4724-a94d-39b98df3bfc7 (type: security_group_rules) to 0
2026-06-24 19:09:51.294 9 INFO neutron.db.ovn_revision_numbers_db [None req-9df20355-738e-4d56-86c8-dc08f3052465 ec799136185c4c139505f37770c29a78 ea4228d175304820b807d0b681ed9103 - - default default] Successfully bumped revision number for resource 669ef44b-af7b-4ce1-8a78-3f33ea563786 (type: security_group_rules) to 0
2026-06-24 19:09:51.317 9 INFO neutron.db.ovn_revision_numbers_db [None req-9df20355-738e-4d56-86c8-dc08f3052465 ec799136185c4c139505f37770c29a78 ea4228d175304820b807d0b681ed9103 - - default default] Successfully bumped revision number for resource 66f19a23-46fc-4980-b5b0-8578003383ef (type: security_group_rules) to 0
2026-06-24 19:09:51.338 9 INFO neutron.db.ovn_revision_numbers_db [None req-9df20355-738e-4d56-86c8-dc08f3052465 ec799136185c4c139505f37770c29a78 ea4228d175304820b807d0b681ed9103 - - default default] Successfully bumped revision number for resource fdf3749a-a9f1-4d4f-8d51-5aff24eb1dae (type: security_group_rules) to 0
2026-06-24 19:09:51.366 10 INFO neutron.db.ovn_revision_numbers_db [None req-045b13dd-98af-4797-9082-bcb8eece96c6 ec799136185c4c139505f37770c29a78 ea4228d175304820b807d0b681ed9103 - - default default] Successfully bumped revision number for resource fd31cf9a-da63-4af2-9576-362ea6461d11 (type: security_groups) to 1
2026-06-24 19:09:51.382 10 INFO neutron.db.ovn_revision_numbers_db [None req-045b13dd-98af-4797-9082-bcb8eece96c6 ec799136185c4c139505f37770c29a78 ea4228d175304820b807d0b681ed9103 - - default default] Successfully bumped revision number for resource 874e674b-842a-46af-a15c-5e94ea9cd731 (type: security_group_rules) to 0
2026-06-24 19:09:51.384 9 INFO neutron.wsgi [None req-9df20355-738e-4d56-86c8-dc08f3052465 ec799136185c4c139505f37770c29a78 ea4228d175304820b807d0b681ed9103 - - default default] 10.0.0.128 "GET /v2.0/security-groups?tenant_id=f917f22ef2624760a616f25cf30c74a8&name=default HTTP/1.1" status: 200 len: 3120 time: 0.4078789
2026-06-24 19:09:51.388 9 WARNING neutron.plugins.ml2.drivers.ovn.mech_driver.ovsdb.ovn_client [None req-ee5c6fa3-e313-4882-9571-18a31207f112 - - - - - -] No port found with ID c13a5425-5954-4d23-b3f1-2f36d45b601c: RuntimeError: No port found with ID c13a5425-5954-4d23-b3f1-2f36d45b601c
2026-06-24 19:09:51.406 10 INFO neutron.db.ovn_revision_numbers_db [None req-045b13dd-98af-4797-9082-bcb8eece96c6 ec799136185c4c139505f37770c29a78 ea4228d175304820b807d0b681ed9103 - - default default] Successfully bumped revision number for resource a5d5eaf0-aa80-4bf7-9c3b-091edd09a6e0 (type: security_group_rules) to 0
2026-06-24 19:09:51.412 9 INFO neutron.db.ovn_revision_numbers_db [None req-0601dd88-fc05-4d84-95ef-2e4f7f804520 ec799136185c4c139505f37770c29a78 ea4228d175304820b807d0b681ed9103 - - default default] Successfully bumped revision number for resource 66a5336f-c508-4877-963e-3060b250242a (type: security_groups) to 1
2026-06-24 19:09:51.428 9 INFO neutron.db.ovn_revision_numbers_db [None req-0601dd88-fc05-4d84-95ef-2e4f7f804520 ec799136185c4c139505f37770c29a78 ea4228d175304820b807d0b681ed9103 - - default default] Successfully bumped revision number for resource 186887ca-42ad-4d08-b891-099bec837b34 (type: security_group_rules) to 0
2026-06-24 19:09:51.432 10 INFO neutron.db.ovn_revision_numbers_db [None req-045b13dd-98af-4797-9082-bcb8eece96c6 ec799136185c4c139505f37770c29a78 ea4228d175304820b807d0b681ed9103 - - default default] Successfully bumped revision number for resource ca392efd-0d3d-4ed2-994c-c9a98028b0cc (type: security_group_rules) to 0
2026-06-24 19:09:51.444 9 INFO neutron.db.ovn_revision_numbers_db [None req-0601dd88-fc05-4d84-95ef-2e4f7f804520 ec799136185c4c139505f37770c29a78 ea4228d175304820b807d0b681ed9103 - - default default] Successfully bumped revision number for resource 5068efe6-bd8e-4ca2-8ed4-4f457b30f9cd (type: security_group_rules) to 0
2026-06-24 19:09:51.454 10 INFO neutron.db.ovn_revision_numbers_db [None req-045b13dd-98af-4797-9082-bcb8eece96c6 ec799136185c4c139505f37770c29a78 ea4228d175304820b807d0b681ed9103 - - default default] Successfully bumped revision number for resource e33900c8-f430-492e-a5bd-6691546b79d2 (type: security_group_rules) to 0
2026-06-24 19:09:51.460 9 INFO neutron.db.ovn_revision_numbers_db [None req-0601dd88-fc05-4d84-95ef-2e4f7f804520 ec799136185c4c139505f37770c29a78 ea4228d175304820b807d0b681ed9103 - - default default] Successfully bumped revision number for resource ea39b664-0f2b-48c5-a5cb-8ee2fd3ac142 (type: security_group_rules) to 0
2026-06-24 19:09:51.477 9 INFO neutron.db.ovn_revision_numbers_db [None req-0601dd88-fc05-4d84-95ef-2e4f7f804520 ec799136185c4c139505f37770c29a78 ea4228d175304820b807d0b681ed9103 - - default default] Successfully bumped revision number for resource f6f247ce-888a-416a-ac6a-208fea0a0e22 (type: security_group_rules) to 0
2026-06-24 19:09:51.490 10 INFO neutron.wsgi [None req-045b13dd-98af-4797-9082-bcb8eece96c6 ec799136185c4c139505f37770c29a78 ea4228d175304820b807d0b681ed9103 - - default default] 10.0.0.128 "GET /v2.0/security-groups?tenant_id=520f859caeaa423580dba46c9db48248&name=default HTTP/1.1" status: 200 len: 3120 time: 0.2926605
2026-06-24 19:09:51.505 9 INFO neutron.wsgi [None req-0601dd88-fc05-4d84-95ef-2e4f7f804520 ec799136185c4c139505f37770c29a78 ea4228d175304820b807d0b681ed9103 - - default default] 10.0.0.128 "GET /v2.0/security-groups?tenant_id=b0817905332040a5a648a1ab609187e1&name=default HTTP/1.1" status: 200 len: 3120 time: 0.4902990
2026-06-24 19:09:51.727 10 INFO neutron.wsgi [None req-721c08b5-be66-4520-ac2d-0817947f0425 ec799136185c4c139505f37770c29a78 ea4228d175304820b807d0b681ed9103 - - default default] 10.0.0.128 "DELETE /v2.0/security-groups/37cfe2a2-4fe2-4f9a-ae65-9ddd8a71f933 HTTP/1.1" status: 204 len: 168 time: 0.3348551
2026-06-24 19:09:51.760 10 INFO neutron.wsgi [None req-c5a8e864-c985-4e7a-8c78-51728fa92152 ec799136185c4c139505f37770c29a78 ea4228d175304820b807d0b681ed9103 - - default default] 10.0.0.128 "DELETE /v2.0/security-groups/fd31cf9a-da63-4af2-9576-362ea6461d11 HTTP/1.1" status: 204 len: 168 time: 0.2601998
2026-06-24 19:09:51.762 9 INFO neutron.wsgi [None req-e614391f-d1be-4e09-8c30-75edd96d0b4e ec799136185c4c139505f37770c29a78 ea4228d175304820b807d0b681ed9103 - - default default] 10.0.0.128 "DELETE /v2.0/security-groups/66a5336f-c508-4877-963e-3060b250242a HTTP/1.1" status: 204 len: 168 time: 0.2518637
