2026-06-24 19:08:59.004 10 INFO neutron.db.ovn_revision_numbers_db [None req-dae780c9-59c5-470d-8f0c-8fdc95729965 ec799136185c4c139505f37770c29a78 ea4228d175304820b807d0b681ed9103 - - default default] Successfully bumped revision number for resource 434a9cd5-3a73-4f91-8e76-8cc388572bab (type: security_group_rules) to 0
2026-06-24 19:08:59.029 10 INFO neutron.db.ovn_revision_numbers_db [None req-dae780c9-59c5-470d-8f0c-8fdc95729965 ec799136185c4c139505f37770c29a78 ea4228d175304820b807d0b681ed9103 - - default default] Successfully bumped revision number for resource 76e890d2-ff37-4437-bafa-9c4104b959c3 (type: security_group_rules) to 0
2026-06-24 19:08:59.046 10 INFO neutron.db.ovn_revision_numbers_db [req-abbffa58-cc98-4f15-ba86-3f8a5e2c9ddb req-b05ce830-acde-4f58-8432-8cfd87bf9785 f6b15d74a0544112968525bc268d0dc6 401c6b28b2604014810acbaa7056792d - - default default] Successfully bumped revision number for resource cff4164d-d17d-4a6b-bb25-de732f4528c6 (type: ports) to 1
2026-06-24 19:08:59.048 10 INFO neutron.db.ovn_revision_numbers_db [None req-dae780c9-59c5-470d-8f0c-8fdc95729965 ec799136185c4c139505f37770c29a78 ea4228d175304820b807d0b681ed9103 - - default default] Successfully bumped revision number for resource bc2f2737-a161-48a6-ac10-c76afdc7bfae (type: security_group_rules) to 0
2026-06-24 19:08:59.084 10 INFO neutron.wsgi [None req-dae780c9-59c5-470d-8f0c-8fdc95729965 ec799136185c4c139505f37770c29a78 ea4228d175304820b807d0b681ed9103 - - default default] 10.0.0.128 "GET /v2.0/security-groups?tenant_id=a21de954905d4f8ca163d38d6800849b&name=default HTTP/1.1" status: 200 len: 3120 time: 0.6852782
2026-06-24 19:08:59.094 10 INFO neutron.wsgi [req-abbffa58-cc98-4f15-ba86-3f8a5e2c9ddb req-b05ce830-acde-4f58-8432-8cfd87bf9785 f6b15d74a0544112968525bc268d0dc6 401c6b28b2604014810acbaa7056792d - - default default] 199.204.45.210 "POST /v2.0/ports HTTP/1.1" status: 201 len: 1158 time: 0.6621742 /var/lib/openstack/lib/python3.10/site-packages/pycadf/identifier.py:71: UserWarning: Invalid uuid: neutron. To ensure interoperability, identifiers should be a valid uuid. warnings.warn(('Invalid uuid: %s. To ensure interoperability, '
2026-06-24 19:08:59.244 9 INFO neutron.db.ovn_revision_numbers_db [None req-90416098-a1de-44a5-b1fc-ab586f2182cc 5f04abe752d84541bdb20a0453c905af 753bf87e3e4f4f8e90c2996bb0b1a8ab - - default default] Successfully bumped revision number for resource 63ed0ef4-bfd4-4fa5-9684-3446f662692f (type: ports) to 2
2026-06-24 19:08:59.286 9 INFO neutron.db.ovn_revision_numbers_db [None req-90416098-a1de-44a5-b1fc-ab586f2182cc 5f04abe752d84541bdb20a0453c905af 753bf87e3e4f4f8e90c2996bb0b1a8ab - - default default] Successfully bumped revision number for resource 2ef0155c-ec7b-4985-bba3-afe4d9b522db (type: subnets) to 0
2026-06-24 19:08:59.305 9 INFO neutron.wsgi [None req-90416098-a1de-44a5-b1fc-ab586f2182cc 5f04abe752d84541bdb20a0453c905af 753bf87e3e4f4f8e90c2996bb0b1a8ab - - default default] 10.0.0.128 "POST /v2.0/subnets HTTP/1.1" status: 201 len: 801 time: 1.0650520
2026-06-24 19:08:59.318 9 WARNING neutron_lib.context [None req-ed81a81d-cd57-44c8-b122-cf29c91b7b6c 5f04abe752d84541bdb20a0453c905af 753bf87e3e4f4f8e90c2996bb0b1a8ab - - default default] Method 'is_advsvc' is deprecated since 2023.2 release (neutron-lib 3.8.0) and will be removed once support for the old RBAC API policies will be removed from Neutron. Please use method 'is_service_role' instead.
2026-06-24 19:08:59.403 10 INFO neutron.wsgi [None req-64accac2-ee88-42ae-8448-8fa7561c51c7 ec799136185c4c139505f37770c29a78 ea4228d175304820b807d0b681ed9103 - - default default] 10.0.0.128 "DELETE /v2.0/security-groups/4f5aea4e-2de8-458d-aabc-c8512697252f HTTP/1.1" status: 204 len: 168 time: 0.3064468
2026-06-24 19:08:59.453 9 INFO neutron.db.ovn_revision_numbers_db [None req-ed81a81d-cd57-44c8-b122-cf29c91b7b6c 5f04abe752d84541bdb20a0453c905af 753bf87e3e4f4f8e90c2996bb0b1a8ab - - default default] Successfully bumped revision number for resource 295b6ca9-f177-46a3-aca5-b6125ead1650 (type: routers) to 1
2026-06-24 19:08:59.471 9 INFO neutron.wsgi [None req-ed81a81d-cd57-44c8-b122-cf29c91b7b6c 5f04abe752d84541bdb20a0453c905af 753bf87e3e4f4f8e90c2996bb0b1a8ab - - default default] 10.0.0.128 "POST /v2.0/routers HTTP/1.1" status: 201 len: 801 time: 0.1597009
2026-06-24 19:08:59.571 10 INFO neutron.db.ovn_revision_numbers_db [req-abbffa58-cc98-4f15-ba86-3f8a5e2c9ddb req-9eb0a8ff-6f53-4a12-b279-0e23268fedba 0228d60db1794f79b563f87482b38b7f a9300bfa96bf46e498024eef4a9eaaa8 - - c2ee87ff3b734500b7461b6666630454 c2ee87ff3b734500b7461b6666630454] Successfully bumped revision number for resource cff4164d-d17d-4a6b-bb25-de732f4528c6 (type: ports) to 2
2026-06-24 19:08:59.800 10 INFO neutron.db.ovn_revision_numbers_db [req-abbffa58-cc98-4f15-ba86-3f8a5e2c9ddb req-9eb0a8ff-6f53-4a12-b279-0e23268fedba 0228d60db1794f79b563f87482b38b7f a9300bfa96bf46e498024eef4a9eaaa8 - - c2ee87ff3b734500b7461b6666630454 c2ee87ff3b734500b7461b6666630454] Successfully bumped revision number for resource cff4164d-d17d-4a6b-bb25-de732f4528c6 (type: ports) to 2
2026-06-24 19:08:59.820 10 INFO neutron.wsgi [req-abbffa58-cc98-4f15-ba86-3f8a5e2c9ddb req-9eb0a8ff-6f53-4a12-b279-0e23268fedba 0228d60db1794f79b563f87482b38b7f a9300bfa96bf46e498024eef4a9eaaa8 - - c2ee87ff3b734500b7461b6666630454 c2ee87ff3b734500b7461b6666630454] 199.204.45.210 "PUT /v2.0/ports/cff4164d-d17d-4a6b-bb25-de732f4528c6 HTTP/1.1" status: 200 len: 1376 time: 0.7159574 /var/lib/openstack/lib/python3.10/site-packages/pycadf/identifier.py:71: UserWarning: Invalid uuid: neutron. To ensure interoperability, identifiers should be a valid uuid. warnings.warn(('Invalid uuid: %s. To ensure interoperability, '
2026-06-24 19:08:59.870 10 INFO neutron.notifiers.nova [-] Nova event matching ['req-8fad4d24-0f4f-4c29-8a8b-82cefc40c4a5'] response: {'name': 'network-changed', 'server_uuid': '86d2f704-a3e5-4230-8d29-314fa0bac203', 'tag': 'cff4164d-d17d-4a6b-bb25-de732f4528c6', 'status': 'completed', 'code': 200}
2026-06-24 19:08:59.906 10 INFO neutron.wsgi [req-abbffa58-cc98-4f15-ba86-3f8a5e2c9ddb req-edbd44a8-c49c-4b47-99ad-7b5855854834 0228d60db1794f79b563f87482b38b7f a9300bfa96bf46e498024eef4a9eaaa8 - - c2ee87ff3b734500b7461b6666630454 c2ee87ff3b734500b7461b6666630454] 199.204.45.210 "GET /v2.0/ports?tenant_id=401c6b28b2604014810acbaa7056792d&device_id=86d2f704-a3e5-4230-8d29-314fa0bac203 HTTP/1.1" status: 200 len: 1407 time: 0.0507772
2026-06-24 19:08:59.939 10 INFO neutron.wsgi [req-abbffa58-cc98-4f15-ba86-3f8a5e2c9ddb req-a2312a9b-dc7c-41c8-96cf-25ffba9b99f3 0228d60db1794f79b563f87482b38b7f a9300bfa96bf46e498024eef4a9eaaa8 - - c2ee87ff3b734500b7461b6666630454 c2ee87ff3b734500b7461b6666630454] 199.204.45.210 "GET /v2.0/floatingips?fixed_ip_address=10.100.0.3&port_id=cff4164d-d17d-4a6b-bb25-de732f4528c6 HTTP/1.1" status: 200 len: 217 time: 0.0265326
2026-06-24 19:08:59.983 10 INFO neutron.wsgi [req-abbffa58-cc98-4f15-ba86-3f8a5e2c9ddb req-c1210bb1-a0f3-4564-a1c0-13276ba6c486 0228d60db1794f79b563f87482b38b7f a9300bfa96bf46e498024eef4a9eaaa8 - - c2ee87ff3b734500b7461b6666630454 c2ee87ff3b734500b7461b6666630454] 199.204.45.210 "GET /v2.0/subnets?id=2a6b2b22-1c86-4202-9501-6fd179ccb1ea HTTP/1.1" status: 200 len: 862 time: 0.0353775
2026-06-24 19:09:00.028 10 INFO neutron.wsgi [req-abbffa58-cc98-4f15-ba86-3f8a5e2c9ddb req-59d492f3-6521-4867-b761-638570f6bfc4 0228d60db1794f79b563f87482b38b7f a9300bfa96bf46e498024eef4a9eaaa8 - - c2ee87ff3b734500b7461b6666630454 c2ee87ff3b734500b7461b6666630454] 199.204.45.210 "GET /v2.0/ports?network_id=37b11919-fc45-4289-9491-136d533cb457&device_owner=network%3Adhcp HTTP/1.1" status: 200 len: 210 time: 0.0350423
2026-06-24 19:09:00.079 9 WARNING neutron.scheduler.dhcp_agent_scheduler [None req-e813f786-8358-4f04-a65a-83eab5e00697 5f04abe752d84541bdb20a0453c905af 753bf87e3e4f4f8e90c2996bb0b1a8ab - - default default] No more DHCP agents
2026-06-24 19:09:00.089 9 WARNING neutron.api.rpc.agentnotifiers.dhcp_rpc_agent_api [None req-e813f786-8358-4f04-a65a-83eab5e00697 5f04abe752d84541bdb20a0453c905af 753bf87e3e4f4f8e90c2996bb0b1a8ab - - default default] Unable to schedule network fe869730-04ff-40d4-806b-e6b865af2c04: no agents available; will retry on subsequent port and subnet creation events.
2026-06-24 19:09:00.115 10 INFO neutron.wsgi [req-abbffa58-cc98-4f15-ba86-3f8a5e2c9ddb req-b77d96ed-d5a3-435f-ac8d-db8c880fa83a 0228d60db1794f79b563f87482b38b7f a9300bfa96bf46e498024eef4a9eaaa8 - - c2ee87ff3b734500b7461b6666630454 c2ee87ff3b734500b7461b6666630454] 199.204.45.210 "GET /v2.0/networks/37b11919-fc45-4289-9491-136d533cb457?fields=segments HTTP/1.1" status: 200 len: 212 time: 0.0784369
2026-06-24 19:09:00.135 9 INFO neutron.wsgi [req-ea51618f-7830-4f86-8799-8c954342323a req-2339f9b3-6474-42b2-afc5-3f4a55370a01 f6b15d74a0544112968525bc268d0dc6 401c6b28b2604014810acbaa7056792d - - default default] 10.0.0.212 "GET /v2.0/ports?device_id=86d2f704-a3e5-4230-8d29-314fa0bac203 HTTP/1.1" status: 200 len: 1168 time: 0.0958695
2026-06-24 19:09:00.186 10 INFO neutron.wsgi [req-abbffa58-cc98-4f15-ba86-3f8a5e2c9ddb req-8a2788a7-3c6e-4790-9248-3331289a8b60 0228d60db1794f79b563f87482b38b7f a9300bfa96bf46e498024eef4a9eaaa8 - - c2ee87ff3b734500b7461b6666630454 c2ee87ff3b734500b7461b6666630454] 199.204.45.210 "GET /v2.0/networks/37b11919-fc45-4289-9491-136d533cb457?fields=provider%3Aphysical_network&fields=provider%3Anetwork_type HTTP/1.1" status: 200 len: 277 time: 0.0652113
2026-06-24 19:09:00.229 9 INFO neutron.wsgi [req-ea51618f-7830-4f86-8799-8c954342323a req-bb2a60ff-8650-435c-9173-be1ffbf69338 f6b15d74a0544112968525bc268d0dc6 401c6b28b2604014810acbaa7056792d - - default default] 10.0.0.212 "GET /v2.0/security-groups?id=c59d9cce-579e-4078-9630-c2486da34aa2&fields=id&fields=name HTTP/1.1" status: 200 len: 313 time: 0.0874178
2026-06-24 19:09:00.260 9 INFO neutron.db.ovn_revision_numbers_db [None req-a0cdd70d-5d77-4b45-929c-4b7eaf433d1f ec799136185c4c139505f37770c29a78 ea4228d175304820b807d0b681ed9103 - - default default] Successfully bumped revision number for resource 88503520-8fad-46b0-9597-5422858691b0 (type: security_groups) to 1
2026-06-24 19:09:00.283 9 INFO neutron.db.ovn_revision_numbers_db [None req-a0cdd70d-5d77-4b45-929c-4b7eaf433d1f ec799136185c4c139505f37770c29a78 ea4228d175304820b807d0b681ed9103 - - default default] Successfully bumped revision number for resource 53f6cf3d-64f5-4334-b940-e8a4ace5a21f (type: security_group_rules) to 0
2026-06-24 19:09:00.302 10 INFO neutron.wsgi [req-64af6e9b-b8a5-4f09-b759-8e95cbb1abda req-d5aa1584-5cbf-403d-9c6e-4d63b05ace1c 0228d60db1794f79b563f87482b38b7f a9300bfa96bf46e498024eef4a9eaaa8 - - c2ee87ff3b734500b7461b6666630454 c2ee87ff3b734500b7461b6666630454] 199.204.45.210 "GET /v2.0/ports?tenant_id=401c6b28b2604014810acbaa7056792d&device_id=86d2f704-a3e5-4230-8d29-314fa0bac203 HTTP/1.1" status: 200 len: 1407 time: 0.0627887
2026-06-24 19:09:00.318 9 INFO neutron.db.ovn_revision_numbers_db [None req-a0cdd70d-5d77-4b45-929c-4b7eaf433d1f ec799136185c4c139505f37770c29a78 ea4228d175304820b807d0b681ed9103 - - default default] Successfully bumped revision number for resource b90408f3-f02d-47ee-9aba-46e2f7494ccc (type: security_group_rules) to 0
2026-06-24 19:09:00.336 9 INFO neutron.db.ovn_revision_numbers_db [None req-a0cdd70d-5d77-4b45-929c-4b7eaf433d1f ec799136185c4c139505f37770c29a78 ea4228d175304820b807d0b681ed9103 - - default default] Successfully bumped revision number for resource be747eb9-7afd-4865-abbc-68e3e0bafd2e (type: security_group_rules) to 0
2026-06-24 19:09:00.350 9 INFO neutron.db.ovn_revision_numbers_db [None req-e813f786-8358-4f04-a65a-83eab5e00697 5f04abe752d84541bdb20a0453c905af 753bf87e3e4f4f8e90c2996bb0b1a8ab - - default default] Successfully bumped revision number for resource 628025d6-7cf5-4a96-88d8-db71687edac2 (type: ports) to 1
2026-06-24 19:09:00.354 9 INFO neutron.db.ovn_revision_numbers_db [None req-a0cdd70d-5d77-4b45-929c-4b7eaf433d1f ec799136185c4c139505f37770c29a78 ea4228d175304820b807d0b681ed9103 - - default default] Successfully bumped revision number for resource f7b07772-c608-4916-a115-68d9f2d87a6e (type: security_group_rules) to 0
2026-06-24 19:09:00.397 9 INFO neutron.wsgi [None req-a0cdd70d-5d77-4b45-929c-4b7eaf433d1f ec799136185c4c139505f37770c29a78 ea4228d175304820b807d0b681ed9103 - - default default] 10.0.0.128 "GET /v2.0/security-groups?tenant_id=c59bb2d7deaa4bc4bdd617ef08f2b09d&name=default HTTP/1.1" status: 200 len: 3120 time: 0.5751421
2026-06-24 19:09:00.403 10 INFO neutron.plugins.ml2.drivers.ovn.mech_driver.mech_driver [None req-759e9e53-8a2f-4299-9a7d-b43739cd0a68 - - - - - -] OVN reports status up for port: cff4164d-d17d-4a6b-bb25-de732f4528c6
2026-06-24 19:09:00.419 10 INFO neutron.wsgi [req-64af6e9b-b8a5-4f09-b759-8e95cbb1abda req-0db88d23-5f36-4913-bcf5-1c503e3bf322 0228d60db1794f79b563f87482b38b7f a9300bfa96bf46e498024eef4a9eaaa8 - - c2ee87ff3b734500b7461b6666630454 c2ee87ff3b734500b7461b6666630454] 199.204.45.210 "GET /v2.0/networks?id=37b11919-fc45-4289-9491-136d533cb457 HTTP/1.1" status: 200 len: 967 time: 0.1105618
2026-06-24 19:09:00.426 10 INFO neutron.plugins.ml2.plugin [None req-759e9e53-8a2f-4299-9a7d-b43739cd0a68 - - - - - -] Attempt 1 to provision port cff4164d-d17d-4a6b-bb25-de732f4528c6
2026-06-24 19:09:00.476 10 INFO neutron.wsgi [req-64af6e9b-b8a5-4f09-b759-8e95cbb1abda req-ad45d014-82c5-473a-bd96-f946b220bbd9 0228d60db1794f79b563f87482b38b7f a9300bfa96bf46e498024eef4a9eaaa8 - - c2ee87ff3b734500b7461b6666630454 c2ee87ff3b734500b7461b6666630454] 199.204.45.210 "GET /v2.0/floatingips?fixed_ip_address=10.100.0.3&port_id=cff4164d-d17d-4a6b-bb25-de732f4528c6 HTTP/1.1" status: 200 len: 217 time: 0.0477018
2026-06-24 19:09:00.520 10 INFO neutron.wsgi [req-64af6e9b-b8a5-4f09-b759-8e95cbb1abda req-5c012d85-e5d7-4e63-995a-c8fde21dcbdf 0228d60db1794f79b563f87482b38b7f a9300bfa96bf46e498024eef4a9eaaa8 - - c2ee87ff3b734500b7461b6666630454 c2ee87ff3b734500b7461b6666630454] 199.204.45.210 "GET /v2.0/subnets?id=2a6b2b22-1c86-4202-9501-6fd179ccb1ea HTTP/1.1" status: 200 len: 862 time: 0.0399032
2026-06-24 19:09:00.548 10 INFO neutron.wsgi [req-64af6e9b-b8a5-4f09-b759-8e95cbb1abda req-05ad456b-5e6f-474a-9327-4537deb18536 0228d60db1794f79b563f87482b38b7f a9300bfa96bf46e498024eef4a9eaaa8 - - c2ee87ff3b734500b7461b6666630454 c2ee87ff3b734500b7461b6666630454] 199.204.45.210 "GET /v2.0/ports?network_id=37b11919-fc45-4289-9491-136d533cb457&device_owner=network%3Adhcp HTTP/1.1" status: 200 len: 210 time: 0.0239456
2026-06-24 19:09:00.622 10 INFO neutron.wsgi [req-64af6e9b-b8a5-4f09-b759-8e95cbb1abda req-0a3804e9-9ae6-4e3b-87a9-5a64e7a2288d 0228d60db1794f79b563f87482b38b7f a9300bfa96bf46e498024eef4a9eaaa8 - - c2ee87ff3b734500b7461b6666630454 c2ee87ff3b734500b7461b6666630454] 199.204.45.210 "GET /v2.0/networks/37b11919-fc45-4289-9491-136d533cb457?fields=segments HTTP/1.1" status: 200 len: 212 time: 0.0677106
2026-06-24 19:09:00.709 10 INFO neutron.wsgi [req-64af6e9b-b8a5-4f09-b759-8e95cbb1abda req-a018369f-8094-4fef-96e4-10e9b222541d 0228d60db1794f79b563f87482b38b7f a9300bfa96bf46e498024eef4a9eaaa8 - - c2ee87ff3b734500b7461b6666630454 c2ee87ff3b734500b7461b6666630454] 199.204.45.210 "GET /v2.0/networks/37b11919-fc45-4289-9491-136d533cb457?fields=provider%3Aphysical_network&fields=provider%3Anetwork_type HTTP/1.1" status: 200 len: 277 time: 0.0816927
2026-06-24 19:09:00.818 9 INFO neutron.wsgi [None req-222052e0-50d6-478a-b2ca-7b4c68ad5bf7 ec799136185c4c139505f37770c29a78 ea4228d175304820b807d0b681ed9103 - - default default] 10.0.0.128 "DELETE /v2.0/security-groups/88503520-8fad-46b0-9597-5422858691b0 HTTP/1.1" status: 204 len: 168 time: 0.4146647
2026-06-24 19:09:00.824 10 INFO neutron.db.ovn_revision_numbers_db [None req-759e9e53-8a2f-4299-9a7d-b43739cd0a68 - - - - - -] Successfully bumped revision number for resource cff4164d-d17d-4a6b-bb25-de732f4528c6 (type: ports) to 4
2026-06-24 19:09:00.972 9 ERROR ovsdbapp.backend.ovs_idl.command [None req-e813f786-8358-4f04-a65a-83eab5e00697 5f04abe752d84541bdb20a0453c905af 753bf87e3e4f4f8e90c2996bb0b1a8ab - - default default] Error executing command (DbGetCommand): ovsdbapp.backend.ovs_idl.idlutils.RowNotFound: Cannot find Logical_Router_Port with name=lrp-628025d6-7cf5-4a96-88d8-db71687edac2
2026-06-24 19:09:00.972 9 ERROR ovsdbapp.backend.ovs_idl.command
Traceback (most recent call last):
2026-06-24 19:09:00.972 9 ERROR ovsdbapp.backend.ovs_idl.command
File "/var/lib/openstack/lib/python3.10/site-packages/ovsdbapp/backend/ovs_idl/command.py", line 47, in execute
2026-06-24 19:09:00.972 9 ERROR ovsdbapp.backend.ovs_idl.command self.run_idl(None)
2026-06-24 19:09:00.972 9 ERROR ovsdbapp.backend.ovs_idl.command
File "/var/lib/openstack/lib/python3.10/site-packages/ovsdbapp/backend/ovs_idl/command.py", line 235, in run_idl
2026-06-24 19:09:00.972 9 ERROR ovsdbapp.backend.ovs_idl.command record = self.api.lookup(self.table, self.record)
2026-06-24 19:09:00.972 9 ERROR ovsdbapp.backend.ovs_idl.command
File "/var/lib/openstack/lib/python3.10/site-packages/ovsdbapp/backend/ovs_idl/__init__.py", line 184, in lookup
2026-06-24 19:09:00.972 9 ERROR ovsdbapp.backend.ovs_idl.command return self._lookup(table, record)
2026-06-24 19:09:00.972 9 ERROR ovsdbapp.backend.ovs_idl.command
File "/var/lib/openstack/lib/python3.10/site-packages/ovsdbapp/backend/ovs_idl/__init__.py", line 235, in _lookup
2026-06-24 19:09:00.972 9 ERROR ovsdbapp.backend.ovs_idl.command row = idlutils.row_by_value(self, rl.table, rl.column, record)
2026-06-24 19:09:00.972 9 ERROR ovsdbapp.backend.ovs_idl.command
File "/var/lib/openstack/lib/python3.10/site-packages/ovsdbapp/backend/ovs_idl/idlutils.py", line 114, in row_by_value
2026-06-24 19:09:00.972 9 ERROR ovsdbapp.backend.ovs_idl.command raise RowNotFound(table=table, col=column, match=match)
2026-06-24 19:09:00.972 9 ERROR ovsdbapp.backend.ovs_idl.command ovsdbapp.backend.ovs_idl.idlutils.RowNotFound: Cannot find Logical_Router_Port with name=lrp-628025d6-7cf5-4a96-88d8-db71687edac2
2026-06-24 19:09:00.972 9 ERROR ovsdbapp.backend.ovs_idl.command 
2026-06-24 19:09:00.973 9 ERROR neutron_lib.callbacks.manager [None req-e813f786-8358-4f04-a65a-83eab5e00697 5f04abe752d84541bdb20a0453c905af 753bf87e3e4f4f8e90c2996bb0b1a8ab - - default default] Error during notification for neutron.services.ovn_l3.plugin.OVNL3RouterPlugin._port_update-8754342971110 port, after_update: ovsdbapp.backend.ovs_idl.idlutils.RowNotFound: Cannot find Logical_Router_Port with name=lrp-628025d6-7cf5-4a96-88d8-db71687edac2
2026-06-24 19:09:00.973 9 ERROR neutron_lib.callbacks.manager
Traceback (most recent call last):
2026-06-24 19:09:00.973 9 ERROR neutron_lib.callbacks.manager
File "/var/lib/openstack/lib/python3.10/site-packages/neutron_lib/callbacks/manager.py", line 189, in _notify_loop
2026-06-24 19:09:00.973 9 ERROR neutron_lib.callbacks.manager callback.method(resource, event, trigger, payload=payload)
2026-06-24 19:09:00.973 9 ERROR neutron_lib.callbacks.manager
File "/var/lib/openstack/lib/python3.10/site-packages/neutron/services/ovn_l3/plugin.py", line 391, in _port_update
2026-06-24 19:09:00.973 9 ERROR neutron_lib.callbacks.manager l3plugin._ovn_client.update_router_port(context,
2026-06-24 19:09:00.973 9 ERROR neutron_lib.callbacks.manager
File "/var/lib/openstack/lib/python3.10/site-packages/neutron/plugins/ml2/drivers/ovn/mech_driver/ovsdb/ovn_client.py", line 1878, in update_router_port
2026-06-24 19:09:00.973 9 ERROR neutron_lib.callbacks.manager self._update_lrouter_port(context, port, if_exists=if_exists,
2026-06-24 19:09:00.973 9 ERROR neutron_lib.callbacks.manager
File "/var/lib/openstack/lib/python3.10/site-packages/neutron/plugins/ml2/drivers/ovn/mech_driver/ovsdb/ovn_client.py", line 1855, in _update_lrouter_port
2026-06-24 19:09:00.973 9 ERROR neutron_lib.callbacks.manager external_ids = self._nb_idl.db_get(
2026-06-24 19:09:00.973 9 ERROR neutron_lib.callbacks.manager
File "/var/lib/openstack/lib/python3.10/site-packages/ovsdbapp/backend/ovs_idl/command.py", line 47, in execute
2026-06-24 19:09:00.973 9 ERROR neutron_lib.callbacks.manager self.run_idl(None)
2026-06-24 19:09:00.973 9 ERROR neutron_lib.callbacks.manager
File "/var/lib/openstack/lib/python3.10/site-packages/ovsdbapp/backend/ovs_idl/command.py", line 235, in run_idl
2026-06-24 19:09:00.973 9 ERROR neutron_lib.callbacks.manager record = self.api.lookup(self.table, self.record)
2026-06-24 19:09:00.973 9 ERROR neutron_lib.callbacks.manager
File "/var/lib/openstack/lib/python3.10/site-packages/ovsdbapp/backend/ovs_idl/__init__.py", line 184, in lookup
2026-06-24 19:09:00.973 9 ERROR neutron_lib.callbacks.manager return self._lookup(table, record)
2026-06-24 19:09:00.973 9 ERROR neutron_lib.callbacks.manager
File "/var/lib/openstack/lib/python3.10/site-packages/ovsdbapp/backend/ovs_idl/__init__.py", line 235, in _lookup
2026-06-24 19:09:00.973 9 ERROR neutron_lib.callbacks.manager row = idlutils.row_by_value(self, rl.table, rl.column, record)
2026-06-24 19:09:00.973 9 ERROR neutron_lib.callbacks.manager
File "/var/lib/openstack/lib/python3.10/site-packages/ovsdbapp/backend/ovs_idl/idlutils.py", line 114, in row_by_value
2026-06-24 19:09:00.973 9 ERROR neutron_lib.callbacks.manager raise RowNotFound(table=table, col=column, match=match)
2026-06-24 19:09:00.973 9 ERROR neutron_lib.callbacks.manager ovsdbapp.backend.ovs_idl.idlutils.RowNotFound: Cannot find Logical_Router_Port with name=lrp-628025d6-7cf5-4a96-88d8-db71687edac2
2026-06-24 19:09:00.973 9 ERROR neutron_lib.callbacks.manager  /var/lib/openstack/lib/python3.10/site-packages/pycadf/identifier.py:71: UserWarning: Invalid uuid: neutron. To ensure interoperability, identifiers should be a valid uuid. warnings.warn(('Invalid uuid: %s. To ensure interoperability, '
2026-06-24 19:09:01.172 10 INFO neutron.db.ovn_revision_numbers_db [None req-6c505eb9-1213-4cd8-a4be-32c2a34c0eed ec799136185c4c139505f37770c29a78 ea4228d175304820b807d0b681ed9103 - - default default] Successfully bumped revision number for resource ea1b9de4-856c-4116-a5b9-93014a87cdc1 (type: security_groups) to 1
2026-06-24 19:09:01.190 10 INFO neutron.db.ovn_revision_numbers_db [None req-6c505eb9-1213-4cd8-a4be-32c2a34c0eed ec799136185c4c139505f37770c29a78 ea4228d175304820b807d0b681ed9103 - - default default] Successfully bumped revision number for resource 24965272-a078-401e-9a08-282e5ce3996b (type: security_group_rules) to 0
2026-06-24 19:09:01.204 10 INFO neutron.plugins.ml2.drivers.ovn.mech_driver.mech_driver [None req-759e9e53-8a2f-4299-9a7d-b43739cd0a68 - - - - - -] OVN reports status up for port: 628025d6-7cf5-4a96-88d8-db71687edac2
2026-06-24 19:09:01.211 10 INFO neutron.db.ovn_revision_numbers_db [None req-6c505eb9-1213-4cd8-a4be-32c2a34c0eed ec799136185c4c139505f37770c29a78 ea4228d175304820b807d0b681ed9103 - - default default] Successfully bumped revision number for resource 82c75721-0dc7-49a0-a474-f593abfd9d1e (type: security_group_rules) to 0
2026-06-24 19:09:01.212 10 INFO neutron.plugins.ml2.plugin [None req-759e9e53-8a2f-4299-9a7d-b43739cd0a68 - - - - - -] Attempt 1 to provision port 628025d6-7cf5-4a96-88d8-db71687edac2
2026-06-24 19:09:01.240 9 INFO neutron.db.ovn_revision_numbers_db [None req-e813f786-8358-4f04-a65a-83eab5e00697 5f04abe752d84541bdb20a0453c905af 753bf87e3e4f4f8e90c2996bb0b1a8ab - - default default] Successfully bumped revision number for resource 628025d6-7cf5-4a96-88d8-db71687edac2 (type: ports) to 1
2026-06-24 19:09:01.240 10 INFO neutron.db.ovn_revision_numbers_db [None req-6c505eb9-1213-4cd8-a4be-32c2a34c0eed ec799136185c4c139505f37770c29a78 ea4228d175304820b807d0b681ed9103 - - default default] Successfully bumped revision number for resource 8ff74547-99b2-41a3-8a80-840f7bf57258 (type: security_group_rules) to 0
2026-06-24 19:09:01.266 10 INFO neutron.db.ovn_revision_numbers_db [None req-6c505eb9-1213-4cd8-a4be-32c2a34c0eed ec799136185c4c139505f37770c29a78 ea4228d175304820b807d0b681ed9103 - - default default] Successfully bumped revision number for resource 929e2ec7-0ddf-4e65-be85-ac065b1292f0 (type: security_group_rules) to 0
2026-06-24 19:09:01.290 10 INFO neutron.wsgi [None req-6c505eb9-1213-4cd8-a4be-32c2a34c0eed ec799136185c4c139505f37770c29a78 ea4228d175304820b807d0b681ed9103 - - default default] 10.0.0.128 "GET /v2.0/security-groups?tenant_id=6df086f939b34b8cacf40518c124ee0a&name=default HTTP/1.1" status: 200 len: 3120 time: 0.2495191
2026-06-24 19:09:01.361 9 INFO neutron.wsgi [req-fd8b284d-6fe2-4a2d-9248-c0c71f529a59 req-a2e41a16-64c0-42ee-8992-d60bd0be0f11 f6b15d74a0544112968525bc268d0dc6 401c6b28b2604014810acbaa7056792d - - default default] 10.0.0.212 "GET /v2.0/ports?device_id=86d2f704-a3e5-4230-8d29-314fa0bac203 HTTP/1.1" status: 200 len: 1170 time: 0.0544739
2026-06-24 19:09:01.373 9 WARNING neutron.scheduler.dhcp_agent_scheduler [None req-e813f786-8358-4f04-a65a-83eab5e00697 5f04abe752d84541bdb20a0453c905af 753bf87e3e4f4f8e90c2996bb0b1a8ab - - default default] No more DHCP agents
2026-06-24 19:09:01.383 9 WARNING neutron.api.rpc.agentnotifiers.dhcp_rpc_agent_api [None req-e813f786-8358-4f04-a65a-83eab5e00697 5f04abe752d84541bdb20a0453c905af 753bf87e3e4f4f8e90c2996bb0b1a8ab - - default default] Unable to schedule network fe869730-04ff-40d4-806b-e6b865af2c04: no agents available; will retry on subsequent port and subnet creation events.
2026-06-24 19:09:01.451 9 WARNING neutron_lib.context [None req-562f09ab-abcc-42ed-932f-23f5c237b930 ffb527ecd65c430c8b5b7a9e1023a54e 31e04513ec004356b83d94232aff41fb - - default default] Method 'is_advsvc' is deprecated since 2023.2 release (neutron-lib 3.8.0) and will be removed once support for the old RBAC API policies will be removed from Neutron. Please use method 'is_service_role' instead.
2026-06-24 19:09:01.462 9 INFO neutron.wsgi [req-fd8b284d-6fe2-4a2d-9248-c0c71f529a59 req-7bf3e5d5-c1bb-4c9f-a1e3-639b2bba91e1 f6b15d74a0544112968525bc268d0dc6 401c6b28b2604014810acbaa7056792d - - default default] 10.0.0.212 "GET /v2.0/security-groups?id=c59d9cce-579e-4078-9630-c2486da34aa2&fields=id&fields=name HTTP/1.1" status: 200 len: 313 time: 0.0930197
2026-06-24 19:09:01.616 10 INFO neutron.db.ovn_revision_numbers_db [None req-759e9e53-8a2f-4299-9a7d-b43739cd0a68 - - - - - -] Successfully bumped revision number for resource 628025d6-7cf5-4a96-88d8-db71687edac2 (type: ports) to 2
2026-06-24 19:09:01.634 9 INFO neutron.db.ovn_revision_numbers_db [None req-e813f786-8358-4f04-a65a-83eab5e00697 5f04abe752d84541bdb20a0453c905af 753bf87e3e4f4f8e90c2996bb0b1a8ab - - default default] Successfully bumped revision number for resource 628025d6-7cf5-4a96-88d8-db71687edac2 (type: router_ports) to 1
2026-06-24 19:09:01.641 9 INFO neutron.wsgi [None req-e813f786-8358-4f04-a65a-83eab5e00697 5f04abe752d84541bdb20a0453c905af 753bf87e3e4f4f8e90c2996bb0b1a8ab - - default default] 10.0.0.128 "PUT /v2.0/routers/295b6ca9-f177-46a3-aca5-b6125ead1650/add_router_interface HTTP/1.1" status: 200 len: 503 time: 2.1655555
2026-06-24 19:09:01.700 9 INFO neutron.wsgi [None req-1ad0b65a-dd9c-4c36-acf5-3b6f6fdf754f 5f04abe752d84541bdb20a0453c905af 753bf87e3e4f4f8e90c2996bb0b1a8ab - - default default] 10.0.0.128 "GET /v2.0/ports/628025d6-7cf5-4a96-88d8-db71687edac2 HTTP/1.1" status: 200 len: 1137 time: 0.0525653
2026-06-24 19:09:01.741 10 INFO neutron.db.ovn_revision_numbers_db [None req-759e9e53-8a2f-4299-9a7d-b43739cd0a68 - - - - - -] Successfully bumped revision number for resource 628025d6-7cf5-4a96-88d8-db71687edac2 (type: router_ports) to 2
2026-06-24 19:09:01.747 9 INFO neutron.db.ovn_revision_numbers_db [None req-562f09ab-abcc-42ed-932f-23f5c237b930 ffb527ecd65c430c8b5b7a9e1023a54e 31e04513ec004356b83d94232aff41fb - - default default] Successfully bumped revision number for resource 38e23b0a-58a1-44d2-8c99-7e4aad0c9a06 (type: security_groups) to 1
2026-06-24 19:09:01.755 9 INFO neutron.wsgi [None req-ad2764db-5f76-4156-880b-adce957218b3 5f04abe752d84541bdb20a0453c905af 753bf87e3e4f4f8e90c2996bb0b1a8ab - - default default] 10.0.0.128 "GET /v2.0/ports/628025d6-7cf5-4a96-88d8-db71687edac2 HTTP/1.1" status: 200 len: 1137 time: 0.0494320
2026-06-24 19:09:01.771 9 INFO neutron.wsgi [None req-58392877-4ab8-45c9-b8d0-e777dd80f953 ec799136185c4c139505f37770c29a78 ea4228d175304820b807d0b681ed9103 - - default default] 10.0.0.128 "DELETE /v2.0/security-groups/ea1b9de4-856c-4116-a5b9-93014a87cdc1 HTTP/1.1" status: 204 len: 168 time: 0.4727943
2026-06-24 19:09:01.772 9 INFO neutron.db.ovn_revision_numbers_db [None req-562f09ab-abcc-42ed-932f-23f5c237b930 ffb527ecd65c430c8b5b7a9e1023a54e 31e04513ec004356b83d94232aff41fb - - default default] Successfully bumped revision number for resource 410408bd-1dba-4ce9-9317-c5a7e6a02177 (type: security_group_rules) to 0
2026-06-24 19:09:01.786 9 INFO neutron.db.ovn_revision_numbers_db [None req-562f09ab-abcc-42ed-932f-23f5c237b930 ffb527ecd65c430c8b5b7a9e1023a54e 31e04513ec004356b83d94232aff41fb - - default default] Successfully bumped revision number for resource de6e6046-4c87-4777-8e5f-b5f5be2b8974 (type: security_group_rules) to 0
2026-06-24 19:09:01.802 9 INFO neutron.db.ovn_revision_numbers_db [None req-562f09ab-abcc-42ed-932f-23f5c237b930 ffb527ecd65c430c8b5b7a9e1023a54e 31e04513ec004356b83d94232aff41fb - - default default] Successfully bumped revision number for resource e6645859-2336-4b8f-91f4-c470cd74816b (type: security_group_rules) to 0
2026-06-24 19:09:01.819 9 INFO neutron.db.ovn_revision_numbers_db [None req-562f09ab-abcc-42ed-932f-23f5c237b930 ffb527ecd65c430c8b5b7a9e1023a54e 31e04513ec004356b83d94232aff41fb - - default default] Successfully bumped revision number for resource fc3c23c0-6b6a-488d-8f5f-769a0faee9cd (type: security_group_rules) to 0
2026-06-24 19:09:01.876 9 INFO neutron.db.segments_db [None req-562f09ab-abcc-42ed-932f-23f5c237b930 ffb527ecd65c430c8b5b7a9e1023a54e 31e04513ec004356b83d94232aff41fb - - default default] Added segment 8c145e85-be86-4141-800f-6cb9336e4fea of type geneve for network 34a1489d-721f-4bf8-8bae-4835df6e8933
2026-06-24 19:09:01.941 10 INFO neutron.notifiers.nova [-] Nova event matching ['req-e58ba2da-4fd2-48a4-afbe-6bd914d14fb2'] response: {'server_uuid': '86d2f704-a3e5-4230-8d29-314fa0bac203', 'name': 'network-vif-plugged', 'status': 'completed', 'tag': 'cff4164d-d17d-4a6b-bb25-de732f4528c6', 'code': 200}
2026-06-24 19:09:01.942 10 INFO neutron.notifiers.nova [-] Nova event matching ['req-e58ba2da-4fd2-48a4-afbe-6bd914d14fb2'] response: {'server_uuid': '86d2f704-a3e5-4230-8d29-314fa0bac203', 'name': 'network-vif-plugged', 'status': 'completed', 'tag': 'cff4164d-d17d-4a6b-bb25-de732f4528c6', 'code': 200}
2026-06-24 19:09:02.083 9 INFO neutron.db.ovn_revision_numbers_db [None req-562f09ab-abcc-42ed-932f-23f5c237b930 ffb527ecd65c430c8b5b7a9e1023a54e 31e04513ec004356b83d94232aff41fb - - default default] Successfully bumped revision number for resource 34a1489d-721f-4bf8-8bae-4835df6e8933 (type: networks) to 1
2026-06-24 19:09:02.313 9 WARNING neutron.scheduler.dhcp_agent_scheduler [None req-562f09ab-abcc-42ed-932f-23f5c237b930 ffb527ecd65c430c8b5b7a9e1023a54e 31e04513ec004356b83d94232aff41fb - - default default] No more DHCP agents
2026-06-24 19:09:02.318 9 WARNING neutron.api.rpc.agentnotifiers.dhcp_rpc_agent_api [None req-562f09ab-abcc-42ed-932f-23f5c237b930 ffb527ecd65c430c8b5b7a9e1023a54e 31e04513ec004356b83d94232aff41fb - - default default] Unable to schedule network 34a1489d-721f-4bf8-8bae-4835df6e8933: no agents available; will retry on subsequent port and subnet creation events.
2026-06-24 19:09:02.421 9 INFO neutron.db.ovn_revision_numbers_db [None req-562f09ab-abcc-42ed-932f-23f5c237b930 ffb527ecd65c430c8b5b7a9e1023a54e 31e04513ec004356b83d94232aff41fb - - default default] Successfully bumped revision number for resource 2d9716e7-68d8-41c4-aae1-0819f4617bff (type: ports) to 1
2026-06-24 19:09:02.449 9 INFO neutron.wsgi [None req-562f09ab-abcc-42ed-932f-23f5c237b930 ffb527ecd65c430c8b5b7a9e1023a54e 31e04513ec004356b83d94232aff41fb - - default default] 10.0.0.128 "POST /v2.0/networks HTTP/1.1" status: 201 len: 844 time: 1.1687076
2026-06-24 19:09:02.459 10 WARNING neutron_lib.context [None req-84ebec12-9ff5-4813-9d7a-2aafd1be5eed ffb527ecd65c430c8b5b7a9e1023a54e 31e04513ec004356b83d94232aff41fb - - default default] Method 'is_advsvc' is deprecated since 2023.2 release (neutron-lib 3.8.0) and will be removed once support for the old RBAC API policies will be removed from Neutron. Please use method 'is_service_role' instead.
2026-06-24 19:09:02.642 9 INFO neutron.wsgi [req-4044774c-c970-431e-a5d7-2baec04888aa req-4834ca09-b999-433f-8b4e-539792622bb7 f6b15d74a0544112968525bc268d0dc6 401c6b28b2604014810acbaa7056792d - - default default] 10.0.0.212 "GET /v2.0/ports?device_id=86d2f704-a3e5-4230-8d29-314fa0bac203 HTTP/1.1" status: 200 len: 1170 time: 0.1191041
2026-06-24 19:09:02.702 9 INFO neutron.wsgi [req-4044774c-c970-431e-a5d7-2baec04888aa req-8b009685-631d-4081-874a-e8feb393e336 f6b15d74a0544112968525bc268d0dc6 401c6b28b2604014810acbaa7056792d - - default default] 10.0.0.212 "GET /v2.0/security-groups?id=c59d9cce-579e-4078-9630-c2486da34aa2&fields=id&fields=name HTTP/1.1" status: 200 len: 313 time: 0.0531297
2026-06-24 19:09:02.826 9 INFO neutron.wsgi [req-4168e38d-2609-4f3a-ba36-0348d99e44c1 req-b93bca36-61ad-432f-b043-a01e9f8a38f5 f6b15d74a0544112968525bc268d0dc6 401c6b28b2604014810acbaa7056792d - - default default] 10.0.0.212 "GET /v2.0/ports?device_id=86d2f704-a3e5-4230-8d29-314fa0bac203 HTTP/1.1" status: 200 len: 1170 time: 0.0477989
2026-06-24 19:09:02.851 10 WARNING neutron.scheduler.dhcp_agent_scheduler [None req-84ebec12-9ff5-4813-9d7a-2aafd1be5eed ffb527ecd65c430c8b5b7a9e1023a54e 31e04513ec004356b83d94232aff41fb - - default default] No more DHCP agents
2026-06-24 19:09:02.878 10 WARNING neutron.api.rpc.agentnotifiers.dhcp_rpc_agent_api [None req-84ebec12-9ff5-4813-9d7a-2aafd1be5eed ffb527ecd65c430c8b5b7a9e1023a54e 31e04513ec004356b83d94232aff41fb - - default default] Unable to schedule network 34a1489d-721f-4bf8-8bae-4835df6e8933: no agents available; will retry on subsequent port and subnet creation events.
2026-06-24 19:09:02.902 10 INFO neutron.wsgi [None req-935bd3eb-a57a-4ea4-a259-d263d18726b8 5f04abe752d84541bdb20a0453c905af 753bf87e3e4f4f8e90c2996bb0b1a8ab - - default default] 10.0.0.128 "PUT /v2.0/routers/295b6ca9-f177-46a3-aca5-b6125ead1650/remove_router_interface HTTP/1.1" status: 200 len: 503 time: 1.1418078
2026-06-24 19:09:02.947 9 INFO neutron.wsgi [None req-d7c4e375-caef-40b6-a4f0-37dcbb533db9 5f04abe752d84541bdb20a0453c905af 753bf87e3e4f4f8e90c2996bb0b1a8ab - - default default] 10.0.0.128 "GET /v2.0/ports?device_id=295b6ca9-f177-46a3-aca5-b6125ead1650 HTTP/1.1" status: 200 len: 205 time: 0.0270505
2026-06-24 19:09:02.976 10 INFO neutron.db.ovn_revision_numbers_db [None req-84ebec12-9ff5-4813-9d7a-2aafd1be5eed ffb527ecd65c430c8b5b7a9e1023a54e 31e04513ec004356b83d94232aff41fb - - default default] Successfully bumped revision number for resource 4742be5a-494a-4659-886d-2b6ce8377ac2 (type: ports) to 1
2026-06-24 19:09:03.008 10 INFO neutron.wsgi [None req-84ebec12-9ff5-4813-9d7a-2aafd1be5eed ffb527ecd65c430c8b5b7a9e1023a54e 31e04513ec004356b83d94232aff41fb - - default default] 10.0.0.128 "POST /v2.0/ports HTTP/1.1" status: 201 len: 973 time: 0.5545425 /var/lib/openstack/lib/python3.10/site-packages/pycadf/identifier.py:71: UserWarning: Invalid uuid: neutron. To ensure interoperability, identifiers should be a valid uuid. warnings.warn(('Invalid uuid: %s. To ensure interoperability, '
2026-06-24 19:09:03.020 10 WARNING neutron_lib.context [None req-b66d7fe8-fd8c-4605-bd33-dfd809de0fa2 ffb527ecd65c430c8b5b7a9e1023a54e 31e04513ec004356b83d94232aff41fb - - default default] Method 'is_advsvc' is deprecated since 2023.2 release (neutron-lib 3.8.0) and will be removed once support for the old RBAC API policies will be removed from Neutron. Please use method 'is_service_role' instead.
2026-06-24 19:09:03.121 10 INFO neutron.db.segments_db [None req-b66d7fe8-fd8c-4605-bd33-dfd809de0fa2 ffb527ecd65c430c8b5b7a9e1023a54e 31e04513ec004356b83d94232aff41fb - - default default] Added segment 7bcdcc9d-7aa5-4ded-85a0-c2dc6e874692 of type geneve for network 19fed9e1-e5a6-4ce4-9ec3-84c8388d1ceb
2026-06-24 19:09:03.287 10 INFO neutron.db.ovn_revision_numbers_db [None req-b66d7fe8-fd8c-4605-bd33-dfd809de0fa2 ffb527ecd65c430c8b5b7a9e1023a54e 31e04513ec004356b83d94232aff41fb - - default default] Successfully bumped revision number for resource 19fed9e1-e5a6-4ce4-9ec3-84c8388d1ceb (type: networks) to 1
2026-06-24 19:09:03.287 15 INFO neutron.plugins.ml2.drivers.ovn.mech_driver.ovsdb.maintenance [None req-a17d5ec2-303d-4c08-86e0-5cb19b626758 - - - - - -] Maintenance task: Synchronization completed (took 0.72 seconds)
2026-06-24 19:09:03.525 10 WARNING neutron.scheduler.dhcp_agent_scheduler [None req-b66d7fe8-fd8c-4605-bd33-dfd809de0fa2 ffb527ecd65c430c8b5b7a9e1023a54e 31e04513ec004356b83d94232aff41fb - - default default] No more DHCP agents
2026-06-24 19:09:03.530 10 WARNING neutron.api.rpc.agentnotifiers.dhcp_rpc_agent_api [None req-b66d7fe8-fd8c-4605-bd33-dfd809de0fa2 ffb527ecd65c430c8b5b7a9e1023a54e 31e04513ec004356b83d94232aff41fb - - default default] Unable to schedule network 19fed9e1-e5a6-4ce4-9ec3-84c8388d1ceb: no agents available; will retry on subsequent port and subnet creation events.
2026-06-24 19:09:03.635 10 INFO neutron.db.ovn_revision_numbers_db [None req-b66d7fe8-fd8c-4605-bd33-dfd809de0fa2 ffb527ecd65c430c8b5b7a9e1023a54e 31e04513ec004356b83d94232aff41fb - - default default] Successfully bumped revision number for resource 96904a91-857b-4cf7-bc64-a570fb633fa1 (type: ports) to 1
2026-06-24 19:09:03.662 10 INFO neutron.wsgi [None req-b66d7fe8-fd8c-4605-bd33-dfd809de0fa2 ffb527ecd65c430c8b5b7a9e1023a54e 31e04513ec004356b83d94232aff41fb - - default default] 10.0.0.128 "POST /v2.0/networks HTTP/1.1" status: 201 len: 830 time: 0.6481168
2026-06-24 19:09:03.672 10 WARNING neutron_lib.context [None req-150f7dff-cf77-461c-b862-c2e1b6da9d0c ffb527ecd65c430c8b5b7a9e1023a54e 31e04513ec004356b83d94232aff41fb - - default default] Method 'is_advsvc' is deprecated since 2023.2 release (neutron-lib 3.8.0) and will be removed once support for the old RBAC API policies will be removed from Neutron. Please use method 'is_service_role' instead.
2026-06-24 19:09:03.692 9 INFO neutron.wsgi [None req-bc5a4b4b-3be2-458a-8f3e-463167245ad2 5f04abe752d84541bdb20a0453c905af 753bf87e3e4f4f8e90c2996bb0b1a8ab - - default default] 10.0.0.128 "DELETE /v2.0/routers/295b6ca9-f177-46a3-aca5-b6125ead1650 HTTP/1.1" status: 204 len: 168 time: 0.7379904
2026-06-24 19:09:03.992 10 INFO neutron.wsgi [None req-ad77ca21-b1e7-4d71-b9ef-5a8275c4148a 5f04abe752d84541bdb20a0453c905af 753bf87e3e4f4f8e90c2996bb0b1a8ab - - default default] 10.0.0.128 "DELETE /v2.0/subnets/2ef0155c-ec7b-4985-bba3-afe4d9b522db HTTP/1.1" status: 204 len: 168 time: 0.2921789
2026-06-24 19:09:04.038 10 WARNING neutron.scheduler.dhcp_agent_scheduler [None req-150f7dff-cf77-461c-b862-c2e1b6da9d0c ffb527ecd65c430c8b5b7a9e1023a54e 31e04513ec004356b83d94232aff41fb - - default default] No more DHCP agents
2026-06-24 19:09:04.042 10 WARNING neutron.api.rpc.agentnotifiers.dhcp_rpc_agent_api [None req-150f7dff-cf77-461c-b862-c2e1b6da9d0c ffb527ecd65c430c8b5b7a9e1023a54e 31e04513ec004356b83d94232aff41fb - - default default] Unable to schedule network 19fed9e1-e5a6-4ce4-9ec3-84c8388d1ceb: no agents available; will retry on subsequent port and subnet creation events.
2026-06-24 19:09:04.128 9 INFO neutron.db.ovn_revision_numbers_db [None req-fef7d381-4ba5-498d-b238-56f853143c99 f6b15d74a0544112968525bc268d0dc6 401c6b28b2604014810acbaa7056792d - - default default] Successfully bumped revision number for resource 83607176-afd9-4454-87f6-e1c9b1bd28e6 (type: floatingips) to 1
2026-06-24 19:09:04.270 9 INFO neutron.db.ovn_revision_numbers_db [None req-fef7d381-4ba5-498d-b238-56f853143c99 f6b15d74a0544112968525bc268d0dc6 401c6b28b2604014810acbaa7056792d - - default default] Successfully bumped revision number for resource 83607176-afd9-4454-87f6-e1c9b1bd28e6 (type: floatingips) to 2
2026-06-24 19:09:04.271 9 INFO neutron.db.l3_db [None req-fef7d381-4ba5-498d-b238-56f853143c99 f6b15d74a0544112968525bc268d0dc6 401c6b28b2604014810acbaa7056792d - - default default] Floating IP 83607176-afd9-4454-87f6-e1c9b1bd28e6 associated. External IP: 10.96.250.203, port: cff4164d-d17d-4a6b-bb25-de732f4528c6.
2026-06-24 19:09:04.308 9 INFO neutron.wsgi [None req-fef7d381-4ba5-498d-b238-56f853143c99 f6b15d74a0544112968525bc268d0dc6 401c6b28b2604014810acbaa7056792d - - default default] 10.0.0.128 "PUT /v2.0/floatingips/83607176-afd9-4454-87f6-e1c9b1bd28e6 HTTP/1.1" status: 200 len: 1049 time: 1.4682558
2026-06-24 19:09:04.386 9 INFO neutron.notifiers.nova [-] Nova event matching ['req-78492635-6bbf-4b2d-b100-4835cc484670'] response: {'name': 'network-changed', 'server_uuid': '86d2f704-a3e5-4230-8d29-314fa0bac203', 'tag': 'cff4164d-d17d-4a6b-bb25-de732f4528c6', 'status': 'completed', 'code': 200}
2026-06-24 19:09:04.409 9 INFO neutron.wsgi [req-bbd6384e-3af7-4760-b517-b4a199bbae30 req-ac383ab1-2c45-44da-bfe3-798ea5fb36af f6b15d74a0544112968525bc268d0dc6 401c6b28b2604014810acbaa7056792d - - default default] 10.0.0.212 "GET /v2.0/ports?device_id=86d2f704-a3e5-4230-8d29-314fa0bac203 HTTP/1.1" status: 200 len: 1170 time: 0.0554667
2026-06-24 19:09:04.460 9 INFO neutron.wsgi [req-bbd6384e-3af7-4760-b517-b4a199bbae30 req-b11f5210-be23-4e3f-aea0-a66544f50887 f6b15d74a0544112968525bc268d0dc6 401c6b28b2604014810acbaa7056792d - - default default] 10.0.0.212 "GET /v2.0/security-groups?id=c59d9cce-579e-4078-9630-c2486da34aa2&fields=id&fields=name HTTP/1.1" status: 200 len: 313 time: 0.0459669
2026-06-24 19:09:04.468 10 INFO neutron.wsgi [req-d2649d84-58af-4ce2-9548-1deb44711b38 req-dce0c812-f17d-41e7-a0bc-f9add303a406 0228d60db1794f79b563f87482b38b7f a9300bfa96bf46e498024eef4a9eaaa8 - - c2ee87ff3b734500b7461b6666630454 c2ee87ff3b734500b7461b6666630454] 199.204.45.210 "GET /v2.0/ports?tenant_id=401c6b28b2604014810acbaa7056792d&device_id=86d2f704-a3e5-4230-8d29-314fa0bac203 HTTP/1.1" status: 200 len: 1409 time: 0.0654325
2026-06-24 19:09:04.602 10 INFO neutron.wsgi [req-d2649d84-58af-4ce2-9548-1deb44711b38 req-3b1dce32-5b5c-407b-acd4-41dcea4b29a8 0228d60db1794f79b563f87482b38b7f a9300bfa96bf46e498024eef4a9eaaa8 - - c2ee87ff3b734500b7461b6666630454 c2ee87ff3b734500b7461b6666630454] 199.204.45.210 "GET /v2.0/networks?id=37b11919-fc45-4289-9491-136d533cb457 HTTP/1.1" status: 200 len: 967 time: 0.1277397
2026-06-24 19:09:04.681 10 INFO neutron.services.segments.plugin [-] Segment 7320faa7-30f3-413a-84d8-03bba2620c5b resource provider aggregate not found
2026-06-24 19:09:04.690 10 INFO neutron.services.segments.plugin [-] Segment 7320faa7-30f3-413a-84d8-03bba2620c5b resource provider aggregate not found
2026-06-24 19:09:04.713 10 INFO neutron.services.segments.plugin [-] Segment 7320faa7-30f3-413a-84d8-03bba2620c5b resource provider not found; error: Placement Client Error (4xx): {"errors": [{"status": 404, "title": "Not Found", "detail": "The resource could not be found.\n\n No resource provider with uuid 7320faa7-30f3-413a-84d8-03bba2620c5b found for delete ", "request_id": "req-4062d501-160d-43e8-bcc2-867ddbe3d2b7"}]}
2026-06-24 19:09:04.714 10 INFO neutron.services.segments.plugin [-] Segment 7320faa7-30f3-413a-84d8-03bba2620c5b resource provider not found; error: Placement Client Error (4xx): {"errors": [{"status": 404, "title": "Not Found", "detail": "The resource could not be found.\n\n No resource provider with uuid 7320faa7-30f3-413a-84d8-03bba2620c5b found for delete ", "request_id": "req-1ac497c7-842d-4b8d-a232-01faf14c89ad"}]}
2026-06-24 19:09:04.718 10 INFO neutron.wsgi [req-d2649d84-58af-4ce2-9548-1deb44711b38 req-6ab7a4d1-a1d7-49b5-8378-f3d6d6435db3 0228d60db1794f79b563f87482b38b7f a9300bfa96bf46e498024eef4a9eaaa8 - - c2ee87ff3b734500b7461b6666630454 c2ee87ff3b734500b7461b6666630454] 199.204.45.210 "GET /v2.0/floatingips?fixed_ip_address=10.100.0.3&port_id=cff4164d-d17d-4a6b-bb25-de732f4528c6 HTTP/1.1" status: 200 len: 1059 time: 0.1107419
2026-06-24 19:09:04.749 10 INFO neutron.wsgi [None req-5e30d9fd-2d86-4aba-9bd3-bd50f1f52b54 5f04abe752d84541bdb20a0453c905af 753bf87e3e4f4f8e90c2996bb0b1a8ab - - default default] 10.0.0.128 "DELETE /v2.0/networks/fe869730-04ff-40d4-806b-e6b865af2c04 HTTP/1.1" status: 204 len: 168 time: 0.7532771
2026-06-24 19:09:04.767 9 WARNING neutron_lib.context [None req-c1a1ff37-1391-437a-8a75-6595d4439e3f 5f04abe752d84541bdb20a0453c905af 753bf87e3e4f4f8e90c2996bb0b1a8ab - - default default] Method 'is_advsvc' is deprecated since 2023.2 release (neutron-lib 3.8.0) and will be removed once support for the old RBAC API policies will be removed from Neutron. Please use method 'is_service_role' instead.
2026-06-24 19:09:04.798 10 INFO neutron.wsgi [req-d2649d84-58af-4ce2-9548-1deb44711b38 req-6cb6186d-7b9f-4d30-8748-f9dee2a0856f 0228d60db1794f79b563f87482b38b7f a9300bfa96bf46e498024eef4a9eaaa8 - - c2ee87ff3b734500b7461b6666630454 c2ee87ff3b734500b7461b6666630454] 199.204.45.210 "GET /v2.0/subnets?id=2a6b2b22-1c86-4202-9501-6fd179ccb1ea HTTP/1.1" status: 200 len: 862 time: 0.0713902
2026-06-24 19:09:04.835 9 INFO neutron.wsgi [req-4f259f20-af4b-4984-acef-f673564abff5 req-6c033041-717a-45d8-8241-88760dc367cc f6b15d74a0544112968525bc268d0dc6 401c6b28b2604014810acbaa7056792d - - default default] 10.0.0.212 "GET /v2.0/ports?device_id=86d2f704-a3e5-4230-8d29-314fa0bac203 HTTP/1.1" status: 200 len: 1170 time: 0.0431011
2026-06-24 19:09:04.845 10 INFO neutron.wsgi [req-d2649d84-58af-4ce2-9548-1deb44711b38 req-b9950915-93af-4ae2-96f8-601f098f8cc8 0228d60db1794f79b563f87482b38b7f a9300bfa96bf46e498024eef4a9eaaa8 - - c2ee87ff3b734500b7461b6666630454 c2ee87ff3b734500b7461b6666630454] 199.204.45.210 "GET /v2.0/ports?network_id=37b11919-fc45-4289-9491-136d533cb457&device_owner=network%3Adhcp HTTP/1.1" status: 200 len: 210 time: 0.0397389
2026-06-24 19:09:04.923 10 INFO neutron.wsgi [req-d2649d84-58af-4ce2-9548-1deb44711b38 req-6f31ce4c-025a-4a42-b140-0c337d9550f9 0228d60db1794f79b563f87482b38b7f a9300bfa96bf46e498024eef4a9eaaa8 - - c2ee87ff3b734500b7461b6666630454 c2ee87ff3b734500b7461b6666630454] 199.204.45.210 "GET /v2.0/networks/37b11919-fc45-4289-9491-136d533cb457?fields=segments HTTP/1.1" status: 200 len: 212 time: 0.0652568
2026-06-24 19:09:04.974 9 INFO neutron.wsgi [req-4f259f20-af4b-4984-acef-f673564abff5 req-71b5c40d-4542-4402-aef7-ba1a48570d25 f6b15d74a0544112968525bc268d0dc6 401c6b28b2604014810acbaa7056792d - - default default] 10.0.0.212 "GET /v2.0/security-groups?id=c59d9cce-579e-4078-9630-c2486da34aa2&fields=id&fields=name HTTP/1.1" status: 200 len: 313 time: 0.1330764
2026-06-24 19:09:05.050 10 INFO neutron.wsgi [req-d2649d84-58af-4ce2-9548-1deb44711b38 req-50d45c29-3fa2-4815-bc90-e6487f7eb3a1 0228d60db1794f79b563f87482b38b7f a9300bfa96bf46e498024eef4a9eaaa8 - - c2ee87ff3b734500b7461b6666630454 c2ee87ff3b734500b7461b6666630454] 199.204.45.210 "GET /v2.0/networks/37b11919-fc45-4289-9491-136d533cb457?fields=provider%3Aphysical_network&fields=provider%3Anetwork_type HTTP/1.1" status: 200 len: 277 time: 0.1212168
2026-06-24 19:09:05.050 10 INFO neutron.db.ovn_revision_numbers_db [None req-150f7dff-cf77-461c-b862-c2e1b6da9d0c ffb527ecd65c430c8b5b7a9e1023a54e 31e04513ec004356b83d94232aff41fb - - default default] Successfully bumped revision number for resource 96904a91-857b-4cf7-bc64-a570fb633fa1 (type: ports) to 2
2026-06-24 19:09:05.114 10 INFO neutron.db.ovn_revision_numbers_db [None req-150f7dff-cf77-461c-b862-c2e1b6da9d0c ffb527ecd65c430c8b5b7a9e1023a54e 31e04513ec004356b83d94232aff41fb - - default default] Successfully bumped revision number for resource 26e4a2ab-1c86-413d-abf1-e7ae0de75dff (type: subnets) to 0
2026-06-24 19:09:05.136 10 INFO neutron.wsgi [None req-150f7dff-cf77-461c-b862-c2e1b6da9d0c ffb527ecd65c430c8b5b7a9e1023a54e 31e04513ec004356b83d94232aff41fb - - default default] 10.0.0.128 "POST /v2.0/subnets HTTP/1.1" status: 201 len: 801 time: 1.4692850
2026-06-24 19:09:05.147 10 WARNING neutron_lib.context [None req-623f7817-5f63-44c9-8978-4fedf86efb2e ffb527ecd65c430c8b5b7a9e1023a54e 31e04513ec004356b83d94232aff41fb - - default default] Method 'is_advsvc' is deprecated since 2023.2 release (neutron-lib 3.8.0) and will be removed once support for the old RBAC API policies will be removed from Neutron. Please use method 'is_service_role' instead.
2026-06-24 19:09:05.286 10 INFO neutron.wsgi [req-ebdffbbf-103c-4b62-bbca-0a2226777097 req-5a07b61c-4652-45b3-81d2-b804e7511c5f f6b15d74a0544112968525bc268d0dc6 401c6b28b2604014810acbaa7056792d - - default default] 199.204.45.210 "GET /v2.0/ports?device_id=86d2f704-a3e5-4230-8d29-314fa0bac203 HTTP/1.1" status: 200 len: 1170 time: 0.1440701
2026-06-24 19:09:05.431 9 WARNING neutron.scheduler.dhcp_agent_scheduler [None req-c1a1ff37-1391-437a-8a75-6595d4439e3f 5f04abe752d84541bdb20a0453c905af 753bf87e3e4f4f8e90c2996bb0b1a8ab - - default default] No more DHCP agents
2026-06-24 19:09:05.434 9 WARNING neutron.api.rpc.agentnotifiers.dhcp_rpc_agent_api [None req-c1a1ff37-1391-437a-8a75-6595d4439e3f 5f04abe752d84541bdb20a0453c905af 753bf87e3e4f4f8e90c2996bb0b1a8ab - - default default] Unable to schedule network 83af68fc-eabc-4f93-abd9-e363b8272142: no agents available; will retry on subsequent port and subnet creation events.
2026-06-24 19:09:05.581 9 INFO neutron.db.ovn_revision_numbers_db [None req-c1a1ff37-1391-437a-8a75-6595d4439e3f 5f04abe752d84541bdb20a0453c905af 753bf87e3e4f4f8e90c2996bb0b1a8ab - - default default] Successfully bumped revision number for resource 5c973761-c595-4f55-b7e4-028eaf1b5150 (type: ports) to 1
2026-06-24 19:09:05.655 10 WARNING neutron.scheduler.dhcp_agent_scheduler [None req-623f7817-5f63-44c9-8978-4fedf86efb2e ffb527ecd65c430c8b5b7a9e1023a54e 31e04513ec004356b83d94232aff41fb - - default default] No more DHCP agents
