2026-06-24 19:12:10.825 10 INFO neutron.db.ovn_revision_numbers_db [None req-b563c0a9-8c6a-4069-be08-c594a5cfd019 b3ba4cb0cce841fa942682c2efdb49cc bd05afffd98649b68f6fcd18308867f9 - - default default] Successfully bumped revision number for resource 8e23bfa0-7573-4231-b27d-5f54a10c61e6 (type: ports) to 2
2026-06-24 19:12:10.902 10 INFO neutron.db.ovn_revision_numbers_db [None req-b563c0a9-8c6a-4069-be08-c594a5cfd019 b3ba4cb0cce841fa942682c2efdb49cc bd05afffd98649b68f6fcd18308867f9 - - default default] Successfully bumped revision number for resource f69edfea-dd3c-4468-869b-1f8718151a6c (type: subnets) to 0
2026-06-24 19:12:10.922 10 INFO neutron.wsgi [None req-b563c0a9-8c6a-4069-be08-c594a5cfd019 b3ba4cb0cce841fa942682c2efdb49cc bd05afffd98649b68f6fcd18308867f9 - - default default] 10.0.0.128 "POST /v2.0/subnets HTTP/1.1" status: 201 len: 819 time: 1.4350851
2026-06-24 19:12:10.943 10 WARNING neutron.api.v2.base [None req-557e0ba4-63e9-4da2-a4fd-92a1deb1b9c5 b3ba4cb0cce841fa942682c2efdb49cc bd05afffd98649b68f6fcd18308867f9 - - default default] An exception happened while processing the request body. The exception message is [Invalid input for target_tenant. Reason: 'None' is not a valid string.].: webob.exc.HTTPBadRequest: Invalid input for target_tenant. Reason: 'None' is not a valid string.
2026-06-24 19:12:10.943 10 INFO neutron.api.v2.resource [None req-557e0ba4-63e9-4da2-a4fd-92a1deb1b9c5 b3ba4cb0cce841fa942682c2efdb49cc bd05afffd98649b68f6fcd18308867f9 - - default default] create failed (client error): Invalid input for target_tenant. Reason: 'None' is not a valid string.
2026-06-24 19:12:10.944 10 INFO neutron.wsgi [None req-557e0ba4-63e9-4da2-a4fd-92a1deb1b9c5 b3ba4cb0cce841fa942682c2efdb49cc bd05afffd98649b68f6fcd18308867f9 - - default default] 10.0.0.128 "POST /v2.0/rbac-policies HTTP/1.1" status: 400 len: 346 time: 0.0061445
2026-06-24 19:12:11.248 9 INFO neutron.notifiers.nova [-] Nova event matching ['req-393ff4ce-003d-49f5-85f3-37d0022a25d2'] response: {'server_uuid': 'c4e27e32-b06a-4dce-9016-d6816c2c95fb', 'name': 'network-vif-plugged', 'status': 'completed', 'tag': 'f8de8946-5b2a-432e-b857-c29f3e0d702a', 'code': 200}
2026-06-24 19:12:11.604 9 INFO neutron.db.ovn_revision_numbers_db [None req-62a0fce6-8b7c-4fa1-b045-063c1750378f dd6d3b0be6574bcc8c030e373321ee42 eea02d937c094a3287ec4b71691051a8 - - default default] Successfully bumped revision number for resource 168ef154-195e-4ac5-b01a-a751c3a1867e (type: ports) to 2
2026-06-24 19:12:11.645 9 INFO neutron.db.ovn_revision_numbers_db [None req-62a0fce6-8b7c-4fa1-b045-063c1750378f dd6d3b0be6574bcc8c030e373321ee42 eea02d937c094a3287ec4b71691051a8 - - default default] Successfully bumped revision number for resource 2aee91e9-dff0-4565-a480-90bb54798392 (type: subnets) to 0
2026-06-24 19:12:11.663 9 INFO neutron.wsgi [None req-62a0fce6-8b7c-4fa1-b045-063c1750378f dd6d3b0be6574bcc8c030e373321ee42 eea02d937c094a3287ec4b71691051a8 - - default default] 10.0.0.128 "POST /v2.0/subnets HTTP/1.1" status: 201 len: 804 time: 1.1593506
2026-06-24 19:12:11.665 10 INFO neutron.db.ovn_revision_numbers_db [None req-33f8832b-cceb-4016-aab5-3bee24cb2c9f eb39e50abbbb400a9620878506b28df0 75c4644000dd48138df500e467bbcba9 - - default default] Successfully bumped revision number for resource 2826ebbf-86b1-41fa-89eb-6d9fc94eb732 (type: floatingips) to -1
2026-06-24 19:12:11.686 9 WARNING neutron_lib.context [None req-29d7c45c-75a7-46b6-8173-5342fae8fd24 dd6d3b0be6574bcc8c030e373321ee42 eea02d937c094a3287ec4b71691051a8 - - default default] Method 'is_advsvc' is deprecated since 2023.2 release (neutron-lib 3.8.0) and will be removed once support for the old RBAC API policies will be removed from Neutron. Please use method 'is_service_role' instead.
2026-06-24 19:12:11.779 9 INFO neutron.db.segments_db [None req-29d7c45c-75a7-46b6-8173-5342fae8fd24 dd6d3b0be6574bcc8c030e373321ee42 eea02d937c094a3287ec4b71691051a8 - - default default] Added segment 1bce839a-84ca-420b-8cf8-ae6dc11b4048 of type geneve for network 1866fce5-8cdd-4860-9dac-f875febbae27
2026-06-24 19:12:11.836 10 INFO neutron.services.segments.plugin [-] Segment 062a7642-08d1-4ddb-b3e1-dec055f9f9bc resource provider aggregate not found
2026-06-24 19:12:11.840 10 INFO neutron.services.segments.plugin [-] Segment 062a7642-08d1-4ddb-b3e1-dec055f9f9bc resource provider aggregate not found
2026-06-24 19:12:11.857 10 INFO neutron.services.segments.plugin [-] Segment 062a7642-08d1-4ddb-b3e1-dec055f9f9bc resource provider not found; error: Placement Client Error (4xx): {"errors": [{"status": 404, "title": "Not Found", "detail": "The resource could not be found.\n\n No resource provider with uuid 062a7642-08d1-4ddb-b3e1-dec055f9f9bc found for delete ", "request_id": "req-93b34b7a-a4a8-4bf2-992c-9f6965523ff7"}]}
2026-06-24 19:12:11.860 10 INFO neutron.services.segments.plugin [-] Segment 062a7642-08d1-4ddb-b3e1-dec055f9f9bc resource provider not found; error: Placement Client Error (4xx): {"errors": [{"status": 404, "title": "Not Found", "detail": "The resource could not be found.\n\n No resource provider with uuid 062a7642-08d1-4ddb-b3e1-dec055f9f9bc found for delete ", "request_id": "req-8f5cfcb3-07d3-4199-a13d-e6c8fdb7dbae"}]}
2026-06-24 19:12:11.863 10 INFO neutron.db.ovn_revision_numbers_db [None req-33f8832b-cceb-4016-aab5-3bee24cb2c9f eb39e50abbbb400a9620878506b28df0 75c4644000dd48138df500e467bbcba9 - - default default] Successfully bumped revision number for resource 2826ebbf-86b1-41fa-89eb-6d9fc94eb732 (type: floatingips) to 1
2026-06-24 19:12:11.863 10 INFO neutron.db.l3_db [None req-33f8832b-cceb-4016-aab5-3bee24cb2c9f eb39e50abbbb400a9620878506b28df0 75c4644000dd48138df500e467bbcba9 - - default default] Floating IP 2826ebbf-86b1-41fa-89eb-6d9fc94eb732 associated. External IP: 10.96.250.201, port: f8de8946-5b2a-432e-b857-c29f3e0d702a.
2026-06-24 19:12:11.879 10 INFO neutron.wsgi [None req-f37cd501-5ef6-4b37-af91-04d8bcef8364 b3ba4cb0cce841fa942682c2efdb49cc bd05afffd98649b68f6fcd18308867f9 - - default default] 10.0.0.128 "DELETE /v2.0/networks/8145f961-8aa8-4a8c-a883-afe939e2f8f8 HTTP/1.1" status: 204 len: 168 time: 0.9301801 /var/lib/openstack/lib/python3.10/site-packages/pycadf/identifier.py:71: UserWarning: Invalid uuid: neutron. To ensure interoperability, identifiers should be a valid uuid. warnings.warn(('Invalid uuid: %s. To ensure interoperability, '
2026-06-24 19:12:11.920 10 INFO neutron.wsgi [None req-33f8832b-cceb-4016-aab5-3bee24cb2c9f eb39e50abbbb400a9620878506b28df0 75c4644000dd48138df500e467bbcba9 - - default default] 10.0.0.128 "POST /v2.0/floatingips HTTP/1.1" status: 201 len: 1053 time: 2.0164802
2026-06-24 19:12:11.970 9 INFO neutron.db.ovn_revision_numbers_db [None req-29d7c45c-75a7-46b6-8173-5342fae8fd24 dd6d3b0be6574bcc8c030e373321ee42 eea02d937c094a3287ec4b71691051a8 - - default default] Successfully bumped revision number for resource 1866fce5-8cdd-4860-9dac-f875febbae27 (type: networks) to 1
2026-06-24 19:12:12.195 9 WARNING neutron.scheduler.dhcp_agent_scheduler [None req-29d7c45c-75a7-46b6-8173-5342fae8fd24 dd6d3b0be6574bcc8c030e373321ee42 eea02d937c094a3287ec4b71691051a8 - - default default] No more DHCP agents
2026-06-24 19:12:12.198 9 WARNING neutron.api.rpc.agentnotifiers.dhcp_rpc_agent_api [None req-29d7c45c-75a7-46b6-8173-5342fae8fd24 dd6d3b0be6574bcc8c030e373321ee42 eea02d937c094a3287ec4b71691051a8 - - default default] Unable to schedule network 1866fce5-8cdd-4860-9dac-f875febbae27: no agents available; will retry on subsequent port and subnet creation events.
2026-06-24 19:12:12.254 10 INFO neutron.notifiers.nova [-] Nova event matching ['req-f79e98cc-f445-4724-aaa7-f0f6b4f3a2cc'] response: {'name': 'network-changed', 'server_uuid': 'c4e27e32-b06a-4dce-9016-d6816c2c95fb', 'tag': 'f8de8946-5b2a-432e-b857-c29f3e0d702a', 'status': 'completed', 'code': 200}
2026-06-24 19:12:12.288 10 INFO neutron.db.segments_db [None req-be74f401-3afc-43b7-a960-577ac422993f b3ba4cb0cce841fa942682c2efdb49cc bd05afffd98649b68f6fcd18308867f9 - - default default] Added segment 684b46b9-0fe3-4a38-b0a0-bbb9055121fb of type geneve for network 2fbd240d-9cd2-4845-9a9a-055110697210
2026-06-24 19:12:12.299 9 INFO neutron.db.ovn_revision_numbers_db [None req-29d7c45c-75a7-46b6-8173-5342fae8fd24 dd6d3b0be6574bcc8c030e373321ee42 eea02d937c094a3287ec4b71691051a8 - - default default] Successfully bumped revision number for resource 34c2c61a-eb45-48d1-98f7-5e177115e654 (type: ports) to 1
2026-06-24 19:12:12.328 9 INFO neutron.wsgi [None req-29d7c45c-75a7-46b6-8173-5342fae8fd24 dd6d3b0be6574bcc8c030e373321ee42 eea02d937c094a3287ec4b71691051a8 - - default default] 10.0.0.128 "POST /v2.0/networks HTTP/1.1" status: 201 len: 830 time: 0.6500037
2026-06-24 19:12:12.333 9 INFO neutron.wsgi [req-c8276f99-9fe2-474f-9b17-2311f3eb3f5d req-36f60e03-a232-42d1-bedd-dafca2101031 0228d60db1794f79b563f87482b38b7f a9300bfa96bf46e498024eef4a9eaaa8 - - c2ee87ff3b734500b7461b6666630454 c2ee87ff3b734500b7461b6666630454] 199.204.45.210 "GET /v2.0/ports?tenant_id=75c4644000dd48138df500e467bbcba9&device_id=c4e27e32-b06a-4dce-9016-d6816c2c95fb HTTP/1.1" status: 200 len: 1638 time: 0.0432305
2026-06-24 19:12:12.338 9 WARNING neutron_lib.context [None req-82c1c306-fbb1-461a-af19-85a1ae2f2685 dd6d3b0be6574bcc8c030e373321ee42 eea02d937c094a3287ec4b71691051a8 - - default default] Method 'is_advsvc' is deprecated since 2023.2 release (neutron-lib 3.8.0) and will be removed once support for the old RBAC API policies will be removed from Neutron. Please use method 'is_service_role' instead.
2026-06-24 19:12:12.444 9 INFO neutron.wsgi [req-c8276f99-9fe2-474f-9b17-2311f3eb3f5d req-1a4b674a-dcd5-4bca-9ff6-fb136fb40f9c 0228d60db1794f79b563f87482b38b7f a9300bfa96bf46e498024eef4a9eaaa8 - - c2ee87ff3b734500b7461b6666630454 c2ee87ff3b734500b7461b6666630454] 199.204.45.210 "GET /v2.0/networks?id=a0656fd1-f0b9-42ae-be94-b2b6ae978e8d HTTP/1.1" status: 200 len: 1002 time: 0.1027093
2026-06-24 19:12:12.451 10 INFO neutron.db.ovn_revision_numbers_db [None req-be74f401-3afc-43b7-a960-577ac422993f b3ba4cb0cce841fa942682c2efdb49cc bd05afffd98649b68f6fcd18308867f9 - - default default] Successfully bumped revision number for resource 2fbd240d-9cd2-4845-9a9a-055110697210 (type: networks) to 1
2026-06-24 19:12:12.519 9 INFO neutron.wsgi [req-c8276f99-9fe2-474f-9b17-2311f3eb3f5d req-5bf56043-e350-4f6e-8ccb-b7e00cdd1a34 0228d60db1794f79b563f87482b38b7f a9300bfa96bf46e498024eef4a9eaaa8 - - c2ee87ff3b734500b7461b6666630454 c2ee87ff3b734500b7461b6666630454] 199.204.45.210 "GET /v2.0/floatingips?fixed_ip_address=10.2.2.95&port_id=f8de8946-5b2a-432e-b857-c29f3e0d702a HTTP/1.1" status: 200 len: 1058 time: 0.0668430
2026-06-24 19:12:12.548 9 INFO neutron.wsgi [req-c8276f99-9fe2-474f-9b17-2311f3eb3f5d req-0a1dac0f-4529-4c67-9442-799a11550fae 0228d60db1794f79b563f87482b38b7f a9300bfa96bf46e498024eef4a9eaaa8 - - c2ee87ff3b734500b7461b6666630454 c2ee87ff3b734500b7461b6666630454] 199.204.45.210 "GET /v2.0/floatingips?fixed_ip_address=fd77%3A1457%3A4cf0%3A26a8%3A%3A2d6&port_id=f8de8946-5b2a-432e-b857-c29f3e0d702a HTTP/1.1" status: 200 len: 217 time: 0.0235932
2026-06-24 19:12:12.606 9 INFO neutron.wsgi [req-c8276f99-9fe2-474f-9b17-2311f3eb3f5d req-9a6e267e-7404-4e96-a67a-05985f3fa441 0228d60db1794f79b563f87482b38b7f a9300bfa96bf46e498024eef4a9eaaa8 - - c2ee87ff3b734500b7461b6666630454 c2ee87ff3b734500b7461b6666630454] 199.204.45.210 "GET /v2.0/subnets?id=2a008790-8dc6-47a9-bc3c-8f94662a5811&id=887f89a4-f728-45f4-be2a-260a727d915e HTTP/1.1" status: 200 len: 1566 time: 0.0506289
2026-06-24 19:12:12.645 9 INFO neutron.wsgi [req-c8276f99-9fe2-474f-9b17-2311f3eb3f5d req-1bede76f-d9a8-453c-895c-30feebbdd6c8 0228d60db1794f79b563f87482b38b7f a9300bfa96bf46e498024eef4a9eaaa8 - - c2ee87ff3b734500b7461b6666630454 c2ee87ff3b734500b7461b6666630454] 199.204.45.210 "GET /v2.0/ports?network_id=a0656fd1-f0b9-42ae-be94-b2b6ae978e8d&device_owner=network%3Adhcp HTTP/1.1" status: 200 len: 210 time: 0.0256786
2026-06-24 19:12:12.659 10 WARNING neutron.scheduler.dhcp_agent_scheduler [None req-be74f401-3afc-43b7-a960-577ac422993f b3ba4cb0cce841fa942682c2efdb49cc bd05afffd98649b68f6fcd18308867f9 - - default default] No more DHCP agents
2026-06-24 19:12:12.661 10 WARNING neutron.api.rpc.agentnotifiers.dhcp_rpc_agent_api [None req-be74f401-3afc-43b7-a960-577ac422993f b3ba4cb0cce841fa942682c2efdb49cc bd05afffd98649b68f6fcd18308867f9 - - default default] Unable to schedule network 2fbd240d-9cd2-4845-9a9a-055110697210: no agents available; will retry on subsequent port and subnet creation events.
2026-06-24 19:12:12.690 9 INFO neutron.wsgi [req-c8276f99-9fe2-474f-9b17-2311f3eb3f5d req-77e65ab4-5178-4040-a7b0-d6c81a699f6e 0228d60db1794f79b563f87482b38b7f a9300bfa96bf46e498024eef4a9eaaa8 - - c2ee87ff3b734500b7461b6666630454 c2ee87ff3b734500b7461b6666630454] 199.204.45.210 "GET /v2.0/ports?network_id=a0656fd1-f0b9-42ae-be94-b2b6ae978e8d&device_owner=network%3Adhcp HTTP/1.1" status: 200 len: 210 time: 0.0334632
2026-06-24 19:12:12.699 9 WARNING neutron.scheduler.dhcp_agent_scheduler [None req-82c1c306-fbb1-461a-af19-85a1ae2f2685 dd6d3b0be6574bcc8c030e373321ee42 eea02d937c094a3287ec4b71691051a8 - - default default] No more DHCP agents
2026-06-24 19:12:12.706 9 WARNING neutron.api.rpc.agentnotifiers.dhcp_rpc_agent_api [None req-82c1c306-fbb1-461a-af19-85a1ae2f2685 dd6d3b0be6574bcc8c030e373321ee42 eea02d937c094a3287ec4b71691051a8 - - default default] Unable to schedule network 1866fce5-8cdd-4860-9dac-f875febbae27: no agents available; will retry on subsequent port and subnet creation events.
2026-06-24 19:12:12.751 10 INFO neutron.db.ovn_revision_numbers_db [None req-be74f401-3afc-43b7-a960-577ac422993f b3ba4cb0cce841fa942682c2efdb49cc bd05afffd98649b68f6fcd18308867f9 - - default default] Successfully bumped revision number for resource 9d1429e6-57ca-4cf0-9e01-06ae9453547f (type: ports) to 1
2026-06-24 19:12:12.777 9 INFO neutron.wsgi [req-c8276f99-9fe2-474f-9b17-2311f3eb3f5d req-563b9460-57f6-4133-9558-af77ed034a8d 0228d60db1794f79b563f87482b38b7f a9300bfa96bf46e498024eef4a9eaaa8 - - c2ee87ff3b734500b7461b6666630454 c2ee87ff3b734500b7461b6666630454] 199.204.45.210 "GET /v2.0/networks/a0656fd1-f0b9-42ae-be94-b2b6ae978e8d?fields=segments HTTP/1.1" status: 200 len: 212 time: 0.0788801
2026-06-24 19:12:12.777 10 INFO neutron.wsgi [None req-be74f401-3afc-43b7-a960-577ac422993f b3ba4cb0cce841fa942682c2efdb49cc bd05afffd98649b68f6fcd18308867f9 - - default default] 10.0.0.128 "POST /v2.0/networks HTTP/1.1" status: 201 len: 929 time: 0.8901365
2026-06-24 19:12:12.874 9 INFO neutron.wsgi [req-c8276f99-9fe2-474f-9b17-2311f3eb3f5d req-c1aba443-e2f7-4a51-82a4-76d948ae6f37 0228d60db1794f79b563f87482b38b7f a9300bfa96bf46e498024eef4a9eaaa8 - - c2ee87ff3b734500b7461b6666630454 c2ee87ff3b734500b7461b6666630454] 199.204.45.210 "GET /v2.0/networks/a0656fd1-f0b9-42ae-be94-b2b6ae978e8d?fields=provider%3Aphysical_network&fields=provider%3Anetwork_type HTTP/1.1" status: 200 len: 277 time: 0.0880165
2026-06-24 19:12:12.981 10 INFO neutron.wsgi [-] 10.0.0.132 "GET / HTTP/1.1" status: 200 len: 247 time: 0.0019581
2026-06-24 19:12:12.982 10 INFO neutron.wsgi [-] 10.0.0.132 "GET / HTTP/1.1" status: 200 len: 247 time: 0.0011508
2026-06-24 19:12:12.984 10 WARNING neutron.scheduler.dhcp_agent_scheduler [None req-a5d89966-a7db-4126-bf9d-20b3418a8210 b3ba4cb0cce841fa942682c2efdb49cc bd05afffd98649b68f6fcd18308867f9 - - default default] No more DHCP agents
2026-06-24 19:12:12.987 10 WARNING neutron.api.rpc.agentnotifiers.dhcp_rpc_agent_api [None req-a5d89966-a7db-4126-bf9d-20b3418a8210 b3ba4cb0cce841fa942682c2efdb49cc bd05afffd98649b68f6fcd18308867f9 - - default default] Unable to schedule network 2fbd240d-9cd2-4845-9a9a-055110697210: no agents available; will retry on subsequent port and subnet creation events.
2026-06-24 19:12:13.138 10 INFO neutron.wsgi [req-3c9fafb2-b29d-469b-b5b9-39daf1870511 req-e8c33c59-b316-4a93-84e4-7ea5ed940f32 0228d60db1794f79b563f87482b38b7f a9300bfa96bf46e498024eef4a9eaaa8 - - c2ee87ff3b734500b7461b6666630454 c2ee87ff3b734500b7461b6666630454] 10.0.0.21 "GET /v2.0/ports?device_id=d4cbc80f-90ed-4841-b44a-d2b10c9dc398 HTTP/1.1" status: 200 len: 1638 time: 0.0486588
2026-06-24 19:12:13.206 10 INFO neutron.wsgi [req-3c9fafb2-b29d-469b-b5b9-39daf1870511 req-cf674e61-63a0-4da0-b165-fe0b3336cfde 0228d60db1794f79b563f87482b38b7f a9300bfa96bf46e498024eef4a9eaaa8 - - c2ee87ff3b734500b7461b6666630454 c2ee87ff3b734500b7461b6666630454] 10.0.0.21 "GET /v2.0/security-groups?id=58c79d7a-3cf0-44d3-86a8-3ab8c7834561&fields=id&fields=name HTTP/1.1" status: 200 len: 311 time: 0.0585375
2026-06-24 19:12:13.296 9 INFO neutron.db.ovn_revision_numbers_db [None req-82c1c306-fbb1-461a-af19-85a1ae2f2685 dd6d3b0be6574bcc8c030e373321ee42 eea02d937c094a3287ec4b71691051a8 - - default default] Successfully bumped revision number for resource 34c2c61a-eb45-48d1-98f7-5e177115e654 (type: ports) to 2
2026-06-24 19:12:13.339 9 INFO neutron.db.ovn_revision_numbers_db [None req-82c1c306-fbb1-461a-af19-85a1ae2f2685 dd6d3b0be6574bcc8c030e373321ee42 eea02d937c094a3287ec4b71691051a8 - - default default] Successfully bumped revision number for resource 54eb15ff-bae9-4703-b1fb-ba4a817affd3 (type: subnets) to 0
2026-06-24 19:12:13.357 9 INFO neutron.wsgi [None req-82c1c306-fbb1-461a-af19-85a1ae2f2685 dd6d3b0be6574bcc8c030e373321ee42 eea02d937c094a3287ec4b71691051a8 - - default default] 10.0.0.128 "POST /v2.0/subnets HTTP/1.1" status: 201 len: 804 time: 1.0224156
2026-06-24 19:12:13.428 9 INFO neutron.wsgi [None req-94b01cb5-5442-4e0a-a5fd-ec3f2edf40f4 dd6d3b0be6574bcc8c030e373321ee42 eea02d937c094a3287ec4b71691051a8 - - default default] 10.0.0.128 "PUT /v2.0/subnets/28271fee-cec3-43ba-b29e-6bf87baf51bd/tags HTTP/1.1" status: 200 len: 210 time: 0.0659440
2026-06-24 19:12:13.494 9 INFO neutron.wsgi [None req-04a3cd7f-5928-4270-8a8b-f281248f2216 dd6d3b0be6574bcc8c030e373321ee42 eea02d937c094a3287ec4b71691051a8 - - default default] 10.0.0.128 "PUT /v2.0/subnets/f14cb288-52ca-4aa7-a87f-cc6a341f1137/tags HTTP/1.1" status: 200 len: 218 time: 0.0611994
2026-06-24 19:12:13.547 10 INFO neutron.db.ovn_revision_numbers_db [None req-a5d89966-a7db-4126-bf9d-20b3418a8210 b3ba4cb0cce841fa942682c2efdb49cc bd05afffd98649b68f6fcd18308867f9 - - default default] Successfully bumped revision number for resource 9d1429e6-57ca-4cf0-9e01-06ae9453547f (type: ports) to 2
2026-06-24 19:12:13.558 9 INFO neutron.wsgi [None req-61e850e3-6169-4c34-816a-474c6297c31e dd6d3b0be6574bcc8c030e373321ee42 eea02d937c094a3287ec4b71691051a8 - - default default] 10.0.0.128 "PUT /v2.0/subnets/23aaaa80-41b1-4845-9506-56fc9f6825ce/tags HTTP/1.1" status: 200 len: 227 time: 0.0592709
2026-06-24 19:12:13.581 10 INFO neutron.db.ovn_revision_numbers_db [None req-a5d89966-a7db-4126-bf9d-20b3418a8210 b3ba4cb0cce841fa942682c2efdb49cc bd05afffd98649b68f6fcd18308867f9 - - default default] Successfully bumped revision number for resource 7a0b8040-29cc-4143-9bd3-d6aab8884cb5 (type: subnets) to 0
2026-06-24 19:12:13.597 10 INFO neutron.wsgi [None req-a5d89966-a7db-4126-bf9d-20b3418a8210 b3ba4cb0cce841fa942682c2efdb49cc bd05afffd98649b68f6fcd18308867f9 - - default default] 10.0.0.128 "POST /v2.0/subnets HTTP/1.1" status: 201 len: 822 time: 0.8135793
2026-06-24 19:12:13.610 10 WARNING neutron.api.v2.base [None req-4eb4ab6d-296e-4cdd-b9e6-6f34017c6f83 b3ba4cb0cce841fa942682c2efdb49cc bd05afffd98649b68f6fcd18308867f9 - - default default] An exception happened while processing the request body. The exception message is [Invalid input for target_tenant. Reason: '1234123412341234123412341234123412341234123412341234123412341234123412341234123412341234123412341234123412341234123412341234123412341234123412341234123412341234123412341234123412341234123412341234123412341234123412341234123412341234123412341234123412341234123412341234123412341234123412341234123412341234123412341234123412341234123412341234123412341234123412341234123412341234123412341234123412341234' exceeds maximum length of 255.].: webob.exc.HTTPBadRequest: Invalid input for target_tenant. Reason: '1234123412341234123412341234123412341234123412341234123412341234123412341234123412341234123412341234123412341234123412341234123412341234123412341234123412341234123412341234123412341234123412341234123412341234123412341234123412341234123412341234123412341234123412341234123412341234123412341234123412341234123412341234123412341234123412341234123412341234123412341234123412341234123412341234123412341234' exceeds maximum length of 255.
2026-06-24 19:12:13.610 10 INFO neutron.api.v2.resource [None req-4eb4ab6d-296e-4cdd-b9e6-6f34017c6f83 b3ba4cb0cce841fa942682c2efdb49cc bd05afffd98649b68f6fcd18308867f9 - - default default] create failed (client error): Invalid input for target_tenant. Reason: '1234123412341234123412341234123412341234123412341234123412341234123412341234123412341234123412341234123412341234123412341234123412341234123412341234123412341234123412341234123412341234123412341234123412341234123412341234123412341234123412341234123412341234123412341234123412341234123412341234123412341234123412341234123412341234123412341234123412341234123412341234123412341234123412341234123412341234' exceeds maximum length of 255.
2026-06-24 19:12:13.611 10 INFO neutron.wsgi [None req-4eb4ab6d-296e-4cdd-b9e6-6f34017c6f83 b3ba4cb0cce841fa942682c2efdb49cc bd05afffd98649b68f6fcd18308867f9 - - default default] 10.0.0.128 "POST /v2.0/rbac-policies HTTP/1.1" status: 400 len: 750 time: 0.0088971
2026-06-24 19:12:13.646 9 INFO neutron.wsgi [None req-d019638e-19b1-4878-a096-8e05b0b00976 dd6d3b0be6574bcc8c030e373321ee42 eea02d937c094a3287ec4b71691051a8 - - default default] 10.0.0.128 "PUT /v2.0/subnets/2aee91e9-dff0-4565-a480-90bb54798392/tags HTTP/1.1" status: 200 len: 212 time: 0.0824115
2026-06-24 19:12:13.704 9 INFO neutron.wsgi [None req-a7eaa162-0ea4-49f8-a047-eac96a841e55 dd6d3b0be6574bcc8c030e373321ee42 eea02d937c094a3287ec4b71691051a8 - - default default] 10.0.0.128 "GET /v2.0/subnets?tags=red HTTP/1.1" status: 200 len: 2027 time: 0.0517764
2026-06-24 19:12:13.782 9 INFO neutron.wsgi [None req-d9082697-008f-4e56-b12a-19b2fc34d689 dd6d3b0be6574bcc8c030e373321ee42 eea02d937c094a3287ec4b71691051a8 - - default default] 10.0.0.128 "GET /v2.0/subnets?tags=red%2Cblue HTTP/1.1" status: 200 len: 1430 time: 0.0596991
2026-06-24 19:12:13.840 9 INFO neutron.wsgi [None req-3166d778-339c-4805-a80a-4b4b727cfa31 dd6d3b0be6574bcc8c030e373321ee42 eea02d937c094a3287ec4b71691051a8 - - default default] 10.0.0.128 "GET /v2.0/subnets?tags-any=blue HTTP/1.1" status: 200 len: 1430 time: 0.0524194
2026-06-24 19:12:13.892 9 INFO neutron.wsgi [None req-94e11a14-7826-463b-a89e-5a11b37ffc33 dd6d3b0be6574bcc8c030e373321ee42 eea02d937c094a3287ec4b71691051a8 - - default default] 10.0.0.128 "GET /v2.0/subnets?tags-any=red%2Cblue HTTP/1.1" status: 200 len: 2027 time: 0.0469494
2026-06-24 19:12:13.953 9 INFO neutron.wsgi [None req-fcb3ced8-0912-4efc-90e4-7eeb937fd2b7 dd6d3b0be6574bcc8c030e373321ee42 eea02d937c094a3287ec4b71691051a8 - - default default] 10.0.0.128 "GET /v2.0/subnets?not-tags=red HTTP/1.1" status: 200 len: 2018 time: 0.0560808
2026-06-24 19:12:14.035 10 INFO neutron.wsgi [None req-8023a0f2-f8f6-4ba5-94cb-a26bd43ac5af dd6d3b0be6574bcc8c030e373321ee42 eea02d937c094a3287ec4b71691051a8 - - default default] 10.0.0.128 "GET /v2.0/subnets?not-tags=red%2Cblue HTTP/1.1" status: 200 len: 2615 time: 0.0746148
2026-06-24 19:12:14.148 10 INFO neutron.wsgi [None req-3b9c2e21-9d6e-480a-ac76-51d77a655cc0 dd6d3b0be6574bcc8c030e373321ee42 eea02d937c094a3287ec4b71691051a8 - - default default] 10.0.0.128 "GET /v2.0/subnets?not-tags-any=blue HTTP/1.1" status: 200 len: 2615 time: 0.1082191
2026-06-24 19:12:14.212 10 INFO neutron.wsgi [None req-0f415a0e-a200-4780-9383-74d0f36d10b1 dd6d3b0be6574bcc8c030e373321ee42 eea02d937c094a3287ec4b71691051a8 - - default default] 10.0.0.128 "GET /v2.0/subnets?not-tags-any=red%2Cblue HTTP/1.1" status: 200 len: 2018 time: 0.0601275
2026-06-24 19:12:14.380 9 INFO neutron.services.segments.plugin [-] Segment 684b46b9-0fe3-4a38-b0a0-bbb9055121fb resource provider aggregate not found
2026-06-24 19:12:14.390 9 INFO neutron.services.segments.plugin [-] Segment 684b46b9-0fe3-4a38-b0a0-bbb9055121fb resource provider aggregate not found
2026-06-24 19:12:14.401 9 INFO neutron.services.segments.plugin [-] Segment 684b46b9-0fe3-4a38-b0a0-bbb9055121fb resource provider not found; error: Placement Client Error (4xx): {"errors": [{"status": 404, "title": "Not Found", "detail": "The resource could not be found.\n\n No resource provider with uuid 684b46b9-0fe3-4a38-b0a0-bbb9055121fb found for delete ", "request_id": "req-632dee45-243b-493e-bd4c-cc2a8ef1c3fe"}]}
2026-06-24 19:12:14.410 9 INFO neutron.wsgi [None req-6d94ac25-9f4a-4163-9198-ee8439d9f922 b3ba4cb0cce841fa942682c2efdb49cc bd05afffd98649b68f6fcd18308867f9 - - default default] 10.0.0.128 "DELETE /v2.0/networks/2fbd240d-9cd2-4845-9a9a-055110697210 HTTP/1.1" status: 204 len: 168 time: 0.7953720
2026-06-24 19:12:14.412 9 INFO neutron.services.segments.plugin [-] Segment 684b46b9-0fe3-4a38-b0a0-bbb9055121fb resource provider not found; error: Placement Client Error (4xx): {"errors": [{"status": 404, "title": "Not Found", "detail": "The resource could not be found.\n\n No resource provider with uuid 684b46b9-0fe3-4a38-b0a0-bbb9055121fb found for delete ", "request_id": "req-f4903116-e5c7-4e72-9bbb-192294d93e0c"}]}
2026-06-24 19:12:14.447 10 INFO neutron.wsgi [None req-57b258e9-2c05-4411-9431-c23e8e1a0c67 dd6d3b0be6574bcc8c030e373321ee42 eea02d937c094a3287ec4b71691051a8 - - default default] 10.0.0.128 "DELETE /v2.0/subnets/28271fee-cec3-43ba-b29e-6bf87baf51bd HTTP/1.1" status: 204 len: 168 time: 0.2282162
2026-06-24 19:12:14.510 9 INFO neutron.db.segments_db [None req-d7d0c822-27e2-4aa1-8cda-f7412c0b8545 b3ba4cb0cce841fa942682c2efdb49cc bd05afffd98649b68f6fcd18308867f9 - - default default] Added segment e556171e-1cdb-46b4-9b15-b5104c0a7a5b of type geneve for network a47b147b-cf66-47e1-acbb-b93aa9dddcc1
2026-06-24 19:12:14.692 10 INFO neutron.wsgi [None req-faac792b-ce5c-458d-9c36-2c96bc6ba936 dd6d3b0be6574bcc8c030e373321ee42 eea02d937c094a3287ec4b71691051a8 - - default default] 10.0.0.128 "DELETE /v2.0/subnets/f14cb288-52ca-4aa7-a87f-cc6a341f1137 HTTP/1.1" status: 204 len: 168 time: 0.2408245
2026-06-24 19:12:14.695 9 INFO neutron.db.ovn_revision_numbers_db [None req-d7d0c822-27e2-4aa1-8cda-f7412c0b8545 b3ba4cb0cce841fa942682c2efdb49cc bd05afffd98649b68f6fcd18308867f9 - - default default] Successfully bumped revision number for resource a47b147b-cf66-47e1-acbb-b93aa9dddcc1 (type: networks) to 1
2026-06-24 19:12:14.897 9 WARNING neutron.scheduler.dhcp_agent_scheduler [None req-d7d0c822-27e2-4aa1-8cda-f7412c0b8545 b3ba4cb0cce841fa942682c2efdb49cc bd05afffd98649b68f6fcd18308867f9 - - default default] No more DHCP agents
2026-06-24 19:12:14.899 9 WARNING neutron.api.rpc.agentnotifiers.dhcp_rpc_agent_api [None req-d7d0c822-27e2-4aa1-8cda-f7412c0b8545 b3ba4cb0cce841fa942682c2efdb49cc bd05afffd98649b68f6fcd18308867f9 - - default default] Unable to schedule network a47b147b-cf66-47e1-acbb-b93aa9dddcc1: no agents available; will retry on subsequent port and subnet creation events.
2026-06-24 19:12:14.933 10 INFO neutron.wsgi [None req-55932603-8aa6-4da1-be74-5b1155c28054 dd6d3b0be6574bcc8c030e373321ee42 eea02d937c094a3287ec4b71691051a8 - - default default] 10.0.0.128 "DELETE /v2.0/subnets/23aaaa80-41b1-4845-9506-56fc9f6825ce HTTP/1.1" status: 204 len: 168 time: 0.2360930
2026-06-24 19:12:15.266 9 INFO neutron.db.ovn_revision_numbers_db [None req-d7d0c822-27e2-4aa1-8cda-f7412c0b8545 b3ba4cb0cce841fa942682c2efdb49cc bd05afffd98649b68f6fcd18308867f9 - - default default] Successfully bumped revision number for resource e204085c-bcaa-4a01-a5b4-f3f9559bba9c (type: ports) to 1
2026-06-24 19:12:15.297 9 INFO neutron.wsgi [None req-d7d0c822-27e2-4aa1-8cda-f7412c0b8545 b3ba4cb0cce841fa942682c2efdb49cc bd05afffd98649b68f6fcd18308867f9 - - default default] 10.0.0.128 "POST /v2.0/networks HTTP/1.1" status: 201 len: 929 time: 0.8794453
2026-06-24 19:12:15.452 9 INFO neutron.wsgi [None req-f26754cc-d0bd-4a22-9d5b-e8b0ad6b2c8d dd6d3b0be6574bcc8c030e373321ee42 eea02d937c094a3287ec4b71691051a8 - - default default] 10.0.0.128 "DELETE /v2.0/subnets/2aee91e9-dff0-4565-a480-90bb54798392 HTTP/1.1" status: 204 len: 168 time: 0.5124497
2026-06-24 19:12:15.498 10 WARNING neutron.scheduler.dhcp_agent_scheduler [None req-d92b09dc-6735-4e9a-aff9-ada70138c06b b3ba4cb0cce841fa942682c2efdb49cc bd05afffd98649b68f6fcd18308867f9 - - default default] No more DHCP agents
2026-06-24 19:12:15.501 10 WARNING neutron.api.rpc.agentnotifiers.dhcp_rpc_agent_api [None req-d92b09dc-6735-4e9a-aff9-ada70138c06b b3ba4cb0cce841fa942682c2efdb49cc bd05afffd98649b68f6fcd18308867f9 - - default default] Unable to schedule network a47b147b-cf66-47e1-acbb-b93aa9dddcc1: no agents available; will retry on subsequent port and subnet creation events.
2026-06-24 19:12:15.655 9 INFO neutron.wsgi [None req-9a48fcab-5550-40b2-91c0-01a9c674198b dd6d3b0be6574bcc8c030e373321ee42 eea02d937c094a3287ec4b71691051a8 - - default default] 10.0.0.128 "DELETE /v2.0/subnets/54eb15ff-bae9-4703-b1fb-ba4a817affd3 HTTP/1.1" status: 204 len: 168 time: 0.1995389
2026-06-24 19:12:16.062 10 INFO neutron.db.ovn_revision_numbers_db [None req-d92b09dc-6735-4e9a-aff9-ada70138c06b b3ba4cb0cce841fa942682c2efdb49cc bd05afffd98649b68f6fcd18308867f9 - - default default] Successfully bumped revision number for resource e204085c-bcaa-4a01-a5b4-f3f9559bba9c (type: ports) to 2
2026-06-24 19:12:16.075 9 INFO neutron.wsgi [None req-b005f5b1-8d2b-4d61-8a60-07eab29e7c01 dd6d3b0be6574bcc8c030e373321ee42 eea02d937c094a3287ec4b71691051a8 - - default default] 10.0.0.128 "DELETE /v2.0/networks/07694a94-25d4-4e2b-b85c-c92752cfec5f HTTP/1.1" status: 204 len: 168 time: 0.4135981
2026-06-24 19:12:16.129 10 INFO neutron.db.ovn_revision_numbers_db [None req-d92b09dc-6735-4e9a-aff9-ada70138c06b b3ba4cb0cce841fa942682c2efdb49cc bd05afffd98649b68f6fcd18308867f9 - - default default] Successfully bumped revision number for resource f8743b3b-6697-4f1d-a2fd-64e0c47b0236 (type: subnets) to 0
2026-06-24 19:12:16.149 10 INFO neutron.wsgi [None req-d92b09dc-6735-4e9a-aff9-ada70138c06b b3ba4cb0cce841fa942682c2efdb49cc bd05afffd98649b68f6fcd18308867f9 - - default default] 10.0.0.128 "POST /v2.0/subnets HTTP/1.1" status: 201 len: 822 time: 0.8461108
2026-06-24 19:12:16.433 9 INFO neutron.services.segments.plugin [-] Segment 45e911db-227f-4530-a6b9-ab2a7a404826 resource provider aggregate not found
2026-06-24 19:12:16.447 9 INFO neutron.services.segments.plugin [-] Segment 45e911db-227f-4530-a6b9-ab2a7a404826 resource provider not found; error: Placement Client Error (4xx): {"errors": [{"status": 404, "title": "Not Found", "detail": "The resource could not be found.\n\n No resource provider with uuid 45e911db-227f-4530-a6b9-ab2a7a404826 found for delete ", "request_id": "req-7358ddf2-9594-4d45-9a62-d5b251f9906e"}]}
2026-06-24 19:12:16.449 9 INFO neutron.services.segments.plugin [-] Segment 45e911db-227f-4530-a6b9-ab2a7a404826 resource provider aggregate not found
2026-06-24 19:12:16.466 9 INFO neutron.services.segments.plugin [-] Segment 45e911db-227f-4530-a6b9-ab2a7a404826 resource provider not found; error: Placement Client Error (4xx): {"errors": [{"status": 404, "title": "Not Found", "detail": "The resource could not be found.\n\n No resource provider with uuid 45e911db-227f-4530-a6b9-ab2a7a404826 found for delete ", "request_id": "req-74d2cd8e-32ef-423f-b071-a7c8941fac05"}]}
2026-06-24 19:12:16.468 10 INFO neutron.services.segments.plugin [-] Segment 485abf2b-7b9e-4ced-a328-ad33822ef812 resource provider aggregate not found
2026-06-24 19:12:16.477 10 INFO neutron.services.segments.plugin [-] Segment 485abf2b-7b9e-4ced-a328-ad33822ef812 resource provider aggregate not found
2026-06-24 19:12:16.483 10 INFO neutron.services.segments.plugin [-] Segment 485abf2b-7b9e-4ced-a328-ad33822ef812 resource provider not found; error: Placement Client Error (4xx): {"errors": [{"status": 404, "title": "Not Found", "detail": "The resource could not be found.\n\n No resource provider with uuid 485abf2b-7b9e-4ced-a328-ad33822ef812 found for delete ", "request_id": "req-5a65e09a-26a5-45ab-8166-967cd98d1758"}]}
2026-06-24 19:12:16.492 10 INFO neutron.services.segments.plugin [-] Segment 485abf2b-7b9e-4ced-a328-ad33822ef812 resource provider not found; error: Placement Client Error (4xx): {"errors": [{"status": 404, "title": "Not Found", "detail": "The resource could not be found.\n\n No resource provider with uuid 485abf2b-7b9e-4ced-a328-ad33822ef812 found for delete ", "request_id": "req-6fddfae7-44ef-41dc-aad5-024bbb35140c"}]}
2026-06-24 19:12:16.502 9 INFO neutron.wsgi [None req-cff27a4f-bd6e-4545-8fe9-3d8690eb8615 b3ba4cb0cce841fa942682c2efdb49cc bd05afffd98649b68f6fcd18308867f9 - - default default] 10.0.0.128 "POST /v2.0/rbac-policies HTTP/1.1" status: 201 len: 523 time: 0.3478448
2026-06-24 19:12:16.507 10 INFO neutron.wsgi [None req-55b613a7-dc79-48f0-be7f-fd399cda66ab dd6d3b0be6574bcc8c030e373321ee42 eea02d937c094a3287ec4b71691051a8 - - default default] 10.0.0.128 "DELETE /v2.0/networks/87fe1eb9-44d6-4c37-9954-aa148fa824ef HTTP/1.1" status: 204 len: 168 time: 0.4259074
2026-06-24 19:12:16.979 9 INFO neutron.wsgi [None req-d7ce70d3-34ea-46ff-b160-50c3a07af62b dd6d3b0be6574bcc8c030e373321ee42 eea02d937c094a3287ec4b71691051a8 - - default default] 10.0.0.128 "DELETE /v2.0/networks/57fda3a1-8cc8-45d9-8cf7-52c990efff18 HTTP/1.1" status: 204 len: 168 time: 0.4654768
2026-06-24 19:12:17.043 9 INFO neutron.wsgi [None req-35de74c1-4442-4d23-9583-2fe61655115d 8d2b12a88b1a4572bf523ac8d3e8c489 b9b1acd5032040ce875233b064a8ceb4 - - default default] 10.0.0.128 "GET /v2.0/networks/a47b147b-cf66-47e1-acbb-b93aa9dddcc1 HTTP/1.1" status: 200 len: 849 time: 0.1711407
2026-06-24 19:12:17.464 9 INFO neutron.wsgi [None req-26eb3d37-82f2-4e8c-ac2b-cb9942635810 dd6d3b0be6574bcc8c030e373321ee42 eea02d937c094a3287ec4b71691051a8 - - default default] 10.0.0.128 "DELETE /v2.0/networks/7feb4383-af73-4038-8993-56ec65c52253 HTTP/1.1" status: 204 len: 168 time: 0.4789441
2026-06-24 19:12:17.486 9 INFO neutron.pecan_wsgi.hooks.translation [None req-3aa7b393-d64b-4ac6-8023-33399e0bce3c 28bc5e8e983e4d31b981d69832bb25a9 f13a28e3da834ac3a83c55937517b108 - - default default] GET failed (client error): The resource could not be found.
2026-06-24 19:12:17.488 9 INFO neutron.wsgi [None req-3aa7b393-d64b-4ac6-8023-33399e0bce3c 28bc5e8e983e4d31b981d69832bb25a9 f13a28e3da834ac3a83c55937517b108 - - default default] 10.0.0.128 "GET /v2.0/networks/a47b147b-cf66-47e1-acbb-b93aa9dddcc1 HTTP/1.1" status: 404 len: 339 time: 0.0610991
2026-06-24 19:12:17.895 10 INFO neutron.wsgi [None req-90958af8-8b87-4538-93c1-01630a210d8b dd6d3b0be6574bcc8c030e373321ee42 eea02d937c094a3287ec4b71691051a8 - - default default] 10.0.0.128 "DELETE /v2.0/networks/1866fce5-8cdd-4860-9dac-f875febbae27 HTTP/1.1" status: 204 len: 168 time: 0.4273348
2026-06-24 19:12:18.112 9 INFO neutron.wsgi [None req-b9287341-b826-4f58-bc7b-e09b87aa48a0 b3ba4cb0cce841fa942682c2efdb49cc bd05afffd98649b68f6fcd18308867f9 - - default default] 10.0.0.128 "DELETE /v2.0/networks/a47b147b-cf66-47e1-acbb-b93aa9dddcc1 HTTP/1.1" status: 204 len: 168 time: 0.6204472
2026-06-24 19:12:18.133 9 INFO neutron.pecan_wsgi.hooks.translation [None req-c3af58a3-f20e-484e-8b1f-1cec97877fe2 b3ba4cb0cce841fa942682c2efdb49cc bd05afffd98649b68f6fcd18308867f9 - - default default] DELETE failed (client error): The resource could not be found.
2026-06-24 19:12:18.135 9 INFO neutron.wsgi [None req-c3af58a3-f20e-484e-8b1f-1cec97877fe2 b3ba4cb0cce841fa942682c2efdb49cc bd05afffd98649b68f6fcd18308867f9 - - default default] 10.0.0.128 "DELETE /v2.0/subnets/f69edfea-dd3c-4468-869b-1f8718151a6c HTTP/1.1" status: 404 len: 337 time: 0.0167146
2026-06-24 19:12:18.161 9 INFO neutron.pecan_wsgi.hooks.translation [None req-57f458a7-8675-424a-9539-4123d6084ab1 b3ba4cb0cce841fa942682c2efdb49cc bd05afffd98649b68f6fcd18308867f9 - - default default] DELETE failed (client error): The resource could not be found.
2026-06-24 19:12:18.164 9 INFO neutron.wsgi [None req-57f458a7-8675-424a-9539-4123d6084ab1 b3ba4cb0cce841fa942682c2efdb49cc bd05afffd98649b68f6fcd18308867f9 - - default default] 10.0.0.128 "DELETE /v2.0/subnets/7a0b8040-29cc-4143-9bd3-d6aab8884cb5 HTTP/1.1" status: 404 len: 337 time: 0.0197008
2026-06-24 19:12:18.184 9 INFO neutron.pecan_wsgi.hooks.translation [None req-ca462571-885d-4792-90c4-5d05b7fb0846 b3ba4cb0cce841fa942682c2efdb49cc bd05afffd98649b68f6fcd18308867f9 - - default default] DELETE failed (client error): The resource could not be found.
2026-06-24 19:12:18.186 9 INFO neutron.wsgi [None req-ca462571-885d-4792-90c4-5d05b7fb0846 b3ba4cb0cce841fa942682c2efdb49cc bd05afffd98649b68f6fcd18308867f9 - - default default] 10.0.0.128 "DELETE /v2.0/subnets/f8743b3b-6697-4f1d-a2fd-64e0c47b0236 HTTP/1.1" status: 404 len: 337 time: 0.0179152
2026-06-24 19:12:18.474 9 INFO neutron.services.segments.plugin [-] Segment ba7259a3-62ae-48a5-a1f9-a897e9b4080b resource provider aggregate not found
2026-06-24 19:12:18.505 9 INFO neutron.services.segments.plugin [-] Segment ba7259a3-62ae-48a5-a1f9-a897e9b4080b resource provider not found; error: Placement Client Error (4xx): {"errors": [{"status": 404, "title": "Not Found", "detail": "The resource could not be found.\n\n No resource provider with uuid ba7259a3-62ae-48a5-a1f9-a897e9b4080b found for delete ", "request_id": "req-4e6051df-250a-4b3e-82ab-f4b2646726a5"}]}
2026-06-24 19:12:18.513 9 INFO neutron.services.segments.plugin [-] Segment ba7259a3-62ae-48a5-a1f9-a897e9b4080b resource provider aggregate not found
2026-06-24 19:12:18.524 10 INFO neutron.services.segments.plugin [-] Segment 1bce839a-84ca-420b-8cf8-ae6dc11b4048 resource provider aggregate not found
2026-06-24 19:12:18.530 10 INFO neutron.services.segments.plugin [-] Segment 1bce839a-84ca-420b-8cf8-ae6dc11b4048 resource provider aggregate not found
2026-06-24 19:12:18.539 9 INFO neutron.services.segments.plugin [-] Segment 8622f8a7-c0dd-418d-919e-ef98fe407173 resource provider aggregate not found
2026-06-24 19:12:18.547 10 INFO neutron.services.segments.plugin [-] Segment 1bce839a-84ca-420b-8cf8-ae6dc11b4048 resource provider not found; error: Placement Client Error (4xx): {"errors": [{"status": 404, "title": "Not Found", "detail": "The resource could not be found.\n\n No resource provider with uuid 1bce839a-84ca-420b-8cf8-ae6dc11b4048 found for delete ", "request_id": "req-4100b8ab-0ebf-45a7-8cf7-d225910d1671"}]}
2026-06-24 19:12:18.550 9 INFO neutron.services.segments.plugin [-] Segment ba7259a3-62ae-48a5-a1f9-a897e9b4080b resource provider not found; error: Placement Client Error (4xx): {"errors": [{"status": 404, "title": "Not Found", "detail": "The resource could not be found.\n\n No resource provider with uuid ba7259a3-62ae-48a5-a1f9-a897e9b4080b found for delete ", "request_id": "req-f34618d3-ab30-4850-a8f4-3625cf63f92c"}]}
2026-06-24 19:12:18.553 10 INFO neutron.services.segments.plugin [-] Segment 1bce839a-84ca-420b-8cf8-ae6dc11b4048 resource provider not found; error: Placement Client Error (4xx): {"errors": [{"status": 404, "title": "Not Found", "detail": "The resource could not be found.\n\n No resource provider with uuid 1bce839a-84ca-420b-8cf8-ae6dc11b4048 found for delete ", "request_id": "req-8f2dd7fd-6024-42f9-8d94-9986708899a4"}]}
2026-06-24 19:12:18.565 9 INFO neutron.services.segments.plugin [-] Segment 8622f8a7-c0dd-418d-919e-ef98fe407173 resource provider aggregate not found
2026-06-24 19:12:18.575 9 INFO neutron.services.segments.plugin [-] Segment 8622f8a7-c0dd-418d-919e-ef98fe407173 resource provider not found; error: Placement Client Error (4xx): {"errors": [{"status": 404, "title": "Not Found", "detail": "The resource could not be found.\n\n No resource provider with uuid 8622f8a7-c0dd-418d-919e-ef98fe407173 found for delete ", "request_id": "req-b2be0f48-acee-4fde-ad94-a9be77a7fefd"}]}
2026-06-24 19:12:18.584 9 INFO neutron.services.segments.plugin [-] Segment 8622f8a7-c0dd-418d-919e-ef98fe407173 resource provider not found; error: Placement Client Error (4xx): {"errors": [{"status": 404, "title": "Not Found", "detail": "The resource could not be found.\n\n No resource provider with uuid 8622f8a7-c0dd-418d-919e-ef98fe407173 found for delete ", "request_id": "req-b7f52350-8fd9-46d8-8101-26724c381cb4"}]}
2026-06-24 19:12:18.597 9 INFO neutron.services.segments.plugin [-] Segment e556171e-1cdb-46b4-9b15-b5104c0a7a5b resource provider aggregate not found
2026-06-24 19:12:18.602 9 INFO neutron.services.segments.plugin [-] Segment e556171e-1cdb-46b4-9b15-b5104c0a7a5b resource provider aggregate not found
2026-06-24 19:12:18.615 9 INFO neutron.services.segments.plugin [-] Segment e556171e-1cdb-46b4-9b15-b5104c0a7a5b resource provider not found; error: Placement Client Error (4xx): {"errors": [{"status": 404, "title": "Not Found", "detail": "The resource could not be found.\n\n No resource provider with uuid e556171e-1cdb-46b4-9b15-b5104c0a7a5b found for delete ", "request_id": "req-da1d268a-5ac9-4ee4-84ad-34116076165c"}]}
2026-06-24 19:12:18.618 9 INFO neutron.services.segments.plugin [-] Segment e556171e-1cdb-46b4-9b15-b5104c0a7a5b resource provider not found; error: Placement Client Error (4xx): {"errors": [{"status": 404, "title": "Not Found", "detail": "The resource could not be found.\n\n No resource provider with uuid e556171e-1cdb-46b4-9b15-b5104c0a7a5b found for delete ", "request_id": "req-b5fa55ce-c7a5-42cf-bb0f-060b4b846b5c"}]}
2026-06-24 19:12:18.983 9 INFO neutron.wsgi [None req-4f13092d-3202-4cf5-bb7b-ccb659ee848d ec799136185c4c139505f37770c29a78 ea4228d175304820b807d0b681ed9103 - - default default] 10.0.0.128 "GET /v2.0/security-groups?tenant_id=eea02d937c094a3287ec4b71691051a8&name=default HTTP/1.1" status: 200 len: 3124 time: 0.2889771
2026-06-24 19:12:19.247 9 INFO neutron.wsgi [None req-75088b18-12c6-4a03-b983-1c4f30083c0d ec799136185c4c139505f37770c29a78 ea4228d175304820b807d0b681ed9103 - - default default] 10.0.0.128 "DELETE /v2.0/security-groups/0d7e9dec-ef48-4955-ace7-5b17d2e0e069 HTTP/1.1" status: 204 len: 168 time: 0.2586253
2026-06-24 19:12:19.262 10 INFO neutron.wsgi [None req-53965b6b-c0c2-4ab9-bca1-436f09d15b31 ec799136185c4c139505f37770c29a78 ea4228d175304820b807d0b681ed9103 - - default default] 10.0.0.128 "GET /v2.0/security-groups?tenant_id=bd05afffd98649b68f6fcd18308867f9&name=default HTTP/1.1" status: 200 len: 3124 time: 0.1417115
2026-06-24 19:12:19.475 9 INFO neutron.db.ovn_revision_numbers_db [None req-0b47bfac-7a39-4a8f-b448-fc7acb043468 ec799136185c4c139505f37770c29a78 ea4228d175304820b807d0b681ed9103 - - default default] Successfully bumped revision number for resource 7414b246-56b9-448b-8419-d705ef2e35b4 (type: security_groups) to 1
2026-06-24 19:12:19.489 10 INFO neutron.wsgi [None req-9bf43e84-e271-4dd9-b3a6-bffa3eab1c8b ec799136185c4c139505f37770c29a78 ea4228d175304820b807d0b681ed9103 - - default default] 10.0.0.128 "DELETE /v2.0/security-groups/1356122e-1f16-40d7-bd9e-7e2728958876 HTTP/1.1" status: 204 len: 168 time: 0.2213173
2026-06-24 19:12:19.491 9 INFO neutron.db.ovn_revision_numbers_db [None req-0b47bfac-7a39-4a8f-b448-fc7acb043468 ec799136185c4c139505f37770c29a78 ea4228d175304820b807d0b681ed9103 - - default default] Successfully bumped revision number for resource 12798120-636b-4014-8389-14d34baf05b3 (type: security_group_rules) to 0
2026-06-24 19:12:19.507 9 INFO neutron.db.ovn_revision_numbers_db [None req-0b47bfac-7a39-4a8f-b448-fc7acb043468 ec799136185c4c139505f37770c29a78 ea4228d175304820b807d0b681ed9103 - - default default] Successfully bumped revision number for resource 61372c30-9c60-4533-b487-79b4ae45329d (type: security_group_rules) to 0
2026-06-24 19:12:19.524 9 INFO neutron.db.ovn_revision_numbers_db [None req-0b47bfac-7a39-4a8f-b448-fc7acb043468 ec799136185c4c139505f37770c29a78 ea4228d175304820b807d0b681ed9103 - - default default] Successfully bumped revision number for resource c39abce3-6ffd-4c26-a9cf-5f0237012f00 (type: security_group_rules) to 0
2026-06-24 19:12:19.538 9 INFO neutron.db.ovn_revision_numbers_db [None req-0b47bfac-7a39-4a8f-b448-fc7acb043468 ec799136185c4c139505f37770c29a78 ea4228d175304820b807d0b681ed9103 - - default default] Successfully bumped revision number for resource c7000659-a6e4-4d27-a088-48c814620b33 (type: security_group_rules) to 0
2026-06-24 19:12:19.563 9 INFO neutron.wsgi [None req-0b47bfac-7a39-4a8f-b448-fc7acb043468 ec799136185c4c139505f37770c29a78 ea4228d175304820b807d0b681ed9103 - - default default] 10.0.0.128 "GET /v2.0/security-groups?tenant_id=c86b7750000f40daa7ace4d984642d41&name=default HTTP/1.1" status: 200 len: 3124 time: 0.2165594
2026-06-24 19:12:19.768 10 INFO neutron.db.ovn_revision_numbers_db [None req-9429d743-9ce0-4473-9f72-65a0b7a2d6b9 ec799136185c4c139505f37770c29a78 ea4228d175304820b807d0b681ed9103 - - default default] Successfully bumped revision number for resource f80b1574-31db-444d-8958-9f7ed8e29818 (type: security_groups) to 1
2026-06-24 19:12:19.785 10 INFO neutron.db.ovn_revision_numbers_db [None req-9429d743-9ce0-4473-9f72-65a0b7a2d6b9 ec799136185c4c139505f37770c29a78 ea4228d175304820b807d0b681ed9103 - - default default] Successfully bumped revision number for resource 06618e9c-e541-4c67-a1bb-322ca1bb86b3 (type: security_group_rules) to 0
2026-06-24 19:12:19.794 9 INFO neutron.wsgi [None req-bdaed9da-c799-4d15-962c-973aa6c0b944 ec799136185c4c139505f37770c29a78 ea4228d175304820b807d0b681ed9103 - - default default] 10.0.0.128 "DELETE /v2.0/security-groups/7414b246-56b9-448b-8419-d705ef2e35b4 HTTP/1.1" status: 204 len: 168 time: 0.2246437
2026-06-24 19:12:19.800 10 INFO neutron.db.ovn_revision_numbers_db [None req-9429d743-9ce0-4473-9f72-65a0b7a2d6b9 ec799136185c4c139505f37770c29a78 ea4228d175304820b807d0b681ed9103 - - default default] Successfully bumped revision number for resource 1fec6e91-64f2-45c9-b85e-07cbefc9c554 (type: security_group_rules) to 0
2026-06-24 19:12:19.814 10 INFO neutron.db.ovn_revision_numbers_db [None req-9429d743-9ce0-4473-9f72-65a0b7a2d6b9 ec799136185c4c139505f37770c29a78 ea4228d175304820b807d0b681ed9103 - - default default] Successfully bumped revision number for resource 6104cf3d-343c-45e1-9cc8-eb0ecb020331 (type: security_group_rules) to 0
2026-06-24 19:12:19.829 10 INFO neutron.db.ovn_revision_numbers_db [None req-9429d743-9ce0-4473-9f72-65a0b7a2d6b9 ec799136185c4c139505f37770c29a78 ea4228d175304820b807d0b681ed9103 - - default default] Successfully bumped revision number for resource bc6ebbec-b477-4013-b8d5-c91dcb81e211 (type: security_group_rules) to 0
2026-06-24 19:12:19.852 10 INFO neutron.wsgi [None req-9429d743-9ce0-4473-9f72-65a0b7a2d6b9 ec799136185c4c139505f37770c29a78 ea4228d175304820b807d0b681ed9103 - - default default] 10.0.0.128 "GET /v2.0/security-groups?tenant_id=b9b1acd5032040ce875233b064a8ceb4&name=default HTTP/1.1" status: 200 len: 3124 time: 0.2120392
2026-06-24 19:12:20.128 9 INFO neutron.db.ovn_revision_numbers_db [None req-8d5fb024-bbe3-466c-8013-65cecc00d008 ec799136185c4c139505f37770c29a78 ea4228d175304820b807d0b681ed9103 - - default default] Successfully bumped revision number for resource 11272b95-9855-438c-ba1d-7e564c489fbb (type: security_groups) to 1
2026-06-24 19:12:20.136 9 INFO neutron.wsgi [None req-53cd4637-fbdf-4a9c-958c-b531f09cb55d ec799136185c4c139505f37770c29a78 ea4228d175304820b807d0b681ed9103 - - default default] 10.0.0.128 "DELETE /v2.0/security-groups/f80b1574-31db-444d-8958-9f7ed8e29818 HTTP/1.1" status: 204 len: 168 time: 0.2770064
2026-06-24 19:12:20.147 9 INFO neutron.db.ovn_revision_numbers_db [None req-8d5fb024-bbe3-466c-8013-65cecc00d008 ec799136185c4c139505f37770c29a78 ea4228d175304820b807d0b681ed9103 - - default default] Successfully bumped revision number for resource 2d63e9d1-abcd-4175-8260-a6cdea5707dd (type: security_group_rules) to 0
2026-06-24 19:12:20.161 9 INFO neutron.db.ovn_revision_numbers_db [None req-8d5fb024-bbe3-466c-8013-65cecc00d008 ec799136185c4c139505f37770c29a78 ea4228d175304820b807d0b681ed9103 - - default default] Successfully bumped revision number for resource 47c98801-44fd-40cf-8178-6b2858ddf330 (type: security_group_rules) to 0
2026-06-24 19:12:20.174 9 INFO neutron.db.ovn_revision_numbers_db [None req-8d5fb024-bbe3-466c-8013-65cecc00d008 ec799136185c4c139505f37770c29a78 ea4228d175304820b807d0b681ed9103 - - default default] Successfully bumped revision number for resource 9532a36c-e689-476b-9196-968e3af038ef (type: security_group_rules) to 0
2026-06-24 19:12:20.188 9 INFO neutron.db.ovn_revision_numbers_db [None req-8d5fb024-bbe3-466c-8013-65cecc00d008 ec799136185c4c139505f37770c29a78 ea4228d175304820b807d0b681ed9103 - - default default] Successfully bumped revision number for resource f98036fc-828d-4d58-a545-7c82633adcad (type: security_group_rules) to 0
2026-06-24 19:12:20.209 9 INFO neutron.wsgi [None req-8d5fb024-bbe3-466c-8013-65cecc00d008 ec799136185c4c139505f37770c29a78 ea4228d175304820b807d0b681ed9103 - - default default] 10.0.0.128 "GET /v2.0/security-groups?tenant_id=ae5f5aa540cf41d6947a5538ca922c94&name=default HTTP/1.1" status: 200 len: 3124 time: 0.2474751
2026-06-24 19:12:20.379 9 INFO neutron.db.ovn_revision_numbers_db [None req-e0d76760-83b2-4e7b-b58f-29abe12d82d3 ec799136185c4c139505f37770c29a78 ea4228d175304820b807d0b681ed9103 - - default default] Successfully bumped revision number for resource 14b00e74-d5e0-4d75-912a-3d4ecee5c377 (type: security_groups) to 1
2026-06-24 19:12:20.393 9 INFO neutron.db.ovn_revision_numbers_db [None req-e0d76760-83b2-4e7b-b58f-29abe12d82d3 ec799136185c4c139505f37770c29a78 ea4228d175304820b807d0b681ed9103 - - default default] Successfully bumped revision number for resource 1d48d01e-408b-46d7-ad5d-5f32e2a8c4c7 (type: security_group_rules) to 0
