2026-06-24 19:12:20.405 9 INFO neutron.db.ovn_revision_numbers_db [None req-e0d76760-83b2-4e7b-b58f-29abe12d82d3 ec799136185c4c139505f37770c29a78 ea4228d175304820b807d0b681ed9103 - - default default] Successfully bumped revision number for resource 9dc8e8db-88c8-4fd6-ba41-d2409468446e (type: security_group_rules) to 0
2026-06-24 19:12:20.419 9 INFO neutron.db.ovn_revision_numbers_db [None req-e0d76760-83b2-4e7b-b58f-29abe12d82d3 ec799136185c4c139505f37770c29a78 ea4228d175304820b807d0b681ed9103 - - default default] Successfully bumped revision number for resource a012511d-3ac9-4ad5-9e53-6903e20d5719 (type: security_group_rules) to 0
2026-06-24 19:12:20.432 9 INFO neutron.db.ovn_revision_numbers_db [None req-e0d76760-83b2-4e7b-b58f-29abe12d82d3 ec799136185c4c139505f37770c29a78 ea4228d175304820b807d0b681ed9103 - - default default] Successfully bumped revision number for resource b0ebfa5b-7e9b-4516-b98a-cf3f2b3a94e3 (type: security_group_rules) to 0
2026-06-24 19:12:20.454 10 INFO neutron.wsgi [None req-347a350d-4a1d-431c-85b2-e2296972aaea ec799136185c4c139505f37770c29a78 ea4228d175304820b807d0b681ed9103 - - default default] 10.0.0.128 "DELETE /v2.0/security-groups/11272b95-9855-438c-ba1d-7e564c489fbb HTTP/1.1" status: 204 len: 168 time: 0.2385259
2026-06-24 19:12:20.463 9 INFO neutron.wsgi [None req-e0d76760-83b2-4e7b-b58f-29abe12d82d3 ec799136185c4c139505f37770c29a78 ea4228d175304820b807d0b681ed9103 - - default default] 10.0.0.128 "GET /v2.0/security-groups?tenant_id=f13a28e3da834ac3a83c55937517b108&name=default HTTP/1.1" status: 200 len: 3124 time: 0.1961365
2026-06-24 19:12:20.698 10 INFO neutron.wsgi [None req-c3814916-8afe-4716-9858-76d58f8041e3 ec799136185c4c139505f37770c29a78 ea4228d175304820b807d0b681ed9103 - - default default] 10.0.0.128 "DELETE /v2.0/security-groups/14b00e74-d5e0-4d75-912a-3d4ecee5c377 HTTP/1.1" status: 204 len: 168 time: 0.2298496
2026-06-24 19:12:21.305 10 INFO neutron.wsgi [req-ee1bc2da-3a29-4524-927a-0029c34112be req-a8c71362-5a63-4c0b-8e6a-3e1aaa1efa80 0228d60db1794f79b563f87482b38b7f a9300bfa96bf46e498024eef4a9eaaa8 - - c2ee87ff3b734500b7461b6666630454 c2ee87ff3b734500b7461b6666630454] 10.0.0.21 "GET /v2.0/ports?device_id=c4e27e32-b06a-4dce-9016-d6816c2c95fb HTTP/1.1" status: 200 len: 1638 time: 0.0418975
2026-06-24 19:12:21.355 10 INFO neutron.wsgi [req-ee1bc2da-3a29-4524-927a-0029c34112be req-4d45cee7-202d-4903-bfbf-5535dc4a16cb 0228d60db1794f79b563f87482b38b7f a9300bfa96bf46e498024eef4a9eaaa8 - - c2ee87ff3b734500b7461b6666630454 c2ee87ff3b734500b7461b6666630454] 10.0.0.21 "GET /v2.0/security-groups?id=58c79d7a-3cf0-44d3-86a8-3ab8c7834561&fields=id&fields=name HTTP/1.1" status: 200 len: 311 time: 0.0450397
2026-06-24 19:12:23.900 9 WARNING neutron_lib.context [None req-a0582619-c555-47ab-b438-acead6c9721a 646b71a4586340939d133c5f566c9bfb 5a93b10abd6b4ae085d4bf83653e5048 - - default default] Method 'is_advsvc' is deprecated since 2023.2 release (neutron-lib 3.8.0) and will be removed once support for the old RBAC API policies will be removed from Neutron. Please use method 'is_service_role' instead.
2026-06-24 19:12:23.953 9 INFO neutron.wsgi [None req-a0582619-c555-47ab-b438-acead6c9721a 646b71a4586340939d133c5f566c9bfb 5a93b10abd6b4ae085d4bf83653e5048 - - default default] 10.0.0.128 "POST /v2.0/subnetpools HTTP/1.1" status: 201 len: 715 time: 0.2234380
2026-06-24 19:12:24.016 9 INFO neutron.wsgi [None req-63be5461-5600-428b-9591-58cabec5cc82 646b71a4586340939d133c5f566c9bfb 5a93b10abd6b4ae085d4bf83653e5048 - - default default] 10.0.0.128 "PUT /v2.0/subnetpools/f83ef045-1c86-403c-aeb7-72ba0bbc6679/tags HTTP/1.1" status: 200 len: 218 time: 0.0583470
2026-06-24 19:12:24.050 9 INFO neutron.wsgi [None req-077be6d4-4ff6-4c92-ad1a-3b06e8611f9e 646b71a4586340939d133c5f566c9bfb 5a93b10abd6b4ae085d4bf83653e5048 - - default default] 10.0.0.128 "GET /v2.0/subnetpools/f83ef045-1c86-403c-aeb7-72ba0bbc6679/tags HTTP/1.1" status: 200 len: 218 time: 0.0257599
2026-06-24 19:12:24.100 9 INFO neutron.wsgi [None req-839d8c03-0f9e-4eef-9a16-f1361e368f7c 646b71a4586340939d133c5f566c9bfb 5a93b10abd6b4ae085d4bf83653e5048 - - default default] 10.0.0.128 "PUT /v2.0/subnetpools/f83ef045-1c86-403c-aeb7-72ba0bbc6679/tags/green HTTP/1.1" status: 201 len: 201 time: 0.0422423
2026-06-24 19:12:24.126 9 INFO neutron.wsgi [None req-9922a94e-af88-4ded-8bcd-606df51b5b5b 646b71a4586340939d133c5f566c9bfb 5a93b10abd6b4ae085d4bf83653e5048 - - default default] 10.0.0.128 "GET /v2.0/subnetpools/f83ef045-1c86-403c-aeb7-72ba0bbc6679/tags HTTP/1.1" status: 200 len: 227 time: 0.0202909
2026-06-24 19:12:24.154 9 INFO neutron.wsgi [None req-5ac94ac2-88fe-4a00-896a-0f583acf8d1c 646b71a4586340939d133c5f566c9bfb 5a93b10abd6b4ae085d4bf83653e5048 - - default default] 10.0.0.128 "PUT /v2.0/subnetpools/f83ef045-1c86-403c-aeb7-72ba0bbc6679/tags/red HTTP/1.1" status: 201 len: 201 time: 0.0223291
2026-06-24 19:12:24.179 9 INFO neutron.wsgi [None req-62172ff9-61ca-4cf5-970d-133232362d3c 646b71a4586340939d133c5f566c9bfb 5a93b10abd6b4ae085d4bf83653e5048 - - default default] 10.0.0.128 "GET /v2.0/subnetpools/f83ef045-1c86-403c-aeb7-72ba0bbc6679/tags HTTP/1.1" status: 200 len: 227 time: 0.0186119
2026-06-24 19:12:24.214 9 INFO neutron.wsgi [None req-2c630655-f173-4dfc-9014-7b840572ac02 646b71a4586340939d133c5f566c9bfb 5a93b10abd6b4ae085d4bf83653e5048 - - default default] 10.0.0.128 "PUT /v2.0/subnetpools/f83ef045-1c86-403c-aeb7-72ba0bbc6679/tags/black.or.white HTTP/1.1" status: 201 len: 201 time: 0.0302997
2026-06-24 19:12:24.240 9 INFO neutron.wsgi [None req-19bdf675-ded4-4d31-9f5e-7802de8b5bf6 646b71a4586340939d133c5f566c9bfb 5a93b10abd6b4ae085d4bf83653e5048 - - default default] 10.0.0.128 "GET /v2.0/subnetpools/f83ef045-1c86-403c-aeb7-72ba0bbc6679/tags HTTP/1.1" status: 200 len: 245 time: 0.0213008
2026-06-24 19:12:24.287 9 INFO neutron.wsgi [None req-b836e2dc-dad4-42e5-b47a-009bada39557 646b71a4586340939d133c5f566c9bfb 5a93b10abd6b4ae085d4bf83653e5048 - - default default] 10.0.0.128 "PUT /v2.0/subnetpools/f83ef045-1c86-403c-aeb7-72ba0bbc6679/tags HTTP/1.1" status: 200 len: 230 time: 0.0421832
2026-06-24 19:12:24.320 10 INFO neutron.wsgi [None req-dcea9698-4f29-4015-ae72-62a71c40214a 646b71a4586340939d133c5f566c9bfb 5a93b10abd6b4ae085d4bf83653e5048 - - default default] 10.0.0.128 "GET /v2.0/subnetpools/f83ef045-1c86-403c-aeb7-72ba0bbc6679/tags HTTP/1.1" status: 200 len: 230 time: 0.0271811
2026-06-24 19:12:24.352 10 INFO neutron.wsgi [None req-440332b1-1050-4785-8a27-5001b0265ad2 646b71a4586340939d133c5f566c9bfb 5a93b10abd6b4ae085d4bf83653e5048 - - default default] 10.0.0.128 "GET /v2.0/subnetpools/f83ef045-1c86-403c-aeb7-72ba0bbc6679/tags/red HTTP/1.1" status: 204 len: 168 time: 0.0272181
2026-06-24 19:12:24.378 9 INFO neutron.api.v2.resource [None req-77a9f3fa-65f4-423f-a759-d8e52ad689bc 646b71a4586340939d133c5f566c9bfb 5a93b10abd6b4ae085d4bf83653e5048 - - default default] show failed (client error): The resource could not be found.
2026-06-24 19:12:24.380 9 INFO neutron.wsgi [None req-77a9f3fa-65f4-423f-a759-d8e52ad689bc 646b71a4586340939d133c5f566c9bfb 5a93b10abd6b4ae085d4bf83653e5048 - - default default] 10.0.0.128 "GET /v2.0/subnetpools/f83ef045-1c86-403c-aeb7-72ba0bbc6679/tags/green HTTP/1.1" status: 404 len: 299 time: 0.0227461
2026-06-24 19:12:24.425 9 INFO neutron.wsgi [None req-43dee056-75ea-4dc2-a4c2-bb97fc4d1b5f 646b71a4586340939d133c5f566c9bfb 5a93b10abd6b4ae085d4bf83653e5048 - - default default] 10.0.0.128 "DELETE /v2.0/subnetpools/f83ef045-1c86-403c-aeb7-72ba0bbc6679/tags/red HTTP/1.1" status: 204 len: 168 time: 0.0395107
2026-06-24 19:12:24.455 9 INFO neutron.wsgi [None req-28e26c0e-50d9-4c17-b480-c93dc87ea753 646b71a4586340939d133c5f566c9bfb 5a93b10abd6b4ae085d4bf83653e5048 - - default default] 10.0.0.128 "GET /v2.0/subnetpools/f83ef045-1c86-403c-aeb7-72ba0bbc6679/tags HTTP/1.1" status: 200 len: 223 time: 0.0242345
2026-06-24 19:12:24.488 9 INFO neutron.api.v2.resource [None req-0e3508c2-4469-4aa4-bd57-08d2de0cd80c 646b71a4586340939d133c5f566c9bfb 5a93b10abd6b4ae085d4bf83653e5048 - - default default] delete failed (client error): The resource could not be found.
2026-06-24 19:12:24.490 9 INFO neutron.wsgi [None req-0e3508c2-4469-4aa4-bd57-08d2de0cd80c 646b71a4586340939d133c5f566c9bfb 5a93b10abd6b4ae085d4bf83653e5048 - - default default] 10.0.0.128 "DELETE /v2.0/subnetpools/f83ef045-1c86-403c-aeb7-72ba0bbc6679/tags/green HTTP/1.1" status: 404 len: 299 time: 0.0297561
2026-06-24 19:12:24.535 9 INFO neutron.wsgi [None req-6dff4b35-34f0-46da-aa9d-da3459efd696 646b71a4586340939d133c5f566c9bfb 5a93b10abd6b4ae085d4bf83653e5048 - - default default] 10.0.0.128 "DELETE /v2.0/subnetpools/f83ef045-1c86-403c-aeb7-72ba0bbc6679/tags HTTP/1.1" status: 204 len: 168 time: 0.0389178
2026-06-24 19:12:24.575 9 INFO neutron.wsgi [None req-ca9216fc-6dc3-4b4d-8a20-17283e19490c 646b71a4586340939d133c5f566c9bfb 5a93b10abd6b4ae085d4bf83653e5048 - - default default] 10.0.0.128 "GET /v2.0/subnetpools/f83ef045-1c86-403c-aeb7-72ba0bbc6679/tags HTTP/1.1" status: 200 len: 205 time: 0.0338931
2026-06-24 19:12:24.667 9 INFO neutron.wsgi [None req-1d06ca26-89ad-45b9-b5b5-388211c479d4 646b71a4586340939d133c5f566c9bfb 5a93b10abd6b4ae085d4bf83653e5048 - - default default] 10.0.0.128 "DELETE /v2.0/subnetpools/f83ef045-1c86-403c-aeb7-72ba0bbc6679 HTTP/1.1" status: 204 len: 168 time: 0.0805380
2026-06-24 19:12:24.722 9 INFO neutron.wsgi [None req-95752967-7b24-42ca-9108-73447d8aa9e3 24f26ab052014f8883274f04a9d00b84 d86e76b109d14be2912d7c9d85d485a5 - - default default] 10.0.0.128 "GET /v2.0/subnets/cf30834b-99a5-4705-a8b2-de71e3318fb6 HTTP/1.1" status: 200 len: 846 time: 0.0421584
2026-06-24 19:12:25.230 9 WARNING neutron_lib.context [None req-59fddb72-b23d-4691-9848-a58d3f31e5f3 0b82e169f7b2400d82801f56b43076ae f5fe9b96741b4c8e9ce7c9b15b504005 - - default default] Method 'is_advsvc' is deprecated since 2023.2 release (neutron-lib 3.8.0) and will be removed once support for the old RBAC API policies will be removed from Neutron. Please use method 'is_service_role' instead.
2026-06-24 19:12:25.495 9 WARNING neutron.scheduler.dhcp_agent_scheduler [None req-59fddb72-b23d-4691-9848-a58d3f31e5f3 0b82e169f7b2400d82801f56b43076ae f5fe9b96741b4c8e9ce7c9b15b504005 - - default default] No more DHCP agents
2026-06-24 19:12:25.496 9 WARNING neutron.api.rpc.agentnotifiers.dhcp_rpc_agent_api [None req-59fddb72-b23d-4691-9848-a58d3f31e5f3 0b82e169f7b2400d82801f56b43076ae f5fe9b96741b4c8e9ce7c9b15b504005 - - default default] Unable to schedule network 83af68fc-eabc-4f93-abd9-e363b8272142: no agents available; will retry on subsequent port and subnet creation events.
2026-06-24 19:12:25.647 10 INFO neutron.db.ovn_revision_numbers_db [None req-88373254-e97e-414a-ac46-187232230ebc ec799136185c4c139505f37770c29a78 ea4228d175304820b807d0b681ed9103 - - default default] Successfully bumped revision number for resource 02cd60d1-69cc-48b9-9471-7610982c3d73 (type: security_groups) to 1
2026-06-24 19:12:25.657 10 INFO neutron.wsgi [None req-1c9af535-8bfb-4b78-b666-e52dabf79993 ec799136185c4c139505f37770c29a78 ea4228d175304820b807d0b681ed9103 - - default default] 10.0.0.234 "GET /v2.0/extensions/security-group HTTP/1.1" status: 200 len: 369 time: 0.0429461
2026-06-24 19:12:25.669 10 INFO neutron.wsgi [None req-d62e36cc-974c-481d-a007-9e604b733226 ec799136185c4c139505f37770c29a78 ea4228d175304820b807d0b681ed9103 - - default default] 10.0.0.234 "GET /v2.0/extensions/dns-integration HTTP/1.1" status: 200 len: 371 time: 0.0041640
2026-06-24 19:12:25.670 10 INFO neutron.db.ovn_revision_numbers_db [None req-88373254-e97e-414a-ac46-187232230ebc ec799136185c4c139505f37770c29a78 ea4228d175304820b807d0b681ed9103 - - default default] Successfully bumped revision number for resource 01670b8c-dd64-46f4-a90f-5b1f31d98a09 (type: security_group_rules) to 0
2026-06-24 19:12:25.680 10 INFO neutron.wsgi [None req-adc2d9b7-5c38-4a14-a07a-8a9cae700042 ec799136185c4c139505f37770c29a78 ea4228d175304820b807d0b681ed9103 - - default default] 10.0.0.234 "GET /v2.0/extensions/qos HTTP/1.1" status: 200 len: 365 time: 0.0067744
2026-06-24 19:12:25.690 10 INFO neutron.wsgi [None req-09c100e1-4265-4227-b14c-c21365d53871 ec799136185c4c139505f37770c29a78 ea4228d175304820b807d0b681ed9103 - - default default] 10.0.0.234 "GET /v2.0/extensions/allowed-address-pairs HTTP/1.1" status: 200 len: 383 time: 0.0036848
2026-06-24 19:12:25.694 10 INFO neutron.db.ovn_revision_numbers_db [None req-88373254-e97e-414a-ac46-187232230ebc ec799136185c4c139505f37770c29a78 ea4228d175304820b807d0b681ed9103 - - default default] Successfully bumped revision number for resource 173145d6-8c5f-4f5b-b279-990f101e166d (type: security_group_rules) to 0
2026-06-24 19:12:25.710 10 INFO neutron.db.ovn_revision_numbers_db [None req-88373254-e97e-414a-ac46-187232230ebc ec799136185c4c139505f37770c29a78 ea4228d175304820b807d0b681ed9103 - - default default] Successfully bumped revision number for resource a15fdf38-f716-4222-8399-4dfcd74e8c01 (type: security_group_rules) to 0
2026-06-24 19:12:25.725 10 INFO neutron.db.ovn_revision_numbers_db [None req-88373254-e97e-414a-ac46-187232230ebc ec799136185c4c139505f37770c29a78 ea4228d175304820b807d0b681ed9103 - - default default] Successfully bumped revision number for resource bca73834-094c-40e7-92f5-3e2e64975e2d (type: security_group_rules) to 0
2026-06-24 19:12:25.755 10 INFO neutron.wsgi [None req-88373254-e97e-414a-ac46-187232230ebc ec799136185c4c139505f37770c29a78 ea4228d175304820b807d0b681ed9103 - - default default] 10.0.0.128 "GET /v2.0/security-groups?tenant_id=5a93b10abd6b4ae085d4bf83653e5048&name=default HTTP/1.1" status: 200 len: 3124 time: 0.3304369
2026-06-24 19:12:25.821 9 INFO neutron.wsgi [None req-59fddb72-b23d-4691-9848-a58d3f31e5f3 0b82e169f7b2400d82801f56b43076ae f5fe9b96741b4c8e9ce7c9b15b504005 - - default default] 10.0.0.128 "POST /v2.0/floatingips HTTP/1.1" status: 201 len: 751 time: 0.9320507
2026-06-24 19:12:25.829 9 WARNING neutron_lib.context [None req-de8d9a8d-a089-44c1-85f6-747e1dc0b4c0 0b82e169f7b2400d82801f56b43076ae f5fe9b96741b4c8e9ce7c9b15b504005 - - default default] Method 'is_advsvc' is deprecated since 2023.2 release (neutron-lib 3.8.0) and will be removed once support for the old RBAC API policies will be removed from Neutron. Please use method 'is_service_role' instead.
2026-06-24 19:12:25.982 10 INFO neutron.wsgi [None req-31d2c435-b6af-4c5d-84b7-5bbc64e02e85 ec799136185c4c139505f37770c29a78 ea4228d175304820b807d0b681ed9103 - - default default] 10.0.0.128 "DELETE /v2.0/security-groups/02cd60d1-69cc-48b9-9471-7610982c3d73 HTTP/1.1" status: 204 len: 168 time: 0.2224855
2026-06-24 19:12:26.135 9 WARNING neutron.scheduler.dhcp_agent_scheduler [None req-de8d9a8d-a089-44c1-85f6-747e1dc0b4c0 0b82e169f7b2400d82801f56b43076ae f5fe9b96741b4c8e9ce7c9b15b504005 - - default default] No more DHCP agents
2026-06-24 19:12:26.139 9 WARNING neutron.api.rpc.agentnotifiers.dhcp_rpc_agent_api [None req-de8d9a8d-a089-44c1-85f6-747e1dc0b4c0 0b82e169f7b2400d82801f56b43076ae f5fe9b96741b4c8e9ce7c9b15b504005 - - default default] Unable to schedule network 83af68fc-eabc-4f93-abd9-e363b8272142: no agents available; will retry on subsequent port and subnet creation events.
2026-06-24 19:12:26.211 10 INFO neutron.db.ovn_revision_numbers_db [None req-6732d62c-323f-4af0-9af6-5acf645034f6 ec799136185c4c139505f37770c29a78 ea4228d175304820b807d0b681ed9103 - - default default] Successfully bumped revision number for resource 8b9bb048-c5ee-4475-b6d4-3eeeca06c18a (type: security_groups) to 1
2026-06-24 19:12:26.228 10 INFO neutron.db.ovn_revision_numbers_db [None req-6732d62c-323f-4af0-9af6-5acf645034f6 ec799136185c4c139505f37770c29a78 ea4228d175304820b807d0b681ed9103 - - default default] Successfully bumped revision number for resource c55c9df2-431a-427a-a64d-176f824d626c (type: security_group_rules) to 0
2026-06-24 19:12:26.241 10 INFO neutron.db.ovn_revision_numbers_db [None req-6732d62c-323f-4af0-9af6-5acf645034f6 ec799136185c4c139505f37770c29a78 ea4228d175304820b807d0b681ed9103 - - default default] Successfully bumped revision number for resource c7139774-8174-4907-878f-b7b4b33c5b5d (type: security_group_rules) to 0
2026-06-24 19:12:26.256 10 INFO neutron.db.ovn_revision_numbers_db [None req-6732d62c-323f-4af0-9af6-5acf645034f6 ec799136185c4c139505f37770c29a78 ea4228d175304820b807d0b681ed9103 - - default default] Successfully bumped revision number for resource d07ffb22-909b-4cf9-b3f5-9a315c3d9ff8 (type: security_group_rules) to 0
2026-06-24 19:12:26.272 10 INFO neutron.db.ovn_revision_numbers_db [None req-6732d62c-323f-4af0-9af6-5acf645034f6 ec799136185c4c139505f37770c29a78 ea4228d175304820b807d0b681ed9103 - - default default] Successfully bumped revision number for resource d955bd2a-006c-478f-a9ba-5428b3888281 (type: security_group_rules) to 0
2026-06-24 19:12:26.291 10 INFO neutron.wsgi [None req-6732d62c-323f-4af0-9af6-5acf645034f6 ec799136185c4c139505f37770c29a78 ea4228d175304820b807d0b681ed9103 - - default default] 10.0.0.128 "GET /v2.0/security-groups?tenant_id=c82b849b8b4e4b00868d9a563cb6d990&name=default HTTP/1.1" status: 200 len: 3124 time: 0.2061279
2026-06-24 19:12:26.330 10 INFO neutron.wsgi [-] 10.0.0.234 "GET / HTTP/1.1" status: 200 len: 284 time: 0.0026312
2026-06-24 19:12:26.392 10 INFO neutron.wsgi [None req-175ae706-1ac8-4309-a583-c9c13ea759f2 eb39e50abbbb400a9620878506b28df0 75c4644000dd48138df500e467bbcba9 - - default default] 10.0.0.234 "GET /v2.0/subnets/cf30834b-99a5-4705-a8b2-de71e3318fb6 HTTP/1.1" status: 200 len: 833 time: 0.0376303
2026-06-24 19:12:26.404 10 INFO neutron.wsgi [None req-b6d42010-457a-4b99-94e3-6dbce8a0f7d9 ec799136185c4c139505f37770c29a78 ea4228d175304820b807d0b681ed9103 - - default default] 10.0.0.234 "GET /v2.0/extensions/security-group HTTP/1.1" status: 200 len: 369 time: 0.0058944
2026-06-24 19:12:26.414 10 INFO neutron.wsgi [None req-b202ea84-5849-4d08-a9a6-1aaa0fcbafdc ec799136185c4c139505f37770c29a78 ea4228d175304820b807d0b681ed9103 - - default default] 10.0.0.234 "GET /v2.0/extensions/dns-integration HTTP/1.1" status: 200 len: 371 time: 0.0047328
2026-06-24 19:12:26.424 10 INFO neutron.wsgi [None req-c819edcd-8442-424c-b0f1-85079c990edf ec799136185c4c139505f37770c29a78 ea4228d175304820b807d0b681ed9103 - - default default] 10.0.0.234 "GET /v2.0/extensions/qos HTTP/1.1" status: 200 len: 365 time: 0.0043840
2026-06-24 19:12:26.434 10 INFO neutron.wsgi [None req-f332723a-22fd-402f-bac1-a1405332c8a5 ec799136185c4c139505f37770c29a78 ea4228d175304820b807d0b681ed9103 - - default default] 10.0.0.234 "GET /v2.0/extensions/allowed-address-pairs HTTP/1.1" status: 200 len: 383 time: 0.0046639
2026-06-24 19:12:26.475 10 INFO neutron.wsgi [None req-074fb3ec-c26d-4cf9-be72-b3c3fc478558 ec799136185c4c139505f37770c29a78 ea4228d175304820b807d0b681ed9103 - - default default] 10.0.0.234 "GET /v2.0/subnets/cf30834b-99a5-4705-a8b2-de71e3318fb6 HTTP/1.1" status: 200 len: 851 time: 0.0332165
2026-06-24 19:12:26.523 9 INFO neutron.wsgi [None req-de8d9a8d-a089-44c1-85f6-747e1dc0b4c0 0b82e169f7b2400d82801f56b43076ae f5fe9b96741b4c8e9ce7c9b15b504005 - - default default] 10.0.0.128 "POST /v2.0/floatingips HTTP/1.1" status: 201 len: 751 time: 0.6974490
2026-06-24 19:12:26.532 10 WARNING neutron_lib.context [None req-d9a5e485-f1b9-4369-b8de-81fe2b58cb35 0b82e169f7b2400d82801f56b43076ae f5fe9b96741b4c8e9ce7c9b15b504005 - - default default] Method 'is_advsvc' is deprecated since 2023.2 release (neutron-lib 3.8.0) and will be removed once support for the old RBAC API policies will be removed from Neutron. Please use method 'is_service_role' instead.
2026-06-24 19:12:26.571 10 INFO neutron.wsgi [None req-70ad2792-d49a-4e74-b9d6-fa15ecc27e80 ec799136185c4c139505f37770c29a78 ea4228d175304820b807d0b681ed9103 - - default default] 10.0.0.234 "GET /v2.0/extensions/security-group HTTP/1.1" status: 200 len: 369 time: 0.0050161
2026-06-24 19:12:26.580 10 INFO neutron.wsgi [None req-2464f7ac-b5ea-42af-b270-fbc18c12076f ec799136185c4c139505f37770c29a78 ea4228d175304820b807d0b681ed9103 - - default default] 10.0.0.234 "GET /v2.0/extensions/dns-integration HTTP/1.1" status: 200 len: 371 time: 0.0043638
2026-06-24 19:12:26.581 9 INFO neutron.wsgi [None req-d0b80a18-ea70-41a5-9d89-b08b8aa5d242 ec799136185c4c139505f37770c29a78 ea4228d175304820b807d0b681ed9103 - - default default] 10.0.0.128 "DELETE /v2.0/security-groups/8b9bb048-c5ee-4475-b6d4-3eeeca06c18a HTTP/1.1" status: 204 len: 168 time: 0.2836668
2026-06-24 19:12:26.592 10 INFO neutron.wsgi [None req-c22fec04-2676-45dd-b35e-bfaf1281ed83 ec799136185c4c139505f37770c29a78 ea4228d175304820b807d0b681ed9103 - - default default] 10.0.0.234 "GET /v2.0/extensions/qos HTTP/1.1" status: 200 len: 365 time: 0.0037274
2026-06-24 19:12:26.601 10 INFO neutron.wsgi [None req-3f7bd4cf-79bf-453b-a04f-5c65ec66af2a ec799136185c4c139505f37770c29a78 ea4228d175304820b807d0b681ed9103 - - default default] 10.0.0.234 "GET /v2.0/extensions/allowed-address-pairs HTTP/1.1" status: 200 len: 383 time: 0.0049913
2026-06-24 19:12:26.683 10 INFO neutron.wsgi [None req-d2857e00-79aa-407f-a81d-f2362355f029 ec799136185c4c139505f37770c29a78 ea4228d175304820b807d0b681ed9103 - - default default] 10.0.0.234 "GET /v2.0/networks/95ea7fc5-4271-4eef-9e51-29b26a357dc0 HTTP/1.1" status: 200 len: 1001 time: 0.0725043
2026-06-24 19:12:26.695 10 INFO neutron.wsgi [None req-1481f558-35ba-49cd-8e64-d5c1280ecb09 ec799136185c4c139505f37770c29a78 ea4228d175304820b807d0b681ed9103 - - default default] 10.0.0.234 "GET /v2.0/extensions/project-id HTTP/1.1" status: 200 len: 403 time: 0.0053964
2026-06-24 19:12:26.853 10 WARNING neutron.scheduler.dhcp_agent_scheduler [None req-d9a5e485-f1b9-4369-b8de-81fe2b58cb35 0b82e169f7b2400d82801f56b43076ae f5fe9b96741b4c8e9ce7c9b15b504005 - - default default] No more DHCP agents
2026-06-24 19:12:26.858 10 WARNING neutron.api.rpc.agentnotifiers.dhcp_rpc_agent_api [None req-d9a5e485-f1b9-4369-b8de-81fe2b58cb35 0b82e169f7b2400d82801f56b43076ae f5fe9b96741b4c8e9ce7c9b15b504005 - - default default] Unable to schedule network 83af68fc-eabc-4f93-abd9-e363b8272142: no agents available; will retry on subsequent port and subnet creation events.
2026-06-24 19:12:27.088 10 WARNING neutron.scheduler.dhcp_agent_scheduler [None req-dd21f051-82b4-4830-b294-be4e3c3cc328 ec799136185c4c139505f37770c29a78 ea4228d175304820b807d0b681ed9103 - - default default] No more DHCP agents
2026-06-24 19:12:27.093 10 WARNING neutron.api.rpc.agentnotifiers.dhcp_rpc_agent_api [None req-dd21f051-82b4-4830-b294-be4e3c3cc328 ec799136185c4c139505f37770c29a78 ea4228d175304820b807d0b681ed9103 - - default default] Unable to schedule network 95ea7fc5-4271-4eef-9e51-29b26a357dc0: no agents available; will retry on subsequent port and subnet creation events.
2026-06-24 19:12:27.274 10 INFO neutron.wsgi [None req-d9a5e485-f1b9-4369-b8de-81fe2b58cb35 0b82e169f7b2400d82801f56b43076ae f5fe9b96741b4c8e9ce7c9b15b504005 - - default default] 10.0.0.128 "POST /v2.0/floatingips HTTP/1.1" status: 201 len: 751 time: 0.7455060
2026-06-24 19:12:27.286 9 WARNING neutron_lib.context [None req-7887ca70-71ea-4678-9fbe-bbb60ffebc2b 0b82e169f7b2400d82801f56b43076ae f5fe9b96741b4c8e9ce7c9b15b504005 - - default default] Method 'is_advsvc' is deprecated since 2023.2 release (neutron-lib 3.8.0) and will be removed once support for the old RBAC API policies will be removed from Neutron. Please use method 'is_service_role' instead.
2026-06-24 19:12:27.316 10 INFO neutron.db.ovn_revision_numbers_db [None req-dd21f051-82b4-4830-b294-be4e3c3cc328 ec799136185c4c139505f37770c29a78 ea4228d175304820b807d0b681ed9103 - - default default] Successfully bumped revision number for resource 7c6481b2-ec64-4606-8333-b6e9f248b2f5 (type: ports) to 1
2026-06-24 19:12:27.351 10 INFO neutron.wsgi [None req-dd21f051-82b4-4830-b294-be4e3c3cc328 ec799136185c4c139505f37770c29a78 ea4228d175304820b807d0b681ed9103 - - default default] 10.0.0.234 "POST /v2.0/ports HTTP/1.1" status: 201 len: 1333 time: 0.6505635
2026-06-24 19:12:27.804 9 WARNING neutron.scheduler.dhcp_agent_scheduler [None req-7887ca70-71ea-4678-9fbe-bbb60ffebc2b 0b82e169f7b2400d82801f56b43076ae f5fe9b96741b4c8e9ce7c9b15b504005 - - default default] No more DHCP agents
2026-06-24 19:12:27.808 9 WARNING neutron.api.rpc.agentnotifiers.dhcp_rpc_agent_api [None req-7887ca70-71ea-4678-9fbe-bbb60ffebc2b 0b82e169f7b2400d82801f56b43076ae f5fe9b96741b4c8e9ce7c9b15b504005 - - default default] Unable to schedule network 83af68fc-eabc-4f93-abd9-e363b8272142: no agents available; will retry on subsequent port and subnet creation events.
2026-06-24 19:12:27.979 9 INFO neutron.wsgi [-] 10.0.0.132 "GET / HTTP/1.1" status: 200 len: 247 time: 0.0019188
2026-06-24 19:12:27.979 10 INFO neutron.wsgi [-] 10.0.0.132 "GET / HTTP/1.1" status: 200 len: 247 time: 0.0020015
2026-06-24 19:12:28.141 9 INFO neutron.wsgi [None req-7887ca70-71ea-4678-9fbe-bbb60ffebc2b 0b82e169f7b2400d82801f56b43076ae f5fe9b96741b4c8e9ce7c9b15b504005 - - default default] 10.0.0.128 "POST /v2.0/floatingips HTTP/1.1" status: 201 len: 751 time: 0.8627274
2026-06-24 19:12:28.149 9 WARNING neutron_lib.context [None req-c9346eda-92cd-4316-953f-2d95ff2f37b2 0b82e169f7b2400d82801f56b43076ae f5fe9b96741b4c8e9ce7c9b15b504005 - - default default] Method 'is_advsvc' is deprecated since 2023.2 release (neutron-lib 3.8.0) and will be removed once support for the old RBAC API policies will be removed from Neutron. Please use method 'is_service_role' instead.
2026-06-24 19:12:28.464 9 WARNING neutron.scheduler.dhcp_agent_scheduler [None req-c9346eda-92cd-4316-953f-2d95ff2f37b2 0b82e169f7b2400d82801f56b43076ae f5fe9b96741b4c8e9ce7c9b15b504005 - - default default] No more DHCP agents
2026-06-24 19:12:28.469 9 WARNING neutron.api.rpc.agentnotifiers.dhcp_rpc_agent_api [None req-c9346eda-92cd-4316-953f-2d95ff2f37b2 0b82e169f7b2400d82801f56b43076ae f5fe9b96741b4c8e9ce7c9b15b504005 - - default default] Unable to schedule network 83af68fc-eabc-4f93-abd9-e363b8272142: no agents available; will retry on subsequent port and subnet creation events.
2026-06-24 19:12:28.854 9 INFO neutron.wsgi [None req-c9346eda-92cd-4316-953f-2d95ff2f37b2 0b82e169f7b2400d82801f56b43076ae f5fe9b96741b4c8e9ce7c9b15b504005 - - default default] 10.0.0.128 "POST /v2.0/floatingips HTTP/1.1" status: 201 len: 751 time: 0.7088840
2026-06-24 19:12:28.911 9 INFO neutron.wsgi [None req-a78f8478-b798-4dd9-bfd8-c9de54ed47f6 0b82e169f7b2400d82801f56b43076ae f5fe9b96741b4c8e9ce7c9b15b504005 - - default default] 10.0.0.128 "PUT /v2.0/floatingips/52bc9f09-b3b2-4336-b88b-3e6e6d2e30ce/tags HTTP/1.1" status: 200 len: 210 time: 0.0504749
2026-06-24 19:12:28.965 9 INFO neutron.wsgi [None req-d4720339-b055-47ef-b073-d52497912f65 0b82e169f7b2400d82801f56b43076ae f5fe9b96741b4c8e9ce7c9b15b504005 - - default default] 10.0.0.128 "PUT /v2.0/floatingips/6b02301a-c455-4cc2-a4ef-2c07e8fe2434/tags HTTP/1.1" status: 200 len: 218 time: 0.0501807
2026-06-24 19:12:29.036 9 INFO neutron.wsgi [None req-430f6b7d-e0f2-4054-b097-d622185b7e57 0b82e169f7b2400d82801f56b43076ae f5fe9b96741b4c8e9ce7c9b15b504005 - - default default] 10.0.0.128 "PUT /v2.0/floatingips/5f81985a-c079-40b3-ba6d-fa22eeed0ed8/tags HTTP/1.1" status: 200 len: 227 time: 0.0634551
2026-06-24 19:12:29.102 9 INFO neutron.wsgi [None req-092e4266-4454-4fe7-a0c3-99ad78f24882 0b82e169f7b2400d82801f56b43076ae f5fe9b96741b4c8e9ce7c9b15b504005 - - default default] 10.0.0.128 "PUT /v2.0/floatingips/46bf89f7-7dd3-4529-9e30-347b1b28501a/tags HTTP/1.1" status: 200 len: 212 time: 0.0621297 /var/lib/openstack/lib/python3.10/site-packages/pycadf/identifier.py:71: UserWarning: Invalid uuid: neutron. To ensure interoperability, identifiers should be a valid uuid. warnings.warn(('Invalid uuid: %s. To ensure interoperability, '
2026-06-24 19:12:29.163 10 INFO neutron.wsgi [None req-7b4cb3f4-772c-414b-a0ba-15d45f63cb57 0b82e169f7b2400d82801f56b43076ae f5fe9b96741b4c8e9ce7c9b15b504005 - - default default] 10.0.0.128 "GET /v2.0/floatingips?tags=red HTTP/1.1" status: 200 len: 1866 time: 0.0546861
2026-06-24 19:12:29.526 10 INFO neutron.wsgi [None req-b493f68e-b08e-44fa-a103-963ee9db3e9c 0b82e169f7b2400d82801f56b43076ae f5fe9b96741b4c8e9ce7c9b15b504005 - - default default] 10.0.0.128 "GET /v2.0/floatingips?tags=red%2Cblue HTTP/1.1" status: 200 len: 1323 time: 0.3579113
2026-06-24 19:12:29.568 10 INFO neutron.wsgi [None req-583a1c78-874b-43cc-9ef1-6c4cacf964c3 0b82e169f7b2400d82801f56b43076ae f5fe9b96741b4c8e9ce7c9b15b504005 - - default default] 10.0.0.128 "GET /v2.0/floatingips?tags-any=blue HTTP/1.1" status: 200 len: 1323 time: 0.0380764
2026-06-24 19:12:29.607 10 INFO neutron.wsgi [None req-88579065-8a62-4c8f-a79e-5ab6b90f9fa4 0b82e169f7b2400d82801f56b43076ae f5fe9b96741b4c8e9ce7c9b15b504005 - - default default] 10.0.0.128 "GET /v2.0/floatingips?tags-any=red%2Cblue HTTP/1.1" status: 200 len: 1866 time: 0.0329273
2026-06-24 19:12:29.682 10 INFO neutron.wsgi [None req-d30b8757-b35d-4384-8fd1-69612d6693ca 0b82e169f7b2400d82801f56b43076ae f5fe9b96741b4c8e9ce7c9b15b504005 - - default default] 10.0.0.128 "GET /v2.0/floatingips?not-tags=red HTTP/1.1" status: 200 len: 1295 time: 0.0705550
2026-06-24 19:12:29.731 10 INFO neutron.wsgi [None req-586180e5-5d33-4fde-9178-0bae2501ecc9 0b82e169f7b2400d82801f56b43076ae f5fe9b96741b4c8e9ce7c9b15b504005 - - default default] 10.0.0.128 "GET /v2.0/floatingips?not-tags=red%2Cblue HTTP/1.1" status: 200 len: 1838 time: 0.0440927
2026-06-24 19:12:29.783 10 INFO neutron.wsgi [None req-1356effe-98dc-40f1-900c-3c19b3203df4 0b82e169f7b2400d82801f56b43076ae f5fe9b96741b4c8e9ce7c9b15b504005 - - default default] 10.0.0.128 "GET /v2.0/floatingips?not-tags-any=blue HTTP/1.1" status: 200 len: 1838 time: 0.0469298
2026-06-24 19:12:29.834 10 INFO neutron.wsgi [None req-2091ca88-c251-4500-b98a-4fd1f9b948f5 0b82e169f7b2400d82801f56b43076ae f5fe9b96741b4c8e9ce7c9b15b504005 - - default default] 10.0.0.128 "GET /v2.0/floatingips?not-tags-any=red%2Cblue HTTP/1.1" status: 200 len: 1295 time: 0.0439448
2026-06-24 19:12:30.063 10 WARNING neutron_lib.context [None req-62502cef-00f6-49e8-81e3-a7a87610572a 594ee993f7f5423ab8d2bac90406f787 de525f9035b24897ade2dab66956b120 - - default default] Method 'is_advsvc' is deprecated since 2023.2 release (neutron-lib 3.8.0) and will be removed once support for the old RBAC API policies will be removed from Neutron. Please use method 'is_service_role' instead.
2026-06-24 19:12:30.104 9 INFO neutron.wsgi [None req-d1784db5-ff77-43c3-b620-89233f1df64e ec799136185c4c139505f37770c29a78 ea4228d175304820b807d0b681ed9103 - - default default] 199.204.45.210 "GET /v2.0/extensions/security-group HTTP/1.1" status: 200 len: 369 time: 0.0684490
2026-06-24 19:12:30.115 9 INFO neutron.wsgi [None req-f2e0e959-fabf-43d6-a7fa-a0c7c4fd9989 ec799136185c4c139505f37770c29a78 ea4228d175304820b807d0b681ed9103 - - default default] 199.204.45.210 "GET /v2.0/extensions/dns-integration HTTP/1.1" status: 200 len: 371 time: 0.0040495
2026-06-24 19:12:30.125 9 INFO neutron.wsgi [None req-06b04b18-a62d-494b-9ccb-3f302abd8eee ec799136185c4c139505f37770c29a78 ea4228d175304820b807d0b681ed9103 - - default default] 199.204.45.210 "GET /v2.0/extensions/qos HTTP/1.1" status: 200 len: 365 time: 0.0059395
2026-06-24 19:12:30.135 9 INFO neutron.wsgi [None req-6603321f-25c1-4122-92b7-00c5a1ec4b0b ec799136185c4c139505f37770c29a78 ea4228d175304820b807d0b681ed9103 - - default default] 199.204.45.210 "GET /v2.0/extensions/allowed-address-pairs HTTP/1.1" status: 200 len: 383 time: 0.0057247
2026-06-24 19:12:30.179 9 INFO neutron.wsgi [None req-49390490-0b00-45da-888e-7e2f8846b6da ec799136185c4c139505f37770c29a78 ea4228d175304820b807d0b681ed9103 - - default default] 199.204.45.210 "GET /v2.0/ports/7c6481b2-ec64-4606-8333-b6e9f248b2f5 HTTP/1.1" status: 200 len: 1328 time: 0.0383971
2026-06-24 19:12:30.244 10 INFO neutron.wsgi [None req-35ff960b-6088-4c48-a5b6-b8edd6de41d9 0b82e169f7b2400d82801f56b43076ae f5fe9b96741b4c8e9ce7c9b15b504005 - - default default] 10.0.0.128 "DELETE /v2.0/floatingips/52bc9f09-b3b2-4336-b88b-3e6e6d2e30ce HTTP/1.1" status: 204 len: 168 time: 0.4042797
2026-06-24 19:12:30.244 10 INFO neutron.db.ovn_revision_numbers_db [None req-62502cef-00f6-49e8-81e3-a7a87610572a 594ee993f7f5423ab8d2bac90406f787 de525f9035b24897ade2dab66956b120 - - default default] Successfully bumped revision number for resource c006a519-8672-4218-89b6-a26f06bc3dbe (type: security_groups) to 1
2026-06-24 19:12:30.262 10 INFO neutron.db.ovn_revision_numbers_db [None req-62502cef-00f6-49e8-81e3-a7a87610572a 594ee993f7f5423ab8d2bac90406f787 de525f9035b24897ade2dab66956b120 - - default default] Successfully bumped revision number for resource 4807990d-5d73-47e1-9bee-46f6d1c3053e (type: security_group_rules) to 0
2026-06-24 19:12:30.276 10 INFO neutron.db.ovn_revision_numbers_db [None req-62502cef-00f6-49e8-81e3-a7a87610572a 594ee993f7f5423ab8d2bac90406f787 de525f9035b24897ade2dab66956b120 - - default default] Successfully bumped revision number for resource 86349c3a-2c1d-49bd-bb55-5dfb3dea8165 (type: security_group_rules) to 0
2026-06-24 19:12:30.290 10 INFO neutron.db.ovn_revision_numbers_db [None req-62502cef-00f6-49e8-81e3-a7a87610572a 594ee993f7f5423ab8d2bac90406f787 de525f9035b24897ade2dab66956b120 - - default default] Successfully bumped revision number for resource 9e46ef49-806d-4e61-aa62-73f70403dd72 (type: security_group_rules) to 0
2026-06-24 19:12:30.307 10 INFO neutron.db.ovn_revision_numbers_db [None req-62502cef-00f6-49e8-81e3-a7a87610572a 594ee993f7f5423ab8d2bac90406f787 de525f9035b24897ade2dab66956b120 - - default default] Successfully bumped revision number for resource bd5b6791-90d6-4424-8e06-3766b67f64de (type: security_group_rules) to 0
2026-06-24 19:12:30.381 10 INFO neutron.db.segments_db [None req-62502cef-00f6-49e8-81e3-a7a87610572a 594ee993f7f5423ab8d2bac90406f787 de525f9035b24897ade2dab66956b120 - - default default] Added segment f8460498-c083-406a-90dd-a89d6de12c6b of type geneve for network 29f5ad66-c890-41f2-b077-777c25cf42d9
2026-06-24 19:12:30.457 9 INFO neutron.wsgi [None req-fecae2f5-3f49-4a1c-9338-29a28e37cc51 ec799136185c4c139505f37770c29a78 ea4228d175304820b807d0b681ed9103 - - default default] 199.204.45.210 "GET /v2.0/extensions/security-group HTTP/1.1" status: 200 len: 369 time: 0.0064957
2026-06-24 19:12:30.467 9 INFO neutron.wsgi [None req-6728db0e-372d-4dea-a194-67a89104ffa4 ec799136185c4c139505f37770c29a78 ea4228d175304820b807d0b681ed9103 - - default default] 199.204.45.210 "GET /v2.0/extensions/dns-integration HTTP/1.1" status: 200 len: 371 time: 0.0045724
2026-06-24 19:12:30.476 9 INFO neutron.wsgi [None req-47434a7c-fb8e-4c6b-99ca-dc7e33d37a2d ec799136185c4c139505f37770c29a78 ea4228d175304820b807d0b681ed9103 - - default default] 199.204.45.210 "GET /v2.0/extensions/qos HTTP/1.1" status: 200 len: 365 time: 0.0049095
2026-06-24 19:12:30.485 9 INFO neutron.wsgi [None req-caf41e5b-1a72-4dc6-be27-363aca978d3f ec799136185c4c139505f37770c29a78 ea4228d175304820b807d0b681ed9103 - - default default] 199.204.45.210 "GET /v2.0/extensions/allowed-address-pairs HTTP/1.1" status: 200 len: 383 time: 0.0042651
2026-06-24 19:12:30.507 9 INFO neutron.api.v2.resource [None req-ae1dd1aa-1c1c-4219-87f6-37f8ed7aaa40 ec799136185c4c139505f37770c29a78 ea4228d175304820b807d0b681ed9103 - - default default] show failed (client error): The resource could not be found.
2026-06-24 19:12:30.509 9 INFO neutron.wsgi [None req-ae1dd1aa-1c1c-4219-87f6-37f8ed7aaa40 ec799136185c4c139505f37770c29a78 ea4228d175304820b807d0b681ed9103 - - default default] 199.204.45.210 "GET /v2.0/security-groups/lb-0007bcde-5f92-4427-8652-d10e680642e9 HTTP/1.1" status: 404 len: 355 time: 0.0177238
2026-06-24 19:12:30.541 10 INFO neutron.db.ovn_revision_numbers_db [None req-62502cef-00f6-49e8-81e3-a7a87610572a 594ee993f7f5423ab8d2bac90406f787 de525f9035b24897ade2dab66956b120 - - default default] Successfully bumped revision number for resource 29f5ad66-c890-41f2-b077-777c25cf42d9 (type: networks) to 1
2026-06-24 19:12:30.557 9 INFO neutron.wsgi [None req-6ee36836-df38-403f-ab7d-728ebc826550 ec799136185c4c139505f37770c29a78 ea4228d175304820b807d0b681ed9103 - - default default] 199.204.45.210 "GET /v2.0/security-groups?name=lb-0007bcde-5f92-4427-8652-d10e680642e9 HTTP/1.1" status: 200 len: 221 time: 0.0448761
2026-06-24 19:12:30.683 9 INFO neutron.wsgi [None req-4d6e3668-e842-4472-8e33-a25978e2b084 0b82e169f7b2400d82801f56b43076ae f5fe9b96741b4c8e9ce7c9b15b504005 - - default default] 10.0.0.128 "DELETE /v2.0/floatingips/6b02301a-c455-4cc2-a4ef-2c07e8fe2434 HTTP/1.1" status: 204 len: 168 time: 0.4350002
2026-06-24 19:12:30.741 10 WARNING neutron.scheduler.dhcp_agent_scheduler [None req-62502cef-00f6-49e8-81e3-a7a87610572a 594ee993f7f5423ab8d2bac90406f787 de525f9035b24897ade2dab66956b120 - - default default] No more DHCP agents
2026-06-24 19:12:30.744 10 WARNING neutron.api.rpc.agentnotifiers.dhcp_rpc_agent_api [None req-62502cef-00f6-49e8-81e3-a7a87610572a 594ee993f7f5423ab8d2bac90406f787 de525f9035b24897ade2dab66956b120 - - default default] Unable to schedule network 29f5ad66-c890-41f2-b077-777c25cf42d9: no agents available; will retry on subsequent port and subnet creation events.
2026-06-24 19:12:30.750 9 INFO neutron.db.ovn_revision_numbers_db [None req-cf9fdd92-23af-4afe-9d66-404cd9b531b5 ec799136185c4c139505f37770c29a78 ea4228d175304820b807d0b681ed9103 - - default default] Successfully bumped revision number for resource bb59c033-8906-4b4c-b3ce-00bf580ab439 (type: security_groups) to 1
2026-06-24 19:12:30.781 9 INFO neutron.db.ovn_revision_numbers_db [None req-cf9fdd92-23af-4afe-9d66-404cd9b531b5 ec799136185c4c139505f37770c29a78 ea4228d175304820b807d0b681ed9103 - - default default] Successfully bumped revision number for resource 0fe065df-1e07-4e8a-a6d9-d4ed91346807 (type: security_group_rules) to 0
2026-06-24 19:12:30.800 9 INFO neutron.db.ovn_revision_numbers_db [None req-cf9fdd92-23af-4afe-9d66-404cd9b531b5 ec799136185c4c139505f37770c29a78 ea4228d175304820b807d0b681ed9103 - - default default] Successfully bumped revision number for resource ed60626f-92e4-4d9d-acc5-641d8c6e8ef8 (type: security_group_rules) to 0
2026-06-24 19:12:30.834 9 INFO neutron.wsgi [None req-cf9fdd92-23af-4afe-9d66-404cd9b531b5 ec799136185c4c139505f37770c29a78 ea4228d175304820b807d0b681ed9103 - - default default] 199.204.45.210 "POST /v2.0/security-groups HTTP/1.1" status: 201 len: 1843 time: 0.2691915
2026-06-24 19:12:30.849 10 INFO neutron.db.ovn_revision_numbers_db [None req-62502cef-00f6-49e8-81e3-a7a87610572a 594ee993f7f5423ab8d2bac90406f787 de525f9035b24897ade2dab66956b120 - - default default] Successfully bumped revision number for resource 1b6110a0-76e7-42c5-a80f-3dee7d86bf8a (type: ports) to 1
2026-06-24 19:12:30.874 10 INFO neutron.wsgi [None req-62502cef-00f6-49e8-81e3-a7a87610572a 594ee993f7f5423ab8d2bac90406f787 de525f9035b24897ade2dab66956b120 - - default default] 10.0.0.128 "POST /v2.0/networks HTTP/1.1" status: 201 len: 825 time: 0.9429035
2026-06-24 19:12:30.883 10 WARNING neutron_lib.context [None req-0203ab8c-32f1-40a9-987b-2fa863b030e4 594ee993f7f5423ab8d2bac90406f787 de525f9035b24897ade2dab66956b120 - - default default] Method 'is_advsvc' is deprecated since 2023.2 release (neutron-lib 3.8.0) and will be removed once support for the old RBAC API policies will be removed from Neutron. Please use method 'is_service_role' instead.
2026-06-24 19:12:30.899 9 INFO neutron.wsgi [None req-8b22b57a-eff2-47c1-b983-1126fd849e40 ec799136185c4c139505f37770c29a78 ea4228d175304820b807d0b681ed9103 - - default default] 199.204.45.210 "GET /v2.0/security-group-rules?security_group_id=bb59c033-8906-4b4c-b3ce-00bf580ab439 HTTP/1.1" status: 200 len: 1382 time: 0.0603883
2026-06-24 19:12:31.161 10 WARNING neutron.scheduler.dhcp_agent_scheduler [None req-0203ab8c-32f1-40a9-987b-2fa863b030e4 594ee993f7f5423ab8d2bac90406f787 de525f9035b24897ade2dab66956b120 - - default default] No more DHCP agents
2026-06-24 19:12:31.164 10 WARNING neutron.api.rpc.agentnotifiers.dhcp_rpc_agent_api [None req-0203ab8c-32f1-40a9-987b-2fa863b030e4 594ee993f7f5423ab8d2bac90406f787 de525f9035b24897ade2dab66956b120 - - default default] Unable to schedule network 29f5ad66-c890-41f2-b077-777c25cf42d9: no agents available; will retry on subsequent port and subnet creation events.
2026-06-24 19:12:31.197 9 INFO neutron.wsgi [None req-a8ddd829-ba7f-4e7e-9694-3a01672a4eda 0b82e169f7b2400d82801f56b43076ae f5fe9b96741b4c8e9ce7c9b15b504005 - - default default] 10.0.0.128 "DELETE /v2.0/floatingips/5f81985a-c079-40b3-ba6d-fa22eeed0ed8 HTTP/1.1" status: 204 len: 168 time: 0.5083299
2026-06-24 19:12:31.442 9 INFO neutron.db.ovn_revision_numbers_db [None req-6fd691d4-b0d3-4f50-b044-23895d76557a ec799136185c4c139505f37770c29a78 ea4228d175304820b807d0b681ed9103 - - default default] Successfully bumped revision number for resource 7c6481b2-ec64-4606-8333-b6e9f248b2f5 (type: ports) to 2
2026-06-24 19:12:31.456 9 INFO neutron.wsgi [None req-6fd691d4-b0d3-4f50-b044-23895d76557a ec799136185c4c139505f37770c29a78 ea4228d175304820b807d0b681ed9103 - - default default] 199.204.45.210 "PUT /v2.0/ports/7c6481b2-ec64-4606-8333-b6e9f248b2f5 HTTP/1.1" status: 200 len: 1328 time: 0.5491087
2026-06-24 19:12:31.620 9 INFO neutron.wsgi [None req-1a8ed783-f5ba-4c9e-b771-946bde027ec6 0b82e169f7b2400d82801f56b43076ae f5fe9b96741b4c8e9ce7c9b15b504005 - - default default] 10.0.0.128 "DELETE /v2.0/floatingips/46bf89f7-7dd3-4529-9e30-347b1b28501a HTTP/1.1" status: 204 len: 168 time: 0.4185617 /var/lib/openstack/lib/python3.10/site-packages/pycadf/identifier.py:71: UserWarning: Invalid uuid: neutron. To ensure interoperability, identifiers should be a valid uuid. warnings.warn(('Invalid uuid: %s. To ensure interoperability, '
2026-06-24 19:12:31.661 9 INFO neutron.wsgi [None req-62362c77-531a-47c9-bd85-7d0c00a9292d ec799136185c4c139505f37770c29a78 ea4228d175304820b807d0b681ed9103 - - default default] 199.204.45.210 "GET /v2.0/extensions/security-group HTTP/1.1" status: 200 len: 369 time: 0.0059841
2026-06-24 19:12:31.674 9 INFO neutron.wsgi [None req-4ba01be9-c829-4823-9657-f102d9fda9d9 ec799136185c4c139505f37770c29a78 ea4228d175304820b807d0b681ed9103 - - default default] 199.204.45.210 "GET /v2.0/extensions/dns-integration HTTP/1.1" status: 200 len: 371 time: 0.0063028
2026-06-24 19:12:31.692 9 INFO neutron.wsgi [None req-121ce8bd-7a82-46b1-9f0e-b8240e462fac ec799136185c4c139505f37770c29a78 ea4228d175304820b807d0b681ed9103 - - default default] 199.204.45.210 "GET /v2.0/extensions/qos HTTP/1.1" status: 200 len: 365 time: 0.0041745
2026-06-24 19:12:31.695 10 INFO neutron.db.ovn_revision_numbers_db [None req-0203ab8c-32f1-40a9-987b-2fa863b030e4 594ee993f7f5423ab8d2bac90406f787 de525f9035b24897ade2dab66956b120 - - default default] Successfully bumped revision number for resource 1b6110a0-76e7-42c5-a80f-3dee7d86bf8a (type: ports) to 2
2026-06-24 19:12:31.701 9 INFO neutron.wsgi [None req-0c732e91-c33b-4be0-9a08-0a06ad46c8da ec799136185c4c139505f37770c29a78 ea4228d175304820b807d0b681ed9103 - - default default] 199.204.45.210 "GET /v2.0/extensions/allowed-address-pairs HTTP/1.1" status: 200 len: 383 time: 0.0039964
2026-06-24 19:12:31.736 10 INFO neutron.db.ovn_revision_numbers_db [None req-0203ab8c-32f1-40a9-987b-2fa863b030e4 594ee993f7f5423ab8d2bac90406f787 de525f9035b24897ade2dab66956b120 - - default default] Successfully bumped revision number for resource 1fd4bbc5-236d-4cf7-b297-d05d8490a50f (type: subnets) to 0
2026-06-24 19:12:31.749 9 INFO neutron.wsgi [None req-62ba5863-2b58-4643-b9e3-fe613bf2eded ec799136185c4c139505f37770c29a78 ea4228d175304820b807d0b681ed9103 - - default default] 199.204.45.210 "GET /v2.0/subnets/cf30834b-99a5-4705-a8b2-de71e3318fb6 HTTP/1.1" status: 200 len: 851 time: 0.0411057
2026-06-24 19:12:31.757 10 INFO neutron.wsgi [None req-0203ab8c-32f1-40a9-987b-2fa863b030e4 594ee993f7f5423ab8d2bac90406f787 de525f9035b24897ade2dab66956b120 - - default default] 10.0.0.128 "POST /v2.0/subnets HTTP/1.1" status: 201 len: 801 time: 0.8785777
2026-06-24 19:12:31.766 10 WARNING neutron_lib.context [None req-26ea544c-ed10-4f84-8b38-1e34a22e284a 594ee993f7f5423ab8d2bac90406f787 de525f9035b24897ade2dab66956b120 - - default default] Method 'is_advsvc' is deprecated since 2023.2 release (neutron-lib 3.8.0) and will be removed once support for the old RBAC API policies will be removed from Neutron. Please use method 'is_service_role' instead.
2026-06-24 19:12:31.995 9 INFO neutron.wsgi [None req-5da4a6f3-a2f6-41b7-a339-5da5650aae85 0b82e169f7b2400d82801f56b43076ae f5fe9b96741b4c8e9ce7c9b15b504005 - - default default] 10.0.0.128 "DELETE /v2.0/floatingips/2311fb13-4515-453e-95ae-149a202324b3 HTTP/1.1" status: 204 len: 168 time: 0.3686254
2026-06-24 19:12:32.552 10 WARNING neutron.scheduler.dhcp_agent_scheduler [None req-26ea544c-ed10-4f84-8b38-1e34a22e284a 594ee993f7f5423ab8d2bac90406f787 de525f9035b24897ade2dab66956b120 - - default default] No more DHCP agents
2026-06-24 19:12:32.555 10 WARNING neutron.api.rpc.agentnotifiers.dhcp_rpc_agent_api [None req-26ea544c-ed10-4f84-8b38-1e34a22e284a 594ee993f7f5423ab8d2bac90406f787 de525f9035b24897ade2dab66956b120 - - default default] Unable to schedule network 83af68fc-eabc-4f93-abd9-e363b8272142: no agents available; will retry on subsequent port and subnet creation events.
2026-06-24 19:12:32.724 10 INFO neutron.db.ovn_revision_numbers_db [None req-26ea544c-ed10-4f84-8b38-1e34a22e284a 594ee993f7f5423ab8d2bac90406f787 de525f9035b24897ade2dab66956b120 - - default default] Successfully bumped revision number for resource d5611060-aa60-40db-b8f5-9429ef861fba (type: ports) to 1
2026-06-24 19:12:32.957 9 INFO neutron.db.ovn_revision_numbers_db [None req-2cd06420-ecc2-4004-bcc4-717f35d41a7d ec799136185c4c139505f37770c29a78 ea4228d175304820b807d0b681ed9103 - - default default] Successfully bumped revision number for resource c4c13c55-395a-43fa-9bf4-30a2ee4168f2 (type: security_groups) to 1
2026-06-24 19:12:32.975 9 INFO neutron.db.ovn_revision_numbers_db [None req-2cd06420-ecc2-4004-bcc4-717f35d41a7d ec799136185c4c139505f37770c29a78 ea4228d175304820b807d0b681ed9103 - - default default] Successfully bumped revision number for resource 52c8cd20-b2b1-44eb-9883-3ddd017f13af (type: security_group_rules) to 0
2026-06-24 19:12:32.989 9 INFO neutron.db.ovn_revision_numbers_db [None req-2cd06420-ecc2-4004-bcc4-717f35d41a7d ec799136185c4c139505f37770c29a78 ea4228d175304820b807d0b681ed9103 - - default default] Successfully bumped revision number for resource 5557695f-6613-456e-9f02-9fe4f80e4fe1 (type: security_group_rules) to 0
2026-06-24 19:12:33.009 9 INFO neutron.db.ovn_revision_numbers_db [None req-2cd06420-ecc2-4004-bcc4-717f35d41a7d ec799136185c4c139505f37770c29a78 ea4228d175304820b807d0b681ed9103 - - default default] Successfully bumped revision number for resource cb479b11-5f9a-4cab-8876-ca1ffa0d734f (type: security_group_rules) to 0
2026-06-24 19:12:33.025 9 INFO neutron.db.ovn_revision_numbers_db [None req-2cd06420-ecc2-4004-bcc4-717f35d41a7d ec799136185c4c139505f37770c29a78 ea4228d175304820b807d0b681ed9103 - - default default] Successfully bumped revision number for resource de7d78cd-f7a2-4f55-867c-f75285856c9f (type: security_group_rules) to 0
2026-06-24 19:12:33.052 9 INFO neutron.wsgi [None req-2cd06420-ecc2-4004-bcc4-717f35d41a7d ec799136185c4c139505f37770c29a78 ea4228d175304820b807d0b681ed9103 - - default default] 10.0.0.128 "GET /v2.0/security-groups?tenant_id=b81f9b8788eb45acab29e85c3d768131&name=default HTTP/1.1" status: 200 len: 3124 time: 0.3141220
2026-06-24 19:12:33.391 10 INFO neutron.wsgi [None req-84003cf5-143a-445f-a638-093b4c623989 ec799136185c4c139505f37770c29a78 ea4228d175304820b807d0b681ed9103 - - default default] 10.0.0.128 "DELETE /v2.0/security-groups/c4c13c55-395a-43fa-9bf4-30a2ee4168f2 HTTP/1.1" status: 204 len: 168 time: 0.3312659
2026-06-24 19:12:33.447 10 INFO neutron.plugins.ml2.drivers.ovn.mech_driver.ovsdb.commands [None req-9788bae1-2cd4-4678-bb7a-68f26f4f8fe4 - - - - - -] Schedule LRP lrp-d5611060-aa60-40db-b8f5-9429ef861fba on gateway f5cdd266-7fbb-49d4-98f3-cb656c516c24 with priority 1
2026-06-24 19:12:33.457 10 INFO neutron.plugins.ml2.drivers.ovn.mech_driver.mech_driver [None req-759e9e53-8a2f-4299-9a7d-b43739cd0a68 - - - - - -] OVN reports status up for port: d5611060-aa60-40db-b8f5-9429ef861fba
2026-06-24 19:12:33.473 10 INFO neutron.plugins.ml2.plugin [None req-759e9e53-8a2f-4299-9a7d-b43739cd0a68 - - - - - -] Attempt 1 to provision port d5611060-aa60-40db-b8f5-9429ef861fba
2026-06-24 19:12:33.492 10 INFO neutron.db.ovn_revision_numbers_db [None req-26ea544c-ed10-4f84-8b38-1e34a22e284a 594ee993f7f5423ab8d2bac90406f787 de525f9035b24897ade2dab66956b120 - - default default] Successfully bumped revision number for resource d5611060-aa60-40db-b8f5-9429ef861fba (type: router_ports) to 1
2026-06-24 19:12:33.575 10 INFO neutron.db.ovn_revision_numbers_db [None req-26ea544c-ed10-4f84-8b38-1e34a22e284a 594ee993f7f5423ab8d2bac90406f787 de525f9035b24897ade2dab66956b120 - - default default] Successfully bumped revision number for resource cc44cb5f-3933-4152-9853-d7cce608a649 (type: routers) to 2
2026-06-24 19:12:33.596 10 INFO neutron.wsgi [None req-26ea544c-ed10-4f84-8b38-1e34a22e284a 594ee993f7f5423ab8d2bac90406f787 de525f9035b24897ade2dab66956b120 - - default default] 10.0.0.128 "POST /v2.0/routers HTTP/1.1" status: 201 len: 1134 time: 1.8341048
2026-06-24 19:12:33.613 9 INFO neutron.db.ovn_revision_numbers_db [None req-11c0f3b4-a47f-4d1e-81c6-e18282480e7a ec799136185c4c139505f37770c29a78 ea4228d175304820b807d0b681ed9103 - - default default] Successfully bumped revision number for resource c8544388-6cf6-4e46-b3b6-83079a30596e (type: security_groups) to 1
2026-06-24 19:12:33.630 9 INFO neutron.db.ovn_revision_numbers_db [None req-11c0f3b4-a47f-4d1e-81c6-e18282480e7a ec799136185c4c139505f37770c29a78 ea4228d175304820b807d0b681ed9103 - - default default] Successfully bumped revision number for resource 0f043602-32b9-4559-8001-cfc973c39c9c (type: security_group_rules) to 0
