2026-06-24 18:34:05.159 10 INFO neutron.db.segments_db [None req-c8067736-4cad-4a40-9282-f2cb0f8955e1 ec799136185c4c139505f37770c29a78 ea4228d175304820b807d0b681ed9103 - - default default] Added segment 7a669ade-7ccc-4bb9-a7a8-630b3f34477e of type flat for network 83af68fc-eabc-4f93-abd9-e363b8272142
2026-06-24 18:34:05.392 10 INFO neutron.db.ovn_revision_numbers_db [None req-c8067736-4cad-4a40-9282-f2cb0f8955e1 ec799136185c4c139505f37770c29a78 ea4228d175304820b807d0b681ed9103 - - default default] Successfully bumped revision number for resource 83af68fc-eabc-4f93-abd9-e363b8272142 (type: networks) to 1
2026-06-24 18:34:05.640 10 WARNING neutron.scheduler.dhcp_agent_scheduler [None req-c8067736-4cad-4a40-9282-f2cb0f8955e1 ec799136185c4c139505f37770c29a78 ea4228d175304820b807d0b681ed9103 - - default default] No more DHCP agents
2026-06-24 18:34:05.643 10 WARNING neutron.api.rpc.agentnotifiers.dhcp_rpc_agent_api [None req-c8067736-4cad-4a40-9282-f2cb0f8955e1 ec799136185c4c139505f37770c29a78 ea4228d175304820b807d0b681ed9103 - - default default] Unable to schedule network 83af68fc-eabc-4f93-abd9-e363b8272142: no agents available; will retry on subsequent port and subnet creation events.
2026-06-24 18:34:05.779 10 INFO neutron.db.ovn_revision_numbers_db [None req-c8067736-4cad-4a40-9282-f2cb0f8955e1 ec799136185c4c139505f37770c29a78 ea4228d175304820b807d0b681ed9103 - - default default] Successfully bumped revision number for resource cd750e78-71a8-4c4d-8e03-80f08a7490ca (type: ports) to 1
2026-06-24 18:34:05.811 10 INFO neutron.wsgi [None req-c8067736-4cad-4a40-9282-f2cb0f8955e1 ec799136185c4c139505f37770c29a78 ea4228d175304820b807d0b681ed9103 - - default default] 199.204.45.210,10.0.0.132 "POST /v2.0/networks HTTP/1.1" status: 201 len: 886 time: 1.1654932
2026-06-24 18:34:06.978 10 INFO neutron.pecan_wsgi.hooks.translation [None req-07ba5c98-8183-4c5d-be01-a40922ff73da ec799136185c4c139505f37770c29a78 ea4228d175304820b807d0b681ed9103 - - default default] GET failed (client error): The resource could not be found.
2026-06-24 18:34:06.979 10 INFO neutron.wsgi [None req-07ba5c98-8183-4c5d-be01-a40922ff73da ec799136185c4c139505f37770c29a78 ea4228d175304820b807d0b681ed9103 - - default default] 199.204.45.210,10.0.0.132 "GET /v2.0/networks/public HTTP/1.1" status: 404 len: 290 time: 0.0507593
2026-06-24 18:34:07.051 10 INFO neutron.wsgi [None req-95c89a74-8e79-42f8-98d8-1b46295b64c1 ec799136185c4c139505f37770c29a78 ea4228d175304820b807d0b681ed9103 - - default default] 199.204.45.210,10.0.0.132 "GET /v2.0/networks?name=public HTTP/1.1" status: 200 len: 890 time: 0.0670092
2026-06-24 18:34:07.081 10 INFO neutron.pecan_wsgi.hooks.translation [None req-17afd755-4627-4b24-beec-05650bf649cd ec799136185c4c139505f37770c29a78 ea4228d175304820b807d0b681ed9103 - - default default] GET failed (client error): The resource could not be found.
2026-06-24 18:34:07.083 10 INFO neutron.wsgi [None req-17afd755-4627-4b24-beec-05650bf649cd ec799136185c4c139505f37770c29a78 ea4228d175304820b807d0b681ed9103 - - default default] 199.204.45.210,10.0.0.132 "GET /v2.0/subnets/public-subnet?network_id=83af68fc-eabc-4f93-abd9-e363b8272142 HTTP/1.1" status: 404 len: 295 time: 0.0246792
2026-06-24 18:34:07.108 10 INFO neutron.wsgi [None req-3b12d6e5-32bb-4852-b525-fcda75bfa2f9 ec799136185c4c139505f37770c29a78 ea4228d175304820b807d0b681ed9103 - - default default] 199.204.45.210,10.0.0.132 "GET /v2.0/subnets?name=public-subnet&network_id=83af68fc-eabc-4f93-abd9-e363b8272142 HTTP/1.1" status: 200 len: 188 time: 0.0203314
2026-06-24 18:34:07.391 10 WARNING neutron.scheduler.dhcp_agent_scheduler [None req-3e838079-4879-477e-8cb0-63c795c4b2a3 ec799136185c4c139505f37770c29a78 ea4228d175304820b807d0b681ed9103 - - default default] No more DHCP agents
2026-06-24 18:34:07.393 10 WARNING neutron.api.rpc.agentnotifiers.dhcp_rpc_agent_api [None req-3e838079-4879-477e-8cb0-63c795c4b2a3 ec799136185c4c139505f37770c29a78 ea4228d175304820b807d0b681ed9103 - - default default] Unable to schedule network 83af68fc-eabc-4f93-abd9-e363b8272142: no agents available; will retry on subsequent port and subnet creation events.
2026-06-24 18:34:08.014 10 INFO neutron.db.ovn_revision_numbers_db [None req-3e838079-4879-477e-8cb0-63c795c4b2a3 ec799136185c4c139505f37770c29a78 ea4228d175304820b807d0b681ed9103 - - default default] Successfully bumped revision number for resource cd750e78-71a8-4c4d-8e03-80f08a7490ca (type: ports) to 2
2026-06-24 18:34:08.059 10 INFO neutron.db.ovn_revision_numbers_db [None req-3e838079-4879-477e-8cb0-63c795c4b2a3 ec799136185c4c139505f37770c29a78 ea4228d175304820b807d0b681ed9103 - - default default] Successfully bumped revision number for resource d67cbe86-f753-4502-8283-c47ba2445196 (type: subnets) to 0
2026-06-24 18:34:08.079 10 INFO neutron.wsgi [None req-3e838079-4879-477e-8cb0-63c795c4b2a3 ec799136185c4c139505f37770c29a78 ea4228d175304820b807d0b681ed9103 - - default default] 199.204.45.210,10.0.0.132 "POST /v2.0/subnets HTTP/1.1" status: 201 len: 821 time: 0.9635322
2026-06-24 18:34:12.335 15 WARNING neutron.plugins.ml2.drivers.ovn.mech_driver.ovsdb.ovn_db_sync [None req-c209ad6b-3954-4445-90f9-c229459b362e - - - - - -] New host instance found in OVN SB DB, but not in Neutron. Add its SegmentHostMapping in Neutron
2026-06-24 18:34:12.864 15 INFO neutron.plugins.ml2.drivers.ovn.mech_driver.ovsdb.extensions.qos [None req-426596fc-62a6-41a0-8bbf-5eba75f265b7 - - - - - -] Starting OVNClientQosExtension
2026-06-24 18:34:12.898 15 INFO neutron.plugins.ml2.drivers.ovn.mech_driver.ovsdb.extensions.qos [None req-426596fc-62a6-41a0-8bbf-5eba75f265b7 - - - - - -] Starting OVNClientQosExtension
2026-06-24 18:34:12.984 9 INFO neutron.wsgi [-] 10.0.0.132 "GET / HTTP/1.1" status: 200 len: 247 time: 0.0056856
2026-06-24 18:34:27.981 10 INFO neutron.wsgi [-] 10.0.0.132 "GET / HTTP/1.1" status: 200 len: 247 time: 0.0025172
2026-06-24 18:34:42.983 10 INFO neutron.wsgi [-] 10.0.0.132 "GET / HTTP/1.1" status: 200 len: 247 time: 0.0042541
2026-06-24 18:34:57.980 9 INFO neutron.wsgi [-] 10.0.0.132 "GET / HTTP/1.1" status: 200 len: 247 time: 0.0021567
2026-06-24 18:34:57.982 9 INFO neutron.wsgi [-] 10.0.0.132 "GET / HTTP/1.1" status: 200 len: 247 time: 0.0014505
2026-06-24 18:35:12.980 9 INFO neutron.wsgi [-] 10.0.0.132 "GET / HTTP/1.1" status: 200 len: 247 time: 0.0019670
2026-06-24 18:35:12.983 9 INFO neutron.wsgi [-] 10.0.0.132 "GET / HTTP/1.1" status: 200 len: 247 time: 0.0023379
2026-06-24 18:35:27.983 9 INFO neutron.wsgi [-] 10.0.0.132 "GET / HTTP/1.1" status: 200 len: 247 time: 0.0034821
2026-06-24 18:35:27.985 10 INFO neutron.wsgi [-] 10.0.0.132 "GET / HTTP/1.1" status: 200 len: 247 time: 0.0061445
2026-06-24 18:35:42.979 9 INFO neutron.wsgi [-] 10.0.0.132 "GET / HTTP/1.1" status: 200 len: 247 time: 0.0015981
2026-06-24 18:35:42.981 9 INFO neutron.wsgi [-] 10.0.0.132 "GET / HTTP/1.1" status: 200 len: 247 time: 0.0013058
2026-06-24 18:35:57.985 10 INFO neutron.wsgi [-] 10.0.0.132 "GET / HTTP/1.1" status: 200 len: 247 time: 0.0060372
2026-06-24 18:35:57.987 10 INFO neutron.wsgi [-] 10.0.0.132 "GET / HTTP/1.1" status: 200 len: 247 time: 0.0013742
2026-06-24 18:36:12.979 10 INFO neutron.wsgi [-] 10.0.0.132 "GET / HTTP/1.1" status: 200 len: 247 time: 0.0017631
2026-06-24 18:36:12.980 10 INFO neutron.wsgi [-] 10.0.0.132 "GET / HTTP/1.1" status: 200 len: 247 time: 0.0010409
2026-06-24 18:36:27.980 10 INFO neutron.wsgi [-] 10.0.0.132 "GET / HTTP/1.1" status: 200 len: 247 time: 0.0020618
2026-06-24 18:36:27.982 9 INFO neutron.wsgi [-] 10.0.0.132 "GET / HTTP/1.1" status: 200 len: 247 time: 0.0032167
2026-06-24 18:36:42.979 9 INFO neutron.wsgi [-] 10.0.0.132 "GET / HTTP/1.1" status: 200 len: 247 time: 0.0016241
2026-06-24 18:36:42.980 10 INFO neutron.wsgi [-] 10.0.0.132 "GET / HTTP/1.1" status: 200 len: 247 time: 0.0020823
2026-06-24 18:36:57.980 9 INFO neutron.wsgi [-] 10.0.0.132 "GET / HTTP/1.1" status: 200 len: 247 time: 0.0019233
2026-06-24 18:36:57.983 10 INFO neutron.wsgi [-] 10.0.0.132 "GET / HTTP/1.1" status: 200 len: 247 time: 0.0057499
2026-06-24 18:37:12.980 10 INFO neutron.wsgi [-] 10.0.0.132 "GET / HTTP/1.1" status: 200 len: 247 time: 0.0020170
2026-06-24 18:37:12.980 9 INFO neutron.wsgi [-] 10.0.0.132 "GET / HTTP/1.1" status: 200 len: 247 time: 0.0018778
2026-06-24 18:37:27.984 9 INFO neutron.wsgi [-] 10.0.0.132 "GET / HTTP/1.1" status: 200 len: 247 time: 0.0062542
2026-06-24 18:37:27.984 10 INFO neutron.wsgi [-] 10.0.0.132 "GET / HTTP/1.1" status: 200 len: 247 time: 0.0042038
2026-06-24 18:37:42.982 10 INFO neutron.wsgi [-] 10.0.0.132 "GET / HTTP/1.1" status: 200 len: 247 time: 0.0033481
2026-06-24 18:37:42.984 9 INFO neutron.wsgi [-] 10.0.0.132 "GET / HTTP/1.1" status: 200 len: 247 time: 0.0030932
2026-06-24 18:37:57.979 10 INFO neutron.wsgi [-] 10.0.0.132 "GET / HTTP/1.1" status: 200 len: 247 time: 0.0014598
2026-06-24 18:37:57.982 9 INFO neutron.wsgi [-] 10.0.0.132 "GET / HTTP/1.1" status: 200 len: 247 time: 0.0037467
2026-06-24 18:38:12.980 10 INFO neutron.wsgi [-] 10.0.0.132 "GET / HTTP/1.1" status: 200 len: 247 time: 0.0023022
2026-06-24 18:38:12.984 9 INFO neutron.wsgi [-] 10.0.0.132 "GET / HTTP/1.1" status: 200 len: 247 time: 0.0062511
2026-06-24 18:38:27.980 9 INFO neutron.wsgi [-] 10.0.0.132 "GET / HTTP/1.1" status: 200 len: 247 time: 0.0025547
2026-06-24 18:38:27.983 10 INFO neutron.wsgi [-] 10.0.0.132 "GET / HTTP/1.1" status: 200 len: 247 time: 0.0060780
2026-06-24 18:38:42.981 9 INFO neutron.wsgi [-] 10.0.0.132 "GET / HTTP/1.1" status: 200 len: 247 time: 0.0018909
2026-06-24 18:38:42.982 10 INFO neutron.wsgi [-] 10.0.0.132 "GET / HTTP/1.1" status: 200 len: 247 time: 0.0027854 /var/lib/openstack/lib/python3.10/site-packages/pycadf/identifier.py:71: UserWarning: Invalid uuid: unknown. To ensure interoperability, identifiers should be a valid uuid. warnings.warn(('Invalid uuid: %s. To ensure interoperability, '
2026-06-24 18:38:48.194 9 INFO neutron.pecan_wsgi.hooks.translation [None req-e7fb8f25-4ad4-4031-aba4-26d19a43ce4f ec799136185c4c139505f37770c29a78 ea4228d175304820b807d0b681ed9103 - - default default] GET failed (client error): The resource could not be found.
2026-06-24 18:38:48.196 9 INFO neutron.wsgi [None req-e7fb8f25-4ad4-4031-aba4-26d19a43ce4f ec799136185c4c139505f37770c29a78 ea4228d175304820b807d0b681ed9103 - - default default] 199.204.45.210,10.0.0.132 "GET /v2.0/networks/lb-mgmt-net HTTP/1.1" status: 404 len: 295 time: 0.6722651
2026-06-24 18:38:48.225 9 INFO neutron.wsgi [None req-e0b79c2e-0ae5-431e-b9ad-5975d2ac5069 ec799136185c4c139505f37770c29a78 ea4228d175304820b807d0b681ed9103 - - default default] 199.204.45.210,10.0.0.132 "GET /v2.0/networks?name=lb-mgmt-net HTTP/1.1" status: 200 len: 189 time: 0.0232041
2026-06-24 18:38:48.379 9 WARNING oslo_policy.policy [None req-c3e6d553-7170-4279-ac03-554b587682ea ec799136185c4c139505f37770c29a78 ea4228d175304820b807d0b681ed9103 - - default default] Policies ['get_subnets_tags'] reference a rule that is not defined.
2026-06-24 18:38:48.479 9 INFO neutron.db.segments_db [None req-c3e6d553-7170-4279-ac03-554b587682ea ec799136185c4c139505f37770c29a78 ea4228d175304820b807d0b681ed9103 - - default default] Added segment 9372f4d9-df9b-4deb-b0a7-017886e94704 of type geneve for network bebd95b0-2844-49db-a12f-241962bcc1cc
2026-06-24 18:38:48.597 9 INFO neutron.plugins.ml2.drivers.ovn.mech_driver.ovsdb.extensions.qos [None req-c3e6d553-7170-4279-ac03-554b587682ea ec799136185c4c139505f37770c29a78 ea4228d175304820b807d0b681ed9103 - - default default] Starting OVNClientQosExtension
2026-06-24 18:38:48.597 9 INFO neutron.plugins.ml2.drivers.ovn.mech_driver.ovsdb.extensions.placement [None req-c3e6d553-7170-4279-ac03-554b587682ea ec799136185c4c139505f37770c29a78 ea4228d175304820b807d0b681ed9103 - - default default] Starting OVNClientPlacementExtension
2026-06-24 18:38:48.741 9 INFO neutron.db.ovn_revision_numbers_db [None req-c3e6d553-7170-4279-ac03-554b587682ea ec799136185c4c139505f37770c29a78 ea4228d175304820b807d0b681ed9103 - - default default] Successfully bumped revision number for resource bebd95b0-2844-49db-a12f-241962bcc1cc (type: networks) to 1
2026-06-24 18:38:48.984 9 WARNING neutron.scheduler.dhcp_agent_scheduler [None req-c3e6d553-7170-4279-ac03-554b587682ea ec799136185c4c139505f37770c29a78 ea4228d175304820b807d0b681ed9103 - - default default] No more DHCP agents
2026-06-24 18:38:48.988 9 WARNING neutron.api.rpc.agentnotifiers.dhcp_rpc_agent_api [None req-c3e6d553-7170-4279-ac03-554b587682ea ec799136185c4c139505f37770c29a78 ea4228d175304820b807d0b681ed9103 - - default default] Unable to schedule network bebd95b0-2844-49db-a12f-241962bcc1cc: no agents available; will retry on subsequent port and subnet creation events.
2026-06-24 18:38:49.144 9 INFO neutron.db.ovn_revision_numbers_db [None req-c3e6d553-7170-4279-ac03-554b587682ea ec799136185c4c139505f37770c29a78 ea4228d175304820b807d0b681ed9103 - - default default] Successfully bumped revision number for resource 2f965f24-14b3-4053-addc-4b212fdd6a91 (type: ports) to 1
2026-06-24 18:38:49.179 9 INFO neutron.wsgi [None req-c3e6d553-7170-4279-ac03-554b587682ea ec799136185c4c139505f37770c29a78 ea4228d175304820b807d0b681ed9103 - - default default] 199.204.45.210,10.0.0.132 "POST /v2.0/networks HTTP/1.1" status: 201 len: 890 time: 0.9480605
2026-06-24 18:38:50.140 9 INFO neutron.pecan_wsgi.hooks.translation [None req-64332284-e4cf-4014-986f-c20a98796479 ec799136185c4c139505f37770c29a78 ea4228d175304820b807d0b681ed9103 - - default default] GET failed (client error): The resource could not be found.
2026-06-24 18:38:50.142 9 INFO neutron.wsgi [None req-64332284-e4cf-4014-986f-c20a98796479 ec799136185c4c139505f37770c29a78 ea4228d175304820b807d0b681ed9103 - - default default] 199.204.45.210,10.0.0.132 "GET /v2.0/networks/lb-mgmt-net HTTP/1.1" status: 404 len: 295 time: 0.0545905
2026-06-24 18:38:50.203 9 INFO neutron.wsgi [None req-a47313f1-a943-4b7c-a2de-dc0198e7b2ee ec799136185c4c139505f37770c29a78 ea4228d175304820b807d0b681ed9103 - - default default] 199.204.45.210,10.0.0.132 "GET /v2.0/networks?name=lb-mgmt-net HTTP/1.1" status: 200 len: 875 time: 0.0570364
2026-06-24 18:38:50.230 9 INFO neutron.pecan_wsgi.hooks.translation [None req-ab02df61-ff1d-4170-b41a-9988aad04e49 ec799136185c4c139505f37770c29a78 ea4228d175304820b807d0b681ed9103 - - default default] GET failed (client error): The resource could not be found.
2026-06-24 18:38:50.232 9 INFO neutron.wsgi [None req-ab02df61-ff1d-4170-b41a-9988aad04e49 ec799136185c4c139505f37770c29a78 ea4228d175304820b807d0b681ed9103 - - default default] 199.204.45.210,10.0.0.132 "GET /v2.0/subnets/lb-mgmt-subnet?network_id=bebd95b0-2844-49db-a12f-241962bcc1cc HTTP/1.1" status: 404 len: 296 time: 0.0221443
2026-06-24 18:38:50.256 9 INFO neutron.wsgi [None req-96b2e9d8-a5a8-431a-b834-7f90f6c47a39 ec799136185c4c139505f37770c29a78 ea4228d175304820b807d0b681ed9103 - - default default] 199.204.45.210,10.0.0.132 "GET /v2.0/subnets?name=lb-mgmt-subnet&network_id=bebd95b0-2844-49db-a12f-241962bcc1cc HTTP/1.1" status: 200 len: 188 time: 0.0212481
2026-06-24 18:38:50.464 9 WARNING neutron.scheduler.dhcp_agent_scheduler [None req-a1aadc9c-307b-456f-b5c1-cf671c83bf75 ec799136185c4c139505f37770c29a78 ea4228d175304820b807d0b681ed9103 - - default default] No more DHCP agents
2026-06-24 18:38:50.468 9 WARNING neutron.api.rpc.agentnotifiers.dhcp_rpc_agent_api [None req-a1aadc9c-307b-456f-b5c1-cf671c83bf75 ec799136185c4c139505f37770c29a78 ea4228d175304820b807d0b681ed9103 - - default default] Unable to schedule network bebd95b0-2844-49db-a12f-241962bcc1cc: no agents available; will retry on subsequent port and subnet creation events.
2026-06-24 18:38:51.101 9 INFO neutron.db.ovn_revision_numbers_db [None req-a1aadc9c-307b-456f-b5c1-cf671c83bf75 ec799136185c4c139505f37770c29a78 ea4228d175304820b807d0b681ed9103 - - default default] Successfully bumped revision number for resource 2f965f24-14b3-4053-addc-4b212fdd6a91 (type: ports) to 2
2026-06-24 18:38:51.150 9 INFO neutron.db.ovn_revision_numbers_db [None req-a1aadc9c-307b-456f-b5c1-cf671c83bf75 ec799136185c4c139505f37770c29a78 ea4228d175304820b807d0b681ed9103 - - default default] Successfully bumped revision number for resource 3d738d71-f9c2-4d75-b44f-37e07efaeedd (type: subnets) to 0
2026-06-24 18:38:51.169 9 INFO neutron.wsgi [None req-a1aadc9c-307b-456f-b5c1-cf671c83bf75 ec799136185c4c139505f37770c29a78 ea4228d175304820b807d0b681ed9103 - - default default] 199.204.45.210,10.0.0.132 "POST /v2.0/subnets HTTP/1.1" status: 201 len: 807 time: 0.9087341
2026-06-24 18:38:52.291 9 INFO neutron.api.v2.resource [None req-c363e15d-31c1-42a0-8556-7105fb2a09f3 ec799136185c4c139505f37770c29a78 ea4228d175304820b807d0b681ed9103 - - default default] show failed (client error): The resource could not be found.
2026-06-24 18:38:52.292 9 INFO neutron.wsgi [None req-c363e15d-31c1-42a0-8556-7105fb2a09f3 ec799136185c4c139505f37770c29a78 ea4228d175304820b807d0b681ed9103 - - default default] 199.204.45.210,10.0.0.132 "GET /v2.0/security-groups/lb-health-mgr-sec-grp HTTP/1.1" status: 404 len: 313 time: 0.0470419
2026-06-24 18:38:52.330 9 INFO neutron.wsgi [None req-0c22c5d8-a499-4911-ba99-3ad8d916d1c0 ec799136185c4c139505f37770c29a78 ea4228d175304820b807d0b681ed9103 - - default default] 199.204.45.210,10.0.0.132 "GET /v2.0/security-groups?name=lb-health-mgr-sec-grp HTTP/1.1" status: 200 len: 197 time: 0.0337019
2026-06-24 18:38:52.485 9 INFO neutron.db.ovn_revision_numbers_db [None req-82ef4721-79e5-4c5d-a1f5-106f2d5ae88c ec799136185c4c139505f37770c29a78 ea4228d175304820b807d0b681ed9103 - - default default] Successfully bumped revision number for resource 37c88202-c830-41c8-97c6-39bc68b8dc78 (type: security_groups) to 1
2026-06-24 18:38:52.505 9 INFO neutron.db.ovn_revision_numbers_db [None req-82ef4721-79e5-4c5d-a1f5-106f2d5ae88c ec799136185c4c139505f37770c29a78 ea4228d175304820b807d0b681ed9103 - - default default] Successfully bumped revision number for resource 678065b0-f607-4ee9-aa45-51da67c96e66 (type: security_group_rules) to 0
2026-06-24 18:38:52.519 9 INFO neutron.db.ovn_revision_numbers_db [None req-82ef4721-79e5-4c5d-a1f5-106f2d5ae88c ec799136185c4c139505f37770c29a78 ea4228d175304820b807d0b681ed9103 - - default default] Successfully bumped revision number for resource dc53483c-cb4d-4f3b-8843-fc83b72bc226 (type: security_group_rules) to 0
2026-06-24 18:38:52.538 9 INFO neutron.wsgi [None req-82ef4721-79e5-4c5d-a1f5-106f2d5ae88c ec799136185c4c139505f37770c29a78 ea4228d175304820b807d0b681ed9103 - - default default] 199.204.45.210,10.0.0.132 "POST /v2.0/security-groups HTTP/1.1" status: 201 len: 1797 time: 0.2026334
2026-06-24 18:38:53.752 10 INFO neutron.wsgi [None req-13d940e8-28d5-480e-a94c-50f73b86ad4b ec799136185c4c139505f37770c29a78 ea4228d175304820b807d0b681ed9103 - - default default] 199.204.45.210,10.0.0.132 "GET /v2.0/security-groups/37c88202-c830-41c8-97c6-39bc68b8dc78 HTTP/1.1" status: 200 len: 1792 time: 0.0859196
2026-06-24 18:38:53.788 10 INFO neutron.wsgi [None req-feebf75a-7852-4037-9d60-73e182e89f97 ec799136185c4c139505f37770c29a78 ea4228d175304820b807d0b681ed9103 - - default default] 199.204.45.210,10.0.0.132 "GET /v2.0/security-groups/37c88202-c830-41c8-97c6-39bc68b8dc78 HTTP/1.1" status: 200 len: 1792 time: 0.0305469
2026-06-24 18:38:53.826 10 INFO neutron.wsgi [None req-400afbbf-8376-4964-9f64-8e046d21c339 ec799136185c4c139505f37770c29a78 ea4228d175304820b807d0b681ed9103 - - default default] 199.204.45.210,10.0.0.132 "GET /v2.0/security-groups/37c88202-c830-41c8-97c6-39bc68b8dc78 HTTP/1.1" status: 200 len: 1792 time: 0.0307078
2026-06-24 18:38:53.966 10 INFO neutron.db.ovn_revision_numbers_db [None req-97bd986e-90f4-4d38-9ca8-6ae05016982f ec799136185c4c139505f37770c29a78 ea4228d175304820b807d0b681ed9103 - - default default] Successfully bumped revision number for resource 4a9d8af7-bd9c-4cfb-b0bc-83d18d9d172d (type: security_group_rules) to 0
2026-06-24 18:38:53.995 10 INFO neutron.wsgi [None req-97bd986e-90f4-4d38-9ca8-6ae05016982f ec799136185c4c139505f37770c29a78 ea4228d175304820b807d0b681ed9103 - - default default] 199.204.45.210,10.0.0.132 "POST /v2.0/security-group-rules HTTP/1.1" status: 201 len: 781 time: 0.1581733
2026-06-24 18:38:54.880 9 INFO neutron.wsgi [None req-66a120c1-52b0-4160-affd-1d14e6a18d3a ec799136185c4c139505f37770c29a78 ea4228d175304820b807d0b681ed9103 - - default default] 199.204.45.210,10.0.0.132 "GET /v2.0/security-groups/37c88202-c830-41c8-97c6-39bc68b8dc78 HTTP/1.1" status: 200 len: 2406 time: 0.0605690
2026-06-24 18:38:54.917 9 INFO neutron.wsgi [None req-8c9759ff-70ae-46e1-9865-5fb5c8149f74 ec799136185c4c139505f37770c29a78 ea4228d175304820b807d0b681ed9103 - - default default] 199.204.45.210,10.0.0.132 "GET /v2.0/security-groups/37c88202-c830-41c8-97c6-39bc68b8dc78 HTTP/1.1" status: 200 len: 2406 time: 0.0315902
2026-06-24 18:38:54.951 9 INFO neutron.wsgi [None req-5a379cee-ed4e-4c51-a0c6-9c0fba2267c4 ec799136185c4c139505f37770c29a78 ea4228d175304820b807d0b681ed9103 - - default default] 199.204.45.210,10.0.0.132 "GET /v2.0/security-groups/37c88202-c830-41c8-97c6-39bc68b8dc78 HTTP/1.1" status: 200 len: 2406 time: 0.0283356
2026-06-24 18:38:55.124 9 INFO neutron.db.ovn_revision_numbers_db [None req-b9154ae8-4158-4754-8cca-c1af0ba4613e ec799136185c4c139505f37770c29a78 ea4228d175304820b807d0b681ed9103 - - default default] Successfully bumped revision number for resource a116d058-96c3-4f32-a82c-49e1f066f262 (type: security_group_rules) to 0
2026-06-24 18:38:55.156 9 INFO neutron.wsgi [None req-b9154ae8-4158-4754-8cca-c1af0ba4613e ec799136185c4c139505f37770c29a78 ea4228d175304820b807d0b681ed9103 - - default default] 199.204.45.210,10.0.0.132 "POST /v2.0/security-group-rules HTTP/1.1" status: 201 len: 783 time: 0.1979210
2026-06-24 18:38:56.046 9 INFO neutron.wsgi [None req-fd36f2d4-ed7a-449a-8ec1-347fa1f2557e ec799136185c4c139505f37770c29a78 ea4228d175304820b807d0b681ed9103 - - default default] 199.204.45.210,10.0.0.132 "GET /v2.0/security-groups/37c88202-c830-41c8-97c6-39bc68b8dc78 HTTP/1.1" status: 200 len: 3022 time: 0.0594006
2026-06-24 18:38:56.092 9 INFO neutron.wsgi [None req-61ab3e02-607f-4664-bc38-edec60ac1cad ec799136185c4c139505f37770c29a78 ea4228d175304820b807d0b681ed9103 - - default default] 199.204.45.210,10.0.0.132 "GET /v2.0/security-groups/37c88202-c830-41c8-97c6-39bc68b8dc78 HTTP/1.1" status: 200 len: 3022 time: 0.0375919
2026-06-24 18:38:56.129 9 INFO neutron.wsgi [None req-392c03cb-1e2a-4705-838a-a3803e53b74e ec799136185c4c139505f37770c29a78 ea4228d175304820b807d0b681ed9103 - - default default] 199.204.45.210,10.0.0.132 "GET /v2.0/security-groups/37c88202-c830-41c8-97c6-39bc68b8dc78 HTTP/1.1" status: 200 len: 3022 time: 0.0305235
2026-06-24 18:38:56.270 9 INFO neutron.db.ovn_revision_numbers_db [None req-545ec978-8aa7-442d-bb2c-f29152f86972 ec799136185c4c139505f37770c29a78 ea4228d175304820b807d0b681ed9103 - - default default] Successfully bumped revision number for resource 70a0aa50-a8f5-4c0b-a645-a4c24c126520 (type: security_group_rules) to 0
2026-06-24 18:38:56.293 9 INFO neutron.wsgi [None req-545ec978-8aa7-442d-bb2c-f29152f86972 ec799136185c4c139505f37770c29a78 ea4228d175304820b807d0b681ed9103 - - default default] 199.204.45.210,10.0.0.132 "POST /v2.0/security-group-rules HTTP/1.1" status: 201 len: 783 time: 0.1557817
2026-06-24 18:38:57.240 10 INFO neutron.wsgi [None req-7ba901be-5693-490f-8026-9e3d93661129 ec799136185c4c139505f37770c29a78 ea4228d175304820b807d0b681ed9103 - - default default] 199.204.45.210,10.0.0.132 "GET /v2.0/security-groups/37c88202-c830-41c8-97c6-39bc68b8dc78 HTTP/1.1" status: 200 len: 3638 time: 0.0615442
2026-06-24 18:38:57.286 10 INFO neutron.wsgi [None req-62d01e56-fcce-4efc-8faa-f9387c0a46b6 ec799136185c4c139505f37770c29a78 ea4228d175304820b807d0b681ed9103 - - default default] 199.204.45.210,10.0.0.132 "GET /v2.0/security-groups/37c88202-c830-41c8-97c6-39bc68b8dc78 HTTP/1.1" status: 200 len: 3638 time: 0.0367436
2026-06-24 18:38:57.332 10 INFO neutron.wsgi [None req-c0b7d909-09c1-4875-a055-889882507df0 ec799136185c4c139505f37770c29a78 ea4228d175304820b807d0b681ed9103 - - default default] 199.204.45.210,10.0.0.132 "GET /v2.0/security-groups/37c88202-c830-41c8-97c6-39bc68b8dc78 HTTP/1.1" status: 200 len: 3638 time: 0.0354877
2026-06-24 18:38:57.489 10 INFO neutron.db.ovn_revision_numbers_db [None req-0c518863-07b2-4d04-ab68-b6120e0e49ba ec799136185c4c139505f37770c29a78 ea4228d175304820b807d0b681ed9103 - - default default] Successfully bumped revision number for resource cc00ac53-ba56-4b47-b09a-81cd7d84809d (type: security_group_rules) to 0
2026-06-24 18:38:57.513 10 INFO neutron.wsgi [None req-0c518863-07b2-4d04-ab68-b6120e0e49ba ec799136185c4c139505f37770c29a78 ea4228d175304820b807d0b681ed9103 - - default default] 199.204.45.210,10.0.0.132 "POST /v2.0/security-group-rules HTTP/1.1" status: 201 len: 783 time: 0.1729066
2026-06-24 18:38:57.980 9 INFO neutron.wsgi [-] 10.0.0.132 "GET / HTTP/1.1" status: 200 len: 247 time: 0.0022914
2026-06-24 18:38:57.981 10 INFO neutron.wsgi [-] 10.0.0.132 "GET / HTTP/1.1" status: 200 len: 247 time: 0.0034475
2026-06-24 18:38:58.485 9 INFO neutron.wsgi [None req-46703042-8430-4fb0-a96d-50144a1226c8 ec799136185c4c139505f37770c29a78 ea4228d175304820b807d0b681ed9103 - - default default] 199.204.45.210,10.0.0.132 "GET /v2.0/security-groups/37c88202-c830-41c8-97c6-39bc68b8dc78 HTTP/1.1" status: 200 len: 4254 time: 0.0670390
2026-06-24 18:38:58.529 9 INFO neutron.wsgi [None req-324c98fe-c16f-4691-8948-d3086513a275 ec799136185c4c139505f37770c29a78 ea4228d175304820b807d0b681ed9103 - - default default] 199.204.45.210,10.0.0.132 "GET /v2.0/security-groups/37c88202-c830-41c8-97c6-39bc68b8dc78 HTTP/1.1" status: 200 len: 4254 time: 0.0354967
2026-06-24 18:38:58.567 9 INFO neutron.wsgi [None req-df187a1e-9681-4463-9f65-77a708e356f4 ec799136185c4c139505f37770c29a78 ea4228d175304820b807d0b681ed9103 - - default default] 199.204.45.210,10.0.0.132 "GET /v2.0/security-groups/37c88202-c830-41c8-97c6-39bc68b8dc78 HTTP/1.1" status: 200 len: 4254 time: 0.0321763
2026-06-24 18:38:58.710 9 INFO neutron.db.ovn_revision_numbers_db [None req-083026d1-e585-4885-9b3f-6c225026ba24 ec799136185c4c139505f37770c29a78 ea4228d175304820b807d0b681ed9103 - - default default] Successfully bumped revision number for resource f3d4fe7c-79b5-4146-80da-d83a9fd276d0 (type: security_group_rules) to 0
2026-06-24 18:38:58.755 9 INFO neutron.wsgi [None req-083026d1-e585-4885-9b3f-6c225026ba24 ec799136185c4c139505f37770c29a78 ea4228d175304820b807d0b681ed9103 - - default default] 199.204.45.210,10.0.0.132 "POST /v2.0/security-group-rules HTTP/1.1" status: 201 len: 783 time: 0.1798520
2026-06-24 18:39:00.126 10 INFO neutron.wsgi [None req-4166f6f4-d366-4298-b51a-1a804c69e335 ec799136185c4c139505f37770c29a78 ea4228d175304820b807d0b681ed9103 - - default default] 199.204.45.210,10.0.0.132 "GET /v2.0/networks/bebd95b0-2844-49db-a12f-241962bcc1cc HTTP/1.1" status: 200 len: 910 time: 0.1161616
2026-06-24 18:39:00.156 10 INFO neutron.pecan_wsgi.hooks.translation [None req-e872e803-ac06-40f8-93e6-004aceb4bc65 ec799136185c4c139505f37770c29a78 ea4228d175304820b807d0b681ed9103 - - default default] GET failed (client error): The resource could not be found.
2026-06-24 18:39:00.157 10 INFO neutron.wsgi [None req-e872e803-ac06-40f8-93e6-004aceb4bc65 ec799136185c4c139505f37770c29a78 ea4228d175304820b807d0b681ed9103 - - default default] 199.204.45.210,10.0.0.132 "GET /v2.0/ports/octavia-health-manager-port-instance?network_id=bebd95b0-2844-49db-a12f-241962bcc1cc HTTP/1.1" status: 404 len: 314 time: 0.0224848
2026-06-24 18:39:00.189 10 INFO neutron.wsgi [None req-42fb2117-79d8-45e0-8fde-87f4fcce6db2 ec799136185c4c139505f37770c29a78 ea4228d175304820b807d0b681ed9103 - - default default] 199.204.45.210,10.0.0.132 "GET /v2.0/ports?name=octavia-health-manager-port-instance&network_id=bebd95b0-2844-49db-a12f-241962bcc1cc HTTP/1.1" status: 200 len: 186 time: 0.0272245
2026-06-24 18:39:00.240 10 INFO neutron.wsgi [None req-6460d41c-b4fd-4d1e-a9f8-8397154268da ec799136185c4c139505f37770c29a78 ea4228d175304820b807d0b681ed9103 - - default default] 199.204.45.210,10.0.0.132 "GET /v2.0/security-groups/37c88202-c830-41c8-97c6-39bc68b8dc78 HTTP/1.1" status: 200 len: 4870 time: 0.0443056
2026-06-24 18:39:00.571 10 WARNING neutron.scheduler.dhcp_agent_scheduler [None req-ea0aa4a1-24b3-4a06-9be4-bb8e80362467 ec799136185c4c139505f37770c29a78 ea4228d175304820b807d0b681ed9103 - - default default] No more DHCP agents
2026-06-24 18:39:00.575 10 WARNING neutron.api.rpc.agentnotifiers.dhcp_rpc_agent_api [None req-ea0aa4a1-24b3-4a06-9be4-bb8e80362467 ec799136185c4c139505f37770c29a78 ea4228d175304820b807d0b681ed9103 - - default default] Unable to schedule network bebd95b0-2844-49db-a12f-241962bcc1cc: no agents available; will retry on subsequent port and subnet creation events.
2026-06-24 18:39:00.691 10 INFO neutron.db.ovn_revision_numbers_db [None req-ea0aa4a1-24b3-4a06-9be4-bb8e80362467 ec799136185c4c139505f37770c29a78 ea4228d175304820b807d0b681ed9103 - - default default] Successfully bumped revision number for resource dd7ab311-d448-4817-8248-75f79e51f47f (type: ports) to 1
2026-06-24 18:39:00.710 10 INFO neutron.wsgi [None req-ea0aa4a1-24b3-4a06-9be4-bb8e80362467 ec799136185c4c139505f37770c29a78 ea4228d175304820b807d0b681ed9103 - - default default] 199.204.45.210,10.0.0.132 "POST /v2.0/ports HTTP/1.1" status: 201 len: 1281 time: 0.4614279
2026-06-24 18:39:02.602 15 INFO neutron.db.ovn_revision_numbers_db [None req-a17d5ec2-303d-4c08-86e0-5cb19b626758 - - - - - -] Successfully bumped revision number for resource 83af68fc-eabc-4f93-abd9-e363b8272142 (type: networks) to 2
2026-06-24 18:39:02.603 15 INFO neutron.plugins.ml2.drivers.ovn.mech_driver.ovsdb.maintenance [None req-a17d5ec2-303d-4c08-86e0-5cb19b626758 - - - - - -] Maintenance task: Synchronization completed (took 0.17 seconds)
2026-06-24 18:39:06.606 9 INFO neutron.pecan_wsgi.hooks.translation [None req-23d5bf8b-962f-45ae-9c77-0a608eb3dbf9 ec799136185c4c139505f37770c29a78 ea4228d175304820b807d0b681ed9103 - - default default] GET failed (client error): The resource could not be found.
2026-06-24 18:39:06.608 9 INFO neutron.wsgi [None req-23d5bf8b-962f-45ae-9c77-0a608eb3dbf9 ec799136185c4c139505f37770c29a78 ea4228d175304820b807d0b681ed9103 - - default default] 199.204.45.210,10.0.0.132 "GET /v2.0/ports/octavia-health-manager-port-instance HTTP/1.1" status: 404 len: 314 time: 0.0565827
2026-06-24 18:39:06.671 9 INFO neutron.wsgi [None req-0805930d-1099-48a7-a501-515f95023535 ec799136185c4c139505f37770c29a78 ea4228d175304820b807d0b681ed9103 - - default default] 199.204.45.210,10.0.0.132 "GET /v2.0/ports?name=octavia-health-manager-port-instance HTTP/1.1" status: 200 len: 1279 time: 0.0588460
2026-06-24 18:39:07.150 9 INFO neutron.db.ovn_revision_numbers_db [None req-31a89264-6a5f-418d-9452-7fccd2557330 ec799136185c4c139505f37770c29a78 ea4228d175304820b807d0b681ed9103 - - default default] Successfully bumped revision number for resource dd7ab311-d448-4817-8248-75f79e51f47f (type: ports) to 1
2026-06-24 18:39:07.458 9 INFO neutron.db.ovn_revision_numbers_db [None req-31a89264-6a5f-418d-9452-7fccd2557330 ec799136185c4c139505f37770c29a78 ea4228d175304820b807d0b681ed9103 - - default default] Successfully bumped revision number for resource dd7ab311-d448-4817-8248-75f79e51f47f (type: ports) to 2
2026-06-24 18:39:07.478 9 INFO neutron.wsgi [None req-31a89264-6a5f-418d-9452-7fccd2557330 ec799136185c4c139505f37770c29a78 ea4228d175304820b807d0b681ed9103 - - default default] 199.204.45.210,10.0.0.132 "PUT /v2.0/ports/dd7ab311-d448-4817-8248-75f79e51f47f HTTP/1.1" status: 200 len: 1366 time: 0.7967422 /var/lib/openstack/lib/python3.10/site-packages/pycadf/identifier.py:71: UserWarning: Invalid uuid: unknown. To ensure interoperability, identifiers should be a valid uuid. warnings.warn(('Invalid uuid: %s. To ensure interoperability, '
2026-06-24 18:39:09.203 10 INFO neutron.wsgi [None req-40975df0-d0c1-4959-abee-57605f68e840 ec799136185c4c139505f37770c29a78 ea4228d175304820b807d0b681ed9103 - - default default] 199.204.45.210,10.0.0.132 "GET /v2.0/ports HTTP/1.1" status: 200 len: 3511 time: 0.1717284 /var/lib/openstack/lib/python3.10/site-packages/pycadf/identifier.py:71: UserWarning: Invalid uuid: unknown. To ensure interoperability, identifiers should be a valid uuid. warnings.warn(('Invalid uuid: %s. To ensure interoperability, '
2026-06-24 18:39:10.261 9 INFO neutron.api.v2.resource [None req-6b60aa9d-82fc-461d-8221-17b6536f80de ec799136185c4c139505f37770c29a78 ea4228d175304820b807d0b681ed9103 - - default default] show failed (client error): The resource could not be found.
2026-06-24 18:39:10.262 9 INFO neutron.wsgi [None req-6b60aa9d-82fc-461d-8221-17b6536f80de ec799136185c4c139505f37770c29a78 ea4228d175304820b807d0b681ed9103 - - default default] 199.204.45.210,10.0.0.132 "GET /v2.0/security-groups/lb-mgmt-sec-grp HTTP/1.1" status: 404 len: 307 time: 0.0402744
2026-06-24 18:39:10.301 9 INFO neutron.wsgi [None req-3156b8b8-4833-4e91-98a3-8aaf4feb2866 ec799136185c4c139505f37770c29a78 ea4228d175304820b807d0b681ed9103 - - default default] 199.204.45.210,10.0.0.132 "GET /v2.0/security-groups?name=lb-mgmt-sec-grp HTTP/1.1" status: 200 len: 197 time: 0.0350947
2026-06-24 18:39:10.423 9 INFO neutron.db.ovn_revision_numbers_db [None req-972cc238-ac02-4a73-b43f-e6805f71bf36 ec799136185c4c139505f37770c29a78 ea4228d175304820b807d0b681ed9103 - - default default] Successfully bumped revision number for resource c39df8ba-d955-4aa1-b170-d11cc3938bd0 (type: security_groups) to 1
2026-06-24 18:39:10.437 9 INFO neutron.db.ovn_revision_numbers_db [None req-972cc238-ac02-4a73-b43f-e6805f71bf36 ec799136185c4c139505f37770c29a78 ea4228d175304820b807d0b681ed9103 - - default default] Successfully bumped revision number for resource 282f0045-1a92-4a6b-80a2-e1f03d5b22b1 (type: security_group_rules) to 0
2026-06-24 18:39:10.450 9 INFO neutron.db.ovn_revision_numbers_db [None req-972cc238-ac02-4a73-b43f-e6805f71bf36 ec799136185c4c139505f37770c29a78 ea4228d175304820b807d0b681ed9103 - - default default] Successfully bumped revision number for resource 692b9c43-26e2-46c1-a8a6-ea42114d2a6a (type: security_group_rules) to 0
2026-06-24 18:39:10.474 9 INFO neutron.wsgi [None req-972cc238-ac02-4a73-b43f-e6805f71bf36 ec799136185c4c139505f37770c29a78 ea4228d175304820b807d0b681ed9103 - - default default] 199.204.45.210,10.0.0.132 "POST /v2.0/security-groups HTTP/1.1" status: 201 len: 1791 time: 0.1653686
2026-06-24 18:39:11.459 9 INFO neutron.wsgi [None req-56f13555-0b68-4f48-a383-b72da5544827 ec799136185c4c139505f37770c29a78 ea4228d175304820b807d0b681ed9103 - - default default] 199.204.45.210,10.0.0.132 "GET /v2.0/security-groups/c39df8ba-d955-4aa1-b170-d11cc3938bd0 HTTP/1.1" status: 200 len: 1786 time: 0.0490968
2026-06-24 18:39:11.497 9 INFO neutron.wsgi [None req-6954f394-5683-4f73-a9dd-876400b1453a ec799136185c4c139505f37770c29a78 ea4228d175304820b807d0b681ed9103 - - default default] 199.204.45.210,10.0.0.132 "GET /v2.0/security-groups/c39df8ba-d955-4aa1-b170-d11cc3938bd0 HTTP/1.1" status: 200 len: 1786 time: 0.0296981
2026-06-24 18:39:11.533 9 INFO neutron.wsgi [None req-4ab62961-4c7f-4968-9088-0fecacc4792c ec799136185c4c139505f37770c29a78 ea4228d175304820b807d0b681ed9103 - - default default] 199.204.45.210,10.0.0.132 "GET /v2.0/security-groups/c39df8ba-d955-4aa1-b170-d11cc3938bd0 HTTP/1.1" status: 200 len: 1786 time: 0.0286667
2026-06-24 18:39:11.699 9 INFO neutron.db.ovn_revision_numbers_db [None req-ad7b6c50-0d0b-4e7c-917b-8e1f9f513ff9 ec799136185c4c139505f37770c29a78 ea4228d175304820b807d0b681ed9103 - - default default] Successfully bumped revision number for resource a29758ab-cb66-4fa5-bb35-1ce14b0857e8 (type: security_group_rules) to 0
2026-06-24 18:39:11.726 9 INFO neutron.wsgi [None req-ad7b6c50-0d0b-4e7c-917b-8e1f9f513ff9 ec799136185c4c139505f37770c29a78 ea4228d175304820b807d0b681ed9103 - - default default] 199.204.45.210,10.0.0.132 "POST /v2.0/security-group-rules HTTP/1.1" status: 201 len: 803 time: 0.1861916
2026-06-24 18:39:12.689 9 INFO neutron.wsgi [None req-fbc0bcaa-b105-4278-a3b3-c707f4033e35 ec799136185c4c139505f37770c29a78 ea4228d175304820b807d0b681ed9103 - - default default] 199.204.45.210,10.0.0.132 "GET /v2.0/security-groups/c39df8ba-d955-4aa1-b170-d11cc3938bd0 HTTP/1.1" status: 200 len: 2422 time: 0.0609038
2026-06-24 18:39:12.723 9 INFO neutron.wsgi [None req-c3a47e66-9deb-4135-a1d3-92379a77ec89 ec799136185c4c139505f37770c29a78 ea4228d175304820b807d0b681ed9103 - - default default] 199.204.45.210,10.0.0.132 "GET /v2.0/security-groups/c39df8ba-d955-4aa1-b170-d11cc3938bd0 HTTP/1.1" status: 200 len: 2422 time: 0.0288401
2026-06-24 18:39:12.760 9 INFO neutron.wsgi [None req-f12992bf-20ff-4129-872e-8365211b54df ec799136185c4c139505f37770c29a78 ea4228d175304820b807d0b681ed9103 - - default default] 199.204.45.210,10.0.0.132 "GET /v2.0/security-groups/c39df8ba-d955-4aa1-b170-d11cc3938bd0 HTTP/1.1" status: 200 len: 2422 time: 0.0288038
2026-06-24 18:39:12.916 9 INFO neutron.db.ovn_revision_numbers_db [None req-ebc44bdf-1f65-47a8-aa1d-dbc692d94e24 ec799136185c4c139505f37770c29a78 ea4228d175304820b807d0b681ed9103 - - default default] Successfully bumped revision number for resource 4aaed52a-3b55-4697-b664-91a6a393d80d (type: security_group_rules) to 0
2026-06-24 18:39:12.941 9 INFO neutron.wsgi [None req-ebc44bdf-1f65-47a8-aa1d-dbc692d94e24 ec799136185c4c139505f37770c29a78 ea4228d175304820b807d0b681ed9103 - - default default] 199.204.45.210,10.0.0.132 "POST /v2.0/security-group-rules HTTP/1.1" status: 201 len: 807 time: 0.1722205
2026-06-24 18:39:12.979 10 INFO neutron.wsgi [-] 10.0.0.132 "GET / HTTP/1.1" status: 200 len: 247 time: 0.0016978
2026-06-24 18:39:12.981 9 INFO neutron.wsgi [-] 10.0.0.132 "GET / HTTP/1.1" status: 200 len: 247 time: 0.0027351
2026-06-24 18:39:27.981 9 INFO neutron.wsgi [-] 10.0.0.132 "GET / HTTP/1.1" status: 200 len: 247 time: 0.0031614
2026-06-24 18:39:27.986 9 INFO neutron.wsgi [-] 10.0.0.132 "GET / HTTP/1.1" status: 200 len: 247 time: 0.0039194
2026-06-24 18:39:42.981 10 INFO neutron.wsgi [-] 10.0.0.132 "GET / HTTP/1.1" status: 200 len: 247 time: 0.0037439
2026-06-24 18:39:42.982 9 INFO neutron.wsgi [-] 10.0.0.132 "GET / HTTP/1.1" status: 200 len: 247 time: 0.0039008
2026-06-24 18:39:57.982 10 INFO neutron.wsgi [-] 10.0.0.132 "GET / HTTP/1.1" status: 200 len: 247 time: 0.0044987
2026-06-24 18:39:57.982 9 INFO neutron.wsgi [-] 10.0.0.132 "GET / HTTP/1.1" status: 200 len: 247 time: 0.0043278
2026-06-24 18:40:12.979 10 INFO neutron.wsgi [-] 10.0.0.132 "GET / HTTP/1.1" status: 200 len: 247 time: 0.0018868
2026-06-24 18:40:12.980 9 INFO neutron.wsgi [-] 10.0.0.132 "GET / HTTP/1.1" status: 200 len: 247 time: 0.0018308
2026-06-24 18:40:15.964 10 INFO neutron.wsgi [None req-15cffd0c-e59b-476f-807a-e16b360ec55f ec799136185c4c139505f37770c29a78 ea4228d175304820b807d0b681ed9103 - - default default] 199.204.45.210,10.0.0.132 "GET /v2.0/quotas/ea4228d175304820b807d0b681ed9103 HTTP/1.1" status: 200 len: 467 time: 0.0155265 /var/lib/openstack/lib/python3.10/site-packages/neutron/extensions/quotasv2.py:139: UserWarning: Neutron quota engine will require "--force" parameter to set a quota limit without checking the resource usage. warnings.warn('Neutron quota engine will require "--force" '
2026-06-24 18:40:16.333 10 INFO neutron.wsgi [None req-3b6a04c9-1241-4abc-b3b9-acb36c8086bd ec799136185c4c139505f37770c29a78 ea4228d175304820b807d0b681ed9103 - - default default] 199.204.45.210,10.0.0.132 "PUT /v2.0/quotas/ea4228d175304820b807d0b681ed9103 HTTP/1.1" status: 200 len: 466 time: 0.0316498
2026-06-24 18:40:27.980 10 INFO neutron.wsgi [-] 10.0.0.132 "GET / HTTP/1.1" status: 200 len: 247 time: 0.0016499
2026-06-24 18:40:27.981 9 INFO neutron.wsgi [-] 10.0.0.132 "GET / HTTP/1.1" status: 200 len: 247 time: 0.0032194
2026-06-24 18:40:42.980 9 INFO neutron.wsgi [-] 10.0.0.132 "GET / HTTP/1.1" status: 200 len: 247 time: 0.0021167
2026-06-24 18:40:42.981 10 INFO neutron.wsgi [-] 10.0.0.132 "GET / HTTP/1.1" status: 200 len: 247 time: 0.0031762
2026-06-24 18:40:57.980 10 INFO neutron.wsgi [-] 10.0.0.132 "GET / HTTP/1.1" status: 200 len: 247 time: 0.0023303
2026-06-24 18:40:57.980 9 INFO neutron.wsgi [-] 10.0.0.132 "GET / HTTP/1.1" status: 200 len: 247 time: 0.0022686
2026-06-24 18:41:12.980 10 INFO neutron.wsgi [-] 10.0.0.132 "GET / HTTP/1.1" status: 200 len: 247 time: 0.0023611
2026-06-24 18:41:12.980 9 INFO neutron.wsgi [-] 10.0.0.132 "GET / HTTP/1.1" status: 200 len: 247 time: 0.0022292
2026-06-24 18:41:27.984 9 INFO neutron.wsgi [-] 10.0.0.132 "GET / HTTP/1.1" status: 200 len: 247 time: 0.0053749
2026-06-24 18:41:27.986 9 INFO neutron.wsgi [-] 10.0.0.132 "GET / HTTP/1.1" status: 200 len: 247 time: 0.0014250
2026-06-24 18:41:42.981 10 INFO neutron.wsgi [-] 10.0.0.132 "GET / HTTP/1.1" status: 200 len: 247 time: 0.0026960
2026-06-24 18:41:42.981 9 INFO neutron.wsgi [-] 10.0.0.132 "GET / HTTP/1.1" status: 200 len: 247 time: 0.0033362
2026-06-24 18:41:57.979 9 INFO neutron.wsgi [-] 10.0.0.132 "GET / HTTP/1.1" status: 200 len: 247 time: 0.0016246
2026-06-24 18:41:57.982 10 INFO neutron.wsgi [-] 10.0.0.132 "GET / HTTP/1.1" status: 200 len: 247 time: 0.0040727
2026-06-24 18:42:12.980 10 INFO neutron.wsgi [-] 10.0.0.132 "GET / HTTP/1.1" status: 200 len: 247 time: 0.0019486
2026-06-24 18:42:12.981 9 INFO neutron.wsgi [-] 10.0.0.132 "GET / HTTP/1.1" status: 200 len: 247 time: 0.0035384 /var/lib/openstack/lib/python3.10/site-packages/pycadf/identifier.py:71: UserWarning: Invalid uuid: neutron. To ensure interoperability, identifiers should be a valid uuid. warnings.warn(('Invalid uuid: %s. To ensure interoperability, '
2026-06-24 18:42:26.416 10 INFO neutron.pecan_wsgi.hooks.translation [None req-3372da5d-4bb7-48f0-aa23-f7ef82904743 ec799136185c4c139505f37770c29a78 ea4228d175304820b807d0b681ed9103 - - default default] GET failed (client error): The resource could not be found.
2026-06-24 18:42:26.418 10 INFO neutron.wsgi [None req-3372da5d-4bb7-48f0-aa23-f7ef82904743 ec799136185c4c139505f37770c29a78 ea4228d175304820b807d0b681ed9103 - - default default] 199.204.45.210 "GET /v2.0/ports/octavia-health-manager-port-instance HTTP/1.1" status: 404 len: 338 time: 0.2100768
2026-06-24 18:42:26.506 10 INFO neutron.wsgi [None req-6e463620-864f-4f59-8c3f-99b82b5a49e3 ec799136185c4c139505f37770c29a78 ea4228d175304820b807d0b681ed9103 - - default default] 199.204.45.210 "GET /v2.0/ports?name=octavia-health-manager-port-instance HTTP/1.1" status: 200 len: 1421 time: 0.0844364
2026-06-24 18:42:27.980 9 INFO neutron.wsgi [-] 10.0.0.132 "GET / HTTP/1.1" status: 200 len: 247 time: 0.0025544
2026-06-24 18:42:27.984 9 INFO neutron.wsgi [-] 10.0.0.132 "GET / HTTP/1.1" status: 200 len: 247 time: 0.0021253
2026-06-24 18:42:28.450 10 INFO neutron.pecan_wsgi.hooks.translation [None req-c0406631-02eb-47bb-afc0-9ece733ece28 ec799136185c4c139505f37770c29a78 ea4228d175304820b807d0b681ed9103 - - default default] GET failed (client error): The resource could not be found.
2026-06-24 18:42:28.452 10 INFO neutron.wsgi [None req-c0406631-02eb-47bb-afc0-9ece733ece28 ec799136185c4c139505f37770c29a78 ea4228d175304820b807d0b681ed9103 - - default default] 199.204.45.210 "GET /v2.0/ports/octavia-health-manager-port-instance HTTP/1.1" status: 404 len: 338 time: 0.1513073
2026-06-24 18:42:28.511 10 INFO neutron.wsgi [None req-57460c1d-202d-4dff-86e1-d130a483eb8d ec799136185c4c139505f37770c29a78 ea4228d175304820b807d0b681ed9103 - - default default] 199.204.45.210 "GET /v2.0/ports?name=octavia-health-manager-port-instance HTTP/1.1" status: 200 len: 1421 time: 0.0532324
2026-06-24 18:42:29.847 9 INFO neutron.plugins.ml2.drivers.ovn.mech_driver.mech_driver [-] OVN reports status up for port: dd7ab311-d448-4817-8248-75f79e51f47f
2026-06-24 18:42:29.866 9 INFO neutron.plugins.ml2.plugin [None req-ee5c6fa3-e313-4882-9571-18a31207f112 - - - - - -] Attempt 1 to provision port dd7ab311-d448-4817-8248-75f79e51f47f
2026-06-24 18:42:30.200 9 INFO neutron.db.ovn_revision_numbers_db [None req-ee5c6fa3-e313-4882-9571-18a31207f112 - - - - - -] Successfully bumped revision number for resource dd7ab311-d448-4817-8248-75f79e51f47f (type: ports) to 4
2026-06-24 18:42:42.981 10 INFO neutron.wsgi [-] 10.0.0.132 "GET / HTTP/1.1" status: 200 len: 247 time: 0.0020037
2026-06-24 18:42:42.981 9 INFO neutron.wsgi [-] 10.0.0.132 "GET / HTTP/1.1" status: 200 len: 247 time: 0.0026891
2026-06-24 18:42:57.979 10 INFO neutron.wsgi [-] 10.0.0.132 "GET / HTTP/1.1" status: 200 len: 247 time: 0.0018866
2026-06-24 18:42:57.985 10 INFO neutron.wsgi [-] 10.0.0.132 "GET / HTTP/1.1" status: 200 len: 247 time: 0.0046797
2026-06-24 18:43:12.980 9 INFO neutron.wsgi [-] 10.0.0.132 "GET / HTTP/1.1" status: 200 len: 247 time: 0.0019512
2026-06-24 18:43:12.980 10 INFO neutron.wsgi [-] 10.0.0.132 "GET / HTTP/1.1" status: 200 len: 247 time: 0.0023768
2026-06-24 18:43:27.979 10 INFO neutron.wsgi [-] 10.0.0.132 "GET / HTTP/1.1" status: 200 len: 247 time: 0.0019972
2026-06-24 18:43:27.979 9 INFO neutron.wsgi [-] 10.0.0.132 "GET / HTTP/1.1" status: 200 len: 247 time: 0.0024126
2026-06-24 18:43:42.980 10 INFO neutron.wsgi [-] 10.0.0.132 "GET / HTTP/1.1" status: 200 len: 247 time: 0.0027909
2026-06-24 18:43:42.990 10 INFO neutron.wsgi [-] 10.0.0.132 "GET / HTTP/1.1" status: 200 len: 247 time: 0.0059347
2026-06-24 18:43:57.981 9 INFO neutron.wsgi [-] 10.0.0.132 "GET / HTTP/1.1" status: 200 len: 247 time: 0.0029614
2026-06-24 18:43:57.982 10 INFO neutron.wsgi [-] 10.0.0.132 "GET / HTTP/1.1" status: 200 len: 247 time: 0.0026889
2026-06-24 18:44:02.580 15 INFO neutron.db.ovn_revision_numbers_db [None req-a17d5ec2-303d-4c08-86e0-5cb19b626758 - - - - - -] Successfully bumped revision number for resource bebd95b0-2844-49db-a12f-241962bcc1cc (type: networks) to 2
2026-06-24 18:44:02.638 15 INFO neutron.db.ovn_revision_numbers_db [None req-a17d5ec2-303d-4c08-86e0-5cb19b626758 - - - - - -] Successfully bumped revision number for resource 37c88202-c830-41c8-97c6-39bc68b8dc78 (type: security_groups) to 6
2026-06-24 18:44:02.681 15 INFO neutron.db.ovn_revision_numbers_db [None req-a17d5ec2-303d-4c08-86e0-5cb19b626758 - - - - - -] Successfully bumped revision number for resource c39df8ba-d955-4aa1-b170-d11cc3938bd0 (type: security_groups) to 3
2026-06-24 18:44:02.682 15 INFO neutron.plugins.ml2.drivers.ovn.mech_driver.ovsdb.maintenance [None req-a17d5ec2-303d-4c08-86e0-5cb19b626758 - - - - - -] Maintenance task: Synchronization completed (took 0.21 seconds)
2026-06-24 18:44:12.979 10 INFO neutron.wsgi [-] 10.0.0.132 "GET / HTTP/1.1" status: 200 len: 247 time: 0.0014071
2026-06-24 18:44:12.981 9 INFO neutron.wsgi [-] 10.0.0.132 "GET / HTTP/1.1" status: 200 len: 247 time: 0.0037217
2026-06-24 18:44:27.979 10 INFO neutron.wsgi [-] 10.0.0.132 "GET / HTTP/1.1" status: 200 len: 247 time: 0.0013831
2026-06-24 18:44:27.980 9 INFO neutron.wsgi [-] 10.0.0.132 "GET / HTTP/1.1" status: 200 len: 247 time: 0.0021141
2026-06-24 18:44:42.980 10 INFO neutron.wsgi [-] 10.0.0.132 "GET / HTTP/1.1" status: 200 len: 247 time: 0.0017736
2026-06-24 18:44:42.981 9 INFO neutron.wsgi [-] 10.0.0.132 "GET / HTTP/1.1" status: 200 len: 247 time: 0.0026436
2026-06-24 18:44:57.979 9 INFO neutron.wsgi [-] 10.0.0.132 "GET / HTTP/1.1" status: 200 len: 247 time: 0.0017259
2026-06-24 18:44:57.979 10 INFO neutron.wsgi [-] 10.0.0.132 "GET / HTTP/1.1" status: 200 len: 247 time: 0.0017855
2026-06-24 18:45:12.980 10 INFO neutron.wsgi [-] 10.0.0.132 "GET / HTTP/1.1" status: 200 len: 247 time: 0.0017357
2026-06-24 18:45:12.980 9 INFO neutron.wsgi [-] 10.0.0.132 "GET / HTTP/1.1" status: 200 len: 247 time: 0.0022283
2026-06-24 18:45:27.979 10 INFO neutron.wsgi [-] 10.0.0.132 "GET / HTTP/1.1" status: 200 len: 247 time: 0.0016854
2026-06-24 18:45:27.981 9 INFO neutron.wsgi [-] 10.0.0.132 "GET / HTTP/1.1" status: 200 len: 247 time: 0.0025554
2026-06-24 18:45:42.980 10 INFO neutron.wsgi [-] 10.0.0.132 "GET / HTTP/1.1" status: 200 len: 247 time: 0.0022280
2026-06-24 18:45:42.983 9 INFO neutron.wsgi [-] 10.0.0.132 "GET / HTTP/1.1" status: 200 len: 247 time: 0.0033374
2026-06-24 18:45:57.980 10 INFO neutron.wsgi [-] 10.0.0.132 "GET / HTTP/1.1" status: 200 len: 247 time: 0.0022287
2026-06-24 18:45:57.985 10 INFO neutron.wsgi [-] 10.0.0.132 "GET / HTTP/1.1" status: 200 len: 247 time: 0.0042357
2026-06-24 18:46:12.985 10 INFO neutron.wsgi [-] 10.0.0.132 "GET / HTTP/1.1" status: 200 len: 247 time: 0.0050178
2026-06-24 18:46:12.993 10 INFO neutron.wsgi [-] 10.0.0.132 "GET / HTTP/1.1" status: 200 len: 247 time: 0.0061965
2026-06-24 18:46:27.981 9 INFO neutron.wsgi [-] 10.0.0.132 "GET / HTTP/1.1" status: 200 len: 247 time: 0.0023260
2026-06-24 18:46:27.984 10 INFO neutron.wsgi [-] 10.0.0.132 "GET / HTTP/1.1" status: 200 len: 247 time: 0.0044055
2026-06-24 18:46:42.980 10 INFO neutron.wsgi [-] 10.0.0.132 "GET / HTTP/1.1" status: 200 len: 247 time: 0.0016894
2026-06-24 18:46:42.982 9 INFO neutron.wsgi [-] 10.0.0.132 "GET / HTTP/1.1" status: 200 len: 247 time: 0.0028682
2026-06-24 18:46:57.980 10 INFO neutron.wsgi [-] 10.0.0.132 "GET / HTTP/1.1" status: 200 len: 247 time: 0.0020955
2026-06-24 18:46:57.982 9 INFO neutron.wsgi [-] 10.0.0.132 "GET / HTTP/1.1" status: 200 len: 247 time: 0.0037897
2026-06-24 18:47:12.983 10 INFO neutron.wsgi [-] 10.0.0.132 "GET / HTTP/1.1" status: 200 len: 247 time: 0.0046222
2026-06-24 18:47:12.987 10 INFO neutron.wsgi [-] 10.0.0.132 "GET / HTTP/1.1" status: 200 len: 247 time: 0.0025773
2026-06-24 18:47:27.982 9 INFO neutron.wsgi [-] 10.0.0.132 "GET / HTTP/1.1" status: 200 len: 247 time: 0.0034266
2026-06-24 18:47:27.985 9 INFO neutron.wsgi [-] 10.0.0.132 "GET / HTTP/1.1" status: 200 len: 247 time: 0.0021772
2026-06-24 18:47:42.980 10 INFO neutron.wsgi [-] 10.0.0.132 "GET / HTTP/1.1" status: 200 len: 247 time: 0.0019722
2026-06-24 18:47:42.983 10 INFO neutron.wsgi [-] 10.0.0.132 "GET / HTTP/1.1" status: 200 len: 247 time: 0.0016944
2026-06-24 18:47:57.983 10 INFO neutron.wsgi [-] 10.0.0.132 "GET / HTTP/1.1" status: 200 len: 247 time: 0.0043797
