2026-06-24 19:08:46.566 10 INFO neutron.db.ovn_revision_numbers_db [None req-dde5b24d-e623-4e2d-81b2-0b284fa41bc9 ec799136185c4c139505f37770c29a78 ea4228d175304820b807d0b681ed9103 - - default default] Successfully bumped revision number for resource 1042f388-a953-45ee-99ca-0a74af52ffaf (type: security_groups) to 1
2026-06-24 19:08:46.568 10 INFO neutron.db.ovn_revision_numbers_db [None req-863f2bba-fe46-4f98-bc6b-6162ad7be759 ec799136185c4c139505f37770c29a78 ea4228d175304820b807d0b681ed9103 - - default default] Successfully bumped revision number for resource a2cf91bd-0bbf-4dcd-bed5-2a03fed98358 (type: security_group_rules) to 0
2026-06-24 19:08:46.593 10 INFO neutron.wsgi [None req-863f2bba-fe46-4f98-bc6b-6162ad7be759 ec799136185c4c139505f37770c29a78 ea4228d175304820b807d0b681ed9103 - - default default] 10.0.0.128 "GET /v2.0/security-groups?tenant_id=de5f00e4db954d8c9be98f502a655dde&name=default HTTP/1.1" status: 200 len: 3120 time: 0.4190300
2026-06-24 19:08:46.595 10 INFO neutron.db.ovn_revision_numbers_db [None req-dde5b24d-e623-4e2d-81b2-0b284fa41bc9 ec799136185c4c139505f37770c29a78 ea4228d175304820b807d0b681ed9103 - - default default] Successfully bumped revision number for resource 02247d11-f8d2-44eb-b8b7-9b5f1351bd2a (type: security_group_rules) to 0
2026-06-24 19:08:46.624 10 INFO neutron.db.ovn_revision_numbers_db [None req-dde5b24d-e623-4e2d-81b2-0b284fa41bc9 ec799136185c4c139505f37770c29a78 ea4228d175304820b807d0b681ed9103 - - default default] Successfully bumped revision number for resource 0dfad06c-c2ce-424a-993b-ec9c709a79e1 (type: security_group_rules) to 0
2026-06-24 19:08:46.640 10 INFO neutron.db.ovn_revision_numbers_db [None req-dde5b24d-e623-4e2d-81b2-0b284fa41bc9 ec799136185c4c139505f37770c29a78 ea4228d175304820b807d0b681ed9103 - - default default] Successfully bumped revision number for resource 2bb1b31d-ec86-4bd1-b61a-4f4927a0e139 (type: security_group_rules) to 0
2026-06-24 19:08:46.656 10 INFO neutron.db.ovn_revision_numbers_db [None req-dde5b24d-e623-4e2d-81b2-0b284fa41bc9 ec799136185c4c139505f37770c29a78 ea4228d175304820b807d0b681ed9103 - - default default] Successfully bumped revision number for resource 5c092354-85d9-43d1-8600-35552fe0d3e0 (type: security_group_rules) to 0
2026-06-24 19:08:46.715 10 INFO neutron.db.segments_db [None req-dde5b24d-e623-4e2d-81b2-0b284fa41bc9 ec799136185c4c139505f37770c29a78 ea4228d175304820b807d0b681ed9103 - - default default] Added segment f9dd8a6a-38b3-44bf-a024-cdada595eb86 of type geneve for network 37b11919-fc45-4289-9491-136d533cb457
2026-06-24 19:08:46.882 10 INFO neutron.db.ovn_revision_numbers_db [None req-dde5b24d-e623-4e2d-81b2-0b284fa41bc9 ec799136185c4c139505f37770c29a78 ea4228d175304820b807d0b681ed9103 - - default default] Successfully bumped revision number for resource 37b11919-fc45-4289-9491-136d533cb457 (type: networks) to 1
2026-06-24 19:08:46.901 10 INFO neutron.wsgi [None req-ab195647-3fc6-402e-9c17-299d498d3d7e ec799136185c4c139505f37770c29a78 ea4228d175304820b807d0b681ed9103 - - default default] 10.0.0.128 "DELETE /v2.0/security-groups/51288d94-9e85-44c1-8da3-f2329034aaf8 HTTP/1.1" status: 204 len: 168 time: 0.3037615
2026-06-24 19:08:47.106 10 WARNING neutron.scheduler.dhcp_agent_scheduler [None req-dde5b24d-e623-4e2d-81b2-0b284fa41bc9 ec799136185c4c139505f37770c29a78 ea4228d175304820b807d0b681ed9103 - - default default] No more DHCP agents
2026-06-24 19:08:47.108 10 WARNING neutron.api.rpc.agentnotifiers.dhcp_rpc_agent_api [None req-dde5b24d-e623-4e2d-81b2-0b284fa41bc9 ec799136185c4c139505f37770c29a78 ea4228d175304820b807d0b681ed9103 - - default default] Unable to schedule network 37b11919-fc45-4289-9491-136d533cb457: no agents available; will retry on subsequent port and subnet creation events.
2026-06-24 19:08:47.233 9 INFO neutron.wsgi [None req-2ccb4113-d4d4-45d3-96c1-151dd6361182 5f04abe752d84541bdb20a0453c905af 753bf87e3e4f4f8e90c2996bb0b1a8ab - - default default] 10.0.0.128 "PUT /v2.0/routers/82057357-6ce2-4055-beb7-bd3a937bf810/remove_router_interface HTTP/1.1" status: 200 len: 503 time: 0.8267899
2026-06-24 19:08:47.241 10 INFO neutron.db.ovn_revision_numbers_db [None req-dde5b24d-e623-4e2d-81b2-0b284fa41bc9 ec799136185c4c139505f37770c29a78 ea4228d175304820b807d0b681ed9103 - - default default] Successfully bumped revision number for resource 80acc046-e71a-46ad-b014-baeaecb7e24c (type: ports) to 1 /var/lib/openstack/lib/python3.10/site-packages/pycadf/identifier.py:71: UserWarning: Invalid uuid: neutron. To ensure interoperability, identifiers should be a valid uuid. warnings.warn(('Invalid uuid: %s. To ensure interoperability, '
2026-06-24 19:08:47.269 10 INFO neutron.wsgi [None req-dde5b24d-e623-4e2d-81b2-0b284fa41bc9 ec799136185c4c139505f37770c29a78 ea4228d175304820b807d0b681ed9103 - - default default] 10.0.0.128 "POST /v2.0/networks HTTP/1.1" status: 201 len: 939 time: 1.0001681
2026-06-24 19:08:47.273 9 INFO neutron.wsgi [None req-db719273-0616-4a3b-9073-3baef3ccb18d 5f04abe752d84541bdb20a0453c905af 753bf87e3e4f4f8e90c2996bb0b1a8ab - - default default] 10.0.0.128 "GET /v2.0/ports?device_id=82057357-6ce2-4055-beb7-bd3a937bf810 HTTP/1.1" status: 200 len: 205 time: 0.0345879
2026-06-24 19:08:47.310 10 INFO neutron.db.ovn_revision_numbers_db [None req-311e532b-7e7d-4e04-b76e-c851dc97f0c3 ec799136185c4c139505f37770c29a78 ea4228d175304820b807d0b681ed9103 - - default default] Successfully bumped revision number for resource bad91c75-cc4a-4848-984d-a4e7c0786b3b (type: security_groups) to 1
2026-06-24 19:08:47.340 10 INFO neutron.db.ovn_revision_numbers_db [None req-311e532b-7e7d-4e04-b76e-c851dc97f0c3 ec799136185c4c139505f37770c29a78 ea4228d175304820b807d0b681ed9103 - - default default] Successfully bumped revision number for resource 2502f3c0-3d81-46e2-98d8-b9e2a47cb0eb (type: security_group_rules) to 0
2026-06-24 19:08:47.363 10 INFO neutron.db.ovn_revision_numbers_db [None req-311e532b-7e7d-4e04-b76e-c851dc97f0c3 ec799136185c4c139505f37770c29a78 ea4228d175304820b807d0b681ed9103 - - default default] Successfully bumped revision number for resource 30be0084-6270-4879-8684-d4c895cdd4fb (type: security_group_rules) to 0
2026-06-24 19:08:47.388 10 INFO neutron.db.ovn_revision_numbers_db [None req-311e532b-7e7d-4e04-b76e-c851dc97f0c3 ec799136185c4c139505f37770c29a78 ea4228d175304820b807d0b681ed9103 - - default default] Successfully bumped revision number for resource a52d70ae-15e0-4ddb-a34c-1d3801ec7789 (type: security_group_rules) to 0
2026-06-24 19:08:47.412 10 INFO neutron.db.ovn_revision_numbers_db [None req-311e532b-7e7d-4e04-b76e-c851dc97f0c3 ec799136185c4c139505f37770c29a78 ea4228d175304820b807d0b681ed9103 - - default default] Successfully bumped revision number for resource f28fb6ab-3ad2-47ae-9945-e7bd14ff7fdb (type: security_group_rules) to 0
2026-06-24 19:08:47.454 10 INFO neutron.wsgi [None req-311e532b-7e7d-4e04-b76e-c851dc97f0c3 ec799136185c4c139505f37770c29a78 ea4228d175304820b807d0b681ed9103 - - default default] 10.0.0.128 "GET /v2.0/security-groups?tenant_id=7cdef6632f7e4f5db8898e99877e9f57&name=default HTTP/1.1" status: 200 len: 3120 time: 0.3256645
2026-06-24 19:08:47.492 10 WARNING neutron.scheduler.dhcp_agent_scheduler [None req-a7fa0beb-d18a-4c88-97a6-d9a0e9ee5b7a ec799136185c4c139505f37770c29a78 ea4228d175304820b807d0b681ed9103 - - default default] No more DHCP agents
2026-06-24 19:08:47.496 10 WARNING neutron.api.rpc.agentnotifiers.dhcp_rpc_agent_api [None req-a7fa0beb-d18a-4c88-97a6-d9a0e9ee5b7a ec799136185c4c139505f37770c29a78 ea4228d175304820b807d0b681ed9103 - - default default] Unable to schedule network 37b11919-fc45-4289-9491-136d533cb457: no agents available; will retry on subsequent port and subnet creation events.
2026-06-24 19:08:47.632 9 INFO neutron.wsgi [None req-10fda4d2-3e32-47a1-9955-f2754b958391 5f04abe752d84541bdb20a0453c905af 753bf87e3e4f4f8e90c2996bb0b1a8ab - - default default] 10.0.0.128 "DELETE /v2.0/routers/82057357-6ce2-4055-beb7-bd3a937bf810 HTTP/1.1" status: 204 len: 168 time: 0.3491426
2026-06-24 19:08:47.765 10 INFO neutron.wsgi [None req-7832e887-19df-4386-af41-0d977e027a15 ec799136185c4c139505f37770c29a78 ea4228d175304820b807d0b681ed9103 - - default default] 10.0.0.128 "DELETE /v2.0/security-groups/bad91c75-cc4a-4848-984d-a4e7c0786b3b HTTP/1.1" status: 204 len: 168 time: 0.3018186
2026-06-24 19:08:47.897 9 INFO neutron.wsgi [None req-2cc4e586-6f97-4d89-ba6d-a5449be931a9 5f04abe752d84541bdb20a0453c905af 753bf87e3e4f4f8e90c2996bb0b1a8ab - - default default] 10.0.0.128 "DELETE /v2.0/subnets/c2024c6c-fabe-4173-b32f-f0984d6380ed HTTP/1.1" status: 204 len: 168 time: 0.2596850
2026-06-24 19:08:48.081 10 INFO neutron.db.ovn_revision_numbers_db [None req-a7fa0beb-d18a-4c88-97a6-d9a0e9ee5b7a ec799136185c4c139505f37770c29a78 ea4228d175304820b807d0b681ed9103 - - default default] Successfully bumped revision number for resource 80acc046-e71a-46ad-b014-baeaecb7e24c (type: ports) to 2
2026-06-24 19:08:48.119 10 INFO neutron.db.ovn_revision_numbers_db [None req-a7fa0beb-d18a-4c88-97a6-d9a0e9ee5b7a ec799136185c4c139505f37770c29a78 ea4228d175304820b807d0b681ed9103 - - default default] Successfully bumped revision number for resource 2a6b2b22-1c86-4202-9501-6fd179ccb1ea (type: subnets) to 0
2026-06-24 19:08:48.136 10 INFO neutron.wsgi [None req-a7fa0beb-d18a-4c88-97a6-d9a0e9ee5b7a ec799136185c4c139505f37770c29a78 ea4228d175304820b807d0b681ed9103 - - default default] 10.0.0.128 "POST /v2.0/subnets HTTP/1.1" status: 201 len: 859 time: 0.8588936
2026-06-24 19:08:48.188 9 INFO neutron.wsgi [None req-8411bb24-9cb9-4491-bb08-e13b74f90184 5f04abe752d84541bdb20a0453c905af 753bf87e3e4f4f8e90c2996bb0b1a8ab - - default default] 10.0.0.128 "DELETE /v2.0/subnets/cdc424c1-52a2-498d-94ba-a9b536b33074 HTTP/1.1" status: 204 len: 168 time: 0.2863991
2026-06-24 19:08:48.579 10 WARNING neutron.scheduler.dhcp_agent_scheduler [None req-1937c202-6665-4116-b98e-6ffcf517ca40 ec799136185c4c139505f37770c29a78 ea4228d175304820b807d0b681ed9103 - - default default] No more DHCP agents
2026-06-24 19:08:48.582 10 WARNING neutron.api.rpc.agentnotifiers.dhcp_rpc_agent_api [None req-1937c202-6665-4116-b98e-6ffcf517ca40 ec799136185c4c139505f37770c29a78 ea4228d175304820b807d0b681ed9103 - - default default] Unable to schedule network 83af68fc-eabc-4f93-abd9-e363b8272142: no agents available; will retry on subsequent port and subnet creation events.
2026-06-24 19:08:48.611 9 INFO neutron.services.segments.plugin [-] Segment a1f8b38a-bf83-4c43-98f5-d43d85735417 resource provider aggregate not found
2026-06-24 19:08:48.621 9 INFO neutron.services.segments.plugin [-] Segment a1f8b38a-bf83-4c43-98f5-d43d85735417 resource provider aggregate not found
2026-06-24 19:08:48.642 9 INFO neutron.services.segments.plugin [-] Segment a1f8b38a-bf83-4c43-98f5-d43d85735417 resource provider not found; error: Placement Client Error (4xx): {"errors": [{"status": 404, "title": "Not Found", "detail": "The resource could not be found.\n\n No resource provider with uuid a1f8b38a-bf83-4c43-98f5-d43d85735417 found for delete ", "request_id": "req-8db140f4-a323-40ea-8bb5-b872b2360127"}]}
2026-06-24 19:08:48.648 9 INFO neutron.wsgi [None req-3787815b-ac45-4a4d-803a-f2ca9bb4fee0 5f04abe752d84541bdb20a0453c905af 753bf87e3e4f4f8e90c2996bb0b1a8ab - - default default] 10.0.0.128 "DELETE /v2.0/networks/a14b56c3-7dfe-4aef-a324-c92bc030098c HTTP/1.1" status: 204 len: 168 time: 0.4519112
2026-06-24 19:08:48.649 9 INFO neutron.services.segments.plugin [-] Segment a1f8b38a-bf83-4c43-98f5-d43d85735417 resource provider not found; error: Placement Client Error (4xx): {"errors": [{"status": 404, "title": "Not Found", "detail": "The resource could not be found.\n\n No resource provider with uuid a1f8b38a-bf83-4c43-98f5-d43d85735417 found for delete ", "request_id": "req-16fb8bac-3dd9-4aab-85c4-11e01f2e6636"}]}
2026-06-24 19:08:48.793 10 INFO neutron.db.ovn_revision_numbers_db [None req-1937c202-6665-4116-b98e-6ffcf517ca40 ec799136185c4c139505f37770c29a78 ea4228d175304820b807d0b681ed9103 - - default default] Successfully bumped revision number for resource 2fd10fae-6971-4e4e-a62b-dcfcdcb7ee1e (type: ports) to 1
2026-06-24 19:08:49.466 10 INFO neutron.services.segments.plugin [-] Segment 2d564259-61e3-4627-acce-5a8db6ffda43 resource provider aggregate not found
2026-06-24 19:08:49.469 10 INFO neutron.services.segments.plugin [-] Segment 2d564259-61e3-4627-acce-5a8db6ffda43 resource provider aggregate not found
2026-06-24 19:08:49.484 10 INFO neutron.services.segments.plugin [-] Segment 2d564259-61e3-4627-acce-5a8db6ffda43 resource provider not found; error: Placement Client Error (4xx): {"errors": [{"status": 404, "title": "Not Found", "detail": "The resource could not be found.\n\n No resource provider with uuid 2d564259-61e3-4627-acce-5a8db6ffda43 found for delete ", "request_id": "req-dbef1b91-9c58-4f51-ba8e-db7368b2ba92"}]}
2026-06-24 19:08:49.485 10 INFO neutron.services.segments.plugin [-] Segment 2d564259-61e3-4627-acce-5a8db6ffda43 resource provider not found; error: Placement Client Error (4xx): {"errors": [{"status": 404, "title": "Not Found", "detail": "The resource could not be found.\n\n No resource provider with uuid 2d564259-61e3-4627-acce-5a8db6ffda43 found for delete ", "request_id": "req-e244cea8-93c6-45f2-8860-0bcb30dcfd27"}]}
2026-06-24 19:08:49.492 10 INFO neutron.wsgi [None req-96a5d130-bb99-462a-a028-d293f787955a 5f04abe752d84541bdb20a0453c905af 753bf87e3e4f4f8e90c2996bb0b1a8ab - - default default] 10.0.0.128 "DELETE /v2.0/networks/0b68fb06-b2d9-4e98-956f-80df0e90bfce HTTP/1.1" status: 204 len: 168 time: 0.8395238
2026-06-24 19:08:49.507 9 WARNING neutron_lib.context [None req-ccc2c2e9-ba26-42f7-9085-d7fe5a189fc8 5f04abe752d84541bdb20a0453c905af 753bf87e3e4f4f8e90c2996bb0b1a8ab - - default default] Method 'is_advsvc' is deprecated since 2023.2 release (neutron-lib 3.8.0) and will be removed once support for the old RBAC API policies will be removed from Neutron. Please use method 'is_service_role' instead.
2026-06-24 19:08:49.589 9 INFO neutron.db.segments_db [None req-ccc2c2e9-ba26-42f7-9085-d7fe5a189fc8 5f04abe752d84541bdb20a0453c905af 753bf87e3e4f4f8e90c2996bb0b1a8ab - - default default] Added segment d7676987-351d-4bbe-bb97-81ad09b26dde of type geneve for network 48dd8a93-4648-4c6c-9d13-844747fbbc9c
2026-06-24 19:08:49.736 9 INFO neutron.db.ovn_revision_numbers_db [None req-ccc2c2e9-ba26-42f7-9085-d7fe5a189fc8 5f04abe752d84541bdb20a0453c905af 753bf87e3e4f4f8e90c2996bb0b1a8ab - - default default] Successfully bumped revision number for resource 48dd8a93-4648-4c6c-9d13-844747fbbc9c (type: networks) to 1
2026-06-24 19:08:49.809 10 INFO neutron.plugins.ml2.drivers.ovn.mech_driver.ovsdb.commands [None req-9788bae1-2cd4-4678-bb7a-68f26f4f8fe4 - - - - - -] Schedule LRP lrp-2fd10fae-6971-4e4e-a62b-dcfcdcb7ee1e on gateway f5cdd266-7fbb-49d4-98f3-cb656c516c24 with priority 1
2026-06-24 19:08:49.816 10 INFO neutron.plugins.ml2.drivers.ovn.mech_driver.mech_driver [None req-759e9e53-8a2f-4299-9a7d-b43739cd0a68 - - - - - -] OVN reports status up for port: 2fd10fae-6971-4e4e-a62b-dcfcdcb7ee1e
2026-06-24 19:08:49.837 10 INFO neutron.plugins.ml2.drivers.ovn.mech_driver.ovsdb.ovsdb_monitor [None req-6e4e2852-94a4-41eb-925f-68582b40b1bb - - - - - -] Router 66ea9b7b-a2be-4307-b226-7515e820bad3 is bound to host instance
2026-06-24 19:08:49.840 10 INFO neutron.plugins.ml2.plugin [None req-759e9e53-8a2f-4299-9a7d-b43739cd0a68 - - - - - -] Attempt 1 to provision port 2fd10fae-6971-4e4e-a62b-dcfcdcb7ee1e
2026-06-24 19:08:49.877 10 INFO neutron.db.ovn_revision_numbers_db [None req-1937c202-6665-4116-b98e-6ffcf517ca40 ec799136185c4c139505f37770c29a78 ea4228d175304820b807d0b681ed9103 - - default default] Successfully bumped revision number for resource 2fd10fae-6971-4e4e-a62b-dcfcdcb7ee1e (type: router_ports) to 1
2026-06-24 19:08:49.904 9 WARNING neutron.plugins.ml2.drivers.ovn.mech_driver.ovsdb.ovn_client [None req-ee5c6fa3-e313-4882-9571-18a31207f112 - - - - - -] No port found with ID bc0d2862-8009-4918-8196-76c72d961bb8: RuntimeError: No port found with ID bc0d2862-8009-4918-8196-76c72d961bb8
2026-06-24 19:08:49.942 9 WARNING neutron.scheduler.dhcp_agent_scheduler [None req-ccc2c2e9-ba26-42f7-9085-d7fe5a189fc8 5f04abe752d84541bdb20a0453c905af 753bf87e3e4f4f8e90c2996bb0b1a8ab - - default default] No more DHCP agents
2026-06-24 19:08:49.943 9 WARNING neutron.api.rpc.agentnotifiers.dhcp_rpc_agent_api [None req-ccc2c2e9-ba26-42f7-9085-d7fe5a189fc8 5f04abe752d84541bdb20a0453c905af 753bf87e3e4f4f8e90c2996bb0b1a8ab - - default default] Unable to schedule network 48dd8a93-4648-4c6c-9d13-844747fbbc9c: no agents available; will retry on subsequent port and subnet creation events.
2026-06-24 19:08:50.008 10 INFO neutron.db.ovn_revision_numbers_db [None req-1937c202-6665-4116-b98e-6ffcf517ca40 ec799136185c4c139505f37770c29a78 ea4228d175304820b807d0b681ed9103 - - default default] Successfully bumped revision number for resource 66ea9b7b-a2be-4307-b226-7515e820bad3 (type: routers) to 2
2026-06-24 19:08:50.046 10 INFO neutron.wsgi [None req-1937c202-6665-4116-b98e-6ffcf517ca40 ec799136185c4c139505f37770c29a78 ea4228d175304820b807d0b681ed9103 - - default default] 10.0.0.128 "POST /v2.0/routers HTTP/1.1" status: 201 len: 1161 time: 1.9041350
2026-06-24 19:08:50.047 9 INFO neutron.db.ovn_revision_numbers_db [None req-ccc2c2e9-ba26-42f7-9085-d7fe5a189fc8 5f04abe752d84541bdb20a0453c905af 753bf87e3e4f4f8e90c2996bb0b1a8ab - - default default] Successfully bumped revision number for resource 011ac36b-467f-414a-a651-9553935afa64 (type: ports) to 1
2026-06-24 19:08:50.079 9 INFO neutron.wsgi [None req-ccc2c2e9-ba26-42f7-9085-d7fe5a189fc8 5f04abe752d84541bdb20a0453c905af 753bf87e3e4f4f8e90c2996bb0b1a8ab - - default default] 10.0.0.128 "POST /v2.0/networks HTTP/1.1" status: 201 len: 828 time: 0.5794015
2026-06-24 19:08:50.088 9 WARNING neutron_lib.context [None req-f7fd9da3-d932-4b6b-8dfd-8b1353334fba 5f04abe752d84541bdb20a0453c905af 753bf87e3e4f4f8e90c2996bb0b1a8ab - - default default] Method 'is_advsvc' is deprecated since 2023.2 release (neutron-lib 3.8.0) and will be removed once support for the old RBAC API policies will be removed from Neutron. Please use method 'is_service_role' instead.
2026-06-24 19:08:50.358 9 WARNING neutron.scheduler.dhcp_agent_scheduler [None req-f7fd9da3-d932-4b6b-8dfd-8b1353334fba 5f04abe752d84541bdb20a0453c905af 753bf87e3e4f4f8e90c2996bb0b1a8ab - - default default] No more DHCP agents
2026-06-24 19:08:50.361 9 WARNING neutron.api.rpc.agentnotifiers.dhcp_rpc_agent_api [None req-f7fd9da3-d932-4b6b-8dfd-8b1353334fba 5f04abe752d84541bdb20a0453c905af 753bf87e3e4f4f8e90c2996bb0b1a8ab - - default default] Unable to schedule network 48dd8a93-4648-4c6c-9d13-844747fbbc9c: no agents available; will retry on subsequent port and subnet creation events.
2026-06-24 19:08:50.867 9 INFO neutron.db.ovn_revision_numbers_db [None req-f7fd9da3-d932-4b6b-8dfd-8b1353334fba 5f04abe752d84541bdb20a0453c905af 753bf87e3e4f4f8e90c2996bb0b1a8ab - - default default] Successfully bumped revision number for resource 011ac36b-467f-414a-a651-9553935afa64 (type: ports) to 2
2026-06-24 19:08:50.904 9 INFO neutron.db.ovn_revision_numbers_db [None req-f7fd9da3-d932-4b6b-8dfd-8b1353334fba 5f04abe752d84541bdb20a0453c905af 753bf87e3e4f4f8e90c2996bb0b1a8ab - - default default] Successfully bumped revision number for resource 0b6db824-52de-49de-ba32-799bcd7f30eb (type: subnets) to 0
2026-06-24 19:08:50.922 9 INFO neutron.wsgi [None req-f7fd9da3-d932-4b6b-8dfd-8b1353334fba 5f04abe752d84541bdb20a0453c905af 753bf87e3e4f4f8e90c2996bb0b1a8ab - - default default] 10.0.0.128 "POST /v2.0/subnets HTTP/1.1" status: 201 len: 801 time: 0.8389146
2026-06-24 19:08:50.933 9 WARNING neutron_lib.context [None req-dca3e5c6-cceb-48d9-8d76-dad801148e18 5f04abe752d84541bdb20a0453c905af 753bf87e3e4f4f8e90c2996bb0b1a8ab - - default default] Method 'is_advsvc' is deprecated since 2023.2 release (neutron-lib 3.8.0) and will be removed once support for the old RBAC API policies will be removed from Neutron. Please use method 'is_service_role' instead.
2026-06-24 19:08:51.011 10 WARNING neutron.scheduler.dhcp_agent_scheduler [None req-2ed5ea64-98b9-4b70-a3b2-d336d781a17d ec799136185c4c139505f37770c29a78 ea4228d175304820b807d0b681ed9103 - - default default] No more DHCP agents
2026-06-24 19:08:51.013 10 WARNING neutron.api.rpc.agentnotifiers.dhcp_rpc_agent_api [None req-2ed5ea64-98b9-4b70-a3b2-d336d781a17d ec799136185c4c139505f37770c29a78 ea4228d175304820b807d0b681ed9103 - - default default] Unable to schedule network 37b11919-fc45-4289-9491-136d533cb457: no agents available; will retry on subsequent port and subnet creation events.
2026-06-24 19:08:51.100 9 INFO neutron.db.ovn_revision_numbers_db [None req-dca3e5c6-cceb-48d9-8d76-dad801148e18 5f04abe752d84541bdb20a0453c905af 753bf87e3e4f4f8e90c2996bb0b1a8ab - - default default] Successfully bumped revision number for resource feb8fd58-298a-4cc6-8ed0-84f010df488f (type: routers) to 1
2026-06-24 19:08:51.102 10 INFO neutron.db.ovn_revision_numbers_db [None req-6e4e2852-94a4-41eb-925f-68582b40b1bb - - - - - -] Successfully bumped revision number for resource 2fd10fae-6971-4e4e-a62b-dcfcdcb7ee1e (type: ports) to 1
2026-06-24 19:08:51.117 9 INFO neutron.wsgi [None req-dca3e5c6-cceb-48d9-8d76-dad801148e18 5f04abe752d84541bdb20a0453c905af 753bf87e3e4f4f8e90c2996bb0b1a8ab - - default default] 10.0.0.128 "POST /v2.0/routers HTTP/1.1" status: 201 len: 802 time: 0.1904430
2026-06-24 19:08:51.126 9 WARNING neutron_lib.context [None req-8a75ef49-e264-486e-be81-e4b54656df6c 5f04abe752d84541bdb20a0453c905af 753bf87e3e4f4f8e90c2996bb0b1a8ab - - default default] Method 'is_advsvc' is deprecated since 2023.2 release (neutron-lib 3.8.0) and will be removed once support for the old RBAC API policies will be removed from Neutron. Please use method 'is_service_role' instead.
2026-06-24 19:08:51.284 10 INFO neutron.db.ovn_revision_numbers_db [None req-2ed5ea64-98b9-4b70-a3b2-d336d781a17d ec799136185c4c139505f37770c29a78 ea4228d175304820b807d0b681ed9103 - - default default] Successfully bumped revision number for resource 623c897a-e3cd-4ddc-89bd-1c809f714dc4 (type: ports) to 1
2026-06-24 19:08:51.547 9 WARNING neutron.scheduler.dhcp_agent_scheduler [None req-8a75ef49-e264-486e-be81-e4b54656df6c 5f04abe752d84541bdb20a0453c905af 753bf87e3e4f4f8e90c2996bb0b1a8ab - - default default] No more DHCP agents
2026-06-24 19:08:51.550 9 WARNING neutron.api.rpc.agentnotifiers.dhcp_rpc_agent_api [None req-8a75ef49-e264-486e-be81-e4b54656df6c 5f04abe752d84541bdb20a0453c905af 753bf87e3e4f4f8e90c2996bb0b1a8ab - - default default] Unable to schedule network 48dd8a93-4648-4c6c-9d13-844747fbbc9c: no agents available; will retry on subsequent port and subnet creation events.
2026-06-24 19:08:51.639 10 INFO neutron.db.ovn_revision_numbers_db [None req-6e4e2852-94a4-41eb-925f-68582b40b1bb - - - - - -] Successfully bumped revision number for resource 2fd10fae-6971-4e4e-a62b-dcfcdcb7ee1e (type: router_ports) to 3
2026-06-24 19:08:51.715 9 INFO neutron.db.ovn_revision_numbers_db [None req-8a75ef49-e264-486e-be81-e4b54656df6c 5f04abe752d84541bdb20a0453c905af 753bf87e3e4f4f8e90c2996bb0b1a8ab - - default default] Successfully bumped revision number for resource 46fa1419-467c-46b6-9f6b-74fbab63fc1b (type: ports) to 1
2026-06-24 19:08:51.739 9 INFO neutron.wsgi [None req-8a75ef49-e264-486e-be81-e4b54656df6c 5f04abe752d84541bdb20a0453c905af 753bf87e3e4f4f8e90c2996bb0b1a8ab - - default default] 10.0.0.128 "POST /v2.0/ports HTTP/1.1" status: 201 len: 1147 time: 0.6171002 /var/lib/openstack/lib/python3.10/site-packages/pycadf/identifier.py:71: UserWarning: Invalid uuid: neutron. To ensure interoperability, identifiers should be a valid uuid. warnings.warn(('Invalid uuid: %s. To ensure interoperability, '
2026-06-24 19:08:51.956 10 INFO neutron.db.ovn_revision_numbers_db [None req-6e4e2852-94a4-41eb-925f-68582b40b1bb - - - - - -] Successfully bumped revision number for resource 2fd10fae-6971-4e4e-a62b-dcfcdcb7ee1e (type: ports) to 2
2026-06-24 19:08:51.995 10 ERROR ovsdbapp.backend.ovs_idl.command [None req-2ed5ea64-98b9-4b70-a3b2-d336d781a17d ec799136185c4c139505f37770c29a78 ea4228d175304820b807d0b681ed9103 - - default default] Error executing command (DbGetCommand): ovsdbapp.backend.ovs_idl.idlutils.RowNotFound: Cannot find Logical_Router_Port with name=lrp-623c897a-e3cd-4ddc-89bd-1c809f714dc4
2026-06-24 19:08:51.995 10 ERROR ovsdbapp.backend.ovs_idl.command
Traceback (most recent call last):
2026-06-24 19:08:51.995 10 ERROR ovsdbapp.backend.ovs_idl.command
File "/var/lib/openstack/lib/python3.10/site-packages/ovsdbapp/backend/ovs_idl/command.py", line 47, in execute
2026-06-24 19:08:51.995 10 ERROR ovsdbapp.backend.ovs_idl.command self.run_idl(None)
2026-06-24 19:08:51.995 10 ERROR ovsdbapp.backend.ovs_idl.command
File "/var/lib/openstack/lib/python3.10/site-packages/ovsdbapp/backend/ovs_idl/command.py", line 235, in run_idl
2026-06-24 19:08:51.995 10 ERROR ovsdbapp.backend.ovs_idl.command record = self.api.lookup(self.table, self.record)
2026-06-24 19:08:51.995 10 ERROR ovsdbapp.backend.ovs_idl.command
File "/var/lib/openstack/lib/python3.10/site-packages/ovsdbapp/backend/ovs_idl/__init__.py", line 184, in lookup
2026-06-24 19:08:51.995 10 ERROR ovsdbapp.backend.ovs_idl.command return self._lookup(table, record)
2026-06-24 19:08:51.995 10 ERROR ovsdbapp.backend.ovs_idl.command
File "/var/lib/openstack/lib/python3.10/site-packages/ovsdbapp/backend/ovs_idl/__init__.py", line 235, in _lookup
2026-06-24 19:08:51.995 10 ERROR ovsdbapp.backend.ovs_idl.command row = idlutils.row_by_value(self, rl.table, rl.column, record)
2026-06-24 19:08:51.995 10 ERROR ovsdbapp.backend.ovs_idl.command
File "/var/lib/openstack/lib/python3.10/site-packages/ovsdbapp/backend/ovs_idl/idlutils.py", line 114, in row_by_value
2026-06-24 19:08:51.995 10 ERROR ovsdbapp.backend.ovs_idl.command raise RowNotFound(table=table, col=column, match=match)
2026-06-24 19:08:51.995 10 ERROR ovsdbapp.backend.ovs_idl.command ovsdbapp.backend.ovs_idl.idlutils.RowNotFound: Cannot find Logical_Router_Port with name=lrp-623c897a-e3cd-4ddc-89bd-1c809f714dc4
2026-06-24 19:08:51.995 10 ERROR ovsdbapp.backend.ovs_idl.command 
2026-06-24 19:08:51.995 10 ERROR neutron_lib.callbacks.manager [None req-2ed5ea64-98b9-4b70-a3b2-d336d781a17d ec799136185c4c139505f37770c29a78 ea4228d175304820b807d0b681ed9103 - - default default] Error during notification for neutron.services.ovn_l3.plugin.OVNL3RouterPlugin._port_update-8754342971110 port, after_update: ovsdbapp.backend.ovs_idl.idlutils.RowNotFound: Cannot find Logical_Router_Port with name=lrp-623c897a-e3cd-4ddc-89bd-1c809f714dc4
2026-06-24 19:08:51.995 10 ERROR neutron_lib.callbacks.manager
Traceback (most recent call last):
2026-06-24 19:08:51.995 10 ERROR neutron_lib.callbacks.manager
File "/var/lib/openstack/lib/python3.10/site-packages/neutron_lib/callbacks/manager.py", line 189, in _notify_loop
2026-06-24 19:08:51.995 10 ERROR neutron_lib.callbacks.manager callback.method(resource, event, trigger, payload=payload)
2026-06-24 19:08:51.995 10 ERROR neutron_lib.callbacks.manager
File "/var/lib/openstack/lib/python3.10/site-packages/neutron/services/ovn_l3/plugin.py", line 391, in _port_update
2026-06-24 19:08:51.995 10 ERROR neutron_lib.callbacks.manager l3plugin._ovn_client.update_router_port(context,
2026-06-24 19:08:51.995 10 ERROR neutron_lib.callbacks.manager
File "/var/lib/openstack/lib/python3.10/site-packages/neutron/plugins/ml2/drivers/ovn/mech_driver/ovsdb/ovn_client.py", line 1878, in update_router_port
2026-06-24 19:08:51.995 10 ERROR neutron_lib.callbacks.manager self._update_lrouter_port(context, port, if_exists=if_exists,
2026-06-24 19:08:51.995 10 ERROR neutron_lib.callbacks.manager
File "/var/lib/openstack/lib/python3.10/site-packages/neutron/plugins/ml2/drivers/ovn/mech_driver/ovsdb/ovn_client.py", line 1855, in _update_lrouter_port
2026-06-24 19:08:51.995 10 ERROR neutron_lib.callbacks.manager external_ids = self._nb_idl.db_get(
2026-06-24 19:08:51.995 10 ERROR neutron_lib.callbacks.manager
File "/var/lib/openstack/lib/python3.10/site-packages/ovsdbapp/backend/ovs_idl/command.py", line 47, in execute
2026-06-24 19:08:51.995 10 ERROR neutron_lib.callbacks.manager self.run_idl(None)
2026-06-24 19:08:51.995 10 ERROR neutron_lib.callbacks.manager
File "/var/lib/openstack/lib/python3.10/site-packages/ovsdbapp/backend/ovs_idl/command.py", line 235, in run_idl
2026-06-24 19:08:51.995 10 ERROR neutron_lib.callbacks.manager record = self.api.lookup(self.table, self.record)
2026-06-24 19:08:51.995 10 ERROR neutron_lib.callbacks.manager
File "/var/lib/openstack/lib/python3.10/site-packages/ovsdbapp/backend/ovs_idl/__init__.py", line 184, in lookup
2026-06-24 19:08:51.995 10 ERROR neutron_lib.callbacks.manager return self._lookup(table, record)
2026-06-24 19:08:51.995 10 ERROR neutron_lib.callbacks.manager
File "/var/lib/openstack/lib/python3.10/site-packages/ovsdbapp/backend/ovs_idl/__init__.py", line 235, in _lookup
2026-06-24 19:08:51.995 10 ERROR neutron_lib.callbacks.manager row = idlutils.row_by_value(self, rl.table, rl.column, record)
2026-06-24 19:08:51.995 10 ERROR neutron_lib.callbacks.manager
File "/var/lib/openstack/lib/python3.10/site-packages/ovsdbapp/backend/ovs_idl/idlutils.py", line 114, in row_by_value
2026-06-24 19:08:51.995 10 ERROR neutron_lib.callbacks.manager raise RowNotFound(table=table, col=column, match=match)
2026-06-24 19:08:51.995 10 ERROR neutron_lib.callbacks.manager ovsdbapp.backend.ovs_idl.idlutils.RowNotFound: Cannot find Logical_Router_Port with name=lrp-623c897a-e3cd-4ddc-89bd-1c809f714dc4
2026-06-24 19:08:51.995 10 ERROR neutron_lib.callbacks.manager 
2026-06-24 19:08:52.483 9 INFO neutron.plugins.ml2.drivers.ovn.mech_driver.mech_driver [None req-ee5c6fa3-e313-4882-9571-18a31207f112 - - - - - -] OVN reports status up for port: 623c897a-e3cd-4ddc-89bd-1c809f714dc4
2026-06-24 19:08:52.491 9 ERROR ovsdbapp.backend.ovs_idl.command [None req-b29d7235-0af7-4c3f-b5ca-93b2da63a901 5f04abe752d84541bdb20a0453c905af 753bf87e3e4f4f8e90c2996bb0b1a8ab - - default default] Error executing command (DbGetCommand): ovsdbapp.backend.ovs_idl.idlutils.RowNotFound: Cannot find Logical_Router_Port with name=lrp-46fa1419-467c-46b6-9f6b-74fbab63fc1b
2026-06-24 19:08:52.491 9 ERROR ovsdbapp.backend.ovs_idl.command
Traceback (most recent call last):
2026-06-24 19:08:52.491 9 ERROR ovsdbapp.backend.ovs_idl.command
File "/var/lib/openstack/lib/python3.10/site-packages/ovsdbapp/backend/ovs_idl/command.py", line 47, in execute
2026-06-24 19:08:52.491 9 ERROR ovsdbapp.backend.ovs_idl.command self.run_idl(None)
2026-06-24 19:08:52.491 9 ERROR ovsdbapp.backend.ovs_idl.command
File "/var/lib/openstack/lib/python3.10/site-packages/ovsdbapp/backend/ovs_idl/command.py", line 235, in run_idl
2026-06-24 19:08:52.491 9 ERROR ovsdbapp.backend.ovs_idl.command record = self.api.lookup(self.table, self.record)
2026-06-24 19:08:52.491 9 ERROR ovsdbapp.backend.ovs_idl.command
File "/var/lib/openstack/lib/python3.10/site-packages/ovsdbapp/backend/ovs_idl/__init__.py", line 184, in lookup
2026-06-24 19:08:52.491 9 ERROR ovsdbapp.backend.ovs_idl.command return self._lookup(table, record)
2026-06-24 19:08:52.491 9 ERROR ovsdbapp.backend.ovs_idl.command
File "/var/lib/openstack/lib/python3.10/site-packages/ovsdbapp/backend/ovs_idl/__init__.py", line 235, in _lookup
2026-06-24 19:08:52.491 9 ERROR ovsdbapp.backend.ovs_idl.command row = idlutils.row_by_value(self, rl.table, rl.column, record)
2026-06-24 19:08:52.491 9 ERROR ovsdbapp.backend.ovs_idl.command
File "/var/lib/openstack/lib/python3.10/site-packages/ovsdbapp/backend/ovs_idl/idlutils.py", line 114, in row_by_value
2026-06-24 19:08:52.491 9 ERROR ovsdbapp.backend.ovs_idl.command raise RowNotFound(table=table, col=column, match=match)
2026-06-24 19:08:52.491 9 ERROR ovsdbapp.backend.ovs_idl.command ovsdbapp.backend.ovs_idl.idlutils.RowNotFound: Cannot find Logical_Router_Port with name=lrp-46fa1419-467c-46b6-9f6b-74fbab63fc1b
2026-06-24 19:08:52.491 9 ERROR ovsdbapp.backend.ovs_idl.command 
2026-06-24 19:08:52.492 9 ERROR neutron_lib.callbacks.manager [None req-b29d7235-0af7-4c3f-b5ca-93b2da63a901 5f04abe752d84541bdb20a0453c905af 753bf87e3e4f4f8e90c2996bb0b1a8ab - - default default] Error during notification for neutron.services.ovn_l3.plugin.OVNL3RouterPlugin._port_update-8754342971110 port, after_update: ovsdbapp.backend.ovs_idl.idlutils.RowNotFound: Cannot find Logical_Router_Port with name=lrp-46fa1419-467c-46b6-9f6b-74fbab63fc1b
2026-06-24 19:08:52.492 9 ERROR neutron_lib.callbacks.manager
Traceback (most recent call last):
2026-06-24 19:08:52.492 9 ERROR neutron_lib.callbacks.manager
File "/var/lib/openstack/lib/python3.10/site-packages/neutron_lib/callbacks/manager.py", line 189, in _notify_loop
2026-06-24 19:08:52.492 9 ERROR neutron_lib.callbacks.manager callback.method(resource, event, trigger, payload=payload)
2026-06-24 19:08:52.492 9 ERROR neutron_lib.callbacks.manager
File "/var/lib/openstack/lib/python3.10/site-packages/neutron/services/ovn_l3/plugin.py", line 391, in _port_update
2026-06-24 19:08:52.492 9 ERROR neutron_lib.callbacks.manager l3plugin._ovn_client.update_router_port(context,
2026-06-24 19:08:52.492 9 ERROR neutron_lib.callbacks.manager
File "/var/lib/openstack/lib/python3.10/site-packages/neutron/plugins/ml2/drivers/ovn/mech_driver/ovsdb/ovn_client.py", line 1878, in update_router_port
2026-06-24 19:08:52.492 9 ERROR neutron_lib.callbacks.manager self._update_lrouter_port(context, port, if_exists=if_exists,
2026-06-24 19:08:52.492 9 ERROR neutron_lib.callbacks.manager
File "/var/lib/openstack/lib/python3.10/site-packages/neutron/plugins/ml2/drivers/ovn/mech_driver/ovsdb/ovn_client.py", line 1855, in _update_lrouter_port
2026-06-24 19:08:52.492 9 ERROR neutron_lib.callbacks.manager external_ids = self._nb_idl.db_get(
2026-06-24 19:08:52.492 9 ERROR neutron_lib.callbacks.manager
File "/var/lib/openstack/lib/python3.10/site-packages/ovsdbapp/backend/ovs_idl/command.py", line 47, in execute
2026-06-24 19:08:52.492 9 ERROR neutron_lib.callbacks.manager self.run_idl(None)
2026-06-24 19:08:52.492 9 ERROR neutron_lib.callbacks.manager
File "/var/lib/openstack/lib/python3.10/site-packages/ovsdbapp/backend/ovs_idl/command.py", line 235, in run_idl
2026-06-24 19:08:52.492 9 ERROR neutron_lib.callbacks.manager record = self.api.lookup(self.table, self.record)
2026-06-24 19:08:52.492 9 ERROR neutron_lib.callbacks.manager
File "/var/lib/openstack/lib/python3.10/site-packages/ovsdbapp/backend/ovs_idl/__init__.py", line 184, in lookup
2026-06-24 19:08:52.492 9 ERROR neutron_lib.callbacks.manager return self._lookup(table, record)
2026-06-24 19:08:52.492 9 ERROR neutron_lib.callbacks.manager
File "/var/lib/openstack/lib/python3.10/site-packages/ovsdbapp/backend/ovs_idl/__init__.py", line 235, in _lookup
2026-06-24 19:08:52.492 9 ERROR neutron_lib.callbacks.manager row = idlutils.row_by_value(self, rl.table, rl.column, record)
2026-06-24 19:08:52.492 9 ERROR neutron_lib.callbacks.manager
File "/var/lib/openstack/lib/python3.10/site-packages/ovsdbapp/backend/ovs_idl/idlutils.py", line 114, in row_by_value
2026-06-24 19:08:52.492 9 ERROR neutron_lib.callbacks.manager raise RowNotFound(table=table, col=column, match=match)
2026-06-24 19:08:52.492 9 ERROR neutron_lib.callbacks.manager ovsdbapp.backend.ovs_idl.idlutils.RowNotFound: Cannot find Logical_Router_Port with name=lrp-46fa1419-467c-46b6-9f6b-74fbab63fc1b
2026-06-24 19:08:52.492 9 ERROR neutron_lib.callbacks.manager 
2026-06-24 19:08:52.494 9 INFO neutron.plugins.ml2.plugin [None req-ee5c6fa3-e313-4882-9571-18a31207f112 - - - - - -] Attempt 1 to provision port 623c897a-e3cd-4ddc-89bd-1c809f714dc4
2026-06-24 19:08:52.524 10 INFO neutron.db.ovn_revision_numbers_db [None req-2ed5ea64-98b9-4b70-a3b2-d336d781a17d ec799136185c4c139505f37770c29a78 ea4228d175304820b807d0b681ed9103 - - default default] Successfully bumped revision number for resource 623c897a-e3cd-4ddc-89bd-1c809f714dc4 (type: ports) to 1 /var/lib/openstack/lib/python3.10/site-packages/pycadf/identifier.py:71: UserWarning: Invalid uuid: neutron. To ensure interoperability, identifiers should be a valid uuid. warnings.warn(('Invalid uuid: %s. To ensure interoperability, '
2026-06-24 19:08:52.624 10 WARNING neutron.scheduler.dhcp_agent_scheduler [None req-2ed5ea64-98b9-4b70-a3b2-d336d781a17d ec799136185c4c139505f37770c29a78 ea4228d175304820b807d0b681ed9103 - - default default] No more DHCP agents
2026-06-24 19:08:52.626 10 WARNING neutron.api.rpc.agentnotifiers.dhcp_rpc_agent_api [None req-2ed5ea64-98b9-4b70-a3b2-d336d781a17d ec799136185c4c139505f37770c29a78 ea4228d175304820b807d0b681ed9103 - - default default] Unable to schedule network 37b11919-fc45-4289-9491-136d533cb457: no agents available; will retry on subsequent port and subnet creation events.
2026-06-24 19:08:52.692 10 INFO neutron.db.ovn_revision_numbers_db [None req-6e4e2852-94a4-41eb-925f-68582b40b1bb - - - - - -] Successfully bumped revision number for resource 2fd10fae-6971-4e4e-a62b-dcfcdcb7ee1e (type: ports) to 4
2026-06-24 19:08:52.804 9 INFO neutron.db.ovn_revision_numbers_db [None req-b29d7235-0af7-4c3f-b5ca-93b2da63a901 5f04abe752d84541bdb20a0453c905af 753bf87e3e4f4f8e90c2996bb0b1a8ab - - default default] Successfully bumped revision number for resource 46fa1419-467c-46b6-9f6b-74fbab63fc1b (type: ports) to 2
2026-06-24 19:08:52.808 9 INFO neutron.db.ovn_revision_numbers_db [None req-94b453a3-867e-4a43-a7b6-e2593fa2cb29 ec799136185c4c139505f37770c29a78 ea4228d175304820b807d0b681ed9103 - - default default] Successfully bumped revision number for resource 4936feb2-ad81-489b-a992-3053fa704c60 (type: security_groups) to 1
2026-06-24 19:08:52.849 9 INFO neutron.db.ovn_revision_numbers_db [None req-94b453a3-867e-4a43-a7b6-e2593fa2cb29 ec799136185c4c139505f37770c29a78 ea4228d175304820b807d0b681ed9103 - - default default] Successfully bumped revision number for resource 1dea7b15-a82b-47bd-ad21-d2746b5c2587 (type: security_group_rules) to 0
2026-06-24 19:08:52.895 9 INFO neutron.db.ovn_revision_numbers_db [None req-94b453a3-867e-4a43-a7b6-e2593fa2cb29 ec799136185c4c139505f37770c29a78 ea4228d175304820b807d0b681ed9103 - - default default] Successfully bumped revision number for resource 34870f7e-e7d0-4df1-924f-701315971f14 (type: security_group_rules) to 0
2026-06-24 19:08:52.918 9 INFO neutron.db.ovn_revision_numbers_db [None req-94b453a3-867e-4a43-a7b6-e2593fa2cb29 ec799136185c4c139505f37770c29a78 ea4228d175304820b807d0b681ed9103 - - default default] Successfully bumped revision number for resource 63db1b23-6a89-470b-afbf-14af80aa18c0 (type: security_group_rules) to 0
2026-06-24 19:08:52.973 9 INFO neutron.db.ovn_revision_numbers_db [None req-94b453a3-867e-4a43-a7b6-e2593fa2cb29 ec799136185c4c139505f37770c29a78 ea4228d175304820b807d0b681ed9103 - - default default] Successfully bumped revision number for resource 66accd9a-0c48-4cc5-91ad-df3a2ceb7bfb (type: security_group_rules) to 0
2026-06-24 19:08:53.018 9 INFO neutron.wsgi [None req-94b453a3-867e-4a43-a7b6-e2593fa2cb29 ec799136185c4c139505f37770c29a78 ea4228d175304820b807d0b681ed9103 - - default default] 10.0.0.128 "GET /v2.0/security-groups?tenant_id=87d0ff65bf5a429fb5b29f2d404bb88c&name=default HTTP/1.1" status: 200 len: 3120 time: 0.7874146
2026-06-24 19:08:53.125 10 INFO neutron.db.ovn_revision_numbers_db [None req-6e4e2852-94a4-41eb-925f-68582b40b1bb - - - - - -] Successfully bumped revision number for resource 2fd10fae-6971-4e4e-a62b-dcfcdcb7ee1e (type: router_ports) to 4
2026-06-24 19:08:53.216 9 INFO neutron.db.ovn_revision_numbers_db [None req-ee5c6fa3-e313-4882-9571-18a31207f112 - - - - - -] Successfully bumped revision number for resource 623c897a-e3cd-4ddc-89bd-1c809f714dc4 (type: ports) to 2
2026-06-24 19:08:53.276 10 INFO neutron.db.ovn_revision_numbers_db [None req-2ed5ea64-98b9-4b70-a3b2-d336d781a17d ec799136185c4c139505f37770c29a78 ea4228d175304820b807d0b681ed9103 - - default default] Successfully bumped revision number for resource 623c897a-e3cd-4ddc-89bd-1c809f714dc4 (type: router_ports) to 1
2026-06-24 19:08:53.283 10 INFO neutron.wsgi [None req-2ed5ea64-98b9-4b70-a3b2-d336d781a17d ec799136185c4c139505f37770c29a78 ea4228d175304820b807d0b681ed9103 - - default default] 10.0.0.128 "PUT /v2.0/routers/66ea9b7b-a2be-4307-b226-7515e820bad3/add_router_interface HTTP/1.1" status: 200 len: 503 time: 3.2212944
2026-06-24 19:08:53.561 9 INFO neutron.db.ovn_revision_numbers_db [None req-ee5c6fa3-e313-4882-9571-18a31207f112 - - - - - -] Successfully bumped revision number for resource 623c897a-e3cd-4ddc-89bd-1c809f714dc4 (type: router_ports) to 2
2026-06-24 19:08:53.842 9 INFO neutron.wsgi [None req-2cc55150-23a3-4242-bc68-28e26a9e077e ec799136185c4c139505f37770c29a78 ea4228d175304820b807d0b681ed9103 - - default default] 10.0.0.128 "DELETE /v2.0/security-groups/4936feb2-ad81-489b-a992-3053fa704c60 HTTP/1.1" status: 204 len: 168 time: 0.8131101
2026-06-24 19:08:53.947 9 ERROR ovsdbapp.backend.ovs_idl.command [None req-b29d7235-0af7-4c3f-b5ca-93b2da63a901 5f04abe752d84541bdb20a0453c905af 753bf87e3e4f4f8e90c2996bb0b1a8ab - - default default] Error executing command (DbGetCommand): ovsdbapp.backend.ovs_idl.idlutils.RowNotFound: Cannot find Logical_Router_Port with name=lrp-46fa1419-467c-46b6-9f6b-74fbab63fc1b
2026-06-24 19:08:53.947 9 ERROR ovsdbapp.backend.ovs_idl.command
Traceback (most recent call last):
2026-06-24 19:08:53.947 9 ERROR ovsdbapp.backend.ovs_idl.command
File "/var/lib/openstack/lib/python3.10/site-packages/ovsdbapp/backend/ovs_idl/command.py", line 47, in execute
2026-06-24 19:08:53.947 9 ERROR ovsdbapp.backend.ovs_idl.command self.run_idl(None)
2026-06-24 19:08:53.947 9 ERROR ovsdbapp.backend.ovs_idl.command
File "/var/lib/openstack/lib/python3.10/site-packages/ovsdbapp/backend/ovs_idl/command.py", line 235, in run_idl
2026-06-24 19:08:53.947 9 ERROR ovsdbapp.backend.ovs_idl.command record = self.api.lookup(self.table, self.record)
2026-06-24 19:08:53.947 9 ERROR ovsdbapp.backend.ovs_idl.command
File "/var/lib/openstack/lib/python3.10/site-packages/ovsdbapp/backend/ovs_idl/__init__.py", line 184, in lookup
2026-06-24 19:08:53.947 9 ERROR ovsdbapp.backend.ovs_idl.command return self._lookup(table, record)
2026-06-24 19:08:53.947 9 ERROR ovsdbapp.backend.ovs_idl.command
File "/var/lib/openstack/lib/python3.10/site-packages/ovsdbapp/backend/ovs_idl/__init__.py", line 235, in _lookup
2026-06-24 19:08:53.947 9 ERROR ovsdbapp.backend.ovs_idl.command row = idlutils.row_by_value(self, rl.table, rl.column, record)
2026-06-24 19:08:53.947 9 ERROR ovsdbapp.backend.ovs_idl.command
File "/var/lib/openstack/lib/python3.10/site-packages/ovsdbapp/backend/ovs_idl/idlutils.py", line 114, in row_by_value
2026-06-24 19:08:53.947 9 ERROR ovsdbapp.backend.ovs_idl.command raise RowNotFound(table=table, col=column, match=match)
2026-06-24 19:08:53.947 9 ERROR ovsdbapp.backend.ovs_idl.command ovsdbapp.backend.ovs_idl.idlutils.RowNotFound: Cannot find Logical_Router_Port with name=lrp-46fa1419-467c-46b6-9f6b-74fbab63fc1b
2026-06-24 19:08:53.947 9 ERROR ovsdbapp.backend.ovs_idl.command 
2026-06-24 19:08:53.947 9 ERROR neutron_lib.callbacks.manager [None req-b29d7235-0af7-4c3f-b5ca-93b2da63a901 5f04abe752d84541bdb20a0453c905af 753bf87e3e4f4f8e90c2996bb0b1a8ab - - default default] Error during notification for neutron.services.ovn_l3.plugin.OVNL3RouterPlugin._port_update-8754342971110 port, after_update: ovsdbapp.backend.ovs_idl.idlutils.RowNotFound: Cannot find Logical_Router_Port with name=lrp-46fa1419-467c-46b6-9f6b-74fbab63fc1b
2026-06-24 19:08:53.947 9 ERROR neutron_lib.callbacks.manager
Traceback (most recent call last):
2026-06-24 19:08:53.947 9 ERROR neutron_lib.callbacks.manager
File "/var/lib/openstack/lib/python3.10/site-packages/neutron_lib/callbacks/manager.py", line 189, in _notify_loop
2026-06-24 19:08:53.947 9 ERROR neutron_lib.callbacks.manager callback.method(resource, event, trigger, payload=payload)
2026-06-24 19:08:53.947 9 ERROR neutron_lib.callbacks.manager
File "/var/lib/openstack/lib/python3.10/site-packages/neutron/services/ovn_l3/plugin.py", line 391, in _port_update
2026-06-24 19:08:53.947 9 ERROR neutron_lib.callbacks.manager l3plugin._ovn_client.update_router_port(context,
2026-06-24 19:08:53.947 9 ERROR neutron_lib.callbacks.manager
File "/var/lib/openstack/lib/python3.10/site-packages/neutron/plugins/ml2/drivers/ovn/mech_driver/ovsdb/ovn_client.py", line 1878, in update_router_port
2026-06-24 19:08:53.947 9 ERROR neutron_lib.callbacks.manager self._update_lrouter_port(context, port, if_exists=if_exists,
2026-06-24 19:08:53.947 9 ERROR neutron_lib.callbacks.manager
File "/var/lib/openstack/lib/python3.10/site-packages/neutron/plugins/ml2/drivers/ovn/mech_driver/ovsdb/ovn_client.py", line 1855, in _update_lrouter_port
2026-06-24 19:08:53.947 9 ERROR neutron_lib.callbacks.manager external_ids = self._nb_idl.db_get(
2026-06-24 19:08:53.947 9 ERROR neutron_lib.callbacks.manager
File "/var/lib/openstack/lib/python3.10/site-packages/ovsdbapp/backend/ovs_idl/command.py", line 47, in execute
2026-06-24 19:08:53.947 9 ERROR neutron_lib.callbacks.manager self.run_idl(None)
2026-06-24 19:08:53.947 9 ERROR neutron_lib.callbacks.manager
File "/var/lib/openstack/lib/python3.10/site-packages/ovsdbapp/backend/ovs_idl/command.py", line 235, in run_idl
2026-06-24 19:08:53.947 9 ERROR neutron_lib.callbacks.manager record = self.api.lookup(self.table, self.record)
2026-06-24 19:08:53.947 9 ERROR neutron_lib.callbacks.manager
File "/var/lib/openstack/lib/python3.10/site-packages/ovsdbapp/backend/ovs_idl/__init__.py", line 184, in lookup
2026-06-24 19:08:53.947 9 ERROR neutron_lib.callbacks.manager return self._lookup(table, record)
2026-06-24 19:08:53.947 9 ERROR neutron_lib.callbacks.manager
File "/var/lib/openstack/lib/python3.10/site-packages/ovsdbapp/backend/ovs_idl/__init__.py", line 235, in _lookup
2026-06-24 19:08:53.947 9 ERROR neutron_lib.callbacks.manager row = idlutils.row_by_value(self, rl.table, rl.column, record)
2026-06-24 19:08:53.947 9 ERROR neutron_lib.callbacks.manager
File "/var/lib/openstack/lib/python3.10/site-packages/ovsdbapp/backend/ovs_idl/idlutils.py", line 114, in row_by_value
2026-06-24 19:08:53.947 9 ERROR neutron_lib.callbacks.manager raise RowNotFound(table=table, col=column, match=match)
2026-06-24 19:08:53.947 9 ERROR neutron_lib.callbacks.manager ovsdbapp.backend.ovs_idl.idlutils.RowNotFound: Cannot find Logical_Router_Port with name=lrp-46fa1419-467c-46b6-9f6b-74fbab63fc1b
2026-06-24 19:08:53.947 9 ERROR neutron_lib.callbacks.manager 
2026-06-24 19:08:54.021 10 WARNING neutron_lib.context [None req-061c93fa-2ce8-463e-9741-e2e31a1cef06 f6b15d74a0544112968525bc268d0dc6 401c6b28b2604014810acbaa7056792d - - default default] Method 'is_advsvc' is deprecated since 2023.2 release (neutron-lib 3.8.0) and will be removed once support for the old RBAC API policies will be removed from Neutron. Please use method 'is_service_role' instead. /var/lib/openstack/lib/python3.10/site-packages/pycadf/identifier.py:71: UserWarning: Invalid uuid: neutron. To ensure interoperability, identifiers should be a valid uuid. warnings.warn(('Invalid uuid: %s. To ensure interoperability, '
2026-06-24 19:08:54.177 10 INFO neutron.db.ovn_revision_numbers_db [None req-061c93fa-2ce8-463e-9741-e2e31a1cef06 f6b15d74a0544112968525bc268d0dc6 401c6b28b2604014810acbaa7056792d - - default default] Successfully bumped revision number for resource c59d9cce-579e-4078-9630-c2486da34aa2 (type: security_groups) to 1
2026-06-24 19:08:54.194 10 INFO neutron.db.ovn_revision_numbers_db [None req-061c93fa-2ce8-463e-9741-e2e31a1cef06 f6b15d74a0544112968525bc268d0dc6 401c6b28b2604014810acbaa7056792d - - default default] Successfully bumped revision number for resource 54ffaa12-c3b0-458b-9b47-b8a0e34d5cf4 (type: security_group_rules) to 0
2026-06-24 19:08:54.218 10 INFO neutron.db.ovn_revision_numbers_db [None req-061c93fa-2ce8-463e-9741-e2e31a1cef06 f6b15d74a0544112968525bc268d0dc6 401c6b28b2604014810acbaa7056792d - - default default] Successfully bumped revision number for resource cec2e847-1fe6-429a-861a-120d072a2ec8 (type: security_group_rules) to 0
2026-06-24 19:08:54.242 10 INFO neutron.wsgi [None req-061c93fa-2ce8-463e-9741-e2e31a1cef06 f6b15d74a0544112968525bc268d0dc6 401c6b28b2604014810acbaa7056792d - - default default] 10.0.0.128 "POST /v2.0/security-groups HTTP/1.1" status: 201 len: 1860 time: 0.2311320
2026-06-24 19:08:54.261 9 INFO neutron.db.ovn_revision_numbers_db [None req-b29d7235-0af7-4c3f-b5ca-93b2da63a901 5f04abe752d84541bdb20a0453c905af 753bf87e3e4f4f8e90c2996bb0b1a8ab - - default default] Successfully bumped revision number for resource 46fa1419-467c-46b6-9f6b-74fbab63fc1b (type: ports) to 2
2026-06-24 19:08:54.269 10 WARNING neutron_lib.context [None req-c12bd45c-aa7c-44d4-b304-4aaf67b4a975 f6b15d74a0544112968525bc268d0dc6 401c6b28b2604014810acbaa7056792d - - default default] Method 'is_advsvc' is deprecated since 2023.2 release (neutron-lib 3.8.0) and will be removed once support for the old RBAC API policies will be removed from Neutron. Please use method 'is_service_role' instead.
2026-06-24 19:08:54.289 9 INFO neutron.db.ovn_revision_numbers_db [None req-b7ea3aa7-c428-4172-ab43-611cf52baf4c ec799136185c4c139505f37770c29a78 ea4228d175304820b807d0b681ed9103 - - default default] Successfully bumped revision number for resource 6eb26d73-861a-4d9d-8b3e-645ff195c005 (type: security_groups) to 1
2026-06-24 19:08:54.311 9 INFO neutron.db.ovn_revision_numbers_db [None req-b7ea3aa7-c428-4172-ab43-611cf52baf4c ec799136185c4c139505f37770c29a78 ea4228d175304820b807d0b681ed9103 - - default default] Successfully bumped revision number for resource 225dcf07-3254-4a01-b501-89231a044032 (type: security_group_rules) to 0
