2026-07-01 08:34:51.213 7 INFO neutron.db.ovn_revision_numbers_db [None req-4314b8d8-ffe1-4c06-8358-59b0f8936376 3abc3558be5146ba9c60c6ddd1e8b8e1 bb2f2fbd19dd448bb7e297a55a0e8619 - - default default] Successfully bumped revision number for resource 896b2340-7e81-48b7-b7a9-a4c3245e1507 (type: security_group_rules) to 0 [pid: 8|app: 0|req: 628/1132] 10.0.0.148 () {32 vars in 646 bytes} [Wed Jul 1 08:34:51 2026] GET /v2.0/subnets => generated 1909 bytes in 68 msecs (HTTP/1.1 200) 4 headers in 158 bytes (1 switches on core 0)
2026-07-01 08:34:51.297 7 INFO neutron.db.segments_db [None req-4314b8d8-ffe1-4c06-8358-59b0f8936376 3abc3558be5146ba9c60c6ddd1e8b8e1 bb2f2fbd19dd448bb7e297a55a0e8619 - - default default] Added segment 139e6a1a-3f37-4eef-a993-4e8b11bfaf31 of type geneve for network d04c9ce9-cf52-4355-9aa4-2f9f7562f13a [pid: 8|app: 0|req: 629/1133] 199.204.45.177 () {34 vars in 993 bytes} [Wed Jul 1 08:34:51 2026] GET /v2.0/ports?device_id=7de70fb7-bbc0-44b1-be32-cfce22944982 => generated 969 bytes in 55 msecs (HTTP/1.1 200) 4 headers in 157 bytes (1 switches on core 0)
2026-07-01 08:34:51.417 7 INFO neutron.db.ovn_revision_numbers_db [None req-4314b8d8-ffe1-4c06-8358-59b0f8936376 3abc3558be5146ba9c60c6ddd1e8b8e1 bb2f2fbd19dd448bb7e297a55a0e8619 - - default default] Successfully bumped revision number for resource d04c9ce9-cf52-4355-9aa4-2f9f7562f13a (type: networks) to 1
2026-07-01 08:34:51.575 7 WARNING neutron.scheduler.dhcp_agent_scheduler [None req-4314b8d8-ffe1-4c06-8358-59b0f8936376 3abc3558be5146ba9c60c6ddd1e8b8e1 bb2f2fbd19dd448bb7e297a55a0e8619 - - default default] No more DHCP agents
2026-07-01 08:34:51.577 7 WARNING neutron.api.rpc.agentnotifiers.dhcp_rpc_agent_api [None req-4314b8d8-ffe1-4c06-8358-59b0f8936376 3abc3558be5146ba9c60c6ddd1e8b8e1 bb2f2fbd19dd448bb7e297a55a0e8619 - - default default] Unable to schedule network d04c9ce9-cf52-4355-9aa4-2f9f7562f13a: no agents available; will retry on subsequent port and subnet creation events. [pid: 8|app: 0|req: 630/1134] 10.0.0.148 () {32 vars in 723 bytes} [Wed Jul 1 08:34:51 2026] DELETE /v2.0/subnets/8d63a931-7e6a-4026-9e56-6cd626b2ffb4 => generated 0 bytes in 253 msecs (HTTP/1.1 204) 3 headers in 131 bytes (1 switches on core 0)
2026-07-01 08:34:51.635 7 INFO neutron.plugins.ml2.drivers.ovn.mech_driver.mech_driver [None req-bd87a627-78a7-4c59-95e1-d0deec6dc73f - - - - - -] OVN reports status down for port: 687f0193-c8e0-4ac1-9be8-8d68d3eb2907
2026-07-01 08:34:51.686 7 INFO neutron.db.ovn_revision_numbers_db [None req-4314b8d8-ffe1-4c06-8358-59b0f8936376 3abc3558be5146ba9c60c6ddd1e8b8e1 bb2f2fbd19dd448bb7e297a55a0e8619 - - default default] Successfully bumped revision number for resource 687f0193-c8e0-4ac1-9be8-8d68d3eb2907 (type: ports) to 1 [pid: 7|app: 0|req: 505/1135] 10.0.0.148 () {34 vars in 669 bytes} [Wed Jul 1 08:34:50 2026] POST /v2.0/networks => generated 669 bytes in 918 msecs (HTTP/1.1 201) 4 headers in 162 bytes (1 switches on core 0)
2026-07-01 08:34:51.738 8 INFO neutron_taas.services.taas.taas_plugin [req-a352c433-7ea3-4bff-b236-3b8a38db48e9 req-aa814743-81f5-41bc-8ee4-b75f6e3100ac 3ecf764452e24312b4ed345389e9d9e3 c7418dd864934de790b76c6d4a6698b7 - - default default] TaaS: Handle Delete Port: a570a9a1-a168-4b13-b703-0a193b303b34
2026-07-01 08:34:51.746 8 INFO neutron_taas.services.taas.tap_mirror_plugin [req-a352c433-7ea3-4bff-b236-3b8a38db48e9 req-aa814743-81f5-41bc-8ee4-b75f6e3100ac 3ecf764452e24312b4ed345389e9d9e3 c7418dd864934de790b76c6d4a6698b7 - - default default] Tap Mirror: Handle Delete Port: a570a9a1-a168-4b13-b703-0a193b303b34 [pid: 7|app: 0|req: 506/1136] 10.0.0.11 () {34 vars in 988 bytes} [Wed Jul 1 08:34:51 2026] GET /v2.0/ports?device_id=7de70fb7-bbc0-44b1-be32-cfce22944982 => generated 969 bytes in 40 msecs (HTTP/1.1 200) 4 headers in 157 bytes (1 switches on core 0) [pid: 7|app: 0|req: 507/1137] 10.0.0.148 () {32 vars in 723 bytes} [Wed Jul 1 08:34:51 2026] DELETE /v2.0/subnets/eeab5d03-7a53-4a0b-81d3-980deceee21a => generated 0 bytes in 169 msecs (HTTP/1.1 204) 3 headers in 131 bytes (1 switches on core 0)
2026-07-01 08:34:51.994 8 INFO neutron.db.l3_db [req-a352c433-7ea3-4bff-b236-3b8a38db48e9 req-aa814743-81f5-41bc-8ee4-b75f6e3100ac 3ecf764452e24312b4ed345389e9d9e3 c7418dd864934de790b76c6d4a6698b7 - - default default] Floating IP a770592e-0822-45ab-9131-4d28ded67c1b disassociated. External IP: 10.96.250.206, port: a570a9a1-a168-4b13-b703-0a193b303b34.
2026-07-01 08:34:52.141 7 WARNING neutron.scheduler.dhcp_agent_scheduler [None req-ca173f24-e9c4-4f66-83b3-e38f084fbf77 3abc3558be5146ba9c60c6ddd1e8b8e1 bb2f2fbd19dd448bb7e297a55a0e8619 - - default default] No more DHCP agents
2026-07-01 08:34:52.142 7 WARNING neutron.api.rpc.agentnotifiers.dhcp_rpc_agent_api [None req-ca173f24-e9c4-4f66-83b3-e38f084fbf77 3abc3558be5146ba9c60c6ddd1e8b8e1 bb2f2fbd19dd448bb7e297a55a0e8619 - - default default] Unable to schedule network d04c9ce9-cf52-4355-9aa4-2f9f7562f13a: no agents available; will retry on subsequent port and subnet creation events. [pid: 8|app: 0|req: 631/1138] 199.204.45.177 () {36 vars in 996 bytes} [Wed Jul 1 08:34:51 2026] DELETE /v2.0/ports/a570a9a1-a168-4b13-b703-0a193b303b34 => generated 0 bytes in 573 msecs (HTTP/1.1 204) 3 headers in 131 bytes (1 switches on core 0)
2026-07-01 08:34:52.164 7 INFO neutron.db.ovn_revision_numbers_db [None req-ca173f24-e9c4-4f66-83b3-e38f084fbf77 3abc3558be5146ba9c60c6ddd1e8b8e1 bb2f2fbd19dd448bb7e297a55a0e8619 - - default default] Successfully bumped revision number for resource 62847e90-47ff-4935-8ec5-4e10245214c2 (type: subnets) to 0 /var/lib/openstack/lib/python3.12/site-packages/pycadf/identifier.py:70: UserWarning: Invalid uuid: neutron. To ensure interoperability, identifiers should be a valid uuid. warnings.warn(('Invalid uuid: %s. To ensure interoperability, ' [pid: 7|app: 0|req: 508/1139] 10.0.0.148 () {34 vars in 668 bytes} [Wed Jul 1 08:34:51 2026] POST /v2.0/subnets => generated 627 bytes in 244 msecs (HTTP/1.1 201) 4 headers in 162 bytes (1 switches on core 0) [pid: 8|app: 0|req: 632/1140] 10.0.0.11 () {34 vars in 1038 bytes} [Wed Jul 1 08:34:52 2026] GET /v2.0/security-groups?id=12b6250e-5434-475c-97b0-fd7ae70b38cd&fields=id&fields=name => generated 113 bytes in 50 msecs (HTTP/1.1 200) 4 headers in 157 bytes (1 switches on core 0) [pid: 7|app: 0|req: 509/1141] 10.0.0.148 () {32 vars in 646 bytes} [Wed Jul 1 08:34:52 2026] GET /v2.0/subnets => generated 649 bytes in 50 msecs (HTTP/1.1 200) 4 headers in 157 bytes (1 switches on core 0)
2026-07-01 08:34:52.243 8 INFO neutron.notifiers.nova [-] Nova event matching ['req-15346d59-6152-45b1-a356-0f717ae462ab'] response: {'server_uuid': '7de70fb7-bbc0-44b1-be32-cfce22944982', 'name': 'network-vif-deleted', 'tag': 'a570a9a1-a168-4b13-b703-0a193b303b34', 'status': 'completed', 'code': 200}
2026-07-01 08:34:52.297 7 INFO neutron.notifiers.nova [-] Nova event matching ['req-88d9cd12-90bc-48c9-887a-51fd244c28fc'] response: {'server_uuid': '7de70fb7-bbc0-44b1-be32-cfce22944982', 'name': 'network-vif-unplugged', 'status': 'completed', 'tag': 'a570a9a1-a168-4b13-b703-0a193b303b34', 'code': 200}
2026-07-01 08:34:52.385 7 INFO neutron_taas.services.taas.taas_plugin [None req-117569f7-e430-4b74-ade2-3a731e2d7f5c 91e32d0015be4fabac59f444f850ae72 87f550c49f6a464a826456401c453c86 - - default default] TaaS: Handle Delete Port: e8933cfb-12a4-483a-ac64-3791efd2f1dc
2026-07-01 08:34:52.388 7 INFO neutron_taas.services.taas.tap_mirror_plugin [None req-117569f7-e430-4b74-ade2-3a731e2d7f5c 91e32d0015be4fabac59f444f850ae72 87f550c49f6a464a826456401c453c86 - - default default] Tap Mirror: Handle Delete Port: e8933cfb-12a4-483a-ac64-3791efd2f1dc
2026-07-01 08:34:52.569 7 INFO neutron.services.segments.plugin [-] Segment cb6a86a2-b5c7-4339-a6dd-859b569a1c65 resource provider aggregate not found
2026-07-01 08:34:52.573 7 INFO neutron.services.segments.plugin [-] Segment cb6a86a2-b5c7-4339-a6dd-859b569a1c65 resource provider aggregate not found
2026-07-01 08:34:52.586 7 INFO neutron.services.segments.plugin [-] Segment cb6a86a2-b5c7-4339-a6dd-859b569a1c65 resource provider not found; error: Placement Client Error (4xx): {"errors": [{"status": 404, "title": "Not Found", "detail": "The resource could not be found.\n\n No resource provider with uuid cb6a86a2-b5c7-4339-a6dd-859b569a1c65 found for delete ", "request_id": "req-eb36bd6b-e93e-4beb-b8ec-a8ccab1f55f8"}]}
2026-07-01 08:34:52.591 7 INFO neutron.services.segments.plugin [-] Segment cb6a86a2-b5c7-4339-a6dd-859b569a1c65 resource provider not found; error: Placement Client Error (4xx): {"errors": [{"status": 404, "title": "Not Found", "detail": "The resource could not be found.\n\n No resource provider with uuid cb6a86a2-b5c7-4339-a6dd-859b569a1c65 found for delete ", "request_id": "req-3b879d27-1660-41ad-9558-5e07e78d97e2"}]} [pid: 7|app: 0|req: 510/1142] 10.0.0.148 () {32 vars in 725 bytes} [Wed Jul 1 08:34:52 2026] DELETE /v2.0/networks/710e4ed6-f882-4a0b-a1f9-69a61c4aa2bc => generated 0 bytes in 365 msecs (HTTP/1.1 204) 3 headers in 131 bytes (1 switches on core 0) [pid: 7|app: 0|req: 511/1143] 10.0.0.11 () {34 vars in 988 bytes} [Wed Jul 1 08:34:52 2026] GET /v2.0/ports?device_id=d143f382-2843-437c-b8c3-7ac33251c59a => generated 971 bytes in 34 msecs (HTTP/1.1 200) 4 headers in 157 bytes (1 switches on core 0)
2026-07-01 08:34:52.667 8 WARNING neutron.scheduler.dhcp_agent_scheduler [None req-c3864421-23a2-46f2-8173-df9fd5ffd0c1 3abc3558be5146ba9c60c6ddd1e8b8e1 bb2f2fbd19dd448bb7e297a55a0e8619 - - default default] No more DHCP agents
2026-07-01 08:34:52.672 8 WARNING neutron.api.rpc.agentnotifiers.dhcp_rpc_agent_api [None req-c3864421-23a2-46f2-8173-df9fd5ffd0c1 3abc3558be5146ba9c60c6ddd1e8b8e1 bb2f2fbd19dd448bb7e297a55a0e8619 - - default default] Unable to schedule network a01a6008-eeb1-47de-941d-befba263074a: no agents available; will retry on subsequent port and subnet creation events.
2026-07-01 08:34:52.754 7 INFO neutron_taas.services.taas.taas_plugin [None req-1a9633e1-a7c2-42f3-8691-d92c4478002c 91e32d0015be4fabac59f444f850ae72 87f550c49f6a464a826456401c453c86 - - default default] TaaS: Handle Delete Port: 3086d8c4-7fb7-4ba1-a76c-15bd69799b1e
2026-07-01 08:34:52.757 7 INFO neutron_taas.services.taas.tap_mirror_plugin [None req-1a9633e1-a7c2-42f3-8691-d92c4478002c 91e32d0015be4fabac59f444f850ae72 87f550c49f6a464a826456401c453c86 - - default default] Tap Mirror: Handle Delete Port: 3086d8c4-7fb7-4ba1-a76c-15bd69799b1e
2026-07-01 08:34:52.805 7 INFO neutron.plugins.ml2.drivers.ovn.mech_driver.mech_driver [None req-bd87a627-78a7-4c59-95e1-d0deec6dc73f - - - - - -] OVN reports status down for port: c2e41181-2b0c-4fb8-be40-c95a46cba903
2026-07-01 08:34:52.817 8 INFO neutron.db.ovn_revision_numbers_db [None req-c3864421-23a2-46f2-8173-df9fd5ffd0c1 3abc3558be5146ba9c60c6ddd1e8b8e1 bb2f2fbd19dd448bb7e297a55a0e8619 - - default default] Successfully bumped revision number for resource c2e41181-2b0c-4fb8-be40-c95a46cba903 (type: ports) to 1 [pid: 7|app: 0|req: 512/1144] 10.0.0.148 () {32 vars in 725 bytes} [Wed Jul 1 08:34:52 2026] DELETE /v2.0/networks/c76ced2f-4f2e-4352-a2f1-399fa88d89eb => generated 0 bytes in 401 msecs (HTTP/1.1 204) 3 headers in 131 bytes (1 switches on core 0) [pid: 7|app: 0|req: 513/1145] 10.0.0.11 () {34 vars in 1038 bytes} [Wed Jul 1 08:34:53 2026] GET /v2.0/security-groups?id=a24efc39-911f-4acb-8ddd-49c74d0be101&fields=id&fields=name => generated 114 bytes in 24 msecs (HTTP/1.1 200) 4 headers in 157 bytes (1 switches on core 0)
2026-07-01 08:34:53.206 7 INFO neutron_taas.services.taas.taas_plugin [None req-03c2cde5-6357-49c8-bde0-1d8d9a06ab5b 91e32d0015be4fabac59f444f850ae72 87f550c49f6a464a826456401c453c86 - - default default] TaaS: Handle Delete Port: 104ea6a1-25f3-44aa-be09-f848d2629d3e
2026-07-01 08:34:53.208 7 INFO neutron_taas.services.taas.tap_mirror_plugin [None req-03c2cde5-6357-49c8-bde0-1d8d9a06ab5b 91e32d0015be4fabac59f444f850ae72 87f550c49f6a464a826456401c453c86 - - default default] Tap Mirror: Handle Delete Port: 104ea6a1-25f3-44aa-be09-f848d2629d3e [pid: 7|app: 0|req: 514/1146] 10.0.0.148 () {32 vars in 725 bytes} [Wed Jul 1 08:34:53 2026] DELETE /v2.0/networks/240fa393-a042-4958-88c3-2b5d39a8b6a1 => generated 0 bytes in 351 msecs (HTTP/1.1 204) 3 headers in 131 bytes (1 switches on core 0) [pid: 7|app: 0|req: 515/1147] 10.0.0.11 () {34 vars in 988 bytes} [Wed Jul 1 08:34:53 2026] GET /v2.0/ports?device_id=7de70fb7-bbc0-44b1-be32-cfce22944982 => generated 12 bytes in 14 msecs (HTTP/1.1 200) 4 headers in 156 bytes (1 switches on core 0)
2026-07-01 08:34:53.451 8 INFO neutron.plugins.ml2.drivers.ovn.mech_driver.ovsdb.commands [None req-d192468c-615d-4a66-acac-3461945b0125 - - - - - -] Schedule LRP lrp-c2e41181-2b0c-4fb8-be40-c95a46cba903 on gateway 2952395a-1390-4d3a-8789-a69eb278527c with priority 1
2026-07-01 08:34:53.493 7 INFO neutron.plugins.ml2.drivers.ovn.mech_driver.mech_driver [None req-bd87a627-78a7-4c59-95e1-d0deec6dc73f - - - - - -] OVN reports status up for port: c2e41181-2b0c-4fb8-be40-c95a46cba903
2026-07-01 08:34:53.515 8 INFO neutron.db.ovn_revision_numbers_db [None req-c3864421-23a2-46f2-8173-df9fd5ffd0c1 3abc3558be5146ba9c60c6ddd1e8b8e1 bb2f2fbd19dd448bb7e297a55a0e8619 - - default default] Successfully bumped revision number for resource c2e41181-2b0c-4fb8-be40-c95a46cba903 (type: router_ports) to 1
2026-07-01 08:34:53.516 7 INFO neutron.plugins.ml2.plugin [None req-bd87a627-78a7-4c59-95e1-d0deec6dc73f - - - - - -] Attempt 1 to provision port c2e41181-2b0c-4fb8-be40-c95a46cba903
2026-07-01 08:34:53.581 8 INFO neutron.db.ovn_revision_numbers_db [None req-c3864421-23a2-46f2-8173-df9fd5ffd0c1 3abc3558be5146ba9c60c6ddd1e8b8e1 bb2f2fbd19dd448bb7e297a55a0e8619 - - default default] Successfully bumped revision number for resource 734606d7-bbcf-4d36-a32a-238407fcf3eb (type: routers) to 2 [pid: 8|app: 0|req: 633/1148] 10.0.0.148 () {34 vars in 668 bytes} [Wed Jul 1 08:34:52 2026] POST /v2.0/routers => generated 955 bytes in 1385 msecs (HTTP/1.1 201) 4 headers in 162 bytes (1 switches on core 0)
2026-07-01 08:34:53.649 7 INFO neutron_taas.services.taas.taas_plugin [None req-97726053-f710-4836-a020-f539155577a7 91e32d0015be4fabac59f444f850ae72 87f550c49f6a464a826456401c453c86 - - default default] TaaS: Handle Delete Port: 55019b59-34b2-453a-8231-e83a315f6733
2026-07-01 08:34:53.652 7 INFO neutron_taas.services.taas.tap_mirror_plugin [None req-97726053-f710-4836-a020-f539155577a7 91e32d0015be4fabac59f444f850ae72 87f550c49f6a464a826456401c453c86 - - default default] Tap Mirror: Handle Delete Port: 55019b59-34b2-453a-8231-e83a315f6733 [pid: 7|app: 0|req: 516/1149] 10.0.0.148 () {32 vars in 725 bytes} [Wed Jul 1 08:34:53 2026] DELETE /v2.0/networks/94f9f3da-f839-4f7b-9d19-2fc1df33ed9d => generated 0 bytes in 429 msecs (HTTP/1.1 204) 3 headers in 131 bytes (1 switches on core 0)
2026-07-01 08:34:54.131 8 WARNING neutron.scheduler.dhcp_agent_scheduler [None req-cb8a84a6-d7c5-4d89-89a0-7e20ea79702f 3abc3558be5146ba9c60c6ddd1e8b8e1 bb2f2fbd19dd448bb7e297a55a0e8619 - - default default] No more DHCP agents
2026-07-01 08:34:54.133 8 WARNING neutron.api.rpc.agentnotifiers.dhcp_rpc_agent_api [None req-cb8a84a6-d7c5-4d89-89a0-7e20ea79702f 3abc3558be5146ba9c60c6ddd1e8b8e1 bb2f2fbd19dd448bb7e297a55a0e8619 - - default default] Unable to schedule network d04c9ce9-cf52-4355-9aa4-2f9f7562f13a: no agents available; will retry on subsequent port and subnet creation events.
2026-07-01 08:34:54.303 8 INFO neutron.db.ovn_revision_numbers_db [None req-cb8a84a6-d7c5-4d89-89a0-7e20ea79702f 3abc3558be5146ba9c60c6ddd1e8b8e1 bb2f2fbd19dd448bb7e297a55a0e8619 - - default default] Successfully bumped revision number for resource a46249b4-e3f7-48c2-9df6-e15773183735 (type: ports) to 1 [pid: 7|app: 0|req: 517/1150] 10.0.0.148 () {32 vars in 773 bytes} [Wed Jul 1 08:34:54 2026] GET /v2.0/security-groups?tenant_id=87f550c49f6a464a826456401c453c86&name=default => generated 2925 bytes in 118 msecs (HTTP/1.1 200) 4 headers in 158 bytes (1 switches on core 0)
2026-07-01 08:34:54.612 7 INFO neutron.services.segments.plugin [-] Segment 79781f6b-731c-4bcf-9bdf-ce8ca1878f6b resource provider aggregate not found
2026-07-01 08:34:54.620 7 INFO neutron.services.segments.plugin [-] Segment 79781f6b-731c-4bcf-9bdf-ce8ca1878f6b resource provider aggregate not found
2026-07-01 08:34:54.634 7 INFO neutron.services.segments.plugin [-] Segment 79781f6b-731c-4bcf-9bdf-ce8ca1878f6b resource provider not found; error: Placement Client Error (4xx): {"errors": [{"status": 404, "title": "Not Found", "detail": "The resource could not be found.\n\n No resource provider with uuid 79781f6b-731c-4bcf-9bdf-ce8ca1878f6b found for delete ", "request_id": "req-6eec60e2-04ad-4224-a3bf-f532b560847d"}]}
2026-07-01 08:34:54.639 7 INFO neutron.services.segments.plugin [-] Segment 79781f6b-731c-4bcf-9bdf-ce8ca1878f6b resource provider not found; error: Placement Client Error (4xx): {"errors": [{"status": 404, "title": "Not Found", "detail": "The resource could not be found.\n\n No resource provider with uuid 79781f6b-731c-4bcf-9bdf-ce8ca1878f6b found for delete ", "request_id": "req-4d09b848-781f-49ff-860e-f5b5cc55eac2"}]}
2026-07-01 08:34:54.655 7 INFO neutron.services.segments.plugin [-] Segment 0f86effe-3110-4087-94cf-8313c1ecf7bd resource provider aggregate not found
2026-07-01 08:34:54.656 7 INFO neutron.services.segments.plugin [-] Segment 0f86effe-3110-4087-94cf-8313c1ecf7bd resource provider aggregate not found
2026-07-01 08:34:54.678 7 INFO neutron.services.segments.plugin [-] Segment 0f86effe-3110-4087-94cf-8313c1ecf7bd resource provider not found; error: Placement Client Error (4xx): {"errors": [{"status": 404, "title": "Not Found", "detail": "The resource could not be found.\n\n No resource provider with uuid 0f86effe-3110-4087-94cf-8313c1ecf7bd found for delete ", "request_id": "req-b84e57e7-1cb8-428c-9361-9ee0bd0b2d8c"}]}
2026-07-01 08:34:54.685 7 INFO neutron.services.segments.plugin [-] Segment 0f86effe-3110-4087-94cf-8313c1ecf7bd resource provider not found; error: Placement Client Error (4xx): {"errors": [{"status": 404, "title": "Not Found", "detail": "The resource could not be found.\n\n No resource provider with uuid 0f86effe-3110-4087-94cf-8313c1ecf7bd found for delete ", "request_id": "req-e544f84c-3660-4d98-8fdb-58cca49f40c8"}]}
2026-07-01 08:34:54.706 7 INFO neutron.services.segments.plugin [-] Segment dc5c7be1-c879-4a33-8e66-c1602b9415ad resource provider aggregate not found
2026-07-01 08:34:54.712 7 INFO neutron.services.segments.plugin [-] Segment dc5c7be1-c879-4a33-8e66-c1602b9415ad resource provider aggregate not found
2026-07-01 08:34:54.729 7 INFO neutron.services.segments.plugin [-] Segment dc5c7be1-c879-4a33-8e66-c1602b9415ad resource provider not found; error: Placement Client Error (4xx): {"errors": [{"status": 404, "title": "Not Found", "detail": "The resource could not be found.\n\n No resource provider with uuid dc5c7be1-c879-4a33-8e66-c1602b9415ad found for delete ", "request_id": "req-3a2649b7-a559-47b6-b689-759d64609390"}]}
2026-07-01 08:34:54.730 7 INFO neutron.services.segments.plugin [-] Segment dc5c7be1-c879-4a33-8e66-c1602b9415ad resource provider not found; error: Placement Client Error (4xx): {"errors": [{"status": 404, "title": "Not Found", "detail": "The resource could not be found.\n\n No resource provider with uuid dc5c7be1-c879-4a33-8e66-c1602b9415ad found for delete ", "request_id": "req-1e2e2a4f-9783-4724-b0e5-eface07ada14"}]} [pid: 7|app: 0|req: 518/1151] 10.0.0.148 () {32 vars in 739 bytes} [Wed Jul 1 08:34:54 2026] DELETE /v2.0/security-groups/f32ea03a-8ee2-4640-b329-aaba9a01dcc9 => generated 0 bytes in 289 msecs (HTTP/1.1 204) 2 headers in 112 bytes (1 switches on core 0) [pid: 7|app: 0|req: 519/1152] 10.0.0.11 () {34 vars in 988 bytes} [Wed Jul 1 08:34:54 2026] GET /v2.0/ports?device_id=7de70fb7-bbc0-44b1-be32-cfce22944982 => generated 12 bytes in 18 msecs (HTTP/1.1 200) 4 headers in 156 bytes (1 switches on core 0)
2026-07-01 08:34:54.973 8 WARNING neutron.scheduler.dhcp_agent_scheduler [None req-cb8a84a6-d7c5-4d89-89a0-7e20ea79702f 3abc3558be5146ba9c60c6ddd1e8b8e1 bb2f2fbd19dd448bb7e297a55a0e8619 - - default default] No more DHCP agents
2026-07-01 08:34:54.975 8 WARNING neutron.api.rpc.agentnotifiers.dhcp_rpc_agent_api [None req-cb8a84a6-d7c5-4d89-89a0-7e20ea79702f 3abc3558be5146ba9c60c6ddd1e8b8e1 bb2f2fbd19dd448bb7e297a55a0e8619 - - default default] Unable to schedule network d04c9ce9-cf52-4355-9aa4-2f9f7562f13a: no agents available; will retry on subsequent port and subnet creation events.
2026-07-01 08:34:55.338 8 INFO neutron.db.ovn_revision_numbers_db [None req-cb8a84a6-d7c5-4d89-89a0-7e20ea79702f 3abc3558be5146ba9c60c6ddd1e8b8e1 bb2f2fbd19dd448bb7e297a55a0e8619 - - default default] Successfully bumped revision number for resource a46249b4-e3f7-48c2-9df6-e15773183735 (type: router_ports) to 1 [pid: 8|app: 0|req: 634/1153] 10.0.0.148 () {34 vars in 782 bytes} [Wed Jul 1 08:34:53 2026] PUT /v2.0/routers/734606d7-bbcf-4d36-a32a-238407fcf3eb/add_router_interface => generated 309 bytes in 1740 msecs (HTTP/1.1 200) 4 headers in 157 bytes (1 switches on core 0)
2026-07-01 08:34:55.650 7 WARNING neutron.scheduler.dhcp_agent_scheduler [None req-f18fcca4-d63f-4804-b145-34f0d7103865 3abc3558be5146ba9c60c6ddd1e8b8e1 bb2f2fbd19dd448bb7e297a55a0e8619 - - default default] No more DHCP agents
2026-07-01 08:34:55.652 7 WARNING neutron.api.rpc.agentnotifiers.dhcp_rpc_agent_api [None req-f18fcca4-d63f-4804-b145-34f0d7103865 3abc3558be5146ba9c60c6ddd1e8b8e1 bb2f2fbd19dd448bb7e297a55a0e8619 - - default default] Unable to schedule network d04c9ce9-cf52-4355-9aa4-2f9f7562f13a: no agents available; will retry on subsequent port and subnet creation events.
2026-07-01 08:34:55.801 7 INFO neutron.db.ovn_revision_numbers_db [None req-f18fcca4-d63f-4804-b145-34f0d7103865 3abc3558be5146ba9c60c6ddd1e8b8e1 bb2f2fbd19dd448bb7e297a55a0e8619 - - default default] Successfully bumped revision number for resource b7d9fc46-6b5c-4d0a-bcde-1bb79cfbdd88 (type: ports) to 1 [pid: 7|app: 0|req: 520/1154] 10.0.0.148 () {34 vars in 664 bytes} [Wed Jul 1 08:34:55 2026] POST /v2.0/ports => generated 959 bytes in 475 msecs (HTTP/1.1 201) 4 headers in 162 bytes (1 switches on core 0) /var/lib/openstack/lib/python3.12/site-packages/pycadf/identifier.py:70: UserWarning: Invalid uuid: neutron. To ensure interoperability, identifiers should be a valid uuid. warnings.warn(('Invalid uuid: %s. To ensure interoperability, ' [pid: 7|app: 0|req: 521/1155] 10.0.0.148 () {32 vars in 739 bytes} [Wed Jul 1 08:34:55 2026] DELETE /v2.0/security-groups/12b6250e-5434-475c-97b0-fd7ae70b38cd => generated 0 bytes in 147 msecs (HTTP/1.1 204) 2 headers in 112 bytes (1 switches on core 0)
2026-07-01 08:34:56.060 7 INFO neutron.api.v2.resource [None req-e906bb99-c5e8-4ac8-9fac-01dec8c59b42 3ecf764452e24312b4ed345389e9d9e3 c7418dd864934de790b76c6d4a6698b7 - - default default] show failed (client error): The resource could not be found. [pid: 7|app: 0|req: 522/1156] 10.0.0.148 () {32 vars in 736 bytes} [Wed Jul 1 08:34:56 2026] GET /v2.0/security-groups/12b6250e-5434-475c-97b0-fd7ae70b38cd => generated 146 bytes in 13 msecs (HTTP/1.1 404) 4 headers in 164 bytes (1 switches on core 0)
2026-07-01 08:34:56.165 8 WARNING neutron.scheduler.dhcp_agent_scheduler [None req-e5a59bb1-cda6-4e0c-af20-ebc1ff557db6 3abc3558be5146ba9c60c6ddd1e8b8e1 bb2f2fbd19dd448bb7e297a55a0e8619 - - default default] No more DHCP agents
2026-07-01 08:34:56.166 8 WARNING neutron.api.rpc.agentnotifiers.dhcp_rpc_agent_api [None req-e5a59bb1-cda6-4e0c-af20-ebc1ff557db6 3abc3558be5146ba9c60c6ddd1e8b8e1 bb2f2fbd19dd448bb7e297a55a0e8619 - - default default] Unable to schedule network d04c9ce9-cf52-4355-9aa4-2f9f7562f13a: no agents available; will retry on subsequent port and subnet creation events.
2026-07-01 08:34:56.183 7 INFO neutron_taas.services.taas.taas_plugin [None req-3c451737-2626-4cb3-8105-50657b86d7fd 3ecf764452e24312b4ed345389e9d9e3 c7418dd864934de790b76c6d4a6698b7 - - default default] TaaS: Handle Delete Port: 8137b47d-d9e5-4cfa-ad4b-6d76e6007057
2026-07-01 08:34:56.185 7 INFO neutron_taas.services.taas.tap_mirror_plugin [None req-3c451737-2626-4cb3-8105-50657b86d7fd 3ecf764452e24312b4ed345389e9d9e3 c7418dd864934de790b76c6d4a6698b7 - - default default] Tap Mirror: Handle Delete Port: 8137b47d-d9e5-4cfa-ad4b-6d76e6007057
2026-07-01 08:34:56.298 8 INFO neutron.plugins.ml2.drivers.ovn.mech_driver.mech_driver [None req-b405e555-6c1f-4b04-aa8f-cf92e445977a - - - - - -] OVN reports status down for port: 73e73bed-7ba5-4630-b872-89d205543a20
2026-07-01 08:34:56.365 8 INFO neutron.db.ovn_revision_numbers_db [None req-e5a59bb1-cda6-4e0c-af20-ebc1ff557db6 3abc3558be5146ba9c60c6ddd1e8b8e1 bb2f2fbd19dd448bb7e297a55a0e8619 - - default default] Successfully bumped revision number for resource 73e73bed-7ba5-4630-b872-89d205543a20 (type: ports) to 1 [pid: 7|app: 0|req: 523/1157] 10.0.0.148 () {32 vars in 731 bytes} [Wed Jul 1 08:34:56 2026] DELETE /v2.0/floatingips/a770592e-0822-45ab-9131-4d28ded67c1b => generated 0 bytes in 375 msecs (HTTP/1.1 204) 2 headers in 112 bytes (1 switches on core 0) [pid: 8|app: 0|req: 635/1158] 10.0.0.148 () {34 vars in 664 bytes} [Wed Jul 1 08:34:55 2026] POST /v2.0/ports => generated 955 bytes in 648 msecs (HTTP/1.1 201) 4 headers in 162 bytes (1 switches on core 0) /var/lib/openstack/lib/python3.12/site-packages/pycadf/identifier.py:70: UserWarning: Invalid uuid: neutron. To ensure interoperability, identifiers should be a valid uuid. warnings.warn(('Invalid uuid: %s. To ensure interoperability, '
2026-07-01 08:34:56.673 7 WARNING neutron.scheduler.dhcp_agent_scheduler [None req-4fa8d60e-6238-4a39-bba8-9a02d10ed839 3abc3558be5146ba9c60c6ddd1e8b8e1 bb2f2fbd19dd448bb7e297a55a0e8619 - - default default] No more DHCP agents
2026-07-01 08:34:56.675 7 WARNING neutron.api.rpc.agentnotifiers.dhcp_rpc_agent_api [None req-4fa8d60e-6238-4a39-bba8-9a02d10ed839 3abc3558be5146ba9c60c6ddd1e8b8e1 bb2f2fbd19dd448bb7e297a55a0e8619 - - default default] Unable to schedule network a01a6008-eeb1-47de-941d-befba263074a: no agents available; will retry on subsequent port and subnet creation events.
2026-07-01 08:34:56.785 8 INFO neutron.db.ovn_revision_numbers_db [None req-a5a1cdde-527c-4c76-a26f-49fb365ca810 5e3efe846fcc4bfbacae8fd5c7f48b3f 856b9692b6c4477386ba7eecf1bf8b27 - - default default] Successfully bumped revision number for resource be8aba5f-763e-427b-87d3-ede030f7663d (type: security_groups) to 1
2026-07-01 08:34:56.797 8 INFO neutron.db.ovn_revision_numbers_db [None req-a5a1cdde-527c-4c76-a26f-49fb365ca810 5e3efe846fcc4bfbacae8fd5c7f48b3f 856b9692b6c4477386ba7eecf1bf8b27 - - default default] Successfully bumped revision number for resource 8f50059d-2336-4ce4-ae2f-eddc5f928ad5 (type: security_group_rules) to 0
2026-07-01 08:34:56.808 8 INFO neutron.db.ovn_revision_numbers_db [None req-a5a1cdde-527c-4c76-a26f-49fb365ca810 5e3efe846fcc4bfbacae8fd5c7f48b3f 856b9692b6c4477386ba7eecf1bf8b27 - - default default] Successfully bumped revision number for resource d1756ef1-79b6-46e1-b276-f14fa93cac1e (type: security_group_rules) to 0
2026-07-01 08:34:56.824 8 INFO neutron.db.ovn_revision_numbers_db [None req-a5a1cdde-527c-4c76-a26f-49fb365ca810 5e3efe846fcc4bfbacae8fd5c7f48b3f 856b9692b6c4477386ba7eecf1bf8b27 - - default default] Successfully bumped revision number for resource df3fd43e-8e21-43af-b25c-0cd993c6af45 (type: security_group_rules) to 0
2026-07-01 08:34:56.835 8 INFO neutron.db.ovn_revision_numbers_db [None req-a5a1cdde-527c-4c76-a26f-49fb365ca810 5e3efe846fcc4bfbacae8fd5c7f48b3f 856b9692b6c4477386ba7eecf1bf8b27 - - default default] Successfully bumped revision number for resource f68be67e-7205-4bf5-a35d-34f716343135 (type: security_group_rules) to 0
2026-07-01 08:34:56.916 8 INFO neutron.db.segments_db [None req-a5a1cdde-527c-4c76-a26f-49fb365ca810 5e3efe846fcc4bfbacae8fd5c7f48b3f 856b9692b6c4477386ba7eecf1bf8b27 - - default default] Added segment 9b7dac38-3683-492c-bc90-b346f626b2fc of type geneve for network 96ec50e0-d305-4fe2-9546-953898d6bf86
2026-07-01 08:34:57.023 8 INFO neutron.db.ovn_revision_numbers_db [None req-a5a1cdde-527c-4c76-a26f-49fb365ca810 5e3efe846fcc4bfbacae8fd5c7f48b3f 856b9692b6c4477386ba7eecf1bf8b27 - - default default] Successfully bumped revision number for resource 96ec50e0-d305-4fe2-9546-953898d6bf86 (type: networks) to 1
2026-07-01 08:34:57.189 8 WARNING neutron.scheduler.dhcp_agent_scheduler [None req-a5a1cdde-527c-4c76-a26f-49fb365ca810 5e3efe846fcc4bfbacae8fd5c7f48b3f 856b9692b6c4477386ba7eecf1bf8b27 - - default default] No more DHCP agents
2026-07-01 08:34:57.191 8 WARNING neutron.api.rpc.agentnotifiers.dhcp_rpc_agent_api [None req-a5a1cdde-527c-4c76-a26f-49fb365ca810 5e3efe846fcc4bfbacae8fd5c7f48b3f 856b9692b6c4477386ba7eecf1bf8b27 - - default default] Unable to schedule network 96ec50e0-d305-4fe2-9546-953898d6bf86: no agents available; will retry on subsequent port and subnet creation events.
2026-07-01 08:34:57.282 8 INFO neutron.db.ovn_revision_numbers_db [None req-a5a1cdde-527c-4c76-a26f-49fb365ca810 5e3efe846fcc4bfbacae8fd5c7f48b3f 856b9692b6c4477386ba7eecf1bf8b27 - - default default] Successfully bumped revision number for resource 67ce47a8-9b3b-4229-bea7-c3c27468d3e4 (type: ports) to 1 [pid: 8|app: 0|req: 636/1159] 10.0.0.148 () {34 vars in 669 bytes} [Wed Jul 1 08:34:56 2026] POST /v2.0/networks => generated 663 bytes in 818 msecs (HTTP/1.1 201) 4 headers in 162 bytes (1 switches on core 0)
2026-07-01 08:34:57.560 8 INFO neutron_taas.services.taas.taas_plugin [None req-8b6c2d1c-48d9-46a8-9c70-86dfac43d1b5 d6be696f6a25419cb42e19319b8a435e 7acb83ff15644ab2bc48bd78b8aa131c - - default default] TaaS: Handle Delete Port: 47f4071f-3edf-4097-90ef-1af27464dc31
2026-07-01 08:34:57.562 8 INFO neutron_taas.services.taas.tap_mirror_plugin [None req-8b6c2d1c-48d9-46a8-9c70-86dfac43d1b5 d6be696f6a25419cb42e19319b8a435e 7acb83ff15644ab2bc48bd78b8aa131c - - default default] Tap Mirror: Handle Delete Port: 47f4071f-3edf-4097-90ef-1af27464dc31
2026-07-01 08:34:57.562 7 INFO neutron.db.ovn_revision_numbers_db [None req-4fa8d60e-6238-4a39-bba8-9a02d10ed839 3abc3558be5146ba9c60c6ddd1e8b8e1 bb2f2fbd19dd448bb7e297a55a0e8619 - - default default] Successfully bumped revision number for resource 3b192ae9-f129-47e6-877b-79a0f3a70f33 (type: floatingips) to 1
2026-07-01 08:34:57.563 7 INFO neutron.db.l3_db [None req-4fa8d60e-6238-4a39-bba8-9a02d10ed839 3abc3558be5146ba9c60c6ddd1e8b8e1 bb2f2fbd19dd448bb7e297a55a0e8619 - - default default] Floating IP 3b192ae9-f129-47e6-877b-79a0f3a70f33 associated. External IP: 10.96.250.219, port: 73e73bed-7ba5-4630-b872-89d205543a20. [pid: 7|app: 0|req: 524/1160] 10.0.0.148 () {34 vars in 676 bytes} [Wed Jul 1 08:34:56 2026] POST /v2.0/floatingips => generated 842 bytes in 1116 msecs (HTTP/1.1 201) 4 headers in 162 bytes (1 switches on core 0)
2026-07-01 08:34:57.798 7 WARNING neutron.scheduler.dhcp_agent_scheduler [None req-420b01e0-685a-4d24-93a1-3f1b76c4580b 5e3efe846fcc4bfbacae8fd5c7f48b3f 856b9692b6c4477386ba7eecf1bf8b27 - - default default] No more DHCP agents
2026-07-01 08:34:57.799 7 WARNING neutron.api.rpc.agentnotifiers.dhcp_rpc_agent_api [None req-420b01e0-685a-4d24-93a1-3f1b76c4580b 5e3efe846fcc4bfbacae8fd5c7f48b3f 856b9692b6c4477386ba7eecf1bf8b27 - - default default] Unable to schedule network 96ec50e0-d305-4fe2-9546-953898d6bf86: no agents available; will retry on subsequent port and subnet creation events. [pid: 8|app: 0|req: 637/1161] 10.0.0.148 () {34 vars in 788 bytes} [Wed Jul 1 08:34:57 2026] PUT /v2.0/routers/536051cc-79e5-46f5-92a0-8a75e345082d/remove_router_interface => generated 309 bytes in 857 msecs (HTTP/1.1 200) 4 headers in 157 bytes (1 switches on core 0) /var/lib/openstack/lib/python3.12/site-packages/pycadf/identifier.py:70: UserWarning: Invalid uuid: neutron. To ensure interoperability, identifiers should be a valid uuid. warnings.warn(('Invalid uuid: %s. To ensure interoperability, '
2026-07-01 08:34:58.276 7 INFO neutron.db.ovn_revision_numbers_db [None req-1f2e704c-fa08-4fb1-b1f3-8f43fd9ba44f - - - - - -] Successfully bumped revision number for resource 67ce47a8-9b3b-4229-bea7-c3c27468d3e4 (type: ports) to 2
2026-07-01 08:34:58.304 7 INFO neutron.db.ovn_revision_numbers_db [None req-1f2e704c-fa08-4fb1-b1f3-8f43fd9ba44f - - - - - -] Successfully bumped revision number for resource f2f44517-5f18-4902-a588-1f8b091bc8be (type: subnets) to 0 [pid: 7|app: 0|req: 525/1162] 10.0.0.148 () {34 vars in 668 bytes} [Wed Jul 1 08:34:57 2026] POST /v2.0/subnets => generated 641 bytes in 724 msecs (HTTP/1.1 201) 4 headers in 162 bytes (1 switches on core 0)
2026-07-01 08:34:58.401 8 INFO neutron.db.ovn_revision_numbers_db [None req-8fdd6839-07db-4041-89ac-bee90abd19ce 3abc3558be5146ba9c60c6ddd1e8b8e1 bb2f2fbd19dd448bb7e297a55a0e8619 - - default default] Successfully bumped revision number for resource 3b192ae9-f129-47e6-877b-79a0f3a70f33 (type: floatingips) to 2
2026-07-01 08:34:58.460 8 INFO neutron.db.l3_db [None req-8fdd6839-07db-4041-89ac-bee90abd19ce 3abc3558be5146ba9c60c6ddd1e8b8e1 bb2f2fbd19dd448bb7e297a55a0e8619 - - default default] Floating IP 3b192ae9-f129-47e6-877b-79a0f3a70f33 disassociated. External IP: 10.96.250.219, port: 73e73bed-7ba5-4630-b872-89d205543a20. [pid: 8|app: 0|req: 638/1163] 10.0.0.148 () {34 vars in 748 bytes} [Wed Jul 1 08:34:58 2026] PUT /v2.0/floatingips/3b192ae9-f129-47e6-877b-79a0f3a70f33 => generated 554 bytes in 321 msecs (HTTP/1.1 200) 4 headers in 157 bytes (1 switches on core 0)
2026-07-01 08:34:58.594 8 INFO neutron.db.segments_db [None req-bf2d9d35-3d97-4eef-97b8-0887ae31134d 5e3efe846fcc4bfbacae8fd5c7f48b3f 856b9692b6c4477386ba7eecf1bf8b27 - - default default] Added segment cfbb62f5-6798-4ffe-99d4-942def2e337d of type geneve for network ae814832-751c-48a4-8c95-66b445702854
2026-07-01 08:34:58.692 7 INFO neutron_taas.services.taas.taas_plugin [None req-7bec0f17-8d55-4920-9580-06a10bb1355c d6be696f6a25419cb42e19319b8a435e 7acb83ff15644ab2bc48bd78b8aa131c - - default default] TaaS: Handle Delete Port: 92943ac9-acaa-492e-b4b7-bb025b630e41
2026-07-01 08:34:58.695 7 INFO neutron_taas.services.taas.tap_mirror_plugin [None req-7bec0f17-8d55-4920-9580-06a10bb1355c d6be696f6a25419cb42e19319b8a435e 7acb83ff15644ab2bc48bd78b8aa131c - - default default] Tap Mirror: Handle Delete Port: 92943ac9-acaa-492e-b4b7-bb025b630e41
2026-07-01 08:34:58.705 8 INFO neutron.db.ovn_revision_numbers_db [None req-bf2d9d35-3d97-4eef-97b8-0887ae31134d 5e3efe846fcc4bfbacae8fd5c7f48b3f 856b9692b6c4477386ba7eecf1bf8b27 - - default default] Successfully bumped revision number for resource ae814832-751c-48a4-8c95-66b445702854 (type: networks) to 1
2026-07-01 08:34:58.931 8 WARNING neutron.scheduler.dhcp_agent_scheduler [None req-bf2d9d35-3d97-4eef-97b8-0887ae31134d 5e3efe846fcc4bfbacae8fd5c7f48b3f 856b9692b6c4477386ba7eecf1bf8b27 - - default default] No more DHCP agents
2026-07-01 08:34:58.934 8 WARNING neutron.api.rpc.agentnotifiers.dhcp_rpc_agent_api [None req-bf2d9d35-3d97-4eef-97b8-0887ae31134d 5e3efe846fcc4bfbacae8fd5c7f48b3f 856b9692b6c4477386ba7eecf1bf8b27 - - default default] Unable to schedule network ae814832-751c-48a4-8c95-66b445702854: no agents available; will retry on subsequent port and subnet creation events.
2026-07-01 08:34:59.011 8 INFO neutron.plugins.ml2.drivers.ovn.mech_driver.mech_driver [None req-b405e555-6c1f-4b04-aa8f-cf92e445977a - - - - - -] OVN reports status down for port: 9278cde3-0dba-4b9b-bfd8-8fa4ab95f697
2026-07-01 08:34:59.151 8 INFO neutron.db.ovn_revision_numbers_db [None req-bf2d9d35-3d97-4eef-97b8-0887ae31134d 5e3efe846fcc4bfbacae8fd5c7f48b3f 856b9692b6c4477386ba7eecf1bf8b27 - - default default] Successfully bumped revision number for resource 9278cde3-0dba-4b9b-bfd8-8fa4ab95f697 (type: ports) to 1 [pid: 8|app: 0|req: 639/1164] 10.0.0.148 () {34 vars in 669 bytes} [Wed Jul 1 08:34:58 2026] POST /v2.0/networks => generated 663 bytes in 753 msecs (HTTP/1.1 201) 4 headers in 162 bytes (1 switches on core 0) [pid: 7|app: 0|req: 526/1165] 10.0.0.148 () {32 vars in 723 bytes} [Wed Jul 1 08:34:58 2026] DELETE /v2.0/routers/536051cc-79e5-46f5-92a0-8a75e345082d => generated 0 bytes in 971 msecs (HTTP/1.1 204) 2 headers in 112 bytes (1 switches on core 0)
2026-07-01 08:34:59.346 7 WARNING neutron.plugins.ml2.drivers.ovn.mech_driver.ovsdb.ovn_client [None req-bd87a627-78a7-4c59-95e1-d0deec6dc73f - - - - - -] No hosting information found for port c2e41181-2b0c-4fb8-be40-c95a46cba903: RuntimeError: No hosting information found for port c2e41181-2b0c-4fb8-be40-c95a46cba903
2026-07-01 08:34:59.349 7 INFO neutron.plugins.ml2.drivers.ovn.mech_driver.mech_driver [None req-bd87a627-78a7-4c59-95e1-d0deec6dc73f - - - - - -] OVN reports status down for port: a46249b4-e3f7-48c2-9df6-e15773183735
2026-07-01 08:34:59.386 8 INFO neutron_taas.services.taas.taas_plugin [None req-d3dc833c-9e76-4c90-9488-904db22e5bfc 3abc3558be5146ba9c60c6ddd1e8b8e1 bb2f2fbd19dd448bb7e297a55a0e8619 - - default default] TaaS: Handle Delete Port: edf3416f-7c56-4a17-a05f-6134d8645aed
2026-07-01 08:34:59.392 8 INFO neutron_taas.services.taas.tap_mirror_plugin [None req-d3dc833c-9e76-4c90-9488-904db22e5bfc 3abc3558be5146ba9c60c6ddd1e8b8e1 bb2f2fbd19dd448bb7e297a55a0e8619 - - default default] Tap Mirror: Handle Delete Port: edf3416f-7c56-4a17-a05f-6134d8645aed
2026-07-01 08:34:59.491 7 WARNING neutron.plugins.ml2.drivers.ovn.mech_driver.ovsdb.ovn_client [None req-bd87a627-78a7-4c59-95e1-d0deec6dc73f - - - - - -] Logical_Switch_Port %s host information not removed, the port state is up
2026-07-01 08:34:59.491 7 INFO neutron.plugins.ml2.drivers.ovn.mech_driver.mech_driver [None req-bd87a627-78a7-4c59-95e1-d0deec6dc73f - - - - - -] OVN reports status up for port: a46249b4-e3f7-48c2-9df6-e15773183735
2026-07-01 08:34:59.522 7 INFO neutron.plugins.ml2.plugin [None req-bd87a627-78a7-4c59-95e1-d0deec6dc73f - - - - - -] Attempt 1 to provision port a46249b4-e3f7-48c2-9df6-e15773183735
2026-07-01 08:34:59.545 7 INFO neutron.db.ovn_revision_numbers_db [None req-0d7ac0bd-84c0-4e2d-923c-96b7975f12de 5e3efe846fcc4bfbacae8fd5c7f48b3f 856b9692b6c4477386ba7eecf1bf8b27 - - default default] Successfully bumped revision number for resource ae814832-751c-48a4-8c95-66b445702854 (type: networks) to 2 [pid: 7|app: 0|req: 527/1166] 10.0.0.148 () {34 vars in 742 bytes} [Wed Jul 1 08:34:59 2026] PUT /v2.0/networks/ae814832-751c-48a4-8c95-66b445702854 => generated 636 bytes in 257 msecs (HTTP/1.1 200) 4 headers in 157 bytes (1 switches on core 0) [pid: 8|app: 0|req: 640/1167] 10.0.0.148 () {32 vars in 731 bytes} [Wed Jul 1 08:34:59 2026] DELETE /v2.0/floatingips/3b192ae9-f129-47e6-877b-79a0f3a70f33 => generated 0 bytes in 314 msecs (HTTP/1.1 204) 2 headers in 112 bytes (1 switches on core 0)
2026-07-01 08:34:59.738 8 WARNING neutron.scheduler.dhcp_agent_scheduler [None req-17cf7c6b-4d50-488b-ae85-b2c71cb361bc 5e3efe846fcc4bfbacae8fd5c7f48b3f 856b9692b6c4477386ba7eecf1bf8b27 - - default default] No more DHCP agents
2026-07-01 08:34:59.740 8 WARNING neutron.api.rpc.agentnotifiers.dhcp_rpc_agent_api [None req-17cf7c6b-4d50-488b-ae85-b2c71cb361bc 5e3efe846fcc4bfbacae8fd5c7f48b3f 856b9692b6c4477386ba7eecf1bf8b27 - - default default] Unable to schedule network ae814832-751c-48a4-8c95-66b445702854: no agents available; will retry on subsequent port and subnet creation events. [pid: 7|app: 0|req: 528/1168] 10.0.0.148 () {32 vars in 723 bytes} [Wed Jul 1 08:34:59 2026] DELETE /v2.0/subnets/666370ae-d231-4185-8d86-8d0a9ab07375 => generated 0 bytes in 289 msecs (HTTP/1.1 204) 3 headers in 131 bytes (1 switches on core 0)
2026-07-01 08:35:00.197 8 INFO neutron.db.ovn_revision_numbers_db [None req-7f3d41b5-f397-4dbe-a6eb-4c185cd73edb - - - - - -] Successfully bumped revision number for resource 9278cde3-0dba-4b9b-bfd8-8fa4ab95f697 (type: ports) to 2
2026-07-01 08:35:00.225 7 INFO neutron.db.ovn_revision_numbers_db [None req-bd87a627-78a7-4c59-95e1-d0deec6dc73f - - - - - -] Successfully bumped revision number for resource a46249b4-e3f7-48c2-9df6-e15773183735 (type: ports) to 2
2026-07-01 08:35:00.247 8 INFO neutron.db.ovn_revision_numbers_db [None req-7f3d41b5-f397-4dbe-a6eb-4c185cd73edb - - - - - -] Successfully bumped revision number for resource c0322cb2-a1b4-4f4a-b709-4c409a2bbe5b (type: subnets) to 0 [pid: 8|app: 0|req: 641/1169] 10.0.0.148 () {34 vars in 668 bytes} [Wed Jul 1 08:34:59 2026] POST /v2.0/subnets => generated 626 bytes in 711 msecs (HTTP/1.1 201) 4 headers in 162 bytes (1 switches on core 0)
2026-07-01 08:35:00.310 7 WARNING neutron.scheduler.dhcp_agent_scheduler [None req-b34025cd-d29f-4f31-8693-19dd7e8cb473 3abc3558be5146ba9c60c6ddd1e8b8e1 bb2f2fbd19dd448bb7e297a55a0e8619 - - default default] No more DHCP agents
2026-07-01 08:35:00.311 7 WARNING neutron.api.rpc.agentnotifiers.dhcp_rpc_agent_api [None req-b34025cd-d29f-4f31-8693-19dd7e8cb473 3abc3558be5146ba9c60c6ddd1e8b8e1 bb2f2fbd19dd448bb7e297a55a0e8619 - - default default] Unable to schedule network a01a6008-eeb1-47de-941d-befba263074a: no agents available; will retry on subsequent port and subnet creation events.
2026-07-01 08:35:00.386 8 INFO neutron_taas.services.taas.taas_plugin [None req-257d88f6-c8b9-4904-ba83-2452f37686c1 d6be696f6a25419cb42e19319b8a435e 7acb83ff15644ab2bc48bd78b8aa131c - - default default] TaaS: Handle Delete Port: d39e9fe4-d97f-4be0-803e-fd07a1c3d9fe
2026-07-01 08:35:00.388 8 INFO neutron_taas.services.taas.tap_mirror_plugin [None req-257d88f6-c8b9-4904-ba83-2452f37686c1 d6be696f6a25419cb42e19319b8a435e 7acb83ff15644ab2bc48bd78b8aa131c - - default default] Tap Mirror: Handle Delete Port: d39e9fe4-d97f-4be0-803e-fd07a1c3d9fe
2026-07-01 08:35:00.724 8 INFO neutron.services.segments.plugin [-] Segment 2b4415aa-5cf2-40e6-84c4-0b469660d22b resource provider aggregate not found
2026-07-01 08:35:00.730 8 INFO neutron.services.segments.plugin [-] Segment 2b4415aa-5cf2-40e6-84c4-0b469660d22b resource provider aggregate not found
2026-07-01 08:35:00.749 8 INFO neutron.services.segments.plugin [-] Segment 2b4415aa-5cf2-40e6-84c4-0b469660d22b resource provider not found; error: Placement Client Error (4xx): {"errors": [{"status": 404, "title": "Not Found", "detail": "The resource could not be found.\n\n No resource provider with uuid 2b4415aa-5cf2-40e6-84c4-0b469660d22b found for delete ", "request_id": "req-4eab0d5f-5cec-459e-8250-559095374092"}]}
2026-07-01 08:35:00.754 8 INFO neutron.services.segments.plugin [-] Segment 2b4415aa-5cf2-40e6-84c4-0b469660d22b resource provider not found; error: Placement Client Error (4xx): {"errors": [{"status": 404, "title": "Not Found", "detail": "The resource could not be found.\n\n No resource provider with uuid 2b4415aa-5cf2-40e6-84c4-0b469660d22b found for delete ", "request_id": "req-6b00a56a-2a93-46fc-8e32-8b643b394c3d"}]} [pid: 8|app: 0|req: 642/1170] 10.0.0.148 () {32 vars in 725 bytes} [Wed Jul 1 08:35:00 2026] DELETE /v2.0/networks/e61f897b-f113-4497-85b7-de0d5f414070 => generated 0 bytes in 648 msecs (HTTP/1.1 204) 3 headers in 131 bytes (1 switches on core 0)
2026-07-01 08:35:01.265 8 INFO neutron.db.ovn_revision_numbers_db [None req-67a0fd11-abad-4037-a367-04371694fc35 5e3efe846fcc4bfbacae8fd5c7f48b3f 856b9692b6c4477386ba7eecf1bf8b27 - - default default] Successfully bumped revision number for resource c0322cb2-a1b4-4f4a-b709-4c409a2bbe5b (type: subnets) to 1 [pid: 8|app: 0|req: 643/1171] 10.0.0.148 () {34 vars in 740 bytes} [Wed Jul 1 08:35:00 2026] PUT /v2.0/subnets/c0322cb2-a1b4-4f4a-b709-4c409a2bbe5b => generated 636 bytes in 352 msecs (HTTP/1.1 200) 4 headers in 157 bytes (1 switches on core 0) /var/lib/openstack/lib/python3.12/site-packages/pycadf/identifier.py:70: UserWarning: Invalid uuid: neutron. To ensure interoperability, identifiers should be a valid uuid. warnings.warn(('Invalid uuid: %s. To ensure interoperability, ' [pid: 8|app: 0|req: 646/1174] 10.0.0.148 () {32 vars in 773 bytes} [Wed Jul 1 08:35:01 2026] GET /v2.0/security-groups?tenant_id=c7418dd864934de790b76c6d4a6698b7&name=default => generated 2925 bytes in 35 msecs (HTTP/1.1 200) 4 headers in 158 bytes (1 switches on core 0)
2026-07-01 08:35:01.359 7 INFO neutron.db.ovn_revision_numbers_db [None req-b34025cd-d29f-4f31-8693-19dd7e8cb473 3abc3558be5146ba9c60c6ddd1e8b8e1 bb2f2fbd19dd448bb7e297a55a0e8619 - - default default] Successfully bumped revision number for resource b2e91fce-bc69-46b7-9e5b-508396d41bfe (type: floatingips) to 1
2026-07-01 08:35:01.359 7 INFO neutron.db.l3_db [None req-b34025cd-d29f-4f31-8693-19dd7e8cb473 3abc3558be5146ba9c60c6ddd1e8b8e1 bb2f2fbd19dd448bb7e297a55a0e8619 - - default default] Floating IP b2e91fce-bc69-46b7-9e5b-508396d41bfe associated. External IP: 10.96.250.202, port: b7d9fc46-6b5c-4d0a-bcde-1bb79cfbdd88. [pid: 7|app: 0|req: 529/1175] 10.0.0.148 () {34 vars in 676 bytes} [Wed Jul 1 08:34:59 2026] POST /v2.0/floatingips => generated 843 bytes in 1556 msecs (HTTP/1.1 201) 4 headers in 162 bytes (1 switches on core 0)
2026-07-01 08:35:01.466 8 INFO neutron_taas.services.taas.taas_plugin [None req-5f065c54-9b95-47c4-826a-3b1c93f89e9a 5e3efe846fcc4bfbacae8fd5c7f48b3f 856b9692b6c4477386ba7eecf1bf8b27 - - default default] TaaS: Handle Delete Port: 9278cde3-0dba-4b9b-bfd8-8fa4ab95f697
2026-07-01 08:35:01.469 8 INFO neutron_taas.services.taas.tap_mirror_plugin [None req-5f065c54-9b95-47c4-826a-3b1c93f89e9a 5e3efe846fcc4bfbacae8fd5c7f48b3f 856b9692b6c4477386ba7eecf1bf8b27 - - default default] Tap Mirror: Handle Delete Port: 9278cde3-0dba-4b9b-bfd8-8fa4ab95f697 [pid: 7|app: 0|req: 530/1176] 10.0.0.148 () {32 vars in 739 bytes} [Wed Jul 1 08:35:01 2026] DELETE /v2.0/security-groups/8f969b6c-17c3-4ad5-a55e-5e82a4056b42 => generated 0 bytes in 210 msecs (HTTP/1.1 204) 2 headers in 112 bytes (1 switches on core 0) [pid: 7|app: 0|req: 531/1177] 10.0.0.148 () {32 vars in 728 bytes} [Wed Jul 1 08:35:01 2026] GET /v2.0/floatingips/b2e91fce-bc69-46b7-9e5b-508396d41bfe => generated 845 bytes in 37 msecs (HTTP/1.1 200) 4 headers in 157 bytes (1 switches on core 0) [pid: 7|app: 0|req: 532/1178] 10.0.0.148 () {32 vars in 654 bytes} [Wed Jul 1 08:35:01 2026] GET /v2.0/floatingips => generated 848 bytes in 63 msecs (HTTP/1.1 200) 4 headers in 157 bytes (1 switches on core 0) [pid: 8|app: 0|req: 647/1179] 10.0.0.148 () {32 vars in 725 bytes} [Wed Jul 1 08:35:01 2026] DELETE /v2.0/networks/ae814832-751c-48a4-8c95-66b445702854 => generated 0 bytes in 521 msecs (HTTP/1.1 204) 3 headers in 131 bytes (1 switches on core 0)
2026-07-01 08:35:01.845 8 INFO neutron.pecan_wsgi.hooks.translation [None req-55e3ddb1-5642-4f7b-9b84-8d8f32932afc 5e3efe846fcc4bfbacae8fd5c7f48b3f 856b9692b6c4477386ba7eecf1bf8b27 - - default default] DELETE failed (client error): The resource could not be found. [pid: 8|app: 0|req: 648/1180] 10.0.0.148 () {32 vars in 725 bytes} [Wed Jul 1 08:35:01 2026] DELETE /v2.0/networks/ae814832-751c-48a4-8c95-66b445702854 => generated 138 bytes in 11 msecs (HTTP/1.1 404) 4 headers in 164 bytes (1 switches on core 0) [pid: 8|app: 0|req: 649/1181] 10.0.0.148 () {32 vars in 693 bytes} [Wed Jul 1 08:35:01 2026] GET /v2.0/networks?router%3Aexternal=True => generated 689 bytes in 72 msecs (HTTP/1.1 200) 4 headers in 157 bytes (1 switches on core 0) [pid: 8|app: 0|req: 650/1182] 10.0.0.148 () {32 vars in 741 bytes} [Wed Jul 1 08:35:01 2026] GET /v2.0/subnets?network_id=a01a6008-eeb1-47de-941d-befba263074a => generated 649 bytes in 28 msecs (HTTP/1.1 200) 4 headers in 157 bytes (1 switches on core 0) [pid: 8|app: 0|req: 651/1183] 10.0.0.148 () {32 vars in 652 bytes} [Wed Jul 1 08:35:01 2026] GET /v2.0/extensions => generated 20541 bytes in 8 msecs (HTTP/1.1 200) 4 headers in 159 bytes (1 switches on core 0) [pid: 8|app: 0|req: 652/1184] 10.0.0.148 () {32 vars in 648 bytes} [Wed Jul 1 08:35:01 2026] GET /v2.0/networks => generated 1385 bytes in 46 msecs (HTTP/1.1 200) 4 headers in 158 bytes (1 switches on core 0) [pid: 8|app: 0|req: 653/1185] 10.0.0.194 () {34 vars in 989 bytes} [Wed Jul 1 08:35:02 2026] GET /v2.0/ports?device_id=d143f382-2843-437c-b8c3-7ac33251c59a => generated 1209 bytes in 44 msecs (HTTP/1.1 200) 4 headers in 158 bytes (1 switches on core 0) [pid: 8|app: 0|req: 654/1186] 10.0.0.148 () {32 vars in 646 bytes} [Wed Jul 1 08:35:02 2026] GET /v2.0/subnets => generated 1280 bytes in 24 msecs (HTTP/1.1 200) 4 headers in 158 bytes (1 switches on core 0) [pid: 8|app: 0|req: 655/1187] 10.0.0.194 () {34 vars in 1039 bytes} [Wed Jul 1 08:35:02 2026] GET /v2.0/security-groups?id=a24efc39-911f-4acb-8ddd-49c74d0be101&fields=id&fields=name => generated 114 bytes in 26 msecs (HTTP/1.1 200) 4 headers in 157 bytes (1 switches on core 0) [pid: 8|app: 0|req: 656/1188] 10.0.0.148 () {32 vars in 722 bytes} [Wed Jul 1 08:35:02 2026] GET /v2.0/networks/96ec50e0-d305-4fe2-9546-953898d6bf86 => generated 707 bytes in 72 msecs (HTTP/1.1 200) 4 headers in 157 bytes (1 switches on core 0)
2026-07-01 08:35:02.235 7 INFO neutron.db.ovn_revision_numbers_db [None req-e9ba3ea0-ab76-4749-bb06-4dad4ea5c9e9 3abc3558be5146ba9c60c6ddd1e8b8e1 bb2f2fbd19dd448bb7e297a55a0e8619 - - default default] Successfully bumped revision number for resource b2e91fce-bc69-46b7-9e5b-508396d41bfe (type: floatingips) to 2 [pid: 8|app: 0|req: 657/1189] 10.0.0.148 () {32 vars in 720 bytes} [Wed Jul 1 08:35:02 2026] GET /v2.0/subnets/f2f44517-5f18-4902-a588-1f8b091bc8be => generated 641 bytes in 74 msecs (HTTP/1.1 200) 4 headers in 157 bytes (1 switches on core 0) /var/lib/openstack/lib/python3.12/site-packages/pycadf/identifier.py:70: UserWarning: Invalid uuid: neutron. To ensure interoperability, identifiers should be a valid uuid. warnings.warn(('Invalid uuid: %s. To ensure interoperability, '
