2026-07-01 08:35:13.698 8 INFO neutron_taas.services.taas.tap_mirror_plugin [None req-2852d465-a533-4155-bb24-83b99d793c37 8cadc0536a784689bcbc0dc688655629 516744fa7b0840ad95beeb135d3a41d5 - - default default] Tap Mirror: Handle Delete Port: 25f574ed-c3d0-4992-af8a-f9e0b1004e70 [pid: 7|app: 0|req: 568/1242] 10.0.0.148 () {32 vars in 693 bytes} [Wed Jul 1 08:35:13 2026] GET /v2.0/networks?router%3Aexternal=True => generated 689 bytes in 51 msecs (HTTP/1.1 200) 4 headers in 157 bytes (1 switches on core 0) [pid: 7|app: 0|req: 569/1243] 10.0.0.148 () {32 vars in 741 bytes} [Wed Jul 1 08:35:13 2026] GET /v2.0/subnets?network_id=a01a6008-eeb1-47de-941d-befba263074a => generated 649 bytes in 41 msecs (HTTP/1.1 200) 4 headers in 157 bytes (1 switches on core 0) [pid: 7|app: 0|req: 570/1244] 10.0.0.148 () {32 vars in 652 bytes} [Wed Jul 1 08:35:13 2026] GET /v2.0/extensions => generated 20541 bytes in 6 msecs (HTTP/1.1 200) 4 headers in 159 bytes (1 switches on core 0) [pid: 8|app: 0|req: 675/1245] 10.0.0.148 () {32 vars in 731 bytes} [Wed Jul 1 08:35:13 2026] DELETE /v2.0/floatingips/5b04dc39-6f24-45a9-a488-3b11c3d37c04 => generated 0 bytes in 267 msecs (HTTP/1.1 204) 2 headers in 112 bytes (1 switches on core 0) [pid: 7|app: 0|req: 571/1246] 10.0.0.148 () {32 vars in 648 bytes} [Wed Jul 1 08:35:13 2026] GET /v2.0/networks => generated 1388 bytes in 55 msecs (HTTP/1.1 200) 4 headers in 158 bytes (1 switches on core 0) [pid: 7|app: 0|req: 572/1247] 10.0.0.148 () {32 vars in 646 bytes} [Wed Jul 1 08:35:13 2026] GET /v2.0/subnets => generated 1312 bytes in 55 msecs (HTTP/1.1 200) 4 headers in 158 bytes (1 switches on core 0)
2026-07-01 08:35:14.114 8 INFO neutron_taas.services.taas.taas_plugin [None req-5dd781a0-1113-41c7-9dbe-0421750c1112 d6be696f6a25419cb42e19319b8a435e 7acb83ff15644ab2bc48bd78b8aa131c - - default default] TaaS: Handle Delete Port: a2bac557-b138-486e-ab60-3940b088c870
2026-07-01 08:35:14.116 8 INFO neutron_taas.services.taas.tap_mirror_plugin [None req-5dd781a0-1113-41c7-9dbe-0421750c1112 d6be696f6a25419cb42e19319b8a435e 7acb83ff15644ab2bc48bd78b8aa131c - - default default] Tap Mirror: Handle Delete Port: a2bac557-b138-486e-ab60-3940b088c870 [pid: 7|app: 0|req: 573/1248] 10.0.0.148 () {32 vars in 722 bytes} [Wed Jul 1 08:35:13 2026] GET /v2.0/networks/fa7924d2-53c7-421c-917f-fca1a3a75797 => generated 710 bytes in 485 msecs (HTTP/1.1 200) 4 headers in 157 bytes (1 switches on core 0) [pid: 7|app: 0|req: 574/1249] 10.0.0.148 () {32 vars in 720 bytes} [Wed Jul 1 08:35:14 2026] GET /v2.0/subnets/9013d002-cc17-45d0-903b-793b7624c8e8 => generated 673 bytes in 29 msecs (HTTP/1.1 200) 4 headers in 157 bytes (1 switches on core 0)
2026-07-01 08:35:14.468 7 INFO neutron.pecan_wsgi.hooks.translation [None req-59020c45-9c01-459d-977d-dcd5ae092387 fbdebe77ca5244718d425897f6045e6c 5631046d464c4e30932cf52e6599350b - - default default] DELETE failed (client error): The resource could not be found. [pid: 7|app: 0|req: 575/1250] 10.0.0.148 () {32 vars in 723 bytes} [Wed Jul 1 08:35:14 2026] DELETE /v2.0/subnets/2ba54077-0b68-467f-89bd-85271bad66a7 => generated 136 bytes in 14 msecs (HTTP/1.1 404) 4 headers in 164 bytes (1 switches on core 0)
2026-07-01 08:35:14.484 7 INFO neutron.pecan_wsgi.hooks.translation [None req-8b6fe4c1-d380-485b-92a4-3a12f9459c6c fbdebe77ca5244718d425897f6045e6c 5631046d464c4e30932cf52e6599350b - - default default] DELETE failed (client error): The resource could not be found. [pid: 7|app: 0|req: 576/1251] 10.0.0.148 () {32 vars in 725 bytes} [Wed Jul 1 08:35:14 2026] DELETE /v2.0/networks/657c567b-de13-48d0-80f2-110343489f88 => generated 138 bytes in 12 msecs (HTTP/1.1 404) 4 headers in 164 bytes (1 switches on core 0) [pid: 7|app: 0|req: 577/1252] 10.0.0.148 () {32 vars in 723 bytes} [Wed Jul 1 08:35:14 2026] DELETE /v2.0/subnets/9013d002-cc17-45d0-903b-793b7624c8e8 => generated 0 bytes in 363 msecs (HTTP/1.1 204) 3 headers in 131 bytes (1 switches on core 0) [pid: 8|app: 0|req: 676/1253] 10.0.0.148 () {34 vars in 788 bytes} [Wed Jul 1 08:35:13 2026] PUT /v2.0/routers/2af4c1e0-d92e-47a8-80a7-29f5cc7d4956/remove_router_interface => generated 309 bytes in 1062 msecs (HTTP/1.1 200) 4 headers in 157 bytes (1 switches on core 0) /var/lib/openstack/lib/python3.12/site-packages/pycadf/identifier.py:70: UserWarning: Invalid uuid: neutron. To ensure interoperability, identifiers should be a valid uuid. warnings.warn(('Invalid uuid: %s. To ensure interoperability, '
2026-07-01 08:35:15.002 7 INFO neutron_taas.services.taas.taas_plugin [None req-c92a8ee7-ca5d-45c5-a32e-1b8c1dc856e4 fbdebe77ca5244718d425897f6045e6c 5631046d464c4e30932cf52e6599350b - - default default] TaaS: Handle Delete Port: 46709733-38b1-49c2-8e4f-47a85cdcf857
2026-07-01 08:35:15.005 7 INFO neutron_taas.services.taas.tap_mirror_plugin [None req-c92a8ee7-ca5d-45c5-a32e-1b8c1dc856e4 fbdebe77ca5244718d425897f6045e6c 5631046d464c4e30932cf52e6599350b - - default default] Tap Mirror: Handle Delete Port: 46709733-38b1-49c2-8e4f-47a85cdcf857 [pid: 7|app: 0|req: 578/1254] 10.0.0.148 () {32 vars in 725 bytes} [Wed Jul 1 08:35:14 2026] DELETE /v2.0/networks/fa7924d2-53c7-421c-917f-fca1a3a75797 => generated 0 bytes in 367 msecs (HTTP/1.1 204) 3 headers in 131 bytes (1 switches on core 0) [pid: 7|app: 0|req: 579/1255] 10.0.0.182 () {32 vars in 801 bytes} [Wed Jul 1 08:35:15 2026] GET /v2.0/extensions => generated 20541 bytes in 5 msecs (HTTP/1.1 200) 4 headers in 159 bytes (1 switches on core 0)
2026-07-01 08:35:15.274 8 INFO neutron_taas.services.taas.taas_plugin [None req-fddbcd1a-a835-417e-8f5d-edfaee3358ca d6be696f6a25419cb42e19319b8a435e 7acb83ff15644ab2bc48bd78b8aa131c - - default default] TaaS: Handle Delete Port: 6ab0d792-a25b-41b6-b396-a99289fbf3ac
2026-07-01 08:35:15.279 8 INFO neutron_taas.services.taas.tap_mirror_plugin [None req-fddbcd1a-a835-417e-8f5d-edfaee3358ca d6be696f6a25419cb42e19319b8a435e 7acb83ff15644ab2bc48bd78b8aa131c - - default default] Tap Mirror: Handle Delete Port: 6ab0d792-a25b-41b6-b396-a99289fbf3ac [pid: 7|app: 0|req: 582/1258] 10.0.0.182 () {30 vars in 723 bytes} [Wed Jul 1 08:35:15 2026] GET /v2.0/quotas/94e56b67c7c24b30a2244459cb34b65b/details => generated 847 bytes in 70 msecs (HTTP/1.1 200) 4 headers in 157 bytes (1 switches on core 0)
2026-07-01 08:35:15.617 8 WARNING neutron.plugins.ml2.drivers.ovn.mech_driver.ovsdb.ovn_client [None req-f4f7d0eb-53c4-4cf2-871b-da9a7040bddd - - - - - -] No hosting information found for port 2cca5a9b-ebf2-4708-a0eb-19aba28cc969: RuntimeError: No hosting information found for port 2cca5a9b-ebf2-4708-a0eb-19aba28cc969
2026-07-01 08:35:15.618 8 INFO neutron.plugins.ml2.drivers.ovn.mech_driver.mech_driver [None req-f4f7d0eb-53c4-4cf2-871b-da9a7040bddd - - - - - -] OVN reports status down for port: 46709733-38b1-49c2-8e4f-47a85cdcf857
2026-07-01 08:35:15.641 7 INFO neutron.services.segments.plugin [-] Segment 5840d8f8-0aa0-4c40-a1d5-e2ea799f221b resource provider aggregate not found
2026-07-01 08:35:15.646 7 INFO neutron.services.segments.plugin [-] Segment 5840d8f8-0aa0-4c40-a1d5-e2ea799f221b resource provider aggregate not found
2026-07-01 08:35:15.661 7 INFO neutron.services.segments.plugin [-] Segment 5840d8f8-0aa0-4c40-a1d5-e2ea799f221b resource provider not found; error: Placement Client Error (4xx): {"errors": [{"status": 404, "title": "Not Found", "detail": "The resource could not be found.\n\n No resource provider with uuid 5840d8f8-0aa0-4c40-a1d5-e2ea799f221b found for delete ", "request_id": "req-dfceecec-fd5a-4155-90ab-ab0188120422"}]}
2026-07-01 08:35:15.666 7 INFO neutron.services.segments.plugin [-] Segment 5840d8f8-0aa0-4c40-a1d5-e2ea799f221b resource provider not found; error: Placement Client Error (4xx): {"errors": [{"status": 404, "title": "Not Found", "detail": "The resource could not be found.\n\n No resource provider with uuid 5840d8f8-0aa0-4c40-a1d5-e2ea799f221b found for delete ", "request_id": "req-664a2ee7-c1bb-4f7e-86e4-ef18c92a035a"}]} [pid: 8|app: 0|req: 677/1259] 10.0.0.148 () {32 vars in 723 bytes} [Wed Jul 1 08:35:14 2026] DELETE /v2.0/routers/2af4c1e0-d92e-47a8-80a7-29f5cc7d4956 => generated 0 bytes in 896 msecs (HTTP/1.1 204) 2 headers in 112 bytes (1 switches on core 0)
2026-07-01 08:35:15.829 8 INFO neutron.db.ovn_revision_numbers_db [None req-f4f7d0eb-53c4-4cf2-871b-da9a7040bddd - - - - - -] Successfully bumped revision number for resource 2cca5a9b-ebf2-4708-a0eb-19aba28cc969 (type: router_ports) to 2 [pid: 7|app: 0|req: 583/1260] 10.0.0.148 () {32 vars in 773 bytes} [Wed Jul 1 08:35:15 2026] GET /v2.0/security-groups?tenant_id=5631046d464c4e30932cf52e6599350b&name=default => generated 2925 bytes in 109 msecs (HTTP/1.1 200) 4 headers in 158 bytes (1 switches on core 0) [pid: 8|app: 0|req: 678/1261] 10.0.0.148 () {32 vars in 723 bytes} [Wed Jul 1 08:35:15 2026] DELETE /v2.0/subnets/a50d0b2f-f077-42f8-bc01-7bc6e76eccd0 => generated 0 bytes in 186 msecs (HTTP/1.1 204) 3 headers in 131 bytes (1 switches on core 0)
2026-07-01 08:35:16.155 8 INFO neutron_taas.services.taas.taas_plugin [None req-16f36a87-26a9-4f81-9b37-2dec4c86d277 d6be696f6a25419cb42e19319b8a435e 7acb83ff15644ab2bc48bd78b8aa131c - - default default] TaaS: Handle Delete Port: 968892d2-d9c6-40f3-8476-6f23ddf389e4
2026-07-01 08:35:16.158 8 INFO neutron_taas.services.taas.tap_mirror_plugin [None req-16f36a87-26a9-4f81-9b37-2dec4c86d277 d6be696f6a25419cb42e19319b8a435e 7acb83ff15644ab2bc48bd78b8aa131c - - default default] Tap Mirror: Handle Delete Port: 968892d2-d9c6-40f3-8476-6f23ddf389e4 [pid: 7|app: 0|req: 584/1262] 10.0.0.148 () {32 vars in 739 bytes} [Wed Jul 1 08:35:15 2026] DELETE /v2.0/security-groups/5cf0fbf2-554a-4a65-8a15-ca546fbe86ab => generated 0 bytes in 267 msecs (HTTP/1.1 204) 2 headers in 112 bytes (1 switches on core 0)
2026-07-01 08:35:16.358 8 INFO neutron.services.segments.plugin [-] Segment 7b67217c-fbc6-4f04-b5ab-60d7764c7600 resource provider aggregate not found
2026-07-01 08:35:16.363 8 INFO neutron.services.segments.plugin [-] Segment 7b67217c-fbc6-4f04-b5ab-60d7764c7600 resource provider aggregate not found
2026-07-01 08:35:16.379 8 INFO neutron.services.segments.plugin [-] Segment 7b67217c-fbc6-4f04-b5ab-60d7764c7600 resource provider not found; error: Placement Client Error (4xx): {"errors": [{"status": 404, "title": "Not Found", "detail": "The resource could not be found.\n\n No resource provider with uuid 7b67217c-fbc6-4f04-b5ab-60d7764c7600 found for delete ", "request_id": "req-a229fdf1-3aca-414c-936a-95044898b96a"}]}
2026-07-01 08:35:16.383 8 INFO neutron.services.segments.plugin [-] Segment 7b67217c-fbc6-4f04-b5ab-60d7764c7600 resource provider not found; error: Placement Client Error (4xx): {"errors": [{"status": 404, "title": "Not Found", "detail": "The resource could not be found.\n\n No resource provider with uuid 7b67217c-fbc6-4f04-b5ab-60d7764c7600 found for delete ", "request_id": "req-b10d7c79-cd0b-4472-bd7a-9e43ffdf9876"}]} [pid: 8|app: 0|req: 679/1263] 10.0.0.148 () {32 vars in 725 bytes} [Wed Jul 1 08:35:15 2026] DELETE /v2.0/networks/1b21783c-fc79-4750-8058-295e2e244b94 => generated 0 bytes in 498 msecs (HTTP/1.1 204) 3 headers in 131 bytes (1 switches on core 0) [pid: 7|app: 0|req: 585/1264] 10.0.0.148 () {32 vars in 773 bytes} [Wed Jul 1 08:35:16 2026] GET /v2.0/security-groups?tenant_id=516744fa7b0840ad95beeb135d3a41d5&name=default => generated 2921 bytes in 30 msecs (HTTP/1.1 200) 4 headers in 158 bytes (1 switches on core 0) [pid: 8|app: 0|req: 680/1265] 10.0.0.148 () {32 vars in 739 bytes} [Wed Jul 1 08:35:16 2026] DELETE /v2.0/security-groups/f98bca81-064f-4289-a533-4cee917ba27d => generated 0 bytes in 252 msecs (HTTP/1.1 204) 2 headers in 112 bytes (1 switches on core 0) [pid: 7|app: 0|req: 586/1266] 10.0.0.11 () {34 vars in 1096 bytes} [Wed Jul 1 08:35:17 2026] GET /v2.0/security-groups?name=tempest-securitygroup--281054902&fields=id&tenant_id=1775217c3363441395d0263c510c1235 => generated 69 bytes in 31 msecs (HTTP/1.1 200) 4 headers in 156 bytes (1 switches on core 0) [pid: 8|app: 0|req: 681/1267] 10.0.0.11 () {34 vars in 980 bytes} [Wed Jul 1 08:35:17 2026] GET /v2.0/networks?id=47850286-b828-4059-99a7-6b63225f85ef => generated 717 bytes in 47 msecs (HTTP/1.1 200) 4 headers in 157 bytes (1 switches on core 0) [pid: 7|app: 0|req: 587/1268] 10.0.0.11 () {34 vars in 963 bytes} [Wed Jul 1 08:35:17 2026] GET /v2.0/quotas/1775217c3363441395d0263c510c1235 => generated 292 bytes in 14 msecs (HTTP/1.1 200) 4 headers in 157 bytes (1 switches on core 0) [pid: 8|app: 0|req: 682/1269] 10.0.0.11 () {34 vars in 1000 bytes} [Wed Jul 1 08:35:17 2026] GET /v2.0/ports?tenant_id=1775217c3363441395d0263c510c1235&fields=id => generated 103 bytes in 86 msecs (HTTP/1.1 200) 4 headers in 157 bytes (1 switches on core 0) [pid: 7|app: 0|req: 588/1270] 10.0.0.11 () {34 vars in 1006 bytes} [Wed Jul 1 08:35:17 2026] GET /v2.0/networks/47850286-b828-4059-99a7-6b63225f85ef?fields=segments => generated 14 bytes in 44 msecs (HTTP/1.1 200) 4 headers in 156 bytes (1 switches on core 0) [pid: 8|app: 0|req: 683/1271] 10.0.0.11 () {34 vars in 1106 bytes} [Wed Jul 1 08:35:17 2026] GET /v2.0/networks/47850286-b828-4059-99a7-6b63225f85ef?fields=provider%3Aphysical_network&fields=provider%3Anetwork_type => generated 79 bytes in 46 msecs (HTTP/1.1 200) 4 headers in 156 bytes (1 switches on core 0) [pid: 8|app: 0|req: 684/1272] 10.0.0.11 () {34 vars in 988 bytes} [Wed Jul 1 08:35:18 2026] GET /v2.0/ports?device_id=751f1089-c794-418a-9c27-8c73b271f113 => generated 12 bytes in 22 msecs (HTTP/1.1 200) 4 headers in 156 bytes (1 switches on core 0)
2026-07-01 08:35:18.291 7 INFO neutron.db.ovn_revision_numbers_db [None req-0887257e-e731-4a1a-bcae-a6f5551b3832 50284645bced4ddeb3b7eec42c9227cd 6986b482ed4b49bd9d640b013c99de99 - - default default] Successfully bumped revision number for resource ce168584-dddf-4ee5-95de-7a16bb0b8543 (type: security_groups) to 1
2026-07-01 08:35:18.311 7 INFO neutron.db.ovn_revision_numbers_db [None req-0887257e-e731-4a1a-bcae-a6f5551b3832 50284645bced4ddeb3b7eec42c9227cd 6986b482ed4b49bd9d640b013c99de99 - - default default] Successfully bumped revision number for resource 5302f1cb-a3d1-4dd9-a071-80a66f6b451d (type: security_group_rules) to 0
2026-07-01 08:35:18.325 7 INFO neutron.db.ovn_revision_numbers_db [None req-0887257e-e731-4a1a-bcae-a6f5551b3832 50284645bced4ddeb3b7eec42c9227cd 6986b482ed4b49bd9d640b013c99de99 - - default default] Successfully bumped revision number for resource 635968c5-ea05-4d68-8618-e8b6ab6af5a7 (type: security_group_rules) to 0
2026-07-01 08:35:18.339 7 INFO neutron.db.ovn_revision_numbers_db [None req-0887257e-e731-4a1a-bcae-a6f5551b3832 50284645bced4ddeb3b7eec42c9227cd 6986b482ed4b49bd9d640b013c99de99 - - default default] Successfully bumped revision number for resource 7e5a0ff0-ffe9-499c-9bca-2c683e0e27d1 (type: security_group_rules) to 0
2026-07-01 08:35:18.351 7 INFO neutron.db.ovn_revision_numbers_db [None req-0887257e-e731-4a1a-bcae-a6f5551b3832 50284645bced4ddeb3b7eec42c9227cd 6986b482ed4b49bd9d640b013c99de99 - - default default] Successfully bumped revision number for resource d0814725-b509-4419-830a-57f5780ee2fd (type: security_group_rules) to 0
2026-07-01 08:35:18.425 7 INFO neutron.db.segments_db [None req-0887257e-e731-4a1a-bcae-a6f5551b3832 50284645bced4ddeb3b7eec42c9227cd 6986b482ed4b49bd9d640b013c99de99 - - default default] Added segment cca63982-1f65-49b3-82da-372cb3fd258b of type geneve for network e74258a6-5d9c-439f-8ebd-798e59e5dffd
2026-07-01 08:35:18.527 7 INFO neutron.db.ovn_revision_numbers_db [None req-0887257e-e731-4a1a-bcae-a6f5551b3832 50284645bced4ddeb3b7eec42c9227cd 6986b482ed4b49bd9d640b013c99de99 - - default default] Successfully bumped revision number for resource e74258a6-5d9c-439f-8ebd-798e59e5dffd (type: networks) to 1
2026-07-01 08:35:18.679 7 WARNING neutron.scheduler.dhcp_agent_scheduler [None req-0887257e-e731-4a1a-bcae-a6f5551b3832 50284645bced4ddeb3b7eec42c9227cd 6986b482ed4b49bd9d640b013c99de99 - - default default] No more DHCP agents
2026-07-01 08:35:18.680 7 WARNING neutron.api.rpc.agentnotifiers.dhcp_rpc_agent_api [None req-0887257e-e731-4a1a-bcae-a6f5551b3832 50284645bced4ddeb3b7eec42c9227cd 6986b482ed4b49bd9d640b013c99de99 - - default default] Unable to schedule network e74258a6-5d9c-439f-8ebd-798e59e5dffd: no agents available; will retry on subsequent port and subnet creation events.
2026-07-01 08:35:18.725 7 INFO neutron.plugins.ml2.drivers.ovn.mech_driver.mech_driver [None req-52f45462-3487-4bc5-b22d-ff70299ed964 - - - - - -] OVN reports status down for port: 58f171a0-7fba-45ab-9b78-8fc66425a95f
2026-07-01 08:35:18.783 7 INFO neutron.db.ovn_revision_numbers_db [None req-0887257e-e731-4a1a-bcae-a6f5551b3832 50284645bced4ddeb3b7eec42c9227cd 6986b482ed4b49bd9d640b013c99de99 - - default default] Successfully bumped revision number for resource 58f171a0-7fba-45ab-9b78-8fc66425a95f (type: ports) to 1
2026-07-01 08:35:18.819 8 INFO neutron.db.ovn_revision_numbers_db [None req-ed18c2d0-6891-4be8-a4fc-577bc173b123 d6be696f6a25419cb42e19319b8a435e 7acb83ff15644ab2bc48bd78b8aa131c - - default default] Successfully bumped revision number for resource 92d1448d-d534-4827-a60f-847ae21a8729 (type: security_groups) to 1
2026-07-01 08:35:18.832 8 INFO neutron.db.ovn_revision_numbers_db [None req-ed18c2d0-6891-4be8-a4fc-577bc173b123 d6be696f6a25419cb42e19319b8a435e 7acb83ff15644ab2bc48bd78b8aa131c - - default default] Successfully bumped revision number for resource 1401415e-8df2-41bc-8f1a-ece801f032de (type: security_group_rules) to 0
2026-07-01 08:35:18.843 8 INFO neutron.db.ovn_revision_numbers_db [None req-ed18c2d0-6891-4be8-a4fc-577bc173b123 d6be696f6a25419cb42e19319b8a435e 7acb83ff15644ab2bc48bd78b8aa131c - - default default] Successfully bumped revision number for resource 2d8288a3-afa1-46cb-bb89-045eccf6c3e9 (type: security_group_rules) to 0 [pid: 7|app: 0|req: 589/1273] 10.0.0.148 () {34 vars in 669 bytes} [Wed Jul 1 08:35:18 2026] POST /v2.0/networks => generated 668 bytes in 846 msecs (HTTP/1.1 201) 4 headers in 162 bytes (1 switches on core 0)
2026-07-01 08:35:18.854 8 INFO neutron.db.ovn_revision_numbers_db [None req-ed18c2d0-6891-4be8-a4fc-577bc173b123 d6be696f6a25419cb42e19319b8a435e 7acb83ff15644ab2bc48bd78b8aa131c - - default default] Successfully bumped revision number for resource b1b3aa6d-92be-458f-b2ac-bbc688b78d25 (type: security_group_rules) to 0
2026-07-01 08:35:18.864 8 INFO neutron.db.ovn_revision_numbers_db [None req-ed18c2d0-6891-4be8-a4fc-577bc173b123 d6be696f6a25419cb42e19319b8a435e 7acb83ff15644ab2bc48bd78b8aa131c - - default default] Successfully bumped revision number for resource cdeac426-b799-4885-a3ed-ec625a8c78e2 (type: security_group_rules) to 0 [pid: 8|app: 0|req: 685/1274] 10.0.0.148 () {32 vars in 773 bytes} [Wed Jul 1 08:35:18 2026] GET /v2.0/security-groups?tenant_id=94e56b67c7c24b30a2244459cb34b65b&name=default => generated 2925 bytes in 350 msecs (HTTP/1.1 200) 4 headers in 158 bytes (1 switches on core 0)
2026-07-01 08:35:19.042 7 INFO neutron.db.ovn_revision_numbers_db [None req-b1c88540-633f-4e23-b0f1-04bcef7a0966 d6be696f6a25419cb42e19319b8a435e 7acb83ff15644ab2bc48bd78b8aa131c - - default default] Successfully bumped revision number for resource d7aa851d-b9a2-4761-83fc-6eea821231cf (type: security_groups) to 1
2026-07-01 08:35:19.052 7 INFO neutron.db.ovn_revision_numbers_db [None req-b1c88540-633f-4e23-b0f1-04bcef7a0966 d6be696f6a25419cb42e19319b8a435e 7acb83ff15644ab2bc48bd78b8aa131c - - default default] Successfully bumped revision number for resource 22f6ecce-2058-4c56-ad78-7817693bacbc (type: security_group_rules) to 0
2026-07-01 08:35:19.064 7 INFO neutron.db.ovn_revision_numbers_db [None req-b1c88540-633f-4e23-b0f1-04bcef7a0966 d6be696f6a25419cb42e19319b8a435e 7acb83ff15644ab2bc48bd78b8aa131c - - default default] Successfully bumped revision number for resource 4f76a33c-f0e9-4b3b-acc2-bdebc8e5e71b (type: security_group_rules) to 0
2026-07-01 08:35:19.074 7 INFO neutron.db.ovn_revision_numbers_db [None req-b1c88540-633f-4e23-b0f1-04bcef7a0966 d6be696f6a25419cb42e19319b8a435e 7acb83ff15644ab2bc48bd78b8aa131c - - default default] Successfully bumped revision number for resource 7dc85ccd-0dec-46ec-8396-83d5e0f2e3db (type: security_group_rules) to 0
2026-07-01 08:35:19.084 7 INFO neutron.db.ovn_revision_numbers_db [None req-b1c88540-633f-4e23-b0f1-04bcef7a0966 d6be696f6a25419cb42e19319b8a435e 7acb83ff15644ab2bc48bd78b8aa131c - - default default] Successfully bumped revision number for resource c0ede470-1e04-4a8f-b2a4-c590dff43bed (type: security_group_rules) to 0
2026-07-01 08:35:19.091 8 WARNING neutron.scheduler.dhcp_agent_scheduler [None req-e5a6a2d7-80ce-4879-abad-e0aa07865e1b 50284645bced4ddeb3b7eec42c9227cd 6986b482ed4b49bd9d640b013c99de99 - - default default] No more DHCP agents
2026-07-01 08:35:19.093 8 WARNING neutron.api.rpc.agentnotifiers.dhcp_rpc_agent_api [None req-e5a6a2d7-80ce-4879-abad-e0aa07865e1b 50284645bced4ddeb3b7eec42c9227cd 6986b482ed4b49bd9d640b013c99de99 - - default default] Unable to schedule network e74258a6-5d9c-439f-8ebd-798e59e5dffd: no agents available; will retry on subsequent port and subnet creation events.
2026-07-01 08:35:19.152 8 INFO neutron.plugins.ml2.drivers.ovn.mech_driver.mech_driver [None req-f4f7d0eb-53c4-4cf2-871b-da9a7040bddd - - - - - -] OVN reports status down for port: f895bd8e-b93e-45c0-bb55-e0c5240e2bd1
2026-07-01 08:35:19.158 7 INFO neutron.db.segments_db [None req-b1c88540-633f-4e23-b0f1-04bcef7a0966 d6be696f6a25419cb42e19319b8a435e 7acb83ff15644ab2bc48bd78b8aa131c - - default default] Added segment b1b27ee1-a6f2-4fa6-b380-5131d7514bce of type geneve for network 6de1f021-48e0-44cc-ace5-24a357419820
2026-07-01 08:35:19.223 8 INFO neutron.db.ovn_revision_numbers_db [None req-e5a6a2d7-80ce-4879-abad-e0aa07865e1b 50284645bced4ddeb3b7eec42c9227cd 6986b482ed4b49bd9d640b013c99de99 - - default default] Successfully bumped revision number for resource f895bd8e-b93e-45c0-bb55-e0c5240e2bd1 (type: ports) to 1
2026-07-01 08:35:19.301 7 INFO neutron.db.ovn_revision_numbers_db [None req-b1c88540-633f-4e23-b0f1-04bcef7a0966 d6be696f6a25419cb42e19319b8a435e 7acb83ff15644ab2bc48bd78b8aa131c - - default default] Successfully bumped revision number for resource 6de1f021-48e0-44cc-ace5-24a357419820 (type: networks) to 1 [pid: 8|app: 0|req: 686/1275] 10.0.0.148 () {34 vars in 664 bytes} [Wed Jul 1 08:35:18 2026] POST /v2.0/ports => generated 779 bytes in 417 msecs (HTTP/1.1 201) 4 headers in 162 bytes (1 switches on core 0) /var/lib/openstack/lib/python3.12/site-packages/pycadf/identifier.py:70: UserWarning: Invalid uuid: neutron. To ensure interoperability, identifiers should be a valid uuid. warnings.warn(('Invalid uuid: %s. To ensure interoperability, '
2026-07-01 08:35:19.508 7 WARNING neutron.scheduler.dhcp_agent_scheduler [None req-b1c88540-633f-4e23-b0f1-04bcef7a0966 d6be696f6a25419cb42e19319b8a435e 7acb83ff15644ab2bc48bd78b8aa131c - - default default] No more DHCP agents
2026-07-01 08:35:19.510 7 WARNING neutron.api.rpc.agentnotifiers.dhcp_rpc_agent_api [None req-b1c88540-633f-4e23-b0f1-04bcef7a0966 d6be696f6a25419cb42e19319b8a435e 7acb83ff15644ab2bc48bd78b8aa131c - - default default] Unable to schedule network 6de1f021-48e0-44cc-ace5-24a357419820: no agents available; will retry on subsequent port and subnet creation events.
2026-07-01 08:35:19.611 8 INFO neutron.plugins.ml2.drivers.ovn.mech_driver.mech_driver [None req-f4f7d0eb-53c4-4cf2-871b-da9a7040bddd - - - - - -] OVN reports status down for port: 2470d17e-ea02-4c95-a73f-d19eec9cf0f6 [pid: 8|app: 0|req: 687/1276] 10.0.0.148 () {32 vars in 739 bytes} [Wed Jul 1 08:35:19 2026] DELETE /v2.0/security-groups/92d1448d-d534-4827-a60f-847ae21a8729 => generated 0 bytes in 303 msecs (HTTP/1.1 204) 2 headers in 112 bytes (1 switches on core 0)
2026-07-01 08:35:19.628 7 INFO neutron.db.ovn_revision_numbers_db [None req-b1c88540-633f-4e23-b0f1-04bcef7a0966 d6be696f6a25419cb42e19319b8a435e 7acb83ff15644ab2bc48bd78b8aa131c - - default default] Successfully bumped revision number for resource 2470d17e-ea02-4c95-a73f-d19eec9cf0f6 (type: ports) to 1 [pid: 8|app: 0|req: 688/1277] 10.0.0.11 () {34 vars in 988 bytes} [Wed Jul 1 08:35:19 2026] GET /v2.0/ports?device_id=751f1089-c794-418a-9c27-8c73b271f113 => generated 12 bytes in 31 msecs (HTTP/1.1 200) 4 headers in 156 bytes (1 switches on core 0) [pid: 7|app: 0|req: 590/1278] 10.0.0.148 () {34 vars in 670 bytes} [Wed Jul 1 08:35:18 2026] POST /v2.0/networks => generated 766 bytes in 806 msecs (HTTP/1.1 201) 4 headers in 162 bytes (1 switches on core 0)
2026-07-01 08:35:19.771 8 INFO neutron.db.segments_db [None req-a243c3f0-f622-4b32-86b2-367179970e2a 50284645bced4ddeb3b7eec42c9227cd 6986b482ed4b49bd9d640b013c99de99 - - default default] Added segment 28d8f24f-452d-4101-b001-38f7d01b2512 of type geneve for network f33e840f-d9d1-4219-b77d-0de03d0a6f04
2026-07-01 08:35:19.801 7 WARNING neutron.scheduler.dhcp_agent_scheduler [None req-640b83e5-d068-49fb-986f-b85ab7f6d2a1 d6be696f6a25419cb42e19319b8a435e 7acb83ff15644ab2bc48bd78b8aa131c - - default default] No more DHCP agents
2026-07-01 08:35:19.803 7 WARNING neutron.api.rpc.agentnotifiers.dhcp_rpc_agent_api [None req-640b83e5-d068-49fb-986f-b85ab7f6d2a1 d6be696f6a25419cb42e19319b8a435e 7acb83ff15644ab2bc48bd78b8aa131c - - default default] Unable to schedule network 6de1f021-48e0-44cc-ace5-24a357419820: no agents available; will retry on subsequent port and subnet creation events.
2026-07-01 08:35:19.886 8 INFO neutron.db.ovn_revision_numbers_db [None req-a243c3f0-f622-4b32-86b2-367179970e2a 50284645bced4ddeb3b7eec42c9227cd 6986b482ed4b49bd9d640b013c99de99 - - default default] Successfully bumped revision number for resource f33e840f-d9d1-4219-b77d-0de03d0a6f04 (type: networks) to 1
2026-07-01 08:35:20.083 8 WARNING neutron.scheduler.dhcp_agent_scheduler [None req-a243c3f0-f622-4b32-86b2-367179970e2a 50284645bced4ddeb3b7eec42c9227cd 6986b482ed4b49bd9d640b013c99de99 - - default default] No more DHCP agents
2026-07-01 08:35:20.085 8 WARNING neutron.api.rpc.agentnotifiers.dhcp_rpc_agent_api [None req-a243c3f0-f622-4b32-86b2-367179970e2a 50284645bced4ddeb3b7eec42c9227cd 6986b482ed4b49bd9d640b013c99de99 - - default default] Unable to schedule network f33e840f-d9d1-4219-b77d-0de03d0a6f04: no agents available; will retry on subsequent port and subnet creation events.
2026-07-01 08:35:20.149 7 INFO neutron.plugins.ml2.drivers.ovn.mech_driver.mech_driver [None req-52f45462-3487-4bc5-b22d-ff70299ed964 - - - - - -] OVN reports status down for port: 3ccfd4ee-7be9-47c6-860a-9356de675ae7
2026-07-01 08:35:20.168 8 INFO neutron.db.ovn_revision_numbers_db [None req-a243c3f0-f622-4b32-86b2-367179970e2a 50284645bced4ddeb3b7eec42c9227cd 6986b482ed4b49bd9d640b013c99de99 - - default default] Successfully bumped revision number for resource 3ccfd4ee-7be9-47c6-860a-9356de675ae7 (type: ports) to 1 [pid: 8|app: 0|req: 689/1279] 10.0.0.148 () {34 vars in 669 bytes} [Wed Jul 1 08:35:19 2026] POST /v2.0/networks => generated 655 bytes in 553 msecs (HTTP/1.1 201) 4 headers in 162 bytes (1 switches on core 0)
2026-07-01 08:35:20.340 7 INFO neutron.db.ovn_revision_numbers_db [None req-cb976ac7-87ba-495e-84f6-27c95d2e97f0 - - - - - -] Successfully bumped revision number for resource 2470d17e-ea02-4c95-a73f-d19eec9cf0f6 (type: ports) to 2
2026-07-01 08:35:20.377 7 INFO neutron.db.ovn_revision_numbers_db [None req-cb976ac7-87ba-495e-84f6-27c95d2e97f0 - - - - - -] Successfully bumped revision number for resource 9e124888-e365-413f-8ad2-fc15deecf28b (type: subnets) to 0 [pid: 7|app: 0|req: 591/1280] 10.0.0.148 () {34 vars in 668 bytes} [Wed Jul 1 08:35:19 2026] POST /v2.0/subnets => generated 691 bytes in 729 msecs (HTTP/1.1 201) 4 headers in 162 bytes (1 switches on core 0)
2026-07-01 08:35:20.453 8 WARNING neutron.scheduler.dhcp_agent_scheduler [None req-4600d5b6-4a4f-4ee2-8698-0313dbf4b89c 50284645bced4ddeb3b7eec42c9227cd 6986b482ed4b49bd9d640b013c99de99 - - default default] No more DHCP agents
2026-07-01 08:35:20.454 8 WARNING neutron.api.rpc.agentnotifiers.dhcp_rpc_agent_api [None req-4600d5b6-4a4f-4ee2-8698-0313dbf4b89c 50284645bced4ddeb3b7eec42c9227cd 6986b482ed4b49bd9d640b013c99de99 - - default default] Unable to schedule network f33e840f-d9d1-4219-b77d-0de03d0a6f04: no agents available; will retry on subsequent port and subnet creation events.
2026-07-01 08:35:20.483 8 INFO neutron.db.ovn_revision_numbers_db [None req-4600d5b6-4a4f-4ee2-8698-0313dbf4b89c 50284645bced4ddeb3b7eec42c9227cd 6986b482ed4b49bd9d640b013c99de99 - - default default] Successfully bumped revision number for resource 6830dfa7-c835-4e6d-9f1d-31b2ee1cec6e (type: subnets) to 0 [pid: 8|app: 0|req: 690/1281] 10.0.0.148 () {34 vars in 668 bytes} [Wed Jul 1 08:35:20 2026] POST /v2.0/subnets => generated 646 bytes in 288 msecs (HTTP/1.1 201) 4 headers in 162 bytes (1 switches on core 0)
2026-07-01 08:35:20.783 8 WARNING neutron.scheduler.dhcp_agent_scheduler [None req-528e5671-9ff6-4956-b2b8-216979eebe9e 50284645bced4ddeb3b7eec42c9227cd 6986b482ed4b49bd9d640b013c99de99 - - default default] No more DHCP agents
2026-07-01 08:35:20.784 8 WARNING neutron.api.rpc.agentnotifiers.dhcp_rpc_agent_api [None req-528e5671-9ff6-4956-b2b8-216979eebe9e 50284645bced4ddeb3b7eec42c9227cd 6986b482ed4b49bd9d640b013c99de99 - - default default] Unable to schedule network f33e840f-d9d1-4219-b77d-0de03d0a6f04: no agents available; will retry on subsequent port and subnet creation events.
2026-07-01 08:35:20.803 7 WARNING neutron.scheduler.dhcp_agent_scheduler [None req-9fa64a99-f5c2-4bbc-b51b-39b64c49bcbf d6be696f6a25419cb42e19319b8a435e 7acb83ff15644ab2bc48bd78b8aa131c - - default default] No more DHCP agents
2026-07-01 08:35:20.805 7 WARNING neutron.api.rpc.agentnotifiers.dhcp_rpc_agent_api [None req-9fa64a99-f5c2-4bbc-b51b-39b64c49bcbf d6be696f6a25419cb42e19319b8a435e 7acb83ff15644ab2bc48bd78b8aa131c - - default default] Unable to schedule network a01a6008-eeb1-47de-941d-befba263074a: no agents available; will retry on subsequent port and subnet creation events.
2026-07-01 08:35:20.885 7 INFO neutron.plugins.ml2.drivers.ovn.mech_driver.mech_driver [None req-52f45462-3487-4bc5-b22d-ff70299ed964 - - - - - -] OVN reports status down for port: fdb73f59-6641-4c29-a49c-c1e8c9197b2a
2026-07-01 08:35:20.889 8 INFO neutron.db.ovn_revision_numbers_db [None req-528e5671-9ff6-4956-b2b8-216979eebe9e 50284645bced4ddeb3b7eec42c9227cd 6986b482ed4b49bd9d640b013c99de99 - - default default] Successfully bumped revision number for resource fdb73f59-6641-4c29-a49c-c1e8c9197b2a (type: ports) to 1 [pid: 8|app: 0|req: 691/1282] 10.0.0.148 () {34 vars in 664 bytes} [Wed Jul 1 08:35:20 2026] POST /v2.0/ports => generated 966 bytes in 409 msecs (HTTP/1.1 201) 4 headers in 162 bytes (1 switches on core 0) /var/lib/openstack/lib/python3.12/site-packages/pycadf/identifier.py:70: UserWarning: Invalid uuid: neutron. To ensure interoperability, identifiers should be a valid uuid. warnings.warn(('Invalid uuid: %s. To ensure interoperability, ' [pid: 8|app: 0|req: 692/1283] 10.0.0.11 () {34 vars in 988 bytes} [Wed Jul 1 08:35:20 2026] GET /v2.0/ports?device_id=751f1089-c794-418a-9c27-8c73b271f113 => generated 12 bytes in 18 msecs (HTTP/1.1 200) 4 headers in 156 bytes (1 switches on core 0)
2026-07-01 08:35:21.017 7 INFO neutron.plugins.ml2.drivers.ovn.mech_driver.mech_driver [None req-52f45462-3487-4bc5-b22d-ff70299ed964 - - - - - -] OVN reports status down for port: 4b5856b5-6fe7-4c54-a921-cd149bfb8591
2026-07-01 08:35:21.051 7 INFO neutron.db.ovn_revision_numbers_db [None req-9fa64a99-f5c2-4bbc-b51b-39b64c49bcbf d6be696f6a25419cb42e19319b8a435e 7acb83ff15644ab2bc48bd78b8aa131c - - default default] Successfully bumped revision number for resource 4b5856b5-6fe7-4c54-a921-cd149bfb8591 (type: ports) to 1
2026-07-01 08:35:21.074 8 INFO neutron_taas.services.taas.taas_plugin [None req-29476523-fc1b-4894-ab8e-b426800df2aa 50284645bced4ddeb3b7eec42c9227cd 6986b482ed4b49bd9d640b013c99de99 - - default default] TaaS: Handle Delete Port: fdb73f59-6641-4c29-a49c-c1e8c9197b2a
2026-07-01 08:35:21.077 8 INFO neutron_taas.services.taas.tap_mirror_plugin [None req-29476523-fc1b-4894-ab8e-b426800df2aa 50284645bced4ddeb3b7eec42c9227cd 6986b482ed4b49bd9d640b013c99de99 - - default default] Tap Mirror: Handle Delete Port: fdb73f59-6641-4c29-a49c-c1e8c9197b2a [pid: 8|app: 0|req: 693/1284] 10.0.0.148 () {32 vars in 719 bytes} [Wed Jul 1 08:35:20 2026] DELETE /v2.0/ports/fdb73f59-6641-4c29-a49c-c1e8c9197b2a => generated 0 bytes in 280 msecs (HTTP/1.1 204) 3 headers in 131 bytes (1 switches on core 0)
2026-07-01 08:35:21.232 8 INFO neutron.pecan_wsgi.hooks.translation [None req-45c08144-b62d-4de2-800d-cb9193199ee0 50284645bced4ddeb3b7eec42c9227cd 6986b482ed4b49bd9d640b013c99de99 - - default default] DELETE failed (client error): The resource could not be found. [pid: 8|app: 0|req: 694/1285] 10.0.0.148 () {32 vars in 719 bytes} [Wed Jul 1 08:35:21 2026] DELETE /v2.0/ports/fdb73f59-6641-4c29-a49c-c1e8c9197b2a => generated 132 bytes in 16 msecs (HTTP/1.1 404) 4 headers in 164 bytes (1 switches on core 0)
2026-07-01 08:35:21.256 8 INFO neutron.pecan_wsgi.hooks.translation [None req-39be8c3b-1fda-441a-8169-2234f2090750 50284645bced4ddeb3b7eec42c9227cd 6986b482ed4b49bd9d640b013c99de99 - - default default] GET failed (client error): The resource could not be found. [pid: 8|app: 0|req: 695/1286] 10.0.0.148 () {32 vars in 716 bytes} [Wed Jul 1 08:35:21 2026] GET /v2.0/ports/fdb73f59-6641-4c29-a49c-c1e8c9197b2a => generated 132 bytes in 15 msecs (HTTP/1.1 404) 4 headers in 164 bytes (1 switches on core 0) [pid: 8|app: 0|req: 696/1287] 10.0.0.148 () {32 vars in 723 bytes} [Wed Jul 1 08:35:21 2026] DELETE /v2.0/subnets/6830dfa7-c835-4e6d-9f1d-31b2ee1cec6e => generated 0 bytes in 130 msecs (HTTP/1.1 204) 3 headers in 131 bytes (1 switches on core 0)
2026-07-01 08:35:21.683 8 INFO neutron.db.ovn_revision_numbers_db [None req-f8c8e11c-b1e0-43e3-8a72-d5f32defc066 d6be696f6a25419cb42e19319b8a435e 7acb83ff15644ab2bc48bd78b8aa131c - - default default] Successfully bumped revision number for resource 51e53e00-df0a-4c4f-8a60-5e328c8a450a (type: security_groups) to 1
2026-07-01 08:35:21.695 8 INFO neutron.db.ovn_revision_numbers_db [None req-f8c8e11c-b1e0-43e3-8a72-d5f32defc066 d6be696f6a25419cb42e19319b8a435e 7acb83ff15644ab2bc48bd78b8aa131c - - default default] Successfully bumped revision number for resource 25bf3722-69e2-4beb-9f8f-586348f294bf (type: security_group_rules) to 0
2026-07-01 08:35:21.699 7 INFO neutron.plugins.ml2.drivers.ovn.mech_driver.ovsdb.commands [None req-db9c4879-bfe7-4649-92d3-39dcbe18d6ef - - - - - -] Schedule LRP lrp-4b5856b5-6fe7-4c54-a921-cd149bfb8591 on gateway 2952395a-1390-4d3a-8789-a69eb278527c with priority 1
2026-07-01 08:35:21.722 8 INFO neutron.db.ovn_revision_numbers_db [None req-f8c8e11c-b1e0-43e3-8a72-d5f32defc066 d6be696f6a25419cb42e19319b8a435e 7acb83ff15644ab2bc48bd78b8aa131c - - default default] Successfully bumped revision number for resource 315b8665-bcb5-4b5f-bac2-e3fa3a1dd4d3 (type: security_group_rules) to 0
2026-07-01 08:35:21.737 7 INFO neutron.plugins.ml2.drivers.ovn.mech_driver.ovsdb.ovsdb_monitor [None req-0e1e1ab4-dea3-45cd-9648-7a799fc4b84d - - - - - -] Router d44ac0c2-f9ac-40f0-aff7-7ba9ebbf503c is bound to host instance
2026-07-01 08:35:21.745 8 INFO neutron.db.ovn_revision_numbers_db [None req-f8c8e11c-b1e0-43e3-8a72-d5f32defc066 d6be696f6a25419cb42e19319b8a435e 7acb83ff15644ab2bc48bd78b8aa131c - - default default] Successfully bumped revision number for resource 357ac3ae-3321-413a-a50a-2bf3ca6305bf (type: security_group_rules) to 0
2026-07-01 08:35:21.757 8 INFO neutron.db.ovn_revision_numbers_db [None req-f8c8e11c-b1e0-43e3-8a72-d5f32defc066 d6be696f6a25419cb42e19319b8a435e 7acb83ff15644ab2bc48bd78b8aa131c - - default default] Successfully bumped revision number for resource 5c68448d-72ff-4420-86c7-9b13fdc4ec54 (type: security_group_rules) to 0
2026-07-01 08:35:21.768 7 INFO neutron.plugins.ml2.drivers.ovn.mech_driver.mech_driver [None req-52f45462-3487-4bc5-b22d-ff70299ed964 - - - - - -] OVN reports status up for port: 4b5856b5-6fe7-4c54-a921-cd149bfb8591
2026-07-01 08:35:21.811 7 INFO neutron.plugins.ml2.plugin [None req-52f45462-3487-4bc5-b22d-ff70299ed964 - - - - - -] Attempt 1 to provision port 4b5856b5-6fe7-4c54-a921-cd149bfb8591
2026-07-01 08:35:21.828 8 INFO neutron.db.segments_db [None req-f8c8e11c-b1e0-43e3-8a72-d5f32defc066 d6be696f6a25419cb42e19319b8a435e 7acb83ff15644ab2bc48bd78b8aa131c - - default default] Added segment 0e7767fc-ec83-4894-adbc-89a3efcd0664 of type geneve for network e7e1cce4-f314-4fb5-bd7b-6b12c09941ea
2026-07-01 08:35:21.859 7 INFO neutron.db.ovn_revision_numbers_db [None req-9fa64a99-f5c2-4bbc-b51b-39b64c49bcbf d6be696f6a25419cb42e19319b8a435e 7acb83ff15644ab2bc48bd78b8aa131c - - default default] Successfully bumped revision number for resource 4b5856b5-6fe7-4c54-a921-cd149bfb8591 (type: router_ports) to 1
2026-07-01 08:35:21.927 8 INFO neutron.db.ovn_revision_numbers_db [None req-f8c8e11c-b1e0-43e3-8a72-d5f32defc066 d6be696f6a25419cb42e19319b8a435e 7acb83ff15644ab2bc48bd78b8aa131c - - default default] Successfully bumped revision number for resource e7e1cce4-f314-4fb5-bd7b-6b12c09941ea (type: networks) to 1
2026-07-01 08:35:22.084 7 INFO neutron.db.ovn_revision_numbers_db [None req-9fa64a99-f5c2-4bbc-b51b-39b64c49bcbf d6be696f6a25419cb42e19319b8a435e 7acb83ff15644ab2bc48bd78b8aa131c - - default default] Successfully bumped revision number for resource d44ac0c2-f9ac-40f0-aff7-7ba9ebbf503c (type: routers) to 2
2026-07-01 08:35:22.088 8 WARNING neutron.scheduler.dhcp_agent_scheduler [None req-f8c8e11c-b1e0-43e3-8a72-d5f32defc066 d6be696f6a25419cb42e19319b8a435e 7acb83ff15644ab2bc48bd78b8aa131c - - default default] No more DHCP agents
2026-07-01 08:35:22.089 8 WARNING neutron.api.rpc.agentnotifiers.dhcp_rpc_agent_api [None req-f8c8e11c-b1e0-43e3-8a72-d5f32defc066 d6be696f6a25419cb42e19319b8a435e 7acb83ff15644ab2bc48bd78b8aa131c - - default default] Unable to schedule network e7e1cce4-f314-4fb5-bd7b-6b12c09941ea: no agents available; will retry on subsequent port and subnet creation events. [pid: 7|app: 0|req: 592/1288] 10.0.0.148 () {34 vars in 668 bytes} [Wed Jul 1 08:35:20 2026] POST /v2.0/routers => generated 969 bytes in 1717 msecs (HTTP/1.1 201) 4 headers in 162 bytes (1 switches on core 0)
2026-07-01 08:35:22.148 8 INFO neutron.plugins.ml2.drivers.ovn.mech_driver.mech_driver [None req-f4f7d0eb-53c4-4cf2-871b-da9a7040bddd - - - - - -] OVN reports status down for port: f86480d7-b673-470c-9782-f2e25d4a8675
2026-07-01 08:35:22.200 8 INFO neutron.db.ovn_revision_numbers_db [None req-f8c8e11c-b1e0-43e3-8a72-d5f32defc066 d6be696f6a25419cb42e19319b8a435e 7acb83ff15644ab2bc48bd78b8aa131c - - default default] Successfully bumped revision number for resource f86480d7-b673-470c-9782-f2e25d4a8675 (type: ports) to 1 [pid: 8|app: 0|req: 697/1289] 10.0.0.148 () {34 vars in 670 bytes} [Wed Jul 1 08:35:21 2026] POST /v2.0/networks => generated 762 bytes in 847 msecs (HTTP/1.1 201) 4 headers in 162 bytes (1 switches on core 0) [pid: 8|app: 0|req: 698/1290] 10.0.0.11 () {34 vars in 988 bytes} [Wed Jul 1 08:35:22 2026] GET /v2.0/ports?device_id=751f1089-c794-418a-9c27-8c73b271f113 => generated 12 bytes in 34 msecs (HTTP/1.1 200) 4 headers in 156 bytes (1 switches on core 0)
2026-07-01 08:35:22.394 7 INFO neutron_taas.services.taas.taas_plugin [None req-76c45698-7408-4108-8303-1870db5210d0 50284645bced4ddeb3b7eec42c9227cd 6986b482ed4b49bd9d640b013c99de99 - - default default] TaaS: Handle Delete Port: 3ccfd4ee-7be9-47c6-860a-9356de675ae7
2026-07-01 08:35:22.402 7 INFO neutron_taas.services.taas.tap_mirror_plugin [None req-76c45698-7408-4108-8303-1870db5210d0 50284645bced4ddeb3b7eec42c9227cd 6986b482ed4b49bd9d640b013c99de99 - - default default] Tap Mirror: Handle Delete Port: 3ccfd4ee-7be9-47c6-860a-9356de675ae7
2026-07-01 08:35:22.607 8 WARNING neutron.scheduler.dhcp_agent_scheduler [None req-a2978cba-602b-4593-a0e2-9e974fc16367 d6be696f6a25419cb42e19319b8a435e 7acb83ff15644ab2bc48bd78b8aa131c - - default default] No more DHCP agents
2026-07-01 08:35:22.608 8 WARNING neutron.api.rpc.agentnotifiers.dhcp_rpc_agent_api [None req-a2978cba-602b-4593-a0e2-9e974fc16367 d6be696f6a25419cb42e19319b8a435e 7acb83ff15644ab2bc48bd78b8aa131c - - default default] Unable to schedule network 6de1f021-48e0-44cc-ace5-24a357419820: no agents available; will retry on subsequent port and subnet creation events.
2026-07-01 08:35:22.735 7 INFO neutron.services.segments.plugin [-] Segment 28d8f24f-452d-4101-b001-38f7d01b2512 resource provider aggregate not found
2026-07-01 08:35:22.750 8 INFO neutron.db.ovn_revision_numbers_db [None req-a2978cba-602b-4593-a0e2-9e974fc16367 d6be696f6a25419cb42e19319b8a435e 7acb83ff15644ab2bc48bd78b8aa131c - - default default] Successfully bumped revision number for resource 3ac7c8f0-2811-480b-8687-e95f8febbea9 (type: ports) to 1
2026-07-01 08:35:22.760 7 INFO neutron.services.segments.plugin [-] Segment 28d8f24f-452d-4101-b001-38f7d01b2512 resource provider not found; error: Placement Client Error (4xx): {"errors": [{"status": 404, "title": "Not Found", "detail": "The resource could not be found.\n\n No resource provider with uuid 28d8f24f-452d-4101-b001-38f7d01b2512 found for delete ", "request_id": "req-b801dd9f-855e-484d-8164-5997dbc653e5"}]}
2026-07-01 08:35:22.761 7 INFO neutron.services.segments.plugin [-] Segment 28d8f24f-452d-4101-b001-38f7d01b2512 resource provider aggregate not found
2026-07-01 08:35:22.787 7 INFO neutron.services.segments.plugin [-] Segment 28d8f24f-452d-4101-b001-38f7d01b2512 resource provider not found; error: Placement Client Error (4xx): {"errors": [{"status": 404, "title": "Not Found", "detail": "The resource could not be found.\n\n No resource provider with uuid 28d8f24f-452d-4101-b001-38f7d01b2512 found for delete ", "request_id": "req-a961504b-53ef-48d7-9cee-7092e96075f4"}]} [pid: 7|app: 0|req: 593/1291] 10.0.0.148 () {32 vars in 725 bytes} [Wed Jul 1 08:35:22 2026] DELETE /v2.0/networks/f33e840f-d9d1-4219-b77d-0de03d0a6f04 => generated 0 bytes in 762 msecs (HTTP/1.1 204) 3 headers in 131 bytes (1 switches on core 0)
2026-07-01 08:35:23.112 7 WARNING neutron.scheduler.dhcp_agent_scheduler [None req-324614b9-1f86-4d3d-8b81-049a4ff0e363 d6be696f6a25419cb42e19319b8a435e 7acb83ff15644ab2bc48bd78b8aa131c - - default default] No more DHCP agents
2026-07-01 08:35:23.115 7 WARNING neutron.api.rpc.agentnotifiers.dhcp_rpc_agent_api [None req-324614b9-1f86-4d3d-8b81-049a4ff0e363 d6be696f6a25419cb42e19319b8a435e 7acb83ff15644ab2bc48bd78b8aa131c - - default default] Unable to schedule network e7e1cce4-f314-4fb5-bd7b-6b12c09941ea: no agents available; will retry on subsequent port and subnet creation events.
2026-07-01 08:35:23.260 7 INFO neutron.db.ovn_revision_numbers_db [None req-00326574-2a2e-40d3-b89e-8561c7364ead - - - - - -] Successfully bumped revision number for resource 4b5856b5-6fe7-4c54-a921-cd149bfb8591 (type: ports) to 4
2026-07-01 08:35:23.392 8 WARNING neutron.scheduler.dhcp_agent_scheduler [None req-a2978cba-602b-4593-a0e2-9e974fc16367 d6be696f6a25419cb42e19319b8a435e 7acb83ff15644ab2bc48bd78b8aa131c - - default default] No more DHCP agents
2026-07-01 08:35:23.393 8 WARNING neutron.api.rpc.agentnotifiers.dhcp_rpc_agent_api [None req-a2978cba-602b-4593-a0e2-9e974fc16367 d6be696f6a25419cb42e19319b8a435e 7acb83ff15644ab2bc48bd78b8aa131c - - default default] Unable to schedule network 6de1f021-48e0-44cc-ace5-24a357419820: no agents available; will retry on subsequent port and subnet creation events.
2026-07-01 08:35:23.831 8 INFO neutron.db.ovn_revision_numbers_db [None req-a2978cba-602b-4593-a0e2-9e974fc16367 d6be696f6a25419cb42e19319b8a435e 7acb83ff15644ab2bc48bd78b8aa131c - - default default] Successfully bumped revision number for resource 3ac7c8f0-2811-480b-8687-e95f8febbea9 (type: router_ports) to 1 [pid: 8|app: 0|req: 699/1292] 10.0.0.148 () {34 vars in 782 bytes} [Wed Jul 1 08:35:22 2026] PUT /v2.0/routers/d44ac0c2-f9ac-40f0-aff7-7ba9ebbf503c/add_router_interface => generated 309 bytes in 1560 msecs (HTTP/1.1 200) 4 headers in 157 bytes (1 switches on core 0) [pid: 8|app: 0|req: 700/1293] 199.204.45.177 () {34 vars in 985 bytes} [Wed Jul 1 08:35:23 2026] GET /v2.0/networks?id=47850286-b828-4059-99a7-6b63225f85ef => generated 717 bytes in 41 msecs (HTTP/1.1 200) 4 headers in 157 bytes (1 switches on core 0)
2026-07-01 08:35:23.980 7 INFO neutron.db.ovn_revision_numbers_db [None req-00326574-2a2e-40d3-b89e-8561c7364ead - - - - - -] Successfully bumped revision number for resource 4b5856b5-6fe7-4c54-a921-cd149bfb8591 (type: ports) to 5
2026-07-01 08:35:23.988 8 INFO neutron.db.segments_db [None req-3fc3fd08-f1ab-4c7a-b7c6-1950f4b213be 50284645bced4ddeb3b7eec42c9227cd 6986b482ed4b49bd9d640b013c99de99 - - default default] Added segment 88338f33-fc1e-404b-9736-aa4f51b2f9c4 of type geneve for network 2c018d84-13be-4d8a-a4c0-293c07b5dbf5
2026-07-01 08:35:24.091 7 INFO neutron.db.ovn_revision_numbers_db [None req-09e5e806-73aa-43b9-bade-fed30414325e - - - - - -] Successfully bumped revision number for resource f86480d7-b673-470c-9782-f2e25d4a8675 (type: ports) to 2
2026-07-01 08:35:24.115 8 INFO neutron.db.ovn_revision_numbers_db [None req-3fc3fd08-f1ab-4c7a-b7c6-1950f4b213be 50284645bced4ddeb3b7eec42c9227cd 6986b482ed4b49bd9d640b013c99de99 - - default default] Successfully bumped revision number for resource 2c018d84-13be-4d8a-a4c0-293c07b5dbf5 (type: networks) to 1
2026-07-01 08:35:24.143 7 INFO neutron.db.ovn_revision_numbers_db [None req-09e5e806-73aa-43b9-bade-fed30414325e - - - - - -] Successfully bumped revision number for resource a2b86329-88aa-4cb7-ab51-d797254f92ab (type: subnets) to 0 [pid: 7|app: 0|req: 594/1294] 10.0.0.148 () {34 vars in 668 bytes} [Wed Jul 1 08:35:22 2026] POST /v2.0/subnets => generated 687 bytes in 1279 msecs (HTTP/1.1 201) 4 headers in 162 bytes (1 switches on core 0) [pid: 7|app: 0|req: 595/1295] 10.0.0.11 () {34 vars in 988 bytes} [Wed Jul 1 08:35:24 2026] GET /v2.0/ports?device_id=751f1089-c794-418a-9c27-8c73b271f113 => generated 12 bytes in 17 msecs (HTTP/1.1 200) 4 headers in 156 bytes (1 switches on core 0) [pid: 7|app: 0|req: 596/1296] 199.204.45.177 () {34 vars in 1049 bytes} [Wed Jul 1 08:35:24 2026] GET /v2.0/security-groups?fields=id&fields=name&tenant_id=1775217c3363441395d0263c510c1235 => generated 180 bytes in 28 msecs (HTTP/1.1 200) 4 headers in 157 bytes (1 switches on core 0)
2026-07-01 08:35:24.328 8 WARNING neutron.scheduler.dhcp_agent_scheduler [None req-3fc3fd08-f1ab-4c7a-b7c6-1950f4b213be 50284645bced4ddeb3b7eec42c9227cd 6986b482ed4b49bd9d640b013c99de99 - - default default] No more DHCP agents
2026-07-01 08:35:24.329 8 WARNING neutron.api.rpc.agentnotifiers.dhcp_rpc_agent_api [None req-3fc3fd08-f1ab-4c7a-b7c6-1950f4b213be 50284645bced4ddeb3b7eec42c9227cd 6986b482ed4b49bd9d640b013c99de99 - - default default] Unable to schedule network 2c018d84-13be-4d8a-a4c0-293c07b5dbf5: no agents available; will retry on subsequent port and subnet creation events.
2026-07-01 08:35:24.387 8 INFO neutron.plugins.ml2.drivers.ovn.mech_driver.mech_driver [None req-f4f7d0eb-53c4-4cf2-871b-da9a7040bddd - - - - - -] OVN reports status down for port: a7989b49-b65f-44d1-8170-9fa7eb04e007
2026-07-01 08:35:24.404 7 INFO neutron.plugins.ml2.drivers.ovn.mech_driver.mech_driver [None req-52f45462-3487-4bc5-b22d-ff70299ed964 - - - - - -] OVN reports status down for port: 3ac7c8f0-2811-480b-8687-e95f8febbea9
2026-07-01 08:35:24.446 8 INFO neutron.db.ovn_revision_numbers_db [None req-3fc3fd08-f1ab-4c7a-b7c6-1950f4b213be 50284645bced4ddeb3b7eec42c9227cd 6986b482ed4b49bd9d640b013c99de99 - - default default] Successfully bumped revision number for resource a7989b49-b65f-44d1-8170-9fa7eb04e007 (type: ports) to 1 [pid: 8|app: 0|req: 701/1297] 10.0.0.148 () {34 vars in 669 bytes} [Wed Jul 1 08:35:23 2026] POST /v2.0/networks => generated 654 bytes in 621 msecs (HTTP/1.1 201) 4 headers in 162 bytes (1 switches on core 0)
2026-07-01 08:35:24.541 7 WARNING neutron.plugins.ml2.drivers.ovn.mech_driver.ovsdb.ovn_client [None req-52f45462-3487-4bc5-b22d-ff70299ed964 - - - - - -] Logical_Switch_Port %s host information not removed, the port state is up
2026-07-01 08:35:24.542 7 INFO neutron.plugins.ml2.drivers.ovn.mech_driver.mech_driver [None req-52f45462-3487-4bc5-b22d-ff70299ed964 - - - - - -] OVN reports status up for port: 3ac7c8f0-2811-480b-8687-e95f8febbea9
2026-07-01 08:35:24.561 7 INFO neutron.plugins.ml2.plugin [None req-52f45462-3487-4bc5-b22d-ff70299ed964 - - - - - -] Attempt 1 to provision port 3ac7c8f0-2811-480b-8687-e95f8febbea9
2026-07-01 08:35:24.779 8 WARNING neutron.scheduler.dhcp_agent_scheduler [req-f195518e-7e10-420a-8847-0d73058db9a5 req-3ac61ca4-3a1e-4211-8532-fa6cdd3d2e33 9c296cf2e2c74cc2af9d68c5f23e88bf 1775217c3363441395d0263c510c1235 - - default default] No more DHCP agents
2026-07-01 08:35:24.780 8 WARNING neutron.api.rpc.agentnotifiers.dhcp_rpc_agent_api [req-f195518e-7e10-420a-8847-0d73058db9a5 req-3ac61ca4-3a1e-4211-8532-fa6cdd3d2e33 9c296cf2e2c74cc2af9d68c5f23e88bf 1775217c3363441395d0263c510c1235 - - default default] Unable to schedule network 47850286-b828-4059-99a7-6b63225f85ef: no agents available; will retry on subsequent port and subnet creation events.
2026-07-01 08:35:24.814 7 WARNING neutron.scheduler.dhcp_agent_scheduler [None req-2d670289-2725-4ae9-89f4-4909d483a6ea d6be696f6a25419cb42e19319b8a435e 7acb83ff15644ab2bc48bd78b8aa131c - - default default] No more DHCP agents
2026-07-01 08:35:24.818 7 WARNING neutron.api.rpc.agentnotifiers.dhcp_rpc_agent_api [None req-2d670289-2725-4ae9-89f4-4909d483a6ea d6be696f6a25419cb42e19319b8a435e 7acb83ff15644ab2bc48bd78b8aa131c - - default default] Unable to schedule network a01a6008-eeb1-47de-941d-befba263074a: no agents available; will retry on subsequent port and subnet creation events.
