2026-07-01 08:36:48.252 8 INFO neutron.db.ovn_revision_numbers_db [None req-3bd991f5-bf22-442f-8adc-82ca8684793a 3224e3841e9546b09b90aad763e62f27 3aa8c57a219f48f7a093dee90f6abd56 - - default default] Successfully bumped revision number for resource d699b719-e91a-411c-9416-82b61426c22f (type: security_group_rules) to 0
2026-07-01 08:36:48.339 8 INFO neutron.db.segments_db [None req-3bd991f5-bf22-442f-8adc-82ca8684793a 3224e3841e9546b09b90aad763e62f27 3aa8c57a219f48f7a093dee90f6abd56 - - default default] Added segment e859b041-207e-4898-8255-4a52f019be92 of type geneve for network b8428ca3-91b8-494f-b99f-1b870debee83
2026-07-01 08:36:48.432 7 INFO neutron.plugins.ml2.drivers.ovn.mech_driver.mech_driver [None req-8e1b8976-89b6-4787-a359-d3f6b8fd8108 - - - - - -] OVN reports status down for port: e9f95767-0af3-4016-af09-4219c77d112b
2026-07-01 08:36:48.457 8 INFO neutron.db.ovn_revision_numbers_db [None req-3bd991f5-bf22-442f-8adc-82ca8684793a 3224e3841e9546b09b90aad763e62f27 3aa8c57a219f48f7a093dee90f6abd56 - - default default] Successfully bumped revision number for resource b8428ca3-91b8-494f-b99f-1b870debee83 (type: networks) to 1
2026-07-01 08:36:48.639 8 WARNING neutron.scheduler.dhcp_agent_scheduler [None req-3bd991f5-bf22-442f-8adc-82ca8684793a 3224e3841e9546b09b90aad763e62f27 3aa8c57a219f48f7a093dee90f6abd56 - - default default] No more DHCP agents
2026-07-01 08:36:48.640 8 WARNING neutron.api.rpc.agentnotifiers.dhcp_rpc_agent_api [None req-3bd991f5-bf22-442f-8adc-82ca8684793a 3224e3841e9546b09b90aad763e62f27 3aa8c57a219f48f7a093dee90f6abd56 - - default default] Unable to schedule network b8428ca3-91b8-494f-b99f-1b870debee83: no agents available; will retry on subsequent port and subnet creation events.
2026-07-01 08:36:48.653 7 INFO neutron.db.ovn_revision_numbers_db [None req-5c059b74-c4e1-4407-9353-77f1ad69d907 - - - - - -] Successfully bumped revision number for resource 5561dd8f-ea19-483e-90d9-c447d2e4a25d (type: ports) to 5
2026-07-01 08:36:48.713 8 INFO neutron.db.ovn_revision_numbers_db [None req-3bd991f5-bf22-442f-8adc-82ca8684793a 3224e3841e9546b09b90aad763e62f27 3aa8c57a219f48f7a093dee90f6abd56 - - default default] Successfully bumped revision number for resource 5ace003e-347c-4d34-a712-25acf961cca1 (type: ports) to 1 [pid: 8|app: 0|req: 1030/1893] 10.0.0.148 () {34 vars in 669 bytes} [Wed Jul 1 08:36:48 2026] POST /v2.0/networks => generated 649 bytes in 724 msecs (HTTP/1.1 201) 4 headers in 162 bytes (1 switches on core 0)
2026-07-01 08:36:48.748 7 INFO neutron.notifiers.nova [-] Nova event matching ['req-117a010b-0647-4797-9dd2-ab5861b62715'] response: {'server_uuid': '267ca936-ab27-4d05-8393-e244d86af15d', 'name': 'network-vif-unplugged', 'status': 'completed', 'tag': 'e9f95767-0af3-4016-af09-4219c77d112b', 'code': 200} [pid: 8|app: 0|req: 1031/1894] 10.0.0.148 () {32 vars in 739 bytes} [Wed Jul 1 08:36:48 2026] DELETE /v2.0/security-groups/dfa178fb-ac6b-45f8-aef1-ff229f426d30 => generated 0 bytes in 176 msecs (HTTP/1.1 204) 2 headers in 112 bytes (1 switches on core 0) [pid: 8|app: 0|req: 1032/1895] 10.0.0.11 () {34 vars in 988 bytes} [Wed Jul 1 08:36:48 2026] GET /v2.0/ports?device_id=267ca936-ab27-4d05-8393-e244d86af15d => generated 973 bytes in 80 msecs (HTTP/1.1 200) 4 headers in 157 bytes (1 switches on core 0)
2026-07-01 08:36:49.034 7 INFO neutron.db.ovn_revision_numbers_db [None req-8e1b8976-89b6-4787-a359-d3f6b8fd8108 - - - - - -] Successfully bumped revision number for resource e9f95767-0af3-4016-af09-4219c77d112b (type: ports) to 6
2026-07-01 08:36:49.073 8 INFO neutron.db.segments_db [None req-536e6649-7828-44b9-9e00-1c83276c373b 3224e3841e9546b09b90aad763e62f27 3aa8c57a219f48f7a093dee90f6abd56 - - default default] Added segment a263402a-56fe-43f4-8895-1ac0bd213219 of type geneve for network 5dce6567-8870-4cec-a14d-0b4c6207969d
2026-07-01 08:36:49.185 7 INFO neutron.plugins.ml2.drivers.ovn.mech_driver.mech_driver [None req-12875e94-f0c8-49c1-8421-f9a604c9bdfb - - - - - -] OVN reports status up for port: f14d9a5b-8c4d-4477-8b00-d5636c668ef3
2026-07-01 08:36:49.195 8 INFO neutron.plugins.ml2.drivers.ovn.mech_driver.mech_driver [None req-617a4960-83f8-42d8-8a01-f0410d5ee622 - - - - - -] OVN reports status down for port: 5ace003e-347c-4d34-a712-25acf961cca1
2026-07-01 08:36:49.227 7 INFO neutron.plugins.ml2.plugin [None req-12875e94-f0c8-49c1-8421-f9a604c9bdfb - - - - - -] Attempt 1 to provision port f14d9a5b-8c4d-4477-8b00-d5636c668ef3
2026-07-01 08:36:49.277 8 INFO neutron.db.ovn_revision_numbers_db [None req-536e6649-7828-44b9-9e00-1c83276c373b 3224e3841e9546b09b90aad763e62f27 3aa8c57a219f48f7a093dee90f6abd56 - - default default] Successfully bumped revision number for resource 5dce6567-8870-4cec-a14d-0b4c6207969d (type: networks) to 1
2026-07-01 08:36:49.376 7 WARNING neutron.scheduler.dhcp_agent_scheduler [None req-ede51916-8d86-4e58-abad-46dbf01c24eb 2b5020367f6c447192fbacd2289c51b3 b7bdc7cea7b546689318e84eee481c09 - - default default] No more DHCP agents
2026-07-01 08:36:49.382 7 WARNING neutron.api.rpc.agentnotifiers.dhcp_rpc_agent_api [None req-ede51916-8d86-4e58-abad-46dbf01c24eb 2b5020367f6c447192fbacd2289c51b3 b7bdc7cea7b546689318e84eee481c09 - - default default] Unable to schedule network f6a65f7d-db7c-49e7-9b4c-5d54c2563a68: no agents available; will retry on subsequent port and subnet creation events.
2026-07-01 08:36:49.451 8 WARNING neutron.scheduler.dhcp_agent_scheduler [None req-536e6649-7828-44b9-9e00-1c83276c373b 3224e3841e9546b09b90aad763e62f27 3aa8c57a219f48f7a093dee90f6abd56 - - default default] No more DHCP agents
2026-07-01 08:36:49.453 8 WARNING neutron.api.rpc.agentnotifiers.dhcp_rpc_agent_api [None req-536e6649-7828-44b9-9e00-1c83276c373b 3224e3841e9546b09b90aad763e62f27 3aa8c57a219f48f7a093dee90f6abd56 - - default default] Unable to schedule network 5dce6567-8870-4cec-a14d-0b4c6207969d: no agents available; will retry on subsequent port and subnet creation events.
2026-07-01 08:36:49.503 8 INFO neutron.plugins.ml2.drivers.ovn.mech_driver.mech_driver [None req-617a4960-83f8-42d8-8a01-f0410d5ee622 - - - - - -] OVN reports status down for port: 67666cf6-0085-4c76-a751-80d028cf72cd
2026-07-01 08:36:49.560 8 INFO neutron.db.ovn_revision_numbers_db [None req-536e6649-7828-44b9-9e00-1c83276c373b 3224e3841e9546b09b90aad763e62f27 3aa8c57a219f48f7a093dee90f6abd56 - - default default] Successfully bumped revision number for resource 67666cf6-0085-4c76-a751-80d028cf72cd (type: ports) to 1 [pid: 8|app: 0|req: 1033/1896] 10.0.0.148 () {34 vars in 669 bytes} [Wed Jul 1 08:36:48 2026] POST /v2.0/networks => generated 648 bytes in 616 msecs (HTTP/1.1 201) 4 headers in 162 bytes (1 switches on core 0)
2026-07-01 08:36:49.714 8 INFO neutron.db.ovn_revision_numbers_db [None req-ee572284-4e0e-44c5-9f2e-25805f8c2bbd d6be696f6a25419cb42e19319b8a435e 7acb83ff15644ab2bc48bd78b8aa131c - - default default] Successfully bumped revision number for resource 64b9e01e-aa73-4488-81e1-648fd0dfee96 (type: security_groups) to 1
2026-07-01 08:36:49.725 8 INFO neutron.db.ovn_revision_numbers_db [None req-ee572284-4e0e-44c5-9f2e-25805f8c2bbd d6be696f6a25419cb42e19319b8a435e 7acb83ff15644ab2bc48bd78b8aa131c - - default default] Successfully bumped revision number for resource 4a1f2def-fea8-487e-9242-96f16b0c8dc9 (type: security_group_rules) to 0
2026-07-01 08:36:49.738 8 INFO neutron.db.ovn_revision_numbers_db [None req-ee572284-4e0e-44c5-9f2e-25805f8c2bbd d6be696f6a25419cb42e19319b8a435e 7acb83ff15644ab2bc48bd78b8aa131c - - default default] Successfully bumped revision number for resource 983fc2f3-c296-4a0e-87ea-deb910f842a1 (type: security_group_rules) to 0
2026-07-01 08:36:49.748 8 INFO neutron.db.ovn_revision_numbers_db [None req-ee572284-4e0e-44c5-9f2e-25805f8c2bbd d6be696f6a25419cb42e19319b8a435e 7acb83ff15644ab2bc48bd78b8aa131c - - default default] Successfully bumped revision number for resource e5496f46-2574-4cd4-a809-a3921eedb8ad (type: security_group_rules) to 0
2026-07-01 08:36:49.758 8 INFO neutron.db.ovn_revision_numbers_db [None req-ee572284-4e0e-44c5-9f2e-25805f8c2bbd d6be696f6a25419cb42e19319b8a435e 7acb83ff15644ab2bc48bd78b8aa131c - - default default] Successfully bumped revision number for resource e62aae36-e31b-497f-992f-51939b50e2cd (type: security_group_rules) to 0 [pid: 8|app: 0|req: 1034/1897] 10.0.0.148 () {32 vars in 773 bytes} [Wed Jul 1 08:36:49 2026] GET /v2.0/security-groups?tenant_id=38595ee95b9343bca6611968b15cac4b&name=default => generated 2925 bytes in 181 msecs (HTTP/1.1 200) 4 headers in 158 bytes (1 switches on core 0) [pid: 8|app: 0|req: 1035/1898] 10.0.0.11 () {34 vars in 1038 bytes} [Wed Jul 1 08:36:49 2026] GET /v2.0/security-groups?id=8a8f655d-3529-40c3-92e2-f2fd2addbba2&fields=id&fields=name => generated 88 bytes in 30 msecs (HTTP/1.1 200) 4 headers in 156 bytes (1 switches on core 0) [pid: 8|app: 0|req: 1036/1899] 199.204.45.177 () {34 vars in 993 bytes} [Wed Jul 1 08:36:49 2026] GET /v2.0/ports?device_id=267ca936-ab27-4d05-8393-e244d86af15d => generated 973 bytes in 41 msecs (HTTP/1.1 200) 4 headers in 157 bytes (1 switches on core 0)
2026-07-01 08:36:49.896 7 INFO neutron.db.ovn_revision_numbers_db [None req-12875e94-f0c8-49c1-8421-f9a604c9bdfb - - - - - -] Successfully bumped revision number for resource f14d9a5b-8c4d-4477-8b00-d5636c668ef3 (type: ports) to 2
2026-07-01 08:36:50.029 7 INFO neutron.db.ovn_revision_numbers_db [None req-ede51916-8d86-4e58-abad-46dbf01c24eb 2b5020367f6c447192fbacd2289c51b3 b7bdc7cea7b546689318e84eee481c09 - - default default] Successfully bumped revision number for resource f14d9a5b-8c4d-4477-8b00-d5636c668ef3 (type: router_ports) to 1 [pid: 7|app: 0|req: 864/1900] 10.0.0.148 () {34 vars in 782 bytes} [Wed Jul 1 08:36:46 2026] PUT /v2.0/routers/ff179cc0-5b4b-4d7d-8262-379ec9b6e5bd/add_router_interface => generated 309 bytes in 3643 msecs (HTTP/1.1 200) 4 headers in 157 bytes (1 switches on core 0)
2026-07-01 08:36:50.036 8 WARNING neutron.scheduler.dhcp_agent_scheduler [None req-38180adb-51d6-47cd-b481-7eac899cb7ee 3224e3841e9546b09b90aad763e62f27 3aa8c57a219f48f7a093dee90f6abd56 - - default default] No more DHCP agents
2026-07-01 08:36:50.037 8 WARNING neutron.api.rpc.agentnotifiers.dhcp_rpc_agent_api [None req-38180adb-51d6-47cd-b481-7eac899cb7ee 3224e3841e9546b09b90aad763e62f27 3aa8c57a219f48f7a093dee90f6abd56 - - default default] Unable to schedule network b8428ca3-91b8-494f-b99f-1b870debee83: no agents available; will retry on subsequent port and subnet creation events. /var/lib/openstack/lib/python3.12/site-packages/pycadf/identifier.py:70: UserWarning: Invalid uuid: neutron. To ensure interoperability, identifiers should be a valid uuid. warnings.warn(('Invalid uuid: %s. To ensure interoperability, ' [pid: 7|app: 0|req: 865/1901] 10.0.0.148 () {32 vars in 739 bytes} [Wed Jul 1 08:36:50 2026] DELETE /v2.0/security-groups/64b9e01e-aa73-4488-81e1-648fd0dfee96 => generated 0 bytes in 268 msecs (HTTP/1.1 204) 2 headers in 112 bytes (1 switches on core 0)
2026-07-01 08:36:50.431 7 INFO neutron_taas.services.taas.taas_plugin [req-34f85f0e-59fb-42f0-bdfa-d4c10b65a481 req-a2bbfee3-e65a-4518-9514-4f83415bf22e f42056208827490cbd4df45d9b1b4b0f dda6ef83864c478d9b4fd378c37ec619 - - default default] TaaS: Handle Delete Port: e9f95767-0af3-4016-af09-4219c77d112b
2026-07-01 08:36:50.434 7 INFO neutron_taas.services.taas.tap_mirror_plugin [req-34f85f0e-59fb-42f0-bdfa-d4c10b65a481 req-a2bbfee3-e65a-4518-9514-4f83415bf22e f42056208827490cbd4df45d9b1b4b0f dda6ef83864c478d9b4fd378c37ec619 - - default default] Tap Mirror: Handle Delete Port: e9f95767-0af3-4016-af09-4219c77d112b
2026-07-01 08:36:50.487 8 INFO neutron.db.ovn_revision_numbers_db [None req-8f17a55e-827d-4bfa-ae19-960315eb8273 - - - - - -] Successfully bumped revision number for resource 5ace003e-347c-4d34-a712-25acf961cca1 (type: ports) to 2
2026-07-01 08:36:50.518 8 INFO neutron.db.ovn_revision_numbers_db [None req-8f17a55e-827d-4bfa-ae19-960315eb8273 - - - - - -] Successfully bumped revision number for resource 884a890f-d528-4e4a-b545-1e30112b128c (type: subnets) to 0 [pid: 8|app: 0|req: 1037/1902] 10.0.0.148 () {34 vars in 668 bytes} [Wed Jul 1 08:36:49 2026] POST /v2.0/subnets => generated 626 bytes in 683 msecs (HTTP/1.1 201) 4 headers in 162 bytes (1 switches on core 0) [pid: 7|app: 0|req: 866/1903] 199.204.45.177 () {36 vars in 996 bytes} [Wed Jul 1 08:36:50 2026] DELETE /v2.0/ports/e9f95767-0af3-4016-af09-4219c77d112b => generated 0 bytes in 256 msecs (HTTP/1.1 204) 3 headers in 131 bytes (1 switches on core 0)
2026-07-01 08:36:50.740 7 WARNING neutron.scheduler.dhcp_agent_scheduler [None req-a62d202e-3a43-436a-a32b-2a87272a9389 3224e3841e9546b09b90aad763e62f27 3aa8c57a219f48f7a093dee90f6abd56 - - default default] No more DHCP agents
2026-07-01 08:36:50.742 7 WARNING neutron.api.rpc.agentnotifiers.dhcp_rpc_agent_api [None req-a62d202e-3a43-436a-a32b-2a87272a9389 3224e3841e9546b09b90aad763e62f27 3aa8c57a219f48f7a093dee90f6abd56 - - default default] Unable to schedule network 5dce6567-8870-4cec-a14d-0b4c6207969d: no agents available; will retry on subsequent port and subnet creation events.
2026-07-01 08:36:50.801 7 INFO neutron.notifiers.nova [-] Nova event matching ['req-48779739-9c1b-49d0-b128-8f9a410a5279'] response: {'server_uuid': '267ca936-ab27-4d05-8393-e244d86af15d', 'name': 'network-vif-unplugged', 'status': 'completed', 'tag': 'e9f95767-0af3-4016-af09-4219c77d112b', 'code': 200}
2026-07-01 08:36:50.801 7 INFO neutron.notifiers.nova [-] Nova event matching ['req-48779739-9c1b-49d0-b128-8f9a410a5279'] response: {'server_uuid': '267ca936-ab27-4d05-8393-e244d86af15d', 'name': 'network-vif-deleted', 'tag': 'e9f95767-0af3-4016-af09-4219c77d112b', 'status': 'completed', 'code': 200}
2026-07-01 08:36:51.032 8 WARNING neutron.scheduler.dhcp_agent_scheduler [None req-cc2364fa-7dcd-4ea1-8976-3761746f9038 2b5020367f6c447192fbacd2289c51b3 b7bdc7cea7b546689318e84eee481c09 - - default default] No more DHCP agents
2026-07-01 08:36:51.033 8 WARNING neutron.api.rpc.agentnotifiers.dhcp_rpc_agent_api [None req-cc2364fa-7dcd-4ea1-8976-3761746f9038 2b5020367f6c447192fbacd2289c51b3 b7bdc7cea7b546689318e84eee481c09 - - default default] Unable to schedule network 5b563526-e12a-4451-a2bc-a1409eff6bc6: no agents available; will retry on subsequent port and subnet creation events.
2026-07-01 08:36:51.174 7 INFO neutron.db.ovn_revision_numbers_db [None req-cdcb3091-f4fc-4816-a5aa-055eba26d7dd - - - - - -] Successfully bumped revision number for resource 67666cf6-0085-4c76-a751-80d028cf72cd (type: ports) to 2
2026-07-01 08:36:51.183 8 INFO neutron.db.ovn_revision_numbers_db [None req-cc2364fa-7dcd-4ea1-8976-3761746f9038 2b5020367f6c447192fbacd2289c51b3 b7bdc7cea7b546689318e84eee481c09 - - default default] Successfully bumped revision number for resource 181b1d3e-28aa-4956-991f-272a9387d80e (type: ports) to 1
2026-07-01 08:36:51.221 7 INFO neutron.db.ovn_revision_numbers_db [None req-cdcb3091-f4fc-4816-a5aa-055eba26d7dd - - - - - -] Successfully bumped revision number for resource c4170048-00fe-4fd2-b149-5918235227a9 (type: subnets) to 0 [pid: 7|app: 0|req: 867/1904] 10.0.0.148 () {34 vars in 668 bytes} [Wed Jul 1 08:36:50 2026] POST /v2.0/subnets => generated 626 bytes in 682 msecs (HTTP/1.1 201) 4 headers in 162 bytes (1 switches on core 0) [pid: 7|app: 0|req: 868/1905] 10.0.0.11 () {34 vars in 988 bytes} [Wed Jul 1 08:36:51 2026] GET /v2.0/ports?device_id=267ca936-ab27-4d05-8393-e244d86af15d => generated 12 bytes in 24 msecs (HTTP/1.1 200) 4 headers in 156 bytes (1 switches on core 0)
2026-07-01 08:36:51.388 7 INFO neutron.db.ovn_revision_numbers_db [None req-7b174e48-fe23-4e6a-ad24-02e41db0e082 3224e3841e9546b09b90aad763e62f27 3aa8c57a219f48f7a093dee90f6abd56 - - default default] Successfully bumped revision number for resource 04b6eb7f-a9a8-4a57-8291-1767a2195d93 (type: routers) to 1 [pid: 7|app: 0|req: 869/1906] 10.0.0.148 () {34 vars in 668 bytes} [Wed Jul 1 08:36:51 2026] POST /v2.0/routers => generated 603 bytes in 137 msecs (HTTP/1.1 201) 4 headers in 162 bytes (1 switches on core 0)
2026-07-01 08:36:51.757 7 WARNING neutron.scheduler.dhcp_agent_scheduler [None req-08f0fb04-93ee-413b-a213-db511f7cf817 3224e3841e9546b09b90aad763e62f27 3aa8c57a219f48f7a093dee90f6abd56 - - default default] No more DHCP agents
2026-07-01 08:36:51.759 7 WARNING neutron.api.rpc.agentnotifiers.dhcp_rpc_agent_api [None req-08f0fb04-93ee-413b-a213-db511f7cf817 3224e3841e9546b09b90aad763e62f27 3aa8c57a219f48f7a093dee90f6abd56 - - default default] Unable to schedule network b8428ca3-91b8-494f-b99f-1b870debee83: no agents available; will retry on subsequent port and subnet creation events.
2026-07-01 08:36:51.900 7 INFO neutron.db.ovn_revision_numbers_db [None req-08f0fb04-93ee-413b-a213-db511f7cf817 3224e3841e9546b09b90aad763e62f27 3aa8c57a219f48f7a093dee90f6abd56 - - default default] Successfully bumped revision number for resource 62fc442b-0b7e-41f8-b776-33117313ca1c (type: ports) to 1
2026-07-01 08:36:51.909 8 INFO neutron.plugins.ml2.drivers.ovn.mech_driver.mech_driver [None req-617a4960-83f8-42d8-8a01-f0410d5ee622 - - - - - -] OVN reports status down for port: 62fc442b-0b7e-41f8-b776-33117313ca1c
2026-07-01 08:36:52.097 8 WARNING neutron.scheduler.dhcp_agent_scheduler [None req-cc2364fa-7dcd-4ea1-8976-3761746f9038 2b5020367f6c447192fbacd2289c51b3 b7bdc7cea7b546689318e84eee481c09 - - default default] No more DHCP agents
2026-07-01 08:36:52.099 8 WARNING neutron.api.rpc.agentnotifiers.dhcp_rpc_agent_api [None req-cc2364fa-7dcd-4ea1-8976-3761746f9038 2b5020367f6c447192fbacd2289c51b3 b7bdc7cea7b546689318e84eee481c09 - - default default] Unable to schedule network 5b563526-e12a-4451-a2bc-a1409eff6bc6: no agents available; will retry on subsequent port and subnet creation events.
2026-07-01 08:36:52.435 8 INFO neutron.db.ovn_revision_numbers_db [None req-cc2364fa-7dcd-4ea1-8976-3761746f9038 2b5020367f6c447192fbacd2289c51b3 b7bdc7cea7b546689318e84eee481c09 - - default default] Successfully bumped revision number for resource 181b1d3e-28aa-4956-991f-272a9387d80e (type: router_ports) to 1 [pid: 8|app: 0|req: 1038/1907] 10.0.0.148 () {34 vars in 782 bytes} [Wed Jul 1 08:36:50 2026] PUT /v2.0/routers/ff179cc0-5b4b-4d7d-8262-379ec9b6e5bd/add_router_interface => generated 309 bytes in 1896 msecs (HTTP/1.1 200) 4 headers in 157 bytes (1 switches on core 0) [pid: 8|app: 0|req: 1039/1908] 10.0.0.11 () {34 vars in 988 bytes} [Wed Jul 1 08:36:52 2026] GET /v2.0/ports?device_id=267ca936-ab27-4d05-8393-e244d86af15d => generated 12 bytes in 27 msecs (HTTP/1.1 200) 4 headers in 156 bytes (1 switches on core 0)
2026-07-01 08:36:52.605 8 INFO neutron.plugins.ml2.drivers.ovn.mech_driver.mech_driver [None req-617a4960-83f8-42d8-8a01-f0410d5ee622 - - - - - -] OVN reports status up for port: 62fc442b-0b7e-41f8-b776-33117313ca1c
2026-07-01 08:36:52.625 8 INFO neutron.plugins.ml2.plugin [None req-617a4960-83f8-42d8-8a01-f0410d5ee622 - - - - - -] Attempt 1 to provision port 62fc442b-0b7e-41f8-b776-33117313ca1c
2026-07-01 08:36:52.656 7 WARNING neutron.scheduler.dhcp_agent_scheduler [None req-08f0fb04-93ee-413b-a213-db511f7cf817 3224e3841e9546b09b90aad763e62f27 3aa8c57a219f48f7a093dee90f6abd56 - - default default] No more DHCP agents
2026-07-01 08:36:52.659 7 WARNING neutron.api.rpc.agentnotifiers.dhcp_rpc_agent_api [None req-08f0fb04-93ee-413b-a213-db511f7cf817 3224e3841e9546b09b90aad763e62f27 3aa8c57a219f48f7a093dee90f6abd56 - - default default] Unable to schedule network b8428ca3-91b8-494f-b99f-1b870debee83: no agents available; will retry on subsequent port and subnet creation events.
2026-07-01 08:36:52.871 7 INFO neutron.db.ovn_revision_numbers_db [None req-08f0fb04-93ee-413b-a213-db511f7cf817 3224e3841e9546b09b90aad763e62f27 3aa8c57a219f48f7a093dee90f6abd56 - - default default] Successfully bumped revision number for resource 62fc442b-0b7e-41f8-b776-33117313ca1c (type: router_ports) to 1 [pid: 7|app: 0|req: 870/1909] 10.0.0.148 () {34 vars in 782 bytes} [Wed Jul 1 08:36:51 2026] PUT /v2.0/routers/04b6eb7f-a9a8-4a57-8291-1767a2195d93/add_router_interface => generated 309 bytes in 1468 msecs (HTTP/1.1 200) 4 headers in 157 bytes (1 switches on core 0) [pid: 7|app: 0|req: 871/1910] 10.0.0.148 () {32 vars in 716 bytes} [Wed Jul 1 08:36:52 2026] GET /v2.0/ports/62fc442b-0b7e-41f8-b776-33117313ca1c => generated 941 bytes in 77 msecs (HTTP/1.1 200) 4 headers in 157 bytes (1 switches on core 0)
2026-07-01 08:36:53.394 8 INFO neutron.db.ovn_revision_numbers_db [None req-617a4960-83f8-42d8-8a01-f0410d5ee622 - - - - - -] Successfully bumped revision number for resource 62fc442b-0b7e-41f8-b776-33117313ca1c (type: ports) to 2
2026-07-01 08:36:53.450 7 WARNING neutron.scheduler.dhcp_agent_scheduler [None req-ac04a8cb-e7f2-463d-9475-47f722a27c28 3224e3841e9546b09b90aad763e62f27 3aa8c57a219f48f7a093dee90f6abd56 - - default default] No more DHCP agents
2026-07-01 08:36:53.451 7 WARNING neutron.api.rpc.agentnotifiers.dhcp_rpc_agent_api [None req-ac04a8cb-e7f2-463d-9475-47f722a27c28 3224e3841e9546b09b90aad763e62f27 3aa8c57a219f48f7a093dee90f6abd56 - - default default] Unable to schedule network 5dce6567-8870-4cec-a14d-0b4c6207969d: no agents available; will retry on subsequent port and subnet creation events.
2026-07-01 08:36:53.479 8 WARNING neutron.scheduler.dhcp_agent_scheduler [None req-72ca2942-08e3-4471-99d6-98502249bb02 2b5020367f6c447192fbacd2289c51b3 b7bdc7cea7b546689318e84eee481c09 - - default default] No more DHCP agents
2026-07-01 08:36:53.481 8 WARNING neutron.api.rpc.agentnotifiers.dhcp_rpc_agent_api [None req-72ca2942-08e3-4471-99d6-98502249bb02 2b5020367f6c447192fbacd2289c51b3 b7bdc7cea7b546689318e84eee481c09 - - default default] Unable to schedule network b3baf578-f184-44ec-9806-3d7cf6a85195: no agents available; will retry on subsequent port and subnet creation events.
2026-07-01 08:36:53.590 7 INFO neutron.db.ovn_revision_numbers_db [None req-ac04a8cb-e7f2-463d-9475-47f722a27c28 3224e3841e9546b09b90aad763e62f27 3aa8c57a219f48f7a093dee90f6abd56 - - default default] Successfully bumped revision number for resource d6d5e7d7-8e04-4702-b741-3551b2fb0c4c (type: ports) to 1
2026-07-01 08:36:53.678 8 INFO neutron.db.ovn_revision_numbers_db [None req-72ca2942-08e3-4471-99d6-98502249bb02 2b5020367f6c447192fbacd2289c51b3 b7bdc7cea7b546689318e84eee481c09 - - default default] Successfully bumped revision number for resource 199d1328-a062-49fb-83a3-db7cf2a5f6d1 (type: ports) to 1
2026-07-01 08:36:54.285 7 WARNING neutron.scheduler.dhcp_agent_scheduler [None req-ac04a8cb-e7f2-463d-9475-47f722a27c28 3224e3841e9546b09b90aad763e62f27 3aa8c57a219f48f7a093dee90f6abd56 - - default default] No more DHCP agents
2026-07-01 08:36:54.287 7 WARNING neutron.api.rpc.agentnotifiers.dhcp_rpc_agent_api [None req-ac04a8cb-e7f2-463d-9475-47f722a27c28 3224e3841e9546b09b90aad763e62f27 3aa8c57a219f48f7a093dee90f6abd56 - - default default] Unable to schedule network 5dce6567-8870-4cec-a14d-0b4c6207969d: no agents available; will retry on subsequent port and subnet creation events.
2026-07-01 08:36:54.456 8 WARNING neutron.scheduler.dhcp_agent_scheduler [None req-72ca2942-08e3-4471-99d6-98502249bb02 2b5020367f6c447192fbacd2289c51b3 b7bdc7cea7b546689318e84eee481c09 - - default default] No more DHCP agents
2026-07-01 08:36:54.469 8 WARNING neutron.api.rpc.agentnotifiers.dhcp_rpc_agent_api [None req-72ca2942-08e3-4471-99d6-98502249bb02 2b5020367f6c447192fbacd2289c51b3 b7bdc7cea7b546689318e84eee481c09 - - default default] Unable to schedule network b3baf578-f184-44ec-9806-3d7cf6a85195: no agents available; will retry on subsequent port and subnet creation events.
2026-07-01 08:36:54.539 7 INFO neutron.db.ovn_revision_numbers_db [None req-ac04a8cb-e7f2-463d-9475-47f722a27c28 3224e3841e9546b09b90aad763e62f27 3aa8c57a219f48f7a093dee90f6abd56 - - default default] Successfully bumped revision number for resource d6d5e7d7-8e04-4702-b741-3551b2fb0c4c (type: router_ports) to 1 [pid: 7|app: 0|req: 872/1911] 10.0.0.148 () {34 vars in 782 bytes} [Wed Jul 1 08:36:52 2026] PUT /v2.0/routers/04b6eb7f-a9a8-4a57-8291-1767a2195d93/add_router_interface => generated 309 bytes in 1577 msecs (HTTP/1.1 200) 4 headers in 157 bytes (1 switches on core 0)
2026-07-01 08:36:54.785 8 INFO neutron.db.ovn_revision_numbers_db [None req-72ca2942-08e3-4471-99d6-98502249bb02 2b5020367f6c447192fbacd2289c51b3 b7bdc7cea7b546689318e84eee481c09 - - default default] Successfully bumped revision number for resource 199d1328-a062-49fb-83a3-db7cf2a5f6d1 (type: router_ports) to 1 [pid: 8|app: 0|req: 1040/1912] 10.0.0.148 () {34 vars in 782 bytes} [Wed Jul 1 08:36:52 2026] PUT /v2.0/routers/ff179cc0-5b4b-4d7d-8262-379ec9b6e5bd/add_router_interface => generated 309 bytes in 2320 msecs (HTTP/1.1 200) 4 headers in 157 bytes (1 switches on core 0) [pid: 8|app: 0|req: 1041/1913] 10.0.0.11 () {34 vars in 988 bytes} [Wed Jul 1 08:36:54 2026] GET /v2.0/ports?device_id=267ca936-ab27-4d05-8393-e244d86af15d => generated 12 bytes in 15 msecs (HTTP/1.1 200) 4 headers in 156 bytes (1 switches on core 0)
2026-07-01 08:36:54.870 7 INFO neutron.db.ovn_revision_numbers_db [None req-6978c4b6-b401-4170-9d76-8c71ec1b88ec d6be696f6a25419cb42e19319b8a435e 7acb83ff15644ab2bc48bd78b8aa131c - - default default] Successfully bumped revision number for resource 37f760ca-7189-410d-bd06-38af86609f80 (type: security_groups) to 1
2026-07-01 08:36:54.880 7 INFO neutron.db.ovn_revision_numbers_db [None req-6978c4b6-b401-4170-9d76-8c71ec1b88ec d6be696f6a25419cb42e19319b8a435e 7acb83ff15644ab2bc48bd78b8aa131c - - default default] Successfully bumped revision number for resource 20b2a148-c3cf-4be9-b58a-337d52b2c94a (type: security_group_rules) to 0 [pid: 8|app: 0|req: 1042/1914] 10.0.0.148 () {32 vars in 716 bytes} [Wed Jul 1 08:36:54 2026] GET /v2.0/ports/d6d5e7d7-8e04-4702-b741-3551b2fb0c4c => generated 941 bytes in 81 msecs (HTTP/1.1 200) 4 headers in 157 bytes (1 switches on core 0)
2026-07-01 08:36:54.893 7 INFO neutron.db.ovn_revision_numbers_db [None req-6978c4b6-b401-4170-9d76-8c71ec1b88ec d6be696f6a25419cb42e19319b8a435e 7acb83ff15644ab2bc48bd78b8aa131c - - default default] Successfully bumped revision number for resource 4f84c55d-925d-4958-a2ea-8e6c34e86575 (type: security_group_rules) to 0
2026-07-01 08:36:54.903 7 INFO neutron.db.ovn_revision_numbers_db [None req-6978c4b6-b401-4170-9d76-8c71ec1b88ec d6be696f6a25419cb42e19319b8a435e 7acb83ff15644ab2bc48bd78b8aa131c - - default default] Successfully bumped revision number for resource 5cbe6287-1f2e-43e6-a76b-45a62330b29a (type: security_group_rules) to 0
2026-07-01 08:36:54.914 7 INFO neutron.db.ovn_revision_numbers_db [None req-6978c4b6-b401-4170-9d76-8c71ec1b88ec d6be696f6a25419cb42e19319b8a435e 7acb83ff15644ab2bc48bd78b8aa131c - - default default] Successfully bumped revision number for resource ee3138a6-be07-4ab5-9381-11d28e620bee (type: security_group_rules) to 0 [pid: 7|app: 0|req: 873/1915] 10.0.0.148 () {32 vars in 773 bytes} [Wed Jul 1 08:36:54 2026] GET /v2.0/security-groups?tenant_id=23ee0ae869254a11a3559276d38e37f5&name=default => generated 2925 bytes in 404 msecs (HTTP/1.1 200) 4 headers in 158 bytes (1 switches on core 0)
2026-07-01 08:36:54.991 8 INFO neutron.db.ovn_revision_numbers_db [None req-21e8850c-b532-4659-a101-548b26553550 2b5020367f6c447192fbacd2289c51b3 b7bdc7cea7b546689318e84eee481c09 - - default default] Successfully bumped revision number for resource 0827edf4-522a-460d-9984-1f6e31a1a719 (type: security_groups) to 1 [pid: 7|app: 0|req: 874/1916] 10.0.0.148 () {32 vars in 716 bytes} [Wed Jul 1 08:36:54 2026] GET /v2.0/ports/d6d5e7d7-8e04-4702-b741-3551b2fb0c4c => generated 941 bytes in 46 msecs (HTTP/1.1 200) 4 headers in 157 bytes (1 switches on core 0)
2026-07-01 08:36:55.001 8 INFO neutron.db.ovn_revision_numbers_db [None req-21e8850c-b532-4659-a101-548b26553550 2b5020367f6c447192fbacd2289c51b3 b7bdc7cea7b546689318e84eee481c09 - - default default] Successfully bumped revision number for resource 57cda4a6-aae9-47dc-920a-2df0c81cfd0a (type: security_group_rules) to 0
2026-07-01 08:36:55.010 8 INFO neutron.db.ovn_revision_numbers_db [None req-21e8850c-b532-4659-a101-548b26553550 2b5020367f6c447192fbacd2289c51b3 b7bdc7cea7b546689318e84eee481c09 - - default default] Successfully bumped revision number for resource 66c0b52b-8230-49b8-bb68-275da2a10bfa (type: security_group_rules) to 0 [pid: 8|app: 0|req: 1043/1917] 10.0.0.148 () {34 vars in 683 bytes} [Wed Jul 1 08:36:54 2026] POST /v2.0/security-groups => generated 1627 bytes in 159 msecs (HTTP/1.1 201) 4 headers in 163 bytes (1 switches on core 0)
2026-07-01 08:36:55.169 8 INFO neutron.db.ovn_revision_numbers_db [None req-bab77f2c-f473-45ba-af47-ac961801fc7c 2b5020367f6c447192fbacd2289c51b3 b7bdc7cea7b546689318e84eee481c09 - - default default] Successfully bumped revision number for resource d7d3ff0c-83f8-49c1-b4a2-b47e048af7d6 (type: security_group_rules) to 0 [pid: 8|app: 0|req: 1044/1918] 10.0.0.148 () {34 vars in 694 bytes} [Wed Jul 1 08:36:55 2026] POST /v2.0/security-group-rules => generated 597 bytes in 171 msecs (HTTP/1.1 201) 4 headers in 162 bytes (1 switches on core 0) [pid: 7|app: 0|req: 875/1919] 10.0.0.148 () {32 vars in 739 bytes} [Wed Jul 1 08:36:54 2026] DELETE /v2.0/security-groups/37f760ca-7189-410d-bd06-38af86609f80 => generated 0 bytes in 225 msecs (HTTP/1.1 204) 2 headers in 112 bytes (1 switches on core 0)
2026-07-01 08:36:55.268 7 WARNING neutron.plugins.ml2.drivers.ovn.mech_driver.ovsdb.ovn_client [None req-4a057e7a-afbd-41d8-8cd5-741a92669c17 - - - - - -] No hosting information found for port f14d9a5b-8c4d-4477-8b00-d5636c668ef3: RuntimeError: No hosting information found for port f14d9a5b-8c4d-4477-8b00-d5636c668ef3
2026-07-01 08:36:55.363 8 INFO neutron.db.ovn_revision_numbers_db [None req-12d73d87-e33b-4721-b6c6-baf6e63e749a 2b5020367f6c447192fbacd2289c51b3 b7bdc7cea7b546689318e84eee481c09 - - default default] Successfully bumped revision number for resource 4f733d03-ddb7-45f7-b390-49c2f4193238 (type: security_group_rules) to 0
2026-07-01 08:36:55.370 7 INFO neutron.db.ovn_revision_numbers_db [None req-4a057e7a-afbd-41d8-8cd5-741a92669c17 - - - - - -] Successfully bumped revision number for resource f14d9a5b-8c4d-4477-8b00-d5636c668ef3 (type: router_ports) to 2
2026-07-01 08:36:55.371 7 INFO neutron.plugins.ml2.drivers.ovn.mech_driver.mech_driver [None req-4a057e7a-afbd-41d8-8cd5-741a92669c17 - - - - - -] OVN reports status down for port: 181b1d3e-28aa-4956-991f-272a9387d80e [pid: 8|app: 0|req: 1045/1920] 10.0.0.148 () {34 vars in 694 bytes} [Wed Jul 1 08:36:55 2026] POST /v2.0/security-group-rules => generated 597 bytes in 163 msecs (HTTP/1.1 201) 4 headers in 162 bytes (1 switches on core 0)
2026-07-01 08:36:55.452 7 WARNING neutron.plugins.ml2.drivers.ovn.mech_driver.ovsdb.ovn_client [None req-4a057e7a-afbd-41d8-8cd5-741a92669c17 - - - - - -] Logical_Switch_Port %s host information not removed, the port state is up
2026-07-01 08:36:55.453 7 INFO neutron.plugins.ml2.drivers.ovn.mech_driver.mech_driver [None req-4a057e7a-afbd-41d8-8cd5-741a92669c17 - - - - - -] OVN reports status up for port: 181b1d3e-28aa-4956-991f-272a9387d80e
2026-07-01 08:36:55.474 7 INFO neutron.plugins.ml2.plugin [None req-4a057e7a-afbd-41d8-8cd5-741a92669c17 - - - - - -] Attempt 1 to provision port 181b1d3e-28aa-4956-991f-272a9387d80e
2026-07-01 08:36:55.659 7 INFO neutron.db.ovn_revision_numbers_db [None req-fbd9c66a-f26e-4121-a17f-68427815ef74 2b5020367f6c447192fbacd2289c51b3 b7bdc7cea7b546689318e84eee481c09 - - default default] Successfully bumped revision number for resource 4408ef59-5297-4218-a2ec-ac9b86089ecd (type: security_group_rules) to 0 [pid: 7|app: 0|req: 876/1921] 10.0.0.148 () {34 vars in 694 bytes} [Wed Jul 1 08:36:55 2026] POST /v2.0/security-group-rules => generated 599 bytes in 327 msecs (HTTP/1.1 201) 4 headers in 162 bytes (1 switches on core 0)
2026-07-01 08:36:55.861 8 INFO neutron.db.ovn_revision_numbers_db [None req-3f266fa1-d441-47da-adab-68a3190483f4 2b5020367f6c447192fbacd2289c51b3 b7bdc7cea7b546689318e84eee481c09 - - default default] Successfully bumped revision number for resource d20b2abc-b8c1-47ee-990a-8134536eb4da (type: security_group_rules) to 0 [pid: 8|app: 0|req: 1046/1922] 10.0.0.148 () {34 vars in 694 bytes} [Wed Jul 1 08:36:55 2026] POST /v2.0/security-group-rules => generated 601 bytes in 161 msecs (HTTP/1.1 201) 4 headers in 162 bytes (1 switches on core 0) [pid: 8|app: 0|req: 1047/1923] 10.0.0.148 () {32 vars in 716 bytes} [Wed Jul 1 08:36:56 2026] GET /v2.0/ports/d6d5e7d7-8e04-4702-b741-3551b2fb0c4c => generated 941 bytes in 42 msecs (HTTP/1.1 200) 4 headers in 157 bytes (1 switches on core 0)
2026-07-01 08:36:56.169 7 INFO neutron.db.ovn_revision_numbers_db [None req-4a057e7a-afbd-41d8-8cd5-741a92669c17 - - - - - -] Successfully bumped revision number for resource 181b1d3e-28aa-4956-991f-272a9387d80e (type: ports) to 2
2026-07-01 08:36:56.186 7 INFO neutron.db.ovn_revision_numbers_db [None req-6e84194f-840d-486a-90f3-fd162e907026 2b5020367f6c447192fbacd2289c51b3 b7bdc7cea7b546689318e84eee481c09 - - default default] Successfully bumped revision number for resource b588a9d5-55d1-4a3c-a953-97c9e1be01ad (type: security_group_rules) to 0 [pid: 7|app: 0|req: 877/1924] 10.0.0.148 () {34 vars in 694 bytes} [Wed Jul 1 08:36:55 2026] POST /v2.0/security-group-rules => generated 601 bytes in 355 msecs (HTTP/1.1 201) 4 headers in 162 bytes (1 switches on core 0)
2026-07-01 08:36:56.448 8 INFO neutron.db.ovn_revision_numbers_db [None req-a2493595-4f47-4d8d-aa45-12451146db45 2b5020367f6c447192fbacd2289c51b3 b7bdc7cea7b546689318e84eee481c09 - - default default] Successfully bumped revision number for resource 08144914-1496-4197-88da-1682d741006a (type: security_group_rules) to 0 [pid: 8|app: 0|req: 1048/1925] 10.0.0.148 () {34 vars in 694 bytes} [Wed Jul 1 08:36:56 2026] POST /v2.0/security-group-rules => generated 597 bytes in 219 msecs (HTTP/1.1 201) 4 headers in 162 bytes (1 switches on core 0)
2026-07-01 08:36:56.651 7 INFO neutron.db.ovn_revision_numbers_db [None req-8a3165ab-b518-4ebe-8e6b-d3f2293d6f10 2b5020367f6c447192fbacd2289c51b3 b7bdc7cea7b546689318e84eee481c09 - - default default] Successfully bumped revision number for resource 486fa9da-c2cf-41bf-8e6e-b797c5f9e39b (type: security_group_rules) to 0 [pid: 7|app: 0|req: 878/1926] 10.0.0.148 () {34 vars in 694 bytes} [Wed Jul 1 08:36:56 2026] POST /v2.0/security-group-rules => generated 597 bytes in 194 msecs (HTTP/1.1 201) 4 headers in 162 bytes (1 switches on core 0)
2026-07-01 08:36:56.846 8 INFO neutron.db.ovn_revision_numbers_db [None req-817d87b9-541e-458b-a8b9-da62fa07116f 2b5020367f6c447192fbacd2289c51b3 b7bdc7cea7b546689318e84eee481c09 - - default default] Successfully bumped revision number for resource 0e0dcefd-1f8c-4a83-8d54-67b099d891db (type: security_group_rules) to 0 [pid: 8|app: 0|req: 1049/1927] 10.0.0.148 () {34 vars in 694 bytes} [Wed Jul 1 08:36:56 2026] POST /v2.0/security-group-rules => generated 597 bytes in 187 msecs (HTTP/1.1 201) 4 headers in 162 bytes (1 switches on core 0)
2026-07-01 08:36:57.051 7 INFO neutron.db.ovn_revision_numbers_db [None req-d0a8d8b7-48fb-46f1-87d0-2361d637c6a9 2b5020367f6c447192fbacd2289c51b3 b7bdc7cea7b546689318e84eee481c09 - - default default] Successfully bumped revision number for resource a12ead8e-9297-445b-813c-788709a78516 (type: security_group_rules) to 0 [pid: 7|app: 0|req: 879/1928] 10.0.0.148 () {34 vars in 694 bytes} [Wed Jul 1 08:36:56 2026] POST /v2.0/security-group-rules => generated 599 bytes in 204 msecs (HTTP/1.1 201) 4 headers in 162 bytes (1 switches on core 0) [pid: 7|app: 0|req: 880/1929] 10.0.0.148 () {32 vars in 716 bytes} [Wed Jul 1 08:36:57 2026] GET /v2.0/ports/d6d5e7d7-8e04-4702-b741-3551b2fb0c4c => generated 941 bytes in 83 msecs (HTTP/1.1 200) 4 headers in 157 bytes (1 switches on core 0)
2026-07-01 08:36:57.342 8 INFO neutron_taas.services.taas.taas_plugin [None req-0f909fb0-82b7-476d-9ca7-d3945abc98fc d6be696f6a25419cb42e19319b8a435e 7acb83ff15644ab2bc48bd78b8aa131c - - default default] TaaS: Handle Delete Port: e6418b2b-6427-41bb-8f77-ff0056eba4ce
2026-07-01 08:36:57.347 8 INFO neutron_taas.services.taas.tap_mirror_plugin [None req-0f909fb0-82b7-476d-9ca7-d3945abc98fc d6be696f6a25419cb42e19319b8a435e 7acb83ff15644ab2bc48bd78b8aa131c - - default default] Tap Mirror: Handle Delete Port: e6418b2b-6427-41bb-8f77-ff0056eba4ce
2026-07-01 08:36:57.368 7 INFO neutron.db.ovn_revision_numbers_db [None req-d571391c-5356-44fb-b184-e99546a0367f 2b5020367f6c447192fbacd2289c51b3 b7bdc7cea7b546689318e84eee481c09 - - default default] Successfully bumped revision number for resource 90524408-d7b2-4573-aabd-494f56be874a (type: security_group_rules) to 0 [pid: 7|app: 0|req: 881/1930] 10.0.0.148 () {34 vars in 694 bytes} [Wed Jul 1 08:36:57 2026] POST /v2.0/security-group-rules => generated 601 bytes in 230 msecs (HTTP/1.1 201) 4 headers in 162 bytes (1 switches on core 0)
2026-07-01 08:36:57.588 7 INFO neutron.db.ovn_revision_numbers_db [None req-d9d1fa85-ddc5-4124-9429-1e25aeb4745c 2b5020367f6c447192fbacd2289c51b3 b7bdc7cea7b546689318e84eee481c09 - - default default] Successfully bumped revision number for resource d4eb4243-5b50-4d19-80bb-8bd45d665891 (type: security_group_rules) to 0 [pid: 7|app: 0|req: 882/1931] 10.0.0.148 () {34 vars in 694 bytes} [Wed Jul 1 08:36:57 2026] POST /v2.0/security-group-rules => generated 597 bytes in 217 msecs (HTTP/1.1 201) 4 headers in 162 bytes (1 switches on core 0)
2026-07-01 08:36:57.861 7 INFO neutron.db.ovn_revision_numbers_db [None req-8245a8ef-f182-4b3b-a050-5197b1409f0b d6be696f6a25419cb42e19319b8a435e 7acb83ff15644ab2bc48bd78b8aa131c - - default default] Successfully bumped revision number for resource 31fc9228-342c-438d-9fad-52c447edff1e (type: security_groups) to 1
2026-07-01 08:36:57.873 7 INFO neutron.db.ovn_revision_numbers_db [None req-8245a8ef-f182-4b3b-a050-5197b1409f0b d6be696f6a25419cb42e19319b8a435e 7acb83ff15644ab2bc48bd78b8aa131c - - default default] Successfully bumped revision number for resource 4e541b6a-f2e4-44ca-baa9-e2ed44e3c145 (type: security_group_rules) to 0
2026-07-01 08:36:57.884 7 INFO neutron.db.ovn_revision_numbers_db [None req-8245a8ef-f182-4b3b-a050-5197b1409f0b d6be696f6a25419cb42e19319b8a435e 7acb83ff15644ab2bc48bd78b8aa131c - - default default] Successfully bumped revision number for resource 65cde73d-a824-4c80-a095-4205b631dd82 (type: security_group_rules) to 0
2026-07-01 08:36:57.897 7 INFO neutron.db.ovn_revision_numbers_db [None req-8245a8ef-f182-4b3b-a050-5197b1409f0b d6be696f6a25419cb42e19319b8a435e 7acb83ff15644ab2bc48bd78b8aa131c - - default default] Successfully bumped revision number for resource 796f135f-3580-48ac-abd2-c666ffd209ce (type: security_group_rules) to 0
2026-07-01 08:36:57.906 7 INFO neutron.db.ovn_revision_numbers_db [None req-8245a8ef-f182-4b3b-a050-5197b1409f0b d6be696f6a25419cb42e19319b8a435e 7acb83ff15644ab2bc48bd78b8aa131c - - default default] Successfully bumped revision number for resource 88a5cbf8-dd5b-438a-acd2-299c02cf4715 (type: security_group_rules) to 0 [pid: 8|app: 0|req: 1050/1932] 10.0.0.148 () {34 vars in 788 bytes} [Wed Jul 1 08:36:57 2026] PUT /v2.0/routers/1b8a3ef2-1e8c-4814-aff3-fc6e91e8bf7b/remove_router_interface => generated 309 bytes in 909 msecs (HTTP/1.1 200) 4 headers in 157 bytes (1 switches on core 0) /var/lib/openstack/lib/python3.12/site-packages/pycadf/identifier.py:70: UserWarning: Invalid uuid: neutron. To ensure interoperability, identifiers should be a valid uuid. warnings.warn(('Invalid uuid: %s. To ensure interoperability, ' [pid: 7|app: 0|req: 883/1933] 10.0.0.148 () {32 vars in 773 bytes} [Wed Jul 1 08:36:57 2026] GET /v2.0/security-groups?tenant_id=33a33a5b0add42c49f165c537f67f97a&name=default => generated 2925 bytes in 336 msecs (HTTP/1.1 200) 4 headers in 158 bytes (1 switches on core 0) [pid: 8|app: 0|req: 1051/1934] 10.0.0.11 () {34 vars in 1092 bytes} [Wed Jul 1 08:36:57 2026] GET /v2.0/security-groups?name=tempest-lb_member_SG-901158685&fields=id&tenant_id=b7bdc7cea7b546689318e84eee481c09 => generated 69 bytes in 29 msecs (HTTP/1.1 200) 4 headers in 156 bytes (1 switches on core 0) [pid: 8|app: 0|req: 1052/1935] 10.0.0.148 () {32 vars in 739 bytes} [Wed Jul 1 08:36:57 2026] DELETE /v2.0/security-groups/31fc9228-342c-438d-9fad-52c447edff1e => generated 0 bytes in 240 msecs (HTTP/1.1 204) 2 headers in 112 bytes (1 switches on core 0) [pid: 8|app: 0|req: 1053/1936] 10.0.0.11 () {34 vars in 980 bytes} [Wed Jul 1 08:36:58 2026] GET /v2.0/networks?id=5b563526-e12a-4451-a2bc-a1409eff6bc6 => generated 742 bytes in 56 msecs (HTTP/1.1 200) 4 headers in 157 bytes (1 switches on core 0)
2026-07-01 08:36:58.296 7 INFO neutron_taas.services.taas.taas_plugin [None req-4c7c8e0d-4d1a-406c-b804-194a414ab070 d6be696f6a25419cb42e19319b8a435e 7acb83ff15644ab2bc48bd78b8aa131c - - default default] TaaS: Handle Delete Port: ce5c579b-4ee8-46a8-b275-9902eb1dbd41
2026-07-01 08:36:58.299 7 INFO neutron_taas.services.taas.tap_mirror_plugin [None req-4c7c8e0d-4d1a-406c-b804-194a414ab070 d6be696f6a25419cb42e19319b8a435e 7acb83ff15644ab2bc48bd78b8aa131c - - default default] Tap Mirror: Handle Delete Port: ce5c579b-4ee8-46a8-b275-9902eb1dbd41 [pid: 8|app: 0|req: 1054/1937] 10.0.0.148 () {32 vars in 716 bytes} [Wed Jul 1 08:36:58 2026] GET /v2.0/ports/d6d5e7d7-8e04-4702-b741-3551b2fb0c4c => generated 941 bytes in 46 msecs (HTTP/1.1 200) 4 headers in 157 bytes (1 switches on core 0) [pid: 8|app: 0|req: 1055/1938] 10.0.0.11 () {34 vars in 963 bytes} [Wed Jul 1 08:36:58 2026] GET /v2.0/quotas/b7bdc7cea7b546689318e84eee481c09 => generated 292 bytes in 11 msecs (HTTP/1.1 200) 4 headers in 157 bytes (1 switches on core 0) [pid: 8|app: 0|req: 1056/1939] 10.0.0.11 () {34 vars in 1000 bytes} [Wed Jul 1 08:36:58 2026] GET /v2.0/ports?tenant_id=b7bdc7cea7b546689318e84eee481c09&fields=id => generated 287 bytes in 173 msecs (HTTP/1.1 200) 4 headers in 157 bytes (1 switches on core 0) [pid: 8|app: 0|req: 1057/1940] 10.0.0.11 () {34 vars in 1006 bytes} [Wed Jul 1 08:36:58 2026] GET /v2.0/networks/5b563526-e12a-4451-a2bc-a1409eff6bc6?fields=segments => generated 14 bytes in 38 msecs (HTTP/1.1 200) 4 headers in 156 bytes (1 switches on core 0) [pid: 8|app: 0|req: 1058/1941] 10.0.0.11 () {34 vars in 1106 bytes} [Wed Jul 1 08:36:58 2026] GET /v2.0/networks/5b563526-e12a-4451-a2bc-a1409eff6bc6?fields=provider%3Aphysical_network&fields=provider%3Anetwork_type => generated 79 bytes in 41 msecs (HTTP/1.1 200) 4 headers in 156 bytes (1 switches on core 0) [pid: 7|app: 0|req: 884/1942] 10.0.0.148 () {32 vars in 723 bytes} [Wed Jul 1 08:36:57 2026] DELETE /v2.0/routers/1b8a3ef2-1e8c-4814-aff3-fc6e91e8bf7b => generated 0 bytes in 771 msecs (HTTP/1.1 204) 2 headers in 112 bytes (1 switches on core 0) [pid: 8|app: 0|req: 1059/1943] 10.0.0.11 () {34 vars in 988 bytes} [Wed Jul 1 08:36:58 2026] GET /v2.0/ports?device_id=a7bc5aaf-8b5d-4d6e-b9f3-197ae72d8d32 => generated 12 bytes in 39 msecs (HTTP/1.1 200) 4 headers in 156 bytes (1 switches on core 0) [pid: 7|app: 0|req: 885/1944] 10.0.0.148 () {32 vars in 723 bytes} [Wed Jul 1 08:36:58 2026] DELETE /v2.0/subnets/b70121b4-aa09-4bb9-b6be-ecd8e6f49cdc => generated 0 bytes in 142 msecs (HTTP/1.1 204) 3 headers in 131 bytes (1 switches on core 0)
2026-07-01 08:36:58.921 8 WARNING neutron.plugins.ml2.drivers.ovn.mech_driver.ovsdb.ovn_client [None req-a0dd9fb3-f30f-404e-9e23-deff2fcdcf74 - - - - - -] No hosting information found for port 62fc442b-0b7e-41f8-b776-33117313ca1c: RuntimeError: No hosting information found for port 62fc442b-0b7e-41f8-b776-33117313ca1c
2026-07-01 08:36:59.034 8 INFO neutron.db.ovn_revision_numbers_db [None req-a0dd9fb3-f30f-404e-9e23-deff2fcdcf74 - - - - - -] Successfully bumped revision number for resource 62fc442b-0b7e-41f8-b776-33117313ca1c (type: router_ports) to 2
2026-07-01 08:36:59.056 8 INFO neutron_taas.services.taas.taas_plugin [None req-98dc5f78-ad88-4aed-898d-a188c064c753 d6be696f6a25419cb42e19319b8a435e 7acb83ff15644ab2bc48bd78b8aa131c - - default default] TaaS: Handle Delete Port: 68d918ba-c980-4372-9748-680b0aa7e573
2026-07-01 08:36:59.061 8 INFO neutron_taas.services.taas.tap_mirror_plugin [None req-98dc5f78-ad88-4aed-898d-a188c064c753 d6be696f6a25419cb42e19319b8a435e 7acb83ff15644ab2bc48bd78b8aa131c - - default default] Tap Mirror: Handle Delete Port: 68d918ba-c980-4372-9748-680b0aa7e573
2026-07-01 08:36:59.297 8 INFO neutron.services.segments.plugin [-] Segment 8ebcbc66-2e9c-4a9a-bc5c-b149228670da resource provider aggregate not found
2026-07-01 08:36:59.305 8 INFO neutron.services.segments.plugin [-] Segment 8ebcbc66-2e9c-4a9a-bc5c-b149228670da resource provider aggregate not found
2026-07-01 08:36:59.318 8 INFO neutron.services.segments.plugin [-] Segment 8ebcbc66-2e9c-4a9a-bc5c-b149228670da resource provider not found; error: Placement Client Error (4xx): {"errors": [{"status": 404, "title": "Not Found", "detail": "The resource could not be found.\n\n No resource provider with uuid 8ebcbc66-2e9c-4a9a-bc5c-b149228670da found for delete ", "request_id": "req-385320cb-8926-4d3e-90f3-14ad6d14c4fb"}]}
2026-07-01 08:36:59.331 8 INFO neutron.services.segments.plugin [-] Segment 8ebcbc66-2e9c-4a9a-bc5c-b149228670da resource provider not found; error: Placement Client Error (4xx): {"errors": [{"status": 404, "title": "Not Found", "detail": "The resource could not be found.\n\n No resource provider with uuid 8ebcbc66-2e9c-4a9a-bc5c-b149228670da found for delete ", "request_id": "req-cd26eed9-5af9-4daf-9bcf-73713f06f86a"}]} [pid: 8|app: 0|req: 1060/1945] 10.0.0.148 () {32 vars in 725 bytes} [Wed Jul 1 08:36:58 2026] DELETE /v2.0/networks/425baa71-19c0-4241-b34d-2cbeba20b8d0 => generated 0 bytes in 486 msecs (HTTP/1.1 204) 3 headers in 131 bytes (1 switches on core 0) [pid: 7|app: 0|req: 886/1946] 10.0.0.148 () {32 vars in 716 bytes} [Wed Jul 1 08:36:59 2026] GET /v2.0/ports/d6d5e7d7-8e04-4702-b741-3551b2fb0c4c => generated 941 bytes in 38 msecs (HTTP/1.1 200) 4 headers in 157 bytes (1 switches on core 0) [pid: 8|app: 0|req: 1061/1947] 10.0.0.148 () {32 vars in 773 bytes} [Wed Jul 1 08:36:59 2026] GET /v2.0/security-groups?tenant_id=dda6ef83864c478d9b4fd378c37ec619&name=default => generated 2925 bytes in 30 msecs (HTTP/1.1 200) 4 headers in 158 bytes (1 switches on core 0) [pid: 7|app: 0|req: 887/1948] 10.0.0.148 () {32 vars in 739 bytes} [Wed Jul 1 08:36:59 2026] DELETE /v2.0/security-groups/8a8f655d-3529-40c3-92e2-f2fd2addbba2 => generated 0 bytes in 214 msecs (HTTP/1.1 204) 2 headers in 112 bytes (1 switches on core 0) [pid: 8|app: 0|req: 1063/1951] 10.0.0.148 () {32 vars in 716 bytes} [Wed Jul 1 08:37:00 2026] GET /v2.0/ports/d6d5e7d7-8e04-4702-b741-3551b2fb0c4c => generated 941 bytes in 74 msecs (HTTP/1.1 200) 4 headers in 157 bytes (1 switches on core 0)
2026-07-01 08:37:01.131 7 WARNING neutron.plugins.ml2.drivers.ovn.mech_driver.ovsdb.ovn_client [None req-c997d133-11b6-436d-bfb4-3e3df247458c - - - - - -] No hosting information found for port 181b1d3e-28aa-4956-991f-272a9387d80e: RuntimeError: No hosting information found for port 181b1d3e-28aa-4956-991f-272a9387d80e
2026-07-01 08:37:01.221 7 INFO neutron.db.ovn_revision_numbers_db [None req-c997d133-11b6-436d-bfb4-3e3df247458c - - - - - -] Successfully bumped revision number for resource 181b1d3e-28aa-4956-991f-272a9387d80e (type: router_ports) to 2
2026-07-01 08:37:01.221 7 INFO neutron.plugins.ml2.drivers.ovn.mech_driver.mech_driver [None req-c997d133-11b6-436d-bfb4-3e3df247458c - - - - - -] OVN reports status down for port: d6d5e7d7-8e04-4702-b741-3551b2fb0c4c
2026-07-01 08:37:01.287 7 WARNING neutron.plugins.ml2.drivers.ovn.mech_driver.ovsdb.ovn_client [None req-c997d133-11b6-436d-bfb4-3e3df247458c - - - - - -] Logical_Switch_Port %s host information not removed, the port state is up
2026-07-01 08:37:01.288 7 INFO neutron.plugins.ml2.drivers.ovn.mech_driver.mech_driver [None req-c997d133-11b6-436d-bfb4-3e3df247458c - - - - - -] OVN reports status down for port: 199d1328-a062-49fb-83a3-db7cf2a5f6d1
2026-07-01 08:37:01.347 7 WARNING neutron.plugins.ml2.drivers.ovn.mech_driver.ovsdb.ovn_client [None req-c997d133-11b6-436d-bfb4-3e3df247458c - - - - - -] Logical_Switch_Port %s host information not removed, the port state is up
2026-07-01 08:37:01.348 7 INFO neutron.plugins.ml2.drivers.ovn.mech_driver.mech_driver [None req-c997d133-11b6-436d-bfb4-3e3df247458c - - - - - -] OVN reports status up for port: d6d5e7d7-8e04-4702-b741-3551b2fb0c4c
2026-07-01 08:37:01.360 7 INFO neutron.plugins.ml2.plugin [None req-c997d133-11b6-436d-bfb4-3e3df247458c - - - - - -] Attempt 1 to provision port d6d5e7d7-8e04-4702-b741-3551b2fb0c4c [pid: 7|app: 0|req: 889/1952] 10.0.0.148 () {32 vars in 716 bytes} [Wed Jul 1 08:37:01 2026] GET /v2.0/ports/d6d5e7d7-8e04-4702-b741-3551b2fb0c4c => generated 941 bytes in 78 msecs (HTTP/1.1 200) 4 headers in 157 bytes (1 switches on core 0)
2026-07-01 08:37:01.783 7 INFO neutron.db.ovn_revision_numbers_db [None req-c997d133-11b6-436d-bfb4-3e3df247458c - - - - - -] Successfully bumped revision number for resource d6d5e7d7-8e04-4702-b741-3551b2fb0c4c (type: ports) to 2 [pid: 8|app: 0|req: 1064/1953] 10.0.0.148 () {32 vars in 716 bytes} [Wed Jul 1 08:37:02 2026] GET /v2.0/ports/d6d5e7d7-8e04-4702-b741-3551b2fb0c4c => generated 943 bytes in 38 msecs (HTTP/1.1 200) 4 headers in 157 bytes (1 switches on core 0)
2026-07-01 08:37:02.849 7 INFO neutron_taas.services.taas.taas_plugin [None req-7a427209-fa93-493f-8615-bba71d27f53d 3224e3841e9546b09b90aad763e62f27 3aa8c57a219f48f7a093dee90f6abd56 - - default default] TaaS: Handle Delete Port: d6d5e7d7-8e04-4702-b741-3551b2fb0c4c
