2026-07-01 08:37:11.399 7 INFO neutron_taas.services.taas.tap_mirror_plugin [None req-2fea8afe-34e7-40f5-8d19-2a8fd89ca8f7 d05def51d5c04fd1a77dbe9edf6f6fc6 33c58c7b99eb4b47b1d318a39ac2865f - - default default] Tap Mirror: Handle Delete Port: c31c370f-5665-4500-9341-7d089b5de715
2026-07-01 08:37:11.515 8 INFO neutron.db.ovn_revision_numbers_db [None req-2e0e70c8-58bc-416b-9760-a2a5a981e516 3224e3841e9546b09b90aad763e62f27 3aa8c57a219f48f7a093dee90f6abd56 - - default default] Successfully bumped revision number for resource a63a3690-9a43-4e24-9164-9cade12f3f51 (type: networks) to 1 [pid: 7|app: 0|req: 929/2017] 10.0.0.148 () {32 vars in 719 bytes} [Wed Jul 1 08:37:11 2026] DELETE /v2.0/ports/c31c370f-5665-4500-9341-7d089b5de715 => generated 0 bytes in 345 msecs (HTTP/1.1 204) 3 headers in 131 bytes (1 switches on core 0)
2026-07-01 08:37:11.647 7 INFO neutron_taas.services.taas.taas_plugin [None req-52f6c338-c476-4643-b632-1192af5ff04d d05def51d5c04fd1a77dbe9edf6f6fc6 33c58c7b99eb4b47b1d318a39ac2865f - - default default] TaaS: Handle Delete Port: cb1a453f-bd15-4de1-a567-541914248ccf
2026-07-01 08:37:11.650 7 INFO neutron_taas.services.taas.tap_mirror_plugin [None req-52f6c338-c476-4643-b632-1192af5ff04d d05def51d5c04fd1a77dbe9edf6f6fc6 33c58c7b99eb4b47b1d318a39ac2865f - - default default] Tap Mirror: Handle Delete Port: cb1a453f-bd15-4de1-a567-541914248ccf
2026-07-01 08:37:11.684 8 WARNING neutron.scheduler.dhcp_agent_scheduler [None req-2e0e70c8-58bc-416b-9760-a2a5a981e516 3224e3841e9546b09b90aad763e62f27 3aa8c57a219f48f7a093dee90f6abd56 - - default default] No more DHCP agents
2026-07-01 08:37:11.685 8 WARNING neutron.api.rpc.agentnotifiers.dhcp_rpc_agent_api [None req-2e0e70c8-58bc-416b-9760-a2a5a981e516 3224e3841e9546b09b90aad763e62f27 3aa8c57a219f48f7a093dee90f6abd56 - - default default] Unable to schedule network a63a3690-9a43-4e24-9164-9cade12f3f51: no agents available; will retry on subsequent port and subnet creation events.
2026-07-01 08:37:11.729 8 INFO neutron.plugins.ml2.drivers.ovn.mech_driver.mech_driver [None req-a0dd9fb3-f30f-404e-9e23-deff2fcdcf74 - - - - - -] OVN reports status down for port: 6e4a3d74-4868-45fc-8226-bb753f8ae710
2026-07-01 08:37:11.783 8 INFO neutron.db.ovn_revision_numbers_db [None req-2e0e70c8-58bc-416b-9760-a2a5a981e516 3224e3841e9546b09b90aad763e62f27 3aa8c57a219f48f7a093dee90f6abd56 - - default default] Successfully bumped revision number for resource 6e4a3d74-4868-45fc-8226-bb753f8ae710 (type: ports) to 1 [pid: 7|app: 0|req: 930/2018] 10.0.0.148 () {32 vars in 719 bytes} [Wed Jul 1 08:37:11 2026] DELETE /v2.0/ports/cb1a453f-bd15-4de1-a567-541914248ccf => generated 0 bytes in 249 msecs (HTTP/1.1 204) 3 headers in 131 bytes (1 switches on core 0) [pid: 8|app: 0|req: 1089/2019] 10.0.0.148 () {34 vars in 669 bytes} [Wed Jul 1 08:37:11 2026] POST /v2.0/networks => generated 649 bytes in 532 msecs (HTTP/1.1 201) 4 headers in 162 bytes (1 switches on core 0)
2026-07-01 08:37:11.955 8 INFO neutron_taas.services.taas.taas_plugin [None req-ca7979a5-de3a-404c-b767-41c2b91a76ad d05def51d5c04fd1a77dbe9edf6f6fc6 33c58c7b99eb4b47b1d318a39ac2865f - - default default] TaaS: Handle Delete Port: 47bf87a1-f883-4bfd-bb5c-f7052c0f28be
2026-07-01 08:37:11.959 8 INFO neutron_taas.services.taas.tap_mirror_plugin [None req-ca7979a5-de3a-404c-b767-41c2b91a76ad d05def51d5c04fd1a77dbe9edf6f6fc6 33c58c7b99eb4b47b1d318a39ac2865f - - default default] Tap Mirror: Handle Delete Port: 47bf87a1-f883-4bfd-bb5c-f7052c0f28be
2026-07-01 08:37:12.002 7 INFO neutron.db.ovn_revision_numbers_db [None req-38be1473-6ea5-4b43-b2fe-6f1903d91fd8 d6be696f6a25419cb42e19319b8a435e 7acb83ff15644ab2bc48bd78b8aa131c - - default default] Successfully bumped revision number for resource 622b0b94-b0e6-470e-a529-8488d66284a9 (type: security_groups) to 1
2026-07-01 08:37:12.013 7 INFO neutron.db.ovn_revision_numbers_db [None req-38be1473-6ea5-4b43-b2fe-6f1903d91fd8 d6be696f6a25419cb42e19319b8a435e 7acb83ff15644ab2bc48bd78b8aa131c - - default default] Successfully bumped revision number for resource 04379711-e931-41c9-ba3c-cc71ae015ec5 (type: security_group_rules) to 0
2026-07-01 08:37:12.023 7 INFO neutron.db.ovn_revision_numbers_db [None req-38be1473-6ea5-4b43-b2fe-6f1903d91fd8 d6be696f6a25419cb42e19319b8a435e 7acb83ff15644ab2bc48bd78b8aa131c - - default default] Successfully bumped revision number for resource 17a1cff9-5199-4ea6-9fcc-2f307190bf2d (type: security_group_rules) to 0
2026-07-01 08:37:12.033 7 INFO neutron.db.ovn_revision_numbers_db [None req-38be1473-6ea5-4b43-b2fe-6f1903d91fd8 d6be696f6a25419cb42e19319b8a435e 7acb83ff15644ab2bc48bd78b8aa131c - - default default] Successfully bumped revision number for resource eaf73350-f819-4139-a76b-e70064667655 (type: security_group_rules) to 0
2026-07-01 08:37:12.045 7 INFO neutron.db.ovn_revision_numbers_db [None req-38be1473-6ea5-4b43-b2fe-6f1903d91fd8 d6be696f6a25419cb42e19319b8a435e 7acb83ff15644ab2bc48bd78b8aa131c - - default default] Successfully bumped revision number for resource f323daea-bfa8-4ab2-a7c7-f89357cddd99 (type: security_group_rules) to 0 [pid: 8|app: 0|req: 1090/2020] 10.0.0.148 () {32 vars in 719 bytes} [Wed Jul 1 08:37:11 2026] DELETE /v2.0/ports/47bf87a1-f883-4bfd-bb5c-f7052c0f28be => generated 0 bytes in 277 msecs (HTTP/1.1 204) 3 headers in 131 bytes (1 switches on core 0) [pid: 7|app: 0|req: 931/2021] 10.0.0.148 () {32 vars in 773 bytes} [Wed Jul 1 08:37:11 2026] GET /v2.0/security-groups?tenant_id=3bac49a39eaa4d8db486f32da778ec95&name=default => generated 2925 bytes in 313 msecs (HTTP/1.1 200) 4 headers in 158 bytes (1 switches on core 0)
2026-07-01 08:37:12.252 7 INFO neutron_taas.services.taas.taas_plugin [None req-7474eb9e-00c9-430e-bfc5-cf8000d29f01 d05def51d5c04fd1a77dbe9edf6f6fc6 33c58c7b99eb4b47b1d318a39ac2865f - - default default] TaaS: Handle Delete Port: bd66e95d-555e-401f-83b9-5ce8b523ae1b
2026-07-01 08:37:12.256 7 INFO neutron_taas.services.taas.tap_mirror_plugin [None req-7474eb9e-00c9-430e-bfc5-cf8000d29f01 d05def51d5c04fd1a77dbe9edf6f6fc6 33c58c7b99eb4b47b1d318a39ac2865f - - default default] Tap Mirror: Handle Delete Port: bd66e95d-555e-401f-83b9-5ce8b523ae1b
2026-07-01 08:37:12.327 8 WARNING neutron.scheduler.dhcp_agent_scheduler [None req-b9464752-e0b6-4375-a017-47c3edc83da2 3224e3841e9546b09b90aad763e62f27 3aa8c57a219f48f7a093dee90f6abd56 - - default default] No more DHCP agents
2026-07-01 08:37:12.329 8 WARNING neutron.api.rpc.agentnotifiers.dhcp_rpc_agent_api [None req-b9464752-e0b6-4375-a017-47c3edc83da2 3224e3841e9546b09b90aad763e62f27 3aa8c57a219f48f7a093dee90f6abd56 - - default default] Unable to schedule network a63a3690-9a43-4e24-9164-9cade12f3f51: no agents available; will retry on subsequent port and subnet creation events. [pid: 7|app: 0|req: 932/2022] 10.0.0.148 () {32 vars in 719 bytes} [Wed Jul 1 08:37:12 2026] DELETE /v2.0/ports/bd66e95d-555e-401f-83b9-5ce8b523ae1b => generated 0 bytes in 291 msecs (HTTP/1.1 204) 3 headers in 131 bytes (1 switches on core 0) [pid: 7|app: 0|req: 933/2023] 10.0.0.148 () {32 vars in 739 bytes} [Wed Jul 1 08:37:12 2026] DELETE /v2.0/security-groups/622b0b94-b0e6-470e-a529-8488d66284a9 => generated 0 bytes in 232 msecs (HTTP/1.1 204) 2 headers in 112 bytes (1 switches on core 0)
2026-07-01 08:37:12.730 8 INFO neutron.db.ovn_revision_numbers_db [None req-934e2a58-f834-487d-aab2-d2b1204393ac - - - - - -] Successfully bumped revision number for resource 6e4a3d74-4868-45fc-8226-bb753f8ae710 (type: ports) to 2
2026-07-01 08:37:12.752 7 INFO neutron_taas.services.taas.taas_plugin [None req-dcffea19-326e-4603-b799-fa618ccaf459 d05def51d5c04fd1a77dbe9edf6f6fc6 33c58c7b99eb4b47b1d318a39ac2865f - - default default] TaaS: Handle Delete Port: 62757057-76ef-4d1f-811e-7ef23b8d6287
2026-07-01 08:37:12.755 7 INFO neutron_taas.services.taas.tap_mirror_plugin [None req-dcffea19-326e-4603-b799-fa618ccaf459 d05def51d5c04fd1a77dbe9edf6f6fc6 33c58c7b99eb4b47b1d318a39ac2865f - - default default] Tap Mirror: Handle Delete Port: 62757057-76ef-4d1f-811e-7ef23b8d6287
2026-07-01 08:37:12.766 8 INFO neutron.db.ovn_revision_numbers_db [None req-934e2a58-f834-487d-aab2-d2b1204393ac - - - - - -] Successfully bumped revision number for resource 70ed5cb4-a334-455d-86fd-fbf3111a4dc3 (type: subnets) to 0 [pid: 8|app: 0|req: 1091/2024] 10.0.0.148 () {34 vars in 668 bytes} [Wed Jul 1 08:37:12 2026] POST /v2.0/subnets => generated 626 bytes in 700 msecs (HTTP/1.1 201) 4 headers in 162 bytes (1 switches on core 0)
2026-07-01 08:37:12.922 8 INFO neutron.db.ovn_revision_numbers_db [None req-af10d7cb-17ef-4b9d-ae0c-f37a15b11c16 3224e3841e9546b09b90aad763e62f27 3aa8c57a219f48f7a093dee90f6abd56 - - default default] Successfully bumped revision number for resource 745badfd-009c-46a9-a075-1d648fd0a0f6 (type: routers) to 1
2026-07-01 08:37:12.930 7 INFO neutron.services.segments.plugin [-] Segment 81d34f89-3432-4092-a2ef-4cb91fd48770 resource provider aggregate not found [pid: 8|app: 0|req: 1092/2025] 10.0.0.148 () {34 vars in 668 bytes} [Wed Jul 1 08:37:12 2026] POST /v2.0/routers => generated 602 bytes in 145 msecs (HTTP/1.1 201) 4 headers in 162 bytes (1 switches on core 0)
2026-07-01 08:37:12.938 7 INFO neutron.services.segments.plugin [-] Segment 81d34f89-3432-4092-a2ef-4cb91fd48770 resource provider aggregate not found
2026-07-01 08:37:12.950 7 INFO neutron.services.segments.plugin [-] Segment 81d34f89-3432-4092-a2ef-4cb91fd48770 resource provider not found; error: Placement Client Error (4xx): {"errors": [{"status": 404, "title": "Not Found", "detail": "The resource could not be found.\n\n No resource provider with uuid 81d34f89-3432-4092-a2ef-4cb91fd48770 found for delete ", "request_id": "req-9ff65143-ec66-45b7-a390-3374c5466a51"}]}
2026-07-01 08:37:12.964 7 INFO neutron.services.segments.plugin [-] Segment 81d34f89-3432-4092-a2ef-4cb91fd48770 resource provider not found; error: Placement Client Error (4xx): {"errors": [{"status": 404, "title": "Not Found", "detail": "The resource could not be found.\n\n No resource provider with uuid 81d34f89-3432-4092-a2ef-4cb91fd48770 found for delete ", "request_id": "req-362ecb2e-242d-451b-a70b-c324b2c63cd8"}]} [pid: 7|app: 0|req: 934/2026] 10.0.0.148 () {32 vars in 725 bytes} [Wed Jul 1 08:37:12 2026] DELETE /v2.0/networks/1dbaa671-1e2d-4441-be50-9aa585cbcb33 => generated 0 bytes in 374 msecs (HTTP/1.1 204) 3 headers in 131 bytes (1 switches on core 0)
2026-07-01 08:37:13.120 7 INFO neutron_taas.services.taas.taas_plugin [None req-d72d1558-2d84-457e-9e96-8deca5e4a786 d05def51d5c04fd1a77dbe9edf6f6fc6 33c58c7b99eb4b47b1d318a39ac2865f - - default default] TaaS: Handle Delete Port: d0ef750b-895b-4c4b-83e2-c30bb2bdc9ff
2026-07-01 08:37:13.122 7 INFO neutron_taas.services.taas.tap_mirror_plugin [None req-d72d1558-2d84-457e-9e96-8deca5e4a786 d05def51d5c04fd1a77dbe9edf6f6fc6 33c58c7b99eb4b47b1d318a39ac2865f - - default default] Tap Mirror: Handle Delete Port: d0ef750b-895b-4c4b-83e2-c30bb2bdc9ff
2026-07-01 08:37:13.299 8 WARNING neutron.scheduler.dhcp_agent_scheduler [None req-0c374c16-48c5-48eb-8af0-39e1656fab9f 3224e3841e9546b09b90aad763e62f27 3aa8c57a219f48f7a093dee90f6abd56 - - default default] No more DHCP agents
2026-07-01 08:37:13.300 8 WARNING neutron.api.rpc.agentnotifiers.dhcp_rpc_agent_api [None req-0c374c16-48c5-48eb-8af0-39e1656fab9f 3224e3841e9546b09b90aad763e62f27 3aa8c57a219f48f7a093dee90f6abd56 - - default default] Unable to schedule network a63a3690-9a43-4e24-9164-9cade12f3f51: no agents available; will retry on subsequent port and subnet creation events.
2026-07-01 08:37:13.340 7 WARNING neutron.plugins.ml2.drivers.ovn.mech_driver.ovsdb.ovn_client [None req-edb6db73-0b16-4e37-8989-af390fe81b5f - - - - - -] No hosting information found for port 199d1328-a062-49fb-83a3-db7cf2a5f6d1: RuntimeError: No hosting information found for port 199d1328-a062-49fb-83a3-db7cf2a5f6d1
2026-07-01 08:37:13.417 8 INFO neutron.plugins.ml2.drivers.ovn.mech_driver.mech_driver [None req-a0dd9fb3-f30f-404e-9e23-deff2fcdcf74 - - - - - -] OVN reports status down for port: 68522b6b-6156-482a-ad1a-d54de88e2202 [pid: 7|app: 0|req: 935/2027] 10.0.0.148 () {32 vars in 725 bytes} [Wed Jul 1 08:37:13 2026] DELETE /v2.0/networks/fa5b9b56-f0a9-4b7c-b5a4-a9f32cd2b228 => generated 0 bytes in 454 msecs (HTTP/1.1 204) 3 headers in 131 bytes (1 switches on core 0)
2026-07-01 08:37:13.497 8 INFO neutron.db.ovn_revision_numbers_db [None req-0c374c16-48c5-48eb-8af0-39e1656fab9f 3224e3841e9546b09b90aad763e62f27 3aa8c57a219f48f7a093dee90f6abd56 - - default default] Successfully bumped revision number for resource 68522b6b-6156-482a-ad1a-d54de88e2202 (type: ports) to 1
2026-07-01 08:37:13.513 7 INFO neutron.db.ovn_revision_numbers_db [None req-edb6db73-0b16-4e37-8989-af390fe81b5f - - - - - -] Successfully bumped revision number for resource 199d1328-a062-49fb-83a3-db7cf2a5f6d1 (type: router_ports) to 2
2026-07-01 08:37:13.593 7 INFO neutron.plugins.ml2.drivers.ovn.mech_driver.mech_driver [None req-edb6db73-0b16-4e37-8989-af390fe81b5f - - - - - -] OVN reports status down for port: cf7fa3c7-d25b-4bc1-ae47-8fb6595e461b
2026-07-01 08:37:13.670 7 INFO neutron_taas.services.taas.taas_plugin [None req-60e3bb5e-7b0c-40fc-8e68-97c69875a3dd d05def51d5c04fd1a77dbe9edf6f6fc6 33c58c7b99eb4b47b1d318a39ac2865f - - default default] TaaS: Handle Delete Port: b5847b2b-fb98-4057-aee6-168555dcadd5
2026-07-01 08:37:13.674 7 INFO neutron_taas.services.taas.tap_mirror_plugin [None req-60e3bb5e-7b0c-40fc-8e68-97c69875a3dd d05def51d5c04fd1a77dbe9edf6f6fc6 33c58c7b99eb4b47b1d318a39ac2865f - - default default] Tap Mirror: Handle Delete Port: b5847b2b-fb98-4057-aee6-168555dcadd5
2026-07-01 08:37:13.685 7 WARNING neutron.plugins.ml2.drivers.ovn.mech_driver.ovsdb.ovn_client [None req-edb6db73-0b16-4e37-8989-af390fe81b5f - - - - - -] Logical_Switch_Port %s host information not removed, the port state is up
2026-07-01 08:37:13.685 7 INFO neutron.plugins.ml2.drivers.ovn.mech_driver.mech_driver [None req-edb6db73-0b16-4e37-8989-af390fe81b5f - - - - - -] OVN reports status down for port: d0ef750b-895b-4c4b-83e2-c30bb2bdc9ff
2026-07-01 08:37:13.700 7 INFO neutron.plugins.ml2.drivers.ovn.mech_driver.mech_driver [None req-edb6db73-0b16-4e37-8989-af390fe81b5f - - - - - -] OVN reports status down for port: c31c370f-5665-4500-9341-7d089b5de715
2026-07-01 08:37:13.713 7 INFO neutron.plugins.ml2.drivers.ovn.mech_driver.mech_driver [None req-edb6db73-0b16-4e37-8989-af390fe81b5f - - - - - -] OVN reports status down for port: b5847b2b-fb98-4057-aee6-168555dcadd5
2026-07-01 08:37:13.762 7 INFO neutron.notifiers.nova [-] Nova event matching ['req-c21750e8-3f72-41ec-9b81-ebb349387515'] response: {'server_uuid': 'a7bc5aaf-8b5d-4d6e-b9f3-197ae72d8d32', 'name': 'network-vif-unplugged', 'status': 'completed', 'tag': 'cf7fa3c7-d25b-4bc1-ae47-8fb6595e461b', 'code': 200}
2026-07-01 08:37:13.797 7 INFO neutron.plugins.ml2.drivers.ovn.mech_driver.mech_driver [None req-edb6db73-0b16-4e37-8989-af390fe81b5f - - - - - -] OVN reports status down for port: 2ae1eba2-00ac-4c20-bfdc-adf72ed24193
2026-07-01 08:37:13.938 7 INFO neutron.plugins.ml2.drivers.ovn.mech_driver.mech_driver [None req-edb6db73-0b16-4e37-8989-af390fe81b5f - - - - - -] OVN reports status down for port: 5cb14983-341a-41c1-9dff-16fd5dd99c2b
2026-07-01 08:37:13.953 7 INFO neutron.plugins.ml2.drivers.ovn.mech_driver.mech_driver [None req-edb6db73-0b16-4e37-8989-af390fe81b5f - - - - - -] OVN reports status down for port: 47bf87a1-f883-4bfd-bb5c-f7052c0f28be
2026-07-01 08:37:13.962 7 INFO neutron.plugins.ml2.drivers.ovn.mech_driver.mech_driver [None req-edb6db73-0b16-4e37-8989-af390fe81b5f - - - - - -] OVN reports status down for port: d53167db-8ac4-4199-aaa3-915c5d05a5f8 [pid: 7|app: 0|req: 936/2028] 10.0.0.148 () {32 vars in 725 bytes} [Wed Jul 1 08:37:13 2026] DELETE /v2.0/networks/13cc0488-84b3-4446-a549-74374321d55a => generated 0 bytes in 550 msecs (HTTP/1.1 204) 3 headers in 131 bytes (1 switches on core 0)
2026-07-01 08:37:14.050 7 INFO neutron.plugins.ml2.drivers.ovn.mech_driver.mech_driver [None req-edb6db73-0b16-4e37-8989-af390fe81b5f - - - - - -] OVN reports status up for port: 5cb14983-341a-41c1-9dff-16fd5dd99c2b
2026-07-01 08:37:14.086 7 INFO neutron.plugins.ml2.drivers.ovn.mech_driver.mech_driver [None req-edb6db73-0b16-4e37-8989-af390fe81b5f - - - - - -] OVN reports status up for port: cf7fa3c7-d25b-4bc1-ae47-8fb6595e461b
2026-07-01 08:37:14.104 7 INFO neutron.plugins.ml2.plugin [None req-edb6db73-0b16-4e37-8989-af390fe81b5f - - - - - -] Attempt 1 to provision port cf7fa3c7-d25b-4bc1-ae47-8fb6595e461b
2026-07-01 08:37:14.194 7 INFO neutron_taas.services.taas.taas_plugin [None req-418fc476-5848-4f6a-8479-b483dcabdfea d05def51d5c04fd1a77dbe9edf6f6fc6 33c58c7b99eb4b47b1d318a39ac2865f - - default default] TaaS: Handle Delete Port: 2ae1eba2-00ac-4c20-bfdc-adf72ed24193
2026-07-01 08:37:14.199 7 INFO neutron_taas.services.taas.tap_mirror_plugin [None req-418fc476-5848-4f6a-8479-b483dcabdfea d05def51d5c04fd1a77dbe9edf6f6fc6 33c58c7b99eb4b47b1d318a39ac2865f - - default default] Tap Mirror: Handle Delete Port: 2ae1eba2-00ac-4c20-bfdc-adf72ed24193
2026-07-01 08:37:14.546 7 INFO neutron.db.ovn_revision_numbers_db [None req-edb6db73-0b16-4e37-8989-af390fe81b5f - - - - - -] Successfully bumped revision number for resource cf7fa3c7-d25b-4bc1-ae47-8fb6595e461b (type: ports) to 5
2026-07-01 08:37:14.566 8 INFO neutron.plugins.ml2.drivers.ovn.mech_driver.mech_driver [None req-a0dd9fb3-f30f-404e-9e23-deff2fcdcf74 - - - - - -] OVN reports status up for port: 68522b6b-6156-482a-ad1a-d54de88e2202
2026-07-01 08:37:14.589 8 INFO neutron.plugins.ml2.plugin [None req-a0dd9fb3-f30f-404e-9e23-deff2fcdcf74 - - - - - -] Attempt 1 to provision port 68522b6b-6156-482a-ad1a-d54de88e2202 [pid: 7|app: 0|req: 937/2029] 10.0.0.148 () {32 vars in 725 bytes} [Wed Jul 1 08:37:14 2026] DELETE /v2.0/networks/4f042e78-f2a3-4123-be7c-451149ffef04 => generated 0 bytes in 658 msecs (HTTP/1.1 204) 3 headers in 131 bytes (1 switches on core 0) /var/lib/openstack/lib/python3.12/site-packages/pycadf/identifier.py:70: UserWarning: Invalid uuid: neutron. To ensure interoperability, identifiers should be a valid uuid. warnings.warn(('Invalid uuid: %s. To ensure interoperability, '
2026-07-01 08:37:14.730 8 WARNING neutron.scheduler.dhcp_agent_scheduler [None req-0c374c16-48c5-48eb-8af0-39e1656fab9f 3224e3841e9546b09b90aad763e62f27 3aa8c57a219f48f7a093dee90f6abd56 - - default default] No more DHCP agents
2026-07-01 08:37:14.735 8 WARNING neutron.api.rpc.agentnotifiers.dhcp_rpc_agent_api [None req-0c374c16-48c5-48eb-8af0-39e1656fab9f 3224e3841e9546b09b90aad763e62f27 3aa8c57a219f48f7a093dee90f6abd56 - - default default] Unable to schedule network a63a3690-9a43-4e24-9164-9cade12f3f51: no agents available; will retry on subsequent port and subnet creation events.
2026-07-01 08:37:14.821 7 INFO neutron_taas.services.taas.taas_plugin [None req-1d333b23-0918-491e-96be-48520f7bb69a d05def51d5c04fd1a77dbe9edf6f6fc6 33c58c7b99eb4b47b1d318a39ac2865f - - default default] TaaS: Handle Delete Port: d53167db-8ac4-4199-aaa3-915c5d05a5f8
2026-07-01 08:37:14.824 7 INFO neutron_taas.services.taas.tap_mirror_plugin [None req-1d333b23-0918-491e-96be-48520f7bb69a d05def51d5c04fd1a77dbe9edf6f6fc6 33c58c7b99eb4b47b1d318a39ac2865f - - default default] Tap Mirror: Handle Delete Port: d53167db-8ac4-4199-aaa3-915c5d05a5f8
2026-07-01 08:37:14.970 7 INFO neutron.services.segments.plugin [-] Segment 54a46f3d-7caa-4d50-8648-32929d78707c resource provider aggregate not found
2026-07-01 08:37:14.987 7 INFO neutron.services.segments.plugin [-] Segment 54a46f3d-7caa-4d50-8648-32929d78707c resource provider aggregate not found
2026-07-01 08:37:14.991 7 INFO neutron.services.segments.plugin [-] Segment 54a46f3d-7caa-4d50-8648-32929d78707c resource provider not found; error: Placement Client Error (4xx): {"errors": [{"status": 404, "title": "Not Found", "detail": "The resource could not be found.\n\n No resource provider with uuid 54a46f3d-7caa-4d50-8648-32929d78707c found for delete ", "request_id": "req-9c5066a5-57c9-4bc7-815d-94f99e0c9d30"}]}
2026-07-01 08:37:15.014 7 INFO neutron.services.segments.plugin [-] Segment 54a46f3d-7caa-4d50-8648-32929d78707c resource provider not found; error: Placement Client Error (4xx): {"errors": [{"status": 404, "title": "Not Found", "detail": "The resource could not be found.\n\n No resource provider with uuid 54a46f3d-7caa-4d50-8648-32929d78707c found for delete ", "request_id": "req-57645cf0-d307-49f5-bc57-f706b3ebff88"}]}
2026-07-01 08:37:15.020 7 INFO neutron.services.segments.plugin [-] Segment 5c9feba9-c3e9-4353-9b55-b124700aacfd resource provider aggregate not found
2026-07-01 08:37:15.034 7 INFO neutron.services.segments.plugin [-] Segment 5c9feba9-c3e9-4353-9b55-b124700aacfd resource provider aggregate not found
2026-07-01 08:37:15.040 7 INFO neutron.services.segments.plugin [-] Segment 5c9feba9-c3e9-4353-9b55-b124700aacfd resource provider not found; error: Placement Client Error (4xx): {"errors": [{"status": 404, "title": "Not Found", "detail": "The resource could not be found.\n\n No resource provider with uuid 5c9feba9-c3e9-4353-9b55-b124700aacfd found for delete ", "request_id": "req-71d4edbe-1b96-437e-8632-d277b8345063"}]}
2026-07-01 08:37:15.054 7 INFO neutron.services.segments.plugin [-] Segment 5c9feba9-c3e9-4353-9b55-b124700aacfd resource provider not found; error: Placement Client Error (4xx): {"errors": [{"status": 404, "title": "Not Found", "detail": "The resource could not be found.\n\n No resource provider with uuid 5c9feba9-c3e9-4353-9b55-b124700aacfd found for delete ", "request_id": "req-05237273-d4fc-4327-8477-53edeab082e8"}]}
2026-07-01 08:37:15.059 7 INFO neutron.services.segments.plugin [-] Segment 83720e6b-0f7d-4311-b122-f41136beb1a1 resource provider aggregate not found
2026-07-01 08:37:15.080 7 INFO neutron.services.segments.plugin [-] Segment 83720e6b-0f7d-4311-b122-f41136beb1a1 resource provider not found; error: Placement Client Error (4xx): {"errors": [{"status": 404, "title": "Not Found", "detail": "The resource could not be found.\n\n No resource provider with uuid 83720e6b-0f7d-4311-b122-f41136beb1a1 found for delete ", "request_id": "req-6f94f42e-8c4f-40b5-ac3c-d30695660e85"}]}
2026-07-01 08:37:15.080 7 INFO neutron.services.segments.plugin [-] Segment 83720e6b-0f7d-4311-b122-f41136beb1a1 resource provider aggregate not found
2026-07-01 08:37:15.097 7 INFO neutron.services.segments.plugin [-] Segment 83720e6b-0f7d-4311-b122-f41136beb1a1 resource provider not found; error: Placement Client Error (4xx): {"errors": [{"status": 404, "title": "Not Found", "detail": "The resource could not be found.\n\n No resource provider with uuid 83720e6b-0f7d-4311-b122-f41136beb1a1 found for delete ", "request_id": "req-8f71fff2-cab5-4e8e-b287-68f49cb79445"}]} [pid: 7|app: 0|req: 938/2030] 10.0.0.148 () {32 vars in 725 bytes} [Wed Jul 1 08:37:14 2026] DELETE /v2.0/networks/ed6ede03-cea6-4c2b-a694-04a6cd8ce33e => generated 0 bytes in 435 msecs (HTTP/1.1 204) 3 headers in 131 bytes (1 switches on core 0)
2026-07-01 08:37:15.135 8 INFO neutron.db.ovn_revision_numbers_db [None req-0c374c16-48c5-48eb-8af0-39e1656fab9f 3224e3841e9546b09b90aad763e62f27 3aa8c57a219f48f7a093dee90f6abd56 - - default default] Successfully bumped revision number for resource 68522b6b-6156-482a-ad1a-d54de88e2202 (type: router_ports) to 1 [pid: 8|app: 0|req: 1093/2031] 10.0.0.148 () {34 vars in 782 bytes} [Wed Jul 1 08:37:12 2026] PUT /v2.0/routers/745badfd-009c-46a9-a075-1d648fd0a0f6/add_router_interface => generated 309 bytes in 2209 msecs (HTTP/1.1 200) 4 headers in 157 bytes (1 switches on core 0) [pid: 7|app: 0|req: 939/2032] 10.0.0.148 () {32 vars in 716 bytes} [Wed Jul 1 08:37:15 2026] GET /v2.0/ports/68522b6b-6156-482a-ad1a-d54de88e2202 => generated 943 bytes in 91 msecs (HTTP/1.1 200) 4 headers in 157 bytes (1 switches on core 0)
2026-07-01 08:37:15.262 8 INFO neutron.db.ovn_revision_numbers_db [None req-a0dd9fb3-f30f-404e-9e23-deff2fcdcf74 - - - - - -] Successfully bumped revision number for resource 68522b6b-6156-482a-ad1a-d54de88e2202 (type: ports) to 2 [pid: 8|app: 0|req: 1094/2035] 10.0.0.148 () {32 vars in 716 bytes} [Wed Jul 1 08:37:15 2026] GET /v2.0/ports/68522b6b-6156-482a-ad1a-d54de88e2202 => generated 943 bytes in 68 msecs (HTTP/1.1 200) 4 headers in 157 bytes (1 switches on core 0)
2026-07-01 08:37:15.595 7 INFO neutron_taas.services.taas.taas_plugin [None req-f2bf6192-29c6-45d7-a59d-bac5fb26fb51 3224e3841e9546b09b90aad763e62f27 3aa8c57a219f48f7a093dee90f6abd56 - - default default] TaaS: Handle Delete Port: 68522b6b-6156-482a-ad1a-d54de88e2202
2026-07-01 08:37:15.597 7 INFO neutron_taas.services.taas.tap_mirror_plugin [None req-f2bf6192-29c6-45d7-a59d-bac5fb26fb51 3224e3841e9546b09b90aad763e62f27 3aa8c57a219f48f7a093dee90f6abd56 - - default default] Tap Mirror: Handle Delete Port: 68522b6b-6156-482a-ad1a-d54de88e2202 [pid: 8|app: 0|req: 1095/2036] 10.0.0.11 () {34 vars in 988 bytes} [Wed Jul 1 08:37:15 2026] GET /v2.0/ports?device_id=a7bc5aaf-8b5d-4d6e-b9f3-197ae72d8d32 => generated 1192 bytes in 94 msecs (HTTP/1.1 200) 4 headers in 158 bytes (1 switches on core 0) [pid: 8|app: 0|req: 1096/2037] 10.0.0.11 () {34 vars in 1038 bytes} [Wed Jul 1 08:37:15 2026] GET /v2.0/security-groups?id=0827edf4-522a-460d-9984-1f6e31a1a719&fields=id&fields=name => generated 111 bytes in 32 msecs (HTTP/1.1 200) 4 headers in 157 bytes (1 switches on core 0)
2026-07-01 08:37:15.801 7 INFO neutron.notifiers.nova [-] Nova event matching ['req-f9246ea1-c391-4458-85c6-a7f892910f14'] response: {'server_uuid': 'a7bc5aaf-8b5d-4d6e-b9f3-197ae72d8d32', 'name': 'network-vif-plugged', 'status': 'completed', 'tag': 'cf7fa3c7-d25b-4bc1-ae47-8fb6595e461b', 'code': 200}
2026-07-01 08:37:15.801 7 INFO neutron.notifiers.nova [-] Nova event matching ['req-f9246ea1-c391-4458-85c6-a7f892910f14'] response: {'server_uuid': 'a7bc5aaf-8b5d-4d6e-b9f3-197ae72d8d32', 'name': 'network-vif-plugged', 'status': 'completed', 'tag': 'cf7fa3c7-d25b-4bc1-ae47-8fb6595e461b', 'code': 200} [pid: 7|app: 0|req: 942/2038] 10.0.0.148 () {34 vars in 788 bytes} [Wed Jul 1 08:37:15 2026] PUT /v2.0/routers/745badfd-009c-46a9-a075-1d648fd0a0f6/remove_router_interface => generated 309 bytes in 612 msecs (HTTP/1.1 200) 4 headers in 157 bytes (1 switches on core 0) /var/lib/openstack/lib/python3.12/site-packages/pycadf/identifier.py:70: UserWarning: Invalid uuid: neutron. To ensure interoperability, identifiers should be a valid uuid. warnings.warn(('Invalid uuid: %s. To ensure interoperability, ' [pid: 7|app: 0|req: 943/2039] 10.0.0.148 () {32 vars in 735 bytes} [Wed Jul 1 08:37:15 2026] GET /v2.0/ports?device_id=745badfd-009c-46a9-a075-1d648fd0a0f6 => generated 12 bytes in 20 msecs (HTTP/1.1 200) 4 headers in 156 bytes (1 switches on core 0) [pid: 7|app: 0|req: 944/2040] 10.0.0.148 () {32 vars in 723 bytes} [Wed Jul 1 08:37:15 2026] DELETE /v2.0/routers/745badfd-009c-46a9-a075-1d648fd0a0f6 => generated 0 bytes in 256 msecs (HTTP/1.1 204) 2 headers in 112 bytes (1 switches on core 0)
2026-07-01 08:37:16.224 8 INFO neutron.db.ovn_revision_numbers_db [None req-3ba3dd8d-300a-48d2-a567-2f78105d7834 d6be696f6a25419cb42e19319b8a435e 7acb83ff15644ab2bc48bd78b8aa131c - - default default] Successfully bumped revision number for resource b03fd582-feca-4991-8e03-e50349b06eb5 (type: security_groups) to 1
2026-07-01 08:37:16.248 8 INFO neutron.db.ovn_revision_numbers_db [None req-3ba3dd8d-300a-48d2-a567-2f78105d7834 d6be696f6a25419cb42e19319b8a435e 7acb83ff15644ab2bc48bd78b8aa131c - - default default] Successfully bumped revision number for resource 0a22c4cc-fd24-47dd-aa33-4510eabe7e60 (type: security_group_rules) to 0
2026-07-01 08:37:16.267 8 INFO neutron.db.ovn_revision_numbers_db [None req-3ba3dd8d-300a-48d2-a567-2f78105d7834 d6be696f6a25419cb42e19319b8a435e 7acb83ff15644ab2bc48bd78b8aa131c - - default default] Successfully bumped revision number for resource 0c3f8223-113f-46c4-821a-edf60576027c (type: security_group_rules) to 0
2026-07-01 08:37:16.290 8 INFO neutron.db.ovn_revision_numbers_db [None req-3ba3dd8d-300a-48d2-a567-2f78105d7834 d6be696f6a25419cb42e19319b8a435e 7acb83ff15644ab2bc48bd78b8aa131c - - default default] Successfully bumped revision number for resource 5fe68379-2c1d-4f6d-92dd-e5a1c95d376b (type: security_group_rules) to 0
2026-07-01 08:37:16.314 8 INFO neutron.db.ovn_revision_numbers_db [None req-3ba3dd8d-300a-48d2-a567-2f78105d7834 d6be696f6a25419cb42e19319b8a435e 7acb83ff15644ab2bc48bd78b8aa131c - - default default] Successfully bumped revision number for resource d596a0b9-5d2a-4ef5-bed6-33473c1ae7e8 (type: security_group_rules) to 0 [pid: 8|app: 0|req: 1097/2041] 10.0.0.148 () {32 vars in 773 bytes} [Wed Jul 1 08:37:15 2026] GET /v2.0/security-groups?tenant_id=b5c002fee2d141e48e728bfd3e473080&name=default => generated 2925 bytes in 475 msecs (HTTP/1.1 200) 4 headers in 158 bytes (1 switches on core 0) [pid: 7|app: 0|req: 945/2042] 10.0.0.148 () {32 vars in 723 bytes} [Wed Jul 1 08:37:16 2026] DELETE /v2.0/subnets/70ed5cb4-a334-455d-86fd-fbf3111a4dc3 => generated 0 bytes in 190 msecs (HTTP/1.1 204) 3 headers in 131 bytes (1 switches on core 0)
2026-07-01 08:37:16.569 7 INFO neutron_taas.services.taas.taas_plugin [None req-f8376ae7-1af7-425e-be78-558c7f8f3fec 3224e3841e9546b09b90aad763e62f27 3aa8c57a219f48f7a093dee90f6abd56 - - default default] TaaS: Handle Delete Port: 6e4a3d74-4868-45fc-8226-bb753f8ae710
2026-07-01 08:37:16.576 7 INFO neutron_taas.services.taas.tap_mirror_plugin [None req-f8376ae7-1af7-425e-be78-558c7f8f3fec 3224e3841e9546b09b90aad763e62f27 3aa8c57a219f48f7a093dee90f6abd56 - - default default] Tap Mirror: Handle Delete Port: 6e4a3d74-4868-45fc-8226-bb753f8ae710 [pid: 8|app: 0|req: 1098/2043] 10.0.0.148 () {32 vars in 739 bytes} [Wed Jul 1 08:37:16 2026] DELETE /v2.0/security-groups/b03fd582-feca-4991-8e03-e50349b06eb5 => generated 0 bytes in 296 msecs (HTTP/1.1 204) 2 headers in 112 bytes (1 switches on core 0) [pid: 7|app: 0|req: 946/2044] 10.0.0.148 () {32 vars in 725 bytes} [Wed Jul 1 08:37:16 2026] DELETE /v2.0/networks/a63a3690-9a43-4e24-9164-9cade12f3f51 => generated 0 bytes in 404 msecs (HTTP/1.1 204) 3 headers in 131 bytes (1 switches on core 0) [pid: 8|app: 0|req: 1099/2045] 10.0.0.148 () {32 vars in 773 bytes} [Wed Jul 1 08:37:16 2026] GET /v2.0/security-groups?tenant_id=33c58c7b99eb4b47b1d318a39ac2865f&name=default => generated 2925 bytes in 35 msecs (HTTP/1.1 200) 4 headers in 158 bytes (1 switches on core 0) [pid: 8|app: 0|req: 1100/2046] 10.0.0.148 () {32 vars in 739 bytes} [Wed Jul 1 08:37:16 2026] DELETE /v2.0/security-groups/78758629-0084-4db0-a61b-c0622bdcd20c => generated 0 bytes in 266 msecs (HTTP/1.1 204) 2 headers in 112 bytes (1 switches on core 0)
2026-07-01 08:37:17.108 7 INFO neutron.services.segments.plugin [-] Segment 6b089fee-6c93-45fd-9165-d67c1f2fee83 resource provider aggregate not found
2026-07-01 08:37:17.118 7 INFO neutron.services.segments.plugin [-] Segment 6b089fee-6c93-45fd-9165-d67c1f2fee83 resource provider aggregate not found
2026-07-01 08:37:17.127 7 INFO neutron.services.segments.plugin [-] Segment 6b089fee-6c93-45fd-9165-d67c1f2fee83 resource provider not found; error: Placement Client Error (4xx): {"errors": [{"status": 404, "title": "Not Found", "detail": "The resource could not be found.\n\n No resource provider with uuid 6b089fee-6c93-45fd-9165-d67c1f2fee83 found for delete ", "request_id": "req-14433829-6aa0-4784-9e50-50862521369b"}]}
2026-07-01 08:37:17.134 7 INFO neutron.services.segments.plugin [-] Segment 6b089fee-6c93-45fd-9165-d67c1f2fee83 resource provider not found; error: Placement Client Error (4xx): {"errors": [{"status": 404, "title": "Not Found", "detail": "The resource could not be found.\n\n No resource provider with uuid 6b089fee-6c93-45fd-9165-d67c1f2fee83 found for delete ", "request_id": "req-a5119522-927f-444f-96d3-d83317eb563e"}]}
2026-07-01 08:37:17.149 7 INFO neutron.services.segments.plugin [-] Segment 8abc4a23-ca14-44c6-b3c0-0e72c57d02e0 resource provider aggregate not found
2026-07-01 08:37:17.156 7 INFO neutron.services.segments.plugin [-] Segment 8abc4a23-ca14-44c6-b3c0-0e72c57d02e0 resource provider aggregate not found
2026-07-01 08:37:17.167 7 INFO neutron.services.segments.plugin [-] Segment 8abc4a23-ca14-44c6-b3c0-0e72c57d02e0 resource provider not found; error: Placement Client Error (4xx): {"errors": [{"status": 404, "title": "Not Found", "detail": "The resource could not be found.\n\n No resource provider with uuid 8abc4a23-ca14-44c6-b3c0-0e72c57d02e0 found for delete ", "request_id": "req-79eea61f-8412-4651-8c2d-9e5acf9fad90"}]}
2026-07-01 08:37:17.174 7 INFO neutron.services.segments.plugin [-] Segment 8abc4a23-ca14-44c6-b3c0-0e72c57d02e0 resource provider not found; error: Placement Client Error (4xx): {"errors": [{"status": 404, "title": "Not Found", "detail": "The resource could not be found.\n\n No resource provider with uuid 8abc4a23-ca14-44c6-b3c0-0e72c57d02e0 found for delete ", "request_id": "req-77daf933-9902-4e98-915d-1b7745cd80a3"}]}
2026-07-01 08:37:17.399 7 WARNING neutron.scheduler.dhcp_agent_scheduler [None req-4b97d2af-61dc-4628-8498-291e9cc97bbc 3224e3841e9546b09b90aad763e62f27 3aa8c57a219f48f7a093dee90f6abd56 - - default default] No more DHCP agents
2026-07-01 08:37:17.404 7 WARNING neutron.api.rpc.agentnotifiers.dhcp_rpc_agent_api [None req-4b97d2af-61dc-4628-8498-291e9cc97bbc 3224e3841e9546b09b90aad763e62f27 3aa8c57a219f48f7a093dee90f6abd56 - - default default] Unable to schedule network a01a6008-eeb1-47de-941d-befba263074a: no agents available; will retry on subsequent port and subnet creation events.
2026-07-01 08:37:17.421 8 INFO neutron.db.ovn_revision_numbers_db [None req-af333578-4096-49b3-aa5d-6d7ad3222d22 d6be696f6a25419cb42e19319b8a435e 7acb83ff15644ab2bc48bd78b8aa131c - - default default] Successfully bumped revision number for resource f0c61172-b3a8-4e43-8c73-d7d8dddb7da2 (type: security_groups) to 1
2026-07-01 08:37:17.432 8 INFO neutron.db.ovn_revision_numbers_db [None req-af333578-4096-49b3-aa5d-6d7ad3222d22 d6be696f6a25419cb42e19319b8a435e 7acb83ff15644ab2bc48bd78b8aa131c - - default default] Successfully bumped revision number for resource 065cac6d-ec7a-4dd6-886a-394d3bae9849 (type: security_group_rules) to 0
2026-07-01 08:37:17.445 8 INFO neutron.db.ovn_revision_numbers_db [None req-af333578-4096-49b3-aa5d-6d7ad3222d22 d6be696f6a25419cb42e19319b8a435e 7acb83ff15644ab2bc48bd78b8aa131c - - default default] Successfully bumped revision number for resource 4d77644b-6922-4bc6-8ebe-66915304c3c7 (type: security_group_rules) to 0
2026-07-01 08:37:17.462 8 INFO neutron.db.ovn_revision_numbers_db [None req-af333578-4096-49b3-aa5d-6d7ad3222d22 d6be696f6a25419cb42e19319b8a435e 7acb83ff15644ab2bc48bd78b8aa131c - - default default] Successfully bumped revision number for resource 5b4fc300-56f5-473a-a237-6526e3352843 (type: security_group_rules) to 0
2026-07-01 08:37:17.475 8 INFO neutron.db.ovn_revision_numbers_db [None req-af333578-4096-49b3-aa5d-6d7ad3222d22 d6be696f6a25419cb42e19319b8a435e 7acb83ff15644ab2bc48bd78b8aa131c - - default default] Successfully bumped revision number for resource 766f20df-d407-4670-965d-95b578a9b130 (type: security_group_rules) to 0 [pid: 8|app: 0|req: 1101/2047] 10.0.0.148 () {32 vars in 773 bytes} [Wed Jul 1 08:37:17 2026] GET /v2.0/security-groups?tenant_id=1cd1973f60bd4e11828dd01597be68c4&name=default => generated 2925 bytes in 248 msecs (HTTP/1.1 200) 4 headers in 158 bytes (1 switches on core 0)
2026-07-01 08:37:17.546 7 INFO neutron.plugins.ml2.drivers.ovn.mech_driver.mech_driver [None req-e66eec49-3ab1-4d68-8400-5186966aed42 - - - - - -] OVN reports status down for port: 5e92b62a-afbc-4b08-b466-2ee27d28e4ae
2026-07-01 08:37:17.608 7 INFO neutron.db.ovn_revision_numbers_db [None req-4b97d2af-61dc-4628-8498-291e9cc97bbc 3224e3841e9546b09b90aad763e62f27 3aa8c57a219f48f7a093dee90f6abd56 - - default default] Successfully bumped revision number for resource 5e92b62a-afbc-4b08-b466-2ee27d28e4ae (type: ports) to 1 [pid: 8|app: 0|req: 1102/2048] 10.0.0.148 () {32 vars in 739 bytes} [Wed Jul 1 08:37:17 2026] DELETE /v2.0/security-groups/f0c61172-b3a8-4e43-8c73-d7d8dddb7da2 => generated 0 bytes in 282 msecs (HTTP/1.1 204) 2 headers in 112 bytes (1 switches on core 0)
2026-07-01 08:37:18.297 7 INFO neutron.plugins.ml2.drivers.ovn.mech_driver.ovsdb.commands [None req-db9c4879-bfe7-4649-92d3-39dcbe18d6ef - - - - - -] Schedule LRP lrp-5e92b62a-afbc-4b08-b466-2ee27d28e4ae on gateway 2952395a-1390-4d3a-8789-a69eb278527c with priority 1
2026-07-01 08:37:18.340 7 INFO neutron.plugins.ml2.drivers.ovn.mech_driver.mech_driver [None req-e66eec49-3ab1-4d68-8400-5186966aed42 - - - - - -] OVN reports status up for port: 5e92b62a-afbc-4b08-b466-2ee27d28e4ae
2026-07-01 08:37:18.355 7 INFO neutron.plugins.ml2.plugin [None req-e66eec49-3ab1-4d68-8400-5186966aed42 - - - - - -] Attempt 1 to provision port 5e92b62a-afbc-4b08-b466-2ee27d28e4ae
2026-07-01 08:37:18.405 7 INFO neutron.db.ovn_revision_numbers_db [None req-4b97d2af-61dc-4628-8498-291e9cc97bbc 3224e3841e9546b09b90aad763e62f27 3aa8c57a219f48f7a093dee90f6abd56 - - default default] Successfully bumped revision number for resource 5e92b62a-afbc-4b08-b466-2ee27d28e4ae (type: router_ports) to 1
2026-07-01 08:37:18.518 7 INFO neutron.db.ovn_revision_numbers_db [None req-4b97d2af-61dc-4628-8498-291e9cc97bbc 3224e3841e9546b09b90aad763e62f27 3aa8c57a219f48f7a093dee90f6abd56 - - default default] Successfully bumped revision number for resource 74c1770f-a72b-4d18-9474-02c47bf8a3db (type: routers) to 2 [pid: 7|app: 0|req: 947/2049] 10.0.0.148 () {34 vars in 668 bytes} [Wed Jul 1 08:37:16 2026] POST /v2.0/routers => generated 948 bytes in 1701 msecs (HTTP/1.1 201) 4 headers in 162 bytes (1 switches on core 0) [pid: 8|app: 0|req: 1103/2050] 10.0.0.148 () {32 vars in 720 bytes} [Wed Jul 1 08:37:18 2026] GET /v2.0/routers/74c1770f-a72b-4d18-9474-02c47bf8a3db => generated 954 bytes in 72 msecs (HTTP/1.1 200) 4 headers in 157 bytes (1 switches on core 0) [pid: 7|app: 0|req: 948/2051] 10.0.0.148 () {32 vars in 646 bytes} [Wed Jul 1 08:37:18 2026] GET /v2.0/routers => generated 957 bytes in 114 msecs (HTTP/1.1 200) 4 headers in 157 bytes (1 switches on core 0)
2026-07-01 08:37:19.141 8 INFO neutron.db.ovn_revision_numbers_db [None req-a6573d49-f30c-47b8-8b79-eb143e0a27d1 3224e3841e9546b09b90aad763e62f27 3aa8c57a219f48f7a093dee90f6abd56 - - default default] Successfully bumped revision number for resource 74c1770f-a72b-4d18-9474-02c47bf8a3db (type: routers) to 3 [pid: 8|app: 0|req: 1104/2052] 10.0.0.148 () {34 vars in 740 bytes} [Wed Jul 1 08:37:18 2026] PUT /v2.0/routers/74c1770f-a72b-4d18-9474-02c47bf8a3db => generated 961 bytes in 411 msecs (HTTP/1.1 200) 4 headers in 157 bytes (1 switches on core 0) [pid: 7|app: 0|req: 949/2053] 10.0.0.148 () {32 vars in 720 bytes} [Wed Jul 1 08:37:19 2026] GET /v2.0/routers/74c1770f-a72b-4d18-9474-02c47bf8a3db => generated 961 bytes in 81 msecs (HTTP/1.1 200) 4 headers in 157 bytes (1 switches on core 0) [pid: 8|app: 0|req: 1105/2054] 10.0.0.148 () {32 vars in 735 bytes} [Wed Jul 1 08:37:19 2026] GET /v2.0/ports?device_id=74c1770f-a72b-4d18-9474-02c47bf8a3db => generated 12 bytes in 25 msecs (HTTP/1.1 200) 4 headers in 156 bytes (1 switches on core 0)
2026-07-01 08:37:19.600 7 INFO neutron_taas.services.taas.taas_plugin [None req-ab93afc9-7f41-4f3d-9ef2-a98a00f35bf7 3224e3841e9546b09b90aad763e62f27 3aa8c57a219f48f7a093dee90f6abd56 - - default default] TaaS: Handle Delete Port: 5e92b62a-afbc-4b08-b466-2ee27d28e4ae
2026-07-01 08:37:19.604 7 INFO neutron_taas.services.taas.tap_mirror_plugin [None req-ab93afc9-7f41-4f3d-9ef2-a98a00f35bf7 3224e3841e9546b09b90aad763e62f27 3aa8c57a219f48f7a093dee90f6abd56 - - default default] Tap Mirror: Handle Delete Port: 5e92b62a-afbc-4b08-b466-2ee27d28e4ae [pid: 7|app: 0|req: 950/2055] 10.0.0.148 () {32 vars in 723 bytes} [Wed Jul 1 08:37:19 2026] DELETE /v2.0/routers/74c1770f-a72b-4d18-9474-02c47bf8a3db => generated 0 bytes in 704 msecs (HTTP/1.1 204) 2 headers in 112 bytes (1 switches on core 0) [pid: 8|app: 0|req: 1106/2056] 10.0.0.148 () {32 vars in 735 bytes} [Wed Jul 1 08:37:19 2026] GET /v2.0/ports?device_id=74c1770f-a72b-4d18-9474-02c47bf8a3db => generated 12 bytes in 24 msecs (HTTP/1.1 200) 4 headers in 156 bytes (1 switches on core 0)
2026-07-01 08:37:20.032 7 INFO neutron.api.v2.resource [None req-3393afa2-3191-4c18-a5fd-e51fe9b5d2e3 3224e3841e9546b09b90aad763e62f27 3aa8c57a219f48f7a093dee90f6abd56 - - default default] delete failed (client error): The resource could not be found. [pid: 7|app: 0|req: 951/2057] 10.0.0.148 () {32 vars in 723 bytes} [Wed Jul 1 08:37:20 2026] DELETE /v2.0/routers/74c1770f-a72b-4d18-9474-02c47bf8a3db => generated 135 bytes in 19 msecs (HTTP/1.1 404) 4 headers in 164 bytes (1 switches on core 0) [pid: 8|app: 0|req: 1107/2058] 10.0.0.148 () {32 vars in 735 bytes} [Wed Jul 1 08:37:20 2026] GET /v2.0/ports?device_id=745badfd-009c-46a9-a075-1d648fd0a0f6 => generated 12 bytes in 25 msecs (HTTP/1.1 200) 4 headers in 156 bytes (1 switches on core 0)
2026-07-01 08:37:20.086 7 INFO neutron.api.v2.resource [None req-2ebd8192-e1c4-4a59-b89b-7aef7fa53076 3224e3841e9546b09b90aad763e62f27 3aa8c57a219f48f7a093dee90f6abd56 - - default default] delete failed (client error): The resource could not be found. [pid: 7|app: 0|req: 952/2059] 10.0.0.148 () {32 vars in 723 bytes} [Wed Jul 1 08:37:20 2026] DELETE /v2.0/routers/745badfd-009c-46a9-a075-1d648fd0a0f6 => generated 135 bytes in 20 msecs (HTTP/1.1 404) 4 headers in 164 bytes (1 switches on core 0)
2026-07-01 08:37:20.105 8 INFO neutron.pecan_wsgi.hooks.translation [None req-9f04fa6a-f4c7-4e68-8f02-f00ebb0e0508 3224e3841e9546b09b90aad763e62f27 3aa8c57a219f48f7a093dee90f6abd56 - - default default] DELETE failed (client error): The resource could not be found. [pid: 8|app: 0|req: 1108/2060] 10.0.0.148 () {32 vars in 723 bytes} [Wed Jul 1 08:37:20 2026] DELETE /v2.0/subnets/70ed5cb4-a334-455d-86fd-fbf3111a4dc3 => generated 136 bytes in 16 msecs (HTTP/1.1 404) 4 headers in 164 bytes (1 switches on core 0) [pid: 7|app: 0|req: 953/2061] 10.0.0.148 () {32 vars in 735 bytes} [Wed Jul 1 08:37:20 2026] GET /v2.0/ports?device_id=f4bb8827-eb35-4b1f-a7dd-6edab2cc6036 => generated 12 bytes in 21 msecs (HTTP/1.1 200) 4 headers in 156 bytes (1 switches on core 0)
2026-07-01 08:37:20.155 8 INFO neutron.api.v2.resource [None req-77bfbeb5-1777-45b2-94d5-accb040881fd 3224e3841e9546b09b90aad763e62f27 3aa8c57a219f48f7a093dee90f6abd56 - - default default] delete failed (client error): The resource could not be found. [pid: 8|app: 0|req: 1109/2062] 10.0.0.148 () {32 vars in 723 bytes} [Wed Jul 1 08:37:20 2026] DELETE /v2.0/routers/f4bb8827-eb35-4b1f-a7dd-6edab2cc6036 => generated 135 bytes in 21 msecs (HTTP/1.1 404) 4 headers in 164 bytes (1 switches on core 0)
2026-07-01 08:37:20.182 7 INFO neutron.pecan_wsgi.hooks.translation [None req-7fc6dc71-a95b-4ff5-9417-68205637177d 3224e3841e9546b09b90aad763e62f27 3aa8c57a219f48f7a093dee90f6abd56 - - default default] DELETE failed (client error): The resource could not be found. [pid: 7|app: 0|req: 954/2063] 10.0.0.148 () {32 vars in 723 bytes} [Wed Jul 1 08:37:20 2026] DELETE /v2.0/subnets/d569c5df-b5ab-4c49-85a7-556ff5a25933 => generated 136 bytes in 24 msecs (HTTP/1.1 404) 4 headers in 164 bytes (1 switches on core 0) [pid: 8|app: 0|req: 1110/2064] 10.0.0.148 () {32 vars in 735 bytes} [Wed Jul 1 08:37:20 2026] GET /v2.0/ports?device_id=04b6eb7f-a9a8-4a57-8291-1767a2195d93 => generated 12 bytes in 19 msecs (HTTP/1.1 200) 4 headers in 156 bytes (1 switches on core 0)
2026-07-01 08:37:20.235 7 INFO neutron.api.v2.resource [None req-2bfdedad-724a-4e66-ad70-bc4829dd6785 3224e3841e9546b09b90aad763e62f27 3aa8c57a219f48f7a093dee90f6abd56 - - default default] delete failed (client error): The resource could not be found. [pid: 7|app: 0|req: 955/2065] 10.0.0.148 () {32 vars in 723 bytes} [Wed Jul 1 08:37:20 2026] DELETE /v2.0/routers/04b6eb7f-a9a8-4a57-8291-1767a2195d93 => generated 135 bytes in 23 msecs (HTTP/1.1 404) 4 headers in 164 bytes (1 switches on core 0)
2026-07-01 08:37:20.260 8 INFO neutron.pecan_wsgi.hooks.translation [None req-5c551ea6-f2e6-47a0-8658-c449e7782b6a 3224e3841e9546b09b90aad763e62f27 3aa8c57a219f48f7a093dee90f6abd56 - - default default] DELETE failed (client error): The resource could not be found. [pid: 8|app: 0|req: 1111/2066] 10.0.0.148 () {32 vars in 723 bytes} [Wed Jul 1 08:37:20 2026] DELETE /v2.0/subnets/c4170048-00fe-4fd2-b149-5918235227a9 => generated 136 bytes in 22 msecs (HTTP/1.1 404) 4 headers in 164 bytes (1 switches on core 0)
2026-07-01 08:37:20.284 7 INFO neutron.pecan_wsgi.hooks.translation [None req-fbde40a0-94b7-4e43-93d3-fcffc5c5444b 3224e3841e9546b09b90aad763e62f27 3aa8c57a219f48f7a093dee90f6abd56 - - default default] DELETE failed (client error): The resource could not be found. [pid: 7|app: 0|req: 956/2067] 10.0.0.148 () {32 vars in 723 bytes} [Wed Jul 1 08:37:20 2026] DELETE /v2.0/subnets/884a890f-d528-4e4a-b545-1e30112b128c => generated 136 bytes in 17 msecs (HTTP/1.1 404) 4 headers in 164 bytes (1 switches on core 0) [pid: 7|app: 0|req: 957/2068] 10.0.0.11 () {34 vars in 988 bytes} [Wed Jul 1 08:37:20 2026] GET /v2.0/ports?device_id=a7bc5aaf-8b5d-4d6e-b9f3-197ae72d8d32 => generated 1192 bytes in 84 msecs (HTTP/1.1 200) 4 headers in 158 bytes (1 switches on core 0) [pid: 7|app: 0|req: 958/2069] 10.0.0.11 () {34 vars in 1038 bytes} [Wed Jul 1 08:37:20 2026] GET /v2.0/security-groups?id=0827edf4-522a-460d-9984-1f6e31a1a719&fields=id&fields=name => generated 111 bytes in 34 msecs (HTTP/1.1 200) 4 headers in 157 bytes (1 switches on core 0) [pid: 8|app: 0|req: 1112/2070] 10.0.0.148 () {32 vars in 773 bytes} [Wed Jul 1 08:37:20 2026] GET /v2.0/security-groups?tenant_id=3aa8c57a219f48f7a093dee90f6abd56&name=default => generated 2925 bytes in 197 msecs (HTTP/1.1 200) 4 headers in 158 bytes (1 switches on core 0) [pid: 7|app: 0|req: 959/2071] 10.0.0.148 () {32 vars in 817 bytes} [Wed Jul 1 08:37:20 2026] GET /v2.0/ports?network_id=5b563526-e12a-4451-a2bc-a1409eff6bc6&mac_address=fa%3A16%3A3e%3A78%3A0e%3A64 => generated 1192 bytes in 66 msecs (HTTP/1.1 200) 4 headers in 158 bytes (1 switches on core 0)
2026-07-01 08:37:21.000 8 WARNING neutron.plugins.ml2.drivers.ovn.mech_driver.ovsdb.ovn_client [None req-1dbb3386-8d4e-4ebb-bc9d-9b8c9612fb07 - - - - - -] No port found with ID 68522b6b-6156-482a-ad1a-d54de88e2202: RuntimeError: No port found with ID 68522b6b-6156-482a-ad1a-d54de88e2202 [pid: 8|app: 0|req: 1113/2072] 10.0.0.148 () {32 vars in 739 bytes} [Wed Jul 1 08:37:20 2026] DELETE /v2.0/security-groups/3738665a-8258-4a0b-a9e3-a972313e37ba => generated 0 bytes in 280 msecs (HTTP/1.1 204) 2 headers in 112 bytes (1 switches on core 0)
2026-07-01 08:37:21.236 7 WARNING neutron.scheduler.dhcp_agent_scheduler [None req-37436b00-081d-4214-a063-a3a7776d4a4f 2b5020367f6c447192fbacd2289c51b3 b7bdc7cea7b546689318e84eee481c09 - - default default] No more DHCP agents
2026-07-01 08:37:21.237 7 WARNING neutron.api.rpc.agentnotifiers.dhcp_rpc_agent_api [None req-37436b00-081d-4214-a063-a3a7776d4a4f 2b5020367f6c447192fbacd2289c51b3 b7bdc7cea7b546689318e84eee481c09 - - default default] Unable to schedule network a01a6008-eeb1-47de-941d-befba263074a: no agents available; will retry on subsequent port and subnet creation events.
2026-07-01 08:37:22.016 7 INFO neutron.db.ovn_revision_numbers_db [None req-37436b00-081d-4214-a063-a3a7776d4a4f 2b5020367f6c447192fbacd2289c51b3 b7bdc7cea7b546689318e84eee481c09 - - default default] Successfully bumped revision number for resource 8b1061b3-8944-40e6-b2af-e456e21fded5 (type: floatingips) to 1
2026-07-01 08:37:22.016 7 INFO neutron.db.l3_db [None req-37436b00-081d-4214-a063-a3a7776d4a4f 2b5020367f6c447192fbacd2289c51b3 b7bdc7cea7b546689318e84eee481c09 - - default default] Floating IP 8b1061b3-8944-40e6-b2af-e456e21fded5 associated. External IP: 10.96.250.209, port: cf7fa3c7-d25b-4bc1-ae47-8fb6595e461b. [pid: 7|app: 0|req: 960/2073] 10.0.0.148 () {34 vars in 676 bytes} [Wed Jul 1 08:37:20 2026] POST /v2.0/floatingips => generated 853 bytes in 1080 msecs (HTTP/1.1 201) 4 headers in 162 bytes (1 switches on core 0)
2026-07-01 08:37:22.108 7 INFO neutron.notifiers.nova [-] Nova event matching ['req-a97b15aa-6d6e-497c-adb0-26421fb37773'] response: {'name': 'network-changed', 'server_uuid': 'a7bc5aaf-8b5d-4d6e-b9f3-197ae72d8d32', 'tag': 'cf7fa3c7-d25b-4bc1-ae47-8fb6595e461b', 'status': 'completed', 'code': 200}
2026-07-01 08:37:22.146 8 INFO neutron.db.ovn_revision_numbers_db [None req-226c96fa-32cd-4490-a640-7d97413797cd 8f923957dc6149d482870dcb96562dfb b51be627f7ed46c6b6bee224dca0b341 - - default default] Successfully bumped revision number for resource 975da4fe-0927-4a61-965d-8e4679695ca6 (type: security_groups) to 1
2026-07-01 08:37:22.159 8 INFO neutron.db.ovn_revision_numbers_db [None req-226c96fa-32cd-4490-a640-7d97413797cd 8f923957dc6149d482870dcb96562dfb b51be627f7ed46c6b6bee224dca0b341 - - default default] Successfully bumped revision number for resource 1613d815-0e71-4b23-955c-ef3a741ea2e4 (type: security_group_rules) to 0
2026-07-01 08:37:22.183 8 INFO neutron.db.ovn_revision_numbers_db [None req-226c96fa-32cd-4490-a640-7d97413797cd 8f923957dc6149d482870dcb96562dfb b51be627f7ed46c6b6bee224dca0b341 - - default default] Successfully bumped revision number for resource 30bfd93b-3354-4992-a1bc-f130e41bbe7f (type: security_group_rules) to 0 [pid: 7|app: 0|req: 961/2074] 10.0.0.11 () {34 vars in 1092 bytes} [Wed Jul 1 08:37:22 2026] GET /v2.0/security-groups?name=tempest-lb_member_SG-901158685&fields=id&tenant_id=b7bdc7cea7b546689318e84eee481c09 => generated 69 bytes in 59 msecs (HTTP/1.1 200) 4 headers in 156 bytes (1 switches on core 0)
