2026-07-01 08:40:56.534 7 INFO neutron.db.ovn_revision_numbers_db [None req-a54cd7b8-d4ff-49b7-9750-be37b3da587b d6be696f6a25419cb42e19319b8a435e 7acb83ff15644ab2bc48bd78b8aa131c - - default default] Successfully bumped revision number for resource 5f3bc315-0e55-4681-b0bd-29715c1bae5e (type: ports) to 9 [pid: 7|app: 0|req: 1652/3436] 199.204.45.177 () {34 vars in 788 bytes} [Wed Jul 1 08:40:56 2026] PUT /v2.0/ports/5f3bc315-0e55-4681-b0bd-29715c1bae5e => generated 1094 bytes in 368 msecs (HTTP/1.1 200) 4 headers in 158 bytes (1 switches on core 0) [pid: 8|app: 0|req: 1785/3437] 199.204.45.177 () {32 vars in 778 bytes} [Wed Jul 1 08:40:56 2026] DELETE /v2.0/security-groups/d6cdd6cb-cc65-43b7-bccf-edc2d99139d5 => generated 0 bytes in 91 msecs (HTTP/1.1 204) 2 headers in 112 bytes (1 switches on core 0)
2026-07-01 08:40:56.791 7 INFO neutron_taas.services.taas.taas_plugin [None req-19005ce3-76cc-4283-b526-c9c2ba95954d d6be696f6a25419cb42e19319b8a435e 7acb83ff15644ab2bc48bd78b8aa131c - - default default] TaaS: Handle Delete Port: 5f3bc315-0e55-4681-b0bd-29715c1bae5e
2026-07-01 08:40:56.793 7 INFO neutron_taas.services.taas.tap_mirror_plugin [None req-19005ce3-76cc-4283-b526-c9c2ba95954d d6be696f6a25419cb42e19319b8a435e 7acb83ff15644ab2bc48bd78b8aa131c - - default default] Tap Mirror: Handle Delete Port: 5f3bc315-0e55-4681-b0bd-29715c1bae5e [pid: 7|app: 0|req: 1653/3438] 199.204.45.177 () {32 vars in 758 bytes} [Wed Jul 1 08:40:56 2026] DELETE /v2.0/ports/5f3bc315-0e55-4681-b0bd-29715c1bae5e => generated 0 bytes in 290 msecs (HTTP/1.1 204) 3 headers in 131 bytes (1 switches on core 0)
2026-07-01 08:40:58.299 8 INFO neutron.plugins.ml2.drivers.ovn.mech_driver.mech_driver [None req-8e66849b-6f99-4ba4-9129-b0cdfa0fd173 - - - - - -] OVN reports status down for port: 8e903189-0513-4f32-9513-3ec70a66cfea
2026-07-01 08:40:58.451 8 INFO neutron.notifiers.nova [-] Nova event matching ['req-bd8b8668-61bb-4d67-8a4d-ff7ef9b003ff'] response: {'server_uuid': 'b646b963-0f7d-4c30-8dc4-27f9eacfbdf4', 'name': 'network-vif-unplugged', 'status': 'completed', 'tag': '8e903189-0513-4f32-9513-3ec70a66cfea', 'code': 200}
2026-07-01 08:40:58.602 8 INFO neutron.db.ovn_revision_numbers_db [None req-8e66849b-6f99-4ba4-9129-b0cdfa0fd173 - - - - - -] Successfully bumped revision number for resource 8e903189-0513-4f32-9513-3ec70a66cfea (type: ports) to 6 /var/lib/openstack/lib/python3.12/site-packages/pycadf/identifier.py:70: UserWarning: Invalid uuid: neutron. To ensure interoperability, identifiers should be a valid uuid. warnings.warn(('Invalid uuid: %s. To ensure interoperability, ' [pid: 8|app: 0|req: 1786/3439] 199.204.45.177 () {34 vars in 993 bytes} [Wed Jul 1 08:40:59 2026] GET /v2.0/ports?device_id=b646b963-0f7d-4c30-8dc4-27f9eacfbdf4 => generated 1215 bytes in 40 msecs (HTTP/1.1 200) 4 headers in 158 bytes (1 switches on core 0)
2026-07-01 08:40:59.621 7 INFO neutron_taas.services.taas.taas_plugin [req-23fe276e-55a4-4a72-985d-5d95bacd67c8 req-e0bf193e-a3de-40c1-aed9-923340744e41 d6be696f6a25419cb42e19319b8a435e 7acb83ff15644ab2bc48bd78b8aa131c - - default default] TaaS: Handle Delete Port: 8e903189-0513-4f32-9513-3ec70a66cfea
2026-07-01 08:40:59.623 7 INFO neutron_taas.services.taas.tap_mirror_plugin [req-23fe276e-55a4-4a72-985d-5d95bacd67c8 req-e0bf193e-a3de-40c1-aed9-923340744e41 d6be696f6a25419cb42e19319b8a435e 7acb83ff15644ab2bc48bd78b8aa131c - - default default] Tap Mirror: Handle Delete Port: 8e903189-0513-4f32-9513-3ec70a66cfea [pid: 7|app: 0|req: 1654/3440] 199.204.45.177 () {36 vars in 996 bytes} [Wed Jul 1 08:40:59 2026] DELETE /v2.0/ports/8e903189-0513-4f32-9513-3ec70a66cfea => generated 0 bytes in 282 msecs (HTTP/1.1 204) 3 headers in 131 bytes (1 switches on core 0)
2026-07-01 08:40:59.809 7 INFO neutron.notifiers.nova [-] Nova event matching ['req-cd5c4c8e-7d95-4202-824a-590ac62a348c'] response: {'server_uuid': 'b646b963-0f7d-4c30-8dc4-27f9eacfbdf4', 'name': 'network-vif-deleted', 'tag': '8e903189-0513-4f32-9513-3ec70a66cfea', 'status': 'completed', 'code': 200}
2026-07-01 08:41:00.387 8 INFO neutron_taas.services.taas.taas_plugin [None req-bbfcc9c2-0a86-4d50-918a-0d018c6b075e 2b5020367f6c447192fbacd2289c51b3 b7bdc7cea7b546689318e84eee481c09 - - default default] TaaS: Handle Delete Port: 4bcec3bf-7040-4fcf-9e49-a6a58f549761
2026-07-01 08:41:00.390 8 INFO neutron_taas.services.taas.tap_mirror_plugin [None req-bbfcc9c2-0a86-4d50-918a-0d018c6b075e 2b5020367f6c447192fbacd2289c51b3 b7bdc7cea7b546689318e84eee481c09 - - default default] Tap Mirror: Handle Delete Port: 4bcec3bf-7040-4fcf-9e49-a6a58f549761
2026-07-01 08:41:00.499 8 INFO neutron.notifiers.nova [-] Nova event matching ['req-f2692f25-c4fe-49fb-aeee-617c9c9b566e'] response: {'server_uuid': 'b646b963-0f7d-4c30-8dc4-27f9eacfbdf4', 'name': 'network-vif-unplugged', 'status': 'completed', 'tag': '8e903189-0513-4f32-9513-3ec70a66cfea', 'code': 200}
2026-07-01 08:41:00.609 8 INFO neutron.db.l3_db [None req-bbfcc9c2-0a86-4d50-918a-0d018c6b075e 2b5020367f6c447192fbacd2289c51b3 b7bdc7cea7b546689318e84eee481c09 - - default default] Floating IP 28c4d60f-0c60-4e76-860a-3a2a7c27e516 disassociated (deleted). External IP: 10.96.250.208, port: eef9a660-b2db-4eb5-98ed-08d71daf2d4d. [pid: 8|app: 0|req: 1787/3443] 10.0.0.148 () {32 vars in 731 bytes} [Wed Jul 1 08:41:00 2026] DELETE /v2.0/floatingips/28c4d60f-0c60-4e76-860a-3a2a7c27e516 => generated 0 bytes in 460 msecs (HTTP/1.1 204) 2 headers in 112 bytes (1 switches on core 0) /var/lib/openstack/lib/python3.12/site-packages/pycadf/identifier.py:70: UserWarning: Invalid uuid: neutron. To ensure interoperability, identifiers should be a valid uuid. warnings.warn(('Invalid uuid: %s. To ensure interoperability, '
2026-07-01 08:41:00.684 7 INFO neutron.api.v2.resource [None req-6c9d1e3c-17f3-4d36-afd1-70f396bb964f 2b5020367f6c447192fbacd2289c51b3 b7bdc7cea7b546689318e84eee481c09 - - default default] show failed (client error): The resource could not be found. [pid: 7|app: 0|req: 1657/3444] 10.0.0.148 () {32 vars in 728 bytes} [Wed Jul 1 08:41:00 2026] GET /v2.0/floatingips/28c4d60f-0c60-4e76-860a-3a2a7c27e516 => generated 144 bytes in 28 msecs (HTTP/1.1 404) 4 headers in 164 bytes (1 switches on core 0) [pid: 8|app: 0|req: 1788/3445] 10.0.0.11 () {34 vars in 988 bytes} [Wed Jul 1 08:41:00 2026] GET /v2.0/ports?device_id=f7ab4e60-ee04-4ece-aca1-87224b74f863 => generated 1200 bytes in 82 msecs (HTTP/1.1 200) 4 headers in 158 bytes (1 switches on core 0) [pid: 7|app: 0|req: 1658/3446] 10.0.0.11 () {34 vars in 1038 bytes} [Wed Jul 1 08:41:00 2026] GET /v2.0/security-groups?id=0827edf4-522a-460d-9984-1f6e31a1a719&fields=id&fields=name => generated 111 bytes in 41 msecs (HTTP/1.1 200) 4 headers in 157 bytes (1 switches on core 0)
2026-07-01 08:41:01.916 7 INFO neutron.plugins.ml2.drivers.ovn.mech_driver.mech_driver [None req-2f7d99fa-fcd7-4df7-94ec-10f7a41fd8ae - - - - - -] OVN reports status down for port: eef9a660-b2db-4eb5-98ed-08d71daf2d4d
2026-07-01 08:41:02.044 7 INFO neutron.notifiers.nova [-] Nova event matching ['req-e7d90b83-51c9-40a2-a2e9-fb8531d5f127'] response: {'server_uuid': 'f7ab4e60-ee04-4ece-aca1-87224b74f863', 'name': 'network-vif-unplugged', 'status': 'completed', 'tag': 'eef9a660-b2db-4eb5-98ed-08d71daf2d4d', 'code': 200}
2026-07-01 08:41:02.158 7 INFO neutron.db.ovn_revision_numbers_db [None req-2f7d99fa-fcd7-4df7-94ec-10f7a41fd8ae - - - - - -] Successfully bumped revision number for resource eef9a660-b2db-4eb5-98ed-08d71daf2d4d (type: ports) to 6
2026-07-01 08:41:02.535 8 INFO neutron.notifiers.nova [-] Nova event matching ['req-bcbc23b0-0735-42d2-8960-99d06a97915f'] response: {'name': 'network-changed', 'server_uuid': 'f7ab4e60-ee04-4ece-aca1-87224b74f863', 'tag': 'eef9a660-b2db-4eb5-98ed-08d71daf2d4d', 'status': 'completed', 'code': 200} /var/lib/openstack/lib/python3.12/site-packages/pycadf/identifier.py:70: UserWarning: Invalid uuid: neutron. To ensure interoperability, identifiers should be a valid uuid. warnings.warn(('Invalid uuid: %s. To ensure interoperability, ' [pid: 8|app: 0|req: 1789/3447] 199.204.45.177 () {34 vars in 1079 bytes} [Wed Jul 1 08:41:03 2026] GET /v2.0/ports?tenant_id=b7bdc7cea7b546689318e84eee481c09&device_id=f7ab4e60-ee04-4ece-aca1-87224b74f863 => generated 1436 bytes in 38 msecs (HTTP/1.1 200) 4 headers in 158 bytes (1 switches on core 0) [pid: 8|app: 0|req: 1790/3448] 199.204.45.177 () {34 vars in 985 bytes} [Wed Jul 1 08:41:03 2026] GET /v2.0/networks?id=b3baf578-f184-44ec-9806-3d7cf6a85195 => generated 841 bytes in 34 msecs (HTTP/1.1 200) 4 headers in 157 bytes (1 switches on core 0) [pid: 8|app: 0|req: 1791/3449] 199.204.45.177 () {34 vars in 1057 bytes} [Wed Jul 1 08:41:03 2026] GET /v2.0/floatingips?fixed_ip_address=10.2.2.137&port_id=eef9a660-b2db-4eb5-98ed-08d71daf2d4d => generated 19 bytes in 17 msecs (HTTP/1.1 200) 4 headers in 156 bytes (1 switches on core 0) [pid: 7|app: 0|req: 1659/3450] 199.204.45.177 () {34 vars in 993 bytes} [Wed Jul 1 08:41:03 2026] GET /v2.0/ports?device_id=f7ab4e60-ee04-4ece-aca1-87224b74f863 => generated 1198 bytes in 84 msecs (HTTP/1.1 200) 4 headers in 158 bytes (1 switches on core 0) [pid: 8|app: 0|req: 1792/3451] 199.204.45.177 () {34 vars in 1103 bytes} [Wed Jul 1 08:41:03 2026] GET /v2.0/floatingips?fixed_ip_address=fd77%3A1457%3A4cf0%3A26a8%3A%3Add&port_id=eef9a660-b2db-4eb5-98ed-08d71daf2d4d => generated 19 bytes in 29 msecs (HTTP/1.1 200) 4 headers in 156 bytes (1 switches on core 0) [pid: 8|app: 0|req: 1793/3452] 199.204.45.177 () {34 vars in 1063 bytes} [Wed Jul 1 08:41:03 2026] GET /v2.0/subnets?id=82969402-ecb7-40e5-bed7-093e830e3414&id=64aa5309-84b6-4e26-a047-2190b09b9cff => generated 1415 bytes in 43 msecs (HTTP/1.1 200) 4 headers in 158 bytes (1 switches on core 0) [pid: 8|app: 0|req: 1794/3453] 199.204.45.177 () {34 vars in 1051 bytes} [Wed Jul 1 08:41:03 2026] GET /v2.0/ports?network_id=b3baf578-f184-44ec-9806-3d7cf6a85195&device_owner=network%3Adhcp => generated 12 bytes in 17 msecs (HTTP/1.1 200) 4 headers in 156 bytes (1 switches on core 0) [pid: 8|app: 0|req: 1795/3454] 199.204.45.177 () {34 vars in 1051 bytes} [Wed Jul 1 08:41:03 2026] GET /v2.0/ports?network_id=b3baf578-f184-44ec-9806-3d7cf6a85195&device_owner=network%3Adhcp => generated 12 bytes in 20 msecs (HTTP/1.1 200) 4 headers in 156 bytes (1 switches on core 0)
2026-07-01 08:41:03.322 7 INFO neutron_taas.services.taas.taas_plugin [req-1d3e8a3c-256e-4c6c-8ebd-1c07f63af70d req-026fec8b-05fb-42a5-8765-98dff20113e3 2b5020367f6c447192fbacd2289c51b3 b7bdc7cea7b546689318e84eee481c09 - - default default] TaaS: Handle Delete Port: eef9a660-b2db-4eb5-98ed-08d71daf2d4d
2026-07-01 08:41:03.325 7 INFO neutron_taas.services.taas.tap_mirror_plugin [req-1d3e8a3c-256e-4c6c-8ebd-1c07f63af70d req-026fec8b-05fb-42a5-8765-98dff20113e3 2b5020367f6c447192fbacd2289c51b3 b7bdc7cea7b546689318e84eee481c09 - - default default] Tap Mirror: Handle Delete Port: eef9a660-b2db-4eb5-98ed-08d71daf2d4d [pid: 8|app: 0|req: 1796/3455] 199.204.45.177 () {34 vars in 1011 bytes} [Wed Jul 1 08:41:03 2026] GET /v2.0/networks/b3baf578-f184-44ec-9806-3d7cf6a85195?fields=segments => generated 14 bytes in 39 msecs (HTTP/1.1 200) 4 headers in 156 bytes (1 switches on core 0) [pid: 8|app: 0|req: 1797/3456] 199.204.45.177 () {34 vars in 1111 bytes} [Wed Jul 1 08:41:03 2026] GET /v2.0/networks/b3baf578-f184-44ec-9806-3d7cf6a85195?fields=provider%3Aphysical_network&fields=provider%3Anetwork_type => generated 79 bytes in 48 msecs (HTTP/1.1 200) 4 headers in 156 bytes (1 switches on core 0) [pid: 7|app: 0|req: 1660/3457] 199.204.45.177 () {36 vars in 996 bytes} [Wed Jul 1 08:41:03 2026] DELETE /v2.0/ports/eef9a660-b2db-4eb5-98ed-08d71daf2d4d => generated 0 bytes in 273 msecs (HTTP/1.1 204) 3 headers in 131 bytes (1 switches on core 0)
2026-07-01 08:41:04.085 7 INFO neutron.notifiers.nova [-] Nova event matching ['req-872a32d5-abb2-48d5-9315-7d1736f848a7'] response: {'server_uuid': 'f7ab4e60-ee04-4ece-aca1-87224b74f863', 'name': 'network-vif-unplugged', 'status': 'completed', 'tag': 'eef9a660-b2db-4eb5-98ed-08d71daf2d4d', 'code': 200}
2026-07-01 08:41:04.086 7 INFO neutron.notifiers.nova [-] Nova event matching ['req-872a32d5-abb2-48d5-9315-7d1736f848a7'] response: {'server_uuid': 'f7ab4e60-ee04-4ece-aca1-87224b74f863', 'name': 'network-vif-deleted', 'tag': 'eef9a660-b2db-4eb5-98ed-08d71daf2d4d', 'status': 'completed', 'code': 200} [pid: 8|app: 0|req: 1798/3458] 10.0.0.11 () {34 vars in 988 bytes} [Wed Jul 1 08:41:06 2026] GET /v2.0/ports?device_id=f7ab4e60-ee04-4ece-aca1-87224b74f863 => generated 12 bytes in 159 msecs (HTTP/1.1 200) 4 headers in 156 bytes (1 switches on core 0)
2026-07-01 08:41:11.445 7 INFO neutron_taas.services.taas.taas_plugin [None req-f07cabb7-e4c5-4d69-b314-75fbf558eee8 2b5020367f6c447192fbacd2289c51b3 b7bdc7cea7b546689318e84eee481c09 - - default default] TaaS: Handle Delete Port: ceb87c55-1df7-4d02-87a0-56d12432c17b
2026-07-01 08:41:11.449 7 INFO neutron_taas.services.taas.tap_mirror_plugin [None req-f07cabb7-e4c5-4d69-b314-75fbf558eee8 2b5020367f6c447192fbacd2289c51b3 b7bdc7cea7b546689318e84eee481c09 - - default default] Tap Mirror: Handle Delete Port: ceb87c55-1df7-4d02-87a0-56d12432c17b
2026-07-01 08:41:11.633 7 INFO neutron.db.l3_db [None req-f07cabb7-e4c5-4d69-b314-75fbf558eee8 2b5020367f6c447192fbacd2289c51b3 b7bdc7cea7b546689318e84eee481c09 - - default default] Floating IP 8b1061b3-8944-40e6-b2af-e456e21fded5 disassociated (deleted). External IP: 10.96.250.209, port: cf7fa3c7-d25b-4bc1-ae47-8fb6595e461b. [pid: 7|app: 0|req: 1661/3459] 10.0.0.148 () {32 vars in 731 bytes} [Wed Jul 1 08:41:11 2026] DELETE /v2.0/floatingips/8b1061b3-8944-40e6-b2af-e456e21fded5 => generated 0 bytes in 381 msecs (HTTP/1.1 204) 2 headers in 112 bytes (1 switches on core 0)
2026-07-01 08:41:11.698 8 INFO neutron.api.v2.resource [None req-6afe4214-0e34-486a-a334-aac5376773f1 2b5020367f6c447192fbacd2289c51b3 b7bdc7cea7b546689318e84eee481c09 - - default default] show failed (client error): The resource could not be found. [pid: 8|app: 0|req: 1799/3460] 10.0.0.148 () {32 vars in 728 bytes} [Wed Jul 1 08:41:11 2026] GET /v2.0/floatingips/8b1061b3-8944-40e6-b2af-e456e21fded5 => generated 144 bytes in 18 msecs (HTTP/1.1 404) 4 headers in 164 bytes (1 switches on core 0)
2026-07-01 08:41:11.711 7 INFO neutron.notifiers.nova [-] Nova event matching ['req-d7d83604-5759-4436-8633-8f02049369e9'] response: {'name': 'network-changed', 'server_uuid': 'a7bc5aaf-8b5d-4d6e-b9f3-197ae72d8d32', 'tag': 'cf7fa3c7-d25b-4bc1-ae47-8fb6595e461b', 'status': 'completed', 'code': 200} /var/lib/openstack/lib/python3.12/site-packages/pycadf/identifier.py:70: UserWarning: Invalid uuid: neutron. To ensure interoperability, identifiers should be a valid uuid. warnings.warn(('Invalid uuid: %s. To ensure interoperability, ' [pid: 7|app: 0|req: 1662/3461] 10.0.0.11 () {34 vars in 988 bytes} [Wed Jul 1 08:41:11 2026] GET /v2.0/ports?device_id=a7bc5aaf-8b5d-4d6e-b9f3-197ae72d8d32 => generated 1192 bytes in 89 msecs (HTTP/1.1 200) 4 headers in 158 bytes (1 switches on core 0) [pid: 8|app: 0|req: 1800/3462] 10.0.0.11 () {34 vars in 1038 bytes} [Wed Jul 1 08:41:11 2026] GET /v2.0/security-groups?id=0827edf4-522a-460d-9984-1f6e31a1a719&fields=id&fields=name => generated 111 bytes in 51 msecs (HTTP/1.1 200) 4 headers in 157 bytes (1 switches on core 0) [pid: 7|app: 0|req: 1663/3463] 199.204.45.177 () {34 vars in 1079 bytes} [Wed Jul 1 08:41:12 2026] GET /v2.0/ports?tenant_id=b7bdc7cea7b546689318e84eee481c09&device_id=a7bc5aaf-8b5d-4d6e-b9f3-197ae72d8d32 => generated 1430 bytes in 43 msecs (HTTP/1.1 200) 4 headers in 158 bytes (1 switches on core 0) [pid: 8|app: 0|req: 1801/3464] 199.204.45.177 () {34 vars in 985 bytes} [Wed Jul 1 08:41:12 2026] GET /v2.0/networks?id=5b563526-e12a-4451-a2bc-a1409eff6bc6 => generated 840 bytes in 58 msecs (HTTP/1.1 200) 4 headers in 157 bytes (1 switches on core 0) [pid: 7|app: 0|req: 1664/3465] 199.204.45.177 () {34 vars in 1053 bytes} [Wed Jul 1 08:41:12 2026] GET /v2.0/floatingips?fixed_ip_address=10.2.1.5&port_id=cf7fa3c7-d25b-4bc1-ae47-8fb6595e461b => generated 19 bytes in 36 msecs (HTTP/1.1 200) 4 headers in 156 bytes (1 switches on core 0) [pid: 8|app: 0|req: 1802/3466] 199.204.45.177 () {34 vars in 1103 bytes} [Wed Jul 1 08:41:12 2026] GET /v2.0/floatingips?fixed_ip_address=fd7b%3Af9f7%3Afff%3A4eca%3A%3A1d9&port_id=cf7fa3c7-d25b-4bc1-ae47-8fb6595e461b => generated 19 bytes in 28 msecs (HTTP/1.1 200) 4 headers in 156 bytes (1 switches on core 0) [pid: 7|app: 0|req: 1665/3467] 199.204.45.177 () {34 vars in 1063 bytes} [Wed Jul 1 08:41:12 2026] GET /v2.0/subnets?id=f75cc690-1874-42de-8793-10791a475e65&id=173ad5ac-9728-4e10-ba85-926df095e17e => generated 1410 bytes in 38 msecs (HTTP/1.1 200) 4 headers in 158 bytes (1 switches on core 0) [pid: 8|app: 0|req: 1803/3468] 199.204.45.177 () {34 vars in 1051 bytes} [Wed Jul 1 08:41:12 2026] GET /v2.0/ports?network_id=5b563526-e12a-4451-a2bc-a1409eff6bc6&device_owner=network%3Adhcp => generated 12 bytes in 25 msecs (HTTP/1.1 200) 4 headers in 156 bytes (1 switches on core 0) [pid: 7|app: 0|req: 1666/3469] 199.204.45.177 () {34 vars in 1051 bytes} [Wed Jul 1 08:41:12 2026] GET /v2.0/ports?network_id=5b563526-e12a-4451-a2bc-a1409eff6bc6&device_owner=network%3Adhcp => generated 12 bytes in 19 msecs (HTTP/1.1 200) 4 headers in 156 bytes (1 switches on core 0) [pid: 8|app: 0|req: 1804/3470] 199.204.45.177 () {34 vars in 1011 bytes} [Wed Jul 1 08:41:12 2026] GET /v2.0/networks/5b563526-e12a-4451-a2bc-a1409eff6bc6?fields=segments => generated 14 bytes in 34 msecs (HTTP/1.1 200) 4 headers in 156 bytes (1 switches on core 0) [pid: 7|app: 0|req: 1667/3471] 199.204.45.177 () {34 vars in 1111 bytes} [Wed Jul 1 08:41:12 2026] GET /v2.0/networks/5b563526-e12a-4451-a2bc-a1409eff6bc6?fields=provider%3Aphysical_network&fields=provider%3Anetwork_type => generated 79 bytes in 42 msecs (HTTP/1.1 200) 4 headers in 156 bytes (1 switches on core 0)
2026-07-01 08:41:12.921 7 INFO neutron.plugins.ml2.drivers.ovn.mech_driver.mech_driver [None req-e27ab638-788a-4d3a-ae5b-704943cf5261 - - - - - -] OVN reports status down for port: cf7fa3c7-d25b-4bc1-ae47-8fb6595e461b
2026-07-01 08:41:13.204 7 INFO neutron.db.ovn_revision_numbers_db [None req-e27ab638-788a-4d3a-ae5b-704943cf5261 - - - - - -] Successfully bumped revision number for resource cf7fa3c7-d25b-4bc1-ae47-8fb6595e461b (type: ports) to 6
2026-07-01 08:41:13.753 7 INFO neutron.notifiers.nova [-] Nova event matching ['req-436adb9e-3681-4ae3-b1f7-0864a87b47dd'] response: {'server_uuid': 'a7bc5aaf-8b5d-4d6e-b9f3-197ae72d8d32', 'name': 'network-vif-unplugged', 'status': 'completed', 'tag': 'cf7fa3c7-d25b-4bc1-ae47-8fb6595e461b', 'code': 200}
2026-07-01 08:41:13.753 7 INFO neutron.notifiers.nova [-] Nova event matching ['req-436adb9e-3681-4ae3-b1f7-0864a87b47dd'] response: {'server_uuid': 'a7bc5aaf-8b5d-4d6e-b9f3-197ae72d8d32', 'name': 'network-vif-unplugged', 'status': 'completed', 'tag': 'cf7fa3c7-d25b-4bc1-ae47-8fb6595e461b', 'code': 200} [pid: 8|app: 0|req: 1805/3472] 199.204.45.177 () {34 vars in 993 bytes} [Wed Jul 1 08:41:14 2026] GET /v2.0/ports?device_id=a7bc5aaf-8b5d-4d6e-b9f3-197ae72d8d32 => generated 1190 bytes in 83 msecs (HTTP/1.1 200) 4 headers in 158 bytes (1 switches on core 0) /var/lib/openstack/lib/python3.12/site-packages/pycadf/identifier.py:70: UserWarning: Invalid uuid: neutron. To ensure interoperability, identifiers should be a valid uuid. warnings.warn(('Invalid uuid: %s. To ensure interoperability, '
2026-07-01 08:41:14.336 7 INFO neutron_taas.services.taas.taas_plugin [req-c02a76cf-ccfe-414f-b582-5584b40260ba req-6723cd3d-d995-4ab5-82bb-892f9bcd43a7 2b5020367f6c447192fbacd2289c51b3 b7bdc7cea7b546689318e84eee481c09 - - default default] TaaS: Handle Delete Port: cf7fa3c7-d25b-4bc1-ae47-8fb6595e461b
2026-07-01 08:41:14.339 7 INFO neutron_taas.services.taas.tap_mirror_plugin [req-c02a76cf-ccfe-414f-b582-5584b40260ba req-6723cd3d-d995-4ab5-82bb-892f9bcd43a7 2b5020367f6c447192fbacd2289c51b3 b7bdc7cea7b546689318e84eee481c09 - - default default] Tap Mirror: Handle Delete Port: cf7fa3c7-d25b-4bc1-ae47-8fb6595e461b [pid: 7|app: 0|req: 1668/3473] 199.204.45.177 () {36 vars in 996 bytes} [Wed Jul 1 08:41:14 2026] DELETE /v2.0/ports/cf7fa3c7-d25b-4bc1-ae47-8fb6595e461b => generated 0 bytes in 299 msecs (HTTP/1.1 204) 3 headers in 131 bytes (1 switches on core 0)
2026-07-01 08:41:15.789 7 INFO neutron.notifiers.nova [-] Nova event matching ['req-4204f61c-b76e-431c-b57e-a83063399409'] response: {'server_uuid': 'a7bc5aaf-8b5d-4d6e-b9f3-197ae72d8d32', 'name': 'network-vif-deleted', 'tag': 'cf7fa3c7-d25b-4bc1-ae47-8fb6595e461b', 'status': 'completed', 'code': 200} [pid: 8|app: 0|req: 1807/3476] 10.0.0.11 () {34 vars in 988 bytes} [Wed Jul 1 08:41:17 2026] GET /v2.0/ports?device_id=a7bc5aaf-8b5d-4d6e-b9f3-197ae72d8d32 => generated 12 bytes in 17 msecs (HTTP/1.1 200) 4 headers in 156 bytes (1 switches on core 0) [pid: 7|app: 0|req: 1670/3477] 10.0.0.148 () {32 vars in 749 bytes} [Wed Jul 1 08:41:22 2026] DELETE /v2.0/security-group-rules/d4eb4243-5b50-4d19-80bb-8bd45d665891 => generated 0 bytes in 189 msecs (HTTP/1.1 204) 2 headers in 112 bytes (1 switches on core 0)
2026-07-01 08:41:22.343 8 INFO neutron.api.v2.resource [None req-8d7c3ce0-7b38-4945-9a86-2c52f8cfa13b 2b5020367f6c447192fbacd2289c51b3 b7bdc7cea7b546689318e84eee481c09 - - default default] show failed (client error): The resource could not be found. [pid: 8|app: 0|req: 1808/3478] 10.0.0.148 () {32 vars in 746 bytes} [Wed Jul 1 08:41:22 2026] GET /v2.0/security-group-rules/d4eb4243-5b50-4d19-80bb-8bd45d665891 => generated 155 bytes in 15 msecs (HTTP/1.1 404) 4 headers in 164 bytes (1 switches on core 0) [pid: 7|app: 0|req: 1671/3479] 10.0.0.148 () {32 vars in 749 bytes} [Wed Jul 1 08:41:22 2026] DELETE /v2.0/security-group-rules/90524408-d7b2-4573-aabd-494f56be874a => generated 0 bytes in 143 msecs (HTTP/1.1 204) 2 headers in 112 bytes (1 switches on core 0)
2026-07-01 08:41:22.507 8 INFO neutron.api.v2.resource [None req-4cbde658-2590-415c-be06-0c9a39b1ceb6 2b5020367f6c447192fbacd2289c51b3 b7bdc7cea7b546689318e84eee481c09 - - default default] show failed (client error): The resource could not be found. [pid: 8|app: 0|req: 1809/3480] 10.0.0.148 () {32 vars in 746 bytes} [Wed Jul 1 08:41:22 2026] GET /v2.0/security-group-rules/90524408-d7b2-4573-aabd-494f56be874a => generated 155 bytes in 10 msecs (HTTP/1.1 404) 4 headers in 164 bytes (1 switches on core 0) [pid: 7|app: 0|req: 1672/3481] 10.0.0.148 () {32 vars in 749 bytes} [Wed Jul 1 08:41:22 2026] DELETE /v2.0/security-group-rules/a12ead8e-9297-445b-813c-788709a78516 => generated 0 bytes in 121 msecs (HTTP/1.1 204) 2 headers in 112 bytes (1 switches on core 0)
2026-07-01 08:41:22.651 8 INFO neutron.api.v2.resource [None req-75fa9341-d778-464e-a462-f9a8c8aa4f20 2b5020367f6c447192fbacd2289c51b3 b7bdc7cea7b546689318e84eee481c09 - - default default] show failed (client error): The resource could not be found. [pid: 8|app: 0|req: 1810/3482] 10.0.0.148 () {32 vars in 746 bytes} [Wed Jul 1 08:41:22 2026] GET /v2.0/security-group-rules/a12ead8e-9297-445b-813c-788709a78516 => generated 155 bytes in 15 msecs (HTTP/1.1 404) 4 headers in 164 bytes (1 switches on core 0) [pid: 7|app: 0|req: 1673/3483] 10.0.0.148 () {32 vars in 749 bytes} [Wed Jul 1 08:41:22 2026] DELETE /v2.0/security-group-rules/0e0dcefd-1f8c-4a83-8d54-67b099d891db => generated 0 bytes in 121 msecs (HTTP/1.1 204) 2 headers in 112 bytes (1 switches on core 0)
2026-07-01 08:41:22.795 8 INFO neutron.api.v2.resource [None req-8e89b3c7-d698-4fb0-9d7d-9bac6f4fc884 2b5020367f6c447192fbacd2289c51b3 b7bdc7cea7b546689318e84eee481c09 - - default default] show failed (client error): The resource could not be found. [pid: 8|app: 0|req: 1811/3484] 10.0.0.148 () {32 vars in 746 bytes} [Wed Jul 1 08:41:22 2026] GET /v2.0/security-group-rules/0e0dcefd-1f8c-4a83-8d54-67b099d891db => generated 155 bytes in 13 msecs (HTTP/1.1 404) 4 headers in 164 bytes (1 switches on core 0) [pid: 7|app: 0|req: 1674/3485] 10.0.0.148 () {32 vars in 749 bytes} [Wed Jul 1 08:41:22 2026] DELETE /v2.0/security-group-rules/486fa9da-c2cf-41bf-8e6e-b797c5f9e39b => generated 0 bytes in 123 msecs (HTTP/1.1 204) 2 headers in 112 bytes (1 switches on core 0)
2026-07-01 08:41:22.939 8 INFO neutron.api.v2.resource [None req-b0301ae8-6b97-4a92-84be-e460d601655c 2b5020367f6c447192fbacd2289c51b3 b7bdc7cea7b546689318e84eee481c09 - - default default] show failed (client error): The resource could not be found. [pid: 8|app: 0|req: 1812/3486] 10.0.0.148 () {32 vars in 746 bytes} [Wed Jul 1 08:41:22 2026] GET /v2.0/security-group-rules/486fa9da-c2cf-41bf-8e6e-b797c5f9e39b => generated 155 bytes in 12 msecs (HTTP/1.1 404) 4 headers in 164 bytes (1 switches on core 0) [pid: 7|app: 0|req: 1675/3487] 10.0.0.148 () {32 vars in 749 bytes} [Wed Jul 1 08:41:22 2026] DELETE /v2.0/security-group-rules/08144914-1496-4197-88da-1682d741006a => generated 0 bytes in 135 msecs (HTTP/1.1 204) 2 headers in 112 bytes (1 switches on core 0)
2026-07-01 08:41:23.093 8 INFO neutron.api.v2.resource [None req-88116829-5f5c-4828-a06b-f9a4c11c3c7a 2b5020367f6c447192fbacd2289c51b3 b7bdc7cea7b546689318e84eee481c09 - - default default] show failed (client error): The resource could not be found. [pid: 8|app: 0|req: 1813/3488] 10.0.0.148 () {32 vars in 746 bytes} [Wed Jul 1 08:41:23 2026] GET /v2.0/security-group-rules/08144914-1496-4197-88da-1682d741006a => generated 155 bytes in 11 msecs (HTTP/1.1 404) 4 headers in 164 bytes (1 switches on core 0) [pid: 7|app: 0|req: 1676/3489] 10.0.0.148 () {32 vars in 749 bytes} [Wed Jul 1 08:41:23 2026] DELETE /v2.0/security-group-rules/b588a9d5-55d1-4a3c-a953-97c9e1be01ad => generated 0 bytes in 138 msecs (HTTP/1.1 204) 2 headers in 112 bytes (1 switches on core 0)
2026-07-01 08:41:23.251 8 INFO neutron.api.v2.resource [None req-6b419203-2cc2-439b-b1c6-0622a61639e6 2b5020367f6c447192fbacd2289c51b3 b7bdc7cea7b546689318e84eee481c09 - - default default] show failed (client error): The resource could not be found. [pid: 8|app: 0|req: 1814/3490] 10.0.0.148 () {32 vars in 746 bytes} [Wed Jul 1 08:41:23 2026] GET /v2.0/security-group-rules/b588a9d5-55d1-4a3c-a953-97c9e1be01ad => generated 155 bytes in 11 msecs (HTTP/1.1 404) 4 headers in 164 bytes (1 switches on core 0) [pid: 7|app: 0|req: 1677/3491] 10.0.0.148 () {32 vars in 749 bytes} [Wed Jul 1 08:41:23 2026] DELETE /v2.0/security-group-rules/d20b2abc-b8c1-47ee-990a-8134536eb4da => generated 0 bytes in 128 msecs (HTTP/1.1 204) 2 headers in 112 bytes (1 switches on core 0)
2026-07-01 08:41:23.402 8 INFO neutron.api.v2.resource [None req-7b048cc3-948a-426e-bfd7-a2838c28bb59 2b5020367f6c447192fbacd2289c51b3 b7bdc7cea7b546689318e84eee481c09 - - default default] show failed (client error): The resource could not be found. [pid: 8|app: 0|req: 1815/3492] 10.0.0.148 () {32 vars in 746 bytes} [Wed Jul 1 08:41:23 2026] GET /v2.0/security-group-rules/d20b2abc-b8c1-47ee-990a-8134536eb4da => generated 155 bytes in 14 msecs (HTTP/1.1 404) 4 headers in 164 bytes (1 switches on core 0) [pid: 7|app: 0|req: 1678/3493] 10.0.0.148 () {32 vars in 749 bytes} [Wed Jul 1 08:41:23 2026] DELETE /v2.0/security-group-rules/4408ef59-5297-4218-a2ec-ac9b86089ecd => generated 0 bytes in 128 msecs (HTTP/1.1 204) 2 headers in 112 bytes (1 switches on core 0)
2026-07-01 08:41:23.551 8 INFO neutron.api.v2.resource [None req-0f8ba57b-9400-4587-a052-079b2d5afded 2b5020367f6c447192fbacd2289c51b3 b7bdc7cea7b546689318e84eee481c09 - - default default] show failed (client error): The resource could not be found. [pid: 8|app: 0|req: 1816/3494] 10.0.0.148 () {32 vars in 746 bytes} [Wed Jul 1 08:41:23 2026] GET /v2.0/security-group-rules/4408ef59-5297-4218-a2ec-ac9b86089ecd => generated 155 bytes in 11 msecs (HTTP/1.1 404) 4 headers in 164 bytes (1 switches on core 0) [pid: 7|app: 0|req: 1679/3495] 10.0.0.148 () {32 vars in 749 bytes} [Wed Jul 1 08:41:23 2026] DELETE /v2.0/security-group-rules/4f733d03-ddb7-45f7-b390-49c2f4193238 => generated 0 bytes in 121 msecs (HTTP/1.1 204) 2 headers in 112 bytes (1 switches on core 0)
2026-07-01 08:41:23.706 8 INFO neutron.api.v2.resource [None req-7e22172a-56f8-4345-95c5-013ed69c7466 2b5020367f6c447192fbacd2289c51b3 b7bdc7cea7b546689318e84eee481c09 - - default default] show failed (client error): The resource could not be found. [pid: 8|app: 0|req: 1817/3496] 10.0.0.148 () {32 vars in 746 bytes} [Wed Jul 1 08:41:23 2026] GET /v2.0/security-group-rules/4f733d03-ddb7-45f7-b390-49c2f4193238 => generated 155 bytes in 25 msecs (HTTP/1.1 404) 4 headers in 164 bytes (1 switches on core 0) [pid: 7|app: 0|req: 1680/3497] 10.0.0.148 () {32 vars in 749 bytes} [Wed Jul 1 08:41:23 2026] DELETE /v2.0/security-group-rules/d7d3ff0c-83f8-49c1-b4a2-b47e048af7d6 => generated 0 bytes in 141 msecs (HTTP/1.1 204) 2 headers in 112 bytes (1 switches on core 0)
2026-07-01 08:41:23.909 8 INFO neutron.api.v2.resource [None req-22a8f915-f191-41fe-ae78-389070fa912d 2b5020367f6c447192fbacd2289c51b3 b7bdc7cea7b546689318e84eee481c09 - - default default] show failed (client error): The resource could not be found. [pid: 8|app: 0|req: 1818/3498] 10.0.0.148 () {32 vars in 746 bytes} [Wed Jul 1 08:41:23 2026] GET /v2.0/security-group-rules/d7d3ff0c-83f8-49c1-b4a2-b47e048af7d6 => generated 155 bytes in 13 msecs (HTTP/1.1 404) 4 headers in 164 bytes (1 switches on core 0) [pid: 7|app: 0|req: 1681/3499] 10.0.0.148 () {32 vars in 739 bytes} [Wed Jul 1 08:41:23 2026] DELETE /v2.0/security-groups/0827edf4-522a-460d-9984-1f6e31a1a719 => generated 0 bytes in 119 msecs (HTTP/1.1 204) 2 headers in 112 bytes (1 switches on core 0)
2026-07-01 08:41:24.062 8 INFO neutron.api.v2.resource [None req-3fd3ed75-7325-4b64-9334-d99c566f7b5b 2b5020367f6c447192fbacd2289c51b3 b7bdc7cea7b546689318e84eee481c09 - - default default] show failed (client error): The resource could not be found. [pid: 8|app: 0|req: 1819/3500] 10.0.0.148 () {32 vars in 736 bytes} [Wed Jul 1 08:41:24 2026] GET /v2.0/security-groups/0827edf4-522a-460d-9984-1f6e31a1a719 => generated 146 bytes in 27 msecs (HTTP/1.1 404) 4 headers in 164 bytes (1 switches on core 0)
2026-07-01 08:41:24.419 7 INFO neutron_taas.services.taas.taas_plugin [None req-5d16c464-3feb-46af-a5a2-e4e5504ba03d 2b5020367f6c447192fbacd2289c51b3 b7bdc7cea7b546689318e84eee481c09 - - default default] TaaS: Handle Delete Port: 199d1328-a062-49fb-83a3-db7cf2a5f6d1
2026-07-01 08:41:24.422 7 INFO neutron_taas.services.taas.tap_mirror_plugin [None req-5d16c464-3feb-46af-a5a2-e4e5504ba03d 2b5020367f6c447192fbacd2289c51b3 b7bdc7cea7b546689318e84eee481c09 - - default default] Tap Mirror: Handle Delete Port: 199d1328-a062-49fb-83a3-db7cf2a5f6d1 [pid: 7|app: 0|req: 1682/3501] 10.0.0.148 () {34 vars in 788 bytes} [Wed Jul 1 08:41:24 2026] PUT /v2.0/routers/ff179cc0-5b4b-4d7d-8262-379ec9b6e5bd/remove_router_interface => generated 309 bytes in 842 msecs (HTTP/1.1 200) 4 headers in 157 bytes (1 switches on core 0)
2026-07-01 08:41:25.055 8 INFO neutron.api.v2.resource [None req-ba63e879-ed80-4665-949b-0863d489a7ca 2b5020367f6c447192fbacd2289c51b3 b7bdc7cea7b546689318e84eee481c09 - - default default] remove_router_interface failed (client error): The resource could not be found. [pid: 8|app: 0|req: 1820/3502] 10.0.0.148 () {34 vars in 788 bytes} [Wed Jul 1 08:41:24 2026] PUT /v2.0/routers/ff179cc0-5b4b-4d7d-8262-379ec9b6e5bd/remove_router_interface => generated 198 bytes in 99 msecs (HTTP/1.1 404) 4 headers in 164 bytes (1 switches on core 0) /var/lib/openstack/lib/python3.12/site-packages/pycadf/identifier.py:70: UserWarning: Invalid uuid: neutron. To ensure interoperability, identifiers should be a valid uuid. warnings.warn(('Invalid uuid: %s. To ensure interoperability, '
2026-07-01 08:41:25.381 7 INFO neutron_taas.services.taas.taas_plugin [None req-139a0915-56f8-4afa-a269-185a87707f5a 2b5020367f6c447192fbacd2289c51b3 b7bdc7cea7b546689318e84eee481c09 - - default default] TaaS: Handle Delete Port: 181b1d3e-28aa-4956-991f-272a9387d80e
2026-07-01 08:41:25.385 7 INFO neutron_taas.services.taas.tap_mirror_plugin [None req-139a0915-56f8-4afa-a269-185a87707f5a 2b5020367f6c447192fbacd2289c51b3 b7bdc7cea7b546689318e84eee481c09 - - default default] Tap Mirror: Handle Delete Port: 181b1d3e-28aa-4956-991f-272a9387d80e [pid: 7|app: 0|req: 1683/3503] 10.0.0.148 () {34 vars in 788 bytes} [Wed Jul 1 08:41:25 2026] PUT /v2.0/routers/ff179cc0-5b4b-4d7d-8262-379ec9b6e5bd/remove_router_interface => generated 309 bytes in 856 msecs (HTTP/1.1 200) 4 headers in 157 bytes (1 switches on core 0)
2026-07-01 08:41:26.024 8 INFO neutron.api.v2.resource [None req-7fb72d26-0147-450a-917a-5ce3dc2ef638 2b5020367f6c447192fbacd2289c51b3 b7bdc7cea7b546689318e84eee481c09 - - default default] remove_router_interface failed (client error): The resource could not be found. [pid: 8|app: 0|req: 1821/3504] 10.0.0.148 () {34 vars in 788 bytes} [Wed Jul 1 08:41:25 2026] PUT /v2.0/routers/ff179cc0-5b4b-4d7d-8262-379ec9b6e5bd/remove_router_interface => generated 198 bytes in 103 msecs (HTTP/1.1 404) 4 headers in 164 bytes (1 switches on core 0) /var/lib/openstack/lib/python3.12/site-packages/pycadf/identifier.py:70: UserWarning: Invalid uuid: neutron. To ensure interoperability, identifiers should be a valid uuid. warnings.warn(('Invalid uuid: %s. To ensure interoperability, '
2026-07-01 08:41:26.323 7 INFO neutron_taas.services.taas.taas_plugin [None req-7a3767de-c265-4e91-a806-a8ec72c41cb9 2b5020367f6c447192fbacd2289c51b3 b7bdc7cea7b546689318e84eee481c09 - - default default] TaaS: Handle Delete Port: f14d9a5b-8c4d-4477-8b00-d5636c668ef3
2026-07-01 08:41:26.327 7 INFO neutron_taas.services.taas.tap_mirror_plugin [None req-7a3767de-c265-4e91-a806-a8ec72c41cb9 2b5020367f6c447192fbacd2289c51b3 b7bdc7cea7b546689318e84eee481c09 - - default default] Tap Mirror: Handle Delete Port: f14d9a5b-8c4d-4477-8b00-d5636c668ef3 [pid: 7|app: 0|req: 1684/3505] 10.0.0.148 () {34 vars in 788 bytes} [Wed Jul 1 08:41:26 2026] PUT /v2.0/routers/ff179cc0-5b4b-4d7d-8262-379ec9b6e5bd/remove_router_interface => generated 309 bytes in 816 msecs (HTTP/1.1 200) 4 headers in 157 bytes (1 switches on core 0)
2026-07-01 08:41:26.946 8 INFO neutron.api.v2.resource [None req-603dc0e4-6ffe-49cc-a4e4-1b3d66273bf2 2b5020367f6c447192fbacd2289c51b3 b7bdc7cea7b546689318e84eee481c09 - - default default] remove_router_interface failed (client error): The resource could not be found. [pid: 8|app: 0|req: 1822/3506] 10.0.0.148 () {34 vars in 788 bytes} [Wed Jul 1 08:41:26 2026] PUT /v2.0/routers/ff179cc0-5b4b-4d7d-8262-379ec9b6e5bd/remove_router_interface => generated 198 bytes in 98 msecs (HTTP/1.1 404) 4 headers in 164 bytes (1 switches on core 0) /var/lib/openstack/lib/python3.12/site-packages/pycadf/identifier.py:70: UserWarning: Invalid uuid: neutron. To ensure interoperability, identifiers should be a valid uuid. warnings.warn(('Invalid uuid: %s. To ensure interoperability, '
2026-07-01 08:41:27.287 7 INFO neutron_taas.services.taas.taas_plugin [None req-66c1f191-03a0-4af1-8ca9-8aac1e6dac38 2b5020367f6c447192fbacd2289c51b3 b7bdc7cea7b546689318e84eee481c09 - - default default] TaaS: Handle Delete Port: 5561dd8f-ea19-483e-90d9-c447d2e4a25d
2026-07-01 08:41:27.291 7 INFO neutron_taas.services.taas.tap_mirror_plugin [None req-66c1f191-03a0-4af1-8ca9-8aac1e6dac38 2b5020367f6c447192fbacd2289c51b3 b7bdc7cea7b546689318e84eee481c09 - - default default] Tap Mirror: Handle Delete Port: 5561dd8f-ea19-483e-90d9-c447d2e4a25d [pid: 7|app: 0|req: 1685/3507] 10.0.0.148 () {32 vars in 723 bytes} [Wed Jul 1 08:41:26 2026] DELETE /v2.0/routers/ff179cc0-5b4b-4d7d-8262-379ec9b6e5bd => generated 0 bytes in 752 msecs (HTTP/1.1 204) 2 headers in 112 bytes (1 switches on core 0)
2026-07-01 08:41:27.727 8 INFO neutron.api.v2.resource [None req-136d79d6-ddec-4f3b-84b4-e871a315bc51 2b5020367f6c447192fbacd2289c51b3 b7bdc7cea7b546689318e84eee481c09 - - default default] show failed (client error): The resource could not be found. [pid: 8|app: 0|req: 1823/3508] 10.0.0.148 () {32 vars in 720 bytes} [Wed Jul 1 08:41:27 2026] GET /v2.0/routers/ff179cc0-5b4b-4d7d-8262-379ec9b6e5bd => generated 135 bytes in 19 msecs (HTTP/1.1 404) 4 headers in 164 bytes (1 switches on core 0) [pid: 7|app: 0|req: 1686/3509] 10.0.0.148 () {32 vars in 723 bytes} [Wed Jul 1 08:41:27 2026] DELETE /v2.0/subnets/64aa5309-84b6-4e26-a047-2190b09b9cff => generated 0 bytes in 138 msecs (HTTP/1.1 204) 3 headers in 131 bytes (1 switches on core 0)
2026-07-01 08:41:27.888 8 INFO neutron.pecan_wsgi.hooks.translation [None req-cf1e14d3-e790-45ed-9271-c35d5d7c3680 2b5020367f6c447192fbacd2289c51b3 b7bdc7cea7b546689318e84eee481c09 - - default default] GET failed (client error): The resource could not be found. [pid: 8|app: 0|req: 1824/3510] 10.0.0.148 () {32 vars in 720 bytes} [Wed Jul 1 08:41:27 2026] GET /v2.0/subnets/64aa5309-84b6-4e26-a047-2190b09b9cff => generated 136 bytes in 16 msecs (HTTP/1.1 404) 4 headers in 164 bytes (1 switches on core 0) [pid: 7|app: 0|req: 1687/3511] 10.0.0.148 () {32 vars in 723 bytes} [Wed Jul 1 08:41:27 2026] DELETE /v2.0/subnets/82969402-ecb7-40e5-bed7-093e830e3414 => generated 0 bytes in 148 msecs (HTTP/1.1 204) 3 headers in 131 bytes (1 switches on core 0)
2026-07-01 08:41:28.060 8 INFO neutron.pecan_wsgi.hooks.translation [None req-319cfd22-b959-4e04-9b60-1bbc9780ffdb 2b5020367f6c447192fbacd2289c51b3 b7bdc7cea7b546689318e84eee481c09 - - default default] GET failed (client error): The resource could not be found. [pid: 8|app: 0|req: 1825/3512] 10.0.0.148 () {32 vars in 720 bytes} [Wed Jul 1 08:41:28 2026] GET /v2.0/subnets/82969402-ecb7-40e5-bed7-093e830e3414 => generated 136 bytes in 15 msecs (HTTP/1.1 404) 4 headers in 164 bytes (1 switches on core 0)
2026-07-01 08:41:28.170 7 INFO neutron_taas.services.taas.taas_plugin [None req-91a72ae8-93a3-4fbb-a3fb-26ae7883d93f 2b5020367f6c447192fbacd2289c51b3 b7bdc7cea7b546689318e84eee481c09 - - default default] TaaS: Handle Delete Port: d2a2a18e-acc8-4d25-81f8-43df0cfe6fb5
2026-07-01 08:41:28.173 7 INFO neutron_taas.services.taas.tap_mirror_plugin [None req-91a72ae8-93a3-4fbb-a3fb-26ae7883d93f 2b5020367f6c447192fbacd2289c51b3 b7bdc7cea7b546689318e84eee481c09 - - default default] Tap Mirror: Handle Delete Port: d2a2a18e-acc8-4d25-81f8-43df0cfe6fb5
2026-07-01 08:41:28.349 7 INFO neutron.services.segments.plugin [-] Segment ed9d766a-302e-4b6a-bb6c-5afe367c7b60 resource provider aggregate not found
2026-07-01 08:41:28.358 7 INFO neutron.services.segments.plugin [-] Segment ed9d766a-302e-4b6a-bb6c-5afe367c7b60 resource provider aggregate not found
2026-07-01 08:41:28.366 7 INFO neutron.services.segments.plugin [-] Segment ed9d766a-302e-4b6a-bb6c-5afe367c7b60 resource provider not found; error: Placement Client Error (4xx): {"errors": [{"status": 404, "title": "Not Found", "detail": "The resource could not be found.\n\n No resource provider with uuid ed9d766a-302e-4b6a-bb6c-5afe367c7b60 found for delete ", "request_id": "req-c567caaf-565b-49f1-ad18-7659aed83d57"}]}
2026-07-01 08:41:28.377 7 INFO neutron.services.segments.plugin [-] Segment ed9d766a-302e-4b6a-bb6c-5afe367c7b60 resource provider not found; error: Placement Client Error (4xx): {"errors": [{"status": 404, "title": "Not Found", "detail": "The resource could not be found.\n\n No resource provider with uuid ed9d766a-302e-4b6a-bb6c-5afe367c7b60 found for delete ", "request_id": "req-e8db6a77-b0eb-46db-a439-73e6bd3977b6"}]} [pid: 7|app: 0|req: 1688/3513] 10.0.0.148 () {32 vars in 725 bytes} [Wed Jul 1 08:41:28 2026] DELETE /v2.0/networks/b3baf578-f184-44ec-9806-3d7cf6a85195 => generated 0 bytes in 339 msecs (HTTP/1.1 204) 3 headers in 131 bytes (1 switches on core 0)
2026-07-01 08:41:28.426 8 INFO neutron.pecan_wsgi.hooks.translation [None req-8bf62ecf-7325-4bc0-a0fd-6df15ccf9818 2b5020367f6c447192fbacd2289c51b3 b7bdc7cea7b546689318e84eee481c09 - - default default] GET failed (client error): The resource could not be found. [pid: 8|app: 0|req: 1826/3514] 10.0.0.148 () {32 vars in 722 bytes} [Wed Jul 1 08:41:28 2026] GET /v2.0/networks/b3baf578-f184-44ec-9806-3d7cf6a85195 => generated 138 bytes in 18 msecs (HTTP/1.1 404) 4 headers in 164 bytes (1 switches on core 0) [pid: 7|app: 0|req: 1689/3515] 10.0.0.148 () {32 vars in 723 bytes} [Wed Jul 1 08:41:28 2026] DELETE /v2.0/subnets/173ad5ac-9728-4e10-ba85-926df095e17e => generated 0 bytes in 168 msecs (HTTP/1.1 204) 3 headers in 131 bytes (1 switches on core 0)
2026-07-01 08:41:28.623 8 INFO neutron.pecan_wsgi.hooks.translation [None req-1eedb01d-74dd-4f8b-9a7f-5b0ed5e83977 2b5020367f6c447192fbacd2289c51b3 b7bdc7cea7b546689318e84eee481c09 - - default default] GET failed (client error): The resource could not be found. [pid: 8|app: 0|req: 1827/3516] 10.0.0.148 () {32 vars in 720 bytes} [Wed Jul 1 08:41:28 2026] GET /v2.0/subnets/173ad5ac-9728-4e10-ba85-926df095e17e => generated 136 bytes in 21 msecs (HTTP/1.1 404) 4 headers in 164 bytes (1 switches on core 0) [pid: 7|app: 0|req: 1690/3517] 10.0.0.148 () {32 vars in 723 bytes} [Wed Jul 1 08:41:28 2026] DELETE /v2.0/subnets/f75cc690-1874-42de-8793-10791a475e65 => generated 0 bytes in 168 msecs (HTTP/1.1 204) 3 headers in 131 bytes (1 switches on core 0)
2026-07-01 08:41:28.817 8 INFO neutron.pecan_wsgi.hooks.translation [None req-431d6300-bea3-4299-bdf7-fc5051d499d1 2b5020367f6c447192fbacd2289c51b3 b7bdc7cea7b546689318e84eee481c09 - - default default] GET failed (client error): The resource could not be found. [pid: 8|app: 0|req: 1828/3518] 10.0.0.148 () {32 vars in 720 bytes} [Wed Jul 1 08:41:28 2026] GET /v2.0/subnets/f75cc690-1874-42de-8793-10791a475e65 => generated 136 bytes in 16 msecs (HTTP/1.1 404) 4 headers in 164 bytes (1 switches on core 0)
2026-07-01 08:41:28.929 7 INFO neutron_taas.services.taas.taas_plugin [None req-d440881b-1210-4428-815c-fc3267f577f5 2b5020367f6c447192fbacd2289c51b3 b7bdc7cea7b546689318e84eee481c09 - - default default] TaaS: Handle Delete Port: 736fd29a-d0fb-4d33-b5d4-d02d21031e0c
2026-07-01 08:41:28.932 7 INFO neutron_taas.services.taas.tap_mirror_plugin [None req-d440881b-1210-4428-815c-fc3267f577f5 2b5020367f6c447192fbacd2289c51b3 b7bdc7cea7b546689318e84eee481c09 - - default default] Tap Mirror: Handle Delete Port: 736fd29a-d0fb-4d33-b5d4-d02d21031e0c [pid: 7|app: 0|req: 1691/3519] 10.0.0.148 () {32 vars in 725 bytes} [Wed Jul 1 08:41:28 2026] DELETE /v2.0/networks/5b563526-e12a-4451-a2bc-a1409eff6bc6 => generated 0 bytes in 323 msecs (HTTP/1.1 204) 3 headers in 131 bytes (1 switches on core 0)
2026-07-01 08:41:29.165 8 INFO neutron.pecan_wsgi.hooks.translation [None req-34071261-5330-4eea-8217-9fe0692cd906 2b5020367f6c447192fbacd2289c51b3 b7bdc7cea7b546689318e84eee481c09 - - default default] GET failed (client error): The resource could not be found. [pid: 8|app: 0|req: 1829/3520] 10.0.0.148 () {32 vars in 722 bytes} [Wed Jul 1 08:41:29 2026] GET /v2.0/networks/5b563526-e12a-4451-a2bc-a1409eff6bc6 => generated 138 bytes in 16 msecs (HTTP/1.1 404) 4 headers in 164 bytes (1 switches on core 0) [pid: 7|app: 0|req: 1692/3521] 10.0.0.148 () {32 vars in 723 bytes} [Wed Jul 1 08:41:29 2026] DELETE /v2.0/subnets/8c0a7f56-be36-4858-887a-95f607660bfd => generated 0 bytes in 159 msecs (HTTP/1.1 204) 3 headers in 131 bytes (1 switches on core 0)
2026-07-01 08:41:29.351 8 INFO neutron.pecan_wsgi.hooks.translation [None req-c47f3732-d5be-400b-a25b-12d1937451c8 2b5020367f6c447192fbacd2289c51b3 b7bdc7cea7b546689318e84eee481c09 - - default default] GET failed (client error): The resource could not be found. [pid: 8|app: 0|req: 1830/3522] 10.0.0.148 () {32 vars in 720 bytes} [Wed Jul 1 08:41:29 2026] GET /v2.0/subnets/8c0a7f56-be36-4858-887a-95f607660bfd => generated 136 bytes in 18 msecs (HTTP/1.1 404) 4 headers in 164 bytes (1 switches on core 0) [pid: 7|app: 0|req: 1693/3523] 10.0.0.148 () {32 vars in 723 bytes} [Wed Jul 1 08:41:29 2026] DELETE /v2.0/subnets/bc803d53-eb7f-4c7f-be9d-c4b780749f0e => generated 0 bytes in 169 msecs (HTTP/1.1 204) 3 headers in 131 bytes (1 switches on core 0)
2026-07-01 08:41:29.545 8 INFO neutron.pecan_wsgi.hooks.translation [None req-e827669b-c2d4-43ce-af88-b688734c86f2 2b5020367f6c447192fbacd2289c51b3 b7bdc7cea7b546689318e84eee481c09 - - default default] GET failed (client error): The resource could not be found. [pid: 8|app: 0|req: 1831/3524] 10.0.0.148 () {32 vars in 720 bytes} [Wed Jul 1 08:41:29 2026] GET /v2.0/subnets/bc803d53-eb7f-4c7f-be9d-c4b780749f0e => generated 136 bytes in 17 msecs (HTTP/1.1 404) 4 headers in 164 bytes (1 switches on core 0)
2026-07-01 08:41:29.656 7 INFO neutron_taas.services.taas.taas_plugin [None req-06a0573b-c6bb-4a9f-955f-fc2ae526a9e2 2b5020367f6c447192fbacd2289c51b3 b7bdc7cea7b546689318e84eee481c09 - - default default] TaaS: Handle Delete Port: 5b93a8e4-5ab9-4b6c-b4d6-7793b7e7dfe8
2026-07-01 08:41:29.659 7 INFO neutron_taas.services.taas.tap_mirror_plugin [None req-06a0573b-c6bb-4a9f-955f-fc2ae526a9e2 2b5020367f6c447192fbacd2289c51b3 b7bdc7cea7b546689318e84eee481c09 - - default default] Tap Mirror: Handle Delete Port: 5b93a8e4-5ab9-4b6c-b4d6-7793b7e7dfe8 [pid: 7|app: 0|req: 1694/3525] 10.0.0.148 () {32 vars in 725 bytes} [Wed Jul 1 08:41:29 2026] DELETE /v2.0/networks/f6a65f7d-db7c-49e7-9b4c-5d54c2563a68 => generated 0 bytes in 316 msecs (HTTP/1.1 204) 3 headers in 131 bytes (1 switches on core 0)
2026-07-01 08:41:29.886 8 INFO neutron.pecan_wsgi.hooks.translation [None req-5b9733f0-247c-477d-b863-63cf7fa777a7 2b5020367f6c447192fbacd2289c51b3 b7bdc7cea7b546689318e84eee481c09 - - default default] GET failed (client error): The resource could not be found. [pid: 8|app: 0|req: 1832/3526] 10.0.0.148 () {32 vars in 722 bytes} [Wed Jul 1 08:41:29 2026] GET /v2.0/networks/f6a65f7d-db7c-49e7-9b4c-5d54c2563a68 => generated 138 bytes in 17 msecs (HTTP/1.1 404) 4 headers in 164 bytes (1 switches on core 0)
2026-07-01 08:41:30.384 7 INFO neutron.services.segments.plugin [-] Segment d15ba6b1-0be9-4224-aaaf-27c48fe4bffb resource provider aggregate not found
2026-07-01 08:41:30.399 7 INFO neutron.services.segments.plugin [-] Segment d15ba6b1-0be9-4224-aaaf-27c48fe4bffb resource provider not found; error: Placement Client Error (4xx): {"errors": [{"status": 404, "title": "Not Found", "detail": "The resource could not be found.\n\n No resource provider with uuid d15ba6b1-0be9-4224-aaaf-27c48fe4bffb found for delete ", "request_id": "req-97b1e1eb-3624-447e-ba08-d40c63ed3ae8"}]}
2026-07-01 08:41:30.403 7 INFO neutron.services.segments.plugin [-] Segment d15ba6b1-0be9-4224-aaaf-27c48fe4bffb resource provider aggregate not found
2026-07-01 08:41:30.418 7 INFO neutron.services.segments.plugin [-] Segment 1c724f74-b113-4c05-b905-8e6ac631b8af resource provider aggregate not found
2026-07-01 08:41:30.422 7 INFO neutron.services.segments.plugin [-] Segment d15ba6b1-0be9-4224-aaaf-27c48fe4bffb resource provider not found; error: Placement Client Error (4xx): {"errors": [{"status": 404, "title": "Not Found", "detail": "The resource could not be found.\n\n No resource provider with uuid d15ba6b1-0be9-4224-aaaf-27c48fe4bffb found for delete ", "request_id": "req-03648e18-96c4-461e-91a6-a6508285ae23"}]}
2026-07-01 08:41:30.436 7 INFO neutron.services.segments.plugin [-] Segment 1c724f74-b113-4c05-b905-8e6ac631b8af resource provider not found; error: Placement Client Error (4xx): {"errors": [{"status": 404, "title": "Not Found", "detail": "The resource could not be found.\n\n No resource provider with uuid 1c724f74-b113-4c05-b905-8e6ac631b8af found for delete ", "request_id": "req-d6c58a76-b779-4e26-92a5-929184923ca4"}]}
2026-07-01 08:41:30.438 7 INFO neutron.services.segments.plugin [-] Segment 1c724f74-b113-4c05-b905-8e6ac631b8af resource provider aggregate not found
2026-07-01 08:41:30.449 7 INFO neutron.services.segments.plugin [-] Segment 1c724f74-b113-4c05-b905-8e6ac631b8af resource provider not found; error: Placement Client Error (4xx): {"errors": [{"status": 404, "title": "Not Found", "detail": "The resource could not be found.\n\n No resource provider with uuid 1c724f74-b113-4c05-b905-8e6ac631b8af found for delete ", "request_id": "req-2a9ec5c8-b8ee-442e-be87-e6e10397c368"}]}
2026-07-01 08:41:32.064 8 INFO neutron.db.ovn_revision_numbers_db [None req-814dc039-51f2-4548-9304-2536935919a1 d6be696f6a25419cb42e19319b8a435e 7acb83ff15644ab2bc48bd78b8aa131c - - default default] Successfully bumped revision number for resource c4e33d8a-659d-420e-8f74-e9bc6f1de1d3 (type: security_groups) to 1
2026-07-01 08:41:32.074 8 INFO neutron.db.ovn_revision_numbers_db [None req-814dc039-51f2-4548-9304-2536935919a1 d6be696f6a25419cb42e19319b8a435e 7acb83ff15644ab2bc48bd78b8aa131c - - default default] Successfully bumped revision number for resource 2ea15b12-ed09-48ce-9fbd-d47cfbff8cca (type: security_group_rules) to 0
2026-07-01 08:41:32.085 8 INFO neutron.db.ovn_revision_numbers_db [None req-814dc039-51f2-4548-9304-2536935919a1 d6be696f6a25419cb42e19319b8a435e 7acb83ff15644ab2bc48bd78b8aa131c - - default default] Successfully bumped revision number for resource 5f379ec3-eb4f-4179-a16a-f9c1f8410031 (type: security_group_rules) to 0
2026-07-01 08:41:32.095 8 INFO neutron.db.ovn_revision_numbers_db [None req-814dc039-51f2-4548-9304-2536935919a1 d6be696f6a25419cb42e19319b8a435e 7acb83ff15644ab2bc48bd78b8aa131c - - default default] Successfully bumped revision number for resource 7b9d1a76-3270-4dde-a1ba-a9a1f3340e55 (type: security_group_rules) to 0
