2026-06-30 19:15:40.297 8 INFO neutron.api.v2.resource [None req-8b063807-2ed9-444b-b97d-a29173cbfc54 221406fafaab4225bb849fa34265c90e 0a81c092695346c181c074ed18bd90f6 - - default default] create failed (client error): Invalid input for target_tenant. Reason: '1234123412341234123412341234123412341234123412341234123412341234123412341234123412341234123412341234123412341234123412341234123412341234123412341234123412341234123412341234123412341234123412341234123412341234123412341234123412341234123412341234123412341234123412341234123412341234123412341234123412341234123412341234123412341234123412341234123412341234123412341234123412341234123412341234123412341234' exceeds maximum length of 255. [pid: 8|app: 0|req: 993/2100] 10.0.0.124 () {34 vars in 681 bytes} [Tue Jun 30 19:15:40 2026] POST /v2.0/rbac-policies => generated 547 bytes in 6 msecs (HTTP/1.1 400) 4 headers in 166 bytes (1 switches on core 0) [pid: 8|app: 0|req: 994/2101] 10.0.0.124 () {32 vars in 717 bytes} [Tue Jun 30 19:15:40 2026] GET /v2.0/ports/be785784-8cb5-4fc1-b1da-56be4b4ac17a => generated 826 bytes in 53 msecs (HTTP/1.1 200) 4 headers in 157 bytes (1 switches on core 0)
2026-06-30 19:15:40.394 7 INFO neutron.services.segments.plugin [-] Segment 266a2e7e-21c9-413a-9f09-419da389b82c resource provider aggregate not found
2026-06-30 19:15:40.395 7 INFO neutron.services.segments.plugin [-] Segment 266a2e7e-21c9-413a-9f09-419da389b82c resource provider aggregate not found
2026-06-30 19:15:40.420 7 INFO neutron.services.segments.plugin [-] Segment 266a2e7e-21c9-413a-9f09-419da389b82c resource provider not found; error: Placement Client Error (4xx): {"errors": [{"status": 404, "title": "Not Found", "detail": "The resource could not be found.\n\n No resource provider with uuid 266a2e7e-21c9-413a-9f09-419da389b82c found for delete ", "request_id": "req-25b7cab3-ac08-42a5-b6e9-eb9e4aedd502"}]}
2026-06-30 19:15:40.421 7 INFO neutron.services.segments.plugin [-] Segment 266a2e7e-21c9-413a-9f09-419da389b82c resource provider not found; error: Placement Client Error (4xx): {"errors": [{"status": 404, "title": "Not Found", "detail": "The resource could not be found.\n\n No resource provider with uuid 266a2e7e-21c9-413a-9f09-419da389b82c found for delete ", "request_id": "req-5b4fadfd-746f-4301-84ee-5664755a4e25"}]}
2026-06-30 19:15:40.446 8 INFO neutron_taas.services.taas.taas_plugin [None req-52932bac-7cab-4f7c-9bb2-c5fcfdce3f7f 221406fafaab4225bb849fa34265c90e 0a81c092695346c181c074ed18bd90f6 - - default default] TaaS: Handle Delete Port: 4f877568-2c09-4ff0-8d43-3726be826ed3
2026-06-30 19:15:40.448 8 INFO neutron_taas.services.taas.tap_mirror_plugin [None req-52932bac-7cab-4f7c-9bb2-c5fcfdce3f7f 221406fafaab4225bb849fa34265c90e 0a81c092695346c181c074ed18bd90f6 - - default default] Tap Mirror: Handle Delete Port: 4f877568-2c09-4ff0-8d43-3726be826ed3
2026-06-30 19:15:40.585 7 WARNING neutron.scheduler.dhcp_agent_scheduler [None req-23ae871f-9c03-4d4d-945d-809eeec2a567 78132cdb8ca54edcba8fa800b3cbb1d5 6867cb1c039c458db8f77d5ae9b8d2b8 - - default default] No more DHCP agents
2026-06-30 19:15:40.587 7 WARNING neutron.api.rpc.agentnotifiers.dhcp_rpc_agent_api [None req-23ae871f-9c03-4d4d-945d-809eeec2a567 78132cdb8ca54edcba8fa800b3cbb1d5 6867cb1c039c458db8f77d5ae9b8d2b8 - - default default] Unable to schedule network bef3363e-0a7b-4a8c-bf8c-e3fa90f9c1c6: no agents available; will retry on subsequent port and subnet creation events.
2026-06-30 19:15:40.724 7 INFO neutron.db.ovn_revision_numbers_db [None req-23ae871f-9c03-4d4d-945d-809eeec2a567 78132cdb8ca54edcba8fa800b3cbb1d5 6867cb1c039c458db8f77d5ae9b8d2b8 - - default default] Successfully bumped revision number for resource c7586830-e586-4881-aa61-8fd3a95bac3a (type: ports) to 1 [pid: 8|app: 0|req: 995/2102] 10.0.0.124 () {32 vars in 726 bytes} [Tue Jun 30 19:15:40 2026] DELETE /v2.0/networks/72661736-6625-4b05-aa6c-e78a5294d3b5 => generated 0 bytes in 388 msecs (HTTP/1.1 204) 3 headers in 131 bytes (1 switches on core 0) [pid: 7|app: 0|req: 1108/2103] 10.0.0.124 () {34 vars in 665 bytes} [Tue Jun 30 19:15:40 2026] POST /v2.0/ports => generated 947 bytes in 503 msecs (HTTP/1.1 201) 4 headers in 162 bytes (1 switches on core 0) /var/lib/openstack/lib/python3.12/site-packages/pycadf/identifier.py:70: UserWarning: Invalid uuid: neutron. To ensure interoperability, identifiers should be a valid uuid. warnings.warn(('Invalid uuid: %s. To ensure interoperability, '
2026-06-30 19:15:40.796 7 WARNING neutron.plugins.ml2.drivers.ovn.mech_driver.ovsdb.ovn_client [None req-66a8a228-b420-4d7a-905b-199a6f9a3963 - - - - - -] No port found with ID 2e607040-80ec-44b8-bb7a-cbecb1c3b516: RuntimeError: No port found with ID 2e607040-80ec-44b8-bb7a-cbecb1c3b516 [pid: 8|app: 0|req: 996/2104] 10.0.0.124 () {32 vars in 722 bytes} [Tue Jun 30 19:15:40 2026] DELETE /v2.0/trunks/9f707649-7659-4e92-a5fe-2667ce5c1387 => generated 0 bytes in 59 msecs (HTTP/1.1 204) 2 headers in 112 bytes (1 switches on core 0)
2026-06-30 19:15:40.811 7 INFO neutron.plugins.ml2.drivers.ovn.mech_driver.mech_driver [None req-66a8a228-b420-4d7a-905b-199a6f9a3963 - - - - - -] OVN reports status down for port: 70fdd8e1-b8d5-48cc-a48f-d664d76b5a37
2026-06-30 19:15:40.839 7 INFO neutron.db.segments_db [None req-8d67b929-1784-4a41-b5e2-01d30b93bfe0 221406fafaab4225bb849fa34265c90e 0a81c092695346c181c074ed18bd90f6 - - default default] Added segment b26fac8b-8926-49bb-a80d-9031dc9f08ac of type geneve for network 615040d5-e5b5-4f37-9b96-ead59c603346
2026-06-30 19:15:40.925 7 INFO neutron.plugins.ml2.drivers.ovn.mech_driver.mech_driver [None req-66a8a228-b420-4d7a-905b-199a6f9a3963 - - - - - -] OVN reports status down for port: eb61f518-9601-4359-8f8a-8bd0411f84eb
2026-06-30 19:15:41.034 7 INFO neutron.db.ovn_revision_numbers_db [None req-8d67b929-1784-4a41-b5e2-01d30b93bfe0 221406fafaab4225bb849fa34265c90e 0a81c092695346c181c074ed18bd90f6 - - default default] Successfully bumped revision number for resource 615040d5-e5b5-4f37-9b96-ead59c603346 (type: networks) to 1
2026-06-30 19:15:41.037 7 INFO neutron.plugins.ml2.drivers.ovn.mech_driver.mech_driver [None req-66a8a228-b420-4d7a-905b-199a6f9a3963 - - - - - -] OVN reports status down for port: b62fef61-2bd0-4590-9178-772bb3167af8
2026-06-30 19:15:41.056 7 INFO neutron.plugins.ml2.drivers.ovn.mech_driver.mech_driver [None req-66a8a228-b420-4d7a-905b-199a6f9a3963 - - - - - -] OVN reports status down for port: 423d0f53-5648-467e-8a3d-982e27dac4e7
2026-06-30 19:15:41.182 8 INFO neutron.services.segments.plugin [-] Segment 1c933f72-9c2b-4e23-85b9-ac70f22f99f4 resource provider aggregate not found
2026-06-30 19:15:41.184 7 INFO neutron.plugins.ml2.drivers.ovn.mech_driver.mech_driver [None req-66a8a228-b420-4d7a-905b-199a6f9a3963 - - - - - -] OVN reports status down for port: 4f877568-2c09-4ff0-8d43-3726be826ed3
2026-06-30 19:15:41.189 8 INFO neutron.services.segments.plugin [-] Segment 1c933f72-9c2b-4e23-85b9-ac70f22f99f4 resource provider aggregate not found
2026-06-30 19:15:41.200 7 INFO neutron.plugins.ml2.drivers.ovn.mech_driver.mech_driver [None req-66a8a228-b420-4d7a-905b-199a6f9a3963 - - - - - -] OVN reports status down for port: c7586830-e586-4881-aa61-8fd3a95bac3a
2026-06-30 19:15:41.203 8 INFO neutron.services.segments.plugin [-] Segment 1c933f72-9c2b-4e23-85b9-ac70f22f99f4 resource provider not found; error: Placement Client Error (4xx): {"errors": [{"status": 404, "title": "Not Found", "detail": "The resource could not be found.\n\n No resource provider with uuid 1c933f72-9c2b-4e23-85b9-ac70f22f99f4 found for delete ", "request_id": "req-3f092ac9-ab14-4c69-99ef-ae6a59a8a094"}]}
2026-06-30 19:15:41.215 8 INFO neutron.services.segments.plugin [-] Segment 1c933f72-9c2b-4e23-85b9-ac70f22f99f4 resource provider not found; error: Placement Client Error (4xx): {"errors": [{"status": 404, "title": "Not Found", "detail": "The resource could not be found.\n\n No resource provider with uuid 1c933f72-9c2b-4e23-85b9-ac70f22f99f4 found for delete ", "request_id": "req-1d8a40d6-e298-40ba-83be-f4d3927b37ae"}]}
2026-06-30 19:15:41.297 7 WARNING neutron.scheduler.dhcp_agent_scheduler [None req-8d67b929-1784-4a41-b5e2-01d30b93bfe0 221406fafaab4225bb849fa34265c90e 0a81c092695346c181c074ed18bd90f6 - - default default] No more DHCP agents
2026-06-30 19:15:41.298 7 WARNING neutron.api.rpc.agentnotifiers.dhcp_rpc_agent_api [None req-8d67b929-1784-4a41-b5e2-01d30b93bfe0 221406fafaab4225bb849fa34265c90e 0a81c092695346c181c074ed18bd90f6 - - default default] Unable to schedule network 615040d5-e5b5-4f37-9b96-ead59c603346: no agents available; will retry on subsequent port and subnet creation events.
2026-06-30 19:15:41.337 7 INFO neutron.plugins.ml2.drivers.ovn.mech_driver.mech_driver [None req-66a8a228-b420-4d7a-905b-199a6f9a3963 - - - - - -] OVN reports status up for port: c7586830-e586-4881-aa61-8fd3a95bac3a
2026-06-30 19:15:41.368 7 INFO neutron.plugins.ml2.plugin [None req-66a8a228-b420-4d7a-905b-199a6f9a3963 - - - - - -] Attempt 1 to provision port c7586830-e586-4881-aa61-8fd3a95bac3a
2026-06-30 19:15:41.384 8 INFO neutron.db.ovn_revision_numbers_db [None req-54b68fd6-99d9-4c96-a30e-0527a687244b 78132cdb8ca54edcba8fa800b3cbb1d5 6867cb1c039c458db8f77d5ae9b8d2b8 - - default default] Successfully bumped revision number for resource c7586830-e586-4881-aa61-8fd3a95bac3a (type: ports) to 2
2026-06-30 19:15:41.447 7 INFO neutron.db.ovn_revision_numbers_db [None req-8d67b929-1784-4a41-b5e2-01d30b93bfe0 221406fafaab4225bb849fa34265c90e 0a81c092695346c181c074ed18bd90f6 - - default default] Successfully bumped revision number for resource 0c1de253-7b72-4af6-a745-50833e9e360d (type: ports) to 1 [pid: 7|app: 0|req: 1109/2105] 10.0.0.124 () {34 vars in 670 bytes} [Tue Jun 30 19:15:40 2026] POST /v2.0/networks => generated 768 bytes in 742 msecs (HTTP/1.1 201) 4 headers in 162 bytes (1 switches on core 0) [pid: 7|app: 0|req: 1110/2106] 10.0.0.124 () {32 vars in 719 bytes} [Tue Jun 30 19:15:41 2026] GET /v2.0/trunks/acce3106-7b85-44d2-9a36-5c538353fe73 => generated 422 bytes in 48 msecs (HTTP/1.1 200) 4 headers in 157 bytes (1 switches on core 0)
2026-06-30 19:15:41.797 7 WARNING neutron.scheduler.dhcp_agent_scheduler [None req-307d4dfd-5762-460c-9373-2db39a3a2521 221406fafaab4225bb849fa34265c90e 0a81c092695346c181c074ed18bd90f6 - - default default] No more DHCP agents
2026-06-30 19:15:41.805 7 WARNING neutron.api.rpc.agentnotifiers.dhcp_rpc_agent_api [None req-307d4dfd-5762-460c-9373-2db39a3a2521 221406fafaab4225bb849fa34265c90e 0a81c092695346c181c074ed18bd90f6 - - default default] Unable to schedule network 615040d5-e5b5-4f37-9b96-ead59c603346: no agents available; will retry on subsequent port and subnet creation events.
2026-06-30 19:15:41.918 7 INFO neutron.db.ovn_revision_numbers_db [None req-66a8a228-b420-4d7a-905b-199a6f9a3963 - - - - - -] Successfully bumped revision number for resource c7586830-e586-4881-aa61-8fd3a95bac3a (type: ports) to 3
2026-06-30 19:15:42.331 7 INFO neutron.db.ovn_revision_numbers_db [None req-9c36da82-ad9b-4a68-aead-55ad3ee7f59a - - - - - -] Successfully bumped revision number for resource 0c1de253-7b72-4af6-a745-50833e9e360d (type: ports) to 2
2026-06-30 19:15:42.360 7 INFO neutron.db.ovn_revision_numbers_db [None req-9c36da82-ad9b-4a68-aead-55ad3ee7f59a - - - - - -] Successfully bumped revision number for resource 0258b05c-8ff9-4a49-af92-5541d4832d3b (type: subnets) to 0 [pid: 7|app: 0|req: 1111/2107] 10.0.0.124 () {34 vars in 669 bytes} [Tue Jun 30 19:15:41 2026] POST /v2.0/subnets => generated 647 bytes in 834 msecs (HTTP/1.1 201) 4 headers in 162 bytes (1 switches on core 0) /var/lib/openstack/lib/python3.12/site-packages/pycadf/identifier.py:70: UserWarning: Invalid uuid: neutron. To ensure interoperability, identifiers should be a valid uuid. warnings.warn(('Invalid uuid: %s. To ensure interoperability, ' [pid: 7|app: 0|req: 1112/2108] 10.0.0.124 () {32 vars in 717 bytes} [Tue Jun 30 19:15:42 2026] GET /v2.0/ports/333805ed-dd9d-4735-b98d-efdb15a09c17 => generated 826 bytes in 63 msecs (HTTP/1.1 200) 4 headers in 157 bytes (1 switches on core 0)
2026-06-30 19:15:42.541 8 WARNING neutron.scheduler.dhcp_agent_scheduler [None req-54b68fd6-99d9-4c96-a30e-0527a687244b 78132cdb8ca54edcba8fa800b3cbb1d5 6867cb1c039c458db8f77d5ae9b8d2b8 - - default default] No more DHCP agents
2026-06-30 19:15:42.543 8 WARNING neutron.api.rpc.agentnotifiers.dhcp_rpc_agent_api [None req-54b68fd6-99d9-4c96-a30e-0527a687244b 78132cdb8ca54edcba8fa800b3cbb1d5 6867cb1c039c458db8f77d5ae9b8d2b8 - - default default] Unable to schedule network bef3363e-0a7b-4a8c-bf8c-e3fa90f9c1c6: no agents available; will retry on subsequent port and subnet creation events. [pid: 7|app: 0|req: 1113/2109] 10.0.0.124 () {34 vars in 681 bytes} [Tue Jun 30 19:15:42 2026] POST /v2.0/rbac-policies => generated 324 bytes in 212 msecs (HTTP/1.1 201) 4 headers in 162 bytes (1 switches on core 0)
2026-06-30 19:15:42.721 8 INFO neutron.db.ovn_revision_numbers_db [None req-54b68fd6-99d9-4c96-a30e-0527a687244b 78132cdb8ca54edcba8fa800b3cbb1d5 6867cb1c039c458db8f77d5ae9b8d2b8 - - default default] Successfully bumped revision number for resource c7586830-e586-4881-aa61-8fd3a95bac3a (type: router_ports) to 3 [pid: 8|app: 0|req: 997/2110] 10.0.0.124 () {34 vars in 783 bytes} [Tue Jun 30 19:15:40 2026] PUT /v2.0/routers/1c53b5c9-ec91-4f59-8aee-7d3e3c305397/add_router_interface => generated 309 bytes in 1928 msecs (HTTP/1.1 200) 4 headers in 157 bytes (1 switches on core 0) /var/lib/openstack/lib/python3.12/site-packages/pycadf/identifier.py:70: UserWarning: Invalid uuid: neutron. To ensure interoperability, identifiers should be a valid uuid. warnings.warn(('Invalid uuid: %s. To ensure interoperability, ' [pid: 7|app: 0|req: 1114/2111] 10.0.0.124 () {32 vars in 722 bytes} [Tue Jun 30 19:15:42 2026] DELETE /v2.0/trunks/acce3106-7b85-44d2-9a36-5c538353fe73 => generated 0 bytes in 109 msecs (HTTP/1.1 204) 2 headers in 112 bytes (1 switches on core 0) [pid: 8|app: 0|req: 998/2112] 10.0.0.124 () {32 vars in 717 bytes} [Tue Jun 30 19:15:42 2026] GET /v2.0/ports/c7586830-e586-4881-aa61-8fd3a95bac3a => generated 1009 bytes in 59 msecs (HTTP/1.1 200) 4 headers in 158 bytes (1 switches on core 0) [pid: 7|app: 0|req: 1115/2113] 10.0.0.124 () {32 vars in 719 bytes} [Tue Jun 30 19:15:42 2026] GET /v2.0/trunks/5ac0edca-5768-4745-a8bb-0fbae943af4a => generated 431 bytes in 32 msecs (HTTP/1.1 200) 4 headers in 157 bytes (1 switches on core 0) [pid: 7|app: 0|req: 1116/2114] 10.0.0.124 () {32 vars in 717 bytes} [Tue Jun 30 19:15:42 2026] GET /v2.0/ports/9d3bb3e9-8ceb-4c93-b133-974fa333419f => generated 826 bytes in 106 msecs (HTTP/1.1 200) 4 headers in 157 bytes (1 switches on core 0) [pid: 7|app: 0|req: 1117/2115] 10.0.0.124 () {32 vars in 722 bytes} [Tue Jun 30 19:15:42 2026] DELETE /v2.0/trunks/5ac0edca-5768-4745-a8bb-0fbae943af4a => generated 0 bytes in 76 msecs (HTTP/1.1 204) 2 headers in 112 bytes (1 switches on core 0) [pid: 7|app: 0|req: 1118/2116] 10.0.0.124 () {32 vars in 719 bytes} [Tue Jun 30 19:15:42 2026] GET /v2.0/trunks/788954f8-4c0d-4174-80eb-71e540df8e53 => generated 416 bytes in 23 msecs (HTTP/1.1 200) 4 headers in 157 bytes (1 switches on core 0) [pid: 7|app: 0|req: 1119/2117] 10.0.0.124 () {32 vars in 717 bytes} [Tue Jun 30 19:15:43 2026] GET /v2.0/ports/eb61f518-9601-4359-8f8a-8bd0411f84eb => generated 826 bytes in 68 msecs (HTTP/1.1 200) 4 headers in 157 bytes (1 switches on core 0)
2026-06-30 19:15:43.132 8 INFO neutron_taas.services.taas.taas_plugin [None req-4762cd36-8f08-4a85-95a9-faa0aa07dd34 78132cdb8ca54edcba8fa800b3cbb1d5 6867cb1c039c458db8f77d5ae9b8d2b8 - - default default] TaaS: Handle Delete Port: c7586830-e586-4881-aa61-8fd3a95bac3a
2026-06-30 19:15:43.135 8 INFO neutron_taas.services.taas.tap_mirror_plugin [None req-4762cd36-8f08-4a85-95a9-faa0aa07dd34 78132cdb8ca54edcba8fa800b3cbb1d5 6867cb1c039c458db8f77d5ae9b8d2b8 - - default default] Tap Mirror: Handle Delete Port: c7586830-e586-4881-aa61-8fd3a95bac3a [pid: 7|app: 0|req: 1120/2118] 10.0.0.124 () {32 vars in 723 bytes} [Tue Jun 30 19:15:43 2026] GET /v2.0/networks/615040d5-e5b5-4f37-9b96-ead59c603346 => generated 693 bytes in 74 msecs (HTTP/1.1 200) 4 headers in 157 bytes (1 switches on core 0) [pid: 7|app: 0|req: 1121/2119] 10.0.0.124 () {32 vars in 722 bytes} [Tue Jun 30 19:15:43 2026] DELETE /v2.0/trunks/788954f8-4c0d-4174-80eb-71e540df8e53 => generated 0 bytes in 65 msecs (HTTP/1.1 204) 2 headers in 112 bytes (1 switches on core 0) [pid: 7|app: 0|req: 1122/2120] 10.0.0.124 () {32 vars in 719 bytes} [Tue Jun 30 19:15:43 2026] GET /v2.0/trunks/48185598-ac92-461d-a822-71d9ef6f91a4 => generated 409 bytes in 13 msecs (HTTP/1.1 200) 4 headers in 157 bytes (1 switches on core 0) [pid: 7|app: 0|req: 1123/2121] 10.0.0.124 () {32 vars in 717 bytes} [Tue Jun 30 19:15:43 2026] GET /v2.0/ports/26d061fb-c048-4ef0-90fa-5bffe8bcafa6 => generated 826 bytes in 70 msecs (HTTP/1.1 200) 4 headers in 157 bytes (1 switches on core 0) [pid: 7|app: 0|req: 1124/2122] 10.0.0.124 () {32 vars in 722 bytes} [Tue Jun 30 19:15:43 2026] DELETE /v2.0/trunks/48185598-ac92-461d-a822-71d9ef6f91a4 => generated 0 bytes in 93 msecs (HTTP/1.1 204) 2 headers in 112 bytes (1 switches on core 0) [pid: 8|app: 0|req: 999/2123] 10.0.0.124 () {34 vars in 789 bytes} [Tue Jun 30 19:15:42 2026] PUT /v2.0/routers/1c53b5c9-ec91-4f59-8aee-7d3e3c305397/remove_router_interface => generated 309 bytes in 714 msecs (HTTP/1.1 200) 4 headers in 157 bytes (1 switches on core 0) /var/lib/openstack/lib/python3.12/site-packages/pycadf/identifier.py:70: UserWarning: Invalid uuid: neutron. To ensure interoperability, identifiers should be a valid uuid. warnings.warn(('Invalid uuid: %s. To ensure interoperability, '
2026-06-30 19:15:43.574 8 INFO neutron.api.v2.resource [None req-49c1ec51-59b8-4f98-ac57-a357af26ed32 78132cdb8ca54edcba8fa800b3cbb1d5 6867cb1c039c458db8f77d5ae9b8d2b8 - - default default] remove_router_interface failed (client error): The resource could not be found. [pid: 8|app: 0|req: 1000/2124] 10.0.0.124 () {34 vars in 789 bytes} [Tue Jun 30 19:15:43 2026] PUT /v2.0/routers/1c53b5c9-ec91-4f59-8aee-7d3e3c305397/remove_router_interface => generated 197 bytes in 58 msecs (HTTP/1.1 404) 4 headers in 164 bytes (1 switches on core 0)
2026-06-30 19:15:43.602 7 INFO neutron_taas.services.taas.taas_plugin [None req-25968327-e715-4699-9b13-2c529f424570 6246118dda6c414d848aeb2faad9b192 d6bbae230b554162856d86be171ce136 - - default default] TaaS: Handle Delete Port: be785784-8cb5-4fc1-b1da-56be4b4ac17a
2026-06-30 19:15:43.604 7 INFO neutron_taas.services.taas.tap_mirror_plugin [None req-25968327-e715-4699-9b13-2c529f424570 6246118dda6c414d848aeb2faad9b192 d6bbae230b554162856d86be171ce136 - - default default] Tap Mirror: Handle Delete Port: be785784-8cb5-4fc1-b1da-56be4b4ac17a
2026-06-30 19:15:43.632 8 INFO neutron.pecan_wsgi.hooks.translation [None req-1e0029c8-5aa1-4225-816b-ac7d90446ded b718f42ac6384c1584b603d65dd196f0 452fab708e3c4690a6dcdb7a3dc31fb4 - - default default] GET failed (client error): The resource could not be found. [pid: 8|app: 0|req: 1001/2125] 10.0.0.124 () {32 vars in 723 bytes} [Tue Jun 30 19:15:43 2026] GET /v2.0/networks/615040d5-e5b5-4f37-9b96-ead59c603346 => generated 138 bytes in 56 msecs (HTTP/1.1 404) 4 headers in 164 bytes (1 switches on core 0) [pid: 8|app: 0|req: 1002/2126] 10.0.0.124 () {32 vars in 736 bytes} [Tue Jun 30 19:15:43 2026] GET /v2.0/ports?device_id=1c53b5c9-ec91-4f59-8aee-7d3e3c305397 => generated 12 bytes in 17 msecs (HTTP/1.1 200) 4 headers in 156 bytes (1 switches on core 0) [pid: 7|app: 0|req: 1125/2127] 10.0.0.124 () {32 vars in 720 bytes} [Tue Jun 30 19:15:43 2026] DELETE /v2.0/ports/be785784-8cb5-4fc1-b1da-56be4b4ac17a => generated 0 bytes in 255 msecs (HTTP/1.1 204) 3 headers in 131 bytes (1 switches on core 0)
2026-06-30 19:15:43.805 8 INFO neutron_taas.services.taas.taas_plugin [None req-4e3c5067-2e8b-46a2-b511-420db10adfda 221406fafaab4225bb849fa34265c90e 0a81c092695346c181c074ed18bd90f6 - - default default] TaaS: Handle Delete Port: 0c1de253-7b72-4af6-a745-50833e9e360d
2026-06-30 19:15:43.807 8 INFO neutron_taas.services.taas.tap_mirror_plugin [None req-4e3c5067-2e8b-46a2-b511-420db10adfda 221406fafaab4225bb849fa34265c90e 0a81c092695346c181c074ed18bd90f6 - - default default] Tap Mirror: Handle Delete Port: 0c1de253-7b72-4af6-a745-50833e9e360d [pid: 7|app: 0|req: 1126/2128] 10.0.0.124 () {32 vars in 724 bytes} [Tue Jun 30 19:15:43 2026] DELETE /v2.0/routers/1c53b5c9-ec91-4f59-8aee-7d3e3c305397 => generated 0 bytes in 170 msecs (HTTP/1.1 204) 2 headers in 112 bytes (1 switches on core 0)
2026-06-30 19:15:44.016 7 INFO neutron_taas.services.taas.taas_plugin [None req-f5a60a68-616f-4472-964b-96f4f2e498cf 6246118dda6c414d848aeb2faad9b192 d6bbae230b554162856d86be171ce136 - - default default] TaaS: Handle Delete Port: 333805ed-dd9d-4735-b98d-efdb15a09c17
2026-06-30 19:15:44.019 7 INFO neutron_taas.services.taas.tap_mirror_plugin [None req-f5a60a68-616f-4472-964b-96f4f2e498cf 6246118dda6c414d848aeb2faad9b192 d6bbae230b554162856d86be171ce136 - - default default] Tap Mirror: Handle Delete Port: 333805ed-dd9d-4735-b98d-efdb15a09c17 [pid: 7|app: 0|req: 1127/2129] 10.0.0.124 () {32 vars in 720 bytes} [Tue Jun 30 19:15:43 2026] DELETE /v2.0/ports/333805ed-dd9d-4735-b98d-efdb15a09c17 => generated 0 bytes in 265 msecs (HTTP/1.1 204) 3 headers in 131 bytes (1 switches on core 0) [pid: 7|app: 0|req: 1128/2130] 10.0.0.124 () {32 vars in 724 bytes} [Tue Jun 30 19:15:44 2026] DELETE /v2.0/subnets/0835e552-b948-484f-811d-07f5966cb81d => generated 0 bytes in 167 msecs (HTTP/1.1 204) 3 headers in 131 bytes (1 switches on core 0)
2026-06-30 19:15:44.404 7 INFO neutron_taas.services.taas.taas_plugin [None req-af8f9ed9-20cd-4b54-bc82-5a775104e82f 6246118dda6c414d848aeb2faad9b192 d6bbae230b554162856d86be171ce136 - - default default] TaaS: Handle Delete Port: 9d3bb3e9-8ceb-4c93-b133-974fa333419f
2026-06-30 19:15:44.407 7 INFO neutron_taas.services.taas.tap_mirror_plugin [None req-af8f9ed9-20cd-4b54-bc82-5a775104e82f 6246118dda6c414d848aeb2faad9b192 d6bbae230b554162856d86be171ce136 - - default default] Tap Mirror: Handle Delete Port: 9d3bb3e9-8ceb-4c93-b133-974fa333419f [pid: 7|app: 0|req: 1131/2133] 10.0.0.124 () {32 vars in 720 bytes} [Tue Jun 30 19:15:44 2026] DELETE /v2.0/ports/9d3bb3e9-8ceb-4c93-b133-974fa333419f => generated 0 bytes in 232 msecs (HTTP/1.1 204) 3 headers in 131 bytes (1 switches on core 0)
2026-06-30 19:15:44.649 7 INFO neutron_taas.services.taas.taas_plugin [None req-26fa7615-9e34-4eb7-b548-80a8733aae89 78132cdb8ca54edcba8fa800b3cbb1d5 6867cb1c039c458db8f77d5ae9b8d2b8 - - default default] TaaS: Handle Delete Port: 423d0f53-5648-467e-8a3d-982e27dac4e7
2026-06-30 19:15:44.649 8 INFO neutron.services.segments.plugin [-] Segment b26fac8b-8926-49bb-a80d-9031dc9f08ac resource provider aggregate not found
2026-06-30 19:15:44.651 7 INFO neutron_taas.services.taas.tap_mirror_plugin [None req-26fa7615-9e34-4eb7-b548-80a8733aae89 78132cdb8ca54edcba8fa800b3cbb1d5 6867cb1c039c458db8f77d5ae9b8d2b8 - - default default] Tap Mirror: Handle Delete Port: 423d0f53-5648-467e-8a3d-982e27dac4e7
2026-06-30 19:15:44.655 8 INFO neutron.services.segments.plugin [-] Segment b26fac8b-8926-49bb-a80d-9031dc9f08ac resource provider aggregate not found
2026-06-30 19:15:44.675 8 INFO neutron.services.segments.plugin [-] Segment b26fac8b-8926-49bb-a80d-9031dc9f08ac resource provider not found; error: Placement Client Error (4xx): {"errors": [{"status": 404, "title": "Not Found", "detail": "The resource could not be found.\n\n No resource provider with uuid b26fac8b-8926-49bb-a80d-9031dc9f08ac found for delete ", "request_id": "req-90837974-2794-4270-babf-894342a44931"}]}
2026-06-30 19:15:44.679 8 INFO neutron.services.segments.plugin [-] Segment b26fac8b-8926-49bb-a80d-9031dc9f08ac resource provider not found; error: Placement Client Error (4xx): {"errors": [{"status": 404, "title": "Not Found", "detail": "The resource could not be found.\n\n No resource provider with uuid b26fac8b-8926-49bb-a80d-9031dc9f08ac found for delete ", "request_id": "req-af21aa19-2529-40a2-876a-395c2a0016ca"}]} [pid: 8|app: 0|req: 1003/2134] 10.0.0.124 () {32 vars in 726 bytes} [Tue Jun 30 19:15:43 2026] DELETE /v2.0/networks/615040d5-e5b5-4f37-9b96-ead59c603346 => generated 0 bytes in 1051 msecs (HTTP/1.1 204) 3 headers in 131 bytes (1 switches on core 0)
2026-06-30 19:15:44.832 7 INFO neutron.services.segments.plugin [-] Segment 6c9166e3-e267-48f8-b00d-98aee00d8929 resource provider aggregate not found
2026-06-30 19:15:44.836 7 INFO neutron.services.segments.plugin [-] Segment 6c9166e3-e267-48f8-b00d-98aee00d8929 resource provider aggregate not found
2026-06-30 19:15:44.847 8 INFO neutron_taas.services.taas.taas_plugin [None req-492f8063-0c6f-4079-9934-06fe26fc1500 6246118dda6c414d848aeb2faad9b192 d6bbae230b554162856d86be171ce136 - - default default] TaaS: Handle Delete Port: eb61f518-9601-4359-8f8a-8bd0411f84eb
2026-06-30 19:15:44.848 7 INFO neutron.services.segments.plugin [-] Segment 6c9166e3-e267-48f8-b00d-98aee00d8929 resource provider not found; error: Placement Client Error (4xx): {"errors": [{"status": 404, "title": "Not Found", "detail": "The resource could not be found.\n\n No resource provider with uuid 6c9166e3-e267-48f8-b00d-98aee00d8929 found for delete ", "request_id": "req-ae447274-6376-41d5-a654-3c59be9429cc"}]}
2026-06-30 19:15:44.849 8 INFO neutron_taas.services.taas.tap_mirror_plugin [None req-492f8063-0c6f-4079-9934-06fe26fc1500 6246118dda6c414d848aeb2faad9b192 d6bbae230b554162856d86be171ce136 - - default default] Tap Mirror: Handle Delete Port: eb61f518-9601-4359-8f8a-8bd0411f84eb
2026-06-30 19:15:44.861 7 INFO neutron.services.segments.plugin [-] Segment 6c9166e3-e267-48f8-b00d-98aee00d8929 resource provider not found; error: Placement Client Error (4xx): {"errors": [{"status": 404, "title": "Not Found", "detail": "The resource could not be found.\n\n No resource provider with uuid 6c9166e3-e267-48f8-b00d-98aee00d8929 found for delete ", "request_id": "req-b72fc335-8568-4260-8a5e-5bec678737ce"}]} [pid: 7|app: 0|req: 1132/2135] 10.0.0.124 () {32 vars in 726 bytes} [Tue Jun 30 19:15:44 2026] DELETE /v2.0/networks/bef3363e-0a7b-4a8c-bf8c-e3fa90f9c1c6 => generated 0 bytes in 366 msecs (HTTP/1.1 204) 3 headers in 131 bytes (1 switches on core 0)
2026-06-30 19:15:44.906 7 INFO neutron.pecan_wsgi.hooks.translation [None req-d4706112-e1cd-4836-9cd0-614a5e91eee8 221406fafaab4225bb849fa34265c90e 0a81c092695346c181c074ed18bd90f6 - - default default] DELETE failed (client error): The resource could not be found. [pid: 7|app: 0|req: 1133/2136] 10.0.0.124 () {32 vars in 724 bytes} [Tue Jun 30 19:15:44 2026] DELETE /v2.0/subnets/d54fd8ea-d9b6-46fa-8561-78a9e76471fb => generated 136 bytes in 17 msecs (HTTP/1.1 404) 4 headers in 164 bytes (1 switches on core 0)
2026-06-30 19:15:44.998 7 INFO neutron.db.segments_db [None req-46c0ad7d-4561-44bc-97e4-f8a3c787d8e6 78132cdb8ca54edcba8fa800b3cbb1d5 6867cb1c039c458db8f77d5ae9b8d2b8 - - default default] Added segment f12153ed-a223-4810-9d3e-97dfdc5db7a1 of type geneve for network fe067e0e-9a79-4136-9b87-0e6a85268ada [pid: 8|app: 0|req: 1004/2137] 10.0.0.124 () {32 vars in 720 bytes} [Tue Jun 30 19:15:44 2026] DELETE /v2.0/ports/eb61f518-9601-4359-8f8a-8bd0411f84eb => generated 0 bytes in 297 msecs (HTTP/1.1 204) 3 headers in 131 bytes (1 switches on core 0)
2026-06-30 19:15:45.011 8 INFO neutron.pecan_wsgi.hooks.translation [None req-0ccdf86f-8037-4d43-a425-cabcd5ba3127 221406fafaab4225bb849fa34265c90e 0a81c092695346c181c074ed18bd90f6 - - default default] DELETE failed (client error): The resource could not be found. [pid: 8|app: 0|req: 1005/2138] 10.0.0.124 () {32 vars in 724 bytes} [Tue Jun 30 19:15:45 2026] DELETE /v2.0/subnets/161e4b4d-05f6-4c4f-82ee-534a91b2a986 => generated 136 bytes in 14 msecs (HTTP/1.1 404) 4 headers in 164 bytes (1 switches on core 0)
2026-06-30 19:15:45.101 7 INFO neutron.db.ovn_revision_numbers_db [None req-46c0ad7d-4561-44bc-97e4-f8a3c787d8e6 78132cdb8ca54edcba8fa800b3cbb1d5 6867cb1c039c458db8f77d5ae9b8d2b8 - - default default] Successfully bumped revision number for resource fe067e0e-9a79-4136-9b87-0e6a85268ada (type: networks) to 1
2026-06-30 19:15:45.163 8 INFO neutron_taas.services.taas.taas_plugin [None req-e5eab116-b56c-4549-87a2-afb94cab82c7 6246118dda6c414d848aeb2faad9b192 d6bbae230b554162856d86be171ce136 - - default default] TaaS: Handle Delete Port: 26d061fb-c048-4ef0-90fa-5bffe8bcafa6
2026-06-30 19:15:45.166 8 INFO neutron_taas.services.taas.tap_mirror_plugin [None req-e5eab116-b56c-4549-87a2-afb94cab82c7 6246118dda6c414d848aeb2faad9b192 d6bbae230b554162856d86be171ce136 - - default default] Tap Mirror: Handle Delete Port: 26d061fb-c048-4ef0-90fa-5bffe8bcafa6
2026-06-30 19:15:45.264 7 WARNING neutron.scheduler.dhcp_agent_scheduler [None req-46c0ad7d-4561-44bc-97e4-f8a3c787d8e6 78132cdb8ca54edcba8fa800b3cbb1d5 6867cb1c039c458db8f77d5ae9b8d2b8 - - default default] No more DHCP agents
2026-06-30 19:15:45.266 7 WARNING neutron.api.rpc.agentnotifiers.dhcp_rpc_agent_api [None req-46c0ad7d-4561-44bc-97e4-f8a3c787d8e6 78132cdb8ca54edcba8fa800b3cbb1d5 6867cb1c039c458db8f77d5ae9b8d2b8 - - default default] Unable to schedule network fe067e0e-9a79-4136-9b87-0e6a85268ada: no agents available; will retry on subsequent port and subnet creation events. [pid: 8|app: 0|req: 1006/2139] 10.0.0.124 () {32 vars in 720 bytes} [Tue Jun 30 19:15:45 2026] DELETE /v2.0/ports/26d061fb-c048-4ef0-90fa-5bffe8bcafa6 => generated 0 bytes in 293 msecs (HTTP/1.1 204) 3 headers in 131 bytes (1 switches on core 0)
2026-06-30 19:15:45.336 8 INFO neutron.pecan_wsgi.hooks.translation [None req-f05ae2f6-926f-4b5a-a454-bd3d1b227773 221406fafaab4225bb849fa34265c90e 0a81c092695346c181c074ed18bd90f6 - - default default] DELETE failed (client error): The resource could not be found. [pid: 8|app: 0|req: 1007/2140] 10.0.0.124 () {32 vars in 724 bytes} [Tue Jun 30 19:15:45 2026] DELETE /v2.0/subnets/0258b05c-8ff9-4a49-af92-5541d4832d3b => generated 136 bytes in 31 msecs (HTTP/1.1 404) 4 headers in 164 bytes (1 switches on core 0)
2026-06-30 19:15:45.368 8 INFO neutron.plugins.ml2.drivers.ovn.mech_driver.mech_driver [None req-b2f180c0-5ba0-4539-a414-536d6d34eee2 - - - - - -] OVN reports status down for port: e709eb46-3ab5-46de-a7da-81b0650b5a84
2026-06-30 19:15:45.371 7 INFO neutron.db.ovn_revision_numbers_db [None req-46c0ad7d-4561-44bc-97e4-f8a3c787d8e6 78132cdb8ca54edcba8fa800b3cbb1d5 6867cb1c039c458db8f77d5ae9b8d2b8 - - default default] Successfully bumped revision number for resource e709eb46-3ab5-46de-a7da-81b0650b5a84 (type: ports) to 1 [pid: 7|app: 0|req: 1134/2141] 10.0.0.124 () {34 vars in 670 bytes} [Tue Jun 30 19:15:44 2026] POST /v2.0/networks => generated 667 bytes in 484 msecs (HTTP/1.1 201) 4 headers in 162 bytes (1 switches on core 0)
2026-06-30 19:15:45.515 8 INFO neutron_taas.services.taas.taas_plugin [None req-b0b044e1-2e1d-4d55-bba5-d8500b0a757d 6246118dda6c414d848aeb2faad9b192 d6bbae230b554162856d86be171ce136 - - default default] TaaS: Handle Delete Port: 70fdd8e1-b8d5-48cc-a48f-d664d76b5a37
2026-06-30 19:15:45.519 8 INFO neutron_taas.services.taas.tap_mirror_plugin [None req-b0b044e1-2e1d-4d55-bba5-d8500b0a757d 6246118dda6c414d848aeb2faad9b192 d6bbae230b554162856d86be171ce136 - - default default] Tap Mirror: Handle Delete Port: 70fdd8e1-b8d5-48cc-a48f-d664d76b5a37
2026-06-30 19:15:45.600 7 WARNING neutron.scheduler.dhcp_agent_scheduler [None req-4703fa02-d1b9-4da7-828b-b81a6e75804d 78132cdb8ca54edcba8fa800b3cbb1d5 6867cb1c039c458db8f77d5ae9b8d2b8 - - default default] No more DHCP agents
2026-06-30 19:15:45.613 7 WARNING neutron.api.rpc.agentnotifiers.dhcp_rpc_agent_api [None req-4703fa02-d1b9-4da7-828b-b81a6e75804d 78132cdb8ca54edcba8fa800b3cbb1d5 6867cb1c039c458db8f77d5ae9b8d2b8 - - default default] Unable to schedule network fe067e0e-9a79-4136-9b87-0e6a85268ada: no agents available; will retry on subsequent port and subnet creation events. [pid: 8|app: 0|req: 1008/2142] 10.0.0.124 () {32 vars in 726 bytes} [Tue Jun 30 19:15:45 2026] DELETE /v2.0/networks/074119c9-3f80-4790-a3e0-c6c3fa761546 => generated 0 bytes in 397 msecs (HTTP/1.1 204) 3 headers in 131 bytes (1 switches on core 0)
2026-06-30 19:15:45.843 8 INFO neutron_taas.services.taas.taas_plugin [None req-e37db249-4e2e-4472-9bb1-7b2a5d184446 6246118dda6c414d848aeb2faad9b192 d6bbae230b554162856d86be171ce136 - - default default] TaaS: Handle Delete Port: 844771c6-2eeb-417c-88bd-f6955216e222
2026-06-30 19:15:45.846 8 INFO neutron_taas.services.taas.tap_mirror_plugin [None req-e37db249-4e2e-4472-9bb1-7b2a5d184446 6246118dda6c414d848aeb2faad9b192 d6bbae230b554162856d86be171ce136 - - default default] Tap Mirror: Handle Delete Port: 844771c6-2eeb-417c-88bd-f6955216e222
2026-06-30 19:15:46.095 7 INFO neutron.db.ovn_revision_numbers_db [None req-581c9c68-ba82-4f8b-b9a0-6a29abf97583 - - - - - -] Successfully bumped revision number for resource e709eb46-3ab5-46de-a7da-81b0650b5a84 (type: ports) to 2 [pid: 8|app: 0|req: 1009/2143] 10.0.0.124 () {32 vars in 726 bytes} [Tue Jun 30 19:15:45 2026] DELETE /v2.0/networks/1a6cd7ef-b801-4cc7-90a5-c9d50a53cfec => generated 0 bytes in 372 msecs (HTTP/1.1 204) 3 headers in 131 bytes (1 switches on core 0)
2026-06-30 19:15:46.127 7 INFO neutron.db.ovn_revision_numbers_db [None req-581c9c68-ba82-4f8b-b9a0-6a29abf97583 - - - - - -] Successfully bumped revision number for resource f4070f32-08c5-416b-bacc-a472640ce1f5 (type: subnets) to 0 [pid: 7|app: 0|req: 1135/2144] 10.0.0.124 () {34 vars in 669 bytes} [Tue Jun 30 19:15:45 2026] POST /v2.0/subnets => generated 626 bytes in 742 msecs (HTTP/1.1 201) 4 headers in 162 bytes (1 switches on core 0)
2026-06-30 19:15:46.227 8 INFO neutron_taas.services.taas.taas_plugin [None req-8ef6f715-f2be-428a-926c-ef8bd0564b54 6246118dda6c414d848aeb2faad9b192 d6bbae230b554162856d86be171ce136 - - default default] TaaS: Handle Delete Port: 757acbd6-1646-46d5-9474-b3b8c7b8473c
2026-06-30 19:15:46.229 8 INFO neutron_taas.services.taas.tap_mirror_plugin [None req-8ef6f715-f2be-428a-926c-ef8bd0564b54 6246118dda6c414d848aeb2faad9b192 d6bbae230b554162856d86be171ce136 - - default default] Tap Mirror: Handle Delete Port: 757acbd6-1646-46d5-9474-b3b8c7b8473c
2026-06-30 19:15:46.236 7 INFO neutron.db.ovn_revision_numbers_db [None req-f5f98c6c-56ad-4677-a812-1013669488bd 78132cdb8ca54edcba8fa800b3cbb1d5 6867cb1c039c458db8f77d5ae9b8d2b8 - - default default] Successfully bumped revision number for resource f88079c7-34b1-46db-9fb8-53dd317b4790 (type: routers) to 1 [pid: 7|app: 0|req: 1136/2145] 10.0.0.124 () {34 vars in 669 bytes} [Tue Jun 30 19:15:46 2026] POST /v2.0/routers => generated 603 bytes in 104 msecs (HTTP/1.1 201) 4 headers in 162 bytes (1 switches on core 0) [pid: 8|app: 0|req: 1010/2146] 10.0.0.124 () {32 vars in 726 bytes} [Tue Jun 30 19:15:46 2026] DELETE /v2.0/networks/78f3ae32-93c0-4c60-ab29-d3d8aa0dda68 => generated 0 bytes in 390 msecs (HTTP/1.1 204) 3 headers in 131 bytes (1 switches on core 0)
2026-06-30 19:15:46.564 7 INFO neutron.db.ovn_revision_numbers_db [None req-02f7cca7-24ee-43bd-8757-b5a60f41c74a 8f8e9d8a3b7c49c5a2f56cf366d12626 9f110aa37d9b4503988244007a4aefd1 - - default default] Successfully bumped revision number for resource 422432a4-10cf-4684-9b8a-a3d802bafe4b (type: security_groups) to 1
2026-06-30 19:15:46.578 7 INFO neutron.db.ovn_revision_numbers_db [None req-02f7cca7-24ee-43bd-8757-b5a60f41c74a 8f8e9d8a3b7c49c5a2f56cf366d12626 9f110aa37d9b4503988244007a4aefd1 - - default default] Successfully bumped revision number for resource 6004c209-00da-4a01-8ffb-cbf4b445ba8a (type: security_group_rules) to 0
2026-06-30 19:15:46.587 7 INFO neutron.db.ovn_revision_numbers_db [None req-02f7cca7-24ee-43bd-8757-b5a60f41c74a 8f8e9d8a3b7c49c5a2f56cf366d12626 9f110aa37d9b4503988244007a4aefd1 - - default default] Successfully bumped revision number for resource a752b96a-1743-4c38-b1d2-ea948b0fb036 (type: security_group_rules) to 0
2026-06-30 19:15:46.597 7 INFO neutron.db.ovn_revision_numbers_db [None req-02f7cca7-24ee-43bd-8757-b5a60f41c74a 8f8e9d8a3b7c49c5a2f56cf366d12626 9f110aa37d9b4503988244007a4aefd1 - - default default] Successfully bumped revision number for resource de6b28b8-10d8-43db-982f-6b55d84bf6b4 (type: security_group_rules) to 0
2026-06-30 19:15:46.612 7 INFO neutron.db.ovn_revision_numbers_db [None req-02f7cca7-24ee-43bd-8757-b5a60f41c74a 8f8e9d8a3b7c49c5a2f56cf366d12626 9f110aa37d9b4503988244007a4aefd1 - - default default] Successfully bumped revision number for resource ebbff3a4-bbb7-47cd-985b-d6dd24af5164 (type: security_group_rules) to 0 [pid: 7|app: 0|req: 1137/2147] 10.0.0.124 () {32 vars in 774 bytes} [Tue Jun 30 19:15:46 2026] GET /v2.0/security-groups?tenant_id=8cb7a288602942c7aae3fc7abc5a7516&name=default => generated 2925 bytes in 397 msecs (HTTP/1.1 200) 4 headers in 158 bytes (1 switches on core 0)
2026-06-30 19:15:46.709 8 INFO neutron.services.segments.plugin [-] Segment a1f9dbe5-0201-4c44-a071-9f5155607a96 resource provider aggregate not found
2026-06-30 19:15:46.717 8 INFO neutron.services.segments.plugin [-] Segment a1f9dbe5-0201-4c44-a071-9f5155607a96 resource provider aggregate not found
2026-06-30 19:15:46.741 8 INFO neutron.services.segments.plugin [-] Segment a1f9dbe5-0201-4c44-a071-9f5155607a96 resource provider not found; error: Placement Client Error (4xx): {"errors": [{"status": 404, "title": "Not Found", "detail": "The resource could not be found.\n\n No resource provider with uuid a1f9dbe5-0201-4c44-a071-9f5155607a96 found for delete ", "request_id": "req-3411c667-0f7f-4aaf-9dff-7a92b04ad8a9"}]}
2026-06-30 19:15:46.749 8 INFO neutron.services.segments.plugin [-] Segment a1f9dbe5-0201-4c44-a071-9f5155607a96 resource provider not found; error: Placement Client Error (4xx): {"errors": [{"status": 404, "title": "Not Found", "detail": "The resource could not be found.\n\n No resource provider with uuid a1f9dbe5-0201-4c44-a071-9f5155607a96 found for delete ", "request_id": "req-42c3a9a0-4a37-4458-89ef-12fe98decd1e"}]}
2026-06-30 19:15:46.756 7 INFO neutron_taas.services.taas.taas_plugin [None req-1870a7d8-6dd0-4927-b060-fe2baf980abb 6246118dda6c414d848aeb2faad9b192 d6bbae230b554162856d86be171ce136 - - default default] TaaS: Handle Delete Port: b66700c8-b928-477d-9e21-6cd070bba558
2026-06-30 19:15:46.759 7 INFO neutron_taas.services.taas.tap_mirror_plugin [None req-1870a7d8-6dd0-4927-b060-fe2baf980abb 6246118dda6c414d848aeb2faad9b192 d6bbae230b554162856d86be171ce136 - - default default] Tap Mirror: Handle Delete Port: b66700c8-b928-477d-9e21-6cd070bba558
2026-06-30 19:15:46.774 8 INFO neutron.services.segments.plugin [-] Segment eae4b769-5c36-42b3-bc73-e56455c2e15e resource provider aggregate not found
2026-06-30 19:15:46.782 8 INFO neutron.services.segments.plugin [-] Segment eae4b769-5c36-42b3-bc73-e56455c2e15e resource provider aggregate not found
2026-06-30 19:15:46.810 8 INFO neutron.services.segments.plugin [-] Segment eae4b769-5c36-42b3-bc73-e56455c2e15e resource provider not found; error: Placement Client Error (4xx): {"errors": [{"status": 404, "title": "Not Found", "detail": "The resource could not be found.\n\n No resource provider with uuid eae4b769-5c36-42b3-bc73-e56455c2e15e found for delete ", "request_id": "req-10acf1b8-9f90-451d-90a8-a191f0fcc94d"}]}
2026-06-30 19:15:46.828 8 INFO neutron.services.segments.plugin [-] Segment eae4b769-5c36-42b3-bc73-e56455c2e15e resource provider not found; error: Placement Client Error (4xx): {"errors": [{"status": 404, "title": "Not Found", "detail": "The resource could not be found.\n\n No resource provider with uuid eae4b769-5c36-42b3-bc73-e56455c2e15e found for delete ", "request_id": "req-3e02f7be-0315-4f6c-9ae2-e3dd0e595df7"}]}
2026-06-30 19:15:46.830 8 INFO neutron.services.segments.plugin [-] Segment 3a5bd3ee-1912-4622-8290-b4abb7a384e2 resource provider aggregate not found
2026-06-30 19:15:46.862 8 INFO neutron.services.segments.plugin [-] Segment 3a5bd3ee-1912-4622-8290-b4abb7a384e2 resource provider aggregate not found
2026-06-30 19:15:46.886 8 INFO neutron.services.segments.plugin [-] Segment 3a5bd3ee-1912-4622-8290-b4abb7a384e2 resource provider not found; error: Placement Client Error (4xx): {"errors": [{"status": 404, "title": "Not Found", "detail": "The resource could not be found.\n\n No resource provider with uuid 3a5bd3ee-1912-4622-8290-b4abb7a384e2 found for delete ", "request_id": "req-2be421ef-8e52-4694-b6af-822818f3626e"}]}
2026-06-30 19:15:46.912 8 INFO neutron.services.segments.plugin [-] Segment 3a5bd3ee-1912-4622-8290-b4abb7a384e2 resource provider not found; error: Placement Client Error (4xx): {"errors": [{"status": 404, "title": "Not Found", "detail": "The resource could not be found.\n\n No resource provider with uuid 3a5bd3ee-1912-4622-8290-b4abb7a384e2 found for delete ", "request_id": "req-87143f02-38a5-4171-bd01-e24b5f5bb9ac"}]}
2026-06-30 19:15:46.918 7 WARNING neutron.plugins.ml2.drivers.ovn.mech_driver.ovsdb.ovn_client [None req-d5f97978-406a-498a-ac96-004325ef6bd9 - - - - - -] No port found with ID c7586830-e586-4881-aa61-8fd3a95bac3a: RuntimeError: No port found with ID c7586830-e586-4881-aa61-8fd3a95bac3a
2026-06-30 19:15:46.918 7 INFO neutron.plugins.ml2.drivers.ovn.mech_driver.mech_driver [None req-d5f97978-406a-498a-ac96-004325ef6bd9 - - - - - -] OVN reports status down for port: 0c1de253-7b72-4af6-a745-50833e9e360d
2026-06-30 19:15:46.997 7 INFO neutron.services.segments.plugin [-] Segment beefc6c5-f125-428a-a1f5-36a7e954d684 resource provider aggregate not found
2026-06-30 19:15:47.006 7 INFO neutron.services.segments.plugin [-] Segment beefc6c5-f125-428a-a1f5-36a7e954d684 resource provider aggregate not found
2026-06-30 19:15:47.011 7 INFO neutron.services.segments.plugin [-] Segment beefc6c5-f125-428a-a1f5-36a7e954d684 resource provider not found; error: Placement Client Error (4xx): {"errors": [{"status": 404, "title": "Not Found", "detail": "The resource could not be found.\n\n No resource provider with uuid beefc6c5-f125-428a-a1f5-36a7e954d684 found for delete ", "request_id": "req-35e4d862-4050-45c2-93a3-dfdd9623b639"}]}
2026-06-30 19:15:47.014 8 WARNING neutron.scheduler.dhcp_agent_scheduler [None req-138932ef-2ffb-4076-bfbd-1f4565b1b561 78132cdb8ca54edcba8fa800b3cbb1d5 6867cb1c039c458db8f77d5ae9b8d2b8 - - default default] No more DHCP agents
2026-06-30 19:15:47.017 8 WARNING neutron.api.rpc.agentnotifiers.dhcp_rpc_agent_api [None req-138932ef-2ffb-4076-bfbd-1f4565b1b561 78132cdb8ca54edcba8fa800b3cbb1d5 6867cb1c039c458db8f77d5ae9b8d2b8 - - default default] Unable to schedule network fe067e0e-9a79-4136-9b87-0e6a85268ada: no agents available; will retry on subsequent port and subnet creation events.
2026-06-30 19:15:47.032 7 INFO neutron.services.segments.plugin [-] Segment beefc6c5-f125-428a-a1f5-36a7e954d684 resource provider not found; error: Placement Client Error (4xx): {"errors": [{"status": 404, "title": "Not Found", "detail": "The resource could not be found.\n\n No resource provider with uuid beefc6c5-f125-428a-a1f5-36a7e954d684 found for delete ", "request_id": "req-0d3fa9dc-bd79-421d-b6be-cd754b8e56fd"}]} [pid: 7|app: 0|req: 1138/2148] 10.0.0.124 () {32 vars in 726 bytes} [Tue Jun 30 19:15:46 2026] DELETE /v2.0/networks/7bc85f77-9f15-4923-b0f1-19c9cd03a53c => generated 0 bytes in 397 msecs (HTTP/1.1 204) 3 headers in 131 bytes (1 switches on core 0)
2026-06-30 19:15:47.134 8 INFO neutron.plugins.ml2.drivers.ovn.mech_driver.mech_driver [None req-b2f180c0-5ba0-4539-a414-536d6d34eee2 - - - - - -] OVN reports status down for port: 86296a85-ad1e-43b1-a312-94fdd65c1ba6
2026-06-30 19:15:47.216 8 INFO neutron.db.ovn_revision_numbers_db [None req-138932ef-2ffb-4076-bfbd-1f4565b1b561 78132cdb8ca54edcba8fa800b3cbb1d5 6867cb1c039c458db8f77d5ae9b8d2b8 - - default default] Successfully bumped revision number for resource 86296a85-ad1e-43b1-a312-94fdd65c1ba6 (type: ports) to 1 [pid: 7|app: 0|req: 1139/2149] 10.0.0.124 () {32 vars in 740 bytes} [Tue Jun 30 19:15:47 2026] DELETE /v2.0/security-groups/422432a4-10cf-4684-9b8a-a3d802bafe4b => generated 0 bytes in 210 msecs (HTTP/1.1 204) 2 headers in 112 bytes (1 switches on core 0)
2026-06-30 19:15:47.363 7 INFO neutron_taas.services.taas.taas_plugin [None req-b34928ac-146a-49d2-acba-2c0f130c2a58 6246118dda6c414d848aeb2faad9b192 d6bbae230b554162856d86be171ce136 - - default default] TaaS: Handle Delete Port: 3df553ca-d07d-4edc-8531-46af0f644a27
2026-06-30 19:15:47.366 7 INFO neutron_taas.services.taas.tap_mirror_plugin [None req-b34928ac-146a-49d2-acba-2c0f130c2a58 6246118dda6c414d848aeb2faad9b192 d6bbae230b554162856d86be171ce136 - - default default] Tap Mirror: Handle Delete Port: 3df553ca-d07d-4edc-8531-46af0f644a27 [pid: 7|app: 0|req: 1140/2150] 10.0.0.124 () {32 vars in 726 bytes} [Tue Jun 30 19:15:47 2026] DELETE /v2.0/networks/173188d3-f8c7-4d6f-9aab-f04c4d3e973c => generated 0 bytes in 350 msecs (HTTP/1.1 204) 3 headers in 131 bytes (1 switches on core 0) [pid: 7|app: 0|req: 1141/2151] 10.0.0.124 () {32 vars in 774 bytes} [Tue Jun 30 19:15:47 2026] GET /v2.0/security-groups?tenant_id=0a81c092695346c181c074ed18bd90f6&name=default => generated 2925 bytes in 24 msecs (HTTP/1.1 200) 4 headers in 158 bytes (1 switches on core 0)
2026-06-30 19:15:47.771 8 INFO neutron.plugins.ml2.drivers.ovn.mech_driver.mech_driver [None req-b2f180c0-5ba0-4539-a414-536d6d34eee2 - - - - - -] OVN reports status up for port: 86296a85-ad1e-43b1-a312-94fdd65c1ba6
2026-06-30 19:15:47.799 8 INFO neutron.plugins.ml2.plugin [None req-b2f180c0-5ba0-4539-a414-536d6d34eee2 - - - - - -] Attempt 1 to provision port 86296a85-ad1e-43b1-a312-94fdd65c1ba6 [pid: 7|app: 0|req: 1142/2152] 10.0.0.124 () {32 vars in 740 bytes} [Tue Jun 30 19:15:47 2026] DELETE /v2.0/security-groups/90e1cd3d-ee9a-4ae8-97c0-6d99d31d8fa1 => generated 0 bytes in 264 msecs (HTTP/1.1 204) 2 headers in 112 bytes (1 switches on core 0)
2026-06-30 19:15:47.923 8 WARNING neutron.scheduler.dhcp_agent_scheduler [None req-138932ef-2ffb-4076-bfbd-1f4565b1b561 78132cdb8ca54edcba8fa800b3cbb1d5 6867cb1c039c458db8f77d5ae9b8d2b8 - - default default] No more DHCP agents
2026-06-30 19:15:47.926 8 WARNING neutron.api.rpc.agentnotifiers.dhcp_rpc_agent_api [None req-138932ef-2ffb-4076-bfbd-1f4565b1b561 78132cdb8ca54edcba8fa800b3cbb1d5 6867cb1c039c458db8f77d5ae9b8d2b8 - - default default] Unable to schedule network fe067e0e-9a79-4136-9b87-0e6a85268ada: no agents available; will retry on subsequent port and subnet creation events.
2026-06-30 19:15:48.178 7 INFO neutron.db.ovn_revision_numbers_db [None req-8b63f58d-5c83-4c04-803c-caeb1e42cb6b 8f8e9d8a3b7c49c5a2f56cf366d12626 9f110aa37d9b4503988244007a4aefd1 - - default default] Successfully bumped revision number for resource 2f983588-216b-4002-9e90-bcf10abb038b (type: security_groups) to 1
2026-06-30 19:15:48.190 7 INFO neutron.db.ovn_revision_numbers_db [None req-8b63f58d-5c83-4c04-803c-caeb1e42cb6b 8f8e9d8a3b7c49c5a2f56cf366d12626 9f110aa37d9b4503988244007a4aefd1 - - default default] Successfully bumped revision number for resource 08368dfb-95a4-4bb1-8324-de2fe15ddd47 (type: security_group_rules) to 0
2026-06-30 19:15:48.199 7 INFO neutron.db.ovn_revision_numbers_db [None req-8b63f58d-5c83-4c04-803c-caeb1e42cb6b 8f8e9d8a3b7c49c5a2f56cf366d12626 9f110aa37d9b4503988244007a4aefd1 - - default default] Successfully bumped revision number for resource 4a667af5-4cd7-4e06-9938-315f2669f9ee (type: security_group_rules) to 0
2026-06-30 19:15:48.210 7 INFO neutron.db.ovn_revision_numbers_db [None req-8b63f58d-5c83-4c04-803c-caeb1e42cb6b 8f8e9d8a3b7c49c5a2f56cf366d12626 9f110aa37d9b4503988244007a4aefd1 - - default default] Successfully bumped revision number for resource 60156ce8-ecab-45c9-b8ee-1795862b46d9 (type: security_group_rules) to 0
2026-06-30 19:15:48.221 7 INFO neutron.db.ovn_revision_numbers_db [None req-8b63f58d-5c83-4c04-803c-caeb1e42cb6b 8f8e9d8a3b7c49c5a2f56cf366d12626 9f110aa37d9b4503988244007a4aefd1 - - default default] Successfully bumped revision number for resource ef0aba20-806c-47e5-afab-caddec7e0c77 (type: security_group_rules) to 0 [pid: 7|app: 0|req: 1143/2153] 10.0.0.124 () {32 vars in 774 bytes} [Tue Jun 30 19:15:48 2026] GET /v2.0/security-groups?tenant_id=452fab708e3c4690a6dcdb7a3dc31fb4&name=default => generated 2925 bytes in 218 msecs (HTTP/1.1 200) 4 headers in 158 bytes (1 switches on core 0)
2026-06-30 19:15:48.328 8 INFO neutron.db.ovn_revision_numbers_db [None req-138932ef-2ffb-4076-bfbd-1f4565b1b561 78132cdb8ca54edcba8fa800b3cbb1d5 6867cb1c039c458db8f77d5ae9b8d2b8 - - default default] Successfully bumped revision number for resource 86296a85-ad1e-43b1-a312-94fdd65c1ba6 (type: router_ports) to 1 [pid: 8|app: 0|req: 1011/2154] 10.0.0.124 () {34 vars in 783 bytes} [Tue Jun 30 19:15:46 2026] PUT /v2.0/routers/f88079c7-34b1-46db-9fb8-53dd317b4790/add_router_interface => generated 309 bytes in 1834 msecs (HTTP/1.1 200) 4 headers in 157 bytes (1 switches on core 0) [pid: 8|app: 0|req: 1012/2155] 10.0.0.124 () {32 vars in 717 bytes} [Tue Jun 30 19:15:48 2026] GET /v2.0/ports/86296a85-ad1e-43b1-a312-94fdd65c1ba6 => generated 943 bytes in 182 msecs (HTTP/1.1 200) 4 headers in 157 bytes (1 switches on core 0) [pid: 7|app: 0|req: 1144/2156] 10.0.0.124 () {32 vars in 740 bytes} [Tue Jun 30 19:15:48 2026] DELETE /v2.0/security-groups/2f983588-216b-4002-9e90-bcf10abb038b => generated 0 bytes in 263 msecs (HTTP/1.1 204) 2 headers in 112 bytes (1 switches on core 0)
2026-06-30 19:15:48.547 8 INFO neutron.db.ovn_revision_numbers_db [None req-b2f180c0-5ba0-4539-a414-536d6d34eee2 - - - - - -] Successfully bumped revision number for resource 86296a85-ad1e-43b1-a312-94fdd65c1ba6 (type: ports) to 2 [pid: 7|app: 0|req: 1145/2157] 10.0.0.124 () {32 vars in 717 bytes} [Tue Jun 30 19:15:48 2026] GET /v2.0/ports/86296a85-ad1e-43b1-a312-94fdd65c1ba6 => generated 943 bytes in 32 msecs (HTTP/1.1 200) 4 headers in 157 bytes (1 switches on core 0)
