2026-06-30 19:13:22.040 8 INFO neutron_taas.services.taas.tap_mirror_plugin [None req-9e30df75-96f6-4b5e-8523-ac6a7c01d2c6 8f8e9d8a3b7c49c5a2f56cf366d12626 9f110aa37d9b4503988244007a4aefd1 - - default default] Tap Mirror: Handle Delete Port: 452af6ea-3788-4673-bb77-18ac6740dc65
2026-06-30 19:13:22.107 7 INFO neutron.db.ovn_revision_numbers_db [req-34b99b68-cdd3-41d3-bab7-b7ddd9e41eda req-9a2cd170-f8ba-4071-b757-8e8f9f04cb57 20982b1abcb94bea9542095da0231f40 4cc5906a71ba4aa9ba69b5064934561a - - faaa607a8a2042a0a707cd01c746f9b3 faaa607a8a2042a0a707cd01c746f9b3] Successfully bumped revision number for resource 42899ce8-a7ae-4944-a4f1-2737aa18832d (type: ports) to 2
2026-06-30 19:13:22.209 8 INFO neutron.services.segments.plugin [-] Segment 768d3ba9-ac3c-40e1-a56a-e17ebaf46181 resource provider aggregate not found
2026-06-30 19:13:22.218 8 INFO neutron.services.segments.plugin [-] Segment 768d3ba9-ac3c-40e1-a56a-e17ebaf46181 resource provider aggregate not found
2026-06-30 19:13:22.227 8 INFO neutron.services.segments.plugin [-] Segment 768d3ba9-ac3c-40e1-a56a-e17ebaf46181 resource provider not found; error: Placement Client Error (4xx): {"errors": [{"status": 404, "title": "Not Found", "detail": "The resource could not be found.\n\n No resource provider with uuid 768d3ba9-ac3c-40e1-a56a-e17ebaf46181 found for delete ", "request_id": "req-da6e3b15-2276-452d-888c-cc8a4d567845"}]}
2026-06-30 19:13:22.233 8 INFO neutron.services.segments.plugin [-] Segment 768d3ba9-ac3c-40e1-a56a-e17ebaf46181 resource provider not found; error: Placement Client Error (4xx): {"errors": [{"status": 404, "title": "Not Found", "detail": "The resource could not be found.\n\n No resource provider with uuid 768d3ba9-ac3c-40e1-a56a-e17ebaf46181 found for delete ", "request_id": "req-8252494d-5700-4d8b-a620-acb475324fbb"}]} [pid: 8|app: 0|req: 517/1103] 10.0.0.124 () {32 vars in 726 bytes} [Tue Jun 30 19:13:21 2026] DELETE /v2.0/networks/c5b43b6e-f9ce-41d7-b878-942f88f2b639 => generated 0 bytes in 342 msecs (HTTP/1.1 204) 3 headers in 131 bytes (1 switches on core 0) [pid: 8|app: 0|req: 518/1104] 10.0.0.124 () {32 vars in 717 bytes} [Tue Jun 30 19:13:22 2026] GET /v2.0/ports/74ad2099-acd3-4221-97df-ae8cdc2f8c7f => generated 953 bytes in 29 msecs (HTTP/1.1 200) 4 headers in 157 bytes (1 switches on core 0)
2026-06-30 19:13:22.344 7 INFO neutron.db.ovn_revision_numbers_db [req-34b99b68-cdd3-41d3-bab7-b7ddd9e41eda req-9a2cd170-f8ba-4071-b757-8e8f9f04cb57 20982b1abcb94bea9542095da0231f40 4cc5906a71ba4aa9ba69b5064934561a - - faaa607a8a2042a0a707cd01c746f9b3 faaa607a8a2042a0a707cd01c746f9b3] Successfully bumped revision number for resource 42899ce8-a7ae-4944-a4f1-2737aa18832d (type: ports) to 4 [pid: 7|app: 0|req: 587/1105] 199.204.45.4 () {38 vars in 1026 bytes} [Tue Jun 30 19:13:21 2026] PUT /v2.0/ports/42899ce8-a7ae-4944-a4f1-2737aa18832d => generated 1204 bytes in 644 msecs (HTTP/1.1 200) 4 headers in 158 bytes (1 switches on core 0) /var/lib/openstack/lib/python3.12/site-packages/pycadf/identifier.py:70: UserWarning: Invalid uuid: neutron. To ensure interoperability, identifiers should be a valid uuid. warnings.warn(('Invalid uuid: %s. To ensure interoperability, ' [pid: 7|app: 0|req: 588/1106] 10.0.0.124 () {32 vars in 774 bytes} [Tue Jun 30 19:13:22 2026] GET /v2.0/security-groups?tenant_id=11757e6e3d1448aebf6bcc230eb986a7&name=default => generated 2921 bytes in 35 msecs (HTTP/1.1 200) 4 headers in 158 bytes (1 switches on core 0)
2026-06-30 19:13:22.399 7 INFO neutron.notifiers.nova [-] Nova event matching ['req-7f344f7f-045d-4885-bdb4-d5b44ff4c5b6'] response: {'name': 'network-changed', 'server_uuid': '84d456bb-5240-4924-8b49-43c2e68410a4', 'tag': '42899ce8-a7ae-4944-a4f1-2737aa18832d', 'status': 'completed', 'code': 200} [pid: 8|app: 0|req: 519/1107] 10.0.0.124 () {32 vars in 740 bytes} [Tue Jun 30 19:13:22 2026] DELETE /v2.0/security-groups/028e3dc2-faf6-44e8-bba2-7838ff8c17b9 => generated 0 bytes in 266 msecs (HTTP/1.1 204) 2 headers in 112 bytes (1 switches on core 0) [pid: 7|app: 0|req: 589/1108] 10.0.0.124 () {32 vars in 740 bytes} [Tue Jun 30 19:13:22 2026] DELETE /v2.0/security-groups/3ea6ef43-0ad3-4a71-8ff6-83998126b305 => generated 0 bytes in 246 msecs (HTTP/1.1 204) 2 headers in 112 bytes (1 switches on core 0)
2026-06-30 19:13:22.811 8 INFO neutron.db.ovn_revision_numbers_db [None req-28c49316-e3b4-4992-b5e5-a2a0db197604 8f8e9d8a3b7c49c5a2f56cf366d12626 9f110aa37d9b4503988244007a4aefd1 - - default default] Successfully bumped revision number for resource 832e7062-9496-4ff0-8f02-fd1ba902e80a (type: security_groups) to 1
2026-06-30 19:13:22.829 8 INFO neutron.db.ovn_revision_numbers_db [None req-28c49316-e3b4-4992-b5e5-a2a0db197604 8f8e9d8a3b7c49c5a2f56cf366d12626 9f110aa37d9b4503988244007a4aefd1 - - default default] Successfully bumped revision number for resource 82cd1e4d-1169-4df5-8710-476e8061858d (type: security_group_rules) to 0
2026-06-30 19:13:22.844 8 INFO neutron.db.ovn_revision_numbers_db [None req-28c49316-e3b4-4992-b5e5-a2a0db197604 8f8e9d8a3b7c49c5a2f56cf366d12626 9f110aa37d9b4503988244007a4aefd1 - - default default] Successfully bumped revision number for resource 8b008ba3-73c1-4721-884f-2fe8e774bb54 (type: security_group_rules) to 0
2026-06-30 19:13:22.857 8 INFO neutron.db.ovn_revision_numbers_db [None req-28c49316-e3b4-4992-b5e5-a2a0db197604 8f8e9d8a3b7c49c5a2f56cf366d12626 9f110aa37d9b4503988244007a4aefd1 - - default default] Successfully bumped revision number for resource d1eb57ce-5500-4267-87c8-5c88f2ea08d1 (type: security_group_rules) to 0
2026-06-30 19:13:22.872 8 INFO neutron.db.ovn_revision_numbers_db [None req-28c49316-e3b4-4992-b5e5-a2a0db197604 8f8e9d8a3b7c49c5a2f56cf366d12626 9f110aa37d9b4503988244007a4aefd1 - - default default] Successfully bumped revision number for resource fa33fa0b-1b55-4cb6-9e56-cc46b30a43ee (type: security_group_rules) to 0 [pid: 8|app: 0|req: 520/1109] 10.0.0.124 () {32 vars in 774 bytes} [Tue Jun 30 19:13:22 2026] GET /v2.0/security-groups?tenant_id=e5932adf0f4a42058b1e959db9d57b7c&name=default => generated 2925 bytes in 226 msecs (HTTP/1.1 200) 4 headers in 158 bytes (1 switches on core 0) [pid: 7|app: 0|req: 590/1110] 199.204.45.4 () {34 vars in 1078 bytes} [Tue Jun 30 19:13:22 2026] GET /v2.0/ports?tenant_id=c94557ec2a834f6fa9298afde83c7c30&device_id=84d456bb-5240-4924-8b49-43c2e68410a4 => generated 1207 bytes in 45 msecs (HTTP/1.1 200) 4 headers in 158 bytes (1 switches on core 0) [pid: 7|app: 0|req: 591/1111] 199.204.45.4 () {34 vars in 1016 bytes} [Tue Jun 30 19:13:22 2026] GET /v2.0/networks?tenant_id=c94557ec2a834f6fa9298afde83c7c30&shared=False => generated 813 bytes in 59 msecs (HTTP/1.1 200) 4 headers in 157 bytes (1 switches on core 0) [pid: 7|app: 0|req: 592/1112] 10.0.0.159 () {34 vars in 990 bytes} [Tue Jun 30 19:13:23 2026] GET /v2.0/ports?device_id=84d456bb-5240-4924-8b49-43c2e68410a4 => generated 969 bytes in 43 msecs (HTTP/1.1 200) 4 headers in 157 bytes (1 switches on core 0) [pid: 7|app: 0|req: 593/1113] 199.204.45.4 () {34 vars in 928 bytes} [Tue Jun 30 19:13:23 2026] GET /v2.0/networks?shared=True => generated 791 bytes in 55 msecs (HTTP/1.1 200) 4 headers in 157 bytes (1 switches on core 0) [pid: 7|app: 0|req: 594/1114] 10.0.0.159 () {34 vars in 1040 bytes} [Tue Jun 30 19:13:23 2026] GET /v2.0/security-groups?id=69618fd0-65f6-42e4-86bc-50c22988b85a&fields=id&fields=name => generated 114 bytes in 38 msecs (HTTP/1.1 200) 4 headers in 157 bytes (1 switches on core 0) [pid: 8|app: 0|req: 521/1115] 10.0.0.124 () {32 vars in 740 bytes} [Tue Jun 30 19:13:22 2026] DELETE /v2.0/security-groups/832e7062-9496-4ff0-8f02-fd1ba902e80a => generated 0 bytes in 241 msecs (HTTP/1.1 204) 2 headers in 112 bytes (1 switches on core 0) [pid: 7|app: 0|req: 595/1116] 10.0.0.124 () {32 vars in 717 bytes} [Tue Jun 30 19:13:23 2026] GET /v2.0/ports/74ad2099-acd3-4221-97df-ae8cdc2f8c7f => generated 953 bytes in 60 msecs (HTTP/1.1 200) 4 headers in 157 bytes (1 switches on core 0) [pid: 8|app: 0|req: 522/1117] 199.204.45.4 () {34 vars in 1078 bytes} [Tue Jun 30 19:13:24 2026] GET /v2.0/ports?tenant_id=c94557ec2a834f6fa9298afde83c7c30&device_id=84d456bb-5240-4924-8b49-43c2e68410a4 => generated 1207 bytes in 40 msecs (HTTP/1.1 200) 4 headers in 158 bytes (1 switches on core 0) [pid: 7|app: 0|req: 596/1118] 199.204.45.4 () {34 vars in 1056 bytes} [Tue Jun 30 19:13:24 2026] GET /v2.0/floatingips?fixed_ip_address=10.100.0.8&port_id=42899ce8-a7ae-4944-a4f1-2737aa18832d => generated 19 bytes in 21 msecs (HTTP/1.1 200) 4 headers in 156 bytes (1 switches on core 0) [pid: 8|app: 0|req: 523/1119] 199.204.45.4 () {34 vars in 982 bytes} [Tue Jun 30 19:13:24 2026] GET /v2.0/subnets?id=7285f30f-7448-40cc-bec6-876b6a32d4f6 => generated 694 bytes in 27 msecs (HTTP/1.1 200) 4 headers in 157 bytes (1 switches on core 0) [pid: 7|app: 0|req: 597/1120] 10.0.0.159 () {34 vars in 990 bytes} [Tue Jun 30 19:13:24 2026] GET /v2.0/ports?device_id=84d456bb-5240-4924-8b49-43c2e68410a4 => generated 969 bytes in 39 msecs (HTTP/1.1 200) 4 headers in 157 bytes (1 switches on core 0) [pid: 8|app: 0|req: 524/1121] 199.204.45.4 () {34 vars in 1050 bytes} [Tue Jun 30 19:13:24 2026] GET /v2.0/ports?network_id=ff141f0c-0237-46ea-ad7b-2cc87274c707&device_owner=network%3Adhcp => generated 12 bytes in 18 msecs (HTTP/1.1 200) 4 headers in 156 bytes (1 switches on core 0) [pid: 7|app: 0|req: 598/1122] 10.0.0.159 () {34 vars in 1040 bytes} [Tue Jun 30 19:13:24 2026] GET /v2.0/security-groups?id=69618fd0-65f6-42e4-86bc-50c22988b85a&fields=id&fields=name => generated 114 bytes in 28 msecs (HTTP/1.1 200) 4 headers in 157 bytes (1 switches on core 0) [pid: 8|app: 0|req: 525/1123] 199.204.45.4 () {34 vars in 1010 bytes} [Tue Jun 30 19:13:24 2026] GET /v2.0/networks/ff141f0c-0237-46ea-ad7b-2cc87274c707?fields=segments => generated 14 bytes in 40 msecs (HTTP/1.1 200) 4 headers in 156 bytes (1 switches on core 0) [pid: 7|app: 0|req: 599/1124] 199.204.45.4 () {34 vars in 1110 bytes} [Tue Jun 30 19:13:24 2026] GET /v2.0/networks/ff141f0c-0237-46ea-ad7b-2cc87274c707?fields=provider%3Aphysical_network&fields=provider%3Anetwork_type => generated 79 bytes in 39 msecs (HTTP/1.1 200) 4 headers in 156 bytes (1 switches on core 0) [pid: 7|app: 0|req: 600/1125] 10.0.0.124 () {32 vars in 717 bytes} [Tue Jun 30 19:13:24 2026] GET /v2.0/ports/74ad2099-acd3-4221-97df-ae8cdc2f8c7f => generated 953 bytes in 38 msecs (HTTP/1.1 200) 4 headers in 157 bytes (1 switches on core 0)
2026-06-30 19:13:24.745 8 INFO neutron.db.ovn_revision_numbers_db [None req-85523578-6c4b-4144-94a7-f3c8c1db1dba 8f8e9d8a3b7c49c5a2f56cf366d12626 9f110aa37d9b4503988244007a4aefd1 - - default default] Successfully bumped revision number for resource 0b82dca0-7ffb-455b-a015-b2c620ba0b20 (type: security_groups) to 1
2026-06-30 19:13:24.757 8 INFO neutron.db.ovn_revision_numbers_db [None req-85523578-6c4b-4144-94a7-f3c8c1db1dba 8f8e9d8a3b7c49c5a2f56cf366d12626 9f110aa37d9b4503988244007a4aefd1 - - default default] Successfully bumped revision number for resource 14f70950-4eb3-4e30-bb8b-197ac4a4fc35 (type: security_group_rules) to 0
2026-06-30 19:13:24.769 8 INFO neutron.db.ovn_revision_numbers_db [None req-85523578-6c4b-4144-94a7-f3c8c1db1dba 8f8e9d8a3b7c49c5a2f56cf366d12626 9f110aa37d9b4503988244007a4aefd1 - - default default] Successfully bumped revision number for resource 24798365-88c7-451b-b4a5-ccb12de9b34f (type: security_group_rules) to 0
2026-06-30 19:13:24.780 8 INFO neutron.db.ovn_revision_numbers_db [None req-85523578-6c4b-4144-94a7-f3c8c1db1dba 8f8e9d8a3b7c49c5a2f56cf366d12626 9f110aa37d9b4503988244007a4aefd1 - - default default] Successfully bumped revision number for resource 644bab0f-43fc-4cab-a295-842207dc74e4 (type: security_group_rules) to 0
2026-06-30 19:13:24.790 8 INFO neutron.db.ovn_revision_numbers_db [None req-85523578-6c4b-4144-94a7-f3c8c1db1dba 8f8e9d8a3b7c49c5a2f56cf366d12626 9f110aa37d9b4503988244007a4aefd1 - - default default] Successfully bumped revision number for resource 7b42774d-e10a-4bed-a754-7545df6efe9d (type: security_group_rules) to 0
2026-06-30 19:13:24.870 8 INFO neutron.db.segments_db [None req-85523578-6c4b-4144-94a7-f3c8c1db1dba 8f8e9d8a3b7c49c5a2f56cf366d12626 9f110aa37d9b4503988244007a4aefd1 - - default default] Added segment c78129ff-6ad9-4de4-94c6-b51edf70e7c7 of type geneve for network 24478c6b-1bc7-4f02-acf0-91a7ca5e84cb
2026-06-30 19:13:25.023 8 INFO neutron.db.ovn_revision_numbers_db [None req-85523578-6c4b-4144-94a7-f3c8c1db1dba 8f8e9d8a3b7c49c5a2f56cf366d12626 9f110aa37d9b4503988244007a4aefd1 - - default default] Successfully bumped revision number for resource 24478c6b-1bc7-4f02-acf0-91a7ca5e84cb (type: networks) to 1
2026-06-30 19:13:25.030 7 WARNING neutron.plugins.ml2.drivers.ovn.mech_driver.ovsdb.ovn_client [None req-384c0b92-e09a-4ad6-ac6c-942ee79aebdb - - - - - -] No hosting information found for port 29dc97d0-82f4-4cf9-9fba-2c11db87ba77: RuntimeError: No hosting information found for port 29dc97d0-82f4-4cf9-9fba-2c11db87ba77
2026-06-30 19:13:25.099 7 INFO neutron.db.ovn_revision_numbers_db [None req-384c0b92-e09a-4ad6-ac6c-942ee79aebdb - - - - - -] Successfully bumped revision number for resource 29dc97d0-82f4-4cf9-9fba-2c11db87ba77 (type: router_ports) to 2
2026-06-30 19:13:25.137 7 INFO neutron.plugins.ml2.drivers.ovn.mech_driver.mech_driver [None req-384c0b92-e09a-4ad6-ac6c-942ee79aebdb - - - - - -] OVN reports status down for port: 74ad2099-acd3-4221-97df-ae8cdc2f8c7f
2026-06-30 19:13:25.189 8 WARNING neutron.scheduler.dhcp_agent_scheduler [None req-85523578-6c4b-4144-94a7-f3c8c1db1dba 8f8e9d8a3b7c49c5a2f56cf366d12626 9f110aa37d9b4503988244007a4aefd1 - - default default] No more DHCP agents
2026-06-30 19:13:25.190 8 WARNING neutron.api.rpc.agentnotifiers.dhcp_rpc_agent_api [None req-85523578-6c4b-4144-94a7-f3c8c1db1dba 8f8e9d8a3b7c49c5a2f56cf366d12626 9f110aa37d9b4503988244007a4aefd1 - - default default] Unable to schedule network 24478c6b-1bc7-4f02-acf0-91a7ca5e84cb: no agents available; will retry on subsequent port and subnet creation events.
2026-06-30 19:13:25.200 7 WARNING neutron.plugins.ml2.drivers.ovn.mech_driver.ovsdb.ovn_client [None req-384c0b92-e09a-4ad6-ac6c-942ee79aebdb - - - - - -] Logical_Switch_Port 74ad2099-acd3-4221-97df-ae8cdc2f8c7f host information not removed, the port state is up
2026-06-30 19:13:25.200 7 INFO neutron.plugins.ml2.drivers.ovn.mech_driver.mech_driver [None req-384c0b92-e09a-4ad6-ac6c-942ee79aebdb - - - - - -] OVN reports status up for port: 74ad2099-acd3-4221-97df-ae8cdc2f8c7f
2026-06-30 19:13:25.210 7 INFO neutron.plugins.ml2.plugin [None req-384c0b92-e09a-4ad6-ac6c-942ee79aebdb - - - - - -] Attempt 1 to provision port 74ad2099-acd3-4221-97df-ae8cdc2f8c7f
2026-06-30 19:13:25.258 8 INFO neutron.db.ovn_revision_numbers_db [None req-85523578-6c4b-4144-94a7-f3c8c1db1dba 8f8e9d8a3b7c49c5a2f56cf366d12626 9f110aa37d9b4503988244007a4aefd1 - - default default] Successfully bumped revision number for resource ac5326a0-935a-4ce6-992d-55ec1288bf1b (type: ports) to 1 [pid: 8|app: 0|req: 526/1126] 10.0.0.124 () {34 vars in 671 bytes} [Tue Jun 30 19:13:24 2026] POST /v2.0/networks => generated 777 bytes in 944 msecs (HTTP/1.1 201) 4 headers in 162 bytes (1 switches on core 0) [pid: 8|app: 0|req: 527/1127] 10.0.0.159 () {34 vars in 990 bytes} [Tue Jun 30 19:13:25 2026] GET /v2.0/ports?device_id=84d456bb-5240-4924-8b49-43c2e68410a4 => generated 969 bytes in 41 msecs (HTTP/1.1 200) 4 headers in 157 bytes (1 switches on core 0) [pid: 8|app: 0|req: 528/1128] 10.0.0.124 () {32 vars in 717 bytes} [Tue Jun 30 19:13:25 2026] GET /v2.0/ports/74ad2099-acd3-4221-97df-ae8cdc2f8c7f => generated 953 bytes in 76 msecs (HTTP/1.1 200) 4 headers in 157 bytes (1 switches on core 0) [pid: 8|app: 0|req: 529/1129] 10.0.0.159 () {34 vars in 1040 bytes} [Tue Jun 30 19:13:25 2026] GET /v2.0/security-groups?id=69618fd0-65f6-42e4-86bc-50c22988b85a&fields=id&fields=name => generated 114 bytes in 23 msecs (HTTP/1.1 200) 4 headers in 157 bytes (1 switches on core 0)
2026-06-30 19:13:25.552 7 WARNING neutron.scheduler.dhcp_agent_scheduler [None req-ab9934a8-8e36-4cfe-b1b8-21c356a2e270 8f8e9d8a3b7c49c5a2f56cf366d12626 9f110aa37d9b4503988244007a4aefd1 - - default default] No more DHCP agents
2026-06-30 19:13:25.555 7 WARNING neutron.api.rpc.agentnotifiers.dhcp_rpc_agent_api [None req-ab9934a8-8e36-4cfe-b1b8-21c356a2e270 8f8e9d8a3b7c49c5a2f56cf366d12626 9f110aa37d9b4503988244007a4aefd1 - - default default] Unable to schedule network 24478c6b-1bc7-4f02-acf0-91a7ca5e84cb: no agents available; will retry on subsequent port and subnet creation events.
2026-06-30 19:13:25.863 7 INFO neutron.db.ovn_revision_numbers_db [None req-384c0b92-e09a-4ad6-ac6c-942ee79aebdb - - - - - -] Successfully bumped revision number for resource 74ad2099-acd3-4221-97df-ae8cdc2f8c7f (type: ports) to 2
2026-06-30 19:13:26.209 7 INFO neutron.db.ovn_revision_numbers_db [None req-03815bef-e76d-4261-b854-ad8de3b1a675 - - - - - -] Successfully bumped revision number for resource ac5326a0-935a-4ce6-992d-55ec1288bf1b (type: ports) to 2
2026-06-30 19:13:26.237 7 INFO neutron.db.ovn_revision_numbers_db [None req-03815bef-e76d-4261-b854-ad8de3b1a675 - - - - - -] Successfully bumped revision number for resource 08abc2d9-b277-4611-8432-fae8d9c624d4 (type: subnets) to 0 [pid: 7|app: 0|req: 601/1130] 10.0.0.124 () {34 vars in 669 bytes} [Tue Jun 30 19:13:25 2026] POST /v2.0/subnets => generated 684 bytes in 969 msecs (HTTP/1.1 201) 4 headers in 162 bytes (1 switches on core 0)
2026-06-30 19:13:26.591 7 INFO neutron.db.ovn_revision_numbers_db [None req-dd59d689-17fb-4aa1-8625-8ac147a1cc8d 8f8e9d8a3b7c49c5a2f56cf366d12626 9f110aa37d9b4503988244007a4aefd1 - - default default] Successfully bumped revision number for resource 3b0dd227-28e6-45e4-8ff1-2a142ecd3667 (type: security_groups) to 1
2026-06-30 19:13:26.602 7 INFO neutron.db.ovn_revision_numbers_db [None req-dd59d689-17fb-4aa1-8625-8ac147a1cc8d 8f8e9d8a3b7c49c5a2f56cf366d12626 9f110aa37d9b4503988244007a4aefd1 - - default default] Successfully bumped revision number for resource 38abad6f-9f49-435f-ab75-ca6d81d5a5d6 (type: security_group_rules) to 0
2026-06-30 19:13:26.612 7 INFO neutron.db.ovn_revision_numbers_db [None req-dd59d689-17fb-4aa1-8625-8ac147a1cc8d 8f8e9d8a3b7c49c5a2f56cf366d12626 9f110aa37d9b4503988244007a4aefd1 - - default default] Successfully bumped revision number for resource 4c95007e-5744-4e49-ba3b-2e9724233ab4 (type: security_group_rules) to 0
2026-06-30 19:13:26.623 7 INFO neutron.db.ovn_revision_numbers_db [None req-dd59d689-17fb-4aa1-8625-8ac147a1cc8d 8f8e9d8a3b7c49c5a2f56cf366d12626 9f110aa37d9b4503988244007a4aefd1 - - default default] Successfully bumped revision number for resource 542b2787-24cb-499b-a381-f1333dc2c68a (type: security_group_rules) to 0
2026-06-30 19:13:26.634 7 INFO neutron.db.ovn_revision_numbers_db [None req-dd59d689-17fb-4aa1-8625-8ac147a1cc8d 8f8e9d8a3b7c49c5a2f56cf366d12626 9f110aa37d9b4503988244007a4aefd1 - - default default] Successfully bumped revision number for resource ca4281e0-c002-469a-89eb-3ab3f52b98ae (type: security_group_rules) to 0 [pid: 7|app: 0|req: 602/1131] 10.0.0.124 () {32 vars in 774 bytes} [Tue Jun 30 19:13:26 2026] GET /v2.0/security-groups?tenant_id=0955d878386d4f11b871d0ef13c818bd&name=default => generated 2925 bytes in 307 msecs (HTTP/1.1 200) 4 headers in 158 bytes (1 switches on core 0)
2026-06-30 19:13:26.677 8 WARNING neutron.scheduler.dhcp_agent_scheduler [None req-e0a26bdb-1641-4814-b060-ad14328ccc4c 8f8e9d8a3b7c49c5a2f56cf366d12626 9f110aa37d9b4503988244007a4aefd1 - - default default] No more DHCP agents
2026-06-30 19:13:26.679 8 WARNING neutron.api.rpc.agentnotifiers.dhcp_rpc_agent_api [None req-e0a26bdb-1641-4814-b060-ad14328ccc4c 8f8e9d8a3b7c49c5a2f56cf366d12626 9f110aa37d9b4503988244007a4aefd1 - - default default] Unable to schedule network c54d4f86-f08b-403f-9eef-63e54f14d7e6: no agents available; will retry on subsequent port and subnet creation events. [pid: 7|app: 0|req: 603/1132] 10.0.0.124 () {32 vars in 717 bytes} [Tue Jun 30 19:13:26 2026] GET /v2.0/ports/74ad2099-acd3-4221-97df-ae8cdc2f8c7f => generated 955 bytes in 33 msecs (HTTP/1.1 200) 4 headers in 157 bytes (1 switches on core 0) [pid: 7|app: 0|req: 604/1133] 10.0.0.159 () {34 vars in 990 bytes} [Tue Jun 30 19:13:26 2026] GET /v2.0/ports?device_id=84d456bb-5240-4924-8b49-43c2e68410a4 => generated 969 bytes in 83 msecs (HTTP/1.1 200) 4 headers in 157 bytes (1 switches on core 0)
2026-06-30 19:13:26.819 8 INFO neutron.db.ovn_revision_numbers_db [None req-e0a26bdb-1641-4814-b060-ad14328ccc4c 8f8e9d8a3b7c49c5a2f56cf366d12626 9f110aa37d9b4503988244007a4aefd1 - - default default] Successfully bumped revision number for resource 43bc2ffd-53bd-4a43-a0f2-94168eaa457e (type: ports) to 1
2026-06-30 19:13:27.029 8 INFO neutron.plugins.ml2.drivers.ovn.mech_driver.mech_driver [None req-39dea03b-5820-462a-8b20-ac5aa50de88a - - - - - -] OVN reports status up for port: 42899ce8-a7ae-4944-a4f1-2737aa18832d
2026-06-30 19:13:27.073 8 INFO neutron.plugins.ml2.plugin [None req-39dea03b-5820-462a-8b20-ac5aa50de88a - - - - - -] Attempt 1 to provision port 42899ce8-a7ae-4944-a4f1-2737aa18832d [pid: 7|app: 0|req: 605/1134] 10.0.0.124 () {32 vars in 740 bytes} [Tue Jun 30 19:13:26 2026] DELETE /v2.0/security-groups/3b0dd227-28e6-45e4-8ff1-2a142ecd3667 => generated 0 bytes in 309 msecs (HTTP/1.1 204) 2 headers in 112 bytes (1 switches on core 0)
2026-06-30 19:13:27.316 8 INFO neutron.notifiers.nova [-] Nova event matching ['req-52291661-16ee-4d57-b839-44ee43079e80'] response: {'server_uuid': '84d456bb-5240-4924-8b49-43c2e68410a4', 'name': 'network-vif-plugged', 'status': 'completed', 'tag': '42899ce8-a7ae-4944-a4f1-2737aa18832d', 'code': 200}
2026-06-30 19:13:27.414 7 INFO neutron_taas.services.taas.taas_plugin [None req-41afb9f7-efd8-4f7b-a5f2-a76cb9363203 d7a8af4fa8b5443897d41e38e57653de 3cefa91e4d164433af7f3ebca577df5e - - default default] TaaS: Handle Delete Port: 74ad2099-acd3-4221-97df-ae8cdc2f8c7f
2026-06-30 19:13:27.417 7 INFO neutron_taas.services.taas.tap_mirror_plugin [None req-41afb9f7-efd8-4f7b-a5f2-a76cb9363203 d7a8af4fa8b5443897d41e38e57653de 3cefa91e4d164433af7f3ebca577df5e - - default default] Tap Mirror: Handle Delete Port: 74ad2099-acd3-4221-97df-ae8cdc2f8c7f
2026-06-30 19:13:27.571 8 INFO neutron.db.ovn_revision_numbers_db [None req-39dea03b-5820-462a-8b20-ac5aa50de88a - - - - - -] Successfully bumped revision number for resource 42899ce8-a7ae-4944-a4f1-2737aa18832d (type: ports) to 5 [pid: 7|app: 0|req: 606/1135] 10.0.0.124 () {34 vars in 789 bytes} [Tue Jun 30 19:13:27 2026] PUT /v2.0/routers/d03de1b8-e357-4f94-aff5-5d91d5cf2448/remove_router_interface => generated 309 bytes in 758 msecs (HTTP/1.1 200) 4 headers in 157 bytes (1 switches on core 0) /var/lib/openstack/lib/python3.12/site-packages/pycadf/identifier.py:70: UserWarning: Invalid uuid: neutron. To ensure interoperability, identifiers should be a valid uuid. warnings.warn(('Invalid uuid: %s. To ensure interoperability, '
2026-06-30 19:13:27.891 8 INFO neutron.plugins.ml2.drivers.ovn.mech_driver.ovsdb.commands [None req-1c703a49-0430-4998-aeec-80306462413a - - - - - -] Schedule LRP lrp-43bc2ffd-53bd-4a43-a0f2-94168eaa457e on gateway ac5fe33a-bafe-4a61-be7f-cd41c6ad5543 with priority 1 [pid: 7|app: 0|req: 607/1136] 10.0.0.159 () {34 vars in 1040 bytes} [Tue Jun 30 19:13:27 2026] GET /v2.0/security-groups?id=69618fd0-65f6-42e4-86bc-50c22988b85a&fields=id&fields=name => generated 114 bytes in 52 msecs (HTTP/1.1 200) 4 headers in 157 bytes (1 switches on core 0)
2026-06-30 19:13:27.961 8 INFO neutron.plugins.ml2.drivers.ovn.mech_driver.ovsdb.ovsdb_monitor [None req-40aee115-af4b-457d-b31c-12053395251e - - - - - -] Router 67376286-28da-46d3-9a17-5afcb6b3601e is bound to host instance
2026-06-30 19:13:28.027 8 INFO neutron.db.ovn_revision_numbers_db [None req-e0a26bdb-1641-4814-b060-ad14328ccc4c 8f8e9d8a3b7c49c5a2f56cf366d12626 9f110aa37d9b4503988244007a4aefd1 - - default default] Successfully bumped revision number for resource 43bc2ffd-53bd-4a43-a0f2-94168eaa457e (type: router_ports) to 1 [pid: 7|app: 0|req: 608/1137] 10.0.0.124 () {32 vars in 717 bytes} [Tue Jun 30 19:13:27 2026] GET /v2.0/ports/29dc97d0-82f4-4cf9-9fba-2c11db87ba77 => generated 947 bytes in 117 msecs (HTTP/1.1 200) 4 headers in 157 bytes (1 switches on core 0)
2026-06-30 19:13:28.150 8 INFO neutron.db.ovn_revision_numbers_db [None req-e0a26bdb-1641-4814-b060-ad14328ccc4c 8f8e9d8a3b7c49c5a2f56cf366d12626 9f110aa37d9b4503988244007a4aefd1 - - default default] Successfully bumped revision number for resource 67376286-28da-46d3-9a17-5afcb6b3601e (type: routers) to 2 [pid: 8|app: 0|req: 530/1138] 10.0.0.124 () {34 vars in 669 bytes} [Tue Jun 30 19:13:26 2026] POST /v2.0/routers => generated 962 bytes in 1909 msecs (HTTP/1.1 201) 4 headers in 162 bytes (1 switches on core 0) /var/lib/openstack/lib/python3.12/site-packages/pycadf/identifier.py:70: UserWarning: Invalid uuid: neutron. To ensure interoperability, identifiers should be a valid uuid. warnings.warn(('Invalid uuid: %s. To ensure interoperability, '
2026-06-30 19:13:28.312 7 INFO neutron_taas.services.taas.taas_plugin [None req-62749894-9008-482e-b2cc-a5c0ff53c8e5 d7a8af4fa8b5443897d41e38e57653de 3cefa91e4d164433af7f3ebca577df5e - - default default] TaaS: Handle Delete Port: 29dc97d0-82f4-4cf9-9fba-2c11db87ba77
2026-06-30 19:13:28.328 7 INFO neutron_taas.services.taas.tap_mirror_plugin [None req-62749894-9008-482e-b2cc-a5c0ff53c8e5 d7a8af4fa8b5443897d41e38e57653de 3cefa91e4d164433af7f3ebca577df5e - - default default] Tap Mirror: Handle Delete Port: 29dc97d0-82f4-4cf9-9fba-2c11db87ba77 [pid: 7|app: 0|req: 609/1139] 10.0.0.124 () {34 vars in 789 bytes} [Tue Jun 30 19:13:28 2026] PUT /v2.0/routers/d03de1b8-e357-4f94-aff5-5d91d5cf2448/remove_router_interface => generated 309 bytes in 613 msecs (HTTP/1.1 200) 4 headers in 157 bytes (1 switches on core 0) /var/lib/openstack/lib/python3.12/site-packages/pycadf/identifier.py:70: UserWarning: Invalid uuid: neutron. To ensure interoperability, identifiers should be a valid uuid. warnings.warn(('Invalid uuid: %s. To ensure interoperability, ' [pid: 7|app: 0|req: 610/1140] 10.0.0.124 () {32 vars in 736 bytes} [Tue Jun 30 19:13:28 2026] GET /v2.0/ports?device_id=d03de1b8-e357-4f94-aff5-5d91d5cf2448 => generated 12 bytes in 25 msecs (HTTP/1.1 200) 4 headers in 156 bytes (1 switches on core 0) [pid: 7|app: 0|req: 611/1141] 10.0.0.124 () {32 vars in 724 bytes} [Tue Jun 30 19:13:28 2026] DELETE /v2.0/routers/d03de1b8-e357-4f94-aff5-5d91d5cf2448 => generated 0 bytes in 254 msecs (HTTP/1.1 204) 2 headers in 112 bytes (1 switches on core 0)
2026-06-30 19:13:29.030 8 WARNING neutron.scheduler.dhcp_agent_scheduler [None req-c799ce59-b574-4f00-853e-de66115263aa 8f8e9d8a3b7c49c5a2f56cf366d12626 9f110aa37d9b4503988244007a4aefd1 - - default default] No more DHCP agents
2026-06-30 19:13:29.033 8 WARNING neutron.api.rpc.agentnotifiers.dhcp_rpc_agent_api [None req-c799ce59-b574-4f00-853e-de66115263aa 8f8e9d8a3b7c49c5a2f56cf366d12626 9f110aa37d9b4503988244007a4aefd1 - - default default] Unable to schedule network 24478c6b-1bc7-4f02-acf0-91a7ca5e84cb: no agents available; will retry on subsequent port and subnet creation events. [pid: 7|app: 0|req: 614/1144] 10.0.0.124 () {32 vars in 724 bytes} [Tue Jun 30 19:13:28 2026] DELETE /v2.0/subnets/a8807ff0-ff21-41a9-aa1d-6199b6081455 => generated 0 bytes in 113 msecs (HTTP/1.1 204) 3 headers in 131 bytes (1 switches on core 0) [pid: 7|app: 0|req: 615/1145] 10.0.0.159 () {34 vars in 990 bytes} [Tue Jun 30 19:13:29 2026] GET /v2.0/ports?device_id=84d456bb-5240-4924-8b49-43c2e68410a4 => generated 971 bytes in 26 msecs (HTTP/1.1 200) 4 headers in 157 bytes (1 switches on core 0)
2026-06-30 19:13:29.239 8 INFO neutron.plugins.ml2.drivers.ovn.mech_driver.mech_driver [None req-4e0fe9f8-b481-402b-b3c4-4f1e2b4ddbc1 - - - - - -] OVN reports status down for port: a87c44ee-42a0-4a1f-bd27-f194e32a5854 [pid: 7|app: 0|req: 616/1146] 10.0.0.124 () {32 vars in 724 bytes} [Tue Jun 30 19:13:29 2026] DELETE /v2.0/subnets/d4b25cfd-1214-478d-9bdc-bb7a99a959a8 => generated 0 bytes in 179 msecs (HTTP/1.1 204) 3 headers in 131 bytes (1 switches on core 0) [pid: 7|app: 0|req: 617/1147] 10.0.0.159 () {34 vars in 1040 bytes} [Tue Jun 30 19:13:29 2026] GET /v2.0/security-groups?id=69618fd0-65f6-42e4-86bc-50c22988b85a&fields=id&fields=name => generated 114 bytes in 37 msecs (HTTP/1.1 200) 4 headers in 157 bytes (1 switches on core 0)
2026-06-30 19:13:29.331 8 INFO neutron.db.ovn_revision_numbers_db [None req-c799ce59-b574-4f00-853e-de66115263aa 8f8e9d8a3b7c49c5a2f56cf366d12626 9f110aa37d9b4503988244007a4aefd1 - - default default] Successfully bumped revision number for resource a87c44ee-42a0-4a1f-bd27-f194e32a5854 (type: ports) to 1
2026-06-30 19:13:29.395 8 INFO neutron.notifiers.nova [-] Nova event matching ['req-0ba468a9-a710-46eb-b3fa-1d2bc6efa022'] response: {'server_uuid': '84d456bb-5240-4924-8b49-43c2e68410a4', 'name': 'network-vif-plugged', 'status': 'completed', 'tag': '42899ce8-a7ae-4944-a4f1-2737aa18832d', 'code': 200}
2026-06-30 19:13:29.415 7 INFO neutron_taas.services.taas.taas_plugin [None req-aebf048e-21f2-4de9-b5e7-8b230946a957 d7a8af4fa8b5443897d41e38e57653de 3cefa91e4d164433af7f3ebca577df5e - - default default] TaaS: Handle Delete Port: 6c90966d-b0a2-4d25-a770-c0413303f738
2026-06-30 19:13:29.418 7 INFO neutron_taas.services.taas.tap_mirror_plugin [None req-aebf048e-21f2-4de9-b5e7-8b230946a957 d7a8af4fa8b5443897d41e38e57653de 3cefa91e4d164433af7f3ebca577df5e - - default default] Tap Mirror: Handle Delete Port: 6c90966d-b0a2-4d25-a770-c0413303f738
2026-06-30 19:13:29.626 7 INFO neutron.services.segments.plugin [-] Segment 9492ec3b-db76-4545-9dbc-4ff2c1767034 resource provider aggregate not found
2026-06-30 19:13:29.631 7 INFO neutron.services.segments.plugin [-] Segment 9492ec3b-db76-4545-9dbc-4ff2c1767034 resource provider aggregate not found
2026-06-30 19:13:29.634 8 INFO neutron.db.ovn_revision_numbers_db [None req-0d0dec3e-5905-4811-b741-fc36d15ab88c - - - - - -] Successfully bumped revision number for resource 43bc2ffd-53bd-4a43-a0f2-94168eaa457e (type: ports) to 4
2026-06-30 19:13:29.649 7 INFO neutron.services.segments.plugin [-] Segment 9492ec3b-db76-4545-9dbc-4ff2c1767034 resource provider not found; error: Placement Client Error (4xx): {"errors": [{"status": 404, "title": "Not Found", "detail": "The resource could not be found.\n\n No resource provider with uuid 9492ec3b-db76-4545-9dbc-4ff2c1767034 found for delete ", "request_id": "req-3c60587e-7692-465f-b7f8-acd018d17f90"}]}
2026-06-30 19:13:29.653 7 INFO neutron.services.segments.plugin [-] Segment 9492ec3b-db76-4545-9dbc-4ff2c1767034 resource provider not found; error: Placement Client Error (4xx): {"errors": [{"status": 404, "title": "Not Found", "detail": "The resource could not be found.\n\n No resource provider with uuid 9492ec3b-db76-4545-9dbc-4ff2c1767034 found for delete ", "request_id": "req-04854abf-1dc0-4238-8f4e-150139799e77"}]} [pid: 7|app: 0|req: 618/1148] 10.0.0.124 () {32 vars in 726 bytes} [Tue Jun 30 19:13:29 2026] DELETE /v2.0/networks/14e48af5-b8a5-4b96-9b65-ec6fe9b7100f => generated 0 bytes in 409 msecs (HTTP/1.1 204) 3 headers in 131 bytes (1 switches on core 0)
2026-06-30 19:13:30.061 7 INFO neutron.db.ovn_revision_numbers_db [None req-0b24b772-91e2-4c2f-b9ed-79f9d615c3c7 8f8e9d8a3b7c49c5a2f56cf366d12626 9f110aa37d9b4503988244007a4aefd1 - - default default] Successfully bumped revision number for resource cd75baa2-0367-4b01-bb51-79c4e2c13c6f (type: security_groups) to 1
2026-06-30 19:13:30.072 7 INFO neutron.db.ovn_revision_numbers_db [None req-0b24b772-91e2-4c2f-b9ed-79f9d615c3c7 8f8e9d8a3b7c49c5a2f56cf366d12626 9f110aa37d9b4503988244007a4aefd1 - - default default] Successfully bumped revision number for resource 445d3cb0-1bf2-4460-b3d8-4cb3c2f5de46 (type: security_group_rules) to 0
2026-06-30 19:13:30.083 7 INFO neutron.db.ovn_revision_numbers_db [None req-0b24b772-91e2-4c2f-b9ed-79f9d615c3c7 8f8e9d8a3b7c49c5a2f56cf366d12626 9f110aa37d9b4503988244007a4aefd1 - - default default] Successfully bumped revision number for resource 75f6016d-5c05-494a-8b7d-ec330c846fff (type: security_group_rules) to 0
2026-06-30 19:13:30.092 7 INFO neutron.db.ovn_revision_numbers_db [None req-0b24b772-91e2-4c2f-b9ed-79f9d615c3c7 8f8e9d8a3b7c49c5a2f56cf366d12626 9f110aa37d9b4503988244007a4aefd1 - - default default] Successfully bumped revision number for resource a999c748-74f0-44d7-aabf-e5dba6d7bc47 (type: security_group_rules) to 0
2026-06-30 19:13:30.103 7 INFO neutron.db.ovn_revision_numbers_db [None req-0b24b772-91e2-4c2f-b9ed-79f9d615c3c7 8f8e9d8a3b7c49c5a2f56cf366d12626 9f110aa37d9b4503988244007a4aefd1 - - default default] Successfully bumped revision number for resource c7be5040-86af-47a7-a2c3-f83ad05402a8 (type: security_group_rules) to 0 [pid: 7|app: 0|req: 619/1149] 10.0.0.124 () {32 vars in 774 bytes} [Tue Jun 30 19:13:29 2026] GET /v2.0/security-groups?tenant_id=58ec8edcd71d41599ed86be6b6c93405&name=default => generated 2925 bytes in 433 msecs (HTTP/1.1 200) 4 headers in 158 bytes (1 switches on core 0)
2026-06-30 19:13:30.248 7 INFO neutron_taas.services.taas.taas_plugin [None req-fa861b20-1a3b-4dc6-9aa1-e1d77c683f6f d7a8af4fa8b5443897d41e38e57653de 3cefa91e4d164433af7f3ebca577df5e - - default default] TaaS: Handle Delete Port: e2b2a1b1-bac5-4719-a144-ab345729ee34
2026-06-30 19:13:30.251 7 INFO neutron_taas.services.taas.tap_mirror_plugin [None req-fa861b20-1a3b-4dc6-9aa1-e1d77c683f6f d7a8af4fa8b5443897d41e38e57653de 3cefa91e4d164433af7f3ebca577df5e - - default default] Tap Mirror: Handle Delete Port: e2b2a1b1-bac5-4719-a144-ab345729ee34
2026-06-30 19:13:30.360 8 INFO neutron.db.ovn_revision_numbers_db [None req-0d0dec3e-5905-4811-b741-fc36d15ab88c - - - - - -] Successfully bumped revision number for resource 43bc2ffd-53bd-4a43-a0f2-94168eaa457e (type: ports) to 5 [pid: 7|app: 0|req: 620/1150] 10.0.0.124 () {32 vars in 726 bytes} [Tue Jun 30 19:13:30 2026] DELETE /v2.0/networks/1719dbde-4a13-44c4-9a05-3c68c7633883 => generated 0 bytes in 333 msecs (HTTP/1.1 204) 3 headers in 131 bytes (1 switches on core 0)
2026-06-30 19:13:30.659 8 INFO neutron.plugins.ml2.drivers.ovn.mech_driver.mech_driver [None req-4e0fe9f8-b481-402b-b3c4-4f1e2b4ddbc1 - - - - - -] OVN reports status up for port: a87c44ee-42a0-4a1f-bd27-f194e32a5854
2026-06-30 19:13:30.689 8 INFO neutron.plugins.ml2.plugin [None req-4e0fe9f8-b481-402b-b3c4-4f1e2b4ddbc1 - - - - - -] Attempt 1 to provision port a87c44ee-42a0-4a1f-bd27-f194e32a5854 [pid: 7|app: 0|req: 621/1151] 10.0.0.124 () {32 vars in 740 bytes} [Tue Jun 30 19:13:30 2026] DELETE /v2.0/security-groups/cd75baa2-0367-4b01-bb51-79c4e2c13c6f => generated 0 bytes in 233 msecs (HTTP/1.1 204) 2 headers in 112 bytes (1 switches on core 0) [pid: 7|app: 0|req: 622/1152] 10.0.0.159 () {34 vars in 990 bytes} [Tue Jun 30 19:13:30 2026] GET /v2.0/ports?device_id=84d456bb-5240-4924-8b49-43c2e68410a4 => generated 971 bytes in 33 msecs (HTTP/1.1 200) 4 headers in 157 bytes (1 switches on core 0)
2026-06-30 19:13:30.764 7 WARNING neutron.plugins.ml2.drivers.ovn.mech_driver.ovsdb.ovn_client [None req-f1f10106-0963-4fc5-9999-06f473542604 - - - - - -] No port found with ID 74ad2099-acd3-4221-97df-ae8cdc2f8c7f: RuntimeError: No port found with ID 74ad2099-acd3-4221-97df-ae8cdc2f8c7f
2026-06-30 19:13:30.779 7 INFO neutron.plugins.ml2.drivers.ovn.mech_driver.mech_driver [None req-f1f10106-0963-4fc5-9999-06f473542604 - - - - - -] OVN reports status down for port: ac5326a0-935a-4ce6-992d-55ec1288bf1b
2026-06-30 19:13:30.802 8 WARNING neutron.scheduler.dhcp_agent_scheduler [None req-c799ce59-b574-4f00-853e-de66115263aa 8f8e9d8a3b7c49c5a2f56cf366d12626 9f110aa37d9b4503988244007a4aefd1 - - default default] No more DHCP agents
2026-06-30 19:13:30.803 8 WARNING neutron.api.rpc.agentnotifiers.dhcp_rpc_agent_api [None req-c799ce59-b574-4f00-853e-de66115263aa 8f8e9d8a3b7c49c5a2f56cf366d12626 9f110aa37d9b4503988244007a4aefd1 - - default default] Unable to schedule network 24478c6b-1bc7-4f02-acf0-91a7ca5e84cb: no agents available; will retry on subsequent port and subnet creation events.
2026-06-30 19:13:30.863 7 INFO neutron.plugins.ml2.drivers.ovn.mech_driver.mech_driver [None req-f1f10106-0963-4fc5-9999-06f473542604 - - - - - -] OVN reports status down for port: 43bc2ffd-53bd-4a43-a0f2-94168eaa457e
2026-06-30 19:13:30.887 7 INFO neutron.db.segments_db [None req-77ffa5fa-6430-41dc-928b-1bff75c9e594 d7a8af4fa8b5443897d41e38e57653de 3cefa91e4d164433af7f3ebca577df5e - - default default] Added segment 6db558a4-2cb1-456e-99d3-e511216a7752 of type geneve for network d15ccfdb-af46-4294-a0ab-f9064d766da8
2026-06-30 19:13:31.108 7 INFO neutron.db.ovn_revision_numbers_db [None req-77ffa5fa-6430-41dc-928b-1bff75c9e594 d7a8af4fa8b5443897d41e38e57653de 3cefa91e4d164433af7f3ebca577df5e - - default default] Successfully bumped revision number for resource d15ccfdb-af46-4294-a0ab-f9064d766da8 (type: networks) to 1
2026-06-30 19:13:31.365 8 INFO neutron.db.ovn_revision_numbers_db [None req-4e0fe9f8-b481-402b-b3c4-4f1e2b4ddbc1 - - - - - -] Successfully bumped revision number for resource a87c44ee-42a0-4a1f-bd27-f194e32a5854 (type: ports) to 2
2026-06-30 19:13:31.380 7 WARNING neutron.scheduler.dhcp_agent_scheduler [None req-77ffa5fa-6430-41dc-928b-1bff75c9e594 d7a8af4fa8b5443897d41e38e57653de 3cefa91e4d164433af7f3ebca577df5e - - default default] No more DHCP agents
2026-06-30 19:13:31.382 7 WARNING neutron.api.rpc.agentnotifiers.dhcp_rpc_agent_api [None req-77ffa5fa-6430-41dc-928b-1bff75c9e594 d7a8af4fa8b5443897d41e38e57653de 3cefa91e4d164433af7f3ebca577df5e - - default default] Unable to schedule network d15ccfdb-af46-4294-a0ab-f9064d766da8: no agents available; will retry on subsequent port and subnet creation events.
2026-06-30 19:13:31.501 7 INFO neutron.db.ovn_revision_numbers_db [None req-f1f10106-0963-4fc5-9999-06f473542604 - - - - - -] Successfully bumped revision number for resource 43bc2ffd-53bd-4a43-a0f2-94168eaa457e (type: ports) to 6
2026-06-30 19:13:31.509 7 INFO neutron.db.ovn_revision_numbers_db [None req-77ffa5fa-6430-41dc-928b-1bff75c9e594 d7a8af4fa8b5443897d41e38e57653de 3cefa91e4d164433af7f3ebca577df5e - - default default] Successfully bumped revision number for resource 291b823a-9e54-4560-9339-d574abf6dc40 (type: ports) to 1 [pid: 7|app: 0|req: 623/1153] 10.0.0.124 () {34 vars in 670 bytes} [Tue Jun 30 19:13:30 2026] POST /v2.0/networks => generated 671 bytes in 802 msecs (HTTP/1.1 201) 4 headers in 162 bytes (1 switches on core 0) [pid: 7|app: 0|req: 624/1154] 10.0.0.159 () {34 vars in 1040 bytes} [Tue Jun 30 19:13:31 2026] GET /v2.0/security-groups?id=69618fd0-65f6-42e4-86bc-50c22988b85a&fields=id&fields=name => generated 114 bytes in 58 msecs (HTTP/1.1 200) 4 headers in 157 bytes (1 switches on core 0)
2026-06-30 19:13:31.679 7 INFO neutron.services.segments.plugin [-] Segment 35bebec9-8a19-496b-b460-427bedd1897f resource provider aggregate not found
2026-06-30 19:13:31.684 7 WARNING neutron.plugins.ml2.drivers.ovn.mech_driver.ovsdb.ovn_client [None req-8ccba171-c3fd-435a-83d0-aed25acaf317 - - - - - -] Logical_Switch_Port 43bc2ffd-53bd-4a43-a0f2-94168eaa457e host information not removed, the port state is up
2026-06-30 19:13:31.685 7 INFO neutron.plugins.ml2.drivers.ovn.mech_driver.mech_driver [None req-8ccba171-c3fd-435a-83d0-aed25acaf317 - - - - - -] OVN reports status up for port: 43bc2ffd-53bd-4a43-a0f2-94168eaa457e
2026-06-30 19:13:31.695 7 INFO neutron.services.segments.plugin [-] Segment 35bebec9-8a19-496b-b460-427bedd1897f resource provider not found; error: Placement Client Error (4xx): {"errors": [{"status": 404, "title": "Not Found", "detail": "The resource could not be found.\n\n No resource provider with uuid 35bebec9-8a19-496b-b460-427bedd1897f found for delete ", "request_id": "req-3d320b45-1ac0-43a4-a673-2f3d1e819b0d"}]}
2026-06-30 19:13:31.705 7 INFO neutron.services.segments.plugin [-] Segment 35bebec9-8a19-496b-b460-427bedd1897f resource provider aggregate not found
2026-06-30 19:13:31.712 7 INFO neutron.plugins.ml2.plugin [None req-8ccba171-c3fd-435a-83d0-aed25acaf317 - - - - - -] Attempt 1 to provision port 43bc2ffd-53bd-4a43-a0f2-94168eaa457e
2026-06-30 19:13:31.726 7 INFO neutron.services.segments.plugin [-] Segment 35bebec9-8a19-496b-b460-427bedd1897f resource provider not found; error: Placement Client Error (4xx): {"errors": [{"status": 404, "title": "Not Found", "detail": "The resource could not be found.\n\n No resource provider with uuid 35bebec9-8a19-496b-b460-427bedd1897f found for delete ", "request_id": "req-263c5750-70e8-4fe1-81b4-74bdd2794f3a"}]}
2026-06-30 19:13:31.760 8 INFO neutron.db.ovn_revision_numbers_db [None req-c799ce59-b574-4f00-853e-de66115263aa 8f8e9d8a3b7c49c5a2f56cf366d12626 9f110aa37d9b4503988244007a4aefd1 - - default default] Successfully bumped revision number for resource a87c44ee-42a0-4a1f-bd27-f194e32a5854 (type: router_ports) to 1 [pid: 8|app: 0|req: 531/1155] 10.0.0.124 () {34 vars in 783 bytes} [Tue Jun 30 19:13:28 2026] PUT /v2.0/routers/67376286-28da-46d3-9a17-5afcb6b3601e/add_router_interface => generated 309 bytes in 3588 msecs (HTTP/1.1 200) 4 headers in 157 bytes (1 switches on core 0) [pid: 8|app: 0|req: 532/1156] 10.0.0.159 () {34 vars in 990 bytes} [Tue Jun 30 19:13:31 2026] GET /v2.0/ports?device_id=84d456bb-5240-4924-8b49-43c2e68410a4 => generated 971 bytes in 70 msecs (HTTP/1.1 200) 4 headers in 157 bytes (1 switches on core 0)
2026-06-30 19:13:32.027 7 WARNING neutron.scheduler.dhcp_agent_scheduler [None req-b55bfa88-5a35-4b59-bf5e-50204f276ea4 d7a8af4fa8b5443897d41e38e57653de 3cefa91e4d164433af7f3ebca577df5e - - default default] No more DHCP agents
2026-06-30 19:13:32.031 7 WARNING neutron.api.rpc.agentnotifiers.dhcp_rpc_agent_api [None req-b55bfa88-5a35-4b59-bf5e-50204f276ea4 d7a8af4fa8b5443897d41e38e57653de 3cefa91e4d164433af7f3ebca577df5e - - default default] Unable to schedule network d15ccfdb-af46-4294-a0ab-f9064d766da8: no agents available; will retry on subsequent port and subnet creation events.
2026-06-30 19:13:32.086 7 INFO neutron.db.ovn_revision_numbers_db [None req-b55bfa88-5a35-4b59-bf5e-50204f276ea4 d7a8af4fa8b5443897d41e38e57653de 3cefa91e4d164433af7f3ebca577df5e - - default default] Successfully bumped revision number for resource f2847472-2c9b-408c-94c7-9ea4ca3464a6 (type: subnets) to 0 [pid: 7|app: 0|req: 625/1157] 10.0.0.124 () {34 vars in 669 bytes} [Tue Jun 30 19:13:31 2026] POST /v2.0/subnets => generated 646 bytes in 514 msecs (HTTP/1.1 201) 4 headers in 162 bytes (1 switches on core 0)
2026-06-30 19:13:32.313 8 INFO neutron.db.ovn_revision_numbers_db [None req-1bf8a93f-9013-408d-b49a-931e1088811e 339e3b3a1b6746e999903459ced0da0a c94557ec2a834f6fa9298afde83c7c30 - - default default] Successfully bumped revision number for resource 87e5af6c-34e1-42df-9296-24237dc9737e (type: floatingips) to 1
2026-06-30 19:13:32.320 7 INFO neutron.db.ovn_revision_numbers_db [None req-8ccba171-c3fd-435a-83d0-aed25acaf317 - - - - - -] Successfully bumped revision number for resource 43bc2ffd-53bd-4a43-a0f2-94168eaa457e (type: ports) to 7
2026-06-30 19:13:32.362 7 INFO neutron.db.ovn_revision_numbers_db [None req-b76d72b9-39f4-42df-8f39-e1e83874c617 d7a8af4fa8b5443897d41e38e57653de 3cefa91e4d164433af7f3ebca577df5e - - default default] Successfully bumped revision number for resource 18c5da50-0912-4d0d-ad5d-21cb57a127b8 (type: routers) to 1 [pid: 7|app: 0|req: 626/1158] 10.0.0.124 () {34 vars in 669 bytes} [Tue Jun 30 19:13:32 2026] POST /v2.0/routers => generated 606 bytes in 267 msecs (HTTP/1.1 201) 4 headers in 162 bytes (1 switches on core 0)
2026-06-30 19:13:32.413 8 INFO neutron.db.ovn_revision_numbers_db [None req-1bf8a93f-9013-408d-b49a-931e1088811e 339e3b3a1b6746e999903459ced0da0a c94557ec2a834f6fa9298afde83c7c30 - - default default] Successfully bumped revision number for resource 87e5af6c-34e1-42df-9296-24237dc9737e (type: floatingips) to 2
2026-06-30 19:13:32.413 8 INFO neutron.db.l3_db [None req-1bf8a93f-9013-408d-b49a-931e1088811e 339e3b3a1b6746e999903459ced0da0a c94557ec2a834f6fa9298afde83c7c30 - - default default] Floating IP 87e5af6c-34e1-42df-9296-24237dc9737e associated. External IP: 10.96.250.202, port: 42899ce8-a7ae-4944-a4f1-2737aa18832d. [pid: 8|app: 0|req: 533/1159] 10.0.0.124 () {34 vars in 749 bytes} [Tue Jun 30 19:13:31 2026] PUT /v2.0/floatingips/87e5af6c-34e1-42df-9296-24237dc9737e => generated 855 bytes in 584 msecs (HTTP/1.1 200) 4 headers in 157 bytes (1 switches on core 0)
2026-06-30 19:13:32.480 8 INFO neutron.notifiers.nova [-] Nova event matching ['req-d1401e6b-b619-4fbb-919e-0e948eec3465'] response: {'name': 'network-changed', 'server_uuid': '84d456bb-5240-4924-8b49-43c2e68410a4', 'tag': '42899ce8-a7ae-4944-a4f1-2737aa18832d', 'status': 'completed', 'code': 200}
2026-06-30 19:13:32.550 7 INFO neutron.db.ovn_revision_numbers_db [None req-af86b8da-176e-4ea4-8c3a-41e4c0d581a4 8b56de4bc12a40f5bfa3a382d7cfa67b 6e85ddd220c448c78031bee9da81f796 - - default default] Successfully bumped revision number for resource ff844b3e-b742-4cb6-844c-19fd07d4fb7b (type: security_groups) to 1
2026-06-30 19:13:32.560 7 INFO neutron.db.ovn_revision_numbers_db [None req-af86b8da-176e-4ea4-8c3a-41e4c0d581a4 8b56de4bc12a40f5bfa3a382d7cfa67b 6e85ddd220c448c78031bee9da81f796 - - default default] Successfully bumped revision number for resource 814206a4-3637-4887-bc2a-65450e9d2ee9 (type: security_group_rules) to 0
2026-06-30 19:13:32.571 7 INFO neutron.db.ovn_revision_numbers_db [None req-af86b8da-176e-4ea4-8c3a-41e4c0d581a4 8b56de4bc12a40f5bfa3a382d7cfa67b 6e85ddd220c448c78031bee9da81f796 - - default default] Successfully bumped revision number for resource b33b708b-2d06-4fe2-a4ab-7a3d39dab186 (type: security_group_rules) to 0 [pid: 7|app: 0|req: 627/1160] 10.0.0.124 () {34 vars in 685 bytes} [Tue Jun 30 19:13:32 2026] POST /v2.0/security-groups => generated 1660 bytes in 217 msecs (HTTP/1.1 201) 4 headers in 163 bytes (1 switches on core 0)
2026-06-30 19:13:32.722 8 WARNING neutron.scheduler.dhcp_agent_scheduler [None req-a0c7ccc0-cdbb-4384-b321-efe0ed2f1d29 d7a8af4fa8b5443897d41e38e57653de 3cefa91e4d164433af7f3ebca577df5e - - default default] No more DHCP agents
2026-06-30 19:13:32.724 8 WARNING neutron.api.rpc.agentnotifiers.dhcp_rpc_agent_api [None req-a0c7ccc0-cdbb-4384-b321-efe0ed2f1d29 d7a8af4fa8b5443897d41e38e57653de 3cefa91e4d164433af7f3ebca577df5e - - default default] Unable to schedule network d15ccfdb-af46-4294-a0ab-f9064d766da8: no agents available; will retry on subsequent port and subnet creation events.
2026-06-30 19:13:32.807 7 INFO neutron.plugins.ml2.drivers.ovn.mech_driver.mech_driver [None req-0b811944-6642-4162-8f0a-d06d4bca5fda - - - - - -] OVN reports status down for port: 7dda83f7-fa07-458f-ab9f-da74b0a547d4
2026-06-30 19:13:32.840 8 INFO neutron.db.ovn_revision_numbers_db [None req-a0c7ccc0-cdbb-4384-b321-efe0ed2f1d29 d7a8af4fa8b5443897d41e38e57653de 3cefa91e4d164433af7f3ebca577df5e - - default default] Successfully bumped revision number for resource 7dda83f7-fa07-458f-ab9f-da74b0a547d4 (type: ports) to 1
2026-06-30 19:13:32.859 7 INFO neutron.db.ovn_revision_numbers_db [None req-b4858f68-8aca-4d98-9104-8e4b7d68f587 8f8e9d8a3b7c49c5a2f56cf366d12626 9f110aa37d9b4503988244007a4aefd1 - - default default] Successfully bumped revision number for resource 81ace2b5-bfc1-4544-9184-7156cdf000de (type: security_groups) to 1
2026-06-30 19:13:32.891 7 INFO neutron.db.ovn_revision_numbers_db [None req-b4858f68-8aca-4d98-9104-8e4b7d68f587 8f8e9d8a3b7c49c5a2f56cf366d12626 9f110aa37d9b4503988244007a4aefd1 - - default default] Successfully bumped revision number for resource 3100f0cc-0dfb-423b-8ad5-d7a26c17066c (type: security_group_rules) to 0
2026-06-30 19:13:32.909 7 INFO neutron.db.ovn_revision_numbers_db [None req-b4858f68-8aca-4d98-9104-8e4b7d68f587 8f8e9d8a3b7c49c5a2f56cf366d12626 9f110aa37d9b4503988244007a4aefd1 - - default default] Successfully bumped revision number for resource 3b8c7d55-e746-410d-b47e-a3922f1c5b48 (type: security_group_rules) to 0 [pid: 8|app: 0|req: 534/1161] 10.0.0.124 () {34 vars in 665 bytes} [Tue Jun 30 19:13:32 2026] POST /v2.0/ports => generated 959 bytes in 481 msecs (HTTP/1.1 201) 4 headers in 162 bytes (1 switches on core 0)
2026-06-30 19:13:32.924 7 INFO neutron.db.ovn_revision_numbers_db [None req-b4858f68-8aca-4d98-9104-8e4b7d68f587 8f8e9d8a3b7c49c5a2f56cf366d12626 9f110aa37d9b4503988244007a4aefd1 - - default default] Successfully bumped revision number for resource 5c2fa63d-d8a8-4411-b765-ae39b3dcc805 (type: security_group_rules) to 0 /var/lib/openstack/lib/python3.12/site-packages/pycadf/identifier.py:70: UserWarning: Invalid uuid: neutron. To ensure interoperability, identifiers should be a valid uuid. warnings.warn(('Invalid uuid: %s. To ensure interoperability, '
2026-06-30 19:13:32.937 7 INFO neutron.db.ovn_revision_numbers_db [None req-b4858f68-8aca-4d98-9104-8e4b7d68f587 8f8e9d8a3b7c49c5a2f56cf366d12626 9f110aa37d9b4503988244007a4aefd1 - - default default] Successfully bumped revision number for resource a827e965-8c53-46b2-8922-cf74af18b855 (type: security_group_rules) to 0 [pid: 8|app: 0|req: 535/1162] 10.0.0.159 () {34 vars in 990 bytes} [Tue Jun 30 19:13:32 2026] GET /v2.0/ports?device_id=84d456bb-5240-4924-8b49-43c2e68410a4 => generated 971 bytes in 39 msecs (HTTP/1.1 200) 4 headers in 157 bytes (1 switches on core 0)
2026-06-30 19:13:33.021 7 INFO neutron.db.segments_db [None req-b4858f68-8aca-4d98-9104-8e4b7d68f587 8f8e9d8a3b7c49c5a2f56cf366d12626 9f110aa37d9b4503988244007a4aefd1 - - default default] Added segment c3f3ebfe-6aa7-4549-adf6-e7c4fbb4255b of type geneve for network 48b041af-328d-42f2-b85b-7eb85d82e499
2026-06-30 19:13:33.099 8 INFO neutron.db.ovn_revision_numbers_db [None req-f5c10b7d-b6c6-4432-81c3-757ce9c6b80b 8b56de4bc12a40f5bfa3a382d7cfa67b 6e85ddd220c448c78031bee9da81f796 - - default default] Successfully bumped revision number for resource 7415d3fe-0d8e-429f-9762-c7f30a40ce4e (type: security_group_rules) to 0
