2026-06-30 19:15:17.586 8 WARNING neutron.api.rpc.agentnotifiers.dhcp_rpc_agent_api [None req-b330c099-ec3d-44ce-a3a6-99640187fc26 58f2292c9db64c20930de4b815362fac dc246a94b7fb4e09b649cad515e1e356 - - default default] Unable to schedule network 8ae426b1-a165-44f8-9652-4f9e47994578: no agents available; will retry on subsequent port and subnet creation events. [pid: 7|app: 0|req: 1061/1994] 10.0.0.124 () {32 vars in 740 bytes} [Tue Jun 30 19:15:17 2026] DELETE /v2.0/security-groups/2191d992-762c-4f50-853c-054d6ecfb5de => generated 0 bytes in 232 msecs (HTTP/1.1 204) 2 headers in 112 bytes (1 switches on core 0)
2026-06-30 19:15:18.072 8 INFO neutron.db.ovn_revision_numbers_db [None req-a8af7036-32f6-49dd-83e4-f559c0ae37f3 - - - - - -] Successfully bumped revision number for resource 9890d168-102f-4963-b920-6ab34d63a106 (type: ports) to 2
2026-06-30 19:15:18.105 8 INFO neutron.db.ovn_revision_numbers_db [None req-a8af7036-32f6-49dd-83e4-f559c0ae37f3 - - - - - -] Successfully bumped revision number for resource d09b2b51-31a9-4e0e-9c8d-ca031ea37b10 (type: subnets) to 0 [pid: 8|app: 0|req: 934/1995] 10.0.0.124 () {34 vars in 669 bytes} [Tue Jun 30 19:15:17 2026] POST /v2.0/subnets => generated 629 bytes in 738 msecs (HTTP/1.1 201) 4 headers in 162 bytes (1 switches on core 0)
2026-06-30 19:15:18.213 7 INFO neutron.db.segments_db [None req-30b30419-a868-466b-a561-3e795023b3c9 58f2292c9db64c20930de4b815362fac dc246a94b7fb4e09b649cad515e1e356 - - default default] Added segment 5cfe54f4-7bad-450d-8be7-8cc961a1e01d of type geneve for network 99cc907b-f1df-4cca-bd0c-f78ac850006a
2026-06-30 19:15:18.327 7 INFO neutron.db.ovn_revision_numbers_db [None req-30b30419-a868-466b-a561-3e795023b3c9 58f2292c9db64c20930de4b815362fac dc246a94b7fb4e09b649cad515e1e356 - - default default] Successfully bumped revision number for resource 99cc907b-f1df-4cca-bd0c-f78ac850006a (type: networks) to 1
2026-06-30 19:15:18.409 8 INFO neutron.db.ovn_revision_numbers_db [None req-e9da3690-db08-4dc9-90a0-b898ccd90f8b 8f8e9d8a3b7c49c5a2f56cf366d12626 9f110aa37d9b4503988244007a4aefd1 - - default default] Successfully bumped revision number for resource 54ef31c1-bdf6-4da7-ab7e-f5b86e9fb9fc (type: security_groups) to 1
2026-06-30 19:15:18.423 8 INFO neutron.db.ovn_revision_numbers_db [None req-e9da3690-db08-4dc9-90a0-b898ccd90f8b 8f8e9d8a3b7c49c5a2f56cf366d12626 9f110aa37d9b4503988244007a4aefd1 - - default default] Successfully bumped revision number for resource 29592280-48b7-43dd-9b98-a860fe575a8c (type: security_group_rules) to 0
2026-06-30 19:15:18.441 8 INFO neutron.db.ovn_revision_numbers_db [None req-e9da3690-db08-4dc9-90a0-b898ccd90f8b 8f8e9d8a3b7c49c5a2f56cf366d12626 9f110aa37d9b4503988244007a4aefd1 - - default default] Successfully bumped revision number for resource 694eaf53-d667-4155-90f0-6859546867ed (type: security_group_rules) to 0
2026-06-30 19:15:18.454 8 INFO neutron.db.ovn_revision_numbers_db [None req-e9da3690-db08-4dc9-90a0-b898ccd90f8b 8f8e9d8a3b7c49c5a2f56cf366d12626 9f110aa37d9b4503988244007a4aefd1 - - default default] Successfully bumped revision number for resource 7524ab24-9ac2-4d0d-8f1d-f6594bff332c (type: security_group_rules) to 0
2026-06-30 19:15:18.468 8 INFO neutron.db.ovn_revision_numbers_db [None req-e9da3690-db08-4dc9-90a0-b898ccd90f8b 8f8e9d8a3b7c49c5a2f56cf366d12626 9f110aa37d9b4503988244007a4aefd1 - - default default] Successfully bumped revision number for resource e76f92c4-b4c5-442d-9be5-6053788b933c (type: security_group_rules) to 0
2026-06-30 19:15:18.485 7 WARNING neutron.scheduler.dhcp_agent_scheduler [None req-30b30419-a868-466b-a561-3e795023b3c9 58f2292c9db64c20930de4b815362fac dc246a94b7fb4e09b649cad515e1e356 - - default default] No more DHCP agents
2026-06-30 19:15:18.486 7 WARNING neutron.api.rpc.agentnotifiers.dhcp_rpc_agent_api [None req-30b30419-a868-466b-a561-3e795023b3c9 58f2292c9db64c20930de4b815362fac dc246a94b7fb4e09b649cad515e1e356 - - default default] Unable to schedule network 99cc907b-f1df-4cca-bd0c-f78ac850006a: no agents available; will retry on subsequent port and subnet creation events. [pid: 8|app: 0|req: 935/1996] 10.0.0.124 () {32 vars in 774 bytes} [Tue Jun 30 19:15:18 2026] GET /v2.0/security-groups?tenant_id=b50ea815fcbc4f5c8c89b81071f3eeda&name=default => generated 2925 bytes in 321 msecs (HTTP/1.1 200) 4 headers in 158 bytes (1 switches on core 0)
2026-06-30 19:15:18.533 8 INFO neutron.plugins.ml2.drivers.ovn.mech_driver.mech_driver [None req-b2f180c0-5ba0-4539-a414-536d6d34eee2 - - - - - -] OVN reports status down for port: 3ff1d73e-6cbf-4ccf-84d4-b924a9854333
2026-06-30 19:15:18.561 7 INFO neutron.db.ovn_revision_numbers_db [None req-30b30419-a868-466b-a561-3e795023b3c9 58f2292c9db64c20930de4b815362fac dc246a94b7fb4e09b649cad515e1e356 - - default default] Successfully bumped revision number for resource 3ff1d73e-6cbf-4ccf-84d4-b924a9854333 (type: ports) to 1 [pid: 7|app: 0|req: 1062/1997] 10.0.0.124 () {34 vars in 670 bytes} [Tue Jun 30 19:15:18 2026] POST /v2.0/networks => generated 670 bytes in 454 msecs (HTTP/1.1 201) 4 headers in 162 bytes (1 switches on core 0)
2026-06-30 19:15:18.765 7 WARNING neutron.scheduler.dhcp_agent_scheduler [None req-ff9dd78b-0ce0-42cd-9e27-b42f3bd48012 58f2292c9db64c20930de4b815362fac dc246a94b7fb4e09b649cad515e1e356 - - default default] No more DHCP agents
2026-06-30 19:15:18.766 7 WARNING neutron.api.rpc.agentnotifiers.dhcp_rpc_agent_api [None req-ff9dd78b-0ce0-42cd-9e27-b42f3bd48012 58f2292c9db64c20930de4b815362fac dc246a94b7fb4e09b649cad515e1e356 - - default default] Unable to schedule network 99cc907b-f1df-4cca-bd0c-f78ac850006a: no agents available; will retry on subsequent port and subnet creation events. [pid: 8|app: 0|req: 936/1998] 10.0.0.124 () {32 vars in 740 bytes} [Tue Jun 30 19:15:18 2026] DELETE /v2.0/security-groups/54ef31c1-bdf6-4da7-ab7e-f5b86e9fb9fc => generated 0 bytes in 268 msecs (HTTP/1.1 204) 2 headers in 112 bytes (1 switches on core 0)
2026-06-30 19:15:19.250 7 INFO neutron.db.ovn_revision_numbers_db [None req-78fe4379-a31f-40c6-b59d-999735fa884f - - - - - -] Successfully bumped revision number for resource 3ff1d73e-6cbf-4ccf-84d4-b924a9854333 (type: ports) to 2
2026-06-30 19:15:19.279 7 INFO neutron.db.ovn_revision_numbers_db [None req-78fe4379-a31f-40c6-b59d-999735fa884f - - - - - -] Successfully bumped revision number for resource e00d2459-984e-40e7-84d2-ad7a7490cc3c (type: subnets) to 0 [pid: 7|app: 0|req: 1063/1999] 10.0.0.124 () {34 vars in 669 bytes} [Tue Jun 30 19:15:18 2026] POST /v2.0/subnets => generated 629 bytes in 709 msecs (HTTP/1.1 201) 4 headers in 162 bytes (1 switches on core 0)
2026-06-30 19:15:19.386 8 INFO neutron.db.segments_db [None req-97c5878c-12a7-4cef-9017-a429e8bb98eb 58f2292c9db64c20930de4b815362fac dc246a94b7fb4e09b649cad515e1e356 - - default default] Added segment 57b95e7d-38e7-4efe-889e-d044f6096450 of type geneve for network 01c0ed77-393b-463c-834a-2e8b9e6d93e5
2026-06-30 19:15:19.489 8 INFO neutron.db.ovn_revision_numbers_db [None req-97c5878c-12a7-4cef-9017-a429e8bb98eb 58f2292c9db64c20930de4b815362fac dc246a94b7fb4e09b649cad515e1e356 - - default default] Successfully bumped revision number for resource 01c0ed77-393b-463c-834a-2e8b9e6d93e5 (type: networks) to 1
2026-06-30 19:15:19.651 8 WARNING neutron.scheduler.dhcp_agent_scheduler [None req-97c5878c-12a7-4cef-9017-a429e8bb98eb 58f2292c9db64c20930de4b815362fac dc246a94b7fb4e09b649cad515e1e356 - - default default] No more DHCP agents
2026-06-30 19:15:19.653 8 WARNING neutron.api.rpc.agentnotifiers.dhcp_rpc_agent_api [None req-97c5878c-12a7-4cef-9017-a429e8bb98eb 58f2292c9db64c20930de4b815362fac dc246a94b7fb4e09b649cad515e1e356 - - default default] Unable to schedule network 01c0ed77-393b-463c-834a-2e8b9e6d93e5: no agents available; will retry on subsequent port and subnet creation events.
2026-06-30 19:15:19.693 8 INFO neutron.plugins.ml2.drivers.ovn.mech_driver.mech_driver [None req-b2f180c0-5ba0-4539-a414-536d6d34eee2 - - - - - -] OVN reports status down for port: 7dfef90c-1f6f-4007-b3b9-0ba6982f064f
2026-06-30 19:15:19.750 8 INFO neutron.db.ovn_revision_numbers_db [None req-97c5878c-12a7-4cef-9017-a429e8bb98eb 58f2292c9db64c20930de4b815362fac dc246a94b7fb4e09b649cad515e1e356 - - default default] Successfully bumped revision number for resource 7dfef90c-1f6f-4007-b3b9-0ba6982f064f (type: ports) to 1 [pid: 8|app: 0|req: 937/2000] 10.0.0.124 () {34 vars in 670 bytes} [Tue Jun 30 19:15:19 2026] POST /v2.0/networks => generated 669 bytes in 482 msecs (HTTP/1.1 201) 4 headers in 162 bytes (1 switches on core 0)
2026-06-30 19:15:20.000 7 WARNING neutron.scheduler.dhcp_agent_scheduler [None req-5b00eb0b-798f-415b-a175-654960c98eec 58f2292c9db64c20930de4b815362fac dc246a94b7fb4e09b649cad515e1e356 - - default default] No more DHCP agents
2026-06-30 19:15:20.002 7 WARNING neutron.api.rpc.agentnotifiers.dhcp_rpc_agent_api [None req-5b00eb0b-798f-415b-a175-654960c98eec 58f2292c9db64c20930de4b815362fac dc246a94b7fb4e09b649cad515e1e356 - - default default] Unable to schedule network 01c0ed77-393b-463c-834a-2e8b9e6d93e5: no agents available; will retry on subsequent port and subnet creation events.
2026-06-30 19:15:20.420 7 INFO neutron.db.ovn_revision_numbers_db [None req-607f179e-4d7e-408a-ac68-5258654146a0 - - - - - -] Successfully bumped revision number for resource 7dfef90c-1f6f-4007-b3b9-0ba6982f064f (type: ports) to 2
2026-06-30 19:15:20.458 7 INFO neutron.db.ovn_revision_numbers_db [None req-607f179e-4d7e-408a-ac68-5258654146a0 - - - - - -] Successfully bumped revision number for resource 3986e9f9-2b2d-4cbf-a589-530c3dfa7e3f (type: subnets) to 0 [pid: 7|app: 0|req: 1064/2001] 10.0.0.124 () {34 vars in 669 bytes} [Tue Jun 30 19:15:19 2026] POST /v2.0/subnets => generated 629 bytes in 688 msecs (HTTP/1.1 201) 4 headers in 162 bytes (1 switches on core 0)
2026-06-30 19:15:20.579 8 INFO neutron.db.segments_db [None req-3054e260-c571-462c-9774-ea16d7455cf6 58f2292c9db64c20930de4b815362fac dc246a94b7fb4e09b649cad515e1e356 - - default default] Added segment 40df7993-a990-4296-925c-48a9ea93a8ef of type geneve for network fd1ea976-3bbf-499f-8635-d7d6d00e77de
2026-06-30 19:15:20.670 8 INFO neutron.db.ovn_revision_numbers_db [None req-3054e260-c571-462c-9774-ea16d7455cf6 58f2292c9db64c20930de4b815362fac dc246a94b7fb4e09b649cad515e1e356 - - default default] Successfully bumped revision number for resource fd1ea976-3bbf-499f-8635-d7d6d00e77de (type: networks) to 1
2026-06-30 19:15:20.817 8 WARNING neutron.scheduler.dhcp_agent_scheduler [None req-3054e260-c571-462c-9774-ea16d7455cf6 58f2292c9db64c20930de4b815362fac dc246a94b7fb4e09b649cad515e1e356 - - default default] No more DHCP agents
2026-06-30 19:15:20.818 8 WARNING neutron.api.rpc.agentnotifiers.dhcp_rpc_agent_api [None req-3054e260-c571-462c-9774-ea16d7455cf6 58f2292c9db64c20930de4b815362fac dc246a94b7fb4e09b649cad515e1e356 - - default default] Unable to schedule network fd1ea976-3bbf-499f-8635-d7d6d00e77de: no agents available; will retry on subsequent port and subnet creation events.
2026-06-30 19:15:20.867 8 INFO neutron.plugins.ml2.drivers.ovn.mech_driver.mech_driver [None req-b2f180c0-5ba0-4539-a414-536d6d34eee2 - - - - - -] OVN reports status down for port: 837a8bd9-d48a-45b4-8764-e5539981217a
2026-06-30 19:15:20.947 8 INFO neutron.db.ovn_revision_numbers_db [None req-3054e260-c571-462c-9774-ea16d7455cf6 58f2292c9db64c20930de4b815362fac dc246a94b7fb4e09b649cad515e1e356 - - default default] Successfully bumped revision number for resource 837a8bd9-d48a-45b4-8764-e5539981217a (type: ports) to 1 [pid: 8|app: 0|req: 938/2002] 10.0.0.124 () {34 vars in 670 bytes} [Tue Jun 30 19:15:20 2026] POST /v2.0/networks => generated 670 bytes in 531 msecs (HTTP/1.1 201) 4 headers in 162 bytes (1 switches on core 0)
2026-06-30 19:15:21.227 7 WARNING neutron.scheduler.dhcp_agent_scheduler [None req-1725e9c5-4fdf-4990-a040-a41a6eb6e486 58f2292c9db64c20930de4b815362fac dc246a94b7fb4e09b649cad515e1e356 - - default default] No more DHCP agents
2026-06-30 19:15:21.229 7 WARNING neutron.api.rpc.agentnotifiers.dhcp_rpc_agent_api [None req-1725e9c5-4fdf-4990-a040-a41a6eb6e486 58f2292c9db64c20930de4b815362fac dc246a94b7fb4e09b649cad515e1e356 - - default default] Unable to schedule network fd1ea976-3bbf-499f-8635-d7d6d00e77de: no agents available; will retry on subsequent port and subnet creation events.
2026-06-30 19:15:21.633 7 INFO neutron.db.ovn_revision_numbers_db [None req-4cdb6b28-f7f9-4756-b30f-91d9288fa0c0 - - - - - -] Successfully bumped revision number for resource 837a8bd9-d48a-45b4-8764-e5539981217a (type: ports) to 2
2026-06-30 19:15:21.665 7 INFO neutron.db.ovn_revision_numbers_db [None req-4cdb6b28-f7f9-4756-b30f-91d9288fa0c0 - - - - - -] Successfully bumped revision number for resource cc9408b2-3b86-444b-891d-1f75c35da924 (type: subnets) to 0 [pid: 7|app: 0|req: 1065/2003] 10.0.0.124 () {34 vars in 669 bytes} [Tue Jun 30 19:15:21 2026] POST /v2.0/subnets => generated 629 bytes in 662 msecs (HTTP/1.1 201) 4 headers in 162 bytes (1 switches on core 0) [pid: 8|app: 0|req: 939/2004] 10.0.0.124 () {34 vars in 751 bytes} [Tue Jun 30 19:15:21 2026] PUT /v2.0/subnets/5e157fdc-cff9-4408-935b-d23092283fd6/tags => generated 17 bytes in 68 msecs (HTTP/1.1 200) 4 headers in 156 bytes (1 switches on core 0) [pid: 7|app: 0|req: 1066/2005] 10.0.0.124 () {34 vars in 751 bytes} [Tue Jun 30 19:15:21 2026] PUT /v2.0/subnets/d09b2b51-31a9-4e0e-9c8d-ca031ea37b10/tags => generated 25 bytes in 55 msecs (HTTP/1.1 200) 4 headers in 156 bytes (1 switches on core 0) [pid: 8|app: 0|req: 940/2006] 10.0.0.124 () {34 vars in 751 bytes} [Tue Jun 30 19:15:21 2026] PUT /v2.0/subnets/e00d2459-984e-40e7-84d2-ad7a7490cc3c/tags => generated 34 bytes in 53 msecs (HTTP/1.1 200) 4 headers in 156 bytes (1 switches on core 0) [pid: 8|app: 0|req: 941/2007] 10.0.0.124 () {34 vars in 751 bytes} [Tue Jun 30 19:15:21 2026] PUT /v2.0/subnets/3986e9f9-2b2d-4cbf-a589-530c3dfa7e3f/tags => generated 19 bytes in 75 msecs (HTTP/1.1 200) 4 headers in 156 bytes (1 switches on core 0) [pid: 8|app: 0|req: 942/2008] 10.0.0.124 () {32 vars in 664 bytes} [Tue Jun 30 19:15:21 2026] GET /v2.0/subnets?tags=red => generated 1904 bytes in 48 msecs (HTTP/1.1 200) 4 headers in 158 bytes (1 switches on core 0) [pid: 8|app: 0|req: 943/2009] 10.0.0.124 () {32 vars in 678 bytes} [Tue Jun 30 19:15:22 2026] GET /v2.0/subnets?tags=red%2Cblue => generated 1283 bytes in 39 msecs (HTTP/1.1 200) 4 headers in 158 bytes (1 switches on core 0) [pid: 8|app: 0|req: 944/2010] 10.0.0.124 () {32 vars in 674 bytes} [Tue Jun 30 19:15:22 2026] GET /v2.0/subnets?tags-any=blue => generated 1283 bytes in 49 msecs (HTTP/1.1 200) 4 headers in 158 bytes (1 switches on core 0)
2026-06-30 19:15:22.116 7 INFO neutron.db.ovn_revision_numbers_db [None req-6b61abb4-7c43-44fa-8e85-9fea4e9695e8 8f8e9d8a3b7c49c5a2f56cf366d12626 9f110aa37d9b4503988244007a4aefd1 - - default default] Successfully bumped revision number for resource 4bb84b47-bb83-4c7f-a484-435f5c84e0d0 (type: security_groups) to 1
2026-06-30 19:15:22.126 7 INFO neutron.db.ovn_revision_numbers_db [None req-6b61abb4-7c43-44fa-8e85-9fea4e9695e8 8f8e9d8a3b7c49c5a2f56cf366d12626 9f110aa37d9b4503988244007a4aefd1 - - default default] Successfully bumped revision number for resource 1037ecb4-ee06-4a40-8d48-65eae683cb4a (type: security_group_rules) to 0 [pid: 8|app: 0|req: 945/2011] 10.0.0.124 () {32 vars in 686 bytes} [Tue Jun 30 19:15:22 2026] GET /v2.0/subnets?tags-any=red%2Cblue => generated 1904 bytes in 27 msecs (HTTP/1.1 200) 4 headers in 158 bytes (1 switches on core 0)
2026-06-30 19:15:22.138 7 INFO neutron.db.ovn_revision_numbers_db [None req-6b61abb4-7c43-44fa-8e85-9fea4e9695e8 8f8e9d8a3b7c49c5a2f56cf366d12626 9f110aa37d9b4503988244007a4aefd1 - - default default] Successfully bumped revision number for resource 2c14c5c0-7d36-44f2-a6b6-7774d2fb72e3 (type: security_group_rules) to 0
2026-06-30 19:15:22.146 7 INFO neutron.db.ovn_revision_numbers_db [None req-6b61abb4-7c43-44fa-8e85-9fea4e9695e8 8f8e9d8a3b7c49c5a2f56cf366d12626 9f110aa37d9b4503988244007a4aefd1 - - default default] Successfully bumped revision number for resource 80cae53a-f143-42c5-b854-626bdff09246 (type: security_group_rules) to 0
2026-06-30 19:15:22.156 7 INFO neutron.db.ovn_revision_numbers_db [None req-6b61abb4-7c43-44fa-8e85-9fea4e9695e8 8f8e9d8a3b7c49c5a2f56cf366d12626 9f110aa37d9b4503988244007a4aefd1 - - default default] Successfully bumped revision number for resource 9c4f2e4f-f31c-4e15-923e-b70257841022 (type: security_group_rules) to 0 [pid: 8|app: 0|req: 946/2012] 10.0.0.124 () {32 vars in 672 bytes} [Tue Jun 30 19:15:22 2026] GET /v2.0/subnets?not-tags=red => generated 1894 bytes in 43 msecs (HTTP/1.1 200) 4 headers in 158 bytes (1 switches on core 0) [pid: 7|app: 0|req: 1067/2013] 10.0.0.124 () {32 vars in 774 bytes} [Tue Jun 30 19:15:21 2026] GET /v2.0/security-groups?tenant_id=987a8533ab2e49149c92f524d40127ac&name=default => generated 2925 bytes in 376 msecs (HTTP/1.1 200) 4 headers in 158 bytes (1 switches on core 0) [pid: 8|app: 0|req: 947/2014] 10.0.0.124 () {32 vars in 686 bytes} [Tue Jun 30 19:15:22 2026] GET /v2.0/subnets?not-tags=red%2Cblue => generated 2515 bytes in 46 msecs (HTTP/1.1 200) 4 headers in 158 bytes (1 switches on core 0) [pid: 8|app: 0|req: 948/2015] 10.0.0.124 () {32 vars in 682 bytes} [Tue Jun 30 19:15:22 2026] GET /v2.0/subnets?not-tags-any=blue => generated 2515 bytes in 46 msecs (HTTP/1.1 200) 4 headers in 158 bytes (1 switches on core 0) [pid: 8|app: 0|req: 949/2016] 10.0.0.124 () {32 vars in 694 bytes} [Tue Jun 30 19:15:22 2026] GET /v2.0/subnets?not-tags-any=red%2Cblue => generated 1894 bytes in 47 msecs (HTTP/1.1 200) 4 headers in 158 bytes (1 switches on core 0) [pid: 7|app: 0|req: 1068/2017] 10.0.0.124 () {32 vars in 740 bytes} [Tue Jun 30 19:15:22 2026] DELETE /v2.0/security-groups/4bb84b47-bb83-4c7f-a484-435f5c84e0d0 => generated 0 bytes in 227 msecs (HTTP/1.1 204) 2 headers in 112 bytes (1 switches on core 0) [pid: 8|app: 0|req: 950/2018] 10.0.0.124 () {32 vars in 724 bytes} [Tue Jun 30 19:15:22 2026] DELETE /v2.0/subnets/5e157fdc-cff9-4408-935b-d23092283fd6 => generated 0 bytes in 159 msecs (HTTP/1.1 204) 3 headers in 131 bytes (1 switches on core 0) [pid: 7|app: 0|req: 1069/2019] 10.0.0.124 () {32 vars in 724 bytes} [Tue Jun 30 19:15:22 2026] DELETE /v2.0/subnets/d09b2b51-31a9-4e0e-9c8d-ca031ea37b10 => generated 0 bytes in 143 msecs (HTTP/1.1 204) 3 headers in 131 bytes (1 switches on core 0) [pid: 8|app: 0|req: 951/2020] 10.0.0.124 () {32 vars in 724 bytes} [Tue Jun 30 19:15:22 2026] DELETE /v2.0/subnets/e00d2459-984e-40e7-84d2-ad7a7490cc3c => generated 0 bytes in 198 msecs (HTTP/1.1 204) 3 headers in 131 bytes (1 switches on core 0)
2026-06-30 19:15:23.025 7 INFO neutron.db.ovn_revision_numbers_db [None req-43fa3a82-e67b-40f0-87db-7105aaf0cbdc 8f8e9d8a3b7c49c5a2f56cf366d12626 9f110aa37d9b4503988244007a4aefd1 - - default default] Successfully bumped revision number for resource d72ff92f-e764-4784-a4fd-cf4d6e189c75 (type: security_groups) to 1
2026-06-30 19:15:23.038 7 INFO neutron.db.ovn_revision_numbers_db [None req-43fa3a82-e67b-40f0-87db-7105aaf0cbdc 8f8e9d8a3b7c49c5a2f56cf366d12626 9f110aa37d9b4503988244007a4aefd1 - - default default] Successfully bumped revision number for resource 43e672d8-65f5-4188-b024-d6d29eabdd67 (type: security_group_rules) to 0
2026-06-30 19:15:23.049 7 INFO neutron.db.ovn_revision_numbers_db [None req-43fa3a82-e67b-40f0-87db-7105aaf0cbdc 8f8e9d8a3b7c49c5a2f56cf366d12626 9f110aa37d9b4503988244007a4aefd1 - - default default] Successfully bumped revision number for resource 45bb6e81-ea99-4966-8b39-9c3c28bfd09b (type: security_group_rules) to 0
2026-06-30 19:15:23.059 7 INFO neutron.db.ovn_revision_numbers_db [None req-43fa3a82-e67b-40f0-87db-7105aaf0cbdc 8f8e9d8a3b7c49c5a2f56cf366d12626 9f110aa37d9b4503988244007a4aefd1 - - default default] Successfully bumped revision number for resource 69232e4b-a587-4058-804d-64585db69878 (type: security_group_rules) to 0
2026-06-30 19:15:23.073 7 INFO neutron.db.ovn_revision_numbers_db [None req-43fa3a82-e67b-40f0-87db-7105aaf0cbdc 8f8e9d8a3b7c49c5a2f56cf366d12626 9f110aa37d9b4503988244007a4aefd1 - - default default] Successfully bumped revision number for resource e2d80471-a8f9-42a5-b327-cf3df65b7d17 (type: security_group_rules) to 0 [pid: 8|app: 0|req: 952/2021] 10.0.0.124 () {32 vars in 724 bytes} [Tue Jun 30 19:15:22 2026] DELETE /v2.0/subnets/3986e9f9-2b2d-4cbf-a589-530c3dfa7e3f => generated 0 bytes in 218 msecs (HTTP/1.1 204) 3 headers in 131 bytes (1 switches on core 0) [pid: 7|app: 0|req: 1070/2022] 10.0.0.124 () {32 vars in 774 bytes} [Tue Jun 30 19:15:22 2026] GET /v2.0/security-groups?tenant_id=647cc87c0faf42799b5fc2c2450b50b4&name=default => generated 2925 bytes in 420 msecs (HTTP/1.1 200) 4 headers in 158 bytes (1 switches on core 0) [pid: 8|app: 0|req: 953/2023] 10.0.0.124 () {32 vars in 724 bytes} [Tue Jun 30 19:15:23 2026] DELETE /v2.0/subnets/cc9408b2-3b86-444b-891d-1f75c35da924 => generated 0 bytes in 185 msecs (HTTP/1.1 204) 3 headers in 131 bytes (1 switches on core 0) [pid: 7|app: 0|req: 1071/2024] 10.0.0.124 () {32 vars in 740 bytes} [Tue Jun 30 19:15:23 2026] DELETE /v2.0/security-groups/d72ff92f-e764-4784-a4fd-cf4d6e189c75 => generated 0 bytes in 248 msecs (HTTP/1.1 204) 2 headers in 112 bytes (1 switches on core 0)
2026-06-30 19:15:23.451 8 INFO neutron_taas.services.taas.taas_plugin [None req-5b1e89da-2981-4feb-9cc3-d1014c07ef73 58f2292c9db64c20930de4b815362fac dc246a94b7fb4e09b649cad515e1e356 - - default default] TaaS: Handle Delete Port: f387b377-333a-43b2-a260-e0cebe5a8390
2026-06-30 19:15:23.458 8 INFO neutron_taas.services.taas.tap_mirror_plugin [None req-5b1e89da-2981-4feb-9cc3-d1014c07ef73 58f2292c9db64c20930de4b815362fac dc246a94b7fb4e09b649cad515e1e356 - - default default] Tap Mirror: Handle Delete Port: f387b377-333a-43b2-a260-e0cebe5a8390
2026-06-30 19:15:23.632 8 INFO neutron.services.segments.plugin [-] Segment 8e8ed004-f456-4e87-b283-fcdda35a48b9 resource provider aggregate not found
2026-06-30 19:15:23.639 8 INFO neutron.services.segments.plugin [-] Segment 8e8ed004-f456-4e87-b283-fcdda35a48b9 resource provider aggregate not found
2026-06-30 19:15:23.653 8 INFO neutron.services.segments.plugin [-] Segment 8e8ed004-f456-4e87-b283-fcdda35a48b9 resource provider not found; error: Placement Client Error (4xx): {"errors": [{"status": 404, "title": "Not Found", "detail": "The resource could not be found.\n\n No resource provider with uuid 8e8ed004-f456-4e87-b283-fcdda35a48b9 found for delete ", "request_id": "req-c6379c68-00cc-4706-9dc6-67e333283eef"}]}
2026-06-30 19:15:23.664 8 INFO neutron.services.segments.plugin [-] Segment 8e8ed004-f456-4e87-b283-fcdda35a48b9 resource provider not found; error: Placement Client Error (4xx): {"errors": [{"status": 404, "title": "Not Found", "detail": "The resource could not be found.\n\n No resource provider with uuid 8e8ed004-f456-4e87-b283-fcdda35a48b9 found for delete ", "request_id": "req-09a80522-1699-49d6-a36d-a240c8304c08"}]} [pid: 8|app: 0|req: 954/2025] 10.0.0.124 () {32 vars in 726 bytes} [Tue Jun 30 19:15:23 2026] DELETE /v2.0/networks/ee6afba8-8b26-4d02-a112-b133ea32b850 => generated 0 bytes in 394 msecs (HTTP/1.1 204) 3 headers in 131 bytes (1 switches on core 0)
2026-06-30 19:15:23.787 7 INFO neutron_taas.services.taas.taas_plugin [None req-f3d32c86-0042-451a-9bf3-85ed30aab12e 58f2292c9db64c20930de4b815362fac dc246a94b7fb4e09b649cad515e1e356 - - default default] TaaS: Handle Delete Port: 9890d168-102f-4963-b920-6ab34d63a106
2026-06-30 19:15:23.789 7 INFO neutron_taas.services.taas.tap_mirror_plugin [None req-f3d32c86-0042-451a-9bf3-85ed30aab12e 58f2292c9db64c20930de4b815362fac dc246a94b7fb4e09b649cad515e1e356 - - default default] Tap Mirror: Handle Delete Port: 9890d168-102f-4963-b920-6ab34d63a106
2026-06-30 19:15:23.960 7 INFO neutron.services.segments.plugin [-] Segment b4144d1b-3ade-4310-b36d-cfba198d5095 resource provider aggregate not found
2026-06-30 19:15:23.975 7 INFO neutron.services.segments.plugin [-] Segment b4144d1b-3ade-4310-b36d-cfba198d5095 resource provider not found; error: Placement Client Error (4xx): {"errors": [{"status": 404, "title": "Not Found", "detail": "The resource could not be found.\n\n No resource provider with uuid b4144d1b-3ade-4310-b36d-cfba198d5095 found for delete ", "request_id": "req-eaa36eb5-4bf2-4983-beaa-0df9e110143b"}]}
2026-06-30 19:15:23.990 7 INFO neutron.services.segments.plugin [-] Segment b4144d1b-3ade-4310-b36d-cfba198d5095 resource provider aggregate not found
2026-06-30 19:15:24.011 7 INFO neutron.services.segments.plugin [-] Segment b4144d1b-3ade-4310-b36d-cfba198d5095 resource provider not found; error: Placement Client Error (4xx): {"errors": [{"status": 404, "title": "Not Found", "detail": "The resource could not be found.\n\n No resource provider with uuid b4144d1b-3ade-4310-b36d-cfba198d5095 found for delete ", "request_id": "req-2df02791-3f5e-4cbd-8dbd-7973b2346862"}]} [pid: 7|app: 0|req: 1072/2026] 10.0.0.124 () {32 vars in 726 bytes} [Tue Jun 30 19:15:23 2026] DELETE /v2.0/networks/8ae426b1-a165-44f8-9652-4f9e47994578 => generated 0 bytes in 334 msecs (HTTP/1.1 204) 3 headers in 131 bytes (1 switches on core 0)
2026-06-30 19:15:24.148 8 INFO neutron_taas.services.taas.taas_plugin [None req-c0432581-38c6-4319-b88e-85c627a6dc20 58f2292c9db64c20930de4b815362fac dc246a94b7fb4e09b649cad515e1e356 - - default default] TaaS: Handle Delete Port: 3ff1d73e-6cbf-4ccf-84d4-b924a9854333
2026-06-30 19:15:24.151 8 INFO neutron_taas.services.taas.tap_mirror_plugin [None req-c0432581-38c6-4319-b88e-85c627a6dc20 58f2292c9db64c20930de4b815362fac dc246a94b7fb4e09b649cad515e1e356 - - default default] Tap Mirror: Handle Delete Port: 3ff1d73e-6cbf-4ccf-84d4-b924a9854333 [pid: 8|app: 0|req: 955/2027] 10.0.0.124 () {32 vars in 726 bytes} [Tue Jun 30 19:15:24 2026] DELETE /v2.0/networks/99cc907b-f1df-4cca-bd0c-f78ac850006a => generated 0 bytes in 354 msecs (HTTP/1.1 204) 3 headers in 131 bytes (1 switches on core 0)
2026-06-30 19:15:24.493 7 INFO neutron_taas.services.taas.taas_plugin [None req-18d3fb74-8b2c-486d-96e0-c4f94710a797 58f2292c9db64c20930de4b815362fac dc246a94b7fb4e09b649cad515e1e356 - - default default] TaaS: Handle Delete Port: 7dfef90c-1f6f-4007-b3b9-0ba6982f064f
2026-06-30 19:15:24.497 7 INFO neutron_taas.services.taas.tap_mirror_plugin [None req-18d3fb74-8b2c-486d-96e0-c4f94710a797 58f2292c9db64c20930de4b815362fac dc246a94b7fb4e09b649cad515e1e356 - - default default] Tap Mirror: Handle Delete Port: 7dfef90c-1f6f-4007-b3b9-0ba6982f064f [pid: 7|app: 0|req: 1073/2028] 10.0.0.124 () {32 vars in 726 bytes} [Tue Jun 30 19:15:24 2026] DELETE /v2.0/networks/01c0ed77-393b-463c-834a-2e8b9e6d93e5 => generated 0 bytes in 324 msecs (HTTP/1.1 204) 3 headers in 131 bytes (1 switches on core 0)
2026-06-30 19:15:24.810 8 INFO neutron_taas.services.taas.taas_plugin [None req-dc56b6f3-b315-4dc4-a47b-d99796041e99 58f2292c9db64c20930de4b815362fac dc246a94b7fb4e09b649cad515e1e356 - - default default] TaaS: Handle Delete Port: 837a8bd9-d48a-45b4-8764-e5539981217a
2026-06-30 19:15:24.813 8 INFO neutron_taas.services.taas.tap_mirror_plugin [None req-dc56b6f3-b315-4dc4-a47b-d99796041e99 58f2292c9db64c20930de4b815362fac dc246a94b7fb4e09b649cad515e1e356 - - default default] Tap Mirror: Handle Delete Port: 837a8bd9-d48a-45b4-8764-e5539981217a [pid: 8|app: 0|req: 956/2029] 10.0.0.124 () {32 vars in 726 bytes} [Tue Jun 30 19:15:24 2026] DELETE /v2.0/networks/fd1ea976-3bbf-499f-8635-d7d6d00e77de => generated 0 bytes in 316 msecs (HTTP/1.1 204) 3 headers in 131 bytes (1 switches on core 0)
2026-06-30 19:15:25.430 7 INFO neutron.db.ovn_revision_numbers_db [None req-c1da7021-ecaa-44ff-8fee-97c3e2884519 78132cdb8ca54edcba8fa800b3cbb1d5 6867cb1c039c458db8f77d5ae9b8d2b8 - - default default] Successfully bumped revision number for resource 57860af5-53d5-4b50-b554-720d1e0833d9 (type: security_groups) to 1
2026-06-30 19:15:25.440 7 INFO neutron.db.ovn_revision_numbers_db [None req-c1da7021-ecaa-44ff-8fee-97c3e2884519 78132cdb8ca54edcba8fa800b3cbb1d5 6867cb1c039c458db8f77d5ae9b8d2b8 - - default default] Successfully bumped revision number for resource 3f5d6477-a401-4faf-ab11-a1811fd9b053 (type: security_group_rules) to 0
2026-06-30 19:15:25.450 7 INFO neutron.db.ovn_revision_numbers_db [None req-c1da7021-ecaa-44ff-8fee-97c3e2884519 78132cdb8ca54edcba8fa800b3cbb1d5 6867cb1c039c458db8f77d5ae9b8d2b8 - - default default] Successfully bumped revision number for resource 4af0c21a-aafc-431c-8fc9-addc963cfe1c (type: security_group_rules) to 0
2026-06-30 19:15:25.461 7 INFO neutron.db.ovn_revision_numbers_db [None req-c1da7021-ecaa-44ff-8fee-97c3e2884519 78132cdb8ca54edcba8fa800b3cbb1d5 6867cb1c039c458db8f77d5ae9b8d2b8 - - default default] Successfully bumped revision number for resource 77984c13-4a02-4aee-b2c2-820952d3181c (type: security_group_rules) to 0
2026-06-30 19:15:25.471 7 INFO neutron.db.ovn_revision_numbers_db [None req-c1da7021-ecaa-44ff-8fee-97c3e2884519 78132cdb8ca54edcba8fa800b3cbb1d5 6867cb1c039c458db8f77d5ae9b8d2b8 - - default default] Successfully bumped revision number for resource c145cc12-2f63-4fca-be8e-ed5eee74ec92 (type: security_group_rules) to 0
2026-06-30 19:15:25.548 7 INFO neutron.db.segments_db [None req-c1da7021-ecaa-44ff-8fee-97c3e2884519 78132cdb8ca54edcba8fa800b3cbb1d5 6867cb1c039c458db8f77d5ae9b8d2b8 - - default default] Added segment 266a2e7e-21c9-413a-9f09-419da389b82c of type geneve for network f0944fb1-a83d-4b28-b6e6-91252f53a5c7
2026-06-30 19:15:25.660 7 INFO neutron.db.ovn_revision_numbers_db [None req-c1da7021-ecaa-44ff-8fee-97c3e2884519 78132cdb8ca54edcba8fa800b3cbb1d5 6867cb1c039c458db8f77d5ae9b8d2b8 - - default default] Successfully bumped revision number for resource f0944fb1-a83d-4b28-b6e6-91252f53a5c7 (type: networks) to 1
2026-06-30 19:15:25.670 8 INFO neutron.services.segments.plugin [-] Segment 5cfe54f4-7bad-450d-8be7-8cc961a1e01d resource provider aggregate not found
2026-06-30 19:15:25.685 8 INFO neutron.services.segments.plugin [-] Segment 5cfe54f4-7bad-450d-8be7-8cc961a1e01d resource provider not found; error: Placement Client Error (4xx): {"errors": [{"status": 404, "title": "Not Found", "detail": "The resource could not be found.\n\n No resource provider with uuid 5cfe54f4-7bad-450d-8be7-8cc961a1e01d found for delete ", "request_id": "req-e6c52233-e190-44da-8405-644b51243d5e"}]}
2026-06-30 19:15:25.688 8 INFO neutron.services.segments.plugin [-] Segment 5cfe54f4-7bad-450d-8be7-8cc961a1e01d resource provider aggregate not found
2026-06-30 19:15:25.702 8 INFO neutron.services.segments.plugin [-] Segment 5cfe54f4-7bad-450d-8be7-8cc961a1e01d resource provider not found; error: Placement Client Error (4xx): {"errors": [{"status": 404, "title": "Not Found", "detail": "The resource could not be found.\n\n No resource provider with uuid 5cfe54f4-7bad-450d-8be7-8cc961a1e01d found for delete ", "request_id": "req-1ae503d5-522d-4f90-9b04-776837af3e8c"}]}
2026-06-30 19:15:25.705 8 INFO neutron.services.segments.plugin [-] Segment 40df7993-a990-4296-925c-48a9ea93a8ef resource provider aggregate not found
2026-06-30 19:15:25.716 8 INFO neutron.services.segments.plugin [-] Segment 40df7993-a990-4296-925c-48a9ea93a8ef resource provider aggregate not found
2026-06-30 19:15:25.722 8 INFO neutron.services.segments.plugin [-] Segment 40df7993-a990-4296-925c-48a9ea93a8ef resource provider not found; error: Placement Client Error (4xx): {"errors": [{"status": 404, "title": "Not Found", "detail": "The resource could not be found.\n\n No resource provider with uuid 40df7993-a990-4296-925c-48a9ea93a8ef found for delete ", "request_id": "req-65584692-7b2e-44bf-83bf-b8bffbb5f441"}]}
2026-06-30 19:15:25.732 8 INFO neutron.services.segments.plugin [-] Segment 40df7993-a990-4296-925c-48a9ea93a8ef resource provider not found; error: Placement Client Error (4xx): {"errors": [{"status": 404, "title": "Not Found", "detail": "The resource could not be found.\n\n No resource provider with uuid 40df7993-a990-4296-925c-48a9ea93a8ef found for delete ", "request_id": "req-d5ebbca0-133b-49a3-80de-5958310a7f3b"}]}
2026-06-30 19:15:25.820 7 WARNING neutron.scheduler.dhcp_agent_scheduler [None req-c1da7021-ecaa-44ff-8fee-97c3e2884519 78132cdb8ca54edcba8fa800b3cbb1d5 6867cb1c039c458db8f77d5ae9b8d2b8 - - default default] No more DHCP agents
2026-06-30 19:15:25.821 7 WARNING neutron.api.rpc.agentnotifiers.dhcp_rpc_agent_api [None req-c1da7021-ecaa-44ff-8fee-97c3e2884519 78132cdb8ca54edcba8fa800b3cbb1d5 6867cb1c039c458db8f77d5ae9b8d2b8 - - default default] Unable to schedule network f0944fb1-a83d-4b28-b6e6-91252f53a5c7: no agents available; will retry on subsequent port and subnet creation events.
2026-06-30 19:15:25.893 8 INFO neutron.plugins.ml2.drivers.ovn.mech_driver.mech_driver [None req-b2f180c0-5ba0-4539-a414-536d6d34eee2 - - - - - -] OVN reports status down for port: 07c324cd-01bc-4410-8dd3-7379b71414a6
2026-06-30 19:15:25.915 7 INFO neutron.db.ovn_revision_numbers_db [None req-c1da7021-ecaa-44ff-8fee-97c3e2884519 78132cdb8ca54edcba8fa800b3cbb1d5 6867cb1c039c458db8f77d5ae9b8d2b8 - - default default] Successfully bumped revision number for resource 07c324cd-01bc-4410-8dd3-7379b71414a6 (type: ports) to 1 [pid: 7|app: 0|req: 1074/2030] 10.0.0.124 () {34 vars in 670 bytes} [Tue Jun 30 19:15:25 2026] POST /v2.0/networks => generated 668 bytes in 820 msecs (HTTP/1.1 201) 4 headers in 162 bytes (1 switches on core 0)
2026-06-30 19:15:25.993 7 INFO neutron.services.segments.plugin [-] Segment 57b95e7d-38e7-4efe-889e-d044f6096450 resource provider aggregate not found
2026-06-30 19:15:26.007 7 INFO neutron.services.segments.plugin [-] Segment 57b95e7d-38e7-4efe-889e-d044f6096450 resource provider not found; error: Placement Client Error (4xx): {"errors": [{"status": 404, "title": "Not Found", "detail": "The resource could not be found.\n\n No resource provider with uuid 57b95e7d-38e7-4efe-889e-d044f6096450 found for delete ", "request_id": "req-0793e5f0-5c27-464d-92f1-1f6ef96a8b0f"}]}
2026-06-30 19:15:26.030 7 INFO neutron.services.segments.plugin [-] Segment 57b95e7d-38e7-4efe-889e-d044f6096450 resource provider aggregate not found
2026-06-30 19:15:26.056 7 INFO neutron.services.segments.plugin [-] Segment 57b95e7d-38e7-4efe-889e-d044f6096450 resource provider not found; error: Placement Client Error (4xx): {"errors": [{"status": 404, "title": "Not Found", "detail": "The resource could not be found.\n\n No resource provider with uuid 57b95e7d-38e7-4efe-889e-d044f6096450 found for delete ", "request_id": "req-4d1473f4-24fc-4986-9641-49dc7778cc8e"}]}
2026-06-30 19:15:26.060 7 INFO neutron.db.segments_db [None req-24dba7a8-b2a1-4e7c-87fa-713da47efe3d 78132cdb8ca54edcba8fa800b3cbb1d5 6867cb1c039c458db8f77d5ae9b8d2b8 - - default default] Added segment 267e7d54-7660-4261-9fde-27c3301bce9e of type geneve for network 388d3447-5815-4481-92d9-b8a83f529c9a
2026-06-30 19:15:26.087 8 INFO neutron.db.ovn_revision_numbers_db [None req-85c63197-2db1-45a4-8e94-52ad72c596c4 8f8e9d8a3b7c49c5a2f56cf366d12626 9f110aa37d9b4503988244007a4aefd1 - - default default] Successfully bumped revision number for resource 24a66ce4-a4d0-404a-b501-222492588877 (type: security_groups) to 1
2026-06-30 19:15:26.104 8 INFO neutron.db.ovn_revision_numbers_db [None req-85c63197-2db1-45a4-8e94-52ad72c596c4 8f8e9d8a3b7c49c5a2f56cf366d12626 9f110aa37d9b4503988244007a4aefd1 - - default default] Successfully bumped revision number for resource 3255b710-bbf7-4959-9ebe-6db0779581c7 (type: security_group_rules) to 0
2026-06-30 19:15:26.115 8 INFO neutron.db.ovn_revision_numbers_db [None req-85c63197-2db1-45a4-8e94-52ad72c596c4 8f8e9d8a3b7c49c5a2f56cf366d12626 9f110aa37d9b4503988244007a4aefd1 - - default default] Successfully bumped revision number for resource 35031647-12ad-4036-bd59-dc41dc440c77 (type: security_group_rules) to 0
2026-06-30 19:15:26.133 8 INFO neutron.db.ovn_revision_numbers_db [None req-85c63197-2db1-45a4-8e94-52ad72c596c4 8f8e9d8a3b7c49c5a2f56cf366d12626 9f110aa37d9b4503988244007a4aefd1 - - default default] Successfully bumped revision number for resource 8ae5523f-b4c4-4b91-9fa3-4f865cc9d790 (type: security_group_rules) to 0
2026-06-30 19:15:26.148 8 INFO neutron.db.ovn_revision_numbers_db [None req-85c63197-2db1-45a4-8e94-52ad72c596c4 8f8e9d8a3b7c49c5a2f56cf366d12626 9f110aa37d9b4503988244007a4aefd1 - - default default] Successfully bumped revision number for resource cb2326a6-b778-40ca-a768-c6e557811a2e (type: security_group_rules) to 0
2026-06-30 19:15:26.184 7 INFO neutron.db.ovn_revision_numbers_db [None req-24dba7a8-b2a1-4e7c-87fa-713da47efe3d 78132cdb8ca54edcba8fa800b3cbb1d5 6867cb1c039c458db8f77d5ae9b8d2b8 - - default default] Successfully bumped revision number for resource 388d3447-5815-4481-92d9-b8a83f529c9a (type: networks) to 1 [pid: 8|app: 0|req: 957/2031] 10.0.0.124 () {32 vars in 774 bytes} [Tue Jun 30 19:15:25 2026] GET /v2.0/security-groups?tenant_id=8736669bd49f4cb4bd457338026429b5&name=default => generated 2925 bytes in 493 msecs (HTTP/1.1 200) 4 headers in 158 bytes (1 switches on core 0)
2026-06-30 19:15:26.350 7 WARNING neutron.scheduler.dhcp_agent_scheduler [None req-24dba7a8-b2a1-4e7c-87fa-713da47efe3d 78132cdb8ca54edcba8fa800b3cbb1d5 6867cb1c039c458db8f77d5ae9b8d2b8 - - default default] No more DHCP agents
2026-06-30 19:15:26.351 7 WARNING neutron.api.rpc.agentnotifiers.dhcp_rpc_agent_api [None req-24dba7a8-b2a1-4e7c-87fa-713da47efe3d 78132cdb8ca54edcba8fa800b3cbb1d5 6867cb1c039c458db8f77d5ae9b8d2b8 - - default default] Unable to schedule network 388d3447-5815-4481-92d9-b8a83f529c9a: no agents available; will retry on subsequent port and subnet creation events.
2026-06-30 19:15:26.413 8 INFO neutron.plugins.ml2.drivers.ovn.mech_driver.mech_driver [None req-b2f180c0-5ba0-4539-a414-536d6d34eee2 - - - - - -] OVN reports status down for port: b0458312-30fd-4614-a276-c3484a107e7d [pid: 8|app: 0|req: 958/2032] 10.0.0.124 () {32 vars in 740 bytes} [Tue Jun 30 19:15:26 2026] DELETE /v2.0/security-groups/24a66ce4-a4d0-404a-b501-222492588877 => generated 0 bytes in 223 msecs (HTTP/1.1 204) 2 headers in 112 bytes (1 switches on core 0)
2026-06-30 19:15:26.429 7 INFO neutron.db.ovn_revision_numbers_db [None req-24dba7a8-b2a1-4e7c-87fa-713da47efe3d 78132cdb8ca54edcba8fa800b3cbb1d5 6867cb1c039c458db8f77d5ae9b8d2b8 - - default default] Successfully bumped revision number for resource b0458312-30fd-4614-a276-c3484a107e7d (type: ports) to 1 [pid: 7|app: 0|req: 1075/2033] 10.0.0.124 () {34 vars in 670 bytes} [Tue Jun 30 19:15:25 2026] POST /v2.0/networks => generated 668 bytes in 497 msecs (HTTP/1.1 201) 4 headers in 162 bytes (1 switches on core 0)
2026-06-30 19:15:26.631 7 INFO neutron.db.ovn_revision_numbers_db [None req-a4d65360-1839-46b1-b44f-f59919540769 8f8e9d8a3b7c49c5a2f56cf366d12626 9f110aa37d9b4503988244007a4aefd1 - - default default] Successfully bumped revision number for resource 36b68bcd-e078-46d7-9978-eb6a70c57f54 (type: security_groups) to 1
2026-06-30 19:15:26.641 7 INFO neutron.db.ovn_revision_numbers_db [None req-a4d65360-1839-46b1-b44f-f59919540769 8f8e9d8a3b7c49c5a2f56cf366d12626 9f110aa37d9b4503988244007a4aefd1 - - default default] Successfully bumped revision number for resource 2943c51b-c55c-4580-b9ce-f2f84601e4f7 (type: security_group_rules) to 0
2026-06-30 19:15:26.652 7 INFO neutron.db.ovn_revision_numbers_db [None req-a4d65360-1839-46b1-b44f-f59919540769 8f8e9d8a3b7c49c5a2f56cf366d12626 9f110aa37d9b4503988244007a4aefd1 - - default default] Successfully bumped revision number for resource 4e75bf39-cee8-4808-9605-c894e020ad91 (type: security_group_rules) to 0
2026-06-30 19:15:26.653 8 WARNING neutron.scheduler.dhcp_agent_scheduler [None req-0e66329a-0050-46dc-b0c8-e4ac1b3a6f4b 78132cdb8ca54edcba8fa800b3cbb1d5 6867cb1c039c458db8f77d5ae9b8d2b8 - - default default] No more DHCP agents
2026-06-30 19:15:26.654 8 WARNING neutron.api.rpc.agentnotifiers.dhcp_rpc_agent_api [None req-0e66329a-0050-46dc-b0c8-e4ac1b3a6f4b 78132cdb8ca54edcba8fa800b3cbb1d5 6867cb1c039c458db8f77d5ae9b8d2b8 - - default default] Unable to schedule network f0944fb1-a83d-4b28-b6e6-91252f53a5c7: no agents available; will retry on subsequent port and subnet creation events.
2026-06-30 19:15:26.662 7 INFO neutron.db.ovn_revision_numbers_db [None req-a4d65360-1839-46b1-b44f-f59919540769 8f8e9d8a3b7c49c5a2f56cf366d12626 9f110aa37d9b4503988244007a4aefd1 - - default default] Successfully bumped revision number for resource b938f8ea-d690-4b3d-914f-899eb8a14e50 (type: security_group_rules) to 0
2026-06-30 19:15:26.671 7 INFO neutron.db.ovn_revision_numbers_db [None req-a4d65360-1839-46b1-b44f-f59919540769 8f8e9d8a3b7c49c5a2f56cf366d12626 9f110aa37d9b4503988244007a4aefd1 - - default default] Successfully bumped revision number for resource c567eead-4d6d-4b40-bb00-175dd435f008 (type: security_group_rules) to 0 [pid: 7|app: 0|req: 1076/2034] 10.0.0.124 () {32 vars in 774 bytes} [Tue Jun 30 19:15:26 2026] GET /v2.0/security-groups?tenant_id=fbfa3f93846f47e7bc5b70522dc63001&name=default => generated 2925 bytes in 197 msecs (HTTP/1.1 200) 4 headers in 158 bytes (1 switches on core 0) [pid: 7|app: 0|req: 1077/2035] 10.0.0.124 () {32 vars in 740 bytes} [Tue Jun 30 19:15:26 2026] DELETE /v2.0/security-groups/36b68bcd-e078-46d7-9978-eb6a70c57f54 => generated 0 bytes in 237 msecs (HTTP/1.1 204) 2 headers in 112 bytes (1 switches on core 0)
2026-06-30 19:15:27.082 8 INFO neutron.db.ovn_revision_numbers_db [None req-58d261e1-487d-4fe2-8d54-d1bce0fab5ee - - - - - -] Successfully bumped revision number for resource 07c324cd-01bc-4410-8dd3-7379b71414a6 (type: ports) to 2
2026-06-30 19:15:27.109 8 INFO neutron.db.ovn_revision_numbers_db [None req-58d261e1-487d-4fe2-8d54-d1bce0fab5ee - - - - - -] Successfully bumped revision number for resource 19fd94d7-242a-4fa8-b323-2a2c6f40c14e (type: subnets) to 0 [pid: 7|app: 0|req: 1078/2036] 10.0.0.124 () {32 vars in 774 bytes} [Tue Jun 30 19:15:27 2026] GET /v2.0/security-groups?tenant_id=dc246a94b7fb4e09b649cad515e1e356&name=default => generated 2925 bytes in 43 msecs (HTTP/1.1 200) 4 headers in 158 bytes (1 switches on core 0) [pid: 8|app: 0|req: 959/2037] 10.0.0.124 () {34 vars in 669 bytes} [Tue Jun 30 19:15:26 2026] POST /v2.0/subnets => generated 626 bytes in 683 msecs (HTTP/1.1 201) 4 headers in 162 bytes (1 switches on core 0)
2026-06-30 19:15:27.365 8 WARNING neutron.scheduler.dhcp_agent_scheduler [None req-f8b3d7dd-888b-4017-838c-6f9c97b4416c 78132cdb8ca54edcba8fa800b3cbb1d5 6867cb1c039c458db8f77d5ae9b8d2b8 - - default default] No more DHCP agents
2026-06-30 19:15:27.366 8 WARNING neutron.api.rpc.agentnotifiers.dhcp_rpc_agent_api [None req-f8b3d7dd-888b-4017-838c-6f9c97b4416c 78132cdb8ca54edcba8fa800b3cbb1d5 6867cb1c039c458db8f77d5ae9b8d2b8 - - default default] Unable to schedule network 388d3447-5815-4481-92d9-b8a83f529c9a: no agents available; will retry on subsequent port and subnet creation events. [pid: 7|app: 0|req: 1079/2038] 10.0.0.124 () {32 vars in 740 bytes} [Tue Jun 30 19:15:27 2026] DELETE /v2.0/security-groups/cc602fa4-6108-4db4-bdb8-fb7e6df11396 => generated 0 bytes in 247 msecs (HTTP/1.1 204) 2 headers in 112 bytes (1 switches on core 0)
2026-06-30 19:15:27.820 8 INFO neutron.db.ovn_revision_numbers_db [None req-20ed62d5-b473-45ce-940e-ab80574f7a3d - - - - - -] Successfully bumped revision number for resource b0458312-30fd-4614-a276-c3484a107e7d (type: ports) to 2
2026-06-30 19:15:27.853 8 INFO neutron.db.ovn_revision_numbers_db [None req-20ed62d5-b473-45ce-940e-ab80574f7a3d - - - - - -] Successfully bumped revision number for resource c1679ac8-cfab-4b78-ab77-a1be60f6cba1 (type: subnets) to 0 [pid: 8|app: 0|req: 960/2039] 10.0.0.124 () {34 vars in 669 bytes} [Tue Jun 30 19:15:27 2026] POST /v2.0/subnets => generated 626 bytes in 728 msecs (HTTP/1.1 201) 4 headers in 162 bytes (1 switches on core 0)
2026-06-30 19:15:28.443 7 INFO neutron.db.ovn_revision_numbers_db [None req-3abab245-cee3-4bf2-b60f-5db949cd0ab5 78132cdb8ca54edcba8fa800b3cbb1d5 6867cb1c039c458db8f77d5ae9b8d2b8 - - default default] Successfully bumped revision number for resource 5bd2da2e-e179-4956-adec-c1a2a70f91a4 (type: routers) to 1 [pid: 7|app: 0|req: 1080/2040] 10.0.0.124 () {34 vars in 669 bytes} [Tue Jun 30 19:15:27 2026] POST /v2.0/routers => generated 602 bytes in 584 msecs (HTTP/1.1 201) 4 headers in 162 bytes (1 switches on core 0)
2026-06-30 19:15:28.842 8 WARNING neutron.scheduler.dhcp_agent_scheduler [None req-b653495d-92c7-4695-8254-67bf85c4b43d 78132cdb8ca54edcba8fa800b3cbb1d5 6867cb1c039c458db8f77d5ae9b8d2b8 - - default default] No more DHCP agents
2026-06-30 19:15:28.843 8 WARNING neutron.api.rpc.agentnotifiers.dhcp_rpc_agent_api [None req-b653495d-92c7-4695-8254-67bf85c4b43d 78132cdb8ca54edcba8fa800b3cbb1d5 6867cb1c039c458db8f77d5ae9b8d2b8 - - default default] Unable to schedule network f0944fb1-a83d-4b28-b6e6-91252f53a5c7: no agents available; will retry on subsequent port and subnet creation events.
2026-06-30 19:15:28.992 7 INFO neutron.plugins.ml2.drivers.ovn.mech_driver.mech_driver [None req-a4eda414-f600-4978-8d88-2580fcd22c4b - - - - - -] OVN reports status down for port: 028e06ac-de23-482e-8c2a-347020afb946
2026-06-30 19:15:29.009 8 INFO neutron.db.ovn_revision_numbers_db [None req-b653495d-92c7-4695-8254-67bf85c4b43d 78132cdb8ca54edcba8fa800b3cbb1d5 6867cb1c039c458db8f77d5ae9b8d2b8 - - default default] Successfully bumped revision number for resource 028e06ac-de23-482e-8c2a-347020afb946 (type: ports) to 1
2026-06-30 19:15:29.445 7 INFO neutron.plugins.ml2.drivers.ovn.mech_driver.mech_driver [None req-a4eda414-f600-4978-8d88-2580fcd22c4b - - - - - -] OVN reports status up for port: 028e06ac-de23-482e-8c2a-347020afb946
2026-06-30 19:15:29.464 7 INFO neutron.plugins.ml2.plugin [None req-a4eda414-f600-4978-8d88-2580fcd22c4b - - - - - -] Attempt 1 to provision port 028e06ac-de23-482e-8c2a-347020afb946
2026-06-30 19:15:29.503 8 WARNING neutron.scheduler.dhcp_agent_scheduler [None req-b653495d-92c7-4695-8254-67bf85c4b43d 78132cdb8ca54edcba8fa800b3cbb1d5 6867cb1c039c458db8f77d5ae9b8d2b8 - - default default] No more DHCP agents
2026-06-30 19:15:29.505 8 WARNING neutron.api.rpc.agentnotifiers.dhcp_rpc_agent_api [None req-b653495d-92c7-4695-8254-67bf85c4b43d 78132cdb8ca54edcba8fa800b3cbb1d5 6867cb1c039c458db8f77d5ae9b8d2b8 - - default default] Unable to schedule network f0944fb1-a83d-4b28-b6e6-91252f53a5c7: no agents available; will retry on subsequent port and subnet creation events.
2026-06-30 19:15:29.679 8 INFO neutron.db.ovn_revision_numbers_db [None req-b653495d-92c7-4695-8254-67bf85c4b43d 78132cdb8ca54edcba8fa800b3cbb1d5 6867cb1c039c458db8f77d5ae9b8d2b8 - - default default] Successfully bumped revision number for resource 028e06ac-de23-482e-8c2a-347020afb946 (type: router_ports) to 1 [pid: 8|app: 0|req: 961/2043] 10.0.0.124 () {34 vars in 783 bytes} [Tue Jun 30 19:15:28 2026] PUT /v2.0/routers/5bd2da2e-e179-4956-adec-c1a2a70f91a4/add_router_interface => generated 309 bytes in 1218 msecs (HTTP/1.1 200) 4 headers in 157 bytes (1 switches on core 0) [pid: 7|app: 0|req: 1083/2044] 10.0.0.124 () {32 vars in 717 bytes} [Tue Jun 30 19:15:29 2026] GET /v2.0/ports/028e06ac-de23-482e-8c2a-347020afb946 => generated 943 bytes in 165 msecs (HTTP/1.1 200) 4 headers in 157 bytes (1 switches on core 0)
2026-06-30 19:15:29.941 7 INFO neutron.db.ovn_revision_numbers_db [None req-a4eda414-f600-4978-8d88-2580fcd22c4b - - - - - -] Successfully bumped revision number for resource 028e06ac-de23-482e-8c2a-347020afb946 (type: ports) to 2
2026-06-30 19:15:30.309 8 WARNING neutron.scheduler.dhcp_agent_scheduler [None req-c79b1829-1805-4f1e-adaa-efa3c7e28348 78132cdb8ca54edcba8fa800b3cbb1d5 6867cb1c039c458db8f77d5ae9b8d2b8 - - default default] No more DHCP agents
2026-06-30 19:15:30.311 8 WARNING neutron.api.rpc.agentnotifiers.dhcp_rpc_agent_api [None req-c79b1829-1805-4f1e-adaa-efa3c7e28348 78132cdb8ca54edcba8fa800b3cbb1d5 6867cb1c039c458db8f77d5ae9b8d2b8 - - default default] Unable to schedule network 388d3447-5815-4481-92d9-b8a83f529c9a: no agents available; will retry on subsequent port and subnet creation events.
2026-06-30 19:15:30.473 8 INFO neutron.db.ovn_revision_numbers_db [None req-c79b1829-1805-4f1e-adaa-efa3c7e28348 78132cdb8ca54edcba8fa800b3cbb1d5 6867cb1c039c458db8f77d5ae9b8d2b8 - - default default] Successfully bumped revision number for resource 2e607040-80ec-44b8-bb7a-cbecb1c3b516 (type: ports) to 1
2026-06-30 19:15:31.068 8 WARNING neutron.scheduler.dhcp_agent_scheduler [None req-c79b1829-1805-4f1e-adaa-efa3c7e28348 78132cdb8ca54edcba8fa800b3cbb1d5 6867cb1c039c458db8f77d5ae9b8d2b8 - - default default] No more DHCP agents
2026-06-30 19:15:31.069 8 WARNING neutron.api.rpc.agentnotifiers.dhcp_rpc_agent_api [None req-c79b1829-1805-4f1e-adaa-efa3c7e28348 78132cdb8ca54edcba8fa800b3cbb1d5 6867cb1c039c458db8f77d5ae9b8d2b8 - - default default] Unable to schedule network 388d3447-5815-4481-92d9-b8a83f529c9a: no agents available; will retry on subsequent port and subnet creation events.
