2026-06-30 19:15:07.387 7 INFO neutron_taas.services.taas.tap_mirror_plugin [None req-146b7d8d-a69c-4621-bd82-92e68d17d73d c126efb31cec4a75b356697fccbb2478 fd66101e2cff4251a01447377ad43ce8 - - default default] Tap Mirror: Handle Delete Port: 0ee30e2f-0f34-4086-b17c-da8da15cd5da [pid: 8|app: 0|req: 906/1943] 10.0.0.124 () {32 vars in 684 bytes} [Tue Jun 30 19:15:07 2026] GET /v2.0/qos/policies?tags-any=blue => generated 747 bytes in 47 msecs (HTTP/1.1 200) 4 headers in 157 bytes (1 switches on core 0) [pid: 8|app: 0|req: 907/1944] 10.0.0.124 () {32 vars in 696 bytes} [Tue Jun 30 19:15:07 2026] GET /v2.0/qos/policies?tags-any=red%2Cblue => generated 1101 bytes in 61 msecs (HTTP/1.1 200) 4 headers in 158 bytes (1 switches on core 0) [pid: 8|app: 0|req: 908/1945] 10.0.0.124 () {32 vars in 682 bytes} [Tue Jun 30 19:15:07 2026] GET /v2.0/qos/policies?not-tags=red => generated 719 bytes in 58 msecs (HTTP/1.1 200) 4 headers in 157 bytes (1 switches on core 0) [pid: 7|app: 0|req: 1038/1946] 10.0.0.124 () {32 vars in 726 bytes} [Tue Jun 30 19:15:07 2026] DELETE /v2.0/networks/ec35daf7-5f43-49ba-9013-e510c0ba12fd => generated 0 bytes in 309 msecs (HTTP/1.1 204) 3 headers in 131 bytes (1 switches on core 0) [pid: 8|app: 0|req: 909/1947] 10.0.0.124 () {32 vars in 696 bytes} [Tue Jun 30 19:15:07 2026] GET /v2.0/qos/policies?not-tags=red%2Cblue => generated 1073 bytes in 66 msecs (HTTP/1.1 200) 4 headers in 158 bytes (1 switches on core 0) [pid: 7|app: 0|req: 1039/1948] 10.0.0.124 () {32 vars in 649 bytes} [Tue Jun 30 19:15:07 2026] GET /v2.0/networks => generated 689 bytes in 39 msecs (HTTP/1.1 200) 4 headers in 157 bytes (1 switches on core 0) [pid: 8|app: 0|req: 910/1949] 10.0.0.124 () {32 vars in 692 bytes} [Tue Jun 30 19:15:07 2026] GET /v2.0/qos/policies?not-tags-any=blue => generated 1073 bytes in 72 msecs (HTTP/1.1 200) 4 headers in 158 bytes (1 switches on core 0) [pid: 8|app: 0|req: 911/1950] 10.0.0.124 () {32 vars in 704 bytes} [Tue Jun 30 19:15:07 2026] GET /v2.0/qos/policies?not-tags-any=red%2Cblue => generated 719 bytes in 45 msecs (HTTP/1.1 200) 4 headers in 157 bytes (1 switches on core 0)
2026-06-30 19:15:07.717 7 INFO neutron.db.segments_db [None req-b10c56fe-d889-43d2-99de-0e50ea1ed186 c126efb31cec4a75b356697fccbb2478 fd66101e2cff4251a01447377ad43ce8 - - default default] Added segment 417c24f3-cfff-4aed-b292-d31f04294727 of type geneve for network e7030da8-5a1e-47ff-bbf3-38a6456b9b55 [pid: 8|app: 0|req: 912/1951] 10.0.0.124 () {32 vars in 734 bytes} [Tue Jun 30 19:15:07 2026] DELETE /v2.0/qos/policies/73439a19-86f1-4dab-ba03-766e086f7825 => generated 0 bytes in 55 msecs (HTTP/1.1 204) 2 headers in 112 bytes (1 switches on core 0)
2026-06-30 19:15:07.842 7 INFO neutron.db.ovn_revision_numbers_db [None req-b10c56fe-d889-43d2-99de-0e50ea1ed186 c126efb31cec4a75b356697fccbb2478 fd66101e2cff4251a01447377ad43ce8 - - default default] Successfully bumped revision number for resource e7030da8-5a1e-47ff-bbf3-38a6456b9b55 (type: networks) to 1 [pid: 8|app: 0|req: 913/1952] 10.0.0.124 () {32 vars in 734 bytes} [Tue Jun 30 19:15:07 2026] DELETE /v2.0/qos/policies/2328223b-acd7-488b-ba7d-8dda8e148721 => generated 0 bytes in 74 msecs (HTTP/1.1 204) 2 headers in 112 bytes (1 switches on core 0) [pid: 8|app: 0|req: 914/1953] 10.0.0.124 () {32 vars in 734 bytes} [Tue Jun 30 19:15:07 2026] DELETE /v2.0/qos/policies/9e84a196-f1a5-4cd1-b33b-0516485e1cfd => generated 0 bytes in 73 msecs (HTTP/1.1 204) 2 headers in 112 bytes (1 switches on core 0) [pid: 8|app: 0|req: 915/1954] 10.0.0.124 () {32 vars in 734 bytes} [Tue Jun 30 19:15:07 2026] DELETE /v2.0/qos/policies/30474291-20e5-4b31-a96d-f608ac593e14 => generated 0 bytes in 82 msecs (HTTP/1.1 204) 2 headers in 112 bytes (1 switches on core 0)
2026-06-30 19:15:08.062 7 WARNING neutron.scheduler.dhcp_agent_scheduler [None req-b10c56fe-d889-43d2-99de-0e50ea1ed186 c126efb31cec4a75b356697fccbb2478 fd66101e2cff4251a01447377ad43ce8 - - default default] No more DHCP agents
2026-06-30 19:15:08.064 7 WARNING neutron.api.rpc.agentnotifiers.dhcp_rpc_agent_api [None req-b10c56fe-d889-43d2-99de-0e50ea1ed186 c126efb31cec4a75b356697fccbb2478 fd66101e2cff4251a01447377ad43ce8 - - default default] Unable to schedule network e7030da8-5a1e-47ff-bbf3-38a6456b9b55: no agents available; will retry on subsequent port and subnet creation events. [pid: 8|app: 0|req: 916/1955] 10.0.0.124 () {32 vars in 734 bytes} [Tue Jun 30 19:15:08 2026] DELETE /v2.0/qos/policies/fc047d93-6d03-4f5a-9795-c699fffa9388 => generated 0 bytes in 62 msecs (HTTP/1.1 204) 2 headers in 112 bytes (1 switches on core 0)
2026-06-30 19:15:08.114 8 INFO neutron.plugins.ml2.drivers.ovn.mech_driver.mech_driver [None req-b2f180c0-5ba0-4539-a414-536d6d34eee2 - - - - - -] OVN reports status down for port: 3f4f1316-d249-4dce-8f98-8f255707db6f
2026-06-30 19:15:08.154 7 INFO neutron.db.ovn_revision_numbers_db [None req-b10c56fe-d889-43d2-99de-0e50ea1ed186 c126efb31cec4a75b356697fccbb2478 fd66101e2cff4251a01447377ad43ce8 - - default default] Successfully bumped revision number for resource 3f4f1316-d249-4dce-8f98-8f255707db6f (type: ports) to 1 [pid: 7|app: 0|req: 1040/1956] 10.0.0.124 () {34 vars in 670 bytes} [Tue Jun 30 19:15:07 2026] POST /v2.0/networks => generated 690 bytes in 552 msecs (HTTP/1.1 201) 4 headers in 162 bytes (1 switches on core 0)
2026-06-30 19:15:08.277 8 INFO neutron.db.segments_db [None req-a50c30c1-7d6a-4ba8-abf4-d8fd237990be c126efb31cec4a75b356697fccbb2478 fd66101e2cff4251a01447377ad43ce8 - - default default] Added segment bf071eec-1aa7-45b2-af7d-715743114555 of type geneve for network 4ca4de77-04df-41a7-9374-cae213d8e7da
2026-06-30 19:15:08.388 8 INFO neutron.db.ovn_revision_numbers_db [None req-a50c30c1-7d6a-4ba8-abf4-d8fd237990be c126efb31cec4a75b356697fccbb2478 fd66101e2cff4251a01447377ad43ce8 - - default default] Successfully bumped revision number for resource 4ca4de77-04df-41a7-9374-cae213d8e7da (type: networks) to 1
2026-06-30 19:15:08.532 8 WARNING neutron.scheduler.dhcp_agent_scheduler [None req-a50c30c1-7d6a-4ba8-abf4-d8fd237990be c126efb31cec4a75b356697fccbb2478 fd66101e2cff4251a01447377ad43ce8 - - default default] No more DHCP agents
2026-06-30 19:15:08.533 8 WARNING neutron.api.rpc.agentnotifiers.dhcp_rpc_agent_api [None req-a50c30c1-7d6a-4ba8-abf4-d8fd237990be c126efb31cec4a75b356697fccbb2478 fd66101e2cff4251a01447377ad43ce8 - - default default] Unable to schedule network 4ca4de77-04df-41a7-9374-cae213d8e7da: no agents available; will retry on subsequent port and subnet creation events.
2026-06-30 19:15:08.568 8 INFO neutron.plugins.ml2.drivers.ovn.mech_driver.mech_driver [None req-b2f180c0-5ba0-4539-a414-536d6d34eee2 - - - - - -] OVN reports status down for port: 3bccc4d9-43bd-4eb8-82a1-37010ac8fccf
2026-06-30 19:15:08.638 8 INFO neutron.db.ovn_revision_numbers_db [None req-a50c30c1-7d6a-4ba8-abf4-d8fd237990be c126efb31cec4a75b356697fccbb2478 fd66101e2cff4251a01447377ad43ce8 - - default default] Successfully bumped revision number for resource 3bccc4d9-43bd-4eb8-82a1-37010ac8fccf (type: ports) to 1 [pid: 8|app: 0|req: 917/1957] 10.0.0.124 () {34 vars in 670 bytes} [Tue Jun 30 19:15:08 2026] POST /v2.0/networks => generated 691 bytes in 487 msecs (HTTP/1.1 201) 4 headers in 162 bytes (1 switches on core 0)
2026-06-30 19:15:09.078 7 WARNING neutron.scheduler.dhcp_agent_scheduler [None req-4d4b1c54-3d1b-412e-b832-193d40db557a c126efb31cec4a75b356697fccbb2478 fd66101e2cff4251a01447377ad43ce8 - - default default] No more DHCP agents
2026-06-30 19:15:09.080 7 WARNING neutron.api.rpc.agentnotifiers.dhcp_rpc_agent_api [None req-4d4b1c54-3d1b-412e-b832-193d40db557a c126efb31cec4a75b356697fccbb2478 fd66101e2cff4251a01447377ad43ce8 - - default default] Unable to schedule network e7030da8-5a1e-47ff-bbf3-38a6456b9b55: no agents available; will retry on subsequent port and subnet creation events.
2026-06-30 19:15:09.125 8 INFO neutron.plugins.ml2.drivers.ovn.mech_driver.mech_driver [None req-b2f180c0-5ba0-4539-a414-536d6d34eee2 - - - - - -] OVN reports status down for port: 74e8ff04-8cfb-4b7c-8b27-2a0c0b098cf9
2026-06-30 19:15:09.160 8 INFO neutron.db.ovn_revision_numbers_db [None req-8b2cb501-5f78-41ea-8ab9-ab82c977f9c0 8f8e9d8a3b7c49c5a2f56cf366d12626 9f110aa37d9b4503988244007a4aefd1 - - default default] Successfully bumped revision number for resource 283ee9e1-900b-40d8-80ee-8fbb16380362 (type: security_groups) to 1
2026-06-30 19:15:09.163 7 INFO neutron.db.ovn_revision_numbers_db [None req-4d4b1c54-3d1b-412e-b832-193d40db557a c126efb31cec4a75b356697fccbb2478 fd66101e2cff4251a01447377ad43ce8 - - default default] Successfully bumped revision number for resource 74e8ff04-8cfb-4b7c-8b27-2a0c0b098cf9 (type: ports) to 1
2026-06-30 19:15:09.177 8 INFO neutron.db.ovn_revision_numbers_db [None req-8b2cb501-5f78-41ea-8ab9-ab82c977f9c0 8f8e9d8a3b7c49c5a2f56cf366d12626 9f110aa37d9b4503988244007a4aefd1 - - default default] Successfully bumped revision number for resource 152af957-e2bf-4fe8-9c66-0cc9b7bd6fbc (type: security_group_rules) to 0
2026-06-30 19:15:09.194 8 INFO neutron.db.ovn_revision_numbers_db [None req-8b2cb501-5f78-41ea-8ab9-ab82c977f9c0 8f8e9d8a3b7c49c5a2f56cf366d12626 9f110aa37d9b4503988244007a4aefd1 - - default default] Successfully bumped revision number for resource 3cc17ebb-6544-4bd6-b783-a6190192d365 (type: security_group_rules) to 0
2026-06-30 19:15:09.210 8 INFO neutron.db.ovn_revision_numbers_db [None req-8b2cb501-5f78-41ea-8ab9-ab82c977f9c0 8f8e9d8a3b7c49c5a2f56cf366d12626 9f110aa37d9b4503988244007a4aefd1 - - default default] Successfully bumped revision number for resource 68829ac2-738a-478b-970e-2af9d4d2b662 (type: security_group_rules) to 0
2026-06-30 19:15:09.214 7 WARNING neutron.scheduler.dhcp_agent_scheduler [None req-4d4b1c54-3d1b-412e-b832-193d40db557a c126efb31cec4a75b356697fccbb2478 fd66101e2cff4251a01447377ad43ce8 - - default default] No more DHCP agents
2026-06-30 19:15:09.215 7 WARNING neutron.api.rpc.agentnotifiers.dhcp_rpc_agent_api [None req-4d4b1c54-3d1b-412e-b832-193d40db557a c126efb31cec4a75b356697fccbb2478 fd66101e2cff4251a01447377ad43ce8 - - default default] Unable to schedule network 4ca4de77-04df-41a7-9374-cae213d8e7da: no agents available; will retry on subsequent port and subnet creation events.
2026-06-30 19:15:09.222 8 INFO neutron.db.ovn_revision_numbers_db [None req-8b2cb501-5f78-41ea-8ab9-ab82c977f9c0 8f8e9d8a3b7c49c5a2f56cf366d12626 9f110aa37d9b4503988244007a4aefd1 - - default default] Successfully bumped revision number for resource 6e358ce1-6413-4daa-bafb-0f95d13a714c (type: security_group_rules) to 0
2026-06-30 19:15:09.248 7 INFO neutron.services.segments.plugin [-] Segment a1ae62bd-2534-4ee9-8689-dbc2bdfead79 resource provider aggregate not found
2026-06-30 19:15:09.269 7 INFO neutron.services.segments.plugin [-] Segment a1ae62bd-2534-4ee9-8689-dbc2bdfead79 resource provider aggregate not found
2026-06-30 19:15:09.276 7 INFO neutron.services.segments.plugin [-] Segment a1ae62bd-2534-4ee9-8689-dbc2bdfead79 resource provider not found; error: Placement Client Error (4xx): {"errors": [{"status": 404, "title": "Not Found", "detail": "The resource could not be found.\n\n No resource provider with uuid a1ae62bd-2534-4ee9-8689-dbc2bdfead79 found for delete ", "request_id": "req-2cd0b232-ad5b-44fe-9ea9-5c5a900ecf50"}]}
2026-06-30 19:15:09.281 8 INFO neutron.plugins.ml2.drivers.ovn.mech_driver.mech_driver [None req-b2f180c0-5ba0-4539-a414-536d6d34eee2 - - - - - -] OVN reports status down for port: 50bee847-1576-4f87-afb6-03a1fe4dd5d4 [pid: 8|app: 0|req: 918/1958] 10.0.0.124 () {32 vars in 774 bytes} [Tue Jun 30 19:15:08 2026] GET /v2.0/security-groups?tenant_id=e1dd9e030aed492bbd8644e5a736987e&name=default => generated 2925 bytes in 477 msecs (HTTP/1.1 200) 4 headers in 158 bytes (1 switches on core 0)
2026-06-30 19:15:09.300 7 INFO neutron.services.segments.plugin [-] Segment a1ae62bd-2534-4ee9-8689-dbc2bdfead79 resource provider not found; error: Placement Client Error (4xx): {"errors": [{"status": 404, "title": "Not Found", "detail": "The resource could not be found.\n\n No resource provider with uuid a1ae62bd-2534-4ee9-8689-dbc2bdfead79 found for delete ", "request_id": "req-8ba902aa-1c12-4640-a7ef-ac15f73d0090"}]}
2026-06-30 19:15:09.327 7 INFO neutron.db.ovn_revision_numbers_db [None req-4d4b1c54-3d1b-412e-b832-193d40db557a c126efb31cec4a75b356697fccbb2478 fd66101e2cff4251a01447377ad43ce8 - - default default] Successfully bumped revision number for resource 50bee847-1576-4f87-afb6-03a1fe4dd5d4 (type: ports) to 1 [pid: 7|app: 0|req: 1041/1959] 10.0.0.124 () {34 vars in 665 bytes} [Tue Jun 30 19:15:08 2026] POST /v2.0/ports => generated 1505 bytes in 739 msecs (HTTP/1.1 201) 4 headers in 163 bytes (1 switches on core 0) /var/lib/openstack/lib/python3.12/site-packages/pycadf/identifier.py:70: UserWarning: Invalid uuid: neutron. To ensure interoperability, identifiers should be a valid uuid. warnings.warn(('Invalid uuid: %s. To ensure interoperability, ' [pid: 7|app: 0|req: 1042/1960] 10.0.0.124 () {32 vars in 643 bytes} [Tue Jun 30 19:15:09 2026] GET /v2.0/ports => generated 3017 bytes in 49 msecs (HTTP/1.1 200) 4 headers in 158 bytes (1 switches on core 0) [pid: 8|app: 0|req: 919/1961] 10.0.0.124 () {32 vars in 740 bytes} [Tue Jun 30 19:15:09 2026] DELETE /v2.0/security-groups/283ee9e1-900b-40d8-80ee-8fbb16380362 => generated 0 bytes in 261 msecs (HTTP/1.1 204) 2 headers in 112 bytes (1 switches on core 0)
2026-06-30 19:15:09.628 7 INFO neutron_taas.services.taas.taas_plugin [None req-5a10a141-0b91-4ca7-ae3b-6cfcc6010fff c126efb31cec4a75b356697fccbb2478 fd66101e2cff4251a01447377ad43ce8 - - default default] TaaS: Handle Delete Port: 74e8ff04-8cfb-4b7c-8b27-2a0c0b098cf9
2026-06-30 19:15:09.632 7 INFO neutron_taas.services.taas.tap_mirror_plugin [None req-5a10a141-0b91-4ca7-ae3b-6cfcc6010fff c126efb31cec4a75b356697fccbb2478 fd66101e2cff4251a01447377ad43ce8 - - default default] Tap Mirror: Handle Delete Port: 74e8ff04-8cfb-4b7c-8b27-2a0c0b098cf9 [pid: 7|app: 0|req: 1043/1962] 10.0.0.124 () {32 vars in 720 bytes} [Tue Jun 30 19:15:09 2026] DELETE /v2.0/ports/74e8ff04-8cfb-4b7c-8b27-2a0c0b098cf9 => generated 0 bytes in 285 msecs (HTTP/1.1 204) 3 headers in 131 bytes (1 switches on core 0)
2026-06-30 19:15:09.802 8 INFO neutron.db.ovn_revision_numbers_db [None req-e32ba57b-301f-4e08-a402-351a6e69eb39 8f8e9d8a3b7c49c5a2f56cf366d12626 9f110aa37d9b4503988244007a4aefd1 - - default default] Successfully bumped revision number for resource 4db6192d-46f5-4ddd-8f19-ef49d8f8b9bc (type: security_groups) to 1
2026-06-30 19:15:09.814 8 INFO neutron.db.ovn_revision_numbers_db [None req-e32ba57b-301f-4e08-a402-351a6e69eb39 8f8e9d8a3b7c49c5a2f56cf366d12626 9f110aa37d9b4503988244007a4aefd1 - - default default] Successfully bumped revision number for resource 7aaed325-6bfb-42df-a590-30a270562d49 (type: security_group_rules) to 0
2026-06-30 19:15:09.825 8 INFO neutron.db.ovn_revision_numbers_db [None req-e32ba57b-301f-4e08-a402-351a6e69eb39 8f8e9d8a3b7c49c5a2f56cf366d12626 9f110aa37d9b4503988244007a4aefd1 - - default default] Successfully bumped revision number for resource 86a24357-3e08-4ecf-a811-6646b9c61eb6 (type: security_group_rules) to 0
2026-06-30 19:15:09.836 8 INFO neutron.db.ovn_revision_numbers_db [None req-e32ba57b-301f-4e08-a402-351a6e69eb39 8f8e9d8a3b7c49c5a2f56cf366d12626 9f110aa37d9b4503988244007a4aefd1 - - default default] Successfully bumped revision number for resource c492afb6-742f-4219-898c-0f33325624e7 (type: security_group_rules) to 0
2026-06-30 19:15:09.847 8 INFO neutron.db.ovn_revision_numbers_db [None req-e32ba57b-301f-4e08-a402-351a6e69eb39 8f8e9d8a3b7c49c5a2f56cf366d12626 9f110aa37d9b4503988244007a4aefd1 - - default default] Successfully bumped revision number for resource d31650b9-a696-4ae4-8195-0ab7d410d710 (type: security_group_rules) to 0
2026-06-30 19:15:09.894 7 INFO neutron.db.ovn_revision_numbers_db [None req-154e89c5-895b-46cc-821a-7fb7df373392 8f8e9d8a3b7c49c5a2f56cf366d12626 9f110aa37d9b4503988244007a4aefd1 - - default default] Successfully bumped revision number for resource d32acdb1-cf21-406b-8790-ba54c649f7ec (type: security_groups) to 1
2026-06-30 19:15:09.910 7 INFO neutron.db.ovn_revision_numbers_db [None req-154e89c5-895b-46cc-821a-7fb7df373392 8f8e9d8a3b7c49c5a2f56cf366d12626 9f110aa37d9b4503988244007a4aefd1 - - default default] Successfully bumped revision number for resource 4f30243a-57d3-44f5-b4e7-66be999d10a9 (type: security_group_rules) to 0 [pid: 8|app: 0|req: 920/1963] 10.0.0.124 () {32 vars in 774 bytes} [Tue Jun 30 19:15:09 2026] GET /v2.0/security-groups?tenant_id=9b890f3ef45747fb865a4dd270d2369b&name=default => generated 2925 bytes in 350 msecs (HTTP/1.1 200) 4 headers in 158 bytes (1 switches on core 0)
2026-06-30 19:15:09.930 7 INFO neutron.db.ovn_revision_numbers_db [None req-154e89c5-895b-46cc-821a-7fb7df373392 8f8e9d8a3b7c49c5a2f56cf366d12626 9f110aa37d9b4503988244007a4aefd1 - - default default] Successfully bumped revision number for resource 94653e13-a75f-467e-bbea-31e1c15b16d2 (type: security_group_rules) to 0
2026-06-30 19:15:09.944 7 INFO neutron.db.ovn_revision_numbers_db [None req-154e89c5-895b-46cc-821a-7fb7df373392 8f8e9d8a3b7c49c5a2f56cf366d12626 9f110aa37d9b4503988244007a4aefd1 - - default default] Successfully bumped revision number for resource a53f58b4-0a50-4dc0-a470-10133c7dd366 (type: security_group_rules) to 0
2026-06-30 19:15:09.959 7 INFO neutron.db.ovn_revision_numbers_db [None req-154e89c5-895b-46cc-821a-7fb7df373392 8f8e9d8a3b7c49c5a2f56cf366d12626 9f110aa37d9b4503988244007a4aefd1 - - default default] Successfully bumped revision number for resource a543be1f-9eee-44b7-890c-67dc9917930c (type: security_group_rules) to 0 [pid: 7|app: 0|req: 1044/1964] 10.0.0.124 () {32 vars in 774 bytes} [Tue Jun 30 19:15:09 2026] GET /v2.0/security-groups?tenant_id=7efbf92458234d60a7b0f0baa7326f29&name=default => generated 2925 bytes in 238 msecs (HTTP/1.1 200) 4 headers in 158 bytes (1 switches on core 0)
2026-06-30 19:15:10.069 8 INFO neutron_taas.services.taas.taas_plugin [None req-f004eeae-f03e-426c-8c17-0f232b97eb5e c126efb31cec4a75b356697fccbb2478 fd66101e2cff4251a01447377ad43ce8 - - default default] TaaS: Handle Delete Port: 50bee847-1576-4f87-afb6-03a1fe4dd5d4
2026-06-30 19:15:10.072 8 INFO neutron_taas.services.taas.tap_mirror_plugin [None req-f004eeae-f03e-426c-8c17-0f232b97eb5e c126efb31cec4a75b356697fccbb2478 fd66101e2cff4251a01447377ad43ce8 - - default default] Tap Mirror: Handle Delete Port: 50bee847-1576-4f87-afb6-03a1fe4dd5d4 [pid: 8|app: 0|req: 921/1965] 10.0.0.124 () {32 vars in 720 bytes} [Tue Jun 30 19:15:09 2026] DELETE /v2.0/ports/50bee847-1576-4f87-afb6-03a1fe4dd5d4 => generated 0 bytes in 261 msecs (HTTP/1.1 204) 3 headers in 131 bytes (1 switches on core 0) [pid: 7|app: 0|req: 1045/1966] 10.0.0.124 () {32 vars in 740 bytes} [Tue Jun 30 19:15:10 2026] DELETE /v2.0/security-groups/4db6192d-46f5-4ddd-8f19-ef49d8f8b9bc => generated 0 bytes in 186 msecs (HTTP/1.1 204) 2 headers in 112 bytes (1 switches on core 0) [pid: 7|app: 0|req: 1046/1967] 10.0.0.124 () {32 vars in 643 bytes} [Tue Jun 30 19:15:10 2026] GET /v2.0/ports => generated 1523 bytes in 37 msecs (HTTP/1.1 200) 4 headers in 158 bytes (1 switches on core 0)
2026-06-30 19:15:10.324 7 INFO neutron.db.segments_db [None req-dda0a272-2e59-4e1f-b4e4-ad1acac67235 c126efb31cec4a75b356697fccbb2478 fd66101e2cff4251a01447377ad43ce8 - - default default] Added segment 2b1f8f08-6201-4821-bbbe-efc6581f8b4f of type geneve for network 98ad21c1-27f9-419e-b90a-f899d23c703f [pid: 8|app: 0|req: 922/1968] 10.0.0.124 () {32 vars in 740 bytes} [Tue Jun 30 19:15:10 2026] DELETE /v2.0/security-groups/d32acdb1-cf21-406b-8790-ba54c649f7ec => generated 0 bytes in 193 msecs (HTTP/1.1 204) 2 headers in 112 bytes (1 switches on core 0)
2026-06-30 19:15:10.436 7 INFO neutron.db.ovn_revision_numbers_db [None req-dda0a272-2e59-4e1f-b4e4-ad1acac67235 c126efb31cec4a75b356697fccbb2478 fd66101e2cff4251a01447377ad43ce8 - - default default] Successfully bumped revision number for resource 98ad21c1-27f9-419e-b90a-f899d23c703f (type: networks) to 1
2026-06-30 19:15:10.488 8 INFO neutron.db.ovn_revision_numbers_db [None req-73457977-45a6-45b5-bdc0-358fe98e1ade 8f8e9d8a3b7c49c5a2f56cf366d12626 9f110aa37d9b4503988244007a4aefd1 - - default default] Successfully bumped revision number for resource 51ad333b-ca21-40c0-af90-d0fc431c324c (type: security_groups) to 1
2026-06-30 19:15:10.498 8 INFO neutron.db.ovn_revision_numbers_db [None req-73457977-45a6-45b5-bdc0-358fe98e1ade 8f8e9d8a3b7c49c5a2f56cf366d12626 9f110aa37d9b4503988244007a4aefd1 - - default default] Successfully bumped revision number for resource 186e4685-75fa-4e7a-a32f-de32f8e774ae (type: security_group_rules) to 0
2026-06-30 19:15:10.510 8 INFO neutron.db.ovn_revision_numbers_db [None req-73457977-45a6-45b5-bdc0-358fe98e1ade 8f8e9d8a3b7c49c5a2f56cf366d12626 9f110aa37d9b4503988244007a4aefd1 - - default default] Successfully bumped revision number for resource 379002a3-c0b8-40ed-a748-a27708d3c5ec (type: security_group_rules) to 0
2026-06-30 19:15:10.522 8 INFO neutron.db.ovn_revision_numbers_db [None req-73457977-45a6-45b5-bdc0-358fe98e1ade 8f8e9d8a3b7c49c5a2f56cf366d12626 9f110aa37d9b4503988244007a4aefd1 - - default default] Successfully bumped revision number for resource 45520d3a-c679-4047-aa7a-3b8c602c339f (type: security_group_rules) to 0
2026-06-30 19:15:10.535 8 INFO neutron.db.ovn_revision_numbers_db [None req-73457977-45a6-45b5-bdc0-358fe98e1ade 8f8e9d8a3b7c49c5a2f56cf366d12626 9f110aa37d9b4503988244007a4aefd1 - - default default] Successfully bumped revision number for resource c46ed514-fb7b-4a81-a92d-711ba5f4f474 (type: security_group_rules) to 0 [pid: 8|app: 0|req: 923/1969] 10.0.0.124 () {32 vars in 774 bytes} [Tue Jun 30 19:15:10 2026] GET /v2.0/security-groups?tenant_id=144a2776975847bdb859de51ecb443f7&name=default => generated 2925 bytes in 201 msecs (HTTP/1.1 200) 4 headers in 158 bytes (1 switches on core 0)
2026-06-30 19:15:10.580 7 WARNING neutron.scheduler.dhcp_agent_scheduler [None req-dda0a272-2e59-4e1f-b4e4-ad1acac67235 c126efb31cec4a75b356697fccbb2478 fd66101e2cff4251a01447377ad43ce8 - - default default] No more DHCP agents
2026-06-30 19:15:10.582 7 WARNING neutron.api.rpc.agentnotifiers.dhcp_rpc_agent_api [None req-dda0a272-2e59-4e1f-b4e4-ad1acac67235 c126efb31cec4a75b356697fccbb2478 fd66101e2cff4251a01447377ad43ce8 - - default default] Unable to schedule network 98ad21c1-27f9-419e-b90a-f899d23c703f: no agents available; will retry on subsequent port and subnet creation events.
2026-06-30 19:15:10.629 8 INFO neutron.plugins.ml2.drivers.ovn.mech_driver.mech_driver [None req-b2f180c0-5ba0-4539-a414-536d6d34eee2 - - - - - -] OVN reports status down for port: 84013ca0-decf-440b-8894-2050af9687ac
2026-06-30 19:15:10.649 7 INFO neutron.db.ovn_revision_numbers_db [None req-dda0a272-2e59-4e1f-b4e4-ad1acac67235 c126efb31cec4a75b356697fccbb2478 fd66101e2cff4251a01447377ad43ce8 - - default default] Successfully bumped revision number for resource 84013ca0-decf-440b-8894-2050af9687ac (type: ports) to 1 [pid: 7|app: 0|req: 1047/1970] 10.0.0.124 () {34 vars in 670 bytes} [Tue Jun 30 19:15:10 2026] POST /v2.0/networks => generated 690 bytes in 436 msecs (HTTP/1.1 201) 4 headers in 162 bytes (1 switches on core 0)
2026-06-30 19:15:10.734 8 INFO neutron.db.ovn_revision_numbers_db [None req-0df96e1c-d722-4e6d-9f74-0d1f6adcaa3f 8f8e9d8a3b7c49c5a2f56cf366d12626 9f110aa37d9b4503988244007a4aefd1 - - default default] Successfully bumped revision number for resource 976397ac-ee4c-47b8-8586-63258d817d87 (type: security_groups) to 1
2026-06-30 19:15:10.744 8 INFO neutron.db.ovn_revision_numbers_db [None req-0df96e1c-d722-4e6d-9f74-0d1f6adcaa3f 8f8e9d8a3b7c49c5a2f56cf366d12626 9f110aa37d9b4503988244007a4aefd1 - - default default] Successfully bumped revision number for resource 68f2ff40-d481-4a92-aac1-509a594e0830 (type: security_group_rules) to 0
2026-06-30 19:15:10.759 8 INFO neutron.db.ovn_revision_numbers_db [None req-0df96e1c-d722-4e6d-9f74-0d1f6adcaa3f 8f8e9d8a3b7c49c5a2f56cf366d12626 9f110aa37d9b4503988244007a4aefd1 - - default default] Successfully bumped revision number for resource 6c90ae32-da96-4265-a896-ea1302f39912 (type: security_group_rules) to 0
2026-06-30 19:15:10.773 8 INFO neutron.db.ovn_revision_numbers_db [None req-0df96e1c-d722-4e6d-9f74-0d1f6adcaa3f 8f8e9d8a3b7c49c5a2f56cf366d12626 9f110aa37d9b4503988244007a4aefd1 - - default default] Successfully bumped revision number for resource a277f409-f2d8-4b32-975c-52f78c23f063 (type: security_group_rules) to 0
2026-06-30 19:15:10.786 8 INFO neutron.db.ovn_revision_numbers_db [None req-0df96e1c-d722-4e6d-9f74-0d1f6adcaa3f 8f8e9d8a3b7c49c5a2f56cf366d12626 9f110aa37d9b4503988244007a4aefd1 - - default default] Successfully bumped revision number for resource cdec6c13-4a54-409d-b3f4-a67528344af7 (type: security_group_rules) to 0 [pid: 8|app: 0|req: 924/1971] 10.0.0.124 () {32 vars in 774 bytes} [Tue Jun 30 19:15:10 2026] GET /v2.0/security-groups?tenant_id=0308ef19ed664fe9b2871f3e245e332a&name=default => generated 2925 bytes in 254 msecs (HTTP/1.1 200) 4 headers in 158 bytes (1 switches on core 0) [pid: 7|app: 0|req: 1048/1972] 10.0.0.124 () {32 vars in 740 bytes} [Tue Jun 30 19:15:10 2026] DELETE /v2.0/security-groups/51ad333b-ca21-40c0-af90-d0fc431c324c => generated 0 bytes in 200 msecs (HTTP/1.1 204) 2 headers in 112 bytes (1 switches on core 0)
2026-06-30 19:15:10.935 8 INFO neutron.db.segments_db [None req-884e6ee0-41ee-4b54-92d1-f39805b08b39 c126efb31cec4a75b356697fccbb2478 fd66101e2cff4251a01447377ad43ce8 - - default default] Added segment c788c25f-f3e3-4491-ba83-37aedd7453ec of type geneve for network 964b3a0f-f363-4f06-9084-7558a0c64f5e
2026-06-30 19:15:11.052 8 INFO neutron.db.ovn_revision_numbers_db [None req-884e6ee0-41ee-4b54-92d1-f39805b08b39 c126efb31cec4a75b356697fccbb2478 fd66101e2cff4251a01447377ad43ce8 - - default default] Successfully bumped revision number for resource 964b3a0f-f363-4f06-9084-7558a0c64f5e (type: networks) to 1 [pid: 7|app: 0|req: 1049/1973] 10.0.0.124 () {32 vars in 740 bytes} [Tue Jun 30 19:15:10 2026] DELETE /v2.0/security-groups/976397ac-ee4c-47b8-8586-63258d817d87 => generated 0 bytes in 241 msecs (HTTP/1.1 204) 2 headers in 112 bytes (1 switches on core 0)
2026-06-30 19:15:11.198 8 WARNING neutron.scheduler.dhcp_agent_scheduler [None req-884e6ee0-41ee-4b54-92d1-f39805b08b39 c126efb31cec4a75b356697fccbb2478 fd66101e2cff4251a01447377ad43ce8 - - default default] No more DHCP agents
2026-06-30 19:15:11.199 8 WARNING neutron.api.rpc.agentnotifiers.dhcp_rpc_agent_api [None req-884e6ee0-41ee-4b54-92d1-f39805b08b39 c126efb31cec4a75b356697fccbb2478 fd66101e2cff4251a01447377ad43ce8 - - default default] Unable to schedule network 964b3a0f-f363-4f06-9084-7558a0c64f5e: no agents available; will retry on subsequent port and subnet creation events.
2026-06-30 19:15:11.237 8 INFO neutron.plugins.ml2.drivers.ovn.mech_driver.mech_driver [None req-b2f180c0-5ba0-4539-a414-536d6d34eee2 - - - - - -] OVN reports status down for port: fc2387e1-5af8-4b39-8c86-110cb25fc280
2026-06-30 19:15:11.282 8 INFO neutron.db.ovn_revision_numbers_db [None req-884e6ee0-41ee-4b54-92d1-f39805b08b39 c126efb31cec4a75b356697fccbb2478 fd66101e2cff4251a01447377ad43ce8 - - default default] Successfully bumped revision number for resource fc2387e1-5af8-4b39-8c86-110cb25fc280 (type: ports) to 1 [pid: 8|app: 0|req: 925/1974] 10.0.0.124 () {34 vars in 670 bytes} [Tue Jun 30 19:15:10 2026] POST /v2.0/networks => generated 692 bytes in 486 msecs (HTTP/1.1 201) 4 headers in 162 bytes (1 switches on core 0)
2026-06-30 19:15:12.102 7 WARNING neutron.scheduler.dhcp_agent_scheduler [None req-b55cd480-9467-4d3a-a65a-b8997d2adaba c126efb31cec4a75b356697fccbb2478 fd66101e2cff4251a01447377ad43ce8 - - default default] No more DHCP agents
2026-06-30 19:15:12.103 7 WARNING neutron.api.rpc.agentnotifiers.dhcp_rpc_agent_api [None req-b55cd480-9467-4d3a-a65a-b8997d2adaba c126efb31cec4a75b356697fccbb2478 fd66101e2cff4251a01447377ad43ce8 - - default default] Unable to schedule network 98ad21c1-27f9-419e-b90a-f899d23c703f: no agents available; will retry on subsequent port and subnet creation events.
2026-06-30 19:15:12.128 7 INFO neutron.db.ovn_revision_numbers_db [None req-b55cd480-9467-4d3a-a65a-b8997d2adaba c126efb31cec4a75b356697fccbb2478 fd66101e2cff4251a01447377ad43ce8 - - default default] Successfully bumped revision number for resource 9d358675-6773-41d1-bc73-1838b1adf5a8 (type: subnets) to 0
2026-06-30 19:15:12.151 7 WARNING neutron.scheduler.dhcp_agent_scheduler [None req-b55cd480-9467-4d3a-a65a-b8997d2adaba c126efb31cec4a75b356697fccbb2478 fd66101e2cff4251a01447377ad43ce8 - - default default] No more DHCP agents
2026-06-30 19:15:12.152 7 WARNING neutron.api.rpc.agentnotifiers.dhcp_rpc_agent_api [None req-b55cd480-9467-4d3a-a65a-b8997d2adaba c126efb31cec4a75b356697fccbb2478 fd66101e2cff4251a01447377ad43ce8 - - default default] Unable to schedule network 964b3a0f-f363-4f06-9084-7558a0c64f5e: no agents available; will retry on subsequent port and subnet creation events.
2026-06-30 19:15:12.176 7 INFO neutron.db.ovn_revision_numbers_db [None req-b55cd480-9467-4d3a-a65a-b8997d2adaba c126efb31cec4a75b356697fccbb2478 fd66101e2cff4251a01447377ad43ce8 - - default default] Successfully bumped revision number for resource e67e70c4-2335-4901-a5e3-d21c333de01d (type: subnets) to 0 [pid: 7|app: 0|req: 1050/1975] 10.0.0.124 () {34 vars in 669 bytes} [Tue Jun 30 19:15:11 2026] POST /v2.0/subnets => generated 1322 bytes in 401 msecs (HTTP/1.1 201) 4 headers in 163 bytes (1 switches on core 0) [pid: 8|app: 0|req: 926/1976] 10.0.0.124 () {32 vars in 647 bytes} [Tue Jun 30 19:15:12 2026] GET /v2.0/subnets => generated 1958 bytes in 38 msecs (HTTP/1.1 200) 4 headers in 158 bytes (1 switches on core 0) [pid: 7|app: 0|req: 1051/1977] 10.0.0.124 () {32 vars in 724 bytes} [Tue Jun 30 19:15:12 2026] DELETE /v2.0/subnets/9d358675-6773-41d1-bc73-1838b1adf5a8 => generated 0 bytes in 128 msecs (HTTP/1.1 204) 3 headers in 131 bytes (1 switches on core 0) [pid: 8|app: 0|req: 927/1978] 10.0.0.124 () {32 vars in 724 bytes} [Tue Jun 30 19:15:12 2026] DELETE /v2.0/subnets/e67e70c4-2335-4901-a5e3-d21c333de01d => generated 0 bytes in 99 msecs (HTTP/1.1 204) 3 headers in 131 bytes (1 switches on core 0) [pid: 7|app: 0|req: 1052/1979] 10.0.0.124 () {32 vars in 647 bytes} [Tue Jun 30 19:15:12 2026] GET /v2.0/subnets => generated 649 bytes in 28 msecs (HTTP/1.1 200) 4 headers in 157 bytes (1 switches on core 0)
2026-06-30 19:15:12.608 8 INFO neutron_taas.services.taas.taas_plugin [None req-2f07a80c-0104-4e11-8f69-71f623195479 c126efb31cec4a75b356697fccbb2478 fd66101e2cff4251a01447377ad43ce8 - - default default] TaaS: Handle Delete Port: fc2387e1-5af8-4b39-8c86-110cb25fc280
2026-06-30 19:15:12.612 8 INFO neutron_taas.services.taas.tap_mirror_plugin [None req-2f07a80c-0104-4e11-8f69-71f623195479 c126efb31cec4a75b356697fccbb2478 fd66101e2cff4251a01447377ad43ce8 - - default default] Tap Mirror: Handle Delete Port: fc2387e1-5af8-4b39-8c86-110cb25fc280
2026-06-30 19:15:12.753 8 INFO neutron.services.segments.plugin [-] Segment c788c25f-f3e3-4491-ba83-37aedd7453ec resource provider aggregate not found
2026-06-30 19:15:12.753 8 INFO neutron.services.segments.plugin [-] Segment c788c25f-f3e3-4491-ba83-37aedd7453ec resource provider aggregate not found
2026-06-30 19:15:12.776 8 INFO neutron.services.segments.plugin [-] Segment c788c25f-f3e3-4491-ba83-37aedd7453ec resource provider not found; error: Placement Client Error (4xx): {"errors": [{"status": 404, "title": "Not Found", "detail": "The resource could not be found.\n\n No resource provider with uuid c788c25f-f3e3-4491-ba83-37aedd7453ec found for delete ", "request_id": "req-9e08ecbc-df53-4cd9-8791-7950b4d669a1"}]}
2026-06-30 19:15:12.785 8 INFO neutron.services.segments.plugin [-] Segment c788c25f-f3e3-4491-ba83-37aedd7453ec resource provider not found; error: Placement Client Error (4xx): {"errors": [{"status": 404, "title": "Not Found", "detail": "The resource could not be found.\n\n No resource provider with uuid c788c25f-f3e3-4491-ba83-37aedd7453ec found for delete ", "request_id": "req-f8efd7cf-452d-4a63-8170-9905cd262ab2"}]} [pid: 8|app: 0|req: 928/1980] 10.0.0.124 () {32 vars in 726 bytes} [Tue Jun 30 19:15:12 2026] DELETE /v2.0/networks/964b3a0f-f363-4f06-9084-7558a0c64f5e => generated 0 bytes in 269 msecs (HTTP/1.1 204) 3 headers in 131 bytes (1 switches on core 0)
2026-06-30 19:15:12.888 7 INFO neutron_taas.services.taas.taas_plugin [None req-78a193a5-c3d3-4f38-af76-5be880172777 c126efb31cec4a75b356697fccbb2478 fd66101e2cff4251a01447377ad43ce8 - - default default] TaaS: Handle Delete Port: 84013ca0-decf-440b-8894-2050af9687ac
2026-06-30 19:15:12.890 7 INFO neutron_taas.services.taas.tap_mirror_plugin [None req-78a193a5-c3d3-4f38-af76-5be880172777 c126efb31cec4a75b356697fccbb2478 fd66101e2cff4251a01447377ad43ce8 - - default default] Tap Mirror: Handle Delete Port: 84013ca0-decf-440b-8894-2050af9687ac
2026-06-30 19:15:13.038 7 INFO neutron.services.segments.plugin [-] Segment 2b1f8f08-6201-4821-bbbe-efc6581f8b4f resource provider aggregate not found
2026-06-30 19:15:13.042 7 INFO neutron.services.segments.plugin [-] Segment 2b1f8f08-6201-4821-bbbe-efc6581f8b4f resource provider aggregate not found
2026-06-30 19:15:13.053 7 INFO neutron.services.segments.plugin [-] Segment 2b1f8f08-6201-4821-bbbe-efc6581f8b4f resource provider not found; error: Placement Client Error (4xx): {"errors": [{"status": 404, "title": "Not Found", "detail": "The resource could not be found.\n\n No resource provider with uuid 2b1f8f08-6201-4821-bbbe-efc6581f8b4f found for delete ", "request_id": "req-ac8b1433-2d96-4a30-b1ec-7fb2f2dbe9c9"}]}
2026-06-30 19:15:13.059 7 INFO neutron.services.segments.plugin [-] Segment 2b1f8f08-6201-4821-bbbe-efc6581f8b4f resource provider not found; error: Placement Client Error (4xx): {"errors": [{"status": 404, "title": "Not Found", "detail": "The resource could not be found.\n\n No resource provider with uuid 2b1f8f08-6201-4821-bbbe-efc6581f8b4f found for delete ", "request_id": "req-1ab02e23-9876-4c06-8144-17ff47c20dd8"}]} [pid: 7|app: 0|req: 1053/1981] 10.0.0.124 () {32 vars in 726 bytes} [Tue Jun 30 19:15:12 2026] DELETE /v2.0/networks/98ad21c1-27f9-419e-b90a-f899d23c703f => generated 0 bytes in 292 msecs (HTTP/1.1 204) 3 headers in 131 bytes (1 switches on core 0)
2026-06-30 19:15:13.189 8 INFO neutron_taas.services.taas.taas_plugin [None req-58c88fbc-3d4c-4e28-be13-c8b334ff83bc c126efb31cec4a75b356697fccbb2478 fd66101e2cff4251a01447377ad43ce8 - - default default] TaaS: Handle Delete Port: 3bccc4d9-43bd-4eb8-82a1-37010ac8fccf
2026-06-30 19:15:13.191 8 INFO neutron_taas.services.taas.tap_mirror_plugin [None req-58c88fbc-3d4c-4e28-be13-c8b334ff83bc c126efb31cec4a75b356697fccbb2478 fd66101e2cff4251a01447377ad43ce8 - - default default] Tap Mirror: Handle Delete Port: 3bccc4d9-43bd-4eb8-82a1-37010ac8fccf [pid: 8|app: 0|req: 929/1982] 10.0.0.124 () {32 vars in 726 bytes} [Tue Jun 30 19:15:13 2026] DELETE /v2.0/networks/4ca4de77-04df-41a7-9374-cae213d8e7da => generated 0 bytes in 337 msecs (HTTP/1.1 204) 3 headers in 131 bytes (1 switches on core 0)
2026-06-30 19:15:13.566 7 INFO neutron_taas.services.taas.taas_plugin [None req-579151bd-2fa2-4b0f-812b-1ac784dcfdca c126efb31cec4a75b356697fccbb2478 fd66101e2cff4251a01447377ad43ce8 - - default default] TaaS: Handle Delete Port: 3f4f1316-d249-4dce-8f98-8f255707db6f
2026-06-30 19:15:13.569 7 INFO neutron_taas.services.taas.tap_mirror_plugin [None req-579151bd-2fa2-4b0f-812b-1ac784dcfdca c126efb31cec4a75b356697fccbb2478 fd66101e2cff4251a01447377ad43ce8 - - default default] Tap Mirror: Handle Delete Port: 3f4f1316-d249-4dce-8f98-8f255707db6f [pid: 7|app: 0|req: 1054/1983] 10.0.0.124 () {32 vars in 726 bytes} [Tue Jun 30 19:15:13 2026] DELETE /v2.0/networks/e7030da8-5a1e-47ff-bbf3-38a6456b9b55 => generated 0 bytes in 328 msecs (HTTP/1.1 204) 3 headers in 131 bytes (1 switches on core 0) [pid: 7|app: 0|req: 1056/1986] 10.0.0.124 () {32 vars in 774 bytes} [Tue Jun 30 19:15:14 2026] GET /v2.0/security-groups?tenant_id=fd66101e2cff4251a01447377ad43ce8&name=default => generated 2925 bytes in 114 msecs (HTTP/1.1 200) 4 headers in 158 bytes (1 switches on core 0) [pid: 8|app: 0|req: 931/1987] 10.0.0.124 () {32 vars in 740 bytes} [Tue Jun 30 19:15:14 2026] DELETE /v2.0/security-groups/799f9b8d-170f-4581-b4c2-eeadc04f4fc2 => generated 0 bytes in 242 msecs (HTTP/1.1 204) 2 headers in 112 bytes (1 switches on core 0)
2026-06-30 19:15:14.796 8 INFO neutron.services.segments.plugin [-] Segment bf071eec-1aa7-45b2-af7d-715743114555 resource provider aggregate not found
2026-06-30 19:15:14.803 8 INFO neutron.services.segments.plugin [-] Segment bf071eec-1aa7-45b2-af7d-715743114555 resource provider aggregate not found
2026-06-30 19:15:14.818 8 INFO neutron.services.segments.plugin [-] Segment bf071eec-1aa7-45b2-af7d-715743114555 resource provider not found; error: Placement Client Error (4xx): {"errors": [{"status": 404, "title": "Not Found", "detail": "The resource could not be found.\n\n No resource provider with uuid bf071eec-1aa7-45b2-af7d-715743114555 found for delete ", "request_id": "req-45f5d335-d269-4126-913b-ddd0a8a4a78b"}]}
2026-06-30 19:15:14.819 8 INFO neutron.services.segments.plugin [-] Segment bf071eec-1aa7-45b2-af7d-715743114555 resource provider not found; error: Placement Client Error (4xx): {"errors": [{"status": 404, "title": "Not Found", "detail": "The resource could not be found.\n\n No resource provider with uuid bf071eec-1aa7-45b2-af7d-715743114555 found for delete ", "request_id": "req-614848ff-33bc-46a3-b722-0cb93c70f1a4"}]}
2026-06-30 19:15:15.073 7 INFO neutron.services.segments.plugin [-] Segment 417c24f3-cfff-4aed-b292-d31f04294727 resource provider aggregate not found
2026-06-30 19:15:15.078 7 INFO neutron.services.segments.plugin [-] Segment 417c24f3-cfff-4aed-b292-d31f04294727 resource provider aggregate not found
2026-06-30 19:15:15.087 7 INFO neutron.services.segments.plugin [-] Segment 417c24f3-cfff-4aed-b292-d31f04294727 resource provider not found; error: Placement Client Error (4xx): {"errors": [{"status": 404, "title": "Not Found", "detail": "The resource could not be found.\n\n No resource provider with uuid 417c24f3-cfff-4aed-b292-d31f04294727 found for delete ", "request_id": "req-e4d24ba2-ba34-4bc0-8562-2956e491d194"}]}
2026-06-30 19:15:15.093 7 INFO neutron.services.segments.plugin [-] Segment 417c24f3-cfff-4aed-b292-d31f04294727 resource provider not found; error: Placement Client Error (4xx): {"errors": [{"status": 404, "title": "Not Found", "detail": "The resource could not be found.\n\n No resource provider with uuid 417c24f3-cfff-4aed-b292-d31f04294727 found for delete ", "request_id": "req-3fee844b-bdff-420c-b9dd-7be6683f2350"}]}
2026-06-30 19:15:15.556 7 INFO neutron.db.ovn_revision_numbers_db [None req-967bcabb-c6d2-40a7-912b-348347eba7dd 58f2292c9db64c20930de4b815362fac dc246a94b7fb4e09b649cad515e1e356 - - default default] Successfully bumped revision number for resource cc602fa4-6108-4db4-bdb8-fb7e6df11396 (type: security_groups) to 1
2026-06-30 19:15:15.567 7 INFO neutron.db.ovn_revision_numbers_db [None req-967bcabb-c6d2-40a7-912b-348347eba7dd 58f2292c9db64c20930de4b815362fac dc246a94b7fb4e09b649cad515e1e356 - - default default] Successfully bumped revision number for resource 008386a9-68de-4781-85a4-da34b6f670cb (type: security_group_rules) to 0
2026-06-30 19:15:15.582 7 INFO neutron.db.ovn_revision_numbers_db [None req-967bcabb-c6d2-40a7-912b-348347eba7dd 58f2292c9db64c20930de4b815362fac dc246a94b7fb4e09b649cad515e1e356 - - default default] Successfully bumped revision number for resource 1769ba38-3410-45e4-ac16-1347d1619624 (type: security_group_rules) to 0
2026-06-30 19:15:15.599 7 INFO neutron.db.ovn_revision_numbers_db [None req-967bcabb-c6d2-40a7-912b-348347eba7dd 58f2292c9db64c20930de4b815362fac dc246a94b7fb4e09b649cad515e1e356 - - default default] Successfully bumped revision number for resource ab2b35c0-4c98-418a-bc54-5f20ffed45ea (type: security_group_rules) to 0
2026-06-30 19:15:15.610 7 INFO neutron.db.ovn_revision_numbers_db [None req-967bcabb-c6d2-40a7-912b-348347eba7dd 58f2292c9db64c20930de4b815362fac dc246a94b7fb4e09b649cad515e1e356 - - default default] Successfully bumped revision number for resource d0aa3a6d-644f-4de8-aecf-facf12f9cd24 (type: security_group_rules) to 0
2026-06-30 19:15:15.688 7 INFO neutron.db.segments_db [None req-967bcabb-c6d2-40a7-912b-348347eba7dd 58f2292c9db64c20930de4b815362fac dc246a94b7fb4e09b649cad515e1e356 - - default default] Added segment 8e8ed004-f456-4e87-b283-fcdda35a48b9 of type geneve for network ee6afba8-8b26-4d02-a112-b133ea32b850
2026-06-30 19:15:15.809 7 INFO neutron.db.ovn_revision_numbers_db [None req-967bcabb-c6d2-40a7-912b-348347eba7dd 58f2292c9db64c20930de4b815362fac dc246a94b7fb4e09b649cad515e1e356 - - default default] Successfully bumped revision number for resource ee6afba8-8b26-4d02-a112-b133ea32b850 (type: networks) to 1
2026-06-30 19:15:16.016 7 WARNING neutron.scheduler.dhcp_agent_scheduler [None req-967bcabb-c6d2-40a7-912b-348347eba7dd 58f2292c9db64c20930de4b815362fac dc246a94b7fb4e09b649cad515e1e356 - - default default] No more DHCP agents
2026-06-30 19:15:16.020 7 WARNING neutron.api.rpc.agentnotifiers.dhcp_rpc_agent_api [None req-967bcabb-c6d2-40a7-912b-348347eba7dd 58f2292c9db64c20930de4b815362fac dc246a94b7fb4e09b649cad515e1e356 - - default default] Unable to schedule network ee6afba8-8b26-4d02-a112-b133ea32b850: no agents available; will retry on subsequent port and subnet creation events.
2026-06-30 19:15:16.064 7 INFO neutron.plugins.ml2.drivers.ovn.mech_driver.mech_driver [None req-a4eda414-f600-4978-8d88-2580fcd22c4b - - - - - -] OVN reports status down for port: f387b377-333a-43b2-a260-e0cebe5a8390
2026-06-30 19:15:16.119 7 INFO neutron.db.ovn_revision_numbers_db [None req-967bcabb-c6d2-40a7-912b-348347eba7dd 58f2292c9db64c20930de4b815362fac dc246a94b7fb4e09b649cad515e1e356 - - default default] Successfully bumped revision number for resource f387b377-333a-43b2-a260-e0cebe5a8390 (type: ports) to 1 [pid: 7|app: 0|req: 1057/1988] 10.0.0.124 () {34 vars in 670 bytes} [Tue Jun 30 19:15:15 2026] POST /v2.0/networks => generated 669 bytes in 918 msecs (HTTP/1.1 201) 4 headers in 162 bytes (1 switches on core 0)
2026-06-30 19:15:16.358 8 WARNING neutron.scheduler.dhcp_agent_scheduler [None req-3b40aca1-a8a0-4bda-8e22-86a57f9c1498 58f2292c9db64c20930de4b815362fac dc246a94b7fb4e09b649cad515e1e356 - - default default] No more DHCP agents
2026-06-30 19:15:16.359 8 WARNING neutron.api.rpc.agentnotifiers.dhcp_rpc_agent_api [None req-3b40aca1-a8a0-4bda-8e22-86a57f9c1498 58f2292c9db64c20930de4b815362fac dc246a94b7fb4e09b649cad515e1e356 - - default default] Unable to schedule network ee6afba8-8b26-4d02-a112-b133ea32b850: no agents available; will retry on subsequent port and subnet creation events.
2026-06-30 19:15:16.733 7 INFO neutron.db.ovn_revision_numbers_db [None req-f803c1cc-bc01-4f87-8730-130700c1499b 8f8e9d8a3b7c49c5a2f56cf366d12626 9f110aa37d9b4503988244007a4aefd1 - - default default] Successfully bumped revision number for resource 2ad0db9f-72b9-4f6b-b841-341d3fd5cd8b (type: security_groups) to 1
2026-06-30 19:15:16.748 7 INFO neutron.db.ovn_revision_numbers_db [None req-f803c1cc-bc01-4f87-8730-130700c1499b 8f8e9d8a3b7c49c5a2f56cf366d12626 9f110aa37d9b4503988244007a4aefd1 - - default default] Successfully bumped revision number for resource 15c9297a-33f1-4cee-b84e-1f6948676f2c (type: security_group_rules) to 0
2026-06-30 19:15:16.761 7 INFO neutron.db.ovn_revision_numbers_db [None req-f803c1cc-bc01-4f87-8730-130700c1499b 8f8e9d8a3b7c49c5a2f56cf366d12626 9f110aa37d9b4503988244007a4aefd1 - - default default] Successfully bumped revision number for resource 5cc6ce1b-e9e7-4e08-b1a7-8adf46b7c7dd (type: security_group_rules) to 0
2026-06-30 19:15:16.772 7 INFO neutron.db.ovn_revision_numbers_db [None req-f803c1cc-bc01-4f87-8730-130700c1499b 8f8e9d8a3b7c49c5a2f56cf366d12626 9f110aa37d9b4503988244007a4aefd1 - - default default] Successfully bumped revision number for resource c9e36bc1-95e1-44bc-8057-ce5b58340d37 (type: security_group_rules) to 0
2026-06-30 19:15:16.803 7 INFO neutron.db.ovn_revision_numbers_db [None req-f803c1cc-bc01-4f87-8730-130700c1499b 8f8e9d8a3b7c49c5a2f56cf366d12626 9f110aa37d9b4503988244007a4aefd1 - - default default] Successfully bumped revision number for resource eaa7b47a-caee-457a-a60d-9f48e791dcf2 (type: security_group_rules) to 0
2026-06-30 19:15:16.806 8 INFO neutron.db.ovn_revision_numbers_db [None req-3a3bc098-17db-40a6-af98-1cebec7238be - - - - - -] Successfully bumped revision number for resource f387b377-333a-43b2-a260-e0cebe5a8390 (type: ports) to 2
2026-06-30 19:15:16.840 8 INFO neutron.db.ovn_revision_numbers_db [None req-3a3bc098-17db-40a6-af98-1cebec7238be - - - - - -] Successfully bumped revision number for resource 5e157fdc-cff9-4408-935b-d23092283fd6 (type: subnets) to 0 [pid: 7|app: 0|req: 1058/1989] 10.0.0.124 () {32 vars in 774 bytes} [Tue Jun 30 19:15:16 2026] GET /v2.0/security-groups?tenant_id=e9988384a9df47739041e66d5d7afbdb&name=default => generated 2925 bytes in 399 msecs (HTTP/1.1 200) 4 headers in 158 bytes (1 switches on core 0) [pid: 8|app: 0|req: 932/1990] 10.0.0.124 () {34 vars in 669 bytes} [Tue Jun 30 19:15:16 2026] POST /v2.0/subnets => generated 626 bytes in 698 msecs (HTTP/1.1 201) 4 headers in 162 bytes (1 switches on core 0)
2026-06-30 19:15:16.960 8 INFO neutron.db.segments_db [None req-72031bd0-2e66-4a13-aad0-9a40b03e515f 58f2292c9db64c20930de4b815362fac dc246a94b7fb4e09b649cad515e1e356 - - default default] Added segment b4144d1b-3ade-4310-b36d-cfba198d5095 of type geneve for network 8ae426b1-a165-44f8-9652-4f9e47994578
2026-06-30 19:15:17.058 8 INFO neutron.db.ovn_revision_numbers_db [None req-72031bd0-2e66-4a13-aad0-9a40b03e515f 58f2292c9db64c20930de4b815362fac dc246a94b7fb4e09b649cad515e1e356 - - default default] Successfully bumped revision number for resource 8ae426b1-a165-44f8-9652-4f9e47994578 (type: networks) to 1 [pid: 7|app: 0|req: 1059/1991] 10.0.0.124 () {32 vars in 740 bytes} [Tue Jun 30 19:15:16 2026] DELETE /v2.0/security-groups/2ad0db9f-72b9-4f6b-b841-341d3fd5cd8b => generated 0 bytes in 277 msecs (HTTP/1.1 204) 2 headers in 112 bytes (1 switches on core 0)
2026-06-30 19:15:17.236 8 WARNING neutron.scheduler.dhcp_agent_scheduler [None req-72031bd0-2e66-4a13-aad0-9a40b03e515f 58f2292c9db64c20930de4b815362fac dc246a94b7fb4e09b649cad515e1e356 - - default default] No more DHCP agents
2026-06-30 19:15:17.237 8 WARNING neutron.api.rpc.agentnotifiers.dhcp_rpc_agent_api [None req-72031bd0-2e66-4a13-aad0-9a40b03e515f 58f2292c9db64c20930de4b815362fac dc246a94b7fb4e09b649cad515e1e356 - - default default] Unable to schedule network 8ae426b1-a165-44f8-9652-4f9e47994578: no agents available; will retry on subsequent port and subnet creation events.
2026-06-30 19:15:17.279 8 INFO neutron.plugins.ml2.drivers.ovn.mech_driver.mech_driver [None req-b2f180c0-5ba0-4539-a414-536d6d34eee2 - - - - - -] OVN reports status down for port: 9890d168-102f-4963-b920-6ab34d63a106
2026-06-30 19:15:17.336 8 INFO neutron.db.ovn_revision_numbers_db [None req-72031bd0-2e66-4a13-aad0-9a40b03e515f 58f2292c9db64c20930de4b815362fac dc246a94b7fb4e09b649cad515e1e356 - - default default] Successfully bumped revision number for resource 9890d168-102f-4963-b920-6ab34d63a106 (type: ports) to 1
2026-06-30 19:15:17.355 7 INFO neutron.db.ovn_revision_numbers_db [None req-7d75b6e4-c955-4675-8968-a5919e11bee3 8f8e9d8a3b7c49c5a2f56cf366d12626 9f110aa37d9b4503988244007a4aefd1 - - default default] Successfully bumped revision number for resource 2191d992-762c-4f50-853c-054d6ecfb5de (type: security_groups) to 1
2026-06-30 19:15:17.368 7 INFO neutron.db.ovn_revision_numbers_db [None req-7d75b6e4-c955-4675-8968-a5919e11bee3 8f8e9d8a3b7c49c5a2f56cf366d12626 9f110aa37d9b4503988244007a4aefd1 - - default default] Successfully bumped revision number for resource 10ecd18e-abb9-4feb-bab8-ef9ce689e14e (type: security_group_rules) to 0 [pid: 8|app: 0|req: 933/1992] 10.0.0.124 () {34 vars in 670 bytes} [Tue Jun 30 19:15:16 2026] POST /v2.0/networks => generated 670 bytes in 511 msecs (HTTP/1.1 201) 4 headers in 162 bytes (1 switches on core 0)
2026-06-30 19:15:17.379 7 INFO neutron.db.ovn_revision_numbers_db [None req-7d75b6e4-c955-4675-8968-a5919e11bee3 8f8e9d8a3b7c49c5a2f56cf366d12626 9f110aa37d9b4503988244007a4aefd1 - - default default] Successfully bumped revision number for resource 1e592bae-2047-4a31-bd6c-f68478564546 (type: security_group_rules) to 0
2026-06-30 19:15:17.392 7 INFO neutron.db.ovn_revision_numbers_db [None req-7d75b6e4-c955-4675-8968-a5919e11bee3 8f8e9d8a3b7c49c5a2f56cf366d12626 9f110aa37d9b4503988244007a4aefd1 - - default default] Successfully bumped revision number for resource 6b23590d-3c47-4681-8e06-bbeb60d030c9 (type: security_group_rules) to 0
2026-06-30 19:15:17.404 7 INFO neutron.db.ovn_revision_numbers_db [None req-7d75b6e4-c955-4675-8968-a5919e11bee3 8f8e9d8a3b7c49c5a2f56cf366d12626 9f110aa37d9b4503988244007a4aefd1 - - default default] Successfully bumped revision number for resource ac70be36-0430-4e97-b587-ad5900c3adcc (type: security_group_rules) to 0 [pid: 7|app: 0|req: 1060/1993] 10.0.0.124 () {32 vars in 774 bytes} [Tue Jun 30 19:15:17 2026] GET /v2.0/security-groups?tenant_id=0f142a31d9aa4b8691bd6df71ceb7b74&name=default => generated 2925 bytes in 233 msecs (HTTP/1.1 200) 4 headers in 158 bytes (1 switches on core 0)
2026-06-30 19:15:17.584 8 WARNING neutron.scheduler.dhcp_agent_scheduler [None req-b330c099-ec3d-44ce-a3a6-99640187fc26 58f2292c9db64c20930de4b815362fac dc246a94b7fb4e09b649cad515e1e356 - - default default] No more DHCP agents
