2026-06-30 19:15:31.270 8 INFO neutron.db.ovn_revision_numbers_db [None req-c79b1829-1805-4f1e-adaa-efa3c7e28348 78132cdb8ca54edcba8fa800b3cbb1d5 6867cb1c039c458db8f77d5ae9b8d2b8 - - default default] Successfully bumped revision number for resource 2e607040-80ec-44b8-bb7a-cbecb1c3b516 (type: router_ports) to 1 [pid: 8|app: 0|req: 962/2045] 10.0.0.124 () {34 vars in 783 bytes} [Tue Jun 30 19:15:29 2026] PUT /v2.0/routers/5bd2da2e-e179-4956-adec-c1a2a70f91a4/add_router_interface => generated 309 bytes in 1416 msecs (HTTP/1.1 200) 4 headers in 157 bytes (1 switches on core 0) [pid: 7|app: 0|req: 1084/2046] 10.0.0.124 () {32 vars in 717 bytes} [Tue Jun 30 19:15:31 2026] GET /v2.0/ports/2e607040-80ec-44b8-bb7a-cbecb1c3b516 => generated 941 bytes in 82 msecs (HTTP/1.1 200) 4 headers in 157 bytes (1 switches on core 0) [pid: 8|app: 0|req: 963/2047] 10.0.0.124 () {32 vars in 717 bytes} [Tue Jun 30 19:15:31 2026] GET /v2.0/ports/2e607040-80ec-44b8-bb7a-cbecb1c3b516 => generated 941 bytes in 38 msecs (HTTP/1.1 200) 4 headers in 157 bytes (1 switches on core 0)
2026-06-30 19:15:31.701 7 INFO neutron.db.ovn_revision_numbers_db [None req-a096091a-e10b-407b-9a77-46411cbaa6e5 6246118dda6c414d848aeb2faad9b192 d6bbae230b554162856d86be171ce136 - - default default] Successfully bumped revision number for resource fc9285c1-d0c3-4c35-a545-609db684011c (type: security_groups) to 1
2026-06-30 19:15:31.715 7 INFO neutron.db.ovn_revision_numbers_db [None req-a096091a-e10b-407b-9a77-46411cbaa6e5 6246118dda6c414d848aeb2faad9b192 d6bbae230b554162856d86be171ce136 - - default default] Successfully bumped revision number for resource 0bc68eea-d9e1-4249-8183-c7e43452221b (type: security_group_rules) to 0
2026-06-30 19:15:31.727 7 INFO neutron.db.ovn_revision_numbers_db [None req-a096091a-e10b-407b-9a77-46411cbaa6e5 6246118dda6c414d848aeb2faad9b192 d6bbae230b554162856d86be171ce136 - - default default] Successfully bumped revision number for resource 37257d7c-8a6d-46b5-b674-b9b882811909 (type: security_group_rules) to 0
2026-06-30 19:15:31.741 7 INFO neutron.db.ovn_revision_numbers_db [None req-a096091a-e10b-407b-9a77-46411cbaa6e5 6246118dda6c414d848aeb2faad9b192 d6bbae230b554162856d86be171ce136 - - default default] Successfully bumped revision number for resource 51f5514d-1f2e-482f-9ffa-b8b1f46224ca (type: security_group_rules) to 0
2026-06-30 19:15:31.756 7 INFO neutron.db.ovn_revision_numbers_db [None req-a096091a-e10b-407b-9a77-46411cbaa6e5 6246118dda6c414d848aeb2faad9b192 d6bbae230b554162856d86be171ce136 - - default default] Successfully bumped revision number for resource f87363da-db25-4102-abe0-e2c3501134b4 (type: security_group_rules) to 0
2026-06-30 19:15:31.831 7 INFO neutron.db.segments_db [None req-a096091a-e10b-407b-9a77-46411cbaa6e5 6246118dda6c414d848aeb2faad9b192 d6bbae230b554162856d86be171ce136 - - default default] Added segment a1f9dbe5-0201-4c44-a071-9f5155607a96 of type geneve for network 074119c9-3f80-4790-a3e0-c6c3fa761546
2026-06-30 19:15:31.965 7 INFO neutron.db.ovn_revision_numbers_db [None req-a096091a-e10b-407b-9a77-46411cbaa6e5 6246118dda6c414d848aeb2faad9b192 d6bbae230b554162856d86be171ce136 - - default default] Successfully bumped revision number for resource 074119c9-3f80-4790-a3e0-c6c3fa761546 (type: networks) to 1
2026-06-30 19:15:32.134 7 WARNING neutron.scheduler.dhcp_agent_scheduler [None req-a096091a-e10b-407b-9a77-46411cbaa6e5 6246118dda6c414d848aeb2faad9b192 d6bbae230b554162856d86be171ce136 - - default default] No more DHCP agents
2026-06-30 19:15:32.136 7 WARNING neutron.api.rpc.agentnotifiers.dhcp_rpc_agent_api [None req-a096091a-e10b-407b-9a77-46411cbaa6e5 6246118dda6c414d848aeb2faad9b192 d6bbae230b554162856d86be171ce136 - - default default] Unable to schedule network 074119c9-3f80-4790-a3e0-c6c3fa761546: no agents available; will retry on subsequent port and subnet creation events.
2026-06-30 19:15:32.223 7 INFO neutron.db.ovn_revision_numbers_db [None req-a096091a-e10b-407b-9a77-46411cbaa6e5 6246118dda6c414d848aeb2faad9b192 d6bbae230b554162856d86be171ce136 - - default default] Successfully bumped revision number for resource 70fdd8e1-b8d5-48cc-a48f-d664d76b5a37 (type: ports) to 1 [pid: 7|app: 0|req: 1085/2048] 10.0.0.124 () {34 vars in 670 bytes} [Tue Jun 30 19:15:31 2026] POST /v2.0/networks => generated 669 bytes in 820 msecs (HTTP/1.1 201) 4 headers in 162 bytes (1 switches on core 0) [pid: 7|app: 0|req: 1086/2049] 10.0.0.124 () {32 vars in 717 bytes} [Tue Jun 30 19:15:32 2026] GET /v2.0/ports/2e607040-80ec-44b8-bb7a-cbecb1c3b516 => generated 941 bytes in 35 msecs (HTTP/1.1 200) 4 headers in 157 bytes (1 switches on core 0)
2026-06-30 19:15:32.461 8 WARNING neutron.scheduler.dhcp_agent_scheduler [None req-f2ed8d5c-f449-4666-8b42-cb3145ac5dc9 6246118dda6c414d848aeb2faad9b192 d6bbae230b554162856d86be171ce136 - - default default] No more DHCP agents
2026-06-30 19:15:32.462 8 WARNING neutron.api.rpc.agentnotifiers.dhcp_rpc_agent_api [None req-f2ed8d5c-f449-4666-8b42-cb3145ac5dc9 6246118dda6c414d848aeb2faad9b192 d6bbae230b554162856d86be171ce136 - - default default] Unable to schedule network 074119c9-3f80-4790-a3e0-c6c3fa761546: no agents available; will retry on subsequent port and subnet creation events.
2026-06-30 19:15:32.522 8 INFO neutron.plugins.ml2.drivers.ovn.mech_driver.mech_driver [None req-b2f180c0-5ba0-4539-a414-536d6d34eee2 - - - - - -] OVN reports status down for port: be785784-8cb5-4fc1-b1da-56be4b4ac17a
2026-06-30 19:15:32.584 8 INFO neutron.db.ovn_revision_numbers_db [None req-f2ed8d5c-f449-4666-8b42-cb3145ac5dc9 6246118dda6c414d848aeb2faad9b192 d6bbae230b554162856d86be171ce136 - - default default] Successfully bumped revision number for resource be785784-8cb5-4fc1-b1da-56be4b4ac17a (type: ports) to 1 [pid: 8|app: 0|req: 964/2050] 10.0.0.124 () {34 vars in 664 bytes} [Tue Jun 30 19:15:32 2026] POST /v2.0/ports => generated 743 bytes in 418 msecs (HTTP/1.1 201) 4 headers in 162 bytes (1 switches on core 0)
2026-06-30 19:15:32.670 7 INFO neutron.db.ovn_revision_numbers_db [None req-e13710e1-3fa4-4ee1-a0e6-a1dee850a1a0 8f8e9d8a3b7c49c5a2f56cf366d12626 9f110aa37d9b4503988244007a4aefd1 - - default default] Successfully bumped revision number for resource 9478138b-1153-4432-b315-4ea33e0233a6 (type: security_groups) to 1 /var/lib/openstack/lib/python3.12/site-packages/pycadf/identifier.py:70: UserWarning: Invalid uuid: neutron. To ensure interoperability, identifiers should be a valid uuid. warnings.warn(('Invalid uuid: %s. To ensure interoperability, '
2026-06-30 19:15:32.684 7 INFO neutron.db.ovn_revision_numbers_db [None req-e13710e1-3fa4-4ee1-a0e6-a1dee850a1a0 8f8e9d8a3b7c49c5a2f56cf366d12626 9f110aa37d9b4503988244007a4aefd1 - - default default] Successfully bumped revision number for resource 85c6369b-b6a5-4423-b2bf-9220032940a9 (type: security_group_rules) to 0
2026-06-30 19:15:32.697 7 INFO neutron.db.ovn_revision_numbers_db [None req-e13710e1-3fa4-4ee1-a0e6-a1dee850a1a0 8f8e9d8a3b7c49c5a2f56cf366d12626 9f110aa37d9b4503988244007a4aefd1 - - default default] Successfully bumped revision number for resource b695bc49-4f94-4ec1-a8dd-6e1420983a87 (type: security_group_rules) to 0
2026-06-30 19:15:32.711 7 INFO neutron.db.ovn_revision_numbers_db [None req-e13710e1-3fa4-4ee1-a0e6-a1dee850a1a0 8f8e9d8a3b7c49c5a2f56cf366d12626 9f110aa37d9b4503988244007a4aefd1 - - default default] Successfully bumped revision number for resource d5dffc98-3b51-499d-bf11-58b325cd807d (type: security_group_rules) to 0
2026-06-30 19:15:32.726 7 INFO neutron.db.ovn_revision_numbers_db [None req-e13710e1-3fa4-4ee1-a0e6-a1dee850a1a0 8f8e9d8a3b7c49c5a2f56cf366d12626 9f110aa37d9b4503988244007a4aefd1 - - default default] Successfully bumped revision number for resource dfc79a21-cb19-4543-8aaf-2602aa53278c (type: security_group_rules) to 0 [pid: 7|app: 0|req: 1087/2051] 10.0.0.124 () {32 vars in 774 bytes} [Tue Jun 30 19:15:32 2026] GET /v2.0/security-groups?tenant_id=1e2affd940a84a229175cf83a740d13e&name=default => generated 2925 bytes in 287 msecs (HTTP/1.1 200) 4 headers in 158 bytes (1 switches on core 0) [pid: 8|app: 0|req: 965/2052] 10.0.0.124 () {34 vars in 666 bytes} [Tue Jun 30 19:15:32 2026] POST /v2.0/trunks => generated 409 bytes in 219 msecs (HTTP/1.1 201) 4 headers in 162 bytes (1 switches on core 0)
2026-06-30 19:15:33.000 8 INFO neutron.db.segments_db [None req-d598f245-da5a-4dd1-bb91-8168d2b506df 6246118dda6c414d848aeb2faad9b192 d6bbae230b554162856d86be171ce136 - - default default] Added segment eae4b769-5c36-42b3-bc73-e56455c2e15e of type geneve for network 1a6cd7ef-b801-4cc7-90a5-c9d50a53cfec [pid: 7|app: 0|req: 1088/2053] 10.0.0.124 () {32 vars in 740 bytes} [Tue Jun 30 19:15:32 2026] DELETE /v2.0/security-groups/9478138b-1153-4432-b315-4ea33e0233a6 => generated 0 bytes in 262 msecs (HTTP/1.1 204) 2 headers in 112 bytes (1 switches on core 0)
2026-06-30 19:15:33.113 8 INFO neutron.db.ovn_revision_numbers_db [None req-d598f245-da5a-4dd1-bb91-8168d2b506df 6246118dda6c414d848aeb2faad9b192 d6bbae230b554162856d86be171ce136 - - default default] Successfully bumped revision number for resource 1a6cd7ef-b801-4cc7-90a5-c9d50a53cfec (type: networks) to 1
2026-06-30 19:15:33.267 8 WARNING neutron.scheduler.dhcp_agent_scheduler [None req-d598f245-da5a-4dd1-bb91-8168d2b506df 6246118dda6c414d848aeb2faad9b192 d6bbae230b554162856d86be171ce136 - - default default] No more DHCP agents
2026-06-30 19:15:33.268 8 WARNING neutron.api.rpc.agentnotifiers.dhcp_rpc_agent_api [None req-d598f245-da5a-4dd1-bb91-8168d2b506df 6246118dda6c414d848aeb2faad9b192 d6bbae230b554162856d86be171ce136 - - default default] Unable to schedule network 1a6cd7ef-b801-4cc7-90a5-c9d50a53cfec: no agents available; will retry on subsequent port and subnet creation events.
2026-06-30 19:15:33.318 8 INFO neutron.plugins.ml2.drivers.ovn.mech_driver.mech_driver [None req-b2f180c0-5ba0-4539-a414-536d6d34eee2 - - - - - -] OVN reports status down for port: 844771c6-2eeb-417c-88bd-f6955216e222
2026-06-30 19:15:33.373 8 INFO neutron.db.ovn_revision_numbers_db [None req-d598f245-da5a-4dd1-bb91-8168d2b506df 6246118dda6c414d848aeb2faad9b192 d6bbae230b554162856d86be171ce136 - - default default] Successfully bumped revision number for resource 844771c6-2eeb-417c-88bd-f6955216e222 (type: ports) to 1 [pid: 8|app: 0|req: 966/2054] 10.0.0.124 () {34 vars in 670 bytes} [Tue Jun 30 19:15:32 2026] POST /v2.0/networks => generated 670 bytes in 500 msecs (HTTP/1.1 201) 4 headers in 162 bytes (1 switches on core 0) [pid: 8|app: 0|req: 967/2055] 10.0.0.124 () {32 vars in 717 bytes} [Tue Jun 30 19:15:33 2026] GET /v2.0/ports/2e607040-80ec-44b8-bb7a-cbecb1c3b516 => generated 941 bytes in 84 msecs (HTTP/1.1 200) 4 headers in 157 bytes (1 switches on core 0)
2026-06-30 19:15:33.603 7 WARNING neutron.scheduler.dhcp_agent_scheduler [None req-4bc09c3c-5233-4c69-9cc7-d97f993325f1 6246118dda6c414d848aeb2faad9b192 d6bbae230b554162856d86be171ce136 - - default default] No more DHCP agents
2026-06-30 19:15:33.605 7 WARNING neutron.api.rpc.agentnotifiers.dhcp_rpc_agent_api [None req-4bc09c3c-5233-4c69-9cc7-d97f993325f1 6246118dda6c414d848aeb2faad9b192 d6bbae230b554162856d86be171ce136 - - default default] Unable to schedule network 1a6cd7ef-b801-4cc7-90a5-c9d50a53cfec: no agents available; will retry on subsequent port and subnet creation events.
2026-06-30 19:15:33.675 8 INFO neutron.plugins.ml2.drivers.ovn.mech_driver.mech_driver [None req-b2f180c0-5ba0-4539-a414-536d6d34eee2 - - - - - -] OVN reports status down for port: 333805ed-dd9d-4735-b98d-efdb15a09c17
2026-06-30 19:15:33.686 7 INFO neutron.db.ovn_revision_numbers_db [None req-4bc09c3c-5233-4c69-9cc7-d97f993325f1 6246118dda6c414d848aeb2faad9b192 d6bbae230b554162856d86be171ce136 - - default default] Successfully bumped revision number for resource 333805ed-dd9d-4735-b98d-efdb15a09c17 (type: ports) to 1 [pid: 7|app: 0|req: 1089/2056] 10.0.0.124 () {34 vars in 664 bytes} [Tue Jun 30 19:15:33 2026] POST /v2.0/ports => generated 743 bytes in 351 msecs (HTTP/1.1 201) 4 headers in 162 bytes (1 switches on core 0) [pid: 8|app: 0|req: 968/2057] 10.0.0.124 () {34 vars in 666 bytes} [Tue Jun 30 19:15:33 2026] POST /v2.0/trunks => generated 409 bytes in 179 msecs (HTTP/1.1 201) 4 headers in 162 bytes (1 switches on core 0) /var/lib/openstack/lib/python3.12/site-packages/pycadf/identifier.py:70: UserWarning: Invalid uuid: neutron. To ensure interoperability, identifiers should be a valid uuid. warnings.warn(('Invalid uuid: %s. To ensure interoperability, '
2026-06-30 19:15:34.062 7 INFO neutron.db.segments_db [None req-1b1dc302-b070-4729-9037-4f8af410f560 6246118dda6c414d848aeb2faad9b192 d6bbae230b554162856d86be171ce136 - - default default] Added segment 3a5bd3ee-1912-4622-8290-b4abb7a384e2 of type geneve for network 78f3ae32-93c0-4c60-ab29-d3d8aa0dda68
2026-06-30 19:15:34.168 7 INFO neutron.db.ovn_revision_numbers_db [None req-1b1dc302-b070-4729-9037-4f8af410f560 6246118dda6c414d848aeb2faad9b192 d6bbae230b554162856d86be171ce136 - - default default] Successfully bumped revision number for resource 78f3ae32-93c0-4c60-ab29-d3d8aa0dda68 (type: networks) to 1
2026-06-30 19:15:34.336 7 WARNING neutron.scheduler.dhcp_agent_scheduler [None req-1b1dc302-b070-4729-9037-4f8af410f560 6246118dda6c414d848aeb2faad9b192 d6bbae230b554162856d86be171ce136 - - default default] No more DHCP agents
2026-06-30 19:15:34.337 7 WARNING neutron.api.rpc.agentnotifiers.dhcp_rpc_agent_api [None req-1b1dc302-b070-4729-9037-4f8af410f560 6246118dda6c414d848aeb2faad9b192 d6bbae230b554162856d86be171ce136 - - default default] Unable to schedule network 78f3ae32-93c0-4c60-ab29-d3d8aa0dda68: no agents available; will retry on subsequent port and subnet creation events.
2026-06-30 19:15:34.403 8 INFO neutron.plugins.ml2.drivers.ovn.mech_driver.mech_driver [None req-b2f180c0-5ba0-4539-a414-536d6d34eee2 - - - - - -] OVN reports status down for port: 757acbd6-1646-46d5-9474-b3b8c7b8473c
2026-06-30 19:15:34.412 7 INFO neutron.db.ovn_revision_numbers_db [None req-1b1dc302-b070-4729-9037-4f8af410f560 6246118dda6c414d848aeb2faad9b192 d6bbae230b554162856d86be171ce136 - - default default] Successfully bumped revision number for resource 757acbd6-1646-46d5-9474-b3b8c7b8473c (type: ports) to 1 [pid: 7|app: 0|req: 1090/2058] 10.0.0.124 () {34 vars in 670 bytes} [Tue Jun 30 19:15:33 2026] POST /v2.0/networks => generated 670 bytes in 486 msecs (HTTP/1.1 201) 4 headers in 162 bytes (1 switches on core 0) [pid: 7|app: 0|req: 1091/2059] 10.0.0.124 () {32 vars in 717 bytes} [Tue Jun 30 19:15:34 2026] GET /v2.0/ports/2e607040-80ec-44b8-bb7a-cbecb1c3b516 => generated 941 bytes in 28 msecs (HTTP/1.1 200) 4 headers in 157 bytes (1 switches on core 0)
2026-06-30 19:15:34.666 8 WARNING neutron.scheduler.dhcp_agent_scheduler [None req-cf598202-3833-4501-b011-86cc7244bd2f 6246118dda6c414d848aeb2faad9b192 d6bbae230b554162856d86be171ce136 - - default default] No more DHCP agents
2026-06-30 19:15:34.667 8 WARNING neutron.api.rpc.agentnotifiers.dhcp_rpc_agent_api [None req-cf598202-3833-4501-b011-86cc7244bd2f 6246118dda6c414d848aeb2faad9b192 d6bbae230b554162856d86be171ce136 - - default default] Unable to schedule network 78f3ae32-93c0-4c60-ab29-d3d8aa0dda68: no agents available; will retry on subsequent port and subnet creation events.
2026-06-30 19:15:34.723 8 INFO neutron.plugins.ml2.drivers.ovn.mech_driver.mech_driver [None req-b2f180c0-5ba0-4539-a414-536d6d34eee2 - - - - - -] OVN reports status down for port: 9d3bb3e9-8ceb-4c93-b133-974fa333419f
2026-06-30 19:15:34.786 8 INFO neutron.db.ovn_revision_numbers_db [None req-cf598202-3833-4501-b011-86cc7244bd2f 6246118dda6c414d848aeb2faad9b192 d6bbae230b554162856d86be171ce136 - - default default] Successfully bumped revision number for resource 9d3bb3e9-8ceb-4c93-b133-974fa333419f (type: ports) to 1 [pid: 8|app: 0|req: 969/2060] 10.0.0.124 () {34 vars in 664 bytes} [Tue Jun 30 19:15:34 2026] POST /v2.0/ports => generated 743 bytes in 431 msecs (HTTP/1.1 201) 4 headers in 162 bytes (1 switches on core 0)
2026-06-30 19:15:35.010 7 WARNING neutron.plugins.ml2.drivers.ovn.mech_driver.ovsdb.ovn_client [None req-fe74653d-91ab-4723-9a82-d9a206285a69 - - - - - -] No hosting information found for port 028e06ac-de23-482e-8c2a-347020afb946: RuntimeError: No hosting information found for port 028e06ac-de23-482e-8c2a-347020afb946
2026-06-30 19:15:35.159 7 INFO neutron.db.ovn_revision_numbers_db [None req-fe74653d-91ab-4723-9a82-d9a206285a69 - - - - - -] Successfully bumped revision number for resource 028e06ac-de23-482e-8c2a-347020afb946 (type: router_ports) to 2 [pid: 7|app: 0|req: 1092/2061] 10.0.0.124 () {34 vars in 666 bytes} [Tue Jun 30 19:15:34 2026] POST /v2.0/trunks => generated 409 bytes in 297 msecs (HTTP/1.1 201) 4 headers in 162 bytes (1 switches on core 0) /var/lib/openstack/lib/python3.12/site-packages/pycadf/identifier.py:70: UserWarning: Invalid uuid: neutron. To ensure interoperability, identifiers should be a valid uuid. warnings.warn(('Invalid uuid: %s. To ensure interoperability, '
2026-06-30 19:15:35.207 7 INFO neutron.plugins.ml2.drivers.ovn.mech_driver.mech_driver [None req-fe74653d-91ab-4723-9a82-d9a206285a69 - - - - - -] OVN reports status down for port: 2e607040-80ec-44b8-bb7a-cbecb1c3b516
2026-06-30 19:15:35.260 7 WARNING neutron.plugins.ml2.drivers.ovn.mech_driver.ovsdb.ovn_client [None req-fe74653d-91ab-4723-9a82-d9a206285a69 - - - - - -] Logical_Switch_Port 2e607040-80ec-44b8-bb7a-cbecb1c3b516 host information not removed, the port state is up
2026-06-30 19:15:35.260 7 INFO neutron.plugins.ml2.drivers.ovn.mech_driver.mech_driver [None req-fe74653d-91ab-4723-9a82-d9a206285a69 - - - - - -] OVN reports status up for port: 2e607040-80ec-44b8-bb7a-cbecb1c3b516
2026-06-30 19:15:35.270 7 INFO neutron.plugins.ml2.plugin [None req-fe74653d-91ab-4723-9a82-d9a206285a69 - - - - - -] Attempt 1 to provision port 2e607040-80ec-44b8-bb7a-cbecb1c3b516
2026-06-30 19:15:35.271 8 INFO neutron.db.segments_db [None req-c57126db-f8a2-4761-bd14-03d63a78bf52 6246118dda6c414d848aeb2faad9b192 d6bbae230b554162856d86be171ce136 - - default default] Added segment beefc6c5-f125-428a-a1f5-36a7e954d684 of type geneve for network 7bc85f77-9f15-4923-b0f1-19c9cd03a53c
2026-06-30 19:15:35.385 8 INFO neutron.db.ovn_revision_numbers_db [None req-c57126db-f8a2-4761-bd14-03d63a78bf52 6246118dda6c414d848aeb2faad9b192 d6bbae230b554162856d86be171ce136 - - default default] Successfully bumped revision number for resource 7bc85f77-9f15-4923-b0f1-19c9cd03a53c (type: networks) to 1
2026-06-30 19:15:35.552 8 WARNING neutron.scheduler.dhcp_agent_scheduler [None req-c57126db-f8a2-4761-bd14-03d63a78bf52 6246118dda6c414d848aeb2faad9b192 d6bbae230b554162856d86be171ce136 - - default default] No more DHCP agents
2026-06-30 19:15:35.554 8 WARNING neutron.api.rpc.agentnotifiers.dhcp_rpc_agent_api [None req-c57126db-f8a2-4761-bd14-03d63a78bf52 6246118dda6c414d848aeb2faad9b192 d6bbae230b554162856d86be171ce136 - - default default] Unable to schedule network 7bc85f77-9f15-4923-b0f1-19c9cd03a53c: no agents available; will retry on subsequent port and subnet creation events.
2026-06-30 19:15:35.614 8 INFO neutron.plugins.ml2.drivers.ovn.mech_driver.mech_driver [None req-b2f180c0-5ba0-4539-a414-536d6d34eee2 - - - - - -] OVN reports status down for port: b66700c8-b928-477d-9e21-6cd070bba558 [pid: 7|app: 0|req: 1093/2062] 10.0.0.124 () {32 vars in 717 bytes} [Tue Jun 30 19:15:35 2026] GET /v2.0/ports/2e607040-80ec-44b8-bb7a-cbecb1c3b516 => generated 943 bytes in 77 msecs (HTTP/1.1 200) 4 headers in 157 bytes (1 switches on core 0)
2026-06-30 19:15:35.680 8 INFO neutron.db.ovn_revision_numbers_db [None req-c57126db-f8a2-4761-bd14-03d63a78bf52 6246118dda6c414d848aeb2faad9b192 d6bbae230b554162856d86be171ce136 - - default default] Successfully bumped revision number for resource b66700c8-b928-477d-9e21-6cd070bba558 (type: ports) to 1
2026-06-30 19:15:35.700 7 INFO neutron.db.ovn_revision_numbers_db [None req-fe74653d-91ab-4723-9a82-d9a206285a69 - - - - - -] Successfully bumped revision number for resource 2e607040-80ec-44b8-bb7a-cbecb1c3b516 (type: ports) to 2 [pid: 8|app: 0|req: 970/2063] 10.0.0.124 () {34 vars in 670 bytes} [Tue Jun 30 19:15:35 2026] POST /v2.0/networks => generated 670 bytes in 537 msecs (HTTP/1.1 201) 4 headers in 162 bytes (1 switches on core 0)
2026-06-30 19:15:35.953 8 WARNING neutron.scheduler.dhcp_agent_scheduler [None req-651f2f95-a611-4f26-84b6-225e528dc172 6246118dda6c414d848aeb2faad9b192 d6bbae230b554162856d86be171ce136 - - default default] No more DHCP agents
2026-06-30 19:15:35.954 8 WARNING neutron.api.rpc.agentnotifiers.dhcp_rpc_agent_api [None req-651f2f95-a611-4f26-84b6-225e528dc172 6246118dda6c414d848aeb2faad9b192 d6bbae230b554162856d86be171ce136 - - default default] Unable to schedule network 7bc85f77-9f15-4923-b0f1-19c9cd03a53c: no agents available; will retry on subsequent port and subnet creation events.
2026-06-30 19:15:36.043 7 INFO neutron_taas.services.taas.taas_plugin [None req-c90f48e6-6cef-4e9e-ae31-8ca1f58ca288 78132cdb8ca54edcba8fa800b3cbb1d5 6867cb1c039c458db8f77d5ae9b8d2b8 - - default default] TaaS: Handle Delete Port: 2e607040-80ec-44b8-bb7a-cbecb1c3b516
2026-06-30 19:15:36.044 8 INFO neutron.db.ovn_revision_numbers_db [None req-651f2f95-a611-4f26-84b6-225e528dc172 6246118dda6c414d848aeb2faad9b192 d6bbae230b554162856d86be171ce136 - - default default] Successfully bumped revision number for resource eb61f518-9601-4359-8f8a-8bd0411f84eb (type: ports) to 1
2026-06-30 19:15:36.046 7 INFO neutron_taas.services.taas.tap_mirror_plugin [None req-c90f48e6-6cef-4e9e-ae31-8ca1f58ca288 78132cdb8ca54edcba8fa800b3cbb1d5 6867cb1c039c458db8f77d5ae9b8d2b8 - - default default] Tap Mirror: Handle Delete Port: 2e607040-80ec-44b8-bb7a-cbecb1c3b516 [pid: 8|app: 0|req: 971/2064] 10.0.0.124 () {34 vars in 664 bytes} [Tue Jun 30 19:15:35 2026] POST /v2.0/ports => generated 743 bytes in 361 msecs (HTTP/1.1 201) 4 headers in 162 bytes (1 switches on core 0) /var/lib/openstack/lib/python3.12/site-packages/pycadf/identifier.py:70: UserWarning: Invalid uuid: neutron. To ensure interoperability, identifiers should be a valid uuid. warnings.warn(('Invalid uuid: %s. To ensure interoperability, ' [pid: 8|app: 0|req: 972/2065] 10.0.0.124 () {34 vars in 666 bytes} [Tue Jun 30 19:15:36 2026] POST /v2.0/trunks => generated 409 bytes in 192 msecs (HTTP/1.1 201) 4 headers in 162 bytes (1 switches on core 0)
2026-06-30 19:15:36.386 8 INFO neutron.db.segments_db [None req-ca7a237d-c4d8-43f7-9d19-61d1c75e6003 6246118dda6c414d848aeb2faad9b192 d6bbae230b554162856d86be171ce136 - - default default] Added segment a5a4b9a8-0b03-457b-a855-6ed48ab0f2d5 of type geneve for network 173188d3-f8c7-4d6f-9aab-f04c4d3e973c [pid: 7|app: 0|req: 1094/2066] 10.0.0.124 () {34 vars in 789 bytes} [Tue Jun 30 19:15:35 2026] PUT /v2.0/routers/5bd2da2e-e179-4956-adec-c1a2a70f91a4/remove_router_interface => generated 309 bytes in 814 msecs (HTTP/1.1 200) 4 headers in 157 bytes (1 switches on core 0) /var/lib/openstack/lib/python3.12/site-packages/pycadf/identifier.py:70: UserWarning: Invalid uuid: neutron. To ensure interoperability, identifiers should be a valid uuid. warnings.warn(('Invalid uuid: %s. To ensure interoperability, '
2026-06-30 19:15:36.483 8 INFO neutron.db.ovn_revision_numbers_db [None req-ca7a237d-c4d8-43f7-9d19-61d1c75e6003 6246118dda6c414d848aeb2faad9b192 d6bbae230b554162856d86be171ce136 - - default default] Successfully bumped revision number for resource 173188d3-f8c7-4d6f-9aab-f04c4d3e973c (type: networks) to 1 [pid: 7|app: 0|req: 1095/2067] 10.0.0.124 () {32 vars in 717 bytes} [Tue Jun 30 19:15:36 2026] GET /v2.0/ports/028e06ac-de23-482e-8c2a-347020afb946 => generated 943 bytes in 71 msecs (HTTP/1.1 200) 4 headers in 157 bytes (1 switches on core 0)
2026-06-30 19:15:36.604 8 WARNING neutron.scheduler.dhcp_agent_scheduler [None req-ca7a237d-c4d8-43f7-9d19-61d1c75e6003 6246118dda6c414d848aeb2faad9b192 d6bbae230b554162856d86be171ce136 - - default default] No more DHCP agents
2026-06-30 19:15:36.606 8 WARNING neutron.api.rpc.agentnotifiers.dhcp_rpc_agent_api [None req-ca7a237d-c4d8-43f7-9d19-61d1c75e6003 6246118dda6c414d848aeb2faad9b192 d6bbae230b554162856d86be171ce136 - - default default] Unable to schedule network 173188d3-f8c7-4d6f-9aab-f04c4d3e973c: no agents available; will retry on subsequent port and subnet creation events.
2026-06-30 19:15:36.655 8 INFO neutron.plugins.ml2.drivers.ovn.mech_driver.mech_driver [None req-b2f180c0-5ba0-4539-a414-536d6d34eee2 - - - - - -] OVN reports status down for port: 3df553ca-d07d-4edc-8531-46af0f644a27
2026-06-30 19:15:36.715 8 INFO neutron.db.ovn_revision_numbers_db [None req-ca7a237d-c4d8-43f7-9d19-61d1c75e6003 6246118dda6c414d848aeb2faad9b192 d6bbae230b554162856d86be171ce136 - - default default] Successfully bumped revision number for resource 3df553ca-d07d-4edc-8531-46af0f644a27 (type: ports) to 1 [pid: 8|app: 0|req: 973/2068] 10.0.0.124 () {34 vars in 670 bytes} [Tue Jun 30 19:15:36 2026] POST /v2.0/networks => generated 669 bytes in 468 msecs (HTTP/1.1 201) 4 headers in 162 bytes (1 switches on core 0)
2026-06-30 19:15:36.812 7 INFO neutron_taas.services.taas.taas_plugin [None req-6d0129ea-101c-4bd3-8bcd-2dac5012cd21 78132cdb8ca54edcba8fa800b3cbb1d5 6867cb1c039c458db8f77d5ae9b8d2b8 - - default default] TaaS: Handle Delete Port: 028e06ac-de23-482e-8c2a-347020afb946
2026-06-30 19:15:36.817 7 INFO neutron_taas.services.taas.tap_mirror_plugin [None req-6d0129ea-101c-4bd3-8bcd-2dac5012cd21 78132cdb8ca54edcba8fa800b3cbb1d5 6867cb1c039c458db8f77d5ae9b8d2b8 - - default default] Tap Mirror: Handle Delete Port: 028e06ac-de23-482e-8c2a-347020afb946
2026-06-30 19:15:37.008 8 WARNING neutron.scheduler.dhcp_agent_scheduler [None req-3ea4237a-e78c-4e2c-bef5-ec1973721f95 6246118dda6c414d848aeb2faad9b192 d6bbae230b554162856d86be171ce136 - - default default] No more DHCP agents
2026-06-30 19:15:37.010 8 WARNING neutron.api.rpc.agentnotifiers.dhcp_rpc_agent_api [None req-3ea4237a-e78c-4e2c-bef5-ec1973721f95 6246118dda6c414d848aeb2faad9b192 d6bbae230b554162856d86be171ce136 - - default default] Unable to schedule network 173188d3-f8c7-4d6f-9aab-f04c4d3e973c: no agents available; will retry on subsequent port and subnet creation events.
2026-06-30 19:15:37.068 8 INFO neutron.plugins.ml2.drivers.ovn.mech_driver.mech_driver [None req-b2f180c0-5ba0-4539-a414-536d6d34eee2 - - - - - -] OVN reports status down for port: 26d061fb-c048-4ef0-90fa-5bffe8bcafa6
2026-06-30 19:15:37.134 8 INFO neutron.db.ovn_revision_numbers_db [None req-3ea4237a-e78c-4e2c-bef5-ec1973721f95 6246118dda6c414d848aeb2faad9b192 d6bbae230b554162856d86be171ce136 - - default default] Successfully bumped revision number for resource 26d061fb-c048-4ef0-90fa-5bffe8bcafa6 (type: ports) to 1 [pid: 7|app: 0|req: 1096/2069] 10.0.0.124 () {34 vars in 789 bytes} [Tue Jun 30 19:15:36 2026] PUT /v2.0/routers/5bd2da2e-e179-4956-adec-c1a2a70f91a4/remove_router_interface => generated 309 bytes in 627 msecs (HTTP/1.1 200) 4 headers in 157 bytes (1 switches on core 0) [pid: 8|app: 0|req: 974/2070] 10.0.0.124 () {34 vars in 664 bytes} [Tue Jun 30 19:15:36 2026] POST /v2.0/ports => generated 743 bytes in 457 msecs (HTTP/1.1 201) 4 headers in 162 bytes (1 switches on core 0) /var/lib/openstack/lib/python3.12/site-packages/pycadf/identifier.py:70: UserWarning: Invalid uuid: neutron. To ensure interoperability, identifiers should be a valid uuid. warnings.warn(('Invalid uuid: %s. To ensure interoperability, ' [pid: 8|app: 0|req: 975/2071] 10.0.0.124 () {32 vars in 736 bytes} [Tue Jun 30 19:15:37 2026] GET /v2.0/ports?device_id=5bd2da2e-e179-4956-adec-c1a2a70f91a4 => generated 12 bytes in 19 msecs (HTTP/1.1 200) 4 headers in 156 bytes (1 switches on core 0) /var/lib/openstack/lib/python3.12/site-packages/pycadf/identifier.py:70: UserWarning: Invalid uuid: neutron. To ensure interoperability, identifiers should be a valid uuid. warnings.warn(('Invalid uuid: %s. To ensure interoperability, ' [pid: 8|app: 0|req: 976/2072] 10.0.0.124 () {34 vars in 666 bytes} [Tue Jun 30 19:15:37 2026] POST /v2.0/trunks => generated 409 bytes in 166 msecs (HTTP/1.1 201) 4 headers in 162 bytes (1 switches on core 0)
2026-06-30 19:15:37.474 7 INFO neutron.db.ovn_revision_numbers_db [None req-b4273ff7-4705-4a09-92f8-7b8f84b53b08 221406fafaab4225bb849fa34265c90e 0a81c092695346c181c074ed18bd90f6 - - default default] Successfully bumped revision number for resource 90e1cd3d-ee9a-4ae8-97c0-6d99d31d8fa1 (type: security_groups) to 1
2026-06-30 19:15:37.487 7 INFO neutron.db.ovn_revision_numbers_db [None req-b4273ff7-4705-4a09-92f8-7b8f84b53b08 221406fafaab4225bb849fa34265c90e 0a81c092695346c181c074ed18bd90f6 - - default default] Successfully bumped revision number for resource 1628c8d9-9215-4d18-9048-3b0609ef47ce (type: security_group_rules) to 0
2026-06-30 19:15:37.502 7 INFO neutron.db.ovn_revision_numbers_db [None req-b4273ff7-4705-4a09-92f8-7b8f84b53b08 221406fafaab4225bb849fa34265c90e 0a81c092695346c181c074ed18bd90f6 - - default default] Successfully bumped revision number for resource 8f0709f1-bb7c-4608-b456-fe627787141e (type: security_group_rules) to 0
2026-06-30 19:15:37.519 7 INFO neutron.db.ovn_revision_numbers_db [None req-b4273ff7-4705-4a09-92f8-7b8f84b53b08 221406fafaab4225bb849fa34265c90e 0a81c092695346c181c074ed18bd90f6 - - default default] Successfully bumped revision number for resource b639e856-88fe-498f-af17-d3b9f126e8e0 (type: security_group_rules) to 0
2026-06-30 19:15:37.534 7 INFO neutron.db.ovn_revision_numbers_db [None req-b4273ff7-4705-4a09-92f8-7b8f84b53b08 221406fafaab4225bb849fa34265c90e 0a81c092695346c181c074ed18bd90f6 - - default default] Successfully bumped revision number for resource fd5aac3b-9502-4837-be36-7209e04b9968 (type: security_group_rules) to 0 [pid: 8|app: 0|req: 977/2073] 10.0.0.124 () {32 vars in 724 bytes} [Tue Jun 30 19:15:37 2026] DELETE /v2.0/routers/5bd2da2e-e179-4956-adec-c1a2a70f91a4 => generated 0 bytes in 193 msecs (HTTP/1.1 204) 2 headers in 112 bytes (1 switches on core 0)
2026-06-30 19:15:37.608 7 INFO neutron.db.segments_db [None req-b4273ff7-4705-4a09-92f8-7b8f84b53b08 221406fafaab4225bb849fa34265c90e 0a81c092695346c181c074ed18bd90f6 - - default default] Added segment 2a830921-a633-43a8-85c8-e10debb524f8 of type geneve for network 6c0a016a-0af0-4ef7-ac9b-f7358c67bc8c [pid: 8|app: 0|req: 978/2074] 10.0.0.124 () {34 vars in 749 bytes} [Tue Jun 30 19:15:37 2026] PUT /v2.0/trunks/9f707649-7659-4e92-a5fe-2667ce5c1387/tags => generated 17 bytes in 27 msecs (HTTP/1.1 200) 4 headers in 156 bytes (1 switches on core 0)
2026-06-30 19:15:37.720 7 INFO neutron.db.ovn_revision_numbers_db [None req-b4273ff7-4705-4a09-92f8-7b8f84b53b08 221406fafaab4225bb849fa34265c90e 0a81c092695346c181c074ed18bd90f6 - - default default] Successfully bumped revision number for resource 6c0a016a-0af0-4ef7-ac9b-f7358c67bc8c (type: networks) to 1 [pid: 8|app: 0|req: 979/2075] 10.0.0.124 () {32 vars in 724 bytes} [Tue Jun 30 19:15:37 2026] DELETE /v2.0/subnets/c1679ac8-cfab-4b78-ab77-a1be60f6cba1 => generated 0 bytes in 171 msecs (HTTP/1.1 204) 3 headers in 131 bytes (1 switches on core 0) [pid: 8|app: 0|req: 980/2076] 10.0.0.124 () {34 vars in 749 bytes} [Tue Jun 30 19:15:37 2026] PUT /v2.0/trunks/acce3106-7b85-44d2-9a36-5c538353fe73/tags => generated 25 bytes in 40 msecs (HTTP/1.1 200) 4 headers in 156 bytes (1 switches on core 0)
2026-06-30 19:15:37.900 7 WARNING neutron.scheduler.dhcp_agent_scheduler [None req-b4273ff7-4705-4a09-92f8-7b8f84b53b08 221406fafaab4225bb849fa34265c90e 0a81c092695346c181c074ed18bd90f6 - - default default] No more DHCP agents
2026-06-30 19:15:37.901 7 WARNING neutron.api.rpc.agentnotifiers.dhcp_rpc_agent_api [None req-b4273ff7-4705-4a09-92f8-7b8f84b53b08 221406fafaab4225bb849fa34265c90e 0a81c092695346c181c074ed18bd90f6 - - default default] Unable to schedule network 6c0a016a-0af0-4ef7-ac9b-f7358c67bc8c: no agents available; will retry on subsequent port and subnet creation events.
2026-06-30 19:15:38.020 7 INFO neutron.db.ovn_revision_numbers_db [None req-b4273ff7-4705-4a09-92f8-7b8f84b53b08 221406fafaab4225bb849fa34265c90e 0a81c092695346c181c074ed18bd90f6 - - default default] Successfully bumped revision number for resource b62fef61-2bd0-4590-9178-772bb3167af8 (type: ports) to 1 [pid: 8|app: 0|req: 981/2077] 10.0.0.124 () {32 vars in 724 bytes} [Tue Jun 30 19:15:37 2026] DELETE /v2.0/subnets/19fd94d7-242a-4fa8-b323-2a2c6f40c14e => generated 0 bytes in 194 msecs (HTTP/1.1 204) 3 headers in 131 bytes (1 switches on core 0) [pid: 7|app: 0|req: 1097/2078] 10.0.0.124 () {34 vars in 670 bytes} [Tue Jun 30 19:15:37 2026] POST /v2.0/networks => generated 767 bytes in 865 msecs (HTTP/1.1 201) 4 headers in 162 bytes (1 switches on core 0) [pid: 8|app: 0|req: 982/2079] 10.0.0.124 () {34 vars in 749 bytes} [Tue Jun 30 19:15:38 2026] PUT /v2.0/trunks/5ac0edca-5768-4745-a8bb-0fbae943af4a/tags => generated 34 bytes in 47 msecs (HTTP/1.1 200) 4 headers in 156 bytes (1 switches on core 0)
2026-06-30 19:15:38.169 7 INFO neutron_taas.services.taas.taas_plugin [None req-d7e16f8b-7df9-4347-8003-aba7f4766001 78132cdb8ca54edcba8fa800b3cbb1d5 6867cb1c039c458db8f77d5ae9b8d2b8 - - default default] TaaS: Handle Delete Port: b0458312-30fd-4614-a276-c3484a107e7d
2026-06-30 19:15:38.173 7 INFO neutron_taas.services.taas.tap_mirror_plugin [None req-d7e16f8b-7df9-4347-8003-aba7f4766001 78132cdb8ca54edcba8fa800b3cbb1d5 6867cb1c039c458db8f77d5ae9b8d2b8 - - default default] Tap Mirror: Handle Delete Port: b0458312-30fd-4614-a276-c3484a107e7d
2026-06-30 19:15:38.183 8 WARNING neutron.scheduler.dhcp_agent_scheduler [None req-e7fecf79-963b-4e54-b6cf-a54647a370a9 221406fafaab4225bb849fa34265c90e 0a81c092695346c181c074ed18bd90f6 - - default default] No more DHCP agents
2026-06-30 19:15:38.184 8 WARNING neutron.api.rpc.agentnotifiers.dhcp_rpc_agent_api [None req-e7fecf79-963b-4e54-b6cf-a54647a370a9 221406fafaab4225bb849fa34265c90e 0a81c092695346c181c074ed18bd90f6 - - default default] Unable to schedule network 6c0a016a-0af0-4ef7-ac9b-f7358c67bc8c: no agents available; will retry on subsequent port and subnet creation events.
2026-06-30 19:15:38.346 7 INFO neutron.services.segments.plugin [-] Segment 267e7d54-7660-4261-9fde-27c3301bce9e resource provider aggregate not found
2026-06-30 19:15:38.350 7 INFO neutron.services.segments.plugin [-] Segment 267e7d54-7660-4261-9fde-27c3301bce9e resource provider aggregate not found
2026-06-30 19:15:38.368 7 INFO neutron.services.segments.plugin [-] Segment 267e7d54-7660-4261-9fde-27c3301bce9e resource provider not found; error: Placement Client Error (4xx): {"errors": [{"status": 404, "title": "Not Found", "detail": "The resource could not be found.\n\n No resource provider with uuid 267e7d54-7660-4261-9fde-27c3301bce9e found for delete ", "request_id": "req-40ed43ec-5dbc-442e-8f34-8c307d239d1d"}]}
2026-06-30 19:15:38.369 7 INFO neutron.services.segments.plugin [-] Segment 267e7d54-7660-4261-9fde-27c3301bce9e resource provider not found; error: Placement Client Error (4xx): {"errors": [{"status": 404, "title": "Not Found", "detail": "The resource could not be found.\n\n No resource provider with uuid 267e7d54-7660-4261-9fde-27c3301bce9e found for delete ", "request_id": "req-17da434d-5873-4cba-9502-11e2ac6c7335"}]} [pid: 7|app: 0|req: 1098/2080] 10.0.0.124 () {32 vars in 726 bytes} [Tue Jun 30 19:15:38 2026] DELETE /v2.0/networks/388d3447-5815-4481-92d9-b8a83f529c9a => generated 0 bytes in 354 msecs (HTTP/1.1 204) 3 headers in 131 bytes (1 switches on core 0) [pid: 7|app: 0|req: 1099/2081] 10.0.0.124 () {34 vars in 749 bytes} [Tue Jun 30 19:15:38 2026] PUT /v2.0/trunks/788954f8-4c0d-4174-80eb-71e540df8e53/tags => generated 19 bytes in 36 msecs (HTTP/1.1 200) 4 headers in 156 bytes (1 switches on core 0)
2026-06-30 19:15:38.591 8 INFO neutron.db.ovn_revision_numbers_db [None req-6b2256bb-f626-4693-90b8-66a60fec1d03 - - - - - -] Successfully bumped revision number for resource b62fef61-2bd0-4590-9178-772bb3167af8 (type: ports) to 2
2026-06-30 19:15:38.594 7 INFO neutron_taas.services.taas.taas_plugin [None req-81937bc6-2311-4081-a2f0-159e911bcc73 78132cdb8ca54edcba8fa800b3cbb1d5 6867cb1c039c458db8f77d5ae9b8d2b8 - - default default] TaaS: Handle Delete Port: 07c324cd-01bc-4410-8dd3-7379b71414a6
2026-06-30 19:15:38.596 7 INFO neutron_taas.services.taas.tap_mirror_plugin [None req-81937bc6-2311-4081-a2f0-159e911bcc73 78132cdb8ca54edcba8fa800b3cbb1d5 6867cb1c039c458db8f77d5ae9b8d2b8 - - default default] Tap Mirror: Handle Delete Port: 07c324cd-01bc-4410-8dd3-7379b71414a6
2026-06-30 19:15:38.616 8 INFO neutron.db.ovn_revision_numbers_db [None req-6b2256bb-f626-4693-90b8-66a60fec1d03 - - - - - -] Successfully bumped revision number for resource d54fd8ea-d9b6-46fa-8561-78a9e76471fb (type: subnets) to 0 [pid: 8|app: 0|req: 983/2082] 10.0.0.124 () {34 vars in 669 bytes} [Tue Jun 30 19:15:38 2026] POST /v2.0/subnets => generated 644 bytes in 549 msecs (HTTP/1.1 201) 4 headers in 162 bytes (1 switches on core 0) [pid: 8|app: 0|req: 984/2083] 10.0.0.124 () {32 vars in 662 bytes} [Tue Jun 30 19:15:38 2026] GET /v2.0/trunks?tags=red => generated 1252 bytes in 16 msecs (HTTP/1.1 200) 4 headers in 158 bytes (1 switches on core 0)
2026-06-30 19:15:38.651 8 WARNING neutron.api.v2.base [None req-d9a1d6bf-565b-4217-a7eb-53cfeed99b05 221406fafaab4225bb849fa34265c90e 0a81c092695346c181c074ed18bd90f6 - - default default] An exception happened while processing the request body. The exception message is [Invalid input for target_tenant. Reason: 'None' is not a valid string.].: webob.exc.HTTPBadRequest: Invalid input for target_tenant. Reason: 'None' is not a valid string.
2026-06-30 19:15:38.651 8 INFO neutron.api.v2.resource [None req-d9a1d6bf-565b-4217-a7eb-53cfeed99b05 221406fafaab4225bb849fa34265c90e 0a81c092695346c181c074ed18bd90f6 - - default default] create failed (client error): Invalid input for target_tenant. Reason: 'None' is not a valid string. [pid: 8|app: 0|req: 985/2084] 10.0.0.124 () {34 vars in 681 bytes} [Tue Jun 30 19:15:38 2026] POST /v2.0/rbac-policies => generated 143 bytes in 4 msecs (HTTP/1.1 400) 4 headers in 166 bytes (1 switches on core 0) [pid: 8|app: 0|req: 986/2085] 10.0.0.124 () {32 vars in 676 bytes} [Tue Jun 30 19:15:38 2026] GET /v2.0/trunks?tags=red%2Cblue => generated 847 bytes in 14 msecs (HTTP/1.1 200) 4 headers in 157 bytes (1 switches on core 0)
2026-06-30 19:15:38.794 8 INFO neutron_taas.services.taas.taas_plugin [None req-3e0c07c1-c31c-4c32-bc3b-08406d5af1d2 221406fafaab4225bb849fa34265c90e 0a81c092695346c181c074ed18bd90f6 - - default default] TaaS: Handle Delete Port: b62fef61-2bd0-4590-9178-772bb3167af8
2026-06-30 19:15:38.797 8 INFO neutron_taas.services.taas.tap_mirror_plugin [None req-3e0c07c1-c31c-4c32-bc3b-08406d5af1d2 221406fafaab4225bb849fa34265c90e 0a81c092695346c181c074ed18bd90f6 - - default default] Tap Mirror: Handle Delete Port: b62fef61-2bd0-4590-9178-772bb3167af8 [pid: 7|app: 0|req: 1100/2086] 10.0.0.124 () {32 vars in 726 bytes} [Tue Jun 30 19:15:38 2026] DELETE /v2.0/networks/f0944fb1-a83d-4b28-b6e6-91252f53a5c7 => generated 0 bytes in 376 msecs (HTTP/1.1 204) 3 headers in 131 bytes (1 switches on core 0) [pid: 7|app: 0|req: 1101/2087] 10.0.0.124 () {32 vars in 672 bytes} [Tue Jun 30 19:15:38 2026] GET /v2.0/trunks?tags-any=blue => generated 847 bytes in 19 msecs (HTTP/1.1 200) 4 headers in 157 bytes (1 switches on core 0)
2026-06-30 19:15:38.947 7 INFO neutron.db.segments_db [None req-0ef2988e-db68-4103-871e-d71b6466b759 78132cdb8ca54edcba8fa800b3cbb1d5 6867cb1c039c458db8f77d5ae9b8d2b8 - - default default] Added segment 6c9166e3-e267-48f8-b00d-98aee00d8929 of type geneve for network bef3363e-0a7b-4a8c-bf8c-e3fa90f9c1c6
2026-06-30 19:15:39.073 7 INFO neutron.db.ovn_revision_numbers_db [None req-0ef2988e-db68-4103-871e-d71b6466b759 78132cdb8ca54edcba8fa800b3cbb1d5 6867cb1c039c458db8f77d5ae9b8d2b8 - - default default] Successfully bumped revision number for resource bef3363e-0a7b-4a8c-bf8c-e3fa90f9c1c6 (type: networks) to 1
2026-06-30 19:15:39.129 8 INFO neutron.services.segments.plugin [-] Segment 2a830921-a633-43a8-85c8-e10debb524f8 resource provider aggregate not found
2026-06-30 19:15:39.137 8 INFO neutron.services.segments.plugin [-] Segment 2a830921-a633-43a8-85c8-e10debb524f8 resource provider aggregate not found
2026-06-30 19:15:39.158 8 INFO neutron.services.segments.plugin [-] Segment 2a830921-a633-43a8-85c8-e10debb524f8 resource provider not found; error: Placement Client Error (4xx): {"errors": [{"status": 404, "title": "Not Found", "detail": "The resource could not be found.\n\n No resource provider with uuid 2a830921-a633-43a8-85c8-e10debb524f8 found for delete ", "request_id": "req-bfcedd2c-e636-4ae5-ae29-c0885643f357"}]}
2026-06-30 19:15:39.160 8 INFO neutron.services.segments.plugin [-] Segment 2a830921-a633-43a8-85c8-e10debb524f8 resource provider not found; error: Placement Client Error (4xx): {"errors": [{"status": 404, "title": "Not Found", "detail": "The resource could not be found.\n\n No resource provider with uuid 2a830921-a633-43a8-85c8-e10debb524f8 found for delete ", "request_id": "req-2533b4f7-c3df-4653-b424-8aee1d5b0e90"}]} [pid: 8|app: 0|req: 987/2088] 10.0.0.124 () {32 vars in 726 bytes} [Tue Jun 30 19:15:38 2026] DELETE /v2.0/networks/6c0a016a-0af0-4ef7-ac9b-f7358c67bc8c => generated 0 bytes in 499 msecs (HTTP/1.1 204) 3 headers in 131 bytes (1 switches on core 0) [pid: 8|app: 0|req: 988/2089] 10.0.0.124 () {32 vars in 684 bytes} [Tue Jun 30 19:15:39 2026] GET /v2.0/trunks?tags-any=red%2Cblue => generated 1252 bytes in 16 msecs (HTTP/1.1 200) 4 headers in 158 bytes (1 switches on core 0)
2026-06-30 19:15:39.255 7 WARNING neutron.scheduler.dhcp_agent_scheduler [None req-0ef2988e-db68-4103-871e-d71b6466b759 78132cdb8ca54edcba8fa800b3cbb1d5 6867cb1c039c458db8f77d5ae9b8d2b8 - - default default] No more DHCP agents
2026-06-30 19:15:39.257 7 WARNING neutron.api.rpc.agentnotifiers.dhcp_rpc_agent_api [None req-0ef2988e-db68-4103-871e-d71b6466b759 78132cdb8ca54edcba8fa800b3cbb1d5 6867cb1c039c458db8f77d5ae9b8d2b8 - - default default] Unable to schedule network bef3363e-0a7b-4a8c-bf8c-e3fa90f9c1c6: no agents available; will retry on subsequent port and subnet creation events.
2026-06-30 19:15:39.261 8 INFO neutron.db.segments_db [None req-bf73c361-c001-4ba7-8e72-e54c29a3e364 221406fafaab4225bb849fa34265c90e 0a81c092695346c181c074ed18bd90f6 - - default default] Added segment 1c933f72-9c2b-4e23-85b9-ac70f22f99f4 of type geneve for network 72661736-6625-4b05-aa6c-e78a5294d3b5
2026-06-30 19:15:39.348 7 INFO neutron.db.ovn_revision_numbers_db [None req-0ef2988e-db68-4103-871e-d71b6466b759 78132cdb8ca54edcba8fa800b3cbb1d5 6867cb1c039c458db8f77d5ae9b8d2b8 - - default default] Successfully bumped revision number for resource 423d0f53-5648-467e-8a3d-982e27dac4e7 (type: ports) to 1 [pid: 7|app: 0|req: 1102/2090] 10.0.0.124 () {34 vars in 670 bytes} [Tue Jun 30 19:15:38 2026] POST /v2.0/networks => generated 668 bytes in 547 msecs (HTTP/1.1 201) 4 headers in 162 bytes (1 switches on core 0)
2026-06-30 19:15:39.387 8 INFO neutron.db.ovn_revision_numbers_db [None req-bf73c361-c001-4ba7-8e72-e54c29a3e364 221406fafaab4225bb849fa34265c90e 0a81c092695346c181c074ed18bd90f6 - - default default] Successfully bumped revision number for resource 72661736-6625-4b05-aa6c-e78a5294d3b5 (type: networks) to 1 [pid: 7|app: 0|req: 1103/2091] 10.0.0.124 () {32 vars in 670 bytes} [Tue Jun 30 19:15:39 2026] GET /v2.0/trunks?not-tags=red => generated 819 bytes in 17 msecs (HTTP/1.1 200) 4 headers in 157 bytes (1 switches on core 0)
2026-06-30 19:15:39.543 8 WARNING neutron.scheduler.dhcp_agent_scheduler [None req-bf73c361-c001-4ba7-8e72-e54c29a3e364 221406fafaab4225bb849fa34265c90e 0a81c092695346c181c074ed18bd90f6 - - default default] No more DHCP agents
2026-06-30 19:15:39.544 8 WARNING neutron.api.rpc.agentnotifiers.dhcp_rpc_agent_api [None req-bf73c361-c001-4ba7-8e72-e54c29a3e364 221406fafaab4225bb849fa34265c90e 0a81c092695346c181c074ed18bd90f6 - - default default] Unable to schedule network 72661736-6625-4b05-aa6c-e78a5294d3b5: no agents available; will retry on subsequent port and subnet creation events.
2026-06-30 19:15:39.568 7 WARNING neutron.scheduler.dhcp_agent_scheduler [None req-43081c36-8402-462e-a425-af1ee4c8575c 78132cdb8ca54edcba8fa800b3cbb1d5 6867cb1c039c458db8f77d5ae9b8d2b8 - - default default] No more DHCP agents
2026-06-30 19:15:39.569 7 WARNING neutron.api.rpc.agentnotifiers.dhcp_rpc_agent_api [None req-43081c36-8402-462e-a425-af1ee4c8575c 78132cdb8ca54edcba8fa800b3cbb1d5 6867cb1c039c458db8f77d5ae9b8d2b8 - - default default] Unable to schedule network bef3363e-0a7b-4a8c-bf8c-e3fa90f9c1c6: no agents available; will retry on subsequent port and subnet creation events.
2026-06-30 19:15:39.619 8 INFO neutron.db.ovn_revision_numbers_db [None req-bf73c361-c001-4ba7-8e72-e54c29a3e364 221406fafaab4225bb849fa34265c90e 0a81c092695346c181c074ed18bd90f6 - - default default] Successfully bumped revision number for resource 4f877568-2c09-4ff0-8d43-3726be826ed3 (type: ports) to 1 [pid: 8|app: 0|req: 989/2092] 10.0.0.124 () {34 vars in 670 bytes} [Tue Jun 30 19:15:39 2026] POST /v2.0/networks => generated 766 bytes in 470 msecs (HTTP/1.1 201) 4 headers in 162 bytes (1 switches on core 0) [pid: 8|app: 0|req: 990/2093] 10.0.0.124 () {32 vars in 684 bytes} [Tue Jun 30 19:15:39 2026] GET /v2.0/trunks?not-tags=red%2Cblue => generated 1224 bytes in 30 msecs (HTTP/1.1 200) 4 headers in 158 bytes (1 switches on core 0)
2026-06-30 19:15:39.818 8 WARNING neutron.scheduler.dhcp_agent_scheduler [None req-b540aae5-2d66-44c1-a9ec-c506386fb2ca 221406fafaab4225bb849fa34265c90e 0a81c092695346c181c074ed18bd90f6 - - default default] No more DHCP agents
2026-06-30 19:15:39.819 8 WARNING neutron.api.rpc.agentnotifiers.dhcp_rpc_agent_api [None req-b540aae5-2d66-44c1-a9ec-c506386fb2ca 221406fafaab4225bb849fa34265c90e 0a81c092695346c181c074ed18bd90f6 - - default default] Unable to schedule network 72661736-6625-4b05-aa6c-e78a5294d3b5: no agents available; will retry on subsequent port and subnet creation events.
2026-06-30 19:15:40.051 7 INFO neutron.db.ovn_revision_numbers_db [None req-89fc8cb1-48f4-483c-a078-0de13bd41e09 - - - - - -] Successfully bumped revision number for resource 423d0f53-5648-467e-8a3d-982e27dac4e7 (type: ports) to 2
2026-06-30 19:15:40.076 7 INFO neutron.db.ovn_revision_numbers_db [None req-89fc8cb1-48f4-483c-a078-0de13bd41e09 - - - - - -] Successfully bumped revision number for resource 0835e552-b948-484f-811d-07f5966cb81d (type: subnets) to 0 [pid: 7|app: 0|req: 1104/2094] 10.0.0.124 () {34 vars in 669 bytes} [Tue Jun 30 19:15:39 2026] POST /v2.0/subnets => generated 626 bytes in 696 msecs (HTTP/1.1 201) 4 headers in 162 bytes (1 switches on core 0) [pid: 7|app: 0|req: 1105/2095] 10.0.0.124 () {32 vars in 680 bytes} [Tue Jun 30 19:15:40 2026] GET /v2.0/trunks?not-tags-any=blue => generated 1224 bytes in 16 msecs (HTTP/1.1 200) 4 headers in 158 bytes (1 switches on core 0)
2026-06-30 19:15:40.213 7 INFO neutron.db.ovn_revision_numbers_db [None req-d1435137-de9c-445b-8d2b-e37230f46acc 78132cdb8ca54edcba8fa800b3cbb1d5 6867cb1c039c458db8f77d5ae9b8d2b8 - - default default] Successfully bumped revision number for resource 1c53b5c9-ec91-4f59-8aee-7d3e3c305397 (type: routers) to 1 [pid: 7|app: 0|req: 1106/2096] 10.0.0.124 () {34 vars in 669 bytes} [Tue Jun 30 19:15:40 2026] POST /v2.0/routers => generated 602 bytes in 126 msecs (HTTP/1.1 201) 4 headers in 162 bytes (1 switches on core 0)
2026-06-30 19:15:40.244 8 INFO neutron.db.ovn_revision_numbers_db [None req-68d00e4e-e4ec-485c-add7-14faa751baf3 - - - - - -] Successfully bumped revision number for resource 4f877568-2c09-4ff0-8d43-3726be826ed3 (type: ports) to 2 [pid: 7|app: 0|req: 1107/2097] 10.0.0.124 () {32 vars in 692 bytes} [Tue Jun 30 19:15:40 2026] GET /v2.0/trunks?not-tags-any=red%2Cblue => generated 819 bytes in 13 msecs (HTTP/1.1 200) 4 headers in 157 bytes (1 switches on core 0)
2026-06-30 19:15:40.265 8 INFO neutron.db.ovn_revision_numbers_db [None req-68d00e4e-e4ec-485c-add7-14faa751baf3 - - - - - -] Successfully bumped revision number for resource 161e4b4d-05f6-4c4f-82ee-534a91b2a986 (type: subnets) to 0 [pid: 8|app: 0|req: 991/2098] 10.0.0.124 () {34 vars in 669 bytes} [Tue Jun 30 19:15:39 2026] POST /v2.0/subnets => generated 647 bytes in 594 msecs (HTTP/1.1 201) 4 headers in 162 bytes (1 switches on core 0) [pid: 8|app: 0|req: 992/2099] 10.0.0.124 () {32 vars in 719 bytes} [Tue Jun 30 19:15:40 2026] GET /v2.0/trunks/9f707649-7659-4e92-a5fe-2667ce5c1387 => generated 414 bytes in 12 msecs (HTTP/1.1 200) 4 headers in 157 bytes (1 switches on core 0)
2026-06-30 19:15:40.296 8 WARNING neutron.api.v2.base [None req-8b063807-2ed9-444b-b97d-a29173cbfc54 221406fafaab4225bb849fa34265c90e 0a81c092695346c181c074ed18bd90f6 - - default default] An exception happened while processing the request body. The exception message is [Invalid input for target_tenant. Reason: '1234123412341234123412341234123412341234123412341234123412341234123412341234123412341234123412341234123412341234123412341234123412341234123412341234123412341234123412341234123412341234123412341234123412341234123412341234123412341234123412341234123412341234123412341234123412341234123412341234123412341234123412341234123412341234123412341234123412341234123412341234123412341234123412341234123412341234' exceeds maximum length of 255.].: webob.exc.HTTPBadRequest: Invalid input for target_tenant. Reason: '1234123412341234123412341234123412341234123412341234123412341234123412341234123412341234123412341234123412341234123412341234123412341234123412341234123412341234123412341234123412341234123412341234123412341234123412341234123412341234123412341234123412341234123412341234123412341234123412341234123412341234123412341234123412341234123412341234123412341234123412341234123412341234123412341234123412341234' exceeds maximum length of 255.
