Apr 21 13:54:04.849296 np0000168717 neutron-periodic-workers[105998]: DEBUG cotyledon.oslo_config_glue [-] ml2.path_mtu = 0 {{(pid=105998) log_opt_values /opt/stack/data/venv/lib/python3.12/site-packages/oslo_config/cfg.py:3006}}
Apr 21 13:54:04.849296 np0000168717 neutron-periodic-workers[105998]: DEBUG cotyledon.oslo_config_glue [-] ml2.physical_network_mtus = {} {{(pid=105998) log_opt_values /opt/stack/data/venv/lib/python3.12/site-packages/oslo_config/cfg.py:3006}}
Apr 21 13:54:04.849296 np0000168717 neutron-periodic-workers[105998]: DEBUG cotyledon.oslo_config_glue [-] ml2.project_network_types = ['geneve'] {{(pid=105998) log_opt_values /opt/stack/data/venv/lib/python3.12/site-packages/oslo_config/cfg.py:3006}}
Apr 21 13:54:04.849296 np0000168717 neutron-periodic-workers[105998]: DEBUG cotyledon.oslo_config_glue [-] ml2.tunnelled_network_rp_name = rp_tunnelled {{(pid=105998) log_opt_values /opt/stack/data/venv/lib/python3.12/site-packages/oslo_config/cfg.py:3006}}
Apr 21 13:54:04.849296 np0000168717 neutron-periodic-workers[105998]: DEBUG cotyledon.oslo_config_glue [-] ml2.type_drivers = ['local', 'flat', 'vlan', 'geneve'] {{(pid=105998) log_opt_values /opt/stack/data/venv/lib/python3.12/site-packages/oslo_config/cfg.py:3006}}
Apr 21 13:54:04.849296 np0000168717 neutron-periodic-workers[105998]: DEBUG cotyledon.oslo_config_glue [-] ml2_type_flat.flat_networks = ['public'] {{(pid=105998) log_opt_values /opt/stack/data/venv/lib/python3.12/site-packages/oslo_config/cfg.py:3006}}
Apr 21 13:54:04.849296 np0000168717 neutron-periodic-workers[105998]: DEBUG cotyledon.oslo_config_glue [-] ml2_type_geneve.max_header_size = 38 {{(pid=105998) log_opt_values /opt/stack/data/venv/lib/python3.12/site-packages/oslo_config/cfg.py:3006}}
Apr 21 13:54:04.849296 np0000168717 neutron-periodic-workers[105998]: DEBUG cotyledon.oslo_config_glue [-] ml2_type_geneve.vni_ranges = ['1:65536'] {{(pid=105998) log_opt_values /opt/stack/data/venv/lib/python3.12/site-packages/oslo_config/cfg.py:3006}}
Apr 21 13:54:04.849549 np0000168717 neutron-periodic-workers[105998]: DEBUG cotyledon.oslo_config_glue [-] ml2_type_vlan.network_vlan_ranges = ['public'] {{(pid=105998) log_opt_values /opt/stack/data/venv/lib/python3.12/site-packages/oslo_config/cfg.py:3006}}
Apr 21 13:54:04.849549 np0000168717 neutron-periodic-workers[105998]: DEBUG cotyledon.oslo_config_glue [-] network_log.burst_limit = 25 {{(pid=105998) log_opt_values /opt/stack/data/venv/lib/python3.12/site-packages/oslo_config/cfg.py:3006}}
Apr 21 13:54:04.849549 np0000168717 neutron-periodic-workers[105998]: DEBUG cotyledon.oslo_config_glue [-] network_log.local_output_log_base = None {{(pid=105998) log_opt_values /opt/stack/data/venv/lib/python3.12/site-packages/oslo_config/cfg.py:3006}}
Apr 21 13:54:04.849549 np0000168717 neutron-periodic-workers[105998]: DEBUG cotyledon.oslo_config_glue [-] network_log.rate_limit = 100 {{(pid=105998) log_opt_values /opt/stack/data/venv/lib/python3.12/site-packages/oslo_config/cfg.py:3006}}
Apr 21 13:54:04.849549 np0000168717 neutron-periodic-workers[105998]: DEBUG cotyledon.oslo_config_glue [-] database.asyncio_connection = **** {{(pid=105998) log_opt_values /opt/stack/data/venv/lib/python3.12/site-packages/oslo_config/cfg.py:3006}}
Apr 21 13:54:04.849549 np0000168717 neutron-periodic-workers[105998]: DEBUG cotyledon.oslo_config_glue [-] database.asyncio_slave_connection = **** {{(pid=105998) log_opt_values /opt/stack/data/venv/lib/python3.12/site-packages/oslo_config/cfg.py:3006}}
Apr 21 13:54:04.849549 np0000168717 neutron-periodic-workers[105998]: DEBUG cotyledon.oslo_config_glue [-] database.backend = sqlalchemy {{(pid=105998) log_opt_values /opt/stack/data/venv/lib/python3.12/site-packages/oslo_config/cfg.py:3006}}
Apr 21 13:54:04.849549 np0000168717 neutron-periodic-workers[105998]: DEBUG cotyledon.oslo_config_glue [-] database.connection = **** {{(pid=105998) log_opt_values /opt/stack/data/venv/lib/python3.12/site-packages/oslo_config/cfg.py:3006}}
Apr 21 13:54:04.849549 np0000168717 neutron-periodic-workers[105998]: DEBUG cotyledon.oslo_config_glue [-] database.connection_debug = 0 {{(pid=105998) log_opt_values /opt/stack/data/venv/lib/python3.12/site-packages/oslo_config/cfg.py:3006}}
Apr 21 13:54:04.849860 np0000168717 neutron-periodic-workers[105998]: DEBUG cotyledon.oslo_config_glue [-] database.connection_parameters = {{(pid=105998) log_opt_values /opt/stack/data/venv/lib/python3.12/site-packages/oslo_config/cfg.py:3006}}
Apr 21 13:54:04.849860 np0000168717 neutron-periodic-workers[105998]: DEBUG cotyledon.oslo_config_glue [-] database.connection_recycle_time = 3600 {{(pid=105998) log_opt_values /opt/stack/data/venv/lib/python3.12/site-packages/oslo_config/cfg.py:3006}}
Apr 21 13:54:04.849860 np0000168717 neutron-periodic-workers[105998]: DEBUG cotyledon.oslo_config_glue [-] database.connection_trace = False {{(pid=105998) log_opt_values /opt/stack/data/venv/lib/python3.12/site-packages/oslo_config/cfg.py:3006}}
Apr 21 13:54:04.849860 np0000168717 neutron-periodic-workers[105998]: DEBUG cotyledon.oslo_config_glue [-] database.db_inc_retry_interval = True {{(pid=105998) log_opt_values /opt/stack/data/venv/lib/python3.12/site-packages/oslo_config/cfg.py:3006}}
Apr 21 13:54:04.849860 np0000168717 neutron-periodic-workers[105998]: DEBUG cotyledon.oslo_config_glue [-] database.db_max_retries = 20 {{(pid=105998) log_opt_values /opt/stack/data/venv/lib/python3.12/site-packages/oslo_config/cfg.py:3006}}
Apr 21 13:54:04.849860 np0000168717 neutron-periodic-workers[105998]: DEBUG cotyledon.oslo_config_glue [-] database.db_max_retry_interval = 10 {{(pid=105998) log_opt_values /opt/stack/data/venv/lib/python3.12/site-packages/oslo_config/cfg.py:3006}}
Apr 21 13:54:04.849860 np0000168717 neutron-periodic-workers[105998]: DEBUG cotyledon.oslo_config_glue [-] database.db_retry_interval = 1 {{(pid=105998) log_opt_values /opt/stack/data/venv/lib/python3.12/site-packages/oslo_config/cfg.py:3006}}
Apr 21 13:54:04.849860 np0000168717 neutron-periodic-workers[105998]: DEBUG cotyledon.oslo_config_glue [-] database.max_overflow = 50 {{(pid=105998) log_opt_values /opt/stack/data/venv/lib/python3.12/site-packages/oslo_config/cfg.py:3006}}
Apr 21 13:54:04.849860 np0000168717 neutron-periodic-workers[105998]: DEBUG cotyledon.oslo_config_glue [-] database.max_pool_size = 5 {{(pid=105998) log_opt_values /opt/stack/data/venv/lib/python3.12/site-packages/oslo_config/cfg.py:3006}}
Apr 21 13:54:04.850203 np0000168717 neutron-periodic-workers[105998]: DEBUG cotyledon.oslo_config_glue [-] database.max_retries = 10 {{(pid=105998) log_opt_values /opt/stack/data/venv/lib/python3.12/site-packages/oslo_config/cfg.py:3006}}
Apr 21 13:54:04.850203 np0000168717 neutron-periodic-workers[105998]: DEBUG cotyledon.oslo_config_glue [-] database.mysql_sql_mode = TRADITIONAL {{(pid=105998) log_opt_values /opt/stack/data/venv/lib/python3.12/site-packages/oslo_config/cfg.py:3006}}
Apr 21 13:54:04.850203 np0000168717 neutron-periodic-workers[105998]: DEBUG cotyledon.oslo_config_glue [-] database.mysql_wsrep_sync_wait = None {{(pid=105998) log_opt_values /opt/stack/data/venv/lib/python3.12/site-packages/oslo_config/cfg.py:3006}}
Apr 21 13:54:04.850203 np0000168717 neutron-periodic-workers[105998]: DEBUG cotyledon.oslo_config_glue [-] database.pool_timeout = None {{(pid=105998) log_opt_values /opt/stack/data/venv/lib/python3.12/site-packages/oslo_config/cfg.py:3006}}
Apr 21 13:54:04.850203 np0000168717 neutron-periodic-workers[105998]: DEBUG cotyledon.oslo_config_glue [-] database.retry_interval = 10 {{(pid=105998) log_opt_values /opt/stack/data/venv/lib/python3.12/site-packages/oslo_config/cfg.py:3006}}
Apr 21 13:54:04.850203 np0000168717 neutron-periodic-workers[105998]: DEBUG cotyledon.oslo_config_glue [-] database.slave_connection = **** {{(pid=105998) log_opt_values /opt/stack/data/venv/lib/python3.12/site-packages/oslo_config/cfg.py:3006}}
Apr 21 13:54:04.850203 np0000168717 neutron-periodic-workers[105998]: DEBUG cotyledon.oslo_config_glue [-] database.sqlite_synchronous = True {{(pid=105998) log_opt_values /opt/stack/data/venv/lib/python3.12/site-packages/oslo_config/cfg.py:3006}}
Apr 21 13:54:04.850203 np0000168717 neutron-periodic-workers[105998]: DEBUG cotyledon.oslo_config_glue [-] database.synchronous_reader = True {{(pid=105998) log_opt_values /opt/stack/data/venv/lib/python3.12/site-packages/oslo_config/cfg.py:3006}}
Apr 21 13:54:04.850203 np0000168717 neutron-periodic-workers[105998]: DEBUG cotyledon.oslo_config_glue [-] database.use_db_reconnect = False {{(pid=105998) log_opt_values /opt/stack/data/venv/lib/python3.12/site-packages/oslo_config/cfg.py:3006}}
Apr 21 13:54:04.850458 np0000168717 neutron-periodic-workers[105998]: DEBUG cotyledon.oslo_config_glue [-] ovn.bfd_min_rx = 1000 {{(pid=105998) log_opt_values /opt/stack/data/venv/lib/python3.12/site-packages/oslo_config/cfg.py:3006}}
Apr 21 13:54:04.850458 np0000168717 neutron-periodic-workers[105998]: DEBUG cotyledon.oslo_config_glue [-] ovn.bfd_min_tx = 100 {{(pid=105998) log_opt_values /opt/stack/data/venv/lib/python3.12/site-packages/oslo_config/cfg.py:3006}}
Apr 21 13:54:04.850458 np0000168717 neutron-periodic-workers[105998]: DEBUG cotyledon.oslo_config_glue [-] ovn.bfd_mult = 3 {{(pid=105998) log_opt_values /opt/stack/data/venv/lib/python3.12/site-packages/oslo_config/cfg.py:3006}}
Apr 21 13:54:04.850458 np0000168717 neutron-periodic-workers[105998]: DEBUG cotyledon.oslo_config_glue [-] ovn.broadcast_arps_to_all_routers = True {{(pid=105998) log_opt_values /opt/stack/data/venv/lib/python3.12/site-packages/oslo_config/cfg.py:3006}}
Apr 21 13:54:04.850458 np0000168717 neutron-periodic-workers[105998]: DEBUG cotyledon.oslo_config_glue [-] ovn.dhcp_default_lease_time = 43200 {{(pid=105998) log_opt_values /opt/stack/data/venv/lib/python3.12/site-packages/oslo_config/cfg.py:3006}}
Apr 21 13:54:04.850458 np0000168717 neutron-periodic-workers[105998]: DEBUG cotyledon.oslo_config_glue [-] ovn.disable_ovn_dhcp_for_baremetal_ports = False {{(pid=105998) log_opt_values /opt/stack/data/venv/lib/python3.12/site-packages/oslo_config/cfg.py:3006}}
Apr 21 13:54:04.850458 np0000168717 neutron-periodic-workers[105998]: DEBUG cotyledon.oslo_config_glue [-] ovn.dns_records_ovn_owned = False {{(pid=105998) log_opt_values /opt/stack/data/venv/lib/python3.12/site-packages/oslo_config/cfg.py:3006}}
Apr 21 13:54:04.850458 np0000168717 neutron-periodic-workers[105998]: DEBUG cotyledon.oslo_config_glue [-] ovn.dns_servers = [] {{(pid=105998) log_opt_values /opt/stack/data/venv/lib/python3.12/site-packages/oslo_config/cfg.py:3006}}
Apr 21 13:54:04.850458 np0000168717 neutron-periodic-workers[105998]: DEBUG cotyledon.oslo_config_glue [-] ovn.enable_distributed_floating_ip = False {{(pid=105998) log_opt_values /opt/stack/data/venv/lib/python3.12/site-packages/oslo_config/cfg.py:3006}}
Apr 21 13:54:04.850713 np0000168717 neutron-periodic-workers[105998]: DEBUG cotyledon.oslo_config_glue [-] ovn.fdb_age_threshold = 300 {{(pid=105998) log_opt_values /opt/stack/data/venv/lib/python3.12/site-packages/oslo_config/cfg.py:3006}}
Apr 21 13:54:04.850713 np0000168717 neutron-periodic-workers[105998]: DEBUG cotyledon.oslo_config_glue [-] ovn.ha_failover_strategy = normal {{(pid=105998) log_opt_values /opt/stack/data/venv/lib/python3.12/site-packages/oslo_config/cfg.py:3006}}
Apr 21 13:54:04.850713 np0000168717 neutron-periodic-workers[105998]: DEBUG cotyledon.oslo_config_glue [-] ovn.live_migration_activation_strategy = rarp {{(pid=105998) log_opt_values /opt/stack/data/venv/lib/python3.12/site-packages/oslo_config/cfg.py:3006}}
Apr 21 13:54:04.850713 np0000168717 neutron-periodic-workers[105998]: DEBUG cotyledon.oslo_config_glue [-] ovn.localnet_learn_fdb = False {{(pid=105998) log_opt_values /opt/stack/data/venv/lib/python3.12/site-packages/oslo_config/cfg.py:3006}}
Apr 21 13:54:04.850713 np0000168717 neutron-periodic-workers[105998]: DEBUG cotyledon.oslo_config_glue [-] ovn.mac_binding_age_threshold = 300 {{(pid=105998) log_opt_values /opt/stack/data/venv/lib/python3.12/site-packages/oslo_config/cfg.py:3006}}
Apr 21 13:54:04.850713 np0000168717 neutron-periodic-workers[105998]: DEBUG cotyledon.oslo_config_glue [-] ovn.neutron_sync_mode = log {{(pid=105998) log_opt_values /opt/stack/data/venv/lib/python3.12/site-packages/oslo_config/cfg.py:3006}}
Apr 21 13:54:04.850713 np0000168717 neutron-periodic-workers[105998]: DEBUG cotyledon.oslo_config_glue [-] ovn.ovn_dhcp4_global_options = {} {{(pid=105998) log_opt_values /opt/stack/data/venv/lib/python3.12/site-packages/oslo_config/cfg.py:3006}}
Apr 21 13:54:04.850713 np0000168717 neutron-periodic-workers[105998]: DEBUG cotyledon.oslo_config_glue [-] ovn.ovn_dhcp6_global_options = {} {{(pid=105998) log_opt_values /opt/stack/data/venv/lib/python3.12/site-packages/oslo_config/cfg.py:3006}}
Apr 21 13:54:04.850713 np0000168717 neutron-periodic-workers[105998]: DEBUG cotyledon.oslo_config_glue [-] ovn.ovn_l3_scheduler = leastloaded {{(pid=105998) log_opt_values /opt/stack/data/venv/lib/python3.12/site-packages/oslo_config/cfg.py:3006}}
Apr 21 13:54:04.850967 np0000168717 neutron-periodic-workers[105998]: DEBUG cotyledon.oslo_config_glue [-] ovn.ovn_metadata_enabled = True {{(pid=105998) log_opt_values /opt/stack/data/venv/lib/python3.12/site-packages/oslo_config/cfg.py:3006}}
Apr 21 13:54:04.850967 np0000168717 neutron-periodic-workers[105998]: DEBUG cotyledon.oslo_config_glue [-] ovn.ovn_nb_ca_cert = /opt/stack/data/CA/int-ca/ca-chain.pem {{(pid=105998) log_opt_values /opt/stack/data/venv/lib/python3.12/site-packages/oslo_config/cfg.py:3006}}
Apr 21 13:54:04.850967 np0000168717 neutron-periodic-workers[105998]: DEBUG cotyledon.oslo_config_glue [-] ovn.ovn_nb_certificate = /opt/stack/data/CA/int-ca/devstack-cert.crt {{(pid=105998) log_opt_values /opt/stack/data/venv/lib/python3.12/site-packages/oslo_config/cfg.py:3006}}
Apr 21 13:54:04.850967 np0000168717 neutron-periodic-workers[105998]: DEBUG cotyledon.oslo_config_glue [-] ovn.ovn_nb_connection = ['ssl:199.204.45.19:6641'] {{(pid=105998) log_opt_values /opt/stack/data/venv/lib/python3.12/site-packages/oslo_config/cfg.py:3006}}
Apr 21 13:54:04.850967 np0000168717 neutron-periodic-workers[105998]: DEBUG cotyledon.oslo_config_glue [-] ovn.ovn_nb_private_key = /opt/stack/data/CA/int-ca/private/devstack-cert.key {{(pid=105998) log_opt_values /opt/stack/data/venv/lib/python3.12/site-packages/oslo_config/cfg.py:3006}}
Apr 21 13:54:04.850967 np0000168717 neutron-periodic-workers[105998]: DEBUG cotyledon.oslo_config_glue [-] ovn.ovn_router_indirect_snat = False {{(pid=105998) log_opt_values /opt/stack/data/venv/lib/python3.12/site-packages/oslo_config/cfg.py:3006}}
Apr 21 13:54:04.850967 np0000168717 neutron-periodic-workers[105998]: DEBUG cotyledon.oslo_config_glue [-] ovn.ovn_sb_ca_cert = /opt/stack/data/CA/int-ca/ca-chain.pem {{(pid=105998) log_opt_values /opt/stack/data/venv/lib/python3.12/site-packages/oslo_config/cfg.py:3006}}
Apr 21 13:54:04.850967 np0000168717 neutron-periodic-workers[105998]: DEBUG cotyledon.oslo_config_glue [-] ovn.ovn_sb_certificate = /opt/stack/data/CA/int-ca/devstack-cert.crt {{(pid=105998) log_opt_values /opt/stack/data/venv/lib/python3.12/site-packages/oslo_config/cfg.py:3006}}
Apr 21 13:54:04.851202 np0000168717 neutron-periodic-workers[105998]: DEBUG cotyledon.oslo_config_glue [-] ovn.ovn_sb_connection = ['ssl:199.204.45.19:6642'] {{(pid=105998) log_opt_values /opt/stack/data/venv/lib/python3.12/site-packages/oslo_config/cfg.py:3006}}
Apr 21 13:54:04.851202 np0000168717 neutron-periodic-workers[105998]: DEBUG cotyledon.oslo_config_glue [-] ovn.ovn_sb_private_key = /opt/stack/data/CA/int-ca/private/devstack-cert.key {{(pid=105998) log_opt_values /opt/stack/data/venv/lib/python3.12/site-packages/oslo_config/cfg.py:3006}}
Apr 21 13:54:04.851202 np0000168717 neutron-periodic-workers[105998]: DEBUG cotyledon.oslo_config_glue [-] ovn.ovs_create_tap = False {{(pid=105998) log_opt_values /opt/stack/data/venv/lib/python3.12/site-packages/oslo_config/cfg.py:3006}}
Apr 21 13:54:04.851202 np0000168717 neutron-periodic-workers[105998]: DEBUG cotyledon.oslo_config_glue [-] ovn.ovsdb_connection_timeout = 180 {{(pid=105998) log_opt_values /opt/stack/data/venv/lib/python3.12/site-packages/oslo_config/cfg.py:3006}}
Apr 21 13:54:04.851202 np0000168717 neutron-periodic-workers[105998]: DEBUG cotyledon.oslo_config_glue [-] ovn.ovsdb_log_level = INFO {{(pid=105998) log_opt_values /opt/stack/data/venv/lib/python3.12/site-packages/oslo_config/cfg.py:3006}}
Apr 21 13:54:04.851202 np0000168717 neutron-periodic-workers[105998]: DEBUG cotyledon.oslo_config_glue [-] ovn.ovsdb_probe_interval = 60000 {{(pid=105998) log_opt_values /opt/stack/data/venv/lib/python3.12/site-packages/oslo_config/cfg.py:3006}}
Apr 21 13:54:04.851202 np0000168717 neutron-periodic-workers[105998]: DEBUG cotyledon.oslo_config_glue [-] ovn.ovsdb_retry_max_interval = 180 {{(pid=105998) log_opt_values /opt/stack/data/venv/lib/python3.12/site-packages/oslo_config/cfg.py:3006}}
Apr 21 13:54:04.851202 np0000168717 neutron-periodic-workers[105998]: DEBUG cotyledon.oslo_config_glue [-] ovn.stateless_nat_enabled = False {{(pid=105998) log_opt_values /opt/stack/data/venv/lib/python3.12/site-packages/oslo_config/cfg.py:3006}}
Apr 21 13:54:04.851202 np0000168717 neutron-periodic-workers[105998]: DEBUG cotyledon.oslo_config_glue [-] ovn.vhost_sock_dir = /var/run/openvswitch {{(pid=105998) log_opt_values /opt/stack/data/venv/lib/python3.12/site-packages/oslo_config/cfg.py:3006}}
Apr 21 13:54:04.851453 np0000168717 neutron-periodic-workers[105998]: DEBUG cotyledon.oslo_config_glue [-] OVS.bridge_mac_table_size = 50000 {{(pid=105998) log_opt_values /opt/stack/data/venv/lib/python3.12/site-packages/oslo_config/cfg.py:3006}}
Apr 21 13:54:04.851453 np0000168717 neutron-periodic-workers[105998]: DEBUG cotyledon.oslo_config_glue [-] OVS.igmp_flood = False {{(pid=105998) log_opt_values /opt/stack/data/venv/lib/python3.12/site-packages/oslo_config/cfg.py:3006}}
Apr 21 13:54:04.851453 np0000168717 neutron-periodic-workers[105998]: DEBUG cotyledon.oslo_config_glue [-] OVS.igmp_flood_reports = True {{(pid=105998) log_opt_values /opt/stack/data/venv/lib/python3.12/site-packages/oslo_config/cfg.py:3006}}
Apr 21 13:54:04.851453 np0000168717 neutron-periodic-workers[105998]: DEBUG cotyledon.oslo_config_glue [-] OVS.igmp_flood_unregistered = False {{(pid=105998) log_opt_values /opt/stack/data/venv/lib/python3.12/site-packages/oslo_config/cfg.py:3006}}
Apr 21 13:54:04.851453 np0000168717 neutron-periodic-workers[105998]: DEBUG cotyledon.oslo_config_glue [-] OVS.igmp_snooping_enable = False {{(pid=105998) log_opt_values /opt/stack/data/venv/lib/python3.12/site-packages/oslo_config/cfg.py:3006}}
Apr 21 13:54:04.851453 np0000168717 neutron-periodic-workers[105998]: DEBUG cotyledon.oslo_config_glue [-] OVS.ovsdb_timeout = 10 {{(pid=105998) log_opt_values /opt/stack/data/venv/lib/python3.12/site-packages/oslo_config/cfg.py:3006}}
Apr 21 13:54:04.851453 np0000168717 neutron-periodic-workers[105998]: DEBUG cotyledon.oslo_config_glue [-] ovn_nb_global.fdb_removal_limit = 0 {{(pid=105998) log_opt_values /opt/stack/data/venv/lib/python3.12/site-packages/oslo_config/cfg.py:3006}}
Apr 21 13:54:04.851453 np0000168717 neutron-periodic-workers[105998]: DEBUG cotyledon.oslo_config_glue [-] ovn_nb_global.ignore_lsp_down = False {{(pid=105998) log_opt_values /opt/stack/data/venv/lib/python3.12/site-packages/oslo_config/cfg.py:3006}}
Apr 21 13:54:04.851453 np0000168717 neutron-periodic-workers[105998]: DEBUG cotyledon.oslo_config_glue [-] ovn_nb_global.mac_binding_removal_limit = 0 {{(pid=105998) log_opt_values /opt/stack/data/venv/lib/python3.12/site-packages/oslo_config/cfg.py:3006}}
Apr 21 13:54:04.851689 np0000168717 neutron-periodic-workers[105998]: DEBUG cotyledon.oslo_config_glue [-] ******************************************************************************** {{(pid=105998) log_opt_values /opt/stack/data/venv/lib/python3.12/site-packages/oslo_config/cfg.py:3013}}
Apr 21 13:54:04.851689 np0000168717 neutron-periodic-workers[105998]: DEBUG cotyledon._service_worker [-] Run service ServiceWrapper(0) [105998] {{(pid=105998) wait_forever /opt/stack/data/venv/lib/python3.12/site-packages/cotyledon/_service_worker.py:218}}
Apr 21 13:54:14.480810 np0000168717 neutron-periodic-workers[105162]: DEBUG dbcounter [-] [105162] Writing DB stats neutron:SELECT=4 {{(pid=105162) stat_writer /opt/stack/data/venv/lib/python3.12/site-packages/dbcounter.py:115}}
Apr 21 13:54:34.860400 np0000168717 neutron-periodic-workers[105998]: DEBUG oslo_db.sqlalchemy.engines [None req-341853f4-17db-4090-a63a-789f333ccf71 None None] Parent process 105162 forked (105998) with an open database connection, which is being discarded and recreated. {{(pid=105998) checkout /opt/stack/data/venv/lib/python3.12/site-packages/oslo_db/sqlalchemy/engines.py:402}}
Apr 21 13:54:34.884178 np0000168717 neutron-periodic-workers[105998]: DEBUG dbcounter [-] [105998] Writer thread running {{(pid=105998) stat_writer /opt/stack/data/venv/lib/python3.12/site-packages/dbcounter.py:102}}
Apr 21 13:54:34.894064 np0000168717 neutron-periodic-workers[105998]: DEBUG oslo.service.backend._threading.loopingcall [None req-341853f4-17db-4090-a63a-789f333ccf71 None None] Fixed interval looping call 'neutron.services.ovn_l3.plugin.L3_NAT_dbonly_mixin._clean_garbage' sleeping for 299.96 seconds {{(pid=105998) _run_loop /opt/stack/data/venv/lib/python3.12/site-packages/oslo_service/backend/_threading/loopingcall.py:125}}
Apr 21 13:54:44.884916 np0000168717 neutron-periodic-workers[105998]: DEBUG dbcounter [-] [105998] Writing DB stats neutron:SELECT=1 {{(pid=105998) stat_writer /opt/stack/data/venv/lib/python3.12/site-packages/dbcounter.py:115}}
Apr 21 13:54:58.810272 np0000168717 neutron-periodic-workers[105975]: DEBUG dbcounter [-] [105975] Writer thread running {{(pid=105975) stat_writer /opt/stack/data/venv/lib/python3.12/site-packages/dbcounter.py:102}}
Apr 21 13:54:58.818773 np0000168717 neutron-periodic-workers[105975]: DEBUG oslo.service.backend._threading.loopingcall [None req-fd288e95-f8a6-48a8-9ce0-e2dd0cc3d6a6 None None] Fixed interval looping call 'neutron.plugins.ml2.plugin.DhcpAgentSchedulerDbMixin.remove_networks_from_down_agents' sleeping for 36.98 seconds {{(pid=105975) _run_loop /opt/stack/data/venv/lib/python3.12/site-packages/oslo_service/backend/_threading/loopingcall.py:125}}
Apr 21 13:55:08.817250 np0000168717 neutron-periodic-workers[105975]: DEBUG dbcounter [-] [105975] Writing DB stats neutron:SELECT=3 {{(pid=105975) stat_writer /opt/stack/data/venv/lib/python3.12/site-packages/dbcounter.py:115}}
Apr 21 13:55:15.839854 np0000168717 neutron-periodic-workers[105978]: DEBUG dbcounter [-] [105978] Writer thread running {{(pid=105978) stat_writer /opt/stack/data/venv/lib/python3.12/site-packages/dbcounter.py:102}}
Apr 21 13:55:15.844101 np0000168717 neutron-periodic-workers[105978]: DEBUG neutron.db.agents_db [None req-b5024753-6264-4b1a-96e7-56ba49b0fcfb None None] Agent healthcheck: found 0 active agents {{(pid=105978) agent_health_check /opt/stack/neutron/neutron/db/agents_db.py:317}}
Apr 21 13:55:15.844345 np0000168717 neutron-periodic-workers[105978]: DEBUG oslo.service.backend._threading.loopingcall [None req-b5024753-6264-4b1a-96e7-56ba49b0fcfb None None] Fixed interval looping call 'neutron.plugins.ml2.plugin.AgentDbMixin.agent_health_check' sleeping for 36.98 seconds {{(pid=105978) _run_loop /opt/stack/data/venv/lib/python3.12/site-packages/oslo_service/backend/_threading/loopingcall.py:125}}
Apr 21 13:55:25.840643 np0000168717 neutron-periodic-workers[105978]: DEBUG dbcounter [-] [105978] Writing DB stats neutron:SELECT=1 {{(pid=105978) stat_writer /opt/stack/data/venv/lib/python3.12/site-packages/dbcounter.py:115}}
Apr 21 13:55:35.821092 np0000168717 neutron-periodic-workers[105975]: DEBUG oslo.service.backend._threading.loopingcall [None req-fd288e95-f8a6-48a8-9ce0-e2dd0cc3d6a6 None None] Fixed interval looping call 'neutron.plugins.ml2.plugin.DhcpAgentSchedulerDbMixin.remove_networks_from_down_agents' sleeping for 36.98 seconds {{(pid=105975) _run_loop /opt/stack/data/venv/lib/python3.12/site-packages/oslo_service/backend/_threading/loopingcall.py:125}}
Apr 21 13:55:45.815693 np0000168717 neutron-periodic-workers[105975]: DEBUG dbcounter [-] [105975] Writing DB stats neutron:SELECT=3 {{(pid=105975) stat_writer /opt/stack/data/venv/lib/python3.12/site-packages/dbcounter.py:115}}
Apr 21 13:55:52.828712 np0000168717 neutron-periodic-workers[105978]: DEBUG neutron.db.agents_db [None req-b5024753-6264-4b1a-96e7-56ba49b0fcfb None None] Agent healthcheck: found 0 active agents {{(pid=105978) agent_health_check /opt/stack/neutron/neutron/db/agents_db.py:317}}
Apr 21 13:55:52.829317 np0000168717 neutron-periodic-workers[105978]: DEBUG oslo.service.backend._threading.loopingcall [None req-b5024753-6264-4b1a-96e7-56ba49b0fcfb None None] Fixed interval looping call 'neutron.plugins.ml2.plugin.AgentDbMixin.agent_health_check' sleeping for 37.00 seconds {{(pid=105978) _run_loop /opt/stack/data/venv/lib/python3.12/site-packages/oslo_service/backend/_threading/loopingcall.py:125}}
Apr 21 13:56:02.827921 np0000168717 neutron-periodic-workers[105978]: DEBUG dbcounter [-] [105978] Writing DB stats neutron:SELECT=1 {{(pid=105978) stat_writer /opt/stack/data/venv/lib/python3.12/site-packages/dbcounter.py:115}}
Apr 21 13:56:04.860681 np0000168717 neutron-periodic-workers[105987]: DEBUG dbcounter [-] [105987] Writer thread running {{(pid=105987) stat_writer /opt/stack/data/venv/lib/python3.12/site-packages/dbcounter.py:102}}
Apr 21 13:56:04.862139 np0000168717 neutron-periodic-workers[105987]: DEBUG oslo.service.backend._threading.loopingcall [None req-6f1746d0-b41a-4c66-ae23-b3fc26a0a715 None None] Fixed interval looping call 'neutron.db.quota.driver_nolock.DbQuotaNoLockDriver._remove_expired_reservations' sleeping for 119.98 seconds {{(pid=105987) _run_loop /opt/stack/data/venv/lib/python3.12/site-packages/oslo_service/backend/_threading/loopingcall.py:125}}
Apr 21 13:56:12.809900 np0000168717 neutron-periodic-workers[105975]: DEBUG oslo.service.backend._threading.loopingcall [None req-fd288e95-f8a6-48a8-9ce0-e2dd0cc3d6a6 None None] Fixed interval looping call 'neutron.plugins.ml2.plugin.DhcpAgentSchedulerDbMixin.remove_networks_from_down_agents' sleeping for 36.99 seconds {{(pid=105975) _run_loop /opt/stack/data/venv/lib/python3.12/site-packages/oslo_service/backend/_threading/loopingcall.py:125}}
Apr 21 13:56:14.861286 np0000168717 neutron-periodic-workers[105987]: DEBUG dbcounter [-] [105987] Writing DB stats neutron:DELETE=1 {{(pid=105987) stat_writer /opt/stack/data/venv/lib/python3.12/site-packages/dbcounter.py:115}}
Apr 21 13:56:22.809006 np0000168717 neutron-periodic-workers[105975]: DEBUG dbcounter [-] [105975] Writing DB stats neutron:SELECT=3 {{(pid=105975) stat_writer /opt/stack/data/venv/lib/python3.12/site-packages/dbcounter.py:115}}
Apr 21 13:56:29.835931 np0000168717 neutron-periodic-workers[105978]: DEBUG neutron.db.agents_db [None req-b5024753-6264-4b1a-96e7-56ba49b0fcfb None None] Agent healthcheck: found 0 active agents {{(pid=105978) agent_health_check /opt/stack/neutron/neutron/db/agents_db.py:317}}
Apr 21 13:56:29.836689 np0000168717 neutron-periodic-workers[105978]: DEBUG oslo.service.backend._threading.loopingcall [None req-b5024753-6264-4b1a-96e7-56ba49b0fcfb None None] Fixed interval looping call 'neutron.plugins.ml2.plugin.AgentDbMixin.agent_health_check' sleeping for 36.99 seconds {{(pid=105978) _run_loop /opt/stack/data/venv/lib/python3.12/site-packages/oslo_service/backend/_threading/loopingcall.py:125}}
Apr 21 13:56:39.833545 np0000168717 neutron-periodic-workers[105978]: DEBUG dbcounter [-] [105978] Writing DB stats neutron:SELECT=1 {{(pid=105978) stat_writer /opt/stack/data/venv/lib/python3.12/site-packages/dbcounter.py:115}}
Apr 21 13:56:49.812488 np0000168717 neutron-periodic-workers[105975]: DEBUG oslo.service.backend._threading.loopingcall [None req-fd288e95-f8a6-48a8-9ce0-e2dd0cc3d6a6 None None] Fixed interval looping call 'neutron.plugins.ml2.plugin.DhcpAgentSchedulerDbMixin.remove_networks_from_down_agents' sleeping for 36.99 seconds {{(pid=105975) _run_loop /opt/stack/data/venv/lib/python3.12/site-packages/oslo_service/backend/_threading/loopingcall.py:125}}
Apr 21 13:56:59.810001 np0000168717 neutron-periodic-workers[105975]: DEBUG dbcounter [-] [105975] Writing DB stats neutron:SELECT=3 {{(pid=105975) stat_writer /opt/stack/data/venv/lib/python3.12/site-packages/dbcounter.py:115}}
Apr 21 13:57:06.834316 np0000168717 neutron-periodic-workers[105978]: DEBUG neutron.db.agents_db [None req-b5024753-6264-4b1a-96e7-56ba49b0fcfb None None] Agent healthcheck: found 0 active agents {{(pid=105978) agent_health_check /opt/stack/neutron/neutron/db/agents_db.py:317}}
Apr 21 13:57:06.834845 np0000168717 neutron-periodic-workers[105978]: DEBUG oslo.service.backend._threading.loopingcall [None req-b5024753-6264-4b1a-96e7-56ba49b0fcfb None None] Fixed interval looping call 'neutron.plugins.ml2.plugin.AgentDbMixin.agent_health_check' sleeping for 36.99 seconds {{(pid=105978) _run_loop /opt/stack/data/venv/lib/python3.12/site-packages/oslo_service/backend/_threading/loopingcall.py:125}}
Apr 21 13:57:16.833804 np0000168717 neutron-periodic-workers[105978]: DEBUG dbcounter [-] [105978] Writing DB stats neutron:SELECT=1 {{(pid=105978) stat_writer /opt/stack/data/venv/lib/python3.12/site-packages/dbcounter.py:115}}
Apr 21 13:57:26.811405 np0000168717 neutron-periodic-workers[105975]: DEBUG oslo.service.backend._threading.loopingcall [None req-fd288e95-f8a6-48a8-9ce0-e2dd0cc3d6a6 None None] Fixed interval looping call 'neutron.plugins.ml2.plugin.DhcpAgentSchedulerDbMixin.remove_networks_from_down_agents' sleeping for 36.99 seconds {{(pid=105975) _run_loop /opt/stack/data/venv/lib/python3.12/site-packages/oslo_service/backend/_threading/loopingcall.py:125}}
Apr 21 13:57:36.809961 np0000168717 neutron-periodic-workers[105975]: DEBUG dbcounter [-] [105975] Writing DB stats neutron:SELECT=3 {{(pid=105975) stat_writer /opt/stack/data/venv/lib/python3.12/site-packages/dbcounter.py:115}}
Apr 21 13:57:43.832573 np0000168717 neutron-periodic-workers[105978]: DEBUG neutron.db.agents_db [None req-b5024753-6264-4b1a-96e7-56ba49b0fcfb None None] Agent healthcheck: found 0 active agents {{(pid=105978) agent_health_check /opt/stack/neutron/neutron/db/agents_db.py:317}}
Apr 21 13:57:43.833106 np0000168717 neutron-periodic-workers[105978]: DEBUG oslo.service.backend._threading.loopingcall [None req-b5024753-6264-4b1a-96e7-56ba49b0fcfb None None] Fixed interval looping call 'neutron.plugins.ml2.plugin.AgentDbMixin.agent_health_check' sleeping for 36.99 seconds {{(pid=105978) _run_loop /opt/stack/data/venv/lib/python3.12/site-packages/oslo_service/backend/_threading/loopingcall.py:125}}
Apr 21 13:57:53.830846 np0000168717 neutron-periodic-workers[105978]: DEBUG dbcounter [-] [105978] Writing DB stats neutron:SELECT=1 {{(pid=105978) stat_writer /opt/stack/data/venv/lib/python3.12/site-packages/dbcounter.py:115}}
Apr 21 13:58:03.810134 np0000168717 neutron-periodic-workers[105975]: DEBUG oslo.service.backend._threading.loopingcall [None req-fd288e95-f8a6-48a8-9ce0-e2dd0cc3d6a6 None None] Fixed interval looping call 'neutron.plugins.ml2.plugin.DhcpAgentSchedulerDbMixin.remove_networks_from_down_agents' sleeping for 36.99 seconds {{(pid=105975) _run_loop /opt/stack/data/venv/lib/python3.12/site-packages/oslo_service/backend/_threading/loopingcall.py:125}}
Apr 21 13:58:04.849680 np0000168717 neutron-periodic-workers[105987]: DEBUG oslo.service.backend._threading.loopingcall [None req-6f1746d0-b41a-4c66-ae23-b3fc26a0a715 None None] Fixed interval looping call 'neutron.db.quota.driver_nolock.DbQuotaNoLockDriver._remove_expired_reservations' sleeping for 119.99 seconds {{(pid=105987) _run_loop /opt/stack/data/venv/lib/python3.12/site-packages/oslo_service/backend/_threading/loopingcall.py:125}}
Apr 21 13:58:13.809557 np0000168717 neutron-periodic-workers[105975]: DEBUG dbcounter [-] [105975] Writing DB stats neutron:SELECT=3 {{(pid=105975) stat_writer /opt/stack/data/venv/lib/python3.12/site-packages/dbcounter.py:115}}
Apr 21 13:58:14.847936 np0000168717 neutron-periodic-workers[105987]: DEBUG dbcounter [-] [105987] Writing DB stats neutron:DELETE=1 {{(pid=105987) stat_writer /opt/stack/data/venv/lib/python3.12/site-packages/dbcounter.py:115}}
Apr 21 13:58:20.828155 np0000168717 neutron-periodic-workers[105978]: DEBUG neutron.db.agents_db [None req-b5024753-6264-4b1a-96e7-56ba49b0fcfb None None] Agent healthcheck: found 0 active agents {{(pid=105978) agent_health_check /opt/stack/neutron/neutron/db/agents_db.py:317}}
Apr 21 13:58:20.828583 np0000168717 neutron-periodic-workers[105978]: DEBUG oslo.service.backend._threading.loopingcall [None req-b5024753-6264-4b1a-96e7-56ba49b0fcfb None None] Fixed interval looping call 'neutron.plugins.ml2.plugin.AgentDbMixin.agent_health_check' sleeping for 36.99 seconds {{(pid=105978) _run_loop /opt/stack/data/venv/lib/python3.12/site-packages/oslo_service/backend/_threading/loopingcall.py:125}}
Apr 21 13:58:30.826522 np0000168717 neutron-periodic-workers[105978]: DEBUG dbcounter [-] [105978] Writing DB stats neutron:SELECT=1 {{(pid=105978) stat_writer /opt/stack/data/venv/lib/python3.12/site-packages/dbcounter.py:115}}
Apr 21 13:58:40.811905 np0000168717 neutron-periodic-workers[105975]: DEBUG oslo.service.backend._threading.loopingcall [None req-fd288e95-f8a6-48a8-9ce0-e2dd0cc3d6a6 None None] Fixed interval looping call 'neutron.plugins.ml2.plugin.DhcpAgentSchedulerDbMixin.remove_networks_from_down_agents' sleeping for 36.99 seconds {{(pid=105975) _run_loop /opt/stack/data/venv/lib/python3.12/site-packages/oslo_service/backend/_threading/loopingcall.py:125}}
Apr 21 13:58:50.811305 np0000168717 neutron-periodic-workers[105975]: DEBUG dbcounter [-] [105975] Writing DB stats neutron:SELECT=3 {{(pid=105975) stat_writer /opt/stack/data/venv/lib/python3.12/site-packages/dbcounter.py:115}}
Apr 21 13:58:57.823614 np0000168717 neutron-periodic-workers[105978]: DEBUG neutron.db.agents_db [None req-b5024753-6264-4b1a-96e7-56ba49b0fcfb None None] Agent healthcheck: found 0 active agents {{(pid=105978) agent_health_check /opt/stack/neutron/neutron/db/agents_db.py:317}}
Apr 21 13:58:57.824258 np0000168717 neutron-periodic-workers[105978]: DEBUG oslo.service.backend._threading.loopingcall [None req-b5024753-6264-4b1a-96e7-56ba49b0fcfb None None] Fixed interval looping call 'neutron.plugins.ml2.plugin.AgentDbMixin.agent_health_check' sleeping for 36.99 seconds {{(pid=105978) _run_loop /opt/stack/data/venv/lib/python3.12/site-packages/oslo_service/backend/_threading/loopingcall.py:125}}
Apr 21 13:59:07.822280 np0000168717 neutron-periodic-workers[105978]: DEBUG dbcounter [-] [105978] Writing DB stats neutron:SELECT=1 {{(pid=105978) stat_writer /opt/stack/data/venv/lib/python3.12/site-packages/dbcounter.py:115}}
Apr 21 13:59:17.813194 np0000168717 neutron-periodic-workers[105975]: DEBUG oslo.service.backend._threading.loopingcall [None req-fd288e95-f8a6-48a8-9ce0-e2dd0cc3d6a6 None None] Fixed interval looping call 'neutron.plugins.ml2.plugin.DhcpAgentSchedulerDbMixin.remove_networks_from_down_agents' sleeping for 36.99 seconds {{(pid=105975) _run_loop /opt/stack/data/venv/lib/python3.12/site-packages/oslo_service/backend/_threading/loopingcall.py:125}}
Apr 21 13:59:27.811769 np0000168717 neutron-periodic-workers[105975]: DEBUG dbcounter [-] [105975] Writing DB stats neutron:SELECT=3 {{(pid=105975) stat_writer /opt/stack/data/venv/lib/python3.12/site-packages/dbcounter.py:115}}
Apr 21 13:59:34.818950 np0000168717 neutron-periodic-workers[105978]: DEBUG neutron.db.agents_db [None req-b5024753-6264-4b1a-96e7-56ba49b0fcfb None None] Agent healthcheck: found 0 active agents {{(pid=105978) agent_health_check /opt/stack/neutron/neutron/db/agents_db.py:317}}
Apr 21 13:59:34.819643 np0000168717 neutron-periodic-workers[105978]: DEBUG oslo.service.backend._threading.loopingcall [None req-b5024753-6264-4b1a-96e7-56ba49b0fcfb None None] Fixed interval looping call 'neutron.plugins.ml2.plugin.AgentDbMixin.agent_health_check' sleeping for 37.00 seconds {{(pid=105978) _run_loop /opt/stack/data/venv/lib/python3.12/site-packages/oslo_service/backend/_threading/loopingcall.py:125}}
Apr 21 13:59:34.865983 np0000168717 neutron-periodic-workers[105998]: DEBUG oslo.service.backend._threading.loopingcall [None req-341853f4-17db-4090-a63a-789f333ccf71 None None] Fixed interval looping call 'neutron.services.ovn_l3.plugin.L3_NAT_dbonly_mixin._clean_garbage' sleeping for 299.99 seconds {{(pid=105998) _run_loop /opt/stack/data/venv/lib/python3.12/site-packages/oslo_service/backend/_threading/loopingcall.py:125}}
Apr 21 13:59:44.817737 np0000168717 neutron-periodic-workers[105978]: DEBUG dbcounter [-] [105978] Writing DB stats neutron:SELECT=1 {{(pid=105978) stat_writer /opt/stack/data/venv/lib/python3.12/site-packages/dbcounter.py:115}}
Apr 21 13:59:44.858686 np0000168717 neutron-periodic-workers[105998]: DEBUG dbcounter [-] [105998] Writing DB stats neutron:SELECT=1 {{(pid=105998) stat_writer /opt/stack/data/venv/lib/python3.12/site-packages/dbcounter.py:115}}
Apr 21 13:59:54.812645 np0000168717 neutron-periodic-workers[105975]: DEBUG oslo.service.backend._threading.loopingcall [None req-fd288e95-f8a6-48a8-9ce0-e2dd0cc3d6a6 None None] Fixed interval looping call 'neutron.plugins.ml2.plugin.DhcpAgentSchedulerDbMixin.remove_networks_from_down_agents' sleeping for 36.99 seconds {{(pid=105975) _run_loop /opt/stack/data/venv/lib/python3.12/site-packages/oslo_service/backend/_threading/loopingcall.py:125}}
Apr 21 14:00:04.811606 np0000168717 neutron-periodic-workers[105975]: DEBUG dbcounter [-] [105975] Writing DB stats neutron:SELECT=3 {{(pid=105975) stat_writer /opt/stack/data/venv/lib/python3.12/site-packages/dbcounter.py:115}}
Apr 21 14:00:04.844794 np0000168717 neutron-periodic-workers[105987]: DEBUG oslo.service.backend._threading.loopingcall [None req-6f1746d0-b41a-4c66-ae23-b3fc26a0a715 None None] Fixed interval looping call 'neutron.db.quota.driver_nolock.DbQuotaNoLockDriver._remove_expired_reservations' sleeping for 120.00 seconds {{(pid=105987) _run_loop /opt/stack/data/venv/lib/python3.12/site-packages/oslo_service/backend/_threading/loopingcall.py:125}}
Apr 21 14:00:11.823431 np0000168717 neutron-periodic-workers[105978]: DEBUG neutron.db.agents_db [None req-b5024753-6264-4b1a-96e7-56ba49b0fcfb None None] Agent healthcheck: found 0 active agents {{(pid=105978) agent_health_check /opt/stack/neutron/neutron/db/agents_db.py:317}}
Apr 21 14:00:11.824100 np0000168717 neutron-periodic-workers[105978]: DEBUG oslo.service.backend._threading.loopingcall [None req-b5024753-6264-4b1a-96e7-56ba49b0fcfb None None] Fixed interval looping call 'neutron.plugins.ml2.plugin.AgentDbMixin.agent_health_check' sleeping for 37.00 seconds {{(pid=105978) _run_loop /opt/stack/data/venv/lib/python3.12/site-packages/oslo_service/backend/_threading/loopingcall.py:125}}
Apr 21 14:00:14.843156 np0000168717 neutron-periodic-workers[105987]: DEBUG dbcounter [-] [105987] Writing DB stats neutron:DELETE=1 {{(pid=105987) stat_writer /opt/stack/data/venv/lib/python3.12/site-packages/dbcounter.py:115}}
Apr 21 14:00:21.822363 np0000168717 neutron-periodic-workers[105978]: DEBUG dbcounter [-] [105978] Writing DB stats neutron:SELECT=1 {{(pid=105978) stat_writer /opt/stack/data/venv/lib/python3.12/site-packages/dbcounter.py:115}}
Apr 21 14:00:31.812662 np0000168717 neutron-periodic-workers[105975]: DEBUG oslo.service.backend._threading.loopingcall [None req-fd288e95-f8a6-48a8-9ce0-e2dd0cc3d6a6 None None] Fixed interval looping call 'neutron.plugins.ml2.plugin.DhcpAgentSchedulerDbMixin.remove_networks_from_down_agents' sleeping for 36.99 seconds {{(pid=105975) _run_loop /opt/stack/data/venv/lib/python3.12/site-packages/oslo_service/backend/_threading/loopingcall.py:125}}
Apr 21 14:00:41.810992 np0000168717 neutron-periodic-workers[105975]: DEBUG dbcounter [-] [105975] Writing DB stats neutron:SELECT=3 {{(pid=105975) stat_writer /opt/stack/data/venv/lib/python3.12/site-packages/dbcounter.py:115}}
Apr 21 14:00:48.829419 np0000168717 neutron-periodic-workers[105978]: DEBUG neutron.db.agents_db [None req-b5024753-6264-4b1a-96e7-56ba49b0fcfb None None] Agent healthcheck: found 0 active agents {{(pid=105978) agent_health_check /opt/stack/neutron/neutron/db/agents_db.py:317}}
Apr 21 14:00:48.830099 np0000168717 neutron-periodic-workers[105978]: DEBUG oslo.service.backend._threading.loopingcall [None req-b5024753-6264-4b1a-96e7-56ba49b0fcfb None None] Fixed interval looping call 'neutron.plugins.ml2.plugin.AgentDbMixin.agent_health_check' sleeping for 36.99 seconds {{(pid=105978) _run_loop /opt/stack/data/venv/lib/python3.12/site-packages/oslo_service/backend/_threading/loopingcall.py:125}}
Apr 21 14:00:58.828236 np0000168717 neutron-periodic-workers[105978]: DEBUG dbcounter [-] [105978] Writing DB stats neutron:SELECT=1 {{(pid=105978) stat_writer /opt/stack/data/venv/lib/python3.12/site-packages/dbcounter.py:115}}
Apr 21 14:01:08.812578 np0000168717 neutron-periodic-workers[105975]: DEBUG oslo.service.backend._threading.loopingcall [None req-fd288e95-f8a6-48a8-9ce0-e2dd0cc3d6a6 None None] Fixed interval looping call 'neutron.plugins.ml2.plugin.DhcpAgentSchedulerDbMixin.remove_networks_from_down_agents' sleeping for 36.99 seconds {{(pid=105975) _run_loop /opt/stack/data/venv/lib/python3.12/site-packages/oslo_service/backend/_threading/loopingcall.py:125}}
Apr 21 14:01:18.811490 np0000168717 neutron-periodic-workers[105975]: DEBUG dbcounter [-] [105975] Writing DB stats neutron:SELECT=3 {{(pid=105975) stat_writer /opt/stack/data/venv/lib/python3.12/site-packages/dbcounter.py:115}}
Apr 21 14:01:25.824892 np0000168717 neutron-periodic-workers[105978]: DEBUG neutron.db.agents_db [None req-b5024753-6264-4b1a-96e7-56ba49b0fcfb None None] Agent healthcheck: found 0 active agents {{(pid=105978) agent_health_check /opt/stack/neutron/neutron/db/agents_db.py:317}}
Apr 21 14:01:25.825789 np0000168717 neutron-periodic-workers[105978]: DEBUG oslo.service.backend._threading.loopingcall [None req-b5024753-6264-4b1a-96e7-56ba49b0fcfb None None] Fixed interval looping call 'neutron.plugins.ml2.plugin.AgentDbMixin.agent_health_check' sleeping for 36.99 seconds {{(pid=105978) _run_loop /opt/stack/data/venv/lib/python3.12/site-packages/oslo_service/backend/_threading/loopingcall.py:125}}
Apr 21 14:01:35.824197 np0000168717 neutron-periodic-workers[105978]: DEBUG dbcounter [-] [105978] Writing DB stats neutron:SELECT=1 {{(pid=105978) stat_writer /opt/stack/data/venv/lib/python3.12/site-packages/dbcounter.py:115}}
Apr 21 14:01:45.813443 np0000168717 neutron-periodic-workers[105975]: DEBUG oslo.service.backend._threading.loopingcall [None req-fd288e95-f8a6-48a8-9ce0-e2dd0cc3d6a6 None None] Fixed interval looping call 'neutron.plugins.ml2.plugin.DhcpAgentSchedulerDbMixin.remove_networks_from_down_agents' sleeping for 36.99 seconds {{(pid=105975) _run_loop /opt/stack/data/venv/lib/python3.12/site-packages/oslo_service/backend/_threading/loopingcall.py:125}}
Apr 21 14:01:55.811623 np0000168717 neutron-periodic-workers[105975]: DEBUG dbcounter [-] [105975] Writing DB stats neutron:SELECT=3 {{(pid=105975) stat_writer /opt/stack/data/venv/lib/python3.12/site-packages/dbcounter.py:115}}
Apr 21 14:02:02.820466 np0000168717 neutron-periodic-workers[105978]: DEBUG neutron.db.agents_db [None req-b5024753-6264-4b1a-96e7-56ba49b0fcfb None None] Agent healthcheck: found 0 active agents {{(pid=105978) agent_health_check /opt/stack/neutron/neutron/db/agents_db.py:317}}
Apr 21 14:02:02.820963 np0000168717 neutron-periodic-workers[105978]: DEBUG oslo.service.backend._threading.loopingcall [None req-b5024753-6264-4b1a-96e7-56ba49b0fcfb None None] Fixed interval looping call 'neutron.plugins.ml2.plugin.AgentDbMixin.agent_health_check' sleeping for 36.99 seconds {{(pid=105978) _run_loop /opt/stack/data/venv/lib/python3.12/site-packages/oslo_service/backend/_threading/loopingcall.py:125}}
Apr 21 14:02:04.850560 np0000168717 neutron-periodic-workers[105987]: DEBUG oslo.service.backend._threading.loopingcall [None req-6f1746d0-b41a-4c66-ae23-b3fc26a0a715 None None] Fixed interval looping call 'neutron.db.quota.driver_nolock.DbQuotaNoLockDriver._remove_expired_reservations' sleeping for 120.00 seconds {{(pid=105987) _run_loop /opt/stack/data/venv/lib/python3.12/site-packages/oslo_service/backend/_threading/loopingcall.py:125}}
Apr 21 14:02:12.818976 np0000168717 neutron-periodic-workers[105978]: DEBUG dbcounter [-] [105978] Writing DB stats neutron:SELECT=1 {{(pid=105978) stat_writer /opt/stack/data/venv/lib/python3.12/site-packages/dbcounter.py:115}}
Apr 21 14:02:14.849088 np0000168717 neutron-periodic-workers[105987]: DEBUG dbcounter [-] [105987] Writing DB stats neutron:DELETE=1 {{(pid=105987) stat_writer /opt/stack/data/venv/lib/python3.12/site-packages/dbcounter.py:115}}
Apr 21 14:02:22.810903 np0000168717 neutron-periodic-workers[105975]: DEBUG oslo.service.backend._threading.loopingcall [None req-fd288e95-f8a6-48a8-9ce0-e2dd0cc3d6a6 None None] Fixed interval looping call 'neutron.plugins.ml2.plugin.DhcpAgentSchedulerDbMixin.remove_networks_from_down_agents' sleeping for 36.99 seconds {{(pid=105975) _run_loop /opt/stack/data/venv/lib/python3.12/site-packages/oslo_service/backend/_threading/loopingcall.py:125}}
Apr 21 14:02:32.810035 np0000168717 neutron-periodic-workers[105975]: DEBUG dbcounter [-] [105975] Writing DB stats neutron:SELECT=3 {{(pid=105975) stat_writer /opt/stack/data/venv/lib/python3.12/site-packages/dbcounter.py:115}}
Apr 21 14:02:39.814672 np0000168717 neutron-periodic-workers[105978]: DEBUG neutron.db.agents_db [None req-b5024753-6264-4b1a-96e7-56ba49b0fcfb None None] Agent healthcheck: found 0 active agents {{(pid=105978) agent_health_check /opt/stack/neutron/neutron/db/agents_db.py:317}}
Apr 21 14:02:39.815255 np0000168717 neutron-periodic-workers[105978]: DEBUG oslo.service.backend._threading.loopingcall [None req-b5024753-6264-4b1a-96e7-56ba49b0fcfb None None] Fixed interval looping call 'neutron.plugins.ml2.plugin.AgentDbMixin.agent_health_check' sleeping for 37.00 seconds {{(pid=105978) _run_loop /opt/stack/data/venv/lib/python3.12/site-packages/oslo_service/backend/_threading/loopingcall.py:125}}
Apr 21 14:02:49.813534 np0000168717 neutron-periodic-workers[105978]: DEBUG dbcounter [-] [105978] Writing DB stats neutron:SELECT=1 {{(pid=105978) stat_writer /opt/stack/data/venv/lib/python3.12/site-packages/dbcounter.py:115}}
Apr 21 14:02:59.810416 np0000168717 neutron-periodic-workers[105975]: DEBUG oslo.service.backend._threading.loopingcall [None req-fd288e95-f8a6-48a8-9ce0-e2dd0cc3d6a6 None None] Fixed interval looping call 'neutron.plugins.ml2.plugin.DhcpAgentSchedulerDbMixin.remove_networks_from_down_agents' sleeping for 36.99 seconds {{(pid=105975) _run_loop /opt/stack/data/venv/lib/python3.12/site-packages/oslo_service/backend/_threading/loopingcall.py:125}}
Apr 21 14:03:09.809640 np0000168717 neutron-periodic-workers[105975]: DEBUG dbcounter [-] [105975] Writing DB stats neutron:SELECT=3 {{(pid=105975) stat_writer /opt/stack/data/venv/lib/python3.12/site-packages/dbcounter.py:115}}
Apr 21 14:03:16.820862 np0000168717 neutron-periodic-workers[105978]: DEBUG neutron.db.agents_db [None req-b5024753-6264-4b1a-96e7-56ba49b0fcfb None None] Agent healthcheck: found 0 active agents {{(pid=105978) agent_health_check /opt/stack/neutron/neutron/db/agents_db.py:317}}
Apr 21 14:03:16.821600 np0000168717 neutron-periodic-workers[105978]: DEBUG oslo.service.backend._threading.loopingcall [None req-b5024753-6264-4b1a-96e7-56ba49b0fcfb None None] Fixed interval looping call 'neutron.plugins.ml2.plugin.AgentDbMixin.agent_health_check' sleeping for 36.99 seconds {{(pid=105978) _run_loop /opt/stack/data/venv/lib/python3.12/site-packages/oslo_service/backend/_threading/loopingcall.py:125}}
Apr 21 14:03:26.818730 np0000168717 neutron-periodic-workers[105978]: DEBUG dbcounter [-] [105978] Writing DB stats neutron:SELECT=1 {{(pid=105978) stat_writer /opt/stack/data/venv/lib/python3.12/site-packages/dbcounter.py:115}}
Apr 21 14:03:36.810463 np0000168717 neutron-periodic-workers[105975]: DEBUG oslo.service.backend._threading.loopingcall [None req-fd288e95-f8a6-48a8-9ce0-e2dd0cc3d6a6 None None] Fixed interval looping call 'neutron.plugins.ml2.plugin.DhcpAgentSchedulerDbMixin.remove_networks_from_down_agents' sleeping for 36.99 seconds {{(pid=105975) _run_loop /opt/stack/data/venv/lib/python3.12/site-packages/oslo_service/backend/_threading/loopingcall.py:125}}
Apr 21 14:03:46.809259 np0000168717 neutron-periodic-workers[105975]: DEBUG dbcounter [-] [105975] Writing DB stats neutron:SELECT=3 {{(pid=105975) stat_writer /opt/stack/data/venv/lib/python3.12/site-packages/dbcounter.py:115}}
Apr 21 14:03:53.817787 np0000168717 neutron-periodic-workers[105978]: DEBUG neutron.db.agents_db [None req-b5024753-6264-4b1a-96e7-56ba49b0fcfb None None] Agent healthcheck: found 0 active agents {{(pid=105978) agent_health_check /opt/stack/neutron/neutron/db/agents_db.py:317}}
Apr 21 14:03:53.818524 np0000168717 neutron-periodic-workers[105978]: DEBUG oslo.service.backend._threading.loopingcall [None req-b5024753-6264-4b1a-96e7-56ba49b0fcfb None None] Fixed interval looping call 'neutron.plugins.ml2.plugin.AgentDbMixin.agent_health_check' sleeping for 36.99 seconds {{(pid=105978) _run_loop /opt/stack/data/venv/lib/python3.12/site-packages/oslo_service/backend/_threading/loopingcall.py:125}}
Apr 21 14:04:03.815552 np0000168717 neutron-periodic-workers[105978]: DEBUG dbcounter [-] [105978] Writing DB stats neutron:SELECT=1 {{(pid=105978) stat_writer /opt/stack/data/venv/lib/python3.12/site-packages/dbcounter.py:115}}
