Apr 21 13:57:07.329884 np0000168717 devstack@neutron-api.service[104163]: DEBUG neutron.api.v2.base [None req-5b3d8771-b743-4ade-8466-1d339e5f2e5d admin admin] Request body: {'quota': {'security_group': 100}} {{(pid=104163) prepare_request_body /opt/stack/neutron/neutron/api/v2/base.py:729}}
Apr 21 13:57:07.349801 np0000168717 devstack@neutron-api.service[104163]: [pid: 104163|app: 0|req: 22/88] 199.204.45.19 () {68 vars in 1442 bytes} [Tue Apr 21 13:57:07 2026] PUT /networking/v2.0/quotas/abba7b67ce45407494af1c04ce54192a => generated 175 bytes in 26 msecs (HTTP/1.1 200) 4 headers in 157 bytes (1 switches on core 0)
Apr 21 13:57:07.646565 np0000168717 devstack@neutron-api.service[104162]: /opt/stack/neutron/neutron/extensions/quotasv2.py:134: UserWarning: "--check-limit" parameter is no longer needed since Epoxy (2025.1) release. By default, Neutron quota engine checks the resource usage before updating the limits
Apr 21 13:57:07.646565 np0000168717 devstack@neutron-api.service[104162]: warnings.warn('"--check-limit" parameter is no longer needed '
Apr 21 13:57:07.647143 np0000168717 devstack@neutron-api.service[104162]: DEBUG neutron.api.v2.base [None req-087e59f7-3f41-42ff-864d-89ab9be22d2d admin admin] Request body: {'quota': {'security_group_rule': 1000}} {{(pid=104162) prepare_request_body /opt/stack/neutron/neutron/api/v2/base.py:729}}
Apr 21 13:57:07.675008 np0000168717 devstack@neutron-api.service[104162]: [pid: 104162|app: 0|req: 23/89] 199.204.45.19 () {68 vars in 1442 bytes} [Tue Apr 21 13:57:07 2026] PUT /networking/v2.0/quotas/abba7b67ce45407494af1c04ce54192a => generated 176 bytes in 34 msecs (HTTP/1.1 200) 4 headers in 157 bytes (1 switches on core 0)
Apr 21 13:57:13.694424 np0000168717 devstack@neutron-api.service[104165]: DEBUG dbcounter [-] [104165] Writing DB stats neutron:UPDATE=1,neutron:SELECT=1 {{(pid=104165) stat_writer /opt/stack/data/venv/lib/python3.12/site-packages/dbcounter.py:115}}
Apr 21 13:57:13.714158 np0000168717 devstack@neutron-api.service[104164]: DEBUG dbcounter [-] [104164] Writing DB stats neutron:UPDATE=1,neutron:SELECT=1 {{(pid=104164) stat_writer /opt/stack/data/venv/lib/python3.12/site-packages/dbcounter.py:115}}
Apr 21 13:57:17.348755 np0000168717 devstack@neutron-api.service[104163]: DEBUG dbcounter [-] [104163] Writing DB stats neutron:UPDATE=1,neutron:SELECT=5,neutron:INSERT=1 {{(pid=104163) stat_writer /opt/stack/data/venv/lib/python3.12/site-packages/dbcounter.py:115}}
Apr 21 13:57:17.673416 np0000168717 devstack@neutron-api.service[104162]: DEBUG dbcounter [-] [104162] Writing DB stats neutron:UPDATE=1,neutron:SELECT=5,neutron:INSERT=1 {{(pid=104162) stat_writer /opt/stack/data/venv/lib/python3.12/site-packages/dbcounter.py:115}}
Apr 21 13:57:17.813598 np0000168717 devstack@neutron-api.service[104162]: DEBUG futurist.periodics [-] Submitting periodic callback 'neutron.plugins.ml2.drivers.ovn.mech_driver.ovsdb.maintenance.HashRingHealthCheckPeriodics.touch_hash_ring_node' {{(pid=104162) _process_scheduled /opt/stack/data/venv/lib/python3.12/site-packages/futurist/periodics.py:784}}
Apr 21 13:57:17.814427 np0000168717 devstack@neutron-api.service[104162]: DEBUG neutron.plugins.ml2.drivers.ovn.mech_driver.ovsdb.maintenance [-] Touching Hash Ring node "200ea945c8e15c2291a018507f6b2737" from periodic health check thread {{(pid=104162) touch_hash_ring_node /opt/stack/neutron/neutron/plugins/ml2/drivers/ovn/mech_driver/ovsdb/maintenance.py:1401}}
Apr 21 13:57:18.686493 np0000168717 devstack@neutron-api.service[104165]: DEBUG futurist.periodics [-] Submitting periodic callback 'neutron.plugins.ml2.drivers.ovn.mech_driver.ovsdb.maintenance.HashRingHealthCheckPeriodics.touch_hash_ring_node' {{(pid=104165) _process_scheduled /opt/stack/data/venv/lib/python3.12/site-packages/futurist/periodics.py:784}}
Apr 21 13:57:18.687276 np0000168717 devstack@neutron-api.service[104165]: DEBUG neutron.plugins.ml2.drivers.ovn.mech_driver.ovsdb.maintenance [-] Touching Hash Ring node "1d44229e634c53f29e1bfb34b88ce128" from periodic health check thread {{(pid=104165) touch_hash_ring_node /opt/stack/neutron/neutron/plugins/ml2/drivers/ovn/mech_driver/ovsdb/maintenance.py:1401}}
Apr 21 13:57:18.690713 np0000168717 devstack@neutron-api.service[104163]: DEBUG futurist.periodics [-] Submitting periodic callback 'neutron.plugins.ml2.drivers.ovn.mech_driver.ovsdb.maintenance.HashRingHealthCheckPeriodics.touch_hash_ring_node' {{(pid=104163) _process_scheduled /opt/stack/data/venv/lib/python3.12/site-packages/futurist/periodics.py:784}}
Apr 21 13:57:18.692709 np0000168717 devstack@neutron-api.service[104163]: DEBUG neutron.plugins.ml2.drivers.ovn.mech_driver.ovsdb.maintenance [-] Touching Hash Ring node "9cd2891e519953b3930a4dd1ee21c007" from periodic health check thread {{(pid=104163) touch_hash_ring_node /opt/stack/neutron/neutron/plugins/ml2/drivers/ovn/mech_driver/ovsdb/maintenance.py:1401}}
Apr 21 13:57:18.707699 np0000168717 devstack@neutron-api.service[104164]: DEBUG futurist.periodics [-] Submitting periodic callback 'neutron.plugins.ml2.drivers.ovn.mech_driver.ovsdb.maintenance.HashRingHealthCheckPeriodics.touch_hash_ring_node' {{(pid=104164) _process_scheduled /opt/stack/data/venv/lib/python3.12/site-packages/futurist/periodics.py:784}}
Apr 21 13:57:18.709938 np0000168717 devstack@neutron-api.service[104164]: DEBUG neutron.plugins.ml2.drivers.ovn.mech_driver.ovsdb.maintenance [-] Touching Hash Ring node "06c7d6882d1e56f98581c9f0bb671e3f" from periodic health check thread {{(pid=104164) touch_hash_ring_node /opt/stack/neutron/neutron/plugins/ml2/drivers/ovn/mech_driver/ovsdb/maintenance.py:1401}}
Apr 21 13:57:23.009106 np0000168717 devstack@neutron-api.service[104165]: DEBUG neutron.pecan_wsgi.hooks.policy_enforcement [None req-6b24ba65-0db7-4bf2-a9e8-13f7b1ca5ec2 admin admin] Attributes excluded by policy engine: ['standard_attr_id'] {{(pid=104165) _exclude_attributes_by_policy /opt/stack/neutron/neutron/pecan_wsgi/hooks/policy_enforcement.py:258}}
Apr 21 13:57:23.011637 np0000168717 devstack@neutron-api.service[104165]: DEBUG neutron.pecan_wsgi.hooks.policy_enforcement [None req-6b24ba65-0db7-4bf2-a9e8-13f7b1ca5ec2 admin admin] Attributes excluded by policy engine: ['standard_attr_id'] {{(pid=104165) _exclude_attributes_by_policy /opt/stack/neutron/neutron/pecan_wsgi/hooks/policy_enforcement.py:258}}
Apr 21 13:57:23.012311 np0000168717 devstack@neutron-api.service[104165]: [pid: 104165|app: 0|req: 23/90] 199.204.45.19 () {64 vars in 1371 bytes} [Tue Apr 21 13:57:22 2026] GET /networking/v2.0/ports?device_owner=network%3Adistributed => generated 1649 bytes in 101 msecs (HTTP/1.1 200) 4 headers in 158 bytes (1 switches on core 0)
Apr 21 13:57:24.693629 np0000168717 devstack@neutron-api.service[104163]: DEBUG neutron.common.ovn.hash_ring_manager [None req-14416aa0-20a8-4197-a013-bffc09a89951 None None] Hash Ring loaded. 4 active nodes. 0 offline nodes {{(pid=104163) _load_hash_ring /opt/stack/neutron/neutron/common/ovn/hash_ring_manager.py:102}}
Apr 21 13:57:24.693937 np0000168717 devstack@neutron-api.service[104163]: DEBUG neutron.plugins.ml2.drivers.ovn.mech_driver.ovsdb.ovsdb_monitor [None req-14416aa0-20a8-4197-a013-bffc09a89951 None None] Hash Ring: Node 9cd2891e519953b3930a4dd1ee21c007 (host: np0000168717) handling event "update" for row eba2c363-f9ee-4930-8d77-be4ac5ec9554 (table: Connection) {{(pid=104163) notify /opt/stack/neutron/neutron/plugins/ml2/drivers/ovn/mech_driver/ovsdb/ovsdb_monitor.py:914}}
Apr 21 13:57:24.697341 np0000168717 devstack@neutron-api.service[104165]: DEBUG neutron.common.ovn.hash_ring_manager [None req-40f62336-0a9d-4ab0-a323-038d19654b34 None None] Hash Ring loaded. 4 active nodes. 0 offline nodes {{(pid=104165) _load_hash_ring /opt/stack/neutron/neutron/common/ovn/hash_ring_manager.py:102}}
Apr 21 13:57:24.697581 np0000168717 devstack@neutron-api.service[104162]: DEBUG neutron.common.ovn.hash_ring_manager [None req-e1eb86ad-7d54-4c4e-9c60-3b3a78c8a2d3 None None] Hash Ring loaded. 4 active nodes. 0 offline nodes {{(pid=104162) _load_hash_ring /opt/stack/neutron/neutron/common/ovn/hash_ring_manager.py:102}}
Apr 21 13:57:24.699577 np0000168717 devstack@neutron-api.service[104164]: DEBUG neutron.common.ovn.hash_ring_manager [None req-9321354a-3d4c-41e9-b7dd-adca84efd74f None None] Hash Ring loaded. 4 active nodes. 0 offline nodes {{(pid=104164) _load_hash_ring /opt/stack/neutron/neutron/common/ovn/hash_ring_manager.py:102}}
Apr 21 13:57:32.814948 np0000168717 devstack@neutron-api.service[104162]: DEBUG futurist.periodics [-] Submitting periodic callback 'neutron.plugins.ml2.drivers.ovn.mech_driver.ovsdb.maintenance.HashRingHealthCheckPeriodics.touch_hash_ring_node' {{(pid=104162) _process_scheduled /opt/stack/data/venv/lib/python3.12/site-packages/futurist/periodics.py:784}}
Apr 21 13:57:32.816674 np0000168717 devstack@neutron-api.service[104162]: DEBUG neutron.plugins.ml2.drivers.ovn.mech_driver.ovsdb.maintenance [-] Touching Hash Ring node "200ea945c8e15c2291a018507f6b2737" from periodic health check thread {{(pid=104162) touch_hash_ring_node /opt/stack/neutron/neutron/plugins/ml2/drivers/ovn/mech_driver/ovsdb/maintenance.py:1401}}
Apr 21 13:57:33.687668 np0000168717 devstack@neutron-api.service[104165]: DEBUG futurist.periodics [-] Submitting periodic callback 'neutron.plugins.ml2.drivers.ovn.mech_driver.ovsdb.maintenance.HashRingHealthCheckPeriodics.touch_hash_ring_node' {{(pid=104165) _process_scheduled /opt/stack/data/venv/lib/python3.12/site-packages/futurist/periodics.py:784}}
Apr 21 13:57:33.689311 np0000168717 devstack@neutron-api.service[104165]: DEBUG neutron.plugins.ml2.drivers.ovn.mech_driver.ovsdb.maintenance [-] Touching Hash Ring node "1d44229e634c53f29e1bfb34b88ce128" from periodic health check thread {{(pid=104165) touch_hash_ring_node /opt/stack/neutron/neutron/plugins/ml2/drivers/ovn/mech_driver/ovsdb/maintenance.py:1401}}
Apr 21 13:57:33.692940 np0000168717 devstack@neutron-api.service[104163]: DEBUG futurist.periodics [-] Submitting periodic callback 'neutron.plugins.ml2.drivers.ovn.mech_driver.ovsdb.maintenance.HashRingHealthCheckPeriodics.touch_hash_ring_node' {{(pid=104163) _process_scheduled /opt/stack/data/venv/lib/python3.12/site-packages/futurist/periodics.py:784}}
Apr 21 13:57:33.694296 np0000168717 devstack@neutron-api.service[104163]: DEBUG neutron.plugins.ml2.drivers.ovn.mech_driver.ovsdb.maintenance [-] Touching Hash Ring node "9cd2891e519953b3930a4dd1ee21c007" from periodic health check thread {{(pid=104163) touch_hash_ring_node /opt/stack/neutron/neutron/plugins/ml2/drivers/ovn/mech_driver/ovsdb/maintenance.py:1401}}
Apr 21 13:57:33.710043 np0000168717 devstack@neutron-api.service[104164]: DEBUG futurist.periodics [-] Submitting periodic callback 'neutron.plugins.ml2.drivers.ovn.mech_driver.ovsdb.maintenance.HashRingHealthCheckPeriodics.touch_hash_ring_node' {{(pid=104164) _process_scheduled /opt/stack/data/venv/lib/python3.12/site-packages/futurist/periodics.py:784}}
Apr 21 13:57:33.711552 np0000168717 devstack@neutron-api.service[104164]: DEBUG neutron.plugins.ml2.drivers.ovn.mech_driver.ovsdb.maintenance [-] Touching Hash Ring node "06c7d6882d1e56f98581c9f0bb671e3f" from periodic health check thread {{(pid=104164) touch_hash_ring_node /opt/stack/neutron/neutron/plugins/ml2/drivers/ovn/mech_driver/ovsdb/maintenance.py:1401}}
Apr 21 13:57:36.882040 np0000168717 devstack@neutron-api.service[104164]: INFO neutron.pecan_wsgi.hooks.translation [None req-90662d76-7f3e-4331-9e40-6e967398c438 admin admin] GET failed (client error): The resource could not be found.
Apr 21 13:57:36.882650 np0000168717 devstack@neutron-api.service[104164]: [pid: 104164|app: 0|req: 23/91] 199.204.45.19 () {64 vars in 1327 bytes} [Tue Apr 21 13:57:36 2026] GET /networking/v2.0/networks/admin_net => generated 111 bytes in 13 msecs (HTTP/1.1 404) 4 headers in 164 bytes (1 switches on core 0)
Apr 21 13:57:36.916457 np0000168717 devstack@neutron-api.service[104163]: [pid: 104163|app: 0|req: 23/92] 199.204.45.19 () {64 vars in 1339 bytes} [Tue Apr 21 13:57:36 2026] GET /networking/v2.0/networks?name=admin_net => generated 15 bytes in 24 msecs (HTTP/1.1 200) 4 headers in 156 bytes (1 switches on core 0)
Apr 21 13:57:37.177068 np0000168717 devstack@neutron-api.service[104162]: DEBUG neutron.api.v2.base [None req-11a0287d-7726-41b6-8a8c-b7c01fadfd09 admin admin] Request body: {'network': {'name': 'admin_net', 'project_id': '968df9ef12654907aacf8d55ee473600', 'admin_state_up': True}} {{(pid=104162) prepare_request_body /opt/stack/neutron/neutron/api/v2/base.py:729}}
Apr 21 13:57:37.195886 np0000168717 devstack@neutron-api.service[104162]: DEBUG neutron.pecan_wsgi.hooks.quota_enforcement [None req-11a0287d-7726-41b6-8a8c-b7c01fadfd09 admin admin] Made reservation on behalf of 968df9ef12654907aacf8d55ee473600 for: {'network': 1} {{(pid=104162) before /opt/stack/neutron/neutron/pecan_wsgi/hooks/quota_enforcement.py:66}}
Apr 21 13:57:37.199143 np0000168717 devstack@neutron-api.service[104162]: DEBUG neutron_lib.callbacks.manager [None req-11a0287d-7726-41b6-8a8c-b7c01fadfd09 admin admin] Publish callbacks ['neutron.plugins.ml2.plugin.SecurityGroupDbMixin._ensure_default_security_group_handler-31999'] for network (None), before_create {{(pid=104162) _notify_loop /opt/stack/data/venv/lib/python3.12/site-packages/neutron_lib/callbacks/manager.py:184}}
Apr 21 13:57:37.204915 np0000168717 devstack@neutron-api.service[104162]: DEBUG neutron_lib.callbacks.manager [None req-11a0287d-7726-41b6-8a8c-b7c01fadfd09 admin admin] Publish callbacks [] for security_group (None), before_create {{(pid=104162) _notify_loop /opt/stack/data/venv/lib/python3.12/site-packages/neutron_lib/callbacks/manager.py:184}}
Apr 21 13:57:37.263845 np0000168717 devstack@neutron-api.service[104162]: DEBUG neutron_lib.callbacks.manager [None req-11a0287d-7726-41b6-8a8c-b7c01fadfd09 admin admin] Publish callbacks ['neutron.plugins.ml2.drivers.ovn.mech_driver.mech_driver.OVNMechanismDriver._create_security_group_precommit-356498'] for security_group (08ddd533-b371-454e-ae51-6bded1ad1d8d), precommit_create {{(pid=104162) _notify_loop /opt/stack/data/venv/lib/python3.12/site-packages/neutron_lib/callbacks/manager.py:184}}
Apr 21 13:57:37.263994 np0000168717 devstack@neutron-api.service[104162]: DEBUG neutron.db.ovn_revision_numbers_db [None req-11a0287d-7726-41b6-8a8c-b7c01fadfd09 admin admin] create_initial_revision uuid=08ddd533-b371-454e-ae51-6bded1ad1d8d, type=security_groups, rev=-1 {{(pid=104162) create_initial_revision /opt/stack/neutron/neutron/db/ovn_revision_numbers_db.py:98}}
Apr 21 13:57:37.265071 np0000168717 devstack@neutron-api.service[104162]: DEBUG neutron.db.ovn_revision_numbers_db [None req-11a0287d-7726-41b6-8a8c-b7c01fadfd09 admin admin] create_initial_revision uuid=74ae0488-1871-425e-8d9e-af064de635e8, type=security_group_rules, rev=-1 {{(pid=104162) create_initial_revision /opt/stack/neutron/neutron/db/ovn_revision_numbers_db.py:98}}
Apr 21 13:57:37.266036 np0000168717 devstack@neutron-api.service[104162]: DEBUG neutron.db.ovn_revision_numbers_db [None req-11a0287d-7726-41b6-8a8c-b7c01fadfd09 admin admin] create_initial_revision uuid=81371cc9-24c6-4045-aa15-c33e28afae51, type=security_group_rules, rev=-1 {{(pid=104162) create_initial_revision /opt/stack/neutron/neutron/db/ovn_revision_numbers_db.py:98}}
Apr 21 13:57:37.266965 np0000168717 devstack@neutron-api.service[104162]: DEBUG neutron.db.ovn_revision_numbers_db [None req-11a0287d-7726-41b6-8a8c-b7c01fadfd09 admin admin] create_initial_revision uuid=c13b4225-4e7e-4790-8b4f-c13c1f52c949, type=security_group_rules, rev=-1 {{(pid=104162) create_initial_revision /opt/stack/neutron/neutron/db/ovn_revision_numbers_db.py:98}}
Apr 21 13:57:37.267954 np0000168717 devstack@neutron-api.service[104162]: DEBUG neutron.db.ovn_revision_numbers_db [None req-11a0287d-7726-41b6-8a8c-b7c01fadfd09 admin admin] create_initial_revision uuid=d92f1b39-6527-43e7-b304-6712fb0f3f99, type=security_group_rules, rev=-1 {{(pid=104162) create_initial_revision /opt/stack/neutron/neutron/db/ovn_revision_numbers_db.py:98}}
Apr 21 13:57:37.274596 np0000168717 devstack@neutron-api.service[104162]: DEBUG neutron_lib.callbacks.manager [None req-11a0287d-7726-41b6-8a8c-b7c01fadfd09 admin admin] Publish callbacks ['neutron.plugins.ml2.drivers.ovn.mech_driver.mech_driver.OVNMechanismDriver._create_security_group-356508', 'neutron.plugins.ml2.ovo_rpc._ObjectChangeHandler.handle_event-3330585'] for security_group (08ddd533-b371-454e-ae51-6bded1ad1d8d), after_create {{(pid=104162) _notify_loop /opt/stack/data/venv/lib/python3.12/site-packages/neutron_lib/callbacks/manager.py:184}}
Apr 21 13:57:37.275859 np0000168717 devstack@neutron-api.service[104162]: DEBUG ovsdbapp.backend.ovs_idl.transaction [None req-e1eb86ad-7d54-4c4e-9c60-3b3a78c8a2d3 None None] Running txn n=1 command(idx=0): PgAddCommand(_result=None, name=pg_08ddd533_b371_454e_ae51_6bded1ad1d8d, may_exist=False, columns={'acls': [], 'external_ids': {'neutron:security_group_id': '08ddd533-b371-454e-ae51-6bded1ad1d8d'}}) {{(pid=104162) do_commit /opt/stack/data/venv/lib/python3.12/site-packages/ovsdbapp/backend/ovs_idl/transaction.py:89}}
Apr 21 13:57:37.276524 np0000168717 devstack@neutron-api.service[104162]: DEBUG ovsdbapp.backend.ovs_idl.transaction [None req-e1eb86ad-7d54-4c4e-9c60-3b3a78c8a2d3 None None] Running txn n=1 command(idx=1): PgAclAddCommand(_result=None, entity=pg_08ddd533_b371_454e_ae51_6bded1ad1d8d, direction=to-lport, priority=1002, match=outport == @pg_08ddd533_b371_454e_ae51_6bded1ad1d8d && ip6 && ip6.src == $pg_08ddd533_b371_454e_ae51_6bded1ad1d8d_ip6, action=allow-related, log=False, may_exist=True, severity=[], name=[], meter=[], external_ids={'neutron:security_group_rule_id': '74ae0488-1871-425e-8d9e-af064de635e8'}) {{(pid=104162) do_commit /opt/stack/data/venv/lib/python3.12/site-packages/ovsdbapp/backend/ovs_idl/transaction.py:89}}
Apr 21 13:57:37.277246 np0000168717 devstack@neutron-api.service[104162]: DEBUG ovsdbapp.backend.ovs_idl.transaction [None req-e1eb86ad-7d54-4c4e-9c60-3b3a78c8a2d3 None None] Running txn n=1 command(idx=2): PgAclAddCommand(_result=None, entity=pg_08ddd533_b371_454e_ae51_6bded1ad1d8d, direction=to-lport, priority=1002, match=outport == @pg_08ddd533_b371_454e_ae51_6bded1ad1d8d && ip4 && ip4.src == $pg_08ddd533_b371_454e_ae51_6bded1ad1d8d_ip4, action=allow-related, log=False, may_exist=True, severity=[], name=[], meter=[], external_ids={'neutron:security_group_rule_id': '81371cc9-24c6-4045-aa15-c33e28afae51'}) {{(pid=104162) do_commit /opt/stack/data/venv/lib/python3.12/site-packages/ovsdbapp/backend/ovs_idl/transaction.py:89}}
Apr 21 13:57:37.277775 np0000168717 devstack@neutron-api.service[104162]: DEBUG ovsdbapp.backend.ovs_idl.transaction [None req-e1eb86ad-7d54-4c4e-9c60-3b3a78c8a2d3 None None] Running txn n=1 command(idx=3): PgAclAddCommand(_result=None, entity=pg_08ddd533_b371_454e_ae51_6bded1ad1d8d, direction=from-lport, priority=1002, match=inport == @pg_08ddd533_b371_454e_ae51_6bded1ad1d8d && ip6, action=allow-related, log=False, may_exist=True, severity=[], name=[], meter=[], external_ids={'neutron:security_group_rule_id': 'c13b4225-4e7e-4790-8b4f-c13c1f52c949'}) {{(pid=104162) do_commit /opt/stack/data/venv/lib/python3.12/site-packages/ovsdbapp/backend/ovs_idl/transaction.py:89}}
Apr 21 13:57:37.278436 np0000168717 devstack@neutron-api.service[104162]: DEBUG ovsdbapp.backend.ovs_idl.transaction [None req-e1eb86ad-7d54-4c4e-9c60-3b3a78c8a2d3 None None] Running txn n=1 command(idx=4): PgAclAddCommand(_result=None, entity=pg_08ddd533_b371_454e_ae51_6bded1ad1d8d, direction=from-lport, priority=1002, match=inport == @pg_08ddd533_b371_454e_ae51_6bded1ad1d8d && ip4, action=allow-related, log=False, may_exist=True, severity=[], name=[], meter=[], external_ids={'neutron:security_group_rule_id': 'd92f1b39-6527-43e7-b304-6712fb0f3f99'}) {{(pid=104162) do_commit /opt/stack/data/venv/lib/python3.12/site-packages/ovsdbapp/backend/ovs_idl/transaction.py:89}}
Apr 21 13:57:37.342292 np0000168717 devstack@neutron-api.service[104163]: DEBUG neutron.plugins.ml2.drivers.ovn.mech_driver.ovsdb.ovsdb_monitor [None req-14416aa0-20a8-4197-a013-bffc09a89951 None None] Touching Hash Ring node "9cd2891e519953b3930a4dd1ee21c007" from IDL notify handler {{(pid=104163) notify /opt/stack/neutron/neutron/plugins/ml2/drivers/ovn/mech_driver/ovsdb/ovsdb_monitor.py:906}}
Apr 21 13:57:37.342448 np0000168717 devstack@neutron-api.service[104165]: DEBUG neutron.plugins.ml2.drivers.ovn.mech_driver.ovsdb.ovsdb_monitor [None req-40f62336-0a9d-4ab0-a323-038d19654b34 None None] Touching Hash Ring node "1d44229e634c53f29e1bfb34b88ce128" from IDL notify handler {{(pid=104165) notify /opt/stack/neutron/neutron/plugins/ml2/drivers/ovn/mech_driver/ovsdb/ovsdb_monitor.py:906}}
Apr 21 13:57:37.342707 np0000168717 devstack@neutron-api.service[104164]: DEBUG neutron.plugins.ml2.drivers.ovn.mech_driver.ovsdb.ovsdb_monitor [None req-9321354a-3d4c-41e9-b7dd-adca84efd74f None None] Touching Hash Ring node "06c7d6882d1e56f98581c9f0bb671e3f" from IDL notify handler {{(pid=104164) notify /opt/stack/neutron/neutron/plugins/ml2/drivers/ovn/mech_driver/ovsdb/ovsdb_monitor.py:906}}
Apr 21 13:57:37.351000 np0000168717 devstack@neutron-api.service[104165]: DEBUG neutron.plugins.ml2.drivers.ovn.mech_driver.ovsdb.ovsdb_monitor [None req-40f62336-0a9d-4ab0-a323-038d19654b34 None None] Hash Ring: Node 1d44229e634c53f29e1bfb34b88ce128 (host: np0000168717) handling event "create" for row f00f8b55-3729-47ee-b881-a38d3bc4641c (table: ACL) {{(pid=104165) notify /opt/stack/neutron/neutron/plugins/ml2/drivers/ovn/mech_driver/ovsdb/ovsdb_monitor.py:914}}
Apr 21 13:57:37.352657 np0000168717 devstack@neutron-api.service[104164]: DEBUG neutron.plugins.ml2.drivers.ovn.mech_driver.ovsdb.ovsdb_monitor [None req-9321354a-3d4c-41e9-b7dd-adca84efd74f None None] Hash Ring: Node 06c7d6882d1e56f98581c9f0bb671e3f (host: np0000168717) handling event "create" for row 36466bca-a96d-46b6-bf9d-34767106ffdc (table: ACL) {{(pid=104164) notify /opt/stack/neutron/neutron/plugins/ml2/drivers/ovn/mech_driver/ovsdb/ovsdb_monitor.py:914}}
Apr 21 13:57:37.352733 np0000168717 devstack@neutron-api.service[104163]: DEBUG neutron.plugins.ml2.drivers.ovn.mech_driver.ovsdb.ovsdb_monitor [None req-14416aa0-20a8-4197-a013-bffc09a89951 None None] Hash Ring: Node 9cd2891e519953b3930a4dd1ee21c007 (host: np0000168717) handling event "create" for row 3521033d-0309-455c-a322-55fab4750d83 (table: ACL) {{(pid=104163) notify /opt/stack/neutron/neutron/plugins/ml2/drivers/ovn/mech_driver/ovsdb/ovsdb_monitor.py:914}}
Apr 21 13:57:37.353485 np0000168717 devstack@neutron-api.service[104164]: DEBUG neutron.plugins.ml2.drivers.ovn.mech_driver.ovsdb.ovsdb_monitor [None req-9321354a-3d4c-41e9-b7dd-adca84efd74f None None] Touching Hash Ring node "06c7d6882d1e56f98581c9f0bb671e3f" from IDL notify handler {{(pid=104164) notify /opt/stack/neutron/neutron/plugins/ml2/drivers/ovn/mech_driver/ovsdb/ovsdb_monitor.py:906}}
Apr 21 13:57:37.353909 np0000168717 devstack@neutron-api.service[104163]: DEBUG neutron.plugins.ml2.drivers.ovn.mech_driver.ovsdb.ovsdb_monitor [None req-14416aa0-20a8-4197-a013-bffc09a89951 None None] Touching Hash Ring node "9cd2891e519953b3930a4dd1ee21c007" from IDL notify handler {{(pid=104163) notify /opt/stack/neutron/neutron/plugins/ml2/drivers/ovn/mech_driver/ovsdb/ovsdb_monitor.py:906}}
Apr 21 13:57:37.356899 np0000168717 devstack@neutron-api.service[104164]: DEBUG neutron.plugins.ml2.drivers.ovn.mech_driver.ovsdb.ovsdb_monitor [None req-9321354a-3d4c-41e9-b7dd-adca84efd74f None None] Hash Ring: Node 06c7d6882d1e56f98581c9f0bb671e3f (host: np0000168717) handling event "create" for row 7e0bc2bc-d7b0-445f-8a37-f2512b30375a (table: ACL) {{(pid=104164) notify /opt/stack/neutron/neutron/plugins/ml2/drivers/ovn/mech_driver/ovsdb/ovsdb_monitor.py:914}}
Apr 21 13:57:37.357017 np0000168717 devstack@neutron-api.service[104163]: DEBUG neutron.plugins.ml2.drivers.ovn.mech_driver.ovsdb.ovsdb_monitor [None req-14416aa0-20a8-4197-a013-bffc09a89951 None None] Hash Ring: Node 9cd2891e519953b3930a4dd1ee21c007 (host: np0000168717) handling event "create" for row 8dc36ec0-b848-4f47-afd9-cfbcb04ee88f (table: Port_Group) {{(pid=104163) notify /opt/stack/neutron/neutron/plugins/ml2/drivers/ovn/mech_driver/ovsdb/ovsdb_monitor.py:914}}
Apr 21 13:57:37.360995 np0000168717 devstack@neutron-api.service[104162]: INFO neutron.db.ovn_revision_numbers_db [None req-11a0287d-7726-41b6-8a8c-b7c01fadfd09 admin admin] Successfully bumped revision number for resource 08ddd533-b371-454e-ae51-6bded1ad1d8d (type: security_groups) to 1
Apr 21 13:57:37.372994 np0000168717 devstack@neutron-api.service[104162]: INFO neutron.db.ovn_revision_numbers_db [None req-11a0287d-7726-41b6-8a8c-b7c01fadfd09 admin admin] Successfully bumped revision number for resource 74ae0488-1871-425e-8d9e-af064de635e8 (type: security_group_rules) to 0
Apr 21 13:57:37.386309 np0000168717 devstack@neutron-api.service[104162]: INFO neutron.db.ovn_revision_numbers_db [None req-11a0287d-7726-41b6-8a8c-b7c01fadfd09 admin admin] Successfully bumped revision number for resource 81371cc9-24c6-4045-aa15-c33e28afae51 (type: security_group_rules) to 0
Apr 21 13:57:37.398365 np0000168717 devstack@neutron-api.service[104162]: INFO neutron.db.ovn_revision_numbers_db [None req-11a0287d-7726-41b6-8a8c-b7c01fadfd09 admin admin] Successfully bumped revision number for resource c13b4225-4e7e-4790-8b4f-c13c1f52c949 (type: security_group_rules) to 0
Apr 21 13:57:37.411952 np0000168717 devstack@neutron-api.service[104162]: INFO neutron.db.ovn_revision_numbers_db [None req-11a0287d-7726-41b6-8a8c-b7c01fadfd09 admin admin] Successfully bumped revision number for resource d92f1b39-6527-43e7-b304-6712fb0f3f99 (type: security_group_rules) to 0
Apr 21 13:57:37.433326 np0000168717 devstack@neutron-api.service[104162]: DEBUG neutron.api.rpc.handlers.resources_rpc [None req-11a0287d-7726-41b6-8a8c-b7c01fadfd09 admin admin] Pushing event updated for resources: {'SecurityGroup': ['ID=08ddd533-b371-454e-ae51-6bded1ad1d8d,revision_number=1']} {{(pid=104162) push /opt/stack/neutron/neutron/api/rpc/handlers/resources_rpc.py:237}}
Apr 21 13:57:37.437713 np0000168717 devstack@neutron-api.service[104162]: DEBUG ovsdbapp.backend.ovs_idl.transaction [None req-e1eb86ad-7d54-4c4e-9c60-3b3a78c8a2d3 None None] Running txn n=1 command(idx=0): CheckLivenessCommand(_result=None) {{(pid=104162) do_commit /opt/stack/data/venv/lib/python3.12/site-packages/ovsdbapp/backend/ovs_idl/transaction.py:89}}
Apr 21 13:57:37.441759 np0000168717 devstack@neutron-api.service[104162]: DEBUG neutron.plugins.ml2.drivers.ovn.mech_driver.ovsdb.ovsdb_monitor [None req-e1eb86ad-7d54-4c4e-9c60-3b3a78c8a2d3 None None] Touching Hash Ring node "200ea945c8e15c2291a018507f6b2737" from IDL notify handler {{(pid=104162) notify /opt/stack/neutron/neutron/plugins/ml2/drivers/ovn/mech_driver/ovsdb/ovsdb_monitor.py:906}}
Apr 21 13:57:37.446231 np0000168717 devstack@neutron-api.service[104162]: DEBUG neutron.plugins.ml2.drivers.ovn.mech_driver.ovsdb.ovsdb_monitor [None req-543ab7c3-acfc-40dc-a7bf-dae06e0349c0 None None] ChassisAgentWriteEvent : Matched Chassis_Private, update, None None {{(pid=104162) matches /opt/stack/neutron/neutron/plugins/ml2/drivers/ovn/mech_driver/ovsdb/ovsdb_monitor.py:64}}
Apr 21 13:57:37.448071 np0000168717 devstack@neutron-api.service[104165]: DEBUG neutron.plugins.ml2.drivers.ovn.mech_driver.ovsdb.ovsdb_monitor [None req-7c22d659-23d0-4653-a676-c202692333c9 None None] ChassisAgentWriteEvent : Matched Chassis_Private, update, None None {{(pid=104165) matches /opt/stack/neutron/neutron/plugins/ml2/drivers/ovn/mech_driver/ovsdb/ovsdb_monitor.py:64}}
Apr 21 13:57:37.448875 np0000168717 devstack@neutron-api.service[104164]: DEBUG neutron.plugins.ml2.drivers.ovn.mech_driver.ovsdb.ovsdb_monitor [None req-04185dcd-a4a1-466c-8ae2-c7b0b9de6809 None None] ChassisAgentWriteEvent : Matched Chassis_Private, update, None None {{(pid=104164) matches /opt/stack/neutron/neutron/plugins/ml2/drivers/ovn/mech_driver/ovsdb/ovsdb_monitor.py:64}}
Apr 21 13:57:37.449150 np0000168717 devstack@neutron-api.service[104163]: DEBUG neutron.plugins.ml2.drivers.ovn.mech_driver.ovsdb.ovsdb_monitor [None req-30f8cac3-5c39-41eb-97a1-43fe9b4aa923 None None] ChassisAgentWriteEvent : Matched Chassis_Private, update, None None {{(pid=104163) matches /opt/stack/neutron/neutron/plugins/ml2/drivers/ovn/mech_driver/ovsdb/ovsdb_monitor.py:64}}
Apr 21 13:57:37.458078 np0000168717 devstack@neutron-api.service[104163]: DEBUG neutron.common.ovn.hash_ring_manager [None req-30f8cac3-5c39-41eb-97a1-43fe9b4aa923 None None] Hash Ring loaded. 4 active nodes. 0 offline nodes {{(pid=104163) _load_hash_ring /opt/stack/neutron/neutron/common/ovn/hash_ring_manager.py:102}}
Apr 21 13:57:37.458224 np0000168717 devstack@neutron-api.service[104164]: DEBUG neutron.common.ovn.hash_ring_manager [None req-04185dcd-a4a1-466c-8ae2-c7b0b9de6809 None None] Hash Ring loaded. 4 active nodes. 0 offline nodes {{(pid=104164) _load_hash_ring /opt/stack/neutron/neutron/common/ovn/hash_ring_manager.py:102}}
Apr 21 13:57:37.458280 np0000168717 devstack@neutron-api.service[104165]: DEBUG neutron.common.ovn.hash_ring_manager [None req-7c22d659-23d0-4653-a676-c202692333c9 None None] Hash Ring loaded. 4 active nodes. 0 offline nodes {{(pid=104165) _load_hash_ring /opt/stack/neutron/neutron/common/ovn/hash_ring_manager.py:102}}
Apr 21 13:57:37.458407 np0000168717 devstack@neutron-api.service[104163]: DEBUG neutron.plugins.ml2.drivers.ovn.mech_driver.ovsdb.ovsdb_monitor [None req-30f8cac3-5c39-41eb-97a1-43fe9b4aa923 None None] Hash Ring: Node 9cd2891e519953b3930a4dd1ee21c007 (host: np0000168717) handling event "update" for row 8ca37afa-bbba-40f1-9fb0-10d7bb07aa76 (table: Chassis_Private) {{(pid=104163) notify /opt/stack/neutron/neutron/plugins/ml2/drivers/ovn/mech_driver/ovsdb/ovsdb_monitor.py:914}}
Apr 21 13:57:37.458594 np0000168717 devstack@neutron-api.service[104162]: DEBUG neutron.plugins.ml2.drivers.ovn.mech_driver.ovsdb.ovsdb_monitor [None req-e1eb86ad-7d54-4c4e-9c60-3b3a78c8a2d3 None None] Hash Ring: Node 200ea945c8e15c2291a018507f6b2737 (host: np0000168717) handling event "update" for row 31f91c10-4caf-4ee2-b1c4-b55e2854b8cb (table: NB_Global) {{(pid=104162) notify /opt/stack/neutron/neutron/plugins/ml2/drivers/ovn/mech_driver/ovsdb/ovsdb_monitor.py:914}}
Apr 21 13:57:37.459385 np0000168717 devstack@neutron-api.service[104162]: DEBUG neutron.common.ovn.hash_ring_manager [None req-543ab7c3-acfc-40dc-a7bf-dae06e0349c0 None None] Hash Ring loaded. 4 active nodes. 0 offline nodes {{(pid=104162) _load_hash_ring /opt/stack/neutron/neutron/common/ovn/hash_ring_manager.py:102}}
Apr 21 13:57:37.461778 np0000168717 devstack@neutron-api.service[104162]: DEBUG neutron.plugins.ml2.drivers.ovn.mech_driver.ovsdb.ovsdb_monitor [None req-e1eb86ad-7d54-4c4e-9c60-3b3a78c8a2d3 None None] Touching Hash Ring node "200ea945c8e15c2291a018507f6b2737" from IDL notify handler {{(pid=104162) notify /opt/stack/neutron/neutron/plugins/ml2/drivers/ovn/mech_driver/ovsdb/ovsdb_monitor.py:906}}
Apr 21 13:57:37.464702 np0000168717 devstack@neutron-api.service[104162]: DEBUG neutron.plugins.ml2.drivers.ovn.mech_driver.ovsdb.ovsdb_monitor [None req-e1eb86ad-7d54-4c4e-9c60-3b3a78c8a2d3 None None] Hash Ring: Node 200ea945c8e15c2291a018507f6b2737 (host: np0000168717) handling event "update" for row 31f91c10-4caf-4ee2-b1c4-b55e2854b8cb (table: NB_Global) {{(pid=104162) notify /opt/stack/neutron/neutron/plugins/ml2/drivers/ovn/mech_driver/ovsdb/ovsdb_monitor.py:914}}
Apr 21 13:57:37.466056 np0000168717 devstack@neutron-api.service[104162]: DEBUG neutron.plugins.ml2.drivers.ovn.mech_driver.ovsdb.ovsdb_monitor [None req-e1eb86ad-7d54-4c4e-9c60-3b3a78c8a2d3 None None] Touching Hash Ring node "200ea945c8e15c2291a018507f6b2737" from IDL notify handler {{(pid=104162) notify /opt/stack/neutron/neutron/plugins/ml2/drivers/ovn/mech_driver/ovsdb/ovsdb_monitor.py:906}}
Apr 21 13:57:37.468764 np0000168717 devstack@neutron-api.service[104162]: DEBUG neutron.plugins.ml2.drivers.ovn.mech_driver.ovsdb.ovsdb_monitor [None req-e1eb86ad-7d54-4c4e-9c60-3b3a78c8a2d3 None None] Hash Ring: Node 200ea945c8e15c2291a018507f6b2737 (host: np0000168717) handling event "update" for row 31f91c10-4caf-4ee2-b1c4-b55e2854b8cb (table: NB_Global) {{(pid=104162) notify /opt/stack/neutron/neutron/plugins/ml2/drivers/ovn/mech_driver/ovsdb/ovsdb_monitor.py:914}}
Apr 21 13:57:37.469916 np0000168717 devstack@neutron-api.service[104162]: DEBUG neutron.plugins.ml2.drivers.ovn.mech_driver.ovsdb.ovsdb_monitor [None req-e1eb86ad-7d54-4c4e-9c60-3b3a78c8a2d3 None None] Touching Hash Ring node "200ea945c8e15c2291a018507f6b2737" from IDL notify handler {{(pid=104162) notify /opt/stack/neutron/neutron/plugins/ml2/drivers/ovn/mech_driver/ovsdb/ovsdb_monitor.py:906}}
Apr 21 13:57:37.471813 np0000168717 devstack@neutron-api.service[104162]: DEBUG neutron.plugins.ml2.drivers.ovn.mech_driver.ovsdb.ovsdb_monitor [None req-e1eb86ad-7d54-4c4e-9c60-3b3a78c8a2d3 None None] Hash Ring: Node 200ea945c8e15c2291a018507f6b2737 (host: np0000168717) handling event "update" for row 31f91c10-4caf-4ee2-b1c4-b55e2854b8cb (table: NB_Global) {{(pid=104162) notify /opt/stack/neutron/neutron/plugins/ml2/drivers/ovn/mech_driver/ovsdb/ovsdb_monitor.py:914}}
Apr 21 13:57:37.475968 np0000168717 devstack@neutron-api.service[104162]: DEBUG neutron.api.rpc.callbacks.version_manager [None req-11a0287d-7726-41b6-8a8c-b7c01fadfd09 admin admin] Tracked resource versions report:
Apr 21 13:57:37.475968 np0000168717 devstack@neutron-api.service[104162]: pushed versions:
Apr 21 13:57:37.475968 np0000168717 devstack@neutron-api.service[104162]: { 'AddressGroup': {'1.2'},
Apr 21 13:57:37.475968 np0000168717 devstack@neutron-api.service[104162]: 'Agent': {'1.1'},
Apr 21 13:57:37.475968 np0000168717 devstack@neutron-api.service[104162]: 'ConntrackHelper': {'1.0'},
Apr 21 13:57:37.475968 np0000168717 devstack@neutron-api.service[104162]: 'LocalIPAssociation': {'1.0'},
Apr 21 13:57:37.475968 np0000168717 devstack@neutron-api.service[104162]: 'Log': {'1.0'},
Apr 21 13:57:37.475968 np0000168717 devstack@neutron-api.service[104162]: 'NDPProxy': {'1.0'},
Apr 21 13:57:37.475968 np0000168717 devstack@neutron-api.service[104162]: 'Network': {'1.2'},
Apr 21 13:57:37.475968 np0000168717 devstack@neutron-api.service[104162]: 'Port': {'1.10'},
Apr 21 13:57:37.475968 np0000168717 devstack@neutron-api.service[104162]: 'PortForwarding': {'1.3'},
Apr 21 13:57:37.475968 np0000168717 devstack@neutron-api.service[104162]: 'QosPolicy': {'1.10'},
Apr 21 13:57:37.475968 np0000168717 devstack@neutron-api.service[104162]: 'SecurityGroup': {'1.6'},
Apr 21 13:57:37.475968 np0000168717 devstack@neutron-api.service[104162]: 'SecurityGroupRule': {'1.3'},
Apr 21 13:57:37.475968 np0000168717 devstack@neutron-api.service[104162]: 'SubPort': {'1.0'},
Apr 21 13:57:37.475968 np0000168717 devstack@neutron-api.service[104162]: 'Subnet': {'1.2'},
Apr 21 13:57:37.475968 np0000168717 devstack@neutron-api.service[104162]: 'Trunk': {'1.1'}}
Apr 21 13:57:37.475968 np0000168717 devstack@neutron-api.service[104162]: consumer versions:
Apr 21 13:57:37.475968 np0000168717 devstack@neutron-api.service[104162]: { OVN Neutron agent@np0000168717: {},
Apr 21 13:57:37.475968 np0000168717 devstack@neutron-api.service[104162]: OVN Controller Gateway agent@np0000168717: {}}
Apr 21 13:57:37.475968 np0000168717 devstack@neutron-api.service[104162]: {{(pid=104162) report /opt/stack/neutron/neutron/api/rpc/callbacks/version_manager.py:183}}
Apr 21 13:57:37.513276 np0000168717 devstack@neutron-api.service[104162]: DEBUG neutron.plugins.ml2.drivers.helpers [None req-11a0287d-7726-41b6-8a8c-b7c01fadfd09 admin admin] geneve segment allocate from pool success with {'geneve_vni': 43554} {{(pid=104162) allocate_partially_specified_segment /opt/stack/neutron/neutron/plugins/ml2/drivers/helpers.py:142}}
Apr 21 13:57:37.519025 np0000168717 devstack@neutron-api.service[104162]: DEBUG neutron_lib.callbacks.manager [None req-11a0287d-7726-41b6-8a8c-b7c01fadfd09 admin admin] Publish callbacks ['neutron.services.segments.db._add_segment_host_mapping_for_segment-8793087928834', 'neutron.plugins.ml2.plugin.Ml2Plugin._handle_segment_change-3963683'] for segment (6f05463a-8527-4e6c-abf0-0d5482e5fd0e), precommit_create {{(pid=104162) _notify_loop /opt/stack/data/venv/lib/python3.12/site-packages/neutron_lib/callbacks/manager.py:184}}
Apr 21 13:57:37.519142 np0000168717 devstack@neutron-api.service[104162]: INFO neutron.db.segments_db [None req-11a0287d-7726-41b6-8a8c-b7c01fadfd09 admin admin] Added segment 6f05463a-8527-4e6c-abf0-0d5482e5fd0e of type geneve for network b1cd8c04-1523-4c94-88f1-85b0b7f031bb
Apr 21 13:57:37.530678 np0000168717 devstack@neutron-api.service[104162]: DEBUG neutron_lib.callbacks.manager [None req-11a0287d-7726-41b6-8a8c-b7c01fadfd09 admin admin] Publish callbacks ['neutron.services.auto_allocate.db._ensure_external_network_default_value_callback-8793086263490'] for network (b1cd8c04-1523-4c94-88f1-85b0b7f031bb), precommit_create {{(pid=104162) _notify_loop /opt/stack/data/venv/lib/python3.12/site-packages/neutron_lib/callbacks/manager.py:184}}
Apr 21 13:57:37.539657 np0000168717 devstack@neutron-api.service[104162]: DEBUG neutron.plugins.ml2.drivers.ovn.mech_driver.mech_driver [None req-11a0287d-7726-41b6-8a8c-b7c01fadfd09 admin admin] Validating network segment with type geneve, segmentation ID 43554, physical network None {{(pid=104162) _validate_network_segments /opt/stack/neutron/neutron/plugins/ml2/drivers/ovn/mech_driver/mech_driver.py:641}}
Apr 21 13:57:37.539771 np0000168717 devstack@neutron-api.service[104162]: DEBUG neutron.db.ovn_revision_numbers_db [None req-11a0287d-7726-41b6-8a8c-b7c01fadfd09 admin admin] create_initial_revision uuid=b1cd8c04-1523-4c94-88f1-85b0b7f031bb, type=networks, rev=-1 {{(pid=104162) create_initial_revision /opt/stack/neutron/neutron/db/ovn_revision_numbers_db.py:98}}
Apr 21 13:57:37.548395 np0000168717 devstack@neutron-api.service[104162]: DEBUG neutron_lib.callbacks.manager [None req-11a0287d-7726-41b6-8a8c-b7c01fadfd09 admin admin] Publish callbacks ['neutron.plugins.ml2.ovo_rpc._ObjectChangeHandler.handle_event-3330566'] for network (b1cd8c04-1523-4c94-88f1-85b0b7f031bb), after_create {{(pid=104162) _notify_loop /opt/stack/data/venv/lib/python3.12/site-packages/neutron_lib/callbacks/manager.py:184}}
Apr 21 13:57:37.565567 np0000168717 devstack@neutron-api.service[104162]: DEBUG neutron.api.rpc.handlers.resources_rpc [None req-11a0287d-7726-41b6-8a8c-b7c01fadfd09 admin admin] Pushing event updated for resources: {'Network': ['ID=b1cd8c04-1523-4c94-88f1-85b0b7f031bb,revision_number=1']} {{(pid=104162) push /opt/stack/neutron/neutron/api/rpc/handlers/resources_rpc.py:237}}
Apr 21 13:57:37.571811 np0000168717 devstack@neutron-api.service[104162]: DEBUG ovsdbapp.backend.ovs_idl.transaction [None req-e1eb86ad-7d54-4c4e-9c60-3b3a78c8a2d3 None None] Running txn n=1 command(idx=0): AddNetworkCommand(_result=None, network_uuid=b1cd8c04-1523-4c94-88f1-85b0b7f031bb, may_exist=True, columns={'external_ids': {'neutron:network_name': 'admin_net', 'neutron:mtu': '1372', 'neutron:revision_number': '1', 'neutron:availability_zone_hints': '', 'neutron:provnet-network-type': 'geneve'}, 'other_config': {'mcast_snoop': 'false', 'mcast_flood_unregistered': 'false', 'vlan-passthru': 'false'}}) {{(pid=104162) do_commit /opt/stack/data/venv/lib/python3.12/site-packages/ovsdbapp/backend/ovs_idl/transaction.py:89}}
Apr 21 13:57:37.578320 np0000168717 devstack@neutron-api.service[104163]: DEBUG neutron.plugins.ml2.drivers.ovn.mech_driver.ovsdb.ovsdb_monitor [None req-14416aa0-20a8-4197-a013-bffc09a89951 None None] Touching Hash Ring node "9cd2891e519953b3930a4dd1ee21c007" from IDL notify handler {{(pid=104163) notify /opt/stack/neutron/neutron/plugins/ml2/drivers/ovn/mech_driver/ovsdb/ovsdb_monitor.py:906}}
Apr 21 13:57:37.589098 np0000168717 devstack@neutron-api.service[104163]: DEBUG neutron.plugins.ml2.drivers.ovn.mech_driver.ovsdb.ovsdb_monitor [None req-30f8cac3-5c39-41eb-97a1-43fe9b4aa923 None None] Hash Ring: Node 9cd2891e519953b3930a4dd1ee21c007 (host: np0000168717) handling event "create" for row 97ea29c4-a3ff-4e5e-a054-d1618ff05a8a (table: Datapath_Binding) {{(pid=104163) notify /opt/stack/neutron/neutron/plugins/ml2/drivers/ovn/mech_driver/ovsdb/ovsdb_monitor.py:914}}
Apr 21 13:57:37.590710 np0000168717 devstack@neutron-api.service[104163]: DEBUG neutron.plugins.ml2.drivers.ovn.mech_driver.ovsdb.ovsdb_monitor [None req-14416aa0-20a8-4197-a013-bffc09a89951 None None] Hash Ring: Node 9cd2891e519953b3930a4dd1ee21c007 (host: np0000168717) handling event "create" for row b1cd8c04-1523-4c94-88f1-85b0b7f031bb (table: Logical_Switch) {{(pid=104163) notify /opt/stack/neutron/neutron/plugins/ml2/drivers/ovn/mech_driver/ovsdb/ovsdb_monitor.py:914}}
Apr 21 13:57:37.605043 np0000168717 devstack@neutron-api.service[104162]: INFO neutron.db.ovn_revision_numbers_db [None req-11a0287d-7726-41b6-8a8c-b7c01fadfd09 admin admin] Successfully bumped revision number for resource b1cd8c04-1523-4c94-88f1-85b0b7f031bb (type: networks) to 1
Apr 21 13:57:37.617242 np0000168717 devstack@neutron-api.service[104162]: DEBUG neutron_lib.callbacks.manager [None req-11a0287d-7726-41b6-8a8c-b7c01fadfd09 admin admin] Publish callbacks ['neutron.plugins.ml2.plugin.SecurityGroupDbMixin._ensure_default_security_group_handler-31999'] for port (None), before_create {{(pid=104162) _notify_loop /opt/stack/data/venv/lib/python3.12/site-packages/neutron_lib/callbacks/manager.py:184}}
Apr 21 13:57:37.680222 np0000168717 devstack@neutron-api.service[104162]: DEBUG neutron_lib.callbacks.manager [None req-11a0287d-7726-41b6-8a8c-b7c01fadfd09 admin admin] Publish callbacks ['neutron.plugins.ml2.drivers.ovn.mech_driver.mech_driver.OVNMechanismDriver._validate_allowed_address_pairs-356650'] for allowed_address_pair (8adee0b2-5ebf-4fad-bb1e-98b6db4cb8c2), before_create {{(pid=104162) _notify_loop /opt/stack/data/venv/lib/python3.12/site-packages/neutron_lib/callbacks/manager.py:184}}
Apr 21 13:57:37.680672 np0000168717 devstack@neutron-api.service[104162]: DEBUG neutron_lib.callbacks.manager [None req-11a0287d-7726-41b6-8a8c-b7c01fadfd09 admin admin] Publish callbacks [] for port (8adee0b2-5ebf-4fad-bb1e-98b6db4cb8c2), precommit_create {{(pid=104162) _notify_loop /opt/stack/data/venv/lib/python3.12/site-packages/neutron_lib/callbacks/manager.py:184}}
Apr 21 13:57:37.680819 np0000168717 devstack@neutron-api.service[104162]: DEBUG neutron.plugins.ml2.drivers.ovn.mech_driver.mech_driver [None req-11a0287d-7726-41b6-8a8c-b7c01fadfd09 admin admin] No provisioning block for port 8adee0b2-5ebf-4fad-bb1e-98b6db4cb8c2 since it does not have a host {{(pid=104162) _is_port_provisioning_required /opt/stack/neutron/neutron/plugins/ml2/drivers/ovn/mech_driver/mech_driver.py:894}}
Apr 21 13:57:37.680907 np0000168717 devstack@neutron-api.service[104162]: DEBUG neutron.db.ovn_revision_numbers_db [None req-11a0287d-7726-41b6-8a8c-b7c01fadfd09 admin admin] create_initial_revision uuid=8adee0b2-5ebf-4fad-bb1e-98b6db4cb8c2, type=ports, rev=-1 {{(pid=104162) create_initial_revision /opt/stack/neutron/neutron/db/ovn_revision_numbers_db.py:98}}
Apr 21 13:57:37.710827 np0000168717 devstack@neutron-api.service[104162]: DEBUG neutron_lib.callbacks.manager [None req-11a0287d-7726-41b6-8a8c-b7c01fadfd09 admin admin] Publish callbacks ['neutron.plugins.ml2.ovo_rpc._ObjectChangeHandler.handle_event-3330801'] for port (8adee0b2-5ebf-4fad-bb1e-98b6db4cb8c2), after_create {{(pid=104162) _notify_loop /opt/stack/data/venv/lib/python3.12/site-packages/neutron_lib/callbacks/manager.py:184}}
Apr 21 13:57:37.740118 np0000168717 devstack@neutron-api.service[104162]: DEBUG neutron.api.rpc.handlers.resources_rpc [None req-11a0287d-7726-41b6-8a8c-b7c01fadfd09 admin admin] Pushing event updated for resources: {'Port': ['ID=8adee0b2-5ebf-4fad-bb1e-98b6db4cb8c2,revision_number=1']} {{(pid=104162) push /opt/stack/neutron/neutron/api/rpc/handlers/resources_rpc.py:237}}
Apr 21 13:57:37.747885 np0000168717 devstack@neutron-api.service[104162]: DEBUG ovsdbapp.backend.ovs_idl.transaction [None req-e1eb86ad-7d54-4c4e-9c60-3b3a78c8a2d3 None None] Running txn n=1 command(idx=0): AddLSwitchPortCommand(_result=None, lport=8adee0b2-5ebf-4fad-bb1e-98b6db4cb8c2, lswitch=neutron-b1cd8c04-1523-4c94-88f1-85b0b7f031bb, may_exist=True, network_uuid=b1cd8c04-1523-4c94-88f1-85b0b7f031bb, columns={'addresses': ['fa:16:3e:19:00:4f'], 'external_ids': {'neutron:port_name': '', 'neutron:device_id': 'ovnmeta-b1cd8c04-1523-4c94-88f1-85b0b7f031bb', 'neutron:project_id': '968df9ef12654907aacf8d55ee473600', 'neutron:cidrs': '', 'neutron:device_owner': 'network:distributed', 'neutron:subnet_pool_addr_scope4': '', 'neutron:subnet_pool_addr_scope6': '', 'neutron:network_name': 'neutron-b1cd8c04-1523-4c94-88f1-85b0b7f031bb', 'neutron:security_group_ids': '', 'neutron:revision_number': '1', 'neutron:vnic_type': 'normal', 'neutron:port_capabilities': '', 'neutron:mtu': ''}, 'parent_name': [], 'tag': [], 'enabled': True, 'options': {}, 'type': 'localport', 'port_security': [], 'dhcpv4_options': [], 'dhcpv6_options': []}) {{(pid=104162) do_commit /opt/stack/data/venv/lib/python3.12/site-packages/ovsdbapp/backend/ovs_idl/transaction.py:89}}
Apr 21 13:57:37.748934 np0000168717 devstack@neutron-api.service[104162]: DEBUG ovsdbapp.backend.ovs_idl.transaction [None req-e1eb86ad-7d54-4c4e-9c60-3b3a78c8a2d3 None None] Running txn n=1 command(idx=1): QoSDelCommand(_result=None, switch=neutron-b1cd8c04-1523-4c94-88f1-85b0b7f031bb, conditions=[('direction', '=', 'to-lport'), ('priority', '=', 2002), ('match', '=', 'outport == "8adee0b2-5ebf-4fad-bb1e-98b6db4cb8c2"')], if_exists=True) {{(pid=104162) do_commit /opt/stack/data/venv/lib/python3.12/site-packages/ovsdbapp/backend/ovs_idl/transaction.py:89}}
Apr 21 13:57:37.749390 np0000168717 devstack@neutron-api.service[104162]: DEBUG ovsdbapp.backend.ovs_idl.transaction [None req-e1eb86ad-7d54-4c4e-9c60-3b3a78c8a2d3 None None] Running txn n=1 command(idx=2): QoSDelCommand(_result=None, switch=neutron-b1cd8c04-1523-4c94-88f1-85b0b7f031bb, conditions=[('direction', '=', 'from-lport'), ('priority', '=', 2002), ('match', '=', 'inport == "8adee0b2-5ebf-4fad-bb1e-98b6db4cb8c2"')], if_exists=True) {{(pid=104162) do_commit /opt/stack/data/venv/lib/python3.12/site-packages/ovsdbapp/backend/ovs_idl/transaction.py:89}}
Apr 21 13:57:37.756472 np0000168717 devstack@neutron-api.service[104165]: DEBUG neutron.plugins.ml2.drivers.ovn.mech_driver.ovsdb.ovsdb_monitor [None req-40f62336-0a9d-4ab0-a323-038d19654b34 None None] Touching Hash Ring node "1d44229e634c53f29e1bfb34b88ce128" from IDL notify handler {{(pid=104165) notify /opt/stack/neutron/neutron/plugins/ml2/drivers/ovn/mech_driver/ovsdb/ovsdb_monitor.py:906}}
Apr 21 13:57:37.762864 np0000168717 devstack@neutron-api.service[104163]: DEBUG neutron.plugins.ml2.drivers.ovn.mech_driver.ovsdb.ovsdb_monitor [None req-14416aa0-20a8-4197-a013-bffc09a89951 None None] Touching Hash Ring node "9cd2891e519953b3930a4dd1ee21c007" from IDL notify handler {{(pid=104163) notify /opt/stack/neutron/neutron/plugins/ml2/drivers/ovn/mech_driver/ovsdb/ovsdb_monitor.py:906}}
Apr 21 13:57:37.764409 np0000168717 devstack@neutron-api.service[104165]: DEBUG neutron.plugins.ml2.drivers.ovn.mech_driver.ovsdb.ovsdb_monitor [None req-40f62336-0a9d-4ab0-a323-038d19654b34 None None] Hash Ring: Node 1d44229e634c53f29e1bfb34b88ce128 (host: np0000168717) handling event "create" for row 34c7ac66-acd9-4f2a-8ae6-f36814bb2613 (table: Logical_Switch_Port) {{(pid=104165) notify /opt/stack/neutron/neutron/plugins/ml2/drivers/ovn/mech_driver/ovsdb/ovsdb_monitor.py:914}}
Apr 21 13:57:37.765721 np0000168717 devstack@neutron-api.service[104165]: DEBUG ovsdbapp.backend.ovs_idl.event [None req-40f62336-0a9d-4ab0-a323-038d19654b34 None None] Matched CREATE: LogicalSwitchPortCreateEvent(events=('create',), table='Logical_Switch_Port', conditions=[], old_conditions=None), priority=20 to row=Logical_Switch_Port(uuid=34c7ac66-acd9-4f2a-8ae6-f36814bb2613, addresses=['fa:16:3e:19:00:4f'], dhcpv4_options=[], dhcpv6_options=[], dynamic_addresses=[], enabled=True, external_ids={'neutron:cidrs': '', 'neutron:device_id': 'ovnmeta-b1cd8c04-1523-4c94-88f1-85b0b7f031bb', 'neutron:device_owner': 'network:distributed', 'neutron:mtu': '', 'neutron:network_name': 'neutron-b1cd8c04-1523-4c94-88f1-85b0b7f031bb', 'neutron:port_capabilities': '', 'neutron:port_name': '', 'neutron:project_id': '968df9ef12654907aacf8d55ee473600', 'neutron:revision_number': '1', 'neutron:security_group_ids': '', 'neutron:subnet_pool_addr_scope4': '', 'neutron:subnet_pool_addr_scope6': '', 'neutron:vnic_type': 'normal'}, ha_chassis_group=[], mirror_rules=[], name='8adee0b2-5ebf-4fad-bb1e-98b6db4cb8c2', options={}, parent_name=[], port_security=[], tag=[], tag_request=[], type='localport', up=[]) old= {{(pid=104165) matches /opt/stack/data/venv/lib/python3.12/site-packages/ovsdbapp/backend/ovs_idl/event.py:55}}
Apr 21 13:57:37.766949 np0000168717 devstack@neutron-api.service[104165]: INFO neutron.plugins.ml2.drivers.ovn.mech_driver.mech_driver [None req-422f4389-1016-46aa-8b26-5eaee3cdbecf None None] OVN reports status down for port: 8adee0b2-5ebf-4fad-bb1e-98b6db4cb8c2
Apr 21 13:57:37.770112 np0000168717 devstack@neutron-api.service[104163]: DEBUG neutron.plugins.ml2.drivers.ovn.mech_driver.ovsdb.ovsdb_monitor [None req-14416aa0-20a8-4197-a013-bffc09a89951 None None] Hash Ring: Node 9cd2891e519953b3930a4dd1ee21c007 (host: np0000168717) handling event "update" for row b1cd8c04-1523-4c94-88f1-85b0b7f031bb (table: Logical_Switch) {{(pid=104163) notify /opt/stack/neutron/neutron/plugins/ml2/drivers/ovn/mech_driver/ovsdb/ovsdb_monitor.py:914}}
