+ exec neutron-metadata-agent --config-file /etc/neutron/neutron.conf --config-file /tmp/pod-shared/neutron-agent.ini --config-file /etc/neutron/metadata_agent.ini 3 RLock(s) were not greened, to fix this error make sure you run eventlet.monkey_patch() before importing any other modules. /var/lib/openstack/lib/python3.12/site-packages/pecan/core.py:320: SyntaxWarning: invalid escape sequence '\*' ''' /var/lib/openstack/lib/python3.12/site-packages/pecan/routing.py:48: SyntaxWarning: invalid escape sequence '\(' '^[0-9a-zA-Z-_$\(\)\.~!,;:*+@=]+$', route
2026-06-15 20:38:28.869 40 INFO neutron.common.config [-] Logging enabled!
2026-06-15 20:38:28.869 40 INFO neutron.common.config [-] /var/lib/openstack/bin/neutron-metadata-agent version 25.2.4.dev2
2026-06-15 20:38:28.887 40 INFO oslo_service.service [None req-e133ed2a-c110-45cd-a8dc-3f2e29f58ad9 - - - - - -] Starting 2 workers
2026-06-15 20:38:28.894 48 INFO eventlet.wsgi.server [-] (48) wsgi starting up on http:/var/lib/neutron/openstack-helm/metadata_proxy
2026-06-15 20:38:28.896 49 INFO eventlet.wsgi.server [-] (49) wsgi starting up on http:/var/lib/neutron/openstack-helm/metadata_proxy
2026-06-15 20:40:09.165 48 ERROR neutron.agent.metadata.agent [-] No port found in network None with IP address 169.254.169.254
2026-06-15 20:40:09.166 48 INFO eventlet.wsgi.server [-] 169.254.169.254, "GET / HTTP/1.1" status: 404 len: 176 time: 1.0601687
2026-06-15 20:42:00.986 48 ERROR neutron.agent.metadata.agent [-] No port found in network None with IP address 169.254.169.254
2026-06-15 20:42:00.987 48 INFO eventlet.wsgi.server [-] 169.254.169.254, "GET / HTTP/1.1" status: 404 len: 176 time: 0.0080965
2026-06-15 20:45:10.946 49 ERROR neutron.agent.metadata.agent [-] No port found in network None with IP address 169.254.169.254
2026-06-15 20:45:10.947 49 INFO eventlet.wsgi.server [-] 169.254.169.254, "GET / HTTP/1.1" status: 404 len: 176 time: 0.0097632
2026-06-15 20:45:41.065 48 ERROR neutron.agent.metadata.agent [-] No port found in network None with IP address 169.254.169.254
2026-06-15 20:45:41.065 48 INFO eventlet.wsgi.server [-] 169.254.169.254, "GET / HTTP/1.1" status: 404 len: 176 time: 0.0067942
2026-06-15 20:48:20.885 48 ERROR neutron.agent.metadata.agent [-] No port found in network None with IP address 169.254.169.254
2026-06-15 20:48:20.886 48 INFO eventlet.wsgi.server [-] 169.254.169.254, "GET / HTTP/1.1" status: 404 len: 176 time: 0.0078866
2026-06-15 20:51:32.047 48 ERROR neutron.agent.metadata.agent [-] No port found in network None with IP address 169.254.169.254
2026-06-15 20:51:32.052 48 INFO eventlet.wsgi.server [-] 169.254.169.254, "GET / HTTP/1.1" status: 404 len: 176 time: 1.0124979
2026-06-15 20:54:41.015 49 ERROR neutron.agent.metadata.agent [-] No port found in network None with IP address 169.254.169.254
2026-06-15 20:54:41.016 49 INFO eventlet.wsgi.server [-] 169.254.169.254, "GET / HTTP/1.1" status: 404 len: 176 time: 0.0106089
2026-06-15 20:55:41.000 49 ERROR neutron.agent.metadata.agent [-] No port found in network None with IP address 169.254.169.254
2026-06-15 20:55:41.001 49 INFO eventlet.wsgi.server [-] 169.254.169.254, "GET / HTTP/1.1" status: 404 len: 176 time: 0.0095029
2026-06-15 20:57:50.949 49 ERROR neutron.agent.metadata.agent [-] No port found in network None with IP address 169.254.169.254
2026-06-15 20:57:50.950 49 INFO eventlet.wsgi.server [-] 169.254.169.254, "GET / HTTP/1.1" status: 404 len: 176 time: 0.0087731
2026-06-15 21:01:01.014 49 ERROR neutron.agent.metadata.agent [-] No port found in network None with IP address 169.254.169.254
2026-06-15 21:01:01.014 49 INFO eventlet.wsgi.server [-] 169.254.169.254, "GET / HTTP/1.1" status: 404 len: 176 time: 0.0206466
2026-06-15 21:04:11.943 48 ERROR neutron.agent.metadata.agent [-] No port found in network None with IP address 169.254.169.254
2026-06-15 21:04:11.944 48 INFO eventlet.wsgi.server [-] 169.254.169.254, "GET / HTTP/1.1" status: 404 len: 176 time: 1.0111308
2026-06-15 21:05:40.897 48 ERROR neutron.agent.metadata.agent [-] No port found in network None with IP address 169.254.169.254
2026-06-15 21:05:40.898 48 INFO eventlet.wsgi.server [-] 169.254.169.254, "GET / HTTP/1.1" status: 404 len: 176 time: 0.0090914
2026-06-15 21:07:20.990 48 ERROR neutron.agent.metadata.agent [-] No port found in network None with IP address 169.254.169.254
2026-06-15 21:07:20.990 48 INFO eventlet.wsgi.server [-] 169.254.169.254, "GET / HTTP/1.1" status: 404 len: 176 time: 0.0117781
2026-06-15 21:10:31.011 48 ERROR neutron.agent.metadata.agent [-] No port found in network None with IP address 169.254.169.254
2026-06-15 21:10:31.012 48 INFO eventlet.wsgi.server [-] 169.254.169.254, "GET / HTTP/1.1" status: 404 len: 176 time: 0.0081141
2026-06-15 21:11:53.948 48 INFO eventlet.wsgi.server [-] 10.100.0.7, "GET /2009-04-04/meta-data/instance-id HTTP/1.1" status: 200 len: 146 time: 1.8844583
2026-06-15 21:11:53.992 48 INFO eventlet.wsgi.server [-] 10.100.0.7, "GET /2009-04-04/meta-data/public-keys HTTP/1.1" status: 200 len: 164 time: 0.0334995
2026-06-15 21:11:54.032 49 INFO eventlet.wsgi.server [-] 10.100.0.7, "GET /2009-04-04/meta-data/public-keys/0/openssh-key HTTP/1.1" status: 200 len: 341 time: 0.0339828
2026-06-15 21:11:54.047 48 INFO eventlet.wsgi.server [-] 10.100.0.7, "GET /2009-04-04/meta-data/instance-id HTTP/1.1" status: 200 len: 146 time: 0.0096338
2026-06-15 21:11:54.068 48 INFO eventlet.wsgi.server [-] 10.100.0.7, "GET /2009-04-04/meta-data/ami-launch-index HTTP/1.1" status: 200 len: 136 time: 0.0139518
2026-06-15 21:11:54.088 49 INFO eventlet.wsgi.server [-] 10.100.0.7, "GET /2009-04-04/meta-data/instance-type HTTP/1.1" status: 200 len: 142 time: 0.0154040
2026-06-15 21:11:54.110 49 INFO eventlet.wsgi.server [-] 10.100.0.7, "GET /2009-04-04/meta-data/local-ipv4 HTTP/1.1" status: 200 len: 146 time: 0.0130424
2026-06-15 21:11:54.137 49 INFO eventlet.wsgi.server [-] 10.100.0.7, "GET /2009-04-04/meta-data/public-ipv4 HTTP/1.1" status: 200 len: 149 time: 0.0126491
2026-06-15 21:11:54.153 49 INFO eventlet.wsgi.server [-] 10.100.0.7, "GET /2009-04-04/meta-data/hostname HTTP/1.1" status: 200 len: 201 time: 0.0101385
2026-06-15 21:11:54.169 49 INFO eventlet.wsgi.server [-] 10.100.0.7, "GET /2009-04-04/meta-data/local-hostname HTTP/1.1" status: 200 len: 201 time: 0.0103428
2026-06-15 21:11:54.215 48 INFO eventlet.wsgi.server [-] 10.100.0.7, "GET /2009-04-04/user-data HTTP/1.1" status: 200 len: 231 time: 0.0110140
2026-06-15 21:11:54.233 48 INFO eventlet.wsgi.server [-] 10.100.0.7, "GET /2009-04-04/meta-data/block-device-mapping HTTP/1.1" status: 200 len: 143 time: 0.0126915
2026-06-15 21:11:54.257 48 INFO eventlet.wsgi.server [-] 10.100.0.7, "GET /2009-04-04/meta-data/block-device-mapping/ami HTTP/1.1" status: 200 len: 138 time: 0.0170763
2026-06-15 21:11:54.274 48 INFO eventlet.wsgi.server [-] 10.100.0.7, "GET /2009-04-04/meta-data/block-device-mapping/root HTTP/1.1" status: 200 len: 143 time: 0.0110803
2026-06-15 21:11:54.298 48 INFO eventlet.wsgi.server [-] 10.100.0.7, "GET /2009-04-04/meta-data/public-hostname HTTP/1.1" status: 200 len: 201 time: 0.0133765
2026-06-15 21:11:54.321 48 INFO eventlet.wsgi.server [-] 10.100.0.7, "GET /2009-04-04/meta-data/placement/availability-zone HTTP/1.1" status: 200 len: 139 time: 0.0162454
2026-06-15 21:12:24.644 49 INFO eventlet.wsgi.server [-] 10.100.0.14, "GET /2009-04-04/meta-data/instance-id HTTP/1.1" status: 200 len: 146 time: 0.7309072
2026-06-15 21:12:24.661 49 INFO eventlet.wsgi.server [-] 10.100.0.14, "GET /2009-04-04/meta-data/public-keys HTTP/1.1" status: 200 len: 164 time: 0.0105324
2026-06-15 21:12:24.675 49 INFO eventlet.wsgi.server [-] 10.100.0.14, "GET /2009-04-04/meta-data/public-keys/0/openssh-key HTTP/1.1" status: 200 len: 341 time: 0.0102854
2026-06-15 21:12:24.687 49 INFO eventlet.wsgi.server [-] 10.100.0.14, "GET /2009-04-04/meta-data/instance-id HTTP/1.1" status: 200 len: 146 time: 0.0087757
2026-06-15 21:12:24.705 49 INFO eventlet.wsgi.server [-] 10.100.0.14, "GET /2009-04-04/meta-data/ami-launch-index HTTP/1.1" status: 200 len: 136 time: 0.0117798
2026-06-15 21:12:24.721 49 INFO eventlet.wsgi.server [-] 10.100.0.14, "GET /2009-04-04/meta-data/instance-type HTTP/1.1" status: 200 len: 142 time: 0.0120041
2026-06-15 21:12:24.755 48 INFO eventlet.wsgi.server [-] 10.100.0.14, "GET /2009-04-04/meta-data/local-ipv4 HTTP/1.1" status: 200 len: 147 time: 0.0251961
2026-06-15 21:12:24.775 48 INFO eventlet.wsgi.server [-] 10.100.0.14, "GET /2009-04-04/meta-data/public-ipv4 HTTP/1.1" status: 200 len: 149 time: 0.0142736
2026-06-15 21:12:24.792 48 INFO eventlet.wsgi.server [-] 10.100.0.14, "GET /2009-04-04/meta-data/hostname HTTP/1.1" status: 200 len: 193 time: 0.0115290
2026-06-15 21:12:24.836 48 INFO eventlet.wsgi.server [-] 10.100.0.14, "GET /2009-04-04/meta-data/local-hostname HTTP/1.1" status: 200 len: 193 time: 0.0154443
2026-06-15 21:12:24.861 48 INFO eventlet.wsgi.server [-] 10.100.0.14, "GET /2009-04-04/user-data HTTP/1.1" status: 200 len: 231 time: 0.0164411
2026-06-15 21:12:24.881 48 INFO eventlet.wsgi.server [-] 10.100.0.14, "GET /2009-04-04/meta-data/block-device-mapping HTTP/1.1" status: 200 len: 143 time: 0.0124540
2026-06-15 21:12:24.899 49 INFO eventlet.wsgi.server [-] 10.100.0.14, "GET /2009-04-04/meta-data/block-device-mapping/ami HTTP/1.1" status: 200 len: 138 time: 0.0108609
2026-06-15 21:12:24.914 49 INFO eventlet.wsgi.server [-] 10.100.0.14, "GET /2009-04-04/meta-data/block-device-mapping/root HTTP/1.1" status: 200 len: 143 time: 0.0097713
2026-06-15 21:12:24.937 49 INFO eventlet.wsgi.server [-] 10.100.0.14, "GET /2009-04-04/meta-data/public-hostname HTTP/1.1" status: 200 len: 193 time: 0.0121505
2026-06-15 21:12:24.955 49 INFO eventlet.wsgi.server [-] 10.100.0.14, "GET /2009-04-04/meta-data/placement/availability-zone HTTP/1.1" status: 200 len: 139 time: 0.0110927
2026-06-15 21:12:40.940 49 INFO eventlet.wsgi.server [-] 10.100.0.4, "GET /2009-04-04/meta-data/instance-id HTTP/1.1" status: 200 len: 146 time: 0.6730628
2026-06-15 21:12:40.967 49 INFO eventlet.wsgi.server [-] 10.100.0.4, "GET /2009-04-04/meta-data/public-keys HTTP/1.1" status: 200 len: 175 time: 0.0179853
2026-06-15 21:12:40.988 48 INFO eventlet.wsgi.server [-] 10.100.0.4, "GET /2009-04-04/meta-data/public-keys/0/openssh-key HTTP/1.1" status: 200 len: 341 time: 0.0150616
2026-06-15 21:12:41.009 48 INFO eventlet.wsgi.server [-] 10.100.0.4, "GET /2009-04-04/meta-data/instance-id HTTP/1.1" status: 200 len: 146 time: 0.0138257
2026-06-15 21:12:41.028 48 INFO eventlet.wsgi.server [-] 10.100.0.4, "GET /2009-04-04/meta-data/ami-launch-index HTTP/1.1" status: 200 len: 136 time: 0.0122623
2026-06-15 21:12:41.049 48 INFO eventlet.wsgi.server [-] 10.100.0.4, "GET /2009-04-04/meta-data/instance-type HTTP/1.1" status: 200 len: 142 time: 0.0154643
2026-06-15 21:12:41.070 49 INFO eventlet.wsgi.server [-] 10.100.0.4, "GET /2009-04-04/meta-data/local-ipv4 HTTP/1.1" status: 200 len: 146 time: 0.0132573
2026-06-15 21:12:41.090 49 INFO eventlet.wsgi.server [-] 10.100.0.4, "GET /2009-04-04/meta-data/public-ipv4 HTTP/1.1" status: 200 len: 149 time: 0.0135674
2026-06-15 21:12:41.109 49 INFO eventlet.wsgi.server [-] 10.100.0.4, "GET /2009-04-04/meta-data/hostname HTTP/1.1" status: 200 len: 190 time: 0.0115929
2026-06-15 21:12:41.126 49 INFO eventlet.wsgi.server [-] 10.100.0.4, "GET /2009-04-04/meta-data/local-hostname HTTP/1.1" status: 200 len: 190 time: 0.0118177
2026-06-15 21:12:41.156 48 INFO neutron.agent.metadata.proxy_base [-] The instance: 9a752944-32b7-4b0e-8355-ae32e415fa16 is not present anymore, skipping cache...
2026-06-15 21:12:41.670 48 INFO eventlet.wsgi.server [-] 10.100.0.4, "GET /2009-04-04/user-data HTTP/1.1" status: 404 len: 297 time: 0.5249958
2026-06-15 21:12:41.693 49 INFO eventlet.wsgi.server [-] 10.100.0.4, "GET /2009-04-04/meta-data/block-device-mapping HTTP/1.1" status: 200 len: 143 time: 0.0119133
2026-06-15 21:12:41.715 49 INFO eventlet.wsgi.server [-] 10.100.0.4, "GET /2009-04-04/meta-data/block-device-mapping/ami HTTP/1.1" status: 200 len: 138 time: 0.0137188
2026-06-15 21:12:41.729 49 INFO eventlet.wsgi.server [-] 10.100.0.4, "GET /2009-04-04/meta-data/block-device-mapping/root HTTP/1.1" status: 200 len: 143 time: 0.0095782
2026-06-15 21:12:41.747 49 INFO eventlet.wsgi.server [-] 10.100.0.4, "GET /2009-04-04/meta-data/public-hostname HTTP/1.1" status: 200 len: 190 time: 0.0099478
2026-06-15 21:12:41.768 48 INFO eventlet.wsgi.server [-] 10.100.0.4, "GET /2009-04-04/meta-data/placement/availability-zone HTTP/1.1" status: 200 len: 139 time: 0.0112591
2026-06-15 21:12:48.301 49 INFO eventlet.wsgi.server [-] 10.100.0.14, "GET /2009-04-04/meta-data/instance-id HTTP/1.1" status: 200 len: 146 time: 1.1767063
2026-06-15 21:12:48.330 49 INFO eventlet.wsgi.server [-] 10.100.0.14, "GET /2009-04-04/meta-data/public-keys HTTP/1.1" status: 200 len: 164 time: 0.0159469
2026-06-15 21:12:48.347 49 INFO eventlet.wsgi.server [-] 10.100.0.14, "GET /2009-04-04/meta-data/public-keys/0/openssh-key HTTP/1.1" status: 200 len: 341 time: 0.0126536
2026-06-15 21:12:48.362 49 INFO eventlet.wsgi.server [-] 10.100.0.14, "GET /2009-04-04/meta-data/instance-id HTTP/1.1" status: 200 len: 146 time: 0.0092807
2026-06-15 21:12:48.379 49 INFO eventlet.wsgi.server [-] 10.100.0.14, "GET /2009-04-04/meta-data/ami-launch-index HTTP/1.1" status: 200 len: 136 time: 0.0128796
2026-06-15 21:12:48.405 49 INFO eventlet.wsgi.server [-] 10.100.0.14, "GET /2009-04-04/meta-data/instance-type HTTP/1.1" status: 200 len: 142 time: 0.0182064
2026-06-15 21:12:48.423 48 INFO eventlet.wsgi.server [-] 10.100.0.14, "GET /2009-04-04/meta-data/local-ipv4 HTTP/1.1" status: 200 len: 147 time: 0.0138671
2026-06-15 21:12:48.452 49 INFO eventlet.wsgi.server [-] 10.100.0.14, "GET /2009-04-04/meta-data/public-ipv4 HTTP/1.1" status: 200 len: 149 time: 0.0228887
2026-06-15 21:12:48.477 48 INFO eventlet.wsgi.server [-] 10.100.0.14, "GET /2009-04-04/meta-data/hostname HTTP/1.1" status: 200 len: 193 time: 0.0178399
2026-06-15 21:12:48.504 48 INFO eventlet.wsgi.server [-] 10.100.0.14, "GET /2009-04-04/meta-data/local-hostname HTTP/1.1" status: 200 len: 193 time: 0.0166717
2026-06-15 21:12:48.524 48 INFO eventlet.wsgi.server [-] 10.100.0.14, "GET /2009-04-04/user-data HTTP/1.1" status: 200 len: 231 time: 0.0149245
2026-06-15 21:12:48.543 49 INFO eventlet.wsgi.server [-] 10.100.0.14, "GET /2009-04-04/meta-data/block-device-mapping HTTP/1.1" status: 200 len: 143 time: 0.0134976
2026-06-15 21:12:48.564 49 INFO eventlet.wsgi.server [-] 10.100.0.14, "GET /2009-04-04/meta-data/block-device-mapping/ami HTTP/1.1" status: 200 len: 138 time: 0.0141258
2026-06-15 21:12:48.581 49 INFO eventlet.wsgi.server [-] 10.100.0.14, "GET /2009-04-04/meta-data/block-device-mapping/root HTTP/1.1" status: 200 len: 143 time: 0.0120196
2026-06-15 21:12:48.593 49 INFO eventlet.wsgi.server [-] 10.100.0.14, "GET /2009-04-04/meta-data/public-hostname HTTP/1.1" status: 200 len: 193 time: 0.0073843
2026-06-15 21:12:48.608 49 INFO eventlet.wsgi.server [-] 10.100.0.14, "GET /2009-04-04/meta-data/placement/availability-zone HTTP/1.1" status: 200 len: 139 time: 0.0103838
2026-06-15 21:13:19.459 48 INFO eventlet.wsgi.server [-] 10.100.0.14, "GET /2009-04-04/meta-data/instance-id HTTP/1.1" status: 200 len: 146 time: 0.7700183
2026-06-15 21:13:19.483 48 INFO eventlet.wsgi.server [-] 10.100.0.14, "GET /2009-04-04/meta-data/public-keys HTTP/1.1" status: 200 len: 176 time: 0.0110321
2026-06-15 21:13:19.499 48 INFO eventlet.wsgi.server [-] 10.100.0.14, "GET /2009-04-04/meta-data/public-keys/0/openssh-key HTTP/1.1" status: 200 len: 341 time: 0.0095670
2026-06-15 21:13:19.525 49 INFO eventlet.wsgi.server [-] 10.100.0.14, "GET /2009-04-04/meta-data/instance-id HTTP/1.1" status: 200 len: 146 time: 0.0175116
2026-06-15 21:13:19.541 49 INFO eventlet.wsgi.server [-] 10.100.0.14, "GET /2009-04-04/meta-data/ami-launch-index HTTP/1.1" status: 200 len: 136 time: 0.0092492
2026-06-15 21:13:19.561 49 INFO eventlet.wsgi.server [-] 10.100.0.14, "GET /2009-04-04/meta-data/instance-type HTTP/1.1" status: 200 len: 142 time: 0.0143094
2026-06-15 21:13:19.580 49 INFO eventlet.wsgi.server [-] 10.100.0.14, "GET /2009-04-04/meta-data/local-ipv4 HTTP/1.1" status: 200 len: 147 time: 0.0138476
2026-06-15 21:13:19.595 49 INFO eventlet.wsgi.server [-] 10.100.0.14, "GET /2009-04-04/meta-data/public-ipv4 HTTP/1.1" status: 200 len: 149 time: 0.0102341
2026-06-15 21:13:19.613 49 INFO eventlet.wsgi.server [-] 10.100.0.14, "GET /2009-04-04/meta-data/hostname HTTP/1.1" status: 200 len: 190 time: 0.0125532
2026-06-15 21:13:19.630 49 INFO eventlet.wsgi.server [-] 10.100.0.14, "GET /2009-04-04/meta-data/local-hostname HTTP/1.1" status: 200 len: 190 time: 0.0107861
2026-06-15 21:13:19.645 49 INFO neutron.agent.metadata.proxy_base [-] The instance: a843d4e6-0ecb-4611-87d6-5b7773e48a81 is not present anymore, skipping cache...
2026-06-15 21:13:20.160 49 INFO eventlet.wsgi.server [-] 10.100.0.14, "GET /2009-04-04/user-data HTTP/1.1" status: 404 len: 297 time: 0.5243661
2026-06-15 21:13:20.185 49 INFO eventlet.wsgi.server [-] 10.100.0.14, "GET /2009-04-04/meta-data/block-device-mapping HTTP/1.1" status: 200 len: 143 time: 0.0149689
2026-06-15 21:13:20.198 49 INFO eventlet.wsgi.server [-] 10.100.0.14, "GET /2009-04-04/meta-data/block-device-mapping/ami HTTP/1.1" status: 200 len: 138 time: 0.0094643
2026-06-15 21:13:20.216 48 INFO eventlet.wsgi.server [-] 10.100.0.14, "GET /2009-04-04/meta-data/block-device-mapping/root HTTP/1.1" status: 200 len: 143 time: 0.0121014
2026-06-15 21:13:20.230 48 INFO eventlet.wsgi.server [-] 10.100.0.14, "GET /2009-04-04/meta-data/public-hostname HTTP/1.1" status: 200 len: 190 time: 0.0101311
2026-06-15 21:13:20.241 48 INFO eventlet.wsgi.server [-] 10.100.0.14, "GET /2009-04-04/meta-data/placement/availability-zone HTTP/1.1" status: 200 len: 139 time: 0.0076292
2026-06-15 21:13:40.933 48 ERROR neutron.agent.metadata.agent [-] No port found in network None with IP address 169.254.169.254
2026-06-15 21:13:40.935 48 INFO eventlet.wsgi.server [-] 169.254.169.254, "GET / HTTP/1.1" status: 404 len: 176 time: 0.0086145
2026-06-15 21:14:20.448 49 INFO eventlet.wsgi.server [-] 10.100.0.3, "GET /latest/meta-data/public-ipv4 HTTP/1.1" status: 200 len: 149 time: 0.7831500
2026-06-15 21:14:20.848 48 INFO eventlet.wsgi.server [-] 10.100.0.3, "POST /openstack/2013-10-17/password HTTP/1.1" status: 200 len: 134 time: 0.3273067
2026-06-15 21:15:41.962 48 ERROR neutron.agent.metadata.agent [-] No port found in network None with IP address 169.254.169.254
2026-06-15 21:15:41.962 48 INFO eventlet.wsgi.server [-] 169.254.169.254, "GET / HTTP/1.1" status: 404 len: 176 time: 1.0195718
2026-06-15 21:15:47.350 48 INFO eventlet.wsgi.server [-] 10.2.1.153, "GET /2009-04-04/meta-data/instance-id HTTP/1.1" status: 200 len: 146 time: 0.6758671
2026-06-15 21:15:47.384 48 INFO eventlet.wsgi.server [-] 10.2.1.153, "GET /2009-04-04/meta-data/public-keys HTTP/1.1" status: 200 len: 174 time: 0.0206106
2026-06-15 21:15:47.404 48 INFO eventlet.wsgi.server [-] 10.2.1.153, "GET /2009-04-04/meta-data/public-keys/0/openssh-key HTTP/1.1" status: 200 len: 341 time: 0.0139632
2026-06-15 21:15:47.428 49 INFO eventlet.wsgi.server [-] 10.2.1.153, "GET /2009-04-04/meta-data/instance-id HTTP/1.1" status: 200 len: 146 time: 0.0174191
2026-06-15 21:15:47.446 49 INFO eventlet.wsgi.server [-] 10.2.1.153, "GET /2009-04-04/meta-data/ami-launch-index HTTP/1.1" status: 200 len: 136 time: 0.0109322
2026-06-15 21:15:47.467 48 INFO eventlet.wsgi.server [-] 10.2.1.153, "GET /2009-04-04/meta-data/instance-type HTTP/1.1" status: 200 len: 142 time: 0.0130758
2026-06-15 21:15:47.485 48 INFO eventlet.wsgi.server [-] 10.2.1.153, "GET /2009-04-04/meta-data/local-ipv4 HTTP/1.1" status: 200 len: 146 time: 0.0114512
2026-06-15 21:15:47.505 48 INFO eventlet.wsgi.server [-] 10.2.1.153, "GET /2009-04-04/meta-data/public-ipv4 HTTP/1.1" status: 200 len: 149 time: 0.0137219
2026-06-15 21:15:47.522 48 INFO eventlet.wsgi.server [-] 10.2.1.153, "GET /2009-04-04/meta-data/hostname HTTP/1.1" status: 200 len: 185 time: 0.0091276
2026-06-15 21:15:47.562 49 INFO eventlet.wsgi.server [-] 10.2.1.153, "GET /2009-04-04/meta-data/local-hostname HTTP/1.1" status: 200 len: 185 time: 0.0128944
2026-06-15 21:15:47.578 49 INFO neutron.agent.metadata.proxy_base [-] The instance: 3d396623-412d-486c-98f6-53fde1e9eba8 is not present anymore, skipping cache...
2026-06-15 21:15:48.089 49 INFO eventlet.wsgi.server [-] 10.2.1.153, "GET /2009-04-04/user-data HTTP/1.1" status: 404 len: 297 time: 0.5204399
2026-06-15 21:15:48.114 48 INFO eventlet.wsgi.server [-] 10.2.1.153, "GET /2009-04-04/meta-data/block-device-mapping HTTP/1.1" status: 200 len: 143 time: 0.0116935
2026-06-15 21:15:48.132 49 INFO eventlet.wsgi.server [-] 10.2.1.153, "GET /2009-04-04/meta-data/block-device-mapping/ami HTTP/1.1" status: 200 len: 138 time: 0.0138464
2026-06-15 21:15:48.146 49 INFO eventlet.wsgi.server [-] 10.2.1.153, "GET /2009-04-04/meta-data/block-device-mapping/root HTTP/1.1" status: 200 len: 143 time: 0.0086827
2026-06-15 21:15:48.167 49 INFO eventlet.wsgi.server [-] 10.2.1.153, "GET /2009-04-04/meta-data/public-hostname HTTP/1.1" status: 200 len: 185 time: 0.0127735
2026-06-15 21:15:48.187 48 INFO eventlet.wsgi.server [-] 10.2.1.153, "GET /2009-04-04/meta-data/placement/availability-zone HTTP/1.1" status: 200 len: 139 time: 0.0126321
2026-06-15 21:16:03.562 48 INFO eventlet.wsgi.server [-] 10.2.2.75, "GET /2009-04-04/meta-data/instance-id HTTP/1.1" status: 200 len: 146 time: 0.6494923
2026-06-15 21:16:03.585 48 INFO eventlet.wsgi.server [-] 10.2.2.75, "GET /2009-04-04/meta-data/public-keys HTTP/1.1" status: 200 len: 174 time: 0.0109541
2026-06-15 21:16:03.601 49 INFO eventlet.wsgi.server [-] 10.2.2.75, "GET /2009-04-04/meta-data/public-keys/0/openssh-key HTTP/1.1" status: 200 len: 341 time: 0.0114565
2026-06-15 21:16:03.618 49 INFO eventlet.wsgi.server [-] 10.2.2.75, "GET /2009-04-04/meta-data/instance-id HTTP/1.1" status: 200 len: 146 time: 0.0109339
2026-06-15 21:16:03.638 49 INFO eventlet.wsgi.server [-] 10.2.2.75, "GET /2009-04-04/meta-data/ami-launch-index HTTP/1.1" status: 200 len: 136 time: 0.0126956
2026-06-15 21:16:03.657 49 INFO eventlet.wsgi.server [-] 10.2.2.75, "GET /2009-04-04/meta-data/instance-type HTTP/1.1" status: 200 len: 142 time: 0.0121174
2026-06-15 21:16:03.673 49 INFO eventlet.wsgi.server [-] 10.2.2.75, "GET /2009-04-04/meta-data/local-ipv4 HTTP/1.1" status: 200 len: 144 time: 0.0107534
2026-06-15 21:16:03.689 49 INFO eventlet.wsgi.server [-] 10.2.2.75, "GET /2009-04-04/meta-data/public-ipv4 HTTP/1.1" status: 200 len: 135 time: 0.0093031
2026-06-15 21:16:03.705 49 INFO eventlet.wsgi.server [-] 10.2.2.75, "GET /2009-04-04/meta-data/hostname HTTP/1.1" status: 200 len: 185 time: 0.0100121
2026-06-15 21:16:03.743 48 INFO eventlet.wsgi.server [-] 10.2.2.75, "GET /2009-04-04/meta-data/local-hostname HTTP/1.1" status: 200 len: 185 time: 0.0100255
2026-06-15 21:16:03.762 48 INFO neutron.agent.metadata.proxy_base [-] The instance: 80b595b1-92e4-4de2-9a05-fca3f004884b is not present anymore, skipping cache...
2026-06-15 21:16:04.275 48 INFO eventlet.wsgi.server [-] 10.2.2.75, "GET /2009-04-04/user-data HTTP/1.1" status: 404 len: 297 time: 0.5237312
2026-06-15 21:16:04.299 48 INFO eventlet.wsgi.server [-] 10.2.2.75, "GET /2009-04-04/meta-data/block-device-mapping HTTP/1.1" status: 200 len: 143 time: 0.0119050
2026-06-15 21:16:04.317 49 INFO eventlet.wsgi.server [-] 10.2.2.75, "GET /2009-04-04/meta-data/block-device-mapping/ami HTTP/1.1" status: 200 len: 138 time: 0.0142095
2026-06-15 21:16:04.338 49 INFO eventlet.wsgi.server [-] 10.2.2.75, "GET /2009-04-04/meta-data/block-device-mapping/root HTTP/1.1" status: 200 len: 143 time: 0.0143561
2026-06-15 21:16:04.356 49 INFO eventlet.wsgi.server [-] 10.2.2.75, "GET /2009-04-04/meta-data/public-hostname HTTP/1.1" status: 200 len: 185 time: 0.0132864
2026-06-15 21:16:04.374 49 INFO eventlet.wsgi.server [-] 10.2.2.75, "GET /2009-04-04/meta-data/placement/availability-zone HTTP/1.1" status: 200 len: 139 time: 0.0102553
2026-06-15 21:16:51.001 49 ERROR neutron.agent.metadata.agent [-] No port found in network None with IP address 169.254.169.254
2026-06-15 21:16:51.003 49 INFO eventlet.wsgi.server [-] 169.254.169.254, "GET / HTTP/1.1" status: 404 len: 176 time: 0.0086744
2026-06-15 21:20:00.874 48 ERROR neutron.agent.metadata.agent [-] No port found in network None with IP address 169.254.169.254
2026-06-15 21:20:00.875 48 INFO eventlet.wsgi.server [-] 169.254.169.254, "GET / HTTP/1.1" status: 404 len: 176 time: 0.0062301
2026-06-15 21:23:10.931 49 ERROR neutron.agent.metadata.agent [-] No port found in network None with IP address 169.254.169.254
2026-06-15 21:23:10.932 49 INFO eventlet.wsgi.server [-] 169.254.169.254, "GET / HTTP/1.1" status: 404 len: 176 time: 0.0063720