Mar 30 12:22:17.647360 np0000161223 neutron-periodic-workers[103937]: DEBUG cotyledon.oslo_config_glue [-] ml2.external_network_type = None {{(pid=103937) log_opt_values /opt/stack/data/venv/lib/python3.12/site-packages/oslo_config/cfg.py:3006}}
Mar 30 12:22:17.647828 np0000161223 neutron-periodic-workers[103937]: DEBUG cotyledon.oslo_config_glue [-] ml2.mechanism_drivers = ['ovn'] {{(pid=103937) log_opt_values /opt/stack/data/venv/lib/python3.12/site-packages/oslo_config/cfg.py:3006}}
Mar 30 12:22:17.647828 np0000161223 neutron-periodic-workers[103937]: DEBUG cotyledon.oslo_config_glue [-] ml2.overlay_ip_version = 4 {{(pid=103937) log_opt_values /opt/stack/data/venv/lib/python3.12/site-packages/oslo_config/cfg.py:3006}}
Mar 30 12:22:17.647828 np0000161223 neutron-periodic-workers[103937]: DEBUG cotyledon.oslo_config_glue [-] ml2.path_mtu = 0 {{(pid=103937) log_opt_values /opt/stack/data/venv/lib/python3.12/site-packages/oslo_config/cfg.py:3006}}
Mar 30 12:22:17.647828 np0000161223 neutron-periodic-workers[103937]: DEBUG cotyledon.oslo_config_glue [-] ml2.physical_network_mtus = {} {{(pid=103937) log_opt_values /opt/stack/data/venv/lib/python3.12/site-packages/oslo_config/cfg.py:3006}}
Mar 30 12:22:17.647828 np0000161223 neutron-periodic-workers[103937]: DEBUG cotyledon.oslo_config_glue [-] ml2.project_network_types = ['geneve'] {{(pid=103937) log_opt_values /opt/stack/data/venv/lib/python3.12/site-packages/oslo_config/cfg.py:3006}}
Mar 30 12:22:17.647828 np0000161223 neutron-periodic-workers[103937]: DEBUG cotyledon.oslo_config_glue [-] ml2.tunnelled_network_rp_name = rp_tunnelled {{(pid=103937) log_opt_values /opt/stack/data/venv/lib/python3.12/site-packages/oslo_config/cfg.py:3006}}
Mar 30 12:22:17.647828 np0000161223 neutron-periodic-workers[103937]: DEBUG cotyledon.oslo_config_glue [-] ml2.type_drivers = ['local', 'flat', 'vlan', 'geneve'] {{(pid=103937) log_opt_values /opt/stack/data/venv/lib/python3.12/site-packages/oslo_config/cfg.py:3006}}
Mar 30 12:22:17.647828 np0000161223 neutron-periodic-workers[103937]: DEBUG cotyledon.oslo_config_glue [-] ml2_type_flat.flat_networks = ['public'] {{(pid=103937) log_opt_values /opt/stack/data/venv/lib/python3.12/site-packages/oslo_config/cfg.py:3006}}
Mar 30 12:22:17.647828 np0000161223 neutron-periodic-workers[103937]: DEBUG cotyledon.oslo_config_glue [-] ml2_type_geneve.max_header_size = 38 {{(pid=103937) log_opt_values /opt/stack/data/venv/lib/python3.12/site-packages/oslo_config/cfg.py:3006}}
Mar 30 12:22:17.648415 np0000161223 neutron-periodic-workers[103937]: DEBUG cotyledon.oslo_config_glue [-] ml2_type_geneve.vni_ranges = ['1:65536'] {{(pid=103937) log_opt_values /opt/stack/data/venv/lib/python3.12/site-packages/oslo_config/cfg.py:3006}}
Mar 30 12:22:17.648415 np0000161223 neutron-periodic-workers[103937]: DEBUG cotyledon.oslo_config_glue [-] ml2_type_vlan.network_vlan_ranges = ['public'] {{(pid=103937) log_opt_values /opt/stack/data/venv/lib/python3.12/site-packages/oslo_config/cfg.py:3006}}
Mar 30 12:22:17.648415 np0000161223 neutron-periodic-workers[103937]: DEBUG cotyledon.oslo_config_glue [-] network_log.burst_limit = 25 {{(pid=103937) log_opt_values /opt/stack/data/venv/lib/python3.12/site-packages/oslo_config/cfg.py:3006}}
Mar 30 12:22:17.648415 np0000161223 neutron-periodic-workers[103937]: DEBUG cotyledon.oslo_config_glue [-] network_log.local_output_log_base = None {{(pid=103937) log_opt_values /opt/stack/data/venv/lib/python3.12/site-packages/oslo_config/cfg.py:3006}}
Mar 30 12:22:17.648415 np0000161223 neutron-periodic-workers[103937]: DEBUG cotyledon.oslo_config_glue [-] network_log.rate_limit = 100 {{(pid=103937) log_opt_values /opt/stack/data/venv/lib/python3.12/site-packages/oslo_config/cfg.py:3006}}
Mar 30 12:22:17.648415 np0000161223 neutron-periodic-workers[103937]: DEBUG cotyledon.oslo_config_glue [-] database.asyncio_connection = **** {{(pid=103937) log_opt_values /opt/stack/data/venv/lib/python3.12/site-packages/oslo_config/cfg.py:3006}}
Mar 30 12:22:17.648415 np0000161223 neutron-periodic-workers[103937]: DEBUG cotyledon.oslo_config_glue [-] database.asyncio_slave_connection = **** {{(pid=103937) log_opt_values /opt/stack/data/venv/lib/python3.12/site-packages/oslo_config/cfg.py:3006}}
Mar 30 12:22:17.648415 np0000161223 neutron-periodic-workers[103937]: DEBUG cotyledon.oslo_config_glue [-] database.backend = sqlalchemy {{(pid=103937) log_opt_values /opt/stack/data/venv/lib/python3.12/site-packages/oslo_config/cfg.py:3006}}
Mar 30 12:22:17.648415 np0000161223 neutron-periodic-workers[103937]: DEBUG cotyledon.oslo_config_glue [-] database.connection = **** {{(pid=103937) log_opt_values /opt/stack/data/venv/lib/python3.12/site-packages/oslo_config/cfg.py:3006}}
Mar 30 12:22:17.648848 np0000161223 neutron-periodic-workers[103937]: DEBUG cotyledon.oslo_config_glue [-] database.connection_debug = 0 {{(pid=103937) log_opt_values /opt/stack/data/venv/lib/python3.12/site-packages/oslo_config/cfg.py:3006}}
Mar 30 12:22:17.648848 np0000161223 neutron-periodic-workers[103937]: DEBUG cotyledon.oslo_config_glue [-] database.connection_parameters = {{(pid=103937) log_opt_values /opt/stack/data/venv/lib/python3.12/site-packages/oslo_config/cfg.py:3006}}
Mar 30 12:22:17.648848 np0000161223 neutron-periodic-workers[103937]: DEBUG cotyledon.oslo_config_glue [-] database.connection_recycle_time = 3600 {{(pid=103937) log_opt_values /opt/stack/data/venv/lib/python3.12/site-packages/oslo_config/cfg.py:3006}}
Mar 30 12:22:17.648848 np0000161223 neutron-periodic-workers[103937]: DEBUG cotyledon.oslo_config_glue [-] database.connection_trace = False {{(pid=103937) log_opt_values /opt/stack/data/venv/lib/python3.12/site-packages/oslo_config/cfg.py:3006}}
Mar 30 12:22:17.648848 np0000161223 neutron-periodic-workers[103937]: DEBUG cotyledon.oslo_config_glue [-] database.db_inc_retry_interval = True {{(pid=103937) log_opt_values /opt/stack/data/venv/lib/python3.12/site-packages/oslo_config/cfg.py:3006}}
Mar 30 12:22:17.648848 np0000161223 neutron-periodic-workers[103937]: DEBUG cotyledon.oslo_config_glue [-] database.db_max_retries = 20 {{(pid=103937) log_opt_values /opt/stack/data/venv/lib/python3.12/site-packages/oslo_config/cfg.py:3006}}
Mar 30 12:22:17.648848 np0000161223 neutron-periodic-workers[103937]: DEBUG cotyledon.oslo_config_glue [-] database.db_max_retry_interval = 10 {{(pid=103937) log_opt_values /opt/stack/data/venv/lib/python3.12/site-packages/oslo_config/cfg.py:3006}}
Mar 30 12:22:17.648848 np0000161223 neutron-periodic-workers[103937]: DEBUG cotyledon.oslo_config_glue [-] database.db_retry_interval = 1 {{(pid=103937) log_opt_values /opt/stack/data/venv/lib/python3.12/site-packages/oslo_config/cfg.py:3006}}
Mar 30 12:22:17.648848 np0000161223 neutron-periodic-workers[103937]: DEBUG cotyledon.oslo_config_glue [-] database.max_overflow = 50 {{(pid=103937) log_opt_values /opt/stack/data/venv/lib/python3.12/site-packages/oslo_config/cfg.py:3006}}
Mar 30 12:22:17.649538 np0000161223 neutron-periodic-workers[103937]: DEBUG cotyledon.oslo_config_glue [-] database.max_pool_size = 5 {{(pid=103937) log_opt_values /opt/stack/data/venv/lib/python3.12/site-packages/oslo_config/cfg.py:3006}}
Mar 30 12:22:17.649538 np0000161223 neutron-periodic-workers[103937]: DEBUG cotyledon.oslo_config_glue [-] database.max_retries = 10 {{(pid=103937) log_opt_values /opt/stack/data/venv/lib/python3.12/site-packages/oslo_config/cfg.py:3006}}
Mar 30 12:22:17.649538 np0000161223 neutron-periodic-workers[103937]: DEBUG cotyledon.oslo_config_glue [-] database.mysql_sql_mode = TRADITIONAL {{(pid=103937) log_opt_values /opt/stack/data/venv/lib/python3.12/site-packages/oslo_config/cfg.py:3006}}
Mar 30 12:22:17.649538 np0000161223 neutron-periodic-workers[103937]: DEBUG cotyledon.oslo_config_glue [-] database.mysql_wsrep_sync_wait = None {{(pid=103937) log_opt_values /opt/stack/data/venv/lib/python3.12/site-packages/oslo_config/cfg.py:3006}}
Mar 30 12:22:17.649538 np0000161223 neutron-periodic-workers[103937]: DEBUG cotyledon.oslo_config_glue [-] database.pool_timeout = None {{(pid=103937) log_opt_values /opt/stack/data/venv/lib/python3.12/site-packages/oslo_config/cfg.py:3006}}
Mar 30 12:22:17.649538 np0000161223 neutron-periodic-workers[103937]: DEBUG cotyledon.oslo_config_glue [-] database.retry_interval = 10 {{(pid=103937) log_opt_values /opt/stack/data/venv/lib/python3.12/site-packages/oslo_config/cfg.py:3006}}
Mar 30 12:22:17.649538 np0000161223 neutron-periodic-workers[103937]: DEBUG cotyledon.oslo_config_glue [-] database.slave_connection = **** {{(pid=103937) log_opt_values /opt/stack/data/venv/lib/python3.12/site-packages/oslo_config/cfg.py:3006}}
Mar 30 12:22:17.649538 np0000161223 neutron-periodic-workers[103937]: DEBUG cotyledon.oslo_config_glue [-] database.sqlite_synchronous = True {{(pid=103937) log_opt_values /opt/stack/data/venv/lib/python3.12/site-packages/oslo_config/cfg.py:3006}}
Mar 30 12:22:17.649538 np0000161223 neutron-periodic-workers[103937]: DEBUG cotyledon.oslo_config_glue [-] database.synchronous_reader = True {{(pid=103937) log_opt_values /opt/stack/data/venv/lib/python3.12/site-packages/oslo_config/cfg.py:3006}}
Mar 30 12:22:17.650928 np0000161223 neutron-periodic-workers[103937]: DEBUG cotyledon.oslo_config_glue [-] database.use_db_reconnect = False {{(pid=103937) log_opt_values /opt/stack/data/venv/lib/python3.12/site-packages/oslo_config/cfg.py:3006}}
Mar 30 12:22:17.650928 np0000161223 neutron-periodic-workers[103937]: DEBUG cotyledon.oslo_config_glue [-] ovn.bfd_min_rx = 1000 {{(pid=103937) log_opt_values /opt/stack/data/venv/lib/python3.12/site-packages/oslo_config/cfg.py:3006}}
Mar 30 12:22:17.650928 np0000161223 neutron-periodic-workers[103937]: DEBUG cotyledon.oslo_config_glue [-] ovn.bfd_min_tx = 100 {{(pid=103937) log_opt_values /opt/stack/data/venv/lib/python3.12/site-packages/oslo_config/cfg.py:3006}}
Mar 30 12:22:17.650928 np0000161223 neutron-periodic-workers[103937]: DEBUG cotyledon.oslo_config_glue [-] ovn.bfd_mult = 3 {{(pid=103937) log_opt_values /opt/stack/data/venv/lib/python3.12/site-packages/oslo_config/cfg.py:3006}}
Mar 30 12:22:17.650928 np0000161223 neutron-periodic-workers[103937]: DEBUG cotyledon.oslo_config_glue [-] ovn.broadcast_arps_to_all_routers = True {{(pid=103937) log_opt_values /opt/stack/data/venv/lib/python3.12/site-packages/oslo_config/cfg.py:3006}}
Mar 30 12:22:17.650928 np0000161223 neutron-periodic-workers[103937]: DEBUG cotyledon.oslo_config_glue [-] ovn.dhcp_default_lease_time = 43200 {{(pid=103937) log_opt_values /opt/stack/data/venv/lib/python3.12/site-packages/oslo_config/cfg.py:3006}}
Mar 30 12:22:17.650928 np0000161223 neutron-periodic-workers[103937]: DEBUG cotyledon.oslo_config_glue [-] ovn.disable_ovn_dhcp_for_baremetal_ports = False {{(pid=103937) log_opt_values /opt/stack/data/venv/lib/python3.12/site-packages/oslo_config/cfg.py:3006}}
Mar 30 12:22:17.650928 np0000161223 neutron-periodic-workers[103937]: DEBUG cotyledon.oslo_config_glue [-] ovn.dns_records_ovn_owned = False {{(pid=103937) log_opt_values /opt/stack/data/venv/lib/python3.12/site-packages/oslo_config/cfg.py:3006}}
Mar 30 12:22:17.650928 np0000161223 neutron-periodic-workers[103937]: DEBUG cotyledon.oslo_config_glue [-] ovn.dns_servers = [] {{(pid=103937) log_opt_values /opt/stack/data/venv/lib/python3.12/site-packages/oslo_config/cfg.py:3006}}
Mar 30 12:22:17.651331 np0000161223 neutron-periodic-workers[103937]: DEBUG cotyledon.oslo_config_glue [-] ovn.enable_distributed_floating_ip = False {{(pid=103937) log_opt_values /opt/stack/data/venv/lib/python3.12/site-packages/oslo_config/cfg.py:3006}}
Mar 30 12:22:17.651331 np0000161223 neutron-periodic-workers[103937]: DEBUG cotyledon.oslo_config_glue [-] ovn.fdb_age_threshold = 300 {{(pid=103937) log_opt_values /opt/stack/data/venv/lib/python3.12/site-packages/oslo_config/cfg.py:3006}}
Mar 30 12:22:17.651331 np0000161223 neutron-periodic-workers[103937]: DEBUG cotyledon.oslo_config_glue [-] ovn.ha_failover_strategy = normal {{(pid=103937) log_opt_values /opt/stack/data/venv/lib/python3.12/site-packages/oslo_config/cfg.py:3006}}
Mar 30 12:22:17.651331 np0000161223 neutron-periodic-workers[103937]: DEBUG cotyledon.oslo_config_glue [-] ovn.live_migration_activation_strategy = rarp {{(pid=103937) log_opt_values /opt/stack/data/venv/lib/python3.12/site-packages/oslo_config/cfg.py:3006}}
Mar 30 12:22:17.651331 np0000161223 neutron-periodic-workers[103937]: DEBUG cotyledon.oslo_config_glue [-] ovn.localnet_learn_fdb = False {{(pid=103937) log_opt_values /opt/stack/data/venv/lib/python3.12/site-packages/oslo_config/cfg.py:3006}}
Mar 30 12:22:17.651331 np0000161223 neutron-periodic-workers[103937]: DEBUG cotyledon.oslo_config_glue [-] ovn.mac_binding_age_threshold = 300 {{(pid=103937) log_opt_values /opt/stack/data/venv/lib/python3.12/site-packages/oslo_config/cfg.py:3006}}
Mar 30 12:22:17.651331 np0000161223 neutron-periodic-workers[103937]: DEBUG cotyledon.oslo_config_glue [-] ovn.neutron_sync_mode = log {{(pid=103937) log_opt_values /opt/stack/data/venv/lib/python3.12/site-packages/oslo_config/cfg.py:3006}}
Mar 30 12:22:17.651331 np0000161223 neutron-periodic-workers[103937]: DEBUG cotyledon.oslo_config_glue [-] ovn.ovn_dhcp4_global_options = {} {{(pid=103937) log_opt_values /opt/stack/data/venv/lib/python3.12/site-packages/oslo_config/cfg.py:3006}}
Mar 30 12:22:17.651331 np0000161223 neutron-periodic-workers[103937]: DEBUG cotyledon.oslo_config_glue [-] ovn.ovn_dhcp6_global_options = {} {{(pid=103937) log_opt_values /opt/stack/data/venv/lib/python3.12/site-packages/oslo_config/cfg.py:3006}}
Mar 30 12:22:17.651763 np0000161223 neutron-periodic-workers[103937]: DEBUG cotyledon.oslo_config_glue [-] ovn.ovn_l3_scheduler = leastloaded {{(pid=103937) log_opt_values /opt/stack/data/venv/lib/python3.12/site-packages/oslo_config/cfg.py:3006}}
Mar 30 12:22:17.651763 np0000161223 neutron-periodic-workers[103937]: DEBUG cotyledon.oslo_config_glue [-] ovn.ovn_metadata_enabled = True {{(pid=103937) log_opt_values /opt/stack/data/venv/lib/python3.12/site-packages/oslo_config/cfg.py:3006}}
Mar 30 12:22:17.651763 np0000161223 neutron-periodic-workers[103937]: DEBUG cotyledon.oslo_config_glue [-] ovn.ovn_nb_ca_cert = /opt/stack/data/CA/int-ca/ca-chain.pem {{(pid=103937) log_opt_values /opt/stack/data/venv/lib/python3.12/site-packages/oslo_config/cfg.py:3006}}
Mar 30 12:22:17.651763 np0000161223 neutron-periodic-workers[103937]: DEBUG cotyledon.oslo_config_glue [-] ovn.ovn_nb_certificate = /opt/stack/data/CA/int-ca/devstack-cert.crt {{(pid=103937) log_opt_values /opt/stack/data/venv/lib/python3.12/site-packages/oslo_config/cfg.py:3006}}
Mar 30 12:22:17.651763 np0000161223 neutron-periodic-workers[103937]: DEBUG cotyledon.oslo_config_glue [-] ovn.ovn_nb_connection = ['ssl:199.204.45.216:6641'] {{(pid=103937) log_opt_values /opt/stack/data/venv/lib/python3.12/site-packages/oslo_config/cfg.py:3006}}
Mar 30 12:22:17.651763 np0000161223 neutron-periodic-workers[103937]: DEBUG cotyledon.oslo_config_glue [-] ovn.ovn_nb_private_key = /opt/stack/data/CA/int-ca/private/devstack-cert.key {{(pid=103937) log_opt_values /opt/stack/data/venv/lib/python3.12/site-packages/oslo_config/cfg.py:3006}}
Mar 30 12:22:17.651763 np0000161223 neutron-periodic-workers[103937]: DEBUG cotyledon.oslo_config_glue [-] ovn.ovn_router_indirect_snat = False {{(pid=103937) log_opt_values /opt/stack/data/venv/lib/python3.12/site-packages/oslo_config/cfg.py:3006}}
Mar 30 12:22:17.651763 np0000161223 neutron-periodic-workers[103937]: DEBUG cotyledon.oslo_config_glue [-] ovn.ovn_sb_ca_cert = /opt/stack/data/CA/int-ca/ca-chain.pem {{(pid=103937) log_opt_values /opt/stack/data/venv/lib/python3.12/site-packages/oslo_config/cfg.py:3006}}
Mar 30 12:22:17.652126 np0000161223 neutron-periodic-workers[103937]: DEBUG cotyledon.oslo_config_glue [-] ovn.ovn_sb_certificate = /opt/stack/data/CA/int-ca/devstack-cert.crt {{(pid=103937) log_opt_values /opt/stack/data/venv/lib/python3.12/site-packages/oslo_config/cfg.py:3006}}
Mar 30 12:22:17.652126 np0000161223 neutron-periodic-workers[103937]: DEBUG cotyledon.oslo_config_glue [-] ovn.ovn_sb_connection = ['ssl:199.204.45.216:6642'] {{(pid=103937) log_opt_values /opt/stack/data/venv/lib/python3.12/site-packages/oslo_config/cfg.py:3006}}
Mar 30 12:22:17.652126 np0000161223 neutron-periodic-workers[103937]: DEBUG cotyledon.oslo_config_glue [-] ovn.ovn_sb_private_key = /opt/stack/data/CA/int-ca/private/devstack-cert.key {{(pid=103937) log_opt_values /opt/stack/data/venv/lib/python3.12/site-packages/oslo_config/cfg.py:3006}}
Mar 30 12:22:17.652126 np0000161223 neutron-periodic-workers[103937]: DEBUG cotyledon.oslo_config_glue [-] ovn.ovs_create_tap = False {{(pid=103937) log_opt_values /opt/stack/data/venv/lib/python3.12/site-packages/oslo_config/cfg.py:3006}}
Mar 30 12:22:17.652126 np0000161223 neutron-periodic-workers[103937]: DEBUG cotyledon.oslo_config_glue [-] ovn.ovsdb_connection_timeout = 180 {{(pid=103937) log_opt_values /opt/stack/data/venv/lib/python3.12/site-packages/oslo_config/cfg.py:3006}}
Mar 30 12:22:17.652126 np0000161223 neutron-periodic-workers[103937]: DEBUG cotyledon.oslo_config_glue [-] ovn.ovsdb_log_level = INFO {{(pid=103937) log_opt_values /opt/stack/data/venv/lib/python3.12/site-packages/oslo_config/cfg.py:3006}}
Mar 30 12:22:17.652126 np0000161223 neutron-periodic-workers[103937]: DEBUG cotyledon.oslo_config_glue [-] ovn.ovsdb_probe_interval = 60000 {{(pid=103937) log_opt_values /opt/stack/data/venv/lib/python3.12/site-packages/oslo_config/cfg.py:3006}}
Mar 30 12:22:17.652126 np0000161223 neutron-periodic-workers[103937]: DEBUG cotyledon.oslo_config_glue [-] ovn.ovsdb_retry_max_interval = 180 {{(pid=103937) log_opt_values /opt/stack/data/venv/lib/python3.12/site-packages/oslo_config/cfg.py:3006}}
Mar 30 12:22:17.652126 np0000161223 neutron-periodic-workers[103937]: DEBUG cotyledon.oslo_config_glue [-] ovn.stateless_nat_enabled = False {{(pid=103937) log_opt_values /opt/stack/data/venv/lib/python3.12/site-packages/oslo_config/cfg.py:3006}}
Mar 30 12:22:17.652566 np0000161223 neutron-periodic-workers[103937]: DEBUG cotyledon.oslo_config_glue [-] ovn.vhost_sock_dir = /var/run/openvswitch {{(pid=103937) log_opt_values /opt/stack/data/venv/lib/python3.12/site-packages/oslo_config/cfg.py:3006}}
Mar 30 12:22:17.652566 np0000161223 neutron-periodic-workers[103937]: DEBUG cotyledon.oslo_config_glue [-] OVS.bridge_mac_table_size = 50000 {{(pid=103937) log_opt_values /opt/stack/data/venv/lib/python3.12/site-packages/oslo_config/cfg.py:3006}}
Mar 30 12:22:17.652566 np0000161223 neutron-periodic-workers[103937]: DEBUG cotyledon.oslo_config_glue [-] OVS.igmp_flood = False {{(pid=103937) log_opt_values /opt/stack/data/venv/lib/python3.12/site-packages/oslo_config/cfg.py:3006}}
Mar 30 12:22:17.652566 np0000161223 neutron-periodic-workers[103937]: DEBUG cotyledon.oslo_config_glue [-] OVS.igmp_flood_reports = True {{(pid=103937) log_opt_values /opt/stack/data/venv/lib/python3.12/site-packages/oslo_config/cfg.py:3006}}
Mar 30 12:22:17.652566 np0000161223 neutron-periodic-workers[103937]: DEBUG cotyledon.oslo_config_glue [-] OVS.igmp_flood_unregistered = False {{(pid=103937) log_opt_values /opt/stack/data/venv/lib/python3.12/site-packages/oslo_config/cfg.py:3006}}
Mar 30 12:22:17.652566 np0000161223 neutron-periodic-workers[103937]: DEBUG cotyledon.oslo_config_glue [-] OVS.igmp_snooping_enable = False {{(pid=103937) log_opt_values /opt/stack/data/venv/lib/python3.12/site-packages/oslo_config/cfg.py:3006}}
Mar 30 12:22:17.652566 np0000161223 neutron-periodic-workers[103937]: DEBUG cotyledon.oslo_config_glue [-] OVS.ovsdb_timeout = 10 {{(pid=103937) log_opt_values /opt/stack/data/venv/lib/python3.12/site-packages/oslo_config/cfg.py:3006}}
Mar 30 12:22:17.652566 np0000161223 neutron-periodic-workers[103937]: DEBUG cotyledon.oslo_config_glue [-] ovn_nb_global.fdb_removal_limit = 0 {{(pid=103937) log_opt_values /opt/stack/data/venv/lib/python3.12/site-packages/oslo_config/cfg.py:3006}}
Mar 30 12:22:17.652566 np0000161223 neutron-periodic-workers[103937]: DEBUG cotyledon.oslo_config_glue [-] ovn_nb_global.ignore_lsp_down = False {{(pid=103937) log_opt_values /opt/stack/data/venv/lib/python3.12/site-packages/oslo_config/cfg.py:3006}}
Mar 30 12:22:17.653135 np0000161223 neutron-periodic-workers[103937]: DEBUG cotyledon.oslo_config_glue [-] ovn_nb_global.mac_binding_removal_limit = 0 {{(pid=103937) log_opt_values /opt/stack/data/venv/lib/python3.12/site-packages/oslo_config/cfg.py:3006}}
Mar 30 12:22:17.653135 np0000161223 neutron-periodic-workers[103937]: DEBUG cotyledon.oslo_config_glue [-] ******************************************************************************** {{(pid=103937) log_opt_values /opt/stack/data/venv/lib/python3.12/site-packages/oslo_config/cfg.py:3013}}
Mar 30 12:22:17.653135 np0000161223 neutron-periodic-workers[103937]: DEBUG cotyledon._service_worker [-] Run service ServiceWrapper(0) [103937] {{(pid=103937) wait_forever /opt/stack/data/venv/lib/python3.12/site-packages/cotyledon/_service_worker.py:218}}
Mar 30 12:22:27.239117 np0000161223 neutron-periodic-workers[103170]: DEBUG dbcounter [-] [103170] Writing DB stats neutron:SELECT=7,neutron:INSERT=1 {{(pid=103170) stat_writer /opt/stack/data/venv/lib/python3.12/site-packages/dbcounter.py:115}}
Mar 30 12:23:01.567719 np0000161223 neutron-periodic-workers[103914]: DEBUG oslo_db.sqlalchemy.engines [None req-cb549c10-2bad-4f6b-a3ca-581fd1290b38 None None] Parent process 103170 forked (103914) with an open database connection, which is being discarded and recreated. {{(pid=103914) checkout /opt/stack/data/venv/lib/python3.12/site-packages/oslo_db/sqlalchemy/engines.py:402}}
Mar 30 12:23:01.578180 np0000161223 neutron-periodic-workers[103914]: DEBUG dbcounter [-] [103914] Writer thread running {{(pid=103914) stat_writer /opt/stack/data/venv/lib/python3.12/site-packages/dbcounter.py:102}}
Mar 30 12:23:01.585730 np0000161223 neutron-periodic-workers[103914]: DEBUG oslo.service.backend._threading.loopingcall [None req-cb549c10-2bad-4f6b-a3ca-581fd1290b38 None None] Fixed interval looping call 'neutron.plugins.ml2.plugin.DhcpAgentSchedulerDbMixin.remove_networks_from_down_agents' sleeping for 36.97 seconds {{(pid=103914) _run_loop /opt/stack/data/venv/lib/python3.12/site-packages/oslo_service/backend/_threading/loopingcall.py:125}}
Mar 30 12:23:10.602013 np0000161223 neutron-periodic-workers[103924]: DEBUG dbcounter [-] [103924] Writer thread running {{(pid=103924) stat_writer /opt/stack/data/venv/lib/python3.12/site-packages/dbcounter.py:102}}
Mar 30 12:23:10.604945 np0000161223 neutron-periodic-workers[103924]: DEBUG neutron.db.agents_db [None req-adad8bb3-2ba1-426f-8be5-7fb5b5f5f95f None None] Agent healthcheck: found 0 active agents {{(pid=103924) agent_health_check /opt/stack/neutron/neutron/db/agents_db.py:317}}
Mar 30 12:23:10.605171 np0000161223 neutron-periodic-workers[103924]: DEBUG oslo.service.backend._threading.loopingcall [None req-adad8bb3-2ba1-426f-8be5-7fb5b5f5f95f None None] Fixed interval looping call 'neutron.plugins.ml2.plugin.AgentDbMixin.agent_health_check' sleeping for 36.98 seconds {{(pid=103924) _run_loop /opt/stack/data/venv/lib/python3.12/site-packages/oslo_service/backend/_threading/loopingcall.py:125}}
Mar 30 12:23:11.585191 np0000161223 neutron-periodic-workers[103914]: DEBUG dbcounter [-] [103914] Writing DB stats neutron:SELECT=3 {{(pid=103914) stat_writer /opt/stack/data/venv/lib/python3.12/site-packages/dbcounter.py:115}}
Mar 30 12:23:20.604351 np0000161223 neutron-periodic-workers[103924]: DEBUG dbcounter [-] [103924] Writing DB stats neutron:SELECT=1 {{(pid=103924) stat_writer /opt/stack/data/venv/lib/python3.12/site-packages/dbcounter.py:115}}
Mar 30 12:23:38.564862 np0000161223 neutron-periodic-workers[103914]: DEBUG oslo.service.backend._threading.loopingcall [None req-cb549c10-2bad-4f6b-a3ca-581fd1290b38 None None] Fixed interval looping call 'neutron.plugins.ml2.plugin.DhcpAgentSchedulerDbMixin.remove_networks_from_down_agents' sleeping for 36.99 seconds {{(pid=103914) _run_loop /opt/stack/data/venv/lib/python3.12/site-packages/oslo_service/backend/_threading/loopingcall.py:125}}
Mar 30 12:23:47.593968 np0000161223 neutron-periodic-workers[103924]: DEBUG neutron.db.agents_db [None req-adad8bb3-2ba1-426f-8be5-7fb5b5f5f95f None None] Agent healthcheck: found 0 active agents {{(pid=103924) agent_health_check /opt/stack/neutron/neutron/db/agents_db.py:317}}
Mar 30 12:23:47.594619 np0000161223 neutron-periodic-workers[103924]: DEBUG oslo.service.backend._threading.loopingcall [None req-adad8bb3-2ba1-426f-8be5-7fb5b5f5f95f None None] Fixed interval looping call 'neutron.plugins.ml2.plugin.AgentDbMixin.agent_health_check' sleeping for 36.99 seconds {{(pid=103924) _run_loop /opt/stack/data/venv/lib/python3.12/site-packages/oslo_service/backend/_threading/loopingcall.py:125}}
Mar 30 12:23:48.564681 np0000161223 neutron-periodic-workers[103914]: DEBUG dbcounter [-] [103914] Writing DB stats neutron:SELECT=3 {{(pid=103914) stat_writer /opt/stack/data/venv/lib/python3.12/site-packages/dbcounter.py:115}}
Mar 30 12:23:57.591737 np0000161223 neutron-periodic-workers[103924]: DEBUG dbcounter [-] [103924] Writing DB stats neutron:SELECT=1 {{(pid=103924) stat_writer /opt/stack/data/venv/lib/python3.12/site-packages/dbcounter.py:115}}
Mar 30 12:24:15.565165 np0000161223 neutron-periodic-workers[103914]: DEBUG oslo.service.backend._threading.loopingcall [None req-cb549c10-2bad-4f6b-a3ca-581fd1290b38 None None] Fixed interval looping call 'neutron.plugins.ml2.plugin.DhcpAgentSchedulerDbMixin.remove_networks_from_down_agents' sleeping for 36.99 seconds {{(pid=103914) _run_loop /opt/stack/data/venv/lib/python3.12/site-packages/oslo_service/backend/_threading/loopingcall.py:125}}
Mar 30 12:24:17.631341 np0000161223 neutron-periodic-workers[103937]: DEBUG dbcounter [-] [103937] Writer thread running {{(pid=103937) stat_writer /opt/stack/data/venv/lib/python3.12/site-packages/dbcounter.py:102}}
Mar 30 12:24:17.634247 np0000161223 neutron-periodic-workers[103937]: DEBUG oslo.service.backend._threading.loopingcall [None req-4efd8218-9bd2-434d-8e60-8fdc65332e03 None None] Fixed interval looping call 'neutron.db.quota.driver_nolock.DbQuotaNoLockDriver._remove_expired_reservations' sleeping for 119.98 seconds {{(pid=103937) _run_loop /opt/stack/data/venv/lib/python3.12/site-packages/oslo_service/backend/_threading/loopingcall.py:125}}
Mar 30 12:24:24.588938 np0000161223 neutron-periodic-workers[103924]: DEBUG neutron.db.agents_db [None req-adad8bb3-2ba1-426f-8be5-7fb5b5f5f95f None None] Agent healthcheck: found 0 active agents {{(pid=103924) agent_health_check /opt/stack/neutron/neutron/db/agents_db.py:317}}
Mar 30 12:24:24.589415 np0000161223 neutron-periodic-workers[103924]: DEBUG oslo.service.backend._threading.loopingcall [None req-adad8bb3-2ba1-426f-8be5-7fb5b5f5f95f None None] Fixed interval looping call 'neutron.plugins.ml2.plugin.AgentDbMixin.agent_health_check' sleeping for 37.00 seconds {{(pid=103924) _run_loop /opt/stack/data/venv/lib/python3.12/site-packages/oslo_service/backend/_threading/loopingcall.py:125}}
Mar 30 12:24:25.564275 np0000161223 neutron-periodic-workers[103914]: DEBUG dbcounter [-] [103914] Writing DB stats neutron:SELECT=3 {{(pid=103914) stat_writer /opt/stack/data/venv/lib/python3.12/site-packages/dbcounter.py:115}}
Mar 30 12:24:27.632269 np0000161223 neutron-periodic-workers[103937]: DEBUG dbcounter [-] [103937] Writing DB stats neutron:DELETE=1 {{(pid=103937) stat_writer /opt/stack/data/venv/lib/python3.12/site-packages/dbcounter.py:115}}
Mar 30 12:24:34.587775 np0000161223 neutron-periodic-workers[103924]: DEBUG dbcounter [-] [103924] Writing DB stats neutron:SELECT=1 {{(pid=103924) stat_writer /opt/stack/data/venv/lib/python3.12/site-packages/dbcounter.py:115}}
Mar 30 12:24:52.569064 np0000161223 neutron-periodic-workers[103914]: DEBUG oslo.service.backend._threading.loopingcall [None req-cb549c10-2bad-4f6b-a3ca-581fd1290b38 None None] Fixed interval looping call 'neutron.plugins.ml2.plugin.DhcpAgentSchedulerDbMixin.remove_networks_from_down_agents' sleeping for 36.99 seconds {{(pid=103914) _run_loop /opt/stack/data/venv/lib/python3.12/site-packages/oslo_service/backend/_threading/loopingcall.py:125}}
Mar 30 12:25:01.586541 np0000161223 neutron-periodic-workers[103906]: DEBUG dbcounter [-] [103906] Writer thread running {{(pid=103906) stat_writer /opt/stack/data/venv/lib/python3.12/site-packages/dbcounter.py:102}}
Mar 30 12:25:01.594665 np0000161223 neutron-periodic-workers[103924]: DEBUG neutron.db.agents_db [None req-adad8bb3-2ba1-426f-8be5-7fb5b5f5f95f None None] Agent healthcheck: found 0 active agents {{(pid=103924) agent_health_check /opt/stack/neutron/neutron/db/agents_db.py:317}}
Mar 30 12:25:01.594665 np0000161223 neutron-periodic-workers[103924]: DEBUG oslo.service.backend._threading.loopingcall [None req-adad8bb3-2ba1-426f-8be5-7fb5b5f5f95f None None] Fixed interval looping call 'neutron.plugins.ml2.plugin.AgentDbMixin.agent_health_check' sleeping for 36.99 seconds {{(pid=103924) _run_loop /opt/stack/data/venv/lib/python3.12/site-packages/oslo_service/backend/_threading/loopingcall.py:125}}
Mar 30 12:25:01.596358 np0000161223 neutron-periodic-workers[103906]: DEBUG oslo.service.backend._threading.loopingcall [None req-1e358890-efda-4d6a-be2b-465a44d1bfca None None] Fixed interval looping call 'neutron.services.ovn_l3.plugin.L3_NAT_dbonly_mixin._clean_garbage' sleeping for 299.96 seconds {{(pid=103906) _run_loop /opt/stack/data/venv/lib/python3.12/site-packages/oslo_service/backend/_threading/loopingcall.py:125}}
Mar 30 12:25:02.566407 np0000161223 neutron-periodic-workers[103914]: DEBUG dbcounter [-] [103914] Writing DB stats neutron:SELECT=3 {{(pid=103914) stat_writer /opt/stack/data/venv/lib/python3.12/site-packages/dbcounter.py:115}}
Mar 30 12:25:11.587753 np0000161223 neutron-periodic-workers[103906]: DEBUG dbcounter [-] [103906] Writing DB stats neutron:SELECT=1 {{(pid=103906) stat_writer /opt/stack/data/venv/lib/python3.12/site-packages/dbcounter.py:115}}
Mar 30 12:25:11.592540 np0000161223 neutron-periodic-workers[103924]: DEBUG dbcounter [-] [103924] Writing DB stats neutron:SELECT=1 {{(pid=103924) stat_writer /opt/stack/data/venv/lib/python3.12/site-packages/dbcounter.py:115}}
Mar 30 12:25:29.568329 np0000161223 neutron-periodic-workers[103914]: DEBUG oslo.service.backend._threading.loopingcall [None req-cb549c10-2bad-4f6b-a3ca-581fd1290b38 None None] Fixed interval looping call 'neutron.plugins.ml2.plugin.DhcpAgentSchedulerDbMixin.remove_networks_from_down_agents' sleeping for 36.99 seconds {{(pid=103914) _run_loop /opt/stack/data/venv/lib/python3.12/site-packages/oslo_service/backend/_threading/loopingcall.py:125}}
Mar 30 12:25:38.589105 np0000161223 neutron-periodic-workers[103924]: DEBUG neutron.db.agents_db [None req-adad8bb3-2ba1-426f-8be5-7fb5b5f5f95f None None] Agent healthcheck: found 0 active agents {{(pid=103924) agent_health_check /opt/stack/neutron/neutron/db/agents_db.py:317}}
Mar 30 12:25:38.589628 np0000161223 neutron-periodic-workers[103924]: DEBUG oslo.service.backend._threading.loopingcall [None req-adad8bb3-2ba1-426f-8be5-7fb5b5f5f95f None None] Fixed interval looping call 'neutron.plugins.ml2.plugin.AgentDbMixin.agent_health_check' sleeping for 37.00 seconds {{(pid=103924) _run_loop /opt/stack/data/venv/lib/python3.12/site-packages/oslo_service/backend/_threading/loopingcall.py:125}}
Mar 30 12:25:39.566977 np0000161223 neutron-periodic-workers[103914]: DEBUG dbcounter [-] [103914] Writing DB stats neutron:SELECT=3 {{(pid=103914) stat_writer /opt/stack/data/venv/lib/python3.12/site-packages/dbcounter.py:115}}
Mar 30 12:25:48.588425 np0000161223 neutron-periodic-workers[103924]: DEBUG dbcounter [-] [103924] Writing DB stats neutron:SELECT=1 {{(pid=103924) stat_writer /opt/stack/data/venv/lib/python3.12/site-packages/dbcounter.py:115}}
Mar 30 12:26:06.571401 np0000161223 neutron-periodic-workers[103914]: DEBUG oslo.service.backend._threading.loopingcall [None req-cb549c10-2bad-4f6b-a3ca-581fd1290b38 None None] Fixed interval looping call 'neutron.plugins.ml2.plugin.DhcpAgentSchedulerDbMixin.remove_networks_from_down_agents' sleeping for 36.99 seconds {{(pid=103914) _run_loop /opt/stack/data/venv/lib/python3.12/site-packages/oslo_service/backend/_threading/loopingcall.py:125}}
Mar 30 12:26:15.596489 np0000161223 neutron-periodic-workers[103924]: DEBUG neutron.db.agents_db [None req-adad8bb3-2ba1-426f-8be5-7fb5b5f5f95f None None] Agent healthcheck: found 0 active agents {{(pid=103924) agent_health_check /opt/stack/neutron/neutron/db/agents_db.py:317}}
Mar 30 12:26:15.597133 np0000161223 neutron-periodic-workers[103924]: DEBUG oslo.service.backend._threading.loopingcall [None req-adad8bb3-2ba1-426f-8be5-7fb5b5f5f95f None None] Fixed interval looping call 'neutron.plugins.ml2.plugin.AgentDbMixin.agent_health_check' sleeping for 36.99 seconds {{(pid=103924) _run_loop /opt/stack/data/venv/lib/python3.12/site-packages/oslo_service/backend/_threading/loopingcall.py:125}}
Mar 30 12:26:16.571354 np0000161223 neutron-periodic-workers[103914]: DEBUG dbcounter [-] [103914] Writing DB stats neutron:SELECT=3 {{(pid=103914) stat_writer /opt/stack/data/venv/lib/python3.12/site-packages/dbcounter.py:115}}
Mar 30 12:26:17.619494 np0000161223 neutron-periodic-workers[103937]: DEBUG oslo.service.backend._threading.loopingcall [None req-4efd8218-9bd2-434d-8e60-8fdc65332e03 None None] Fixed interval looping call 'neutron.db.quota.driver_nolock.DbQuotaNoLockDriver._remove_expired_reservations' sleeping for 120.00 seconds {{(pid=103937) _run_loop /opt/stack/data/venv/lib/python3.12/site-packages/oslo_service/backend/_threading/loopingcall.py:125}}
Mar 30 12:26:25.594723 np0000161223 neutron-periodic-workers[103924]: DEBUG dbcounter [-] [103924] Writing DB stats neutron:SELECT=1 {{(pid=103924) stat_writer /opt/stack/data/venv/lib/python3.12/site-packages/dbcounter.py:115}}
Mar 30 12:26:27.618161 np0000161223 neutron-periodic-workers[103937]: DEBUG dbcounter [-] [103937] Writing DB stats neutron:DELETE=1 {{(pid=103937) stat_writer /opt/stack/data/venv/lib/python3.12/site-packages/dbcounter.py:115}}
Mar 30 12:26:43.569295 np0000161223 neutron-periodic-workers[103914]: DEBUG oslo.service.backend._threading.loopingcall [None req-cb549c10-2bad-4f6b-a3ca-581fd1290b38 None None] Fixed interval looping call 'neutron.plugins.ml2.plugin.DhcpAgentSchedulerDbMixin.remove_networks_from_down_agents' sleeping for 36.99 seconds {{(pid=103914) _run_loop /opt/stack/data/venv/lib/python3.12/site-packages/oslo_service/backend/_threading/loopingcall.py:125}}
Mar 30 12:26:52.592059 np0000161223 neutron-periodic-workers[103924]: DEBUG neutron.db.agents_db [None req-adad8bb3-2ba1-426f-8be5-7fb5b5f5f95f None None] Agent healthcheck: found 0 active agents {{(pid=103924) agent_health_check /opt/stack/neutron/neutron/db/agents_db.py:317}}
Mar 30 12:26:52.592702 np0000161223 neutron-periodic-workers[103924]: DEBUG oslo.service.backend._threading.loopingcall [None req-adad8bb3-2ba1-426f-8be5-7fb5b5f5f95f None None] Fixed interval looping call 'neutron.plugins.ml2.plugin.AgentDbMixin.agent_health_check' sleeping for 36.99 seconds {{(pid=103924) _run_loop /opt/stack/data/venv/lib/python3.12/site-packages/oslo_service/backend/_threading/loopingcall.py:125}}
Mar 30 12:26:53.568485 np0000161223 neutron-periodic-workers[103914]: DEBUG dbcounter [-] [103914] Writing DB stats neutron:SELECT=3 {{(pid=103914) stat_writer /opt/stack/data/venv/lib/python3.12/site-packages/dbcounter.py:115}}
Mar 30 12:27:02.590355 np0000161223 neutron-periodic-workers[103924]: DEBUG dbcounter [-] [103924] Writing DB stats neutron:SELECT=1 {{(pid=103924) stat_writer /opt/stack/data/venv/lib/python3.12/site-packages/dbcounter.py:115}}
Mar 30 12:27:20.569120 np0000161223 neutron-periodic-workers[103914]: DEBUG oslo.service.backend._threading.loopingcall [None req-cb549c10-2bad-4f6b-a3ca-581fd1290b38 None None] Fixed interval looping call 'neutron.plugins.ml2.plugin.DhcpAgentSchedulerDbMixin.remove_networks_from_down_agents' sleeping for 36.99 seconds {{(pid=103914) _run_loop /opt/stack/data/venv/lib/python3.12/site-packages/oslo_service/backend/_threading/loopingcall.py:125}}
Mar 30 12:27:29.588344 np0000161223 neutron-periodic-workers[103924]: DEBUG neutron.db.agents_db [None req-adad8bb3-2ba1-426f-8be5-7fb5b5f5f95f None None] Agent healthcheck: found 0 active agents {{(pid=103924) agent_health_check /opt/stack/neutron/neutron/db/agents_db.py:317}}
Mar 30 12:27:29.589240 np0000161223 neutron-periodic-workers[103924]: DEBUG oslo.service.backend._threading.loopingcall [None req-adad8bb3-2ba1-426f-8be5-7fb5b5f5f95f None None] Fixed interval looping call 'neutron.plugins.ml2.plugin.AgentDbMixin.agent_health_check' sleeping for 36.99 seconds {{(pid=103924) _run_loop /opt/stack/data/venv/lib/python3.12/site-packages/oslo_service/backend/_threading/loopingcall.py:125}}
Mar 30 12:27:30.568561 np0000161223 neutron-periodic-workers[103914]: DEBUG dbcounter [-] [103914] Writing DB stats neutron:SELECT=3 {{(pid=103914) stat_writer /opt/stack/data/venv/lib/python3.12/site-packages/dbcounter.py:115}}
Mar 30 12:27:39.586485 np0000161223 neutron-periodic-workers[103924]: DEBUG dbcounter [-] [103924] Writing DB stats neutron:SELECT=1 {{(pid=103924) stat_writer /opt/stack/data/venv/lib/python3.12/site-packages/dbcounter.py:115}}
Mar 30 12:27:57.567658 np0000161223 neutron-periodic-workers[103914]: DEBUG oslo.service.backend._threading.loopingcall [None req-cb549c10-2bad-4f6b-a3ca-581fd1290b38 None None] Fixed interval looping call 'neutron.plugins.ml2.plugin.DhcpAgentSchedulerDbMixin.remove_networks_from_down_agents' sleeping for 36.99 seconds {{(pid=103914) _run_loop /opt/stack/data/venv/lib/python3.12/site-packages/oslo_service/backend/_threading/loopingcall.py:125}}
Mar 30 12:28:06.586618 np0000161223 neutron-periodic-workers[103924]: DEBUG neutron.db.agents_db [None req-adad8bb3-2ba1-426f-8be5-7fb5b5f5f95f None None] Agent healthcheck: found 0 active agents {{(pid=103924) agent_health_check /opt/stack/neutron/neutron/db/agents_db.py:317}}
Mar 30 12:28:06.587370 np0000161223 neutron-periodic-workers[103924]: DEBUG oslo.service.backend._threading.loopingcall [None req-adad8bb3-2ba1-426f-8be5-7fb5b5f5f95f None None] Fixed interval looping call 'neutron.plugins.ml2.plugin.AgentDbMixin.agent_health_check' sleeping for 36.99 seconds {{(pid=103924) _run_loop /opt/stack/data/venv/lib/python3.12/site-packages/oslo_service/backend/_threading/loopingcall.py:125}}
Mar 30 12:28:07.567067 np0000161223 neutron-periodic-workers[103914]: DEBUG dbcounter [-] [103914] Writing DB stats neutron:SELECT=3 {{(pid=103914) stat_writer /opt/stack/data/venv/lib/python3.12/site-packages/dbcounter.py:115}}
Mar 30 12:28:16.583322 np0000161223 neutron-periodic-workers[103924]: DEBUG dbcounter [-] [103924] Writing DB stats neutron:SELECT=1 {{(pid=103924) stat_writer /opt/stack/data/venv/lib/python3.12/site-packages/dbcounter.py:115}}
Mar 30 12:28:17.625784 np0000161223 neutron-periodic-workers[103937]: DEBUG oslo.service.backend._threading.loopingcall [None req-4efd8218-9bd2-434d-8e60-8fdc65332e03 None None] Fixed interval looping call 'neutron.db.quota.driver_nolock.DbQuotaNoLockDriver._remove_expired_reservations' sleeping for 119.99 seconds {{(pid=103937) _run_loop /opt/stack/data/venv/lib/python3.12/site-packages/oslo_service/backend/_threading/loopingcall.py:125}}
Mar 30 12:28:27.624649 np0000161223 neutron-periodic-workers[103937]: DEBUG dbcounter [-] [103937] Writing DB stats neutron:DELETE=1 {{(pid=103937) stat_writer /opt/stack/data/venv/lib/python3.12/site-packages/dbcounter.py:115}}
Mar 30 12:28:34.567202 np0000161223 neutron-periodic-workers[103914]: DEBUG oslo.service.backend._threading.loopingcall [None req-cb549c10-2bad-4f6b-a3ca-581fd1290b38 None None] Fixed interval looping call 'neutron.plugins.ml2.plugin.DhcpAgentSchedulerDbMixin.remove_networks_from_down_agents' sleeping for 36.99 seconds {{(pid=103914) _run_loop /opt/stack/data/venv/lib/python3.12/site-packages/oslo_service/backend/_threading/loopingcall.py:125}}
Mar 30 12:28:43.583224 np0000161223 neutron-periodic-workers[103924]: DEBUG neutron.db.agents_db [None req-adad8bb3-2ba1-426f-8be5-7fb5b5f5f95f None None] Agent healthcheck: found 0 active agents {{(pid=103924) agent_health_check /opt/stack/neutron/neutron/db/agents_db.py:317}}
Mar 30 12:28:43.583611 np0000161223 neutron-periodic-workers[103924]: DEBUG oslo.service.backend._threading.loopingcall [None req-adad8bb3-2ba1-426f-8be5-7fb5b5f5f95f None None] Fixed interval looping call 'neutron.plugins.ml2.plugin.AgentDbMixin.agent_health_check' sleeping for 36.99 seconds {{(pid=103924) _run_loop /opt/stack/data/venv/lib/python3.12/site-packages/oslo_service/backend/_threading/loopingcall.py:125}}
Mar 30 12:28:44.566071 np0000161223 neutron-periodic-workers[103914]: DEBUG dbcounter [-] [103914] Writing DB stats neutron:SELECT=3 {{(pid=103914) stat_writer /opt/stack/data/venv/lib/python3.12/site-packages/dbcounter.py:115}}
Mar 30 12:28:53.581084 np0000161223 neutron-periodic-workers[103924]: DEBUG dbcounter [-] [103924] Writing DB stats neutron:SELECT=1 {{(pid=103924) stat_writer /opt/stack/data/venv/lib/python3.12/site-packages/dbcounter.py:115}}
Mar 30 12:29:11.568261 np0000161223 neutron-periodic-workers[103914]: DEBUG oslo.service.backend._threading.loopingcall [None req-cb549c10-2bad-4f6b-a3ca-581fd1290b38 None None] Fixed interval looping call 'neutron.plugins.ml2.plugin.DhcpAgentSchedulerDbMixin.remove_networks_from_down_agents' sleeping for 36.99 seconds {{(pid=103914) _run_loop /opt/stack/data/venv/lib/python3.12/site-packages/oslo_service/backend/_threading/loopingcall.py:125}}
Mar 30 12:29:20.578816 np0000161223 neutron-periodic-workers[103924]: DEBUG neutron.db.agents_db [None req-adad8bb3-2ba1-426f-8be5-7fb5b5f5f95f None None] Agent healthcheck: found 0 active agents {{(pid=103924) agent_health_check /opt/stack/neutron/neutron/db/agents_db.py:317}}
Mar 30 12:29:20.579631 np0000161223 neutron-periodic-workers[103924]: DEBUG oslo.service.backend._threading.loopingcall [None req-adad8bb3-2ba1-426f-8be5-7fb5b5f5f95f None None] Fixed interval looping call 'neutron.plugins.ml2.plugin.AgentDbMixin.agent_health_check' sleeping for 36.99 seconds {{(pid=103924) _run_loop /opt/stack/data/venv/lib/python3.12/site-packages/oslo_service/backend/_threading/loopingcall.py:125}}
Mar 30 12:29:21.565783 np0000161223 neutron-periodic-workers[103914]: DEBUG dbcounter [-] [103914] Writing DB stats neutron:SELECT=3 {{(pid=103914) stat_writer /opt/stack/data/venv/lib/python3.12/site-packages/dbcounter.py:115}}
Mar 30 12:29:30.577231 np0000161223 neutron-periodic-workers[103924]: DEBUG dbcounter [-] [103924] Writing DB stats neutron:SELECT=1 {{(pid=103924) stat_writer /opt/stack/data/venv/lib/python3.12/site-packages/dbcounter.py:115}}
Mar 30 12:29:48.568016 np0000161223 neutron-periodic-workers[103914]: DEBUG oslo.service.backend._threading.loopingcall [None req-cb549c10-2bad-4f6b-a3ca-581fd1290b38 None None] Fixed interval looping call 'neutron.plugins.ml2.plugin.DhcpAgentSchedulerDbMixin.remove_networks_from_down_agents' sleeping for 36.99 seconds {{(pid=103914) _run_loop /opt/stack/data/venv/lib/python3.12/site-packages/oslo_service/backend/_threading/loopingcall.py:125}}
Mar 30 12:29:57.575787 np0000161223 neutron-periodic-workers[103924]: DEBUG neutron.db.agents_db [None req-adad8bb3-2ba1-426f-8be5-7fb5b5f5f95f None None] Agent healthcheck: found 0 active agents {{(pid=103924) agent_health_check /opt/stack/neutron/neutron/db/agents_db.py:317}}
Mar 30 12:29:57.577853 np0000161223 neutron-periodic-workers[103924]: DEBUG oslo.service.backend._threading.loopingcall [None req-adad8bb3-2ba1-426f-8be5-7fb5b5f5f95f None None] Fixed interval looping call 'neutron.plugins.ml2.plugin.AgentDbMixin.agent_health_check' sleeping for 36.99 seconds {{(pid=103924) _run_loop /opt/stack/data/venv/lib/python3.12/site-packages/oslo_service/backend/_threading/loopingcall.py:125}}
Mar 30 12:29:58.566813 np0000161223 neutron-periodic-workers[103914]: DEBUG dbcounter [-] [103914] Writing DB stats neutron:SELECT=3 {{(pid=103914) stat_writer /opt/stack/data/venv/lib/python3.12/site-packages/dbcounter.py:115}}
Mar 30 12:30:01.570492 np0000161223 neutron-periodic-workers[103906]: DEBUG oslo.service.backend._threading.loopingcall [None req-1e358890-efda-4d6a-be2b-465a44d1bfca None None] Fixed interval looping call 'neutron.services.ovn_l3.plugin.L3_NAT_dbonly_mixin._clean_garbage' sleeping for 299.99 seconds {{(pid=103906) _run_loop /opt/stack/data/venv/lib/python3.12/site-packages/oslo_service/backend/_threading/loopingcall.py:125}}
Mar 30 12:30:07.575723 np0000161223 neutron-periodic-workers[103924]: DEBUG dbcounter [-] [103924] Writing DB stats neutron:SELECT=1 {{(pid=103924) stat_writer /opt/stack/data/venv/lib/python3.12/site-packages/dbcounter.py:115}}
Mar 30 12:30:11.561495 np0000161223 neutron-periodic-workers[103906]: DEBUG dbcounter [-] [103906] Writing DB stats neutron:SELECT=1 {{(pid=103906) stat_writer /opt/stack/data/venv/lib/python3.12/site-packages/dbcounter.py:115}}
Mar 30 12:30:17.619531 np0000161223 neutron-periodic-workers[103937]: DEBUG oslo.service.backend._threading.loopingcall [None req-4efd8218-9bd2-434d-8e60-8fdc65332e03 None None] Fixed interval looping call 'neutron.db.quota.driver_nolock.DbQuotaNoLockDriver._remove_expired_reservations' sleeping for 120.00 seconds {{(pid=103937) _run_loop /opt/stack/data/venv/lib/python3.12/site-packages/oslo_service/backend/_threading/loopingcall.py:125}}
Mar 30 12:30:25.567075 np0000161223 neutron-periodic-workers[103914]: DEBUG oslo.service.backend._threading.loopingcall [None req-cb549c10-2bad-4f6b-a3ca-581fd1290b38 None None] Fixed interval looping call 'neutron.plugins.ml2.plugin.DhcpAgentSchedulerDbMixin.remove_networks_from_down_agents' sleeping for 36.99 seconds {{(pid=103914) _run_loop /opt/stack/data/venv/lib/python3.12/site-packages/oslo_service/backend/_threading/loopingcall.py:125}}
Mar 30 12:30:27.618528 np0000161223 neutron-periodic-workers[103937]: DEBUG dbcounter [-] [103937] Writing DB stats neutron:DELETE=1 {{(pid=103937) stat_writer /opt/stack/data/venv/lib/python3.12/site-packages/dbcounter.py:115}}
Mar 30 12:30:34.571159 np0000161223 neutron-periodic-workers[103924]: DEBUG neutron.db.agents_db [None req-adad8bb3-2ba1-426f-8be5-7fb5b5f5f95f None None] Agent healthcheck: found 0 active agents {{(pid=103924) agent_health_check /opt/stack/neutron/neutron/db/agents_db.py:317}}
Mar 30 12:30:34.571903 np0000161223 neutron-periodic-workers[103924]: DEBUG oslo.service.backend._threading.loopingcall [None req-adad8bb3-2ba1-426f-8be5-7fb5b5f5f95f None None] Fixed interval looping call 'neutron.plugins.ml2.plugin.AgentDbMixin.agent_health_check' sleeping for 36.99 seconds {{(pid=103924) _run_loop /opt/stack/data/venv/lib/python3.12/site-packages/oslo_service/backend/_threading/loopingcall.py:125}}
Mar 30 12:30:35.566197 np0000161223 neutron-periodic-workers[103914]: DEBUG dbcounter [-] [103914] Writing DB stats neutron:SELECT=3 {{(pid=103914) stat_writer /opt/stack/data/venv/lib/python3.12/site-packages/dbcounter.py:115}}
Mar 30 12:30:44.569914 np0000161223 neutron-periodic-workers[103924]: DEBUG dbcounter [-] [103924] Writing DB stats neutron:SELECT=1 {{(pid=103924) stat_writer /opt/stack/data/venv/lib/python3.12/site-packages/dbcounter.py:115}}
Mar 30 12:31:02.564834 np0000161223 neutron-periodic-workers[103914]: DEBUG oslo.service.backend._threading.loopingcall [None req-cb549c10-2bad-4f6b-a3ca-581fd1290b38 None None] Fixed interval looping call 'neutron.plugins.ml2.plugin.DhcpAgentSchedulerDbMixin.remove_networks_from_down_agents' sleeping for 36.99 seconds {{(pid=103914) _run_loop /opt/stack/data/venv/lib/python3.12/site-packages/oslo_service/backend/_threading/loopingcall.py:125}}
Mar 30 12:31:11.566685 np0000161223 neutron-periodic-workers[103924]: DEBUG neutron.db.agents_db [None req-adad8bb3-2ba1-426f-8be5-7fb5b5f5f95f None None] Agent healthcheck: found 0 active agents {{(pid=103924) agent_health_check /opt/stack/neutron/neutron/db/agents_db.py:317}}
Mar 30 12:31:11.567311 np0000161223 neutron-periodic-workers[103924]: DEBUG oslo.service.backend._threading.loopingcall [None req-adad8bb3-2ba1-426f-8be5-7fb5b5f5f95f None None] Fixed interval looping call 'neutron.plugins.ml2.plugin.AgentDbMixin.agent_health_check' sleeping for 36.99 seconds {{(pid=103924) _run_loop /opt/stack/data/venv/lib/python3.12/site-packages/oslo_service/backend/_threading/loopingcall.py:125}}
Mar 30 12:31:12.563933 np0000161223 neutron-periodic-workers[103914]: DEBUG dbcounter [-] [103914] Writing DB stats neutron:SELECT=3 {{(pid=103914) stat_writer /opt/stack/data/venv/lib/python3.12/site-packages/dbcounter.py:115}}
Mar 30 12:31:21.565038 np0000161223 neutron-periodic-workers[103924]: DEBUG dbcounter [-] [103924] Writing DB stats neutron:SELECT=1 {{(pid=103924) stat_writer /opt/stack/data/venv/lib/python3.12/site-packages/dbcounter.py:115}}
Mar 30 12:31:39.565037 np0000161223 neutron-periodic-workers[103914]: DEBUG oslo.service.backend._threading.loopingcall [None req-cb549c10-2bad-4f6b-a3ca-581fd1290b38 None None] Fixed interval looping call 'neutron.plugins.ml2.plugin.DhcpAgentSchedulerDbMixin.remove_networks_from_down_agents' sleeping for 36.99 seconds {{(pid=103914) _run_loop /opt/stack/data/venv/lib/python3.12/site-packages/oslo_service/backend/_threading/loopingcall.py:125}}
Mar 30 12:31:48.562387 np0000161223 neutron-periodic-workers[103924]: DEBUG neutron.db.agents_db [None req-adad8bb3-2ba1-426f-8be5-7fb5b5f5f95f None None] Agent healthcheck: found 0 active agents {{(pid=103924) agent_health_check /opt/stack/neutron/neutron/db/agents_db.py:317}}
