Mar 17 19:42:04.054140 np0000159513 devstack@neutron-api.service[102539]: DEBUG ovsdbapp.backend.ovs_idl [None req-385540f9-19a1-4d44-93c4-9c08da555962 None None] Created schema index Port_Group.name {{(pid=102539) autocreate_indices /opt/stack/data/venv/lib/python3.12/site-packages/ovsdbapp/backend/ovs_idl/__init__.py:106}}
Mar 17 19:42:04.054140 np0000159513 devstack@neutron-api.service[102539]: DEBUG ovsdbapp.backend.ovs_idl [None req-385540f9-19a1-4d44-93c4-9c08da555962 None None] Created schema index Logical_Switch_Port.name {{(pid=102539) autocreate_indices /opt/stack/data/venv/lib/python3.12/site-packages/ovsdbapp/backend/ovs_idl/__init__.py:106}}
Mar 17 19:42:04.056308 np0000159513 devstack@neutron-api.service[102541]: DEBUG neutron.common.ovn.hash_ring_manager [None req-049ce762-187a-44e9-89f3-62d9fe244580 None None] Allow caching, nodes 4>=4 {{(pid=102541) _wait_startup_before_caching /opt/stack/neutron/neutron/common/ovn/hash_ring_manager.py:65}}
Mar 17 19:42:04.056491 np0000159513 devstack@neutron-api.service[102539]: INFO ovsdbapp.backend.ovs_idl.vlog [None req-385540f9-19a1-4d44-93c4-9c08da555962 None None] ssl:199.204.45.99:6641: connecting...
Mar 17 19:42:04.063062 np0000159513 devstack@neutron-api.service[102539]: INFO ovsdbapp.backend.ovs_idl.vlog [None req-385540f9-19a1-4d44-93c4-9c08da555962 None None] ssl:199.204.45.99:6641: connected
Mar 17 19:42:04.065506 np0000159513 devstack@neutron-api.service[102541]: DEBUG neutron.common.ovn.hash_ring_manager [None req-049ce762-187a-44e9-89f3-62d9fe244580 None None] Hash Ring loaded. 4 active nodes. 0 offline nodes {{(pid=102541) _load_hash_ring /opt/stack/neutron/neutron/common/ovn/hash_ring_manager.py:102}}
Mar 17 19:42:04.065883 np0000159513 devstack@neutron-api.service[102541]: DEBUG neutron.plugins.ml2.drivers.ovn.mech_driver.ovsdb.ovsdb_monitor [None req-049ce762-187a-44e9-89f3-62d9fe244580 None None] Hash Ring: Node ed1a444c23fb5f9abd3912f99c7ef4a5 (host: np0000159513) handling event "create" for row 4b5664fa-ca31-4ea6-aaf5-a5b5da190f47 (table: ACL) {{(pid=102541) notify /opt/stack/neutron/neutron/plugins/ml2/drivers/ovn/mech_driver/ovsdb/ovsdb_monitor.py:906}}
Mar 17 19:42:04.066057 np0000159513 devstack@neutron-api.service[102541]: DEBUG neutron.plugins.ml2.drivers.ovn.mech_driver.ovsdb.ovsdb_monitor [None req-049ce762-187a-44e9-89f3-62d9fe244580 None None] Hash Ring: Node ed1a444c23fb5f9abd3912f99c7ef4a5 (host: np0000159513) handling event "create" for row dfd759ad-3a31-4183-848d-a56622e2fd54 (table: Connection) {{(pid=102541) notify /opt/stack/neutron/neutron/plugins/ml2/drivers/ovn/mech_driver/ovsdb/ovsdb_monitor.py:906}}
Mar 17 19:42:04.067493 np0000159513 devstack@neutron-api.service[102541]: INFO neutron.plugins.ml2.drivers.ovn.mech_driver.ovsdb.impl_idl_ovn [None req-049ce762-187a-44e9-89f3-62d9fe244580 None None] Getting OvsdbSbOvnIdl for WorkerService with retry
Mar 17 19:42:04.094436 np0000159513 devstack@neutron-api.service[102542]: DEBUG neutron.common.ovn.hash_ring_manager [None req-d1dae8c5-45d1-41ec-9001-e6834056411c None None] Allow caching, nodes 4>=4 {{(pid=102542) _wait_startup_before_caching /opt/stack/neutron/neutron/common/ovn/hash_ring_manager.py:65}}
Mar 17 19:42:04.099346 np0000159513 devstack@neutron-api.service[102539]: DEBUG neutron.common.ovn.hash_ring_manager [None req-385540f9-19a1-4d44-93c4-9c08da555962 None None] Allow caching, nodes 4>=4 {{(pid=102539) _wait_startup_before_caching /opt/stack/neutron/neutron/common/ovn/hash_ring_manager.py:65}}
Mar 17 19:42:04.100889 np0000159513 devstack@neutron-api.service[102542]: DEBUG neutron.common.ovn.hash_ring_manager [None req-d1dae8c5-45d1-41ec-9001-e6834056411c None None] Hash Ring loaded. 4 active nodes. 0 offline nodes {{(pid=102542) _load_hash_ring /opt/stack/neutron/neutron/common/ovn/hash_ring_manager.py:102}}
Mar 17 19:42:04.101137 np0000159513 devstack@neutron-api.service[102542]: DEBUG neutron.plugins.ml2.drivers.ovn.mech_driver.ovsdb.ovsdb_monitor [None req-d1dae8c5-45d1-41ec-9001-e6834056411c None None] Hash Ring: Node 40e311a6041e58428b9fb91e2dc11442 (host: np0000159513) handling event "create" for row 438dcea0-ccb1-4c11-bf20-1d0dcfb5a97a (table: ACL) {{(pid=102542) notify /opt/stack/neutron/neutron/plugins/ml2/drivers/ovn/mech_driver/ovsdb/ovsdb_monitor.py:906}}
Mar 17 19:42:04.102141 np0000159513 devstack@neutron-api.service[102541]: DEBUG ovsdbapp.backend.ovs_idl [None req-049ce762-187a-44e9-89f3-62d9fe244580 None None] Created lookup_table index Chassis.name {{(pid=102541) autocreate_indices /opt/stack/data/venv/lib/python3.12/site-packages/ovsdbapp/backend/ovs_idl/__init__.py:87}}
Mar 17 19:42:04.102273 np0000159513 devstack@neutron-api.service[102541]: DEBUG ovsdbapp.backend.ovs_idl [None req-049ce762-187a-44e9-89f3-62d9fe244580 None None] Created lookup_table index Port_Binding.logical_port {{(pid=102541) autocreate_indices /opt/stack/data/venv/lib/python3.12/site-packages/ovsdbapp/backend/ovs_idl/__init__.py:87}}
Mar 17 19:42:04.102407 np0000159513 devstack@neutron-api.service[102541]: DEBUG ovsdbapp.backend.ovs_idl [None req-049ce762-187a-44e9-89f3-62d9fe244580 None None] Created schema index Chassis_Private.name {{(pid=102541) autocreate_indices /opt/stack/data/venv/lib/python3.12/site-packages/ovsdbapp/backend/ovs_idl/__init__.py:106}}
Mar 17 19:42:04.102542 np0000159513 devstack@neutron-api.service[102541]: DEBUG ovsdbapp.backend.ovs_idl [None req-049ce762-187a-44e9-89f3-62d9fe244580 None None] Created schema index Datapath_Binding.tunnel_key {{(pid=102541) autocreate_indices /opt/stack/data/venv/lib/python3.12/site-packages/ovsdbapp/backend/ovs_idl/__init__.py:106}}
Mar 17 19:42:04.102717 np0000159513 devstack@neutron-api.service[102542]: INFO neutron.plugins.ml2.drivers.ovn.mech_driver.ovsdb.impl_idl_ovn [None req-d1dae8c5-45d1-41ec-9001-e6834056411c None None] Getting OvsdbSbOvnIdl for WorkerService with retry
Mar 17 19:42:04.104694 np0000159513 devstack@neutron-api.service[102539]: DEBUG neutron.common.ovn.hash_ring_manager [None req-385540f9-19a1-4d44-93c4-9c08da555962 None None] Hash Ring loaded. 4 active nodes. 0 offline nodes {{(pid=102539) _load_hash_ring /opt/stack/neutron/neutron/common/ovn/hash_ring_manager.py:102}}
Mar 17 19:42:04.105028 np0000159513 devstack@neutron-api.service[102539]: DEBUG neutron.plugins.ml2.drivers.ovn.mech_driver.ovsdb.ovsdb_monitor [None req-385540f9-19a1-4d44-93c4-9c08da555962 None None] Hash Ring: Node b6a64f399c57554cb4c22b24f714b82e (host: np0000159513) handling event "create" for row abe6f3ac-f4d1-4cb5-bcdf-d3b630bb3921 (table: NB_Global) {{(pid=102539) notify /opt/stack/neutron/neutron/plugins/ml2/drivers/ovn/mech_driver/ovsdb/ovsdb_monitor.py:906}}
Mar 17 19:42:04.105189 np0000159513 devstack@neutron-api.service[102541]: INFO ovsdbapp.backend.ovs_idl.vlog [None req-049ce762-187a-44e9-89f3-62d9fe244580 None None] ssl:199.204.45.99:6642: connecting...
Mar 17 19:42:04.105246 np0000159513 devstack@neutron-api.service[102539]: DEBUG neutron.plugins.ml2.drivers.ovn.mech_driver.ovsdb.ovsdb_monitor [None req-385540f9-19a1-4d44-93c4-9c08da555962 None None] Hash Ring: Node b6a64f399c57554cb4c22b24f714b82e (host: np0000159513) handling event "create" for row cc0f6879-8811-4356-a2ea-77afdfe7995d (table: Port_Group) {{(pid=102539) notify /opt/stack/neutron/neutron/plugins/ml2/drivers/ovn/mech_driver/ovsdb/ovsdb_monitor.py:906}}
Mar 17 19:42:04.106104 np0000159513 devstack@neutron-api.service[102539]: INFO neutron.plugins.ml2.drivers.ovn.mech_driver.ovsdb.impl_idl_ovn [None req-385540f9-19a1-4d44-93c4-9c08da555962 None None] Getting OvsdbSbOvnIdl for WorkerService with retry
Mar 17 19:42:04.111060 np0000159513 devstack@neutron-api.service[102541]: INFO ovsdbapp.backend.ovs_idl.vlog [None req-049ce762-187a-44e9-89f3-62d9fe244580 None None] ssl:199.204.45.99:6642: connected
Mar 17 19:42:04.140265 np0000159513 devstack@neutron-api.service[102542]: DEBUG ovsdbapp.backend.ovs_idl [None req-d1dae8c5-45d1-41ec-9001-e6834056411c None None] Created lookup_table index Chassis.name {{(pid=102542) autocreate_indices /opt/stack/data/venv/lib/python3.12/site-packages/ovsdbapp/backend/ovs_idl/__init__.py:87}}
Mar 17 19:42:04.140387 np0000159513 devstack@neutron-api.service[102542]: DEBUG ovsdbapp.backend.ovs_idl [None req-d1dae8c5-45d1-41ec-9001-e6834056411c None None] Created lookup_table index Port_Binding.logical_port {{(pid=102542) autocreate_indices /opt/stack/data/venv/lib/python3.12/site-packages/ovsdbapp/backend/ovs_idl/__init__.py:87}}
Mar 17 19:42:04.140448 np0000159513 devstack@neutron-api.service[102542]: DEBUG ovsdbapp.backend.ovs_idl [None req-d1dae8c5-45d1-41ec-9001-e6834056411c None None] Created schema index Chassis_Private.name {{(pid=102542) autocreate_indices /opt/stack/data/venv/lib/python3.12/site-packages/ovsdbapp/backend/ovs_idl/__init__.py:106}}
Mar 17 19:42:04.140541 np0000159513 devstack@neutron-api.service[102542]: DEBUG ovsdbapp.backend.ovs_idl [None req-d1dae8c5-45d1-41ec-9001-e6834056411c None None] Created schema index Datapath_Binding.tunnel_key {{(pid=102542) autocreate_indices /opt/stack/data/venv/lib/python3.12/site-packages/ovsdbapp/backend/ovs_idl/__init__.py:106}}
Mar 17 19:42:04.142615 np0000159513 devstack@neutron-api.service[102542]: INFO ovsdbapp.backend.ovs_idl.vlog [None req-d1dae8c5-45d1-41ec-9001-e6834056411c None None] ssl:199.204.45.99:6642: connecting...
Mar 17 19:42:04.148603 np0000159513 devstack@neutron-api.service[102542]: INFO ovsdbapp.backend.ovs_idl.vlog [None req-d1dae8c5-45d1-41ec-9001-e6834056411c None None] ssl:199.204.45.99:6642: connected
Mar 17 19:42:04.151894 np0000159513 devstack@neutron-api.service[102541]: DEBUG neutron.common.ovn.hash_ring_manager [None req-049ce762-187a-44e9-89f3-62d9fe244580 None None] Allow caching, nodes 4>=4 {{(pid=102541) _wait_startup_before_caching /opt/stack/neutron/neutron/common/ovn/hash_ring_manager.py:65}}
Mar 17 19:42:04.152349 np0000159513 devstack@neutron-api.service[102539]: DEBUG ovsdbapp.backend.ovs_idl [None req-385540f9-19a1-4d44-93c4-9c08da555962 None None] Created lookup_table index Chassis.name {{(pid=102539) autocreate_indices /opt/stack/data/venv/lib/python3.12/site-packages/ovsdbapp/backend/ovs_idl/__init__.py:87}}
Mar 17 19:42:04.152349 np0000159513 devstack@neutron-api.service[102539]: DEBUG ovsdbapp.backend.ovs_idl [None req-385540f9-19a1-4d44-93c4-9c08da555962 None None] Created lookup_table index Port_Binding.logical_port {{(pid=102539) autocreate_indices /opt/stack/data/venv/lib/python3.12/site-packages/ovsdbapp/backend/ovs_idl/__init__.py:87}}
Mar 17 19:42:04.152639 np0000159513 devstack@neutron-api.service[102539]: DEBUG ovsdbapp.backend.ovs_idl [None req-385540f9-19a1-4d44-93c4-9c08da555962 None None] Created schema index Chassis_Private.name {{(pid=102539) autocreate_indices /opt/stack/data/venv/lib/python3.12/site-packages/ovsdbapp/backend/ovs_idl/__init__.py:106}}
Mar 17 19:42:04.152639 np0000159513 devstack@neutron-api.service[102539]: DEBUG ovsdbapp.backend.ovs_idl [None req-385540f9-19a1-4d44-93c4-9c08da555962 None None] Created schema index Datapath_Binding.tunnel_key {{(pid=102539) autocreate_indices /opt/stack/data/venv/lib/python3.12/site-packages/ovsdbapp/backend/ovs_idl/__init__.py:106}}
Mar 17 19:42:04.154886 np0000159513 devstack@neutron-api.service[102539]: INFO ovsdbapp.backend.ovs_idl.vlog [None req-385540f9-19a1-4d44-93c4-9c08da555962 None None] ssl:199.204.45.99:6642: connecting...
Mar 17 19:42:04.160155 np0000159513 devstack@neutron-api.service[102541]: DEBUG neutron.common.ovn.hash_ring_manager [None req-049ce762-187a-44e9-89f3-62d9fe244580 None None] Hash Ring loaded. 4 active nodes. 0 offline nodes {{(pid=102541) _load_hash_ring /opt/stack/neutron/neutron/common/ovn/hash_ring_manager.py:102}}
Mar 17 19:42:04.160155 np0000159513 devstack@neutron-api.service[102541]: DEBUG neutron.plugins.ml2.drivers.ovn.mech_driver.ovsdb.ovsdb_monitor [None req-049ce762-187a-44e9-89f3-62d9fe244580 None None] ChassisOVNAgentWriteEvent : Matched Chassis_Private, create, None None {{(pid=102541) matches /opt/stack/neutron/neutron/plugins/ml2/drivers/ovn/mech_driver/ovsdb/ovsdb_monitor.py:64}}
Mar 17 19:42:04.160155 np0000159513 devstack@neutron-api.service[102541]: DEBUG neutron.plugins.ml2.drivers.ovn.mech_driver.ovsdb.ovsdb_monitor [None req-049ce762-187a-44e9-89f3-62d9fe244580 None None] ChassisAgentWriteEvent : Matched Chassis_Private, create, None None {{(pid=102541) matches /opt/stack/neutron/neutron/plugins/ml2/drivers/ovn/mech_driver/ovsdb/ovsdb_monitor.py:64}}
Mar 17 19:42:04.160782 np0000159513 devstack@neutron-api.service[102539]: INFO ovsdbapp.backend.ovs_idl.vlog [None req-385540f9-19a1-4d44-93c4-9c08da555962 None None] ssl:199.204.45.99:6642: connected
Mar 17 19:42:04.161107 np0000159513 devstack@neutron-api.service[102541]: INFO neutron.plugins.ml2.drivers.ovn.mech_driver.mech_driver [None req-049ce762-187a-44e9-89f3-62d9fe244580 None None] WorkerService process has finished the post initialization
Mar 17 19:42:04.163294 np0000159513 devstack@neutron-api.service[102541]: WSGI app 0 (mountpoint='') ready in 8 seconds on interpreter 0x7860186a3668 pid: 102541 (default app)
Mar 17 19:42:04.184893 np0000159513 devstack@neutron-api.service[102542]: DEBUG neutron.common.ovn.hash_ring_manager [None req-d1dae8c5-45d1-41ec-9001-e6834056411c None None] Allow caching, nodes 4>=4 {{(pid=102542) _wait_startup_before_caching /opt/stack/neutron/neutron/common/ovn/hash_ring_manager.py:65}}
Mar 17 19:42:04.188507 np0000159513 devstack@neutron-api.service[102542]: DEBUG neutron.common.ovn.hash_ring_manager [None req-d1dae8c5-45d1-41ec-9001-e6834056411c None None] Hash Ring loaded. 4 active nodes. 0 offline nodes {{(pid=102542) _load_hash_ring /opt/stack/neutron/neutron/common/ovn/hash_ring_manager.py:102}}
Mar 17 19:42:04.188777 np0000159513 devstack@neutron-api.service[102542]: DEBUG neutron.plugins.ml2.drivers.ovn.mech_driver.ovsdb.ovsdb_monitor [None req-d1dae8c5-45d1-41ec-9001-e6834056411c None None] Hash Ring: Node 40e311a6041e58428b9fb91e2dc11442 (host: np0000159513) handling event "create" for row 7494412e-5905-4602-9b4e-cabdf2698197 (table: Chassis) {{(pid=102542) notify /opt/stack/neutron/neutron/plugins/ml2/drivers/ovn/mech_driver/ovsdb/ovsdb_monitor.py:906}}
Mar 17 19:42:04.190650 np0000159513 devstack@neutron-api.service[102542]: DEBUG ovsdbapp.backend.ovs_idl.event [None req-d1dae8c5-45d1-41ec-9001-e6834056411c None None] Matched CREATE: ChassisBandwidthConfigEvent(events=('create', 'update'), table='Chassis', conditions=None, old_conditions=None), priority=20 to row=Chassis(uuid=7494412e-5905-4602-9b4e-cabdf2698197, encaps=[b6db505f-8535-4481-a5f4-cbec65d42abe], external_ids={}, hostname='np0000159513', name='93b62f32-bc34-4f41-9c47-49c866af1c11', nb_cfg=0, other_config={'ct-commit-nat-v2': 'true', 'ct-commit-to-zone': 'true', 'ct-next-zone': 'true', 'ct-no-masked-label': 'true', 'ct-state-save': 'true', 'datapath-type': 'system', 'fdb-timestamp': 'true', 'iface-types': 'afxdp,afxdp-nonpmd,bareudp,erspan,geneve,gre,gtpu,internal,ip6erspan,ip6gre,lisp,patch,srv6,stt,system,tap,vxlan', 'is-interconn': 'false', 'ls-dpg-column': 'true', 'mac-binding-timestamp': 'true', 'ovn-bridge-mappings': 'public:br-ex', 'ovn-chassis-mac-mappings': '', 'ovn-cms-options': 'enable-chassis-as-gw', 'ovn-ct-lb-related': 'true', 'ovn-enable-lflow-cache': 'true', 'ovn-limit-lflow-cache': '', 'ovn-memlimit-lflow-cache-kb': '', 'ovn-monitor-all': 'false', 'ovn-trim-limit-lflow-cache': '', 'ovn-trim-timeout-ms': '', 'ovn-trim-wmark-perc-lflow-cache': '', 'port-up-notif': 'true'}, transport_zones=[], vtep_logical_switches=[]) old= {{(pid=102542) matches /opt/stack/data/venv/lib/python3.12/site-packages/ovsdbapp/backend/ovs_idl/event.py:55}}
Mar 17 19:42:04.191528 np0000159513 devstack@neutron-api.service[102542]: DEBUG neutron.plugins.ml2.drivers.ovn.mech_driver.ovsdb.ovsdb_monitor [None req-d1dae8c5-45d1-41ec-9001-e6834056411c None None] ChassisOVNAgentWriteEvent : Matched Chassis_Private, create, None None {{(pid=102542) matches /opt/stack/neutron/neutron/plugins/ml2/drivers/ovn/mech_driver/ovsdb/ovsdb_monitor.py:64}}
Mar 17 19:42:04.191528 np0000159513 devstack@neutron-api.service[102542]: DEBUG neutron.plugins.ml2.drivers.ovn.mech_driver.ovsdb.ovsdb_monitor [None req-d1dae8c5-45d1-41ec-9001-e6834056411c None None] ChassisAgentWriteEvent : Matched Chassis_Private, create, None None {{(pid=102542) matches /opt/stack/neutron/neutron/plugins/ml2/drivers/ovn/mech_driver/ovsdb/ovsdb_monitor.py:64}}
Mar 17 19:42:04.192111 np0000159513 devstack@neutron-api.service[102542]: DEBUG neutron.plugins.ml2.drivers.ovn.mech_driver.ovsdb.ovsdb_monitor [None req-d1dae8c5-45d1-41ec-9001-e6834056411c None None] Hash Ring: Node 40e311a6041e58428b9fb91e2dc11442 (host: np0000159513) handling event "create" for row b6db505f-8535-4481-a5f4-cbec65d42abe (table: Encap) {{(pid=102542) notify /opt/stack/neutron/neutron/plugins/ml2/drivers/ovn/mech_driver/ovsdb/ovsdb_monitor.py:906}}
Mar 17 19:42:04.193263 np0000159513 devstack@neutron-api.service[102542]: INFO neutron.plugins.ml2.drivers.ovn.mech_driver.mech_driver [None req-d1dae8c5-45d1-41ec-9001-e6834056411c None None] WorkerService process has finished the post initialization
Mar 17 19:42:04.193939 np0000159513 devstack@neutron-api.service[102542]: INFO neutron.plugins.ml2.drivers.ovn.mech_driver.ovsdb.extensions.qos [-] Starting OVNClientQosExtension
Mar 17 19:42:04.194403 np0000159513 devstack@neutron-api.service[102542]: INFO neutron.plugins.ml2.drivers.ovn.mech_driver.ovsdb.extensions.placement [-] Starting OVNClientPlacementExtension
Mar 17 19:42:04.197435 np0000159513 devstack@neutron-api.service[102542]: WSGI app 0 (mountpoint='') ready in 8 seconds on interpreter 0x7860186a3668 pid: 102542 (default app)
Mar 17 19:42:04.198794 np0000159513 devstack@neutron-api.service[102539]: DEBUG neutron.common.ovn.hash_ring_manager [None req-385540f9-19a1-4d44-93c4-9c08da555962 None None] Allow caching, nodes 4>=4 {{(pid=102539) _wait_startup_before_caching /opt/stack/neutron/neutron/common/ovn/hash_ring_manager.py:65}}
Mar 17 19:42:04.204165 np0000159513 devstack@neutron-api.service[102539]: DEBUG neutron.common.ovn.hash_ring_manager [None req-385540f9-19a1-4d44-93c4-9c08da555962 None None] Hash Ring loaded. 4 active nodes. 0 offline nodes {{(pid=102539) _load_hash_ring /opt/stack/neutron/neutron/common/ovn/hash_ring_manager.py:102}}
Mar 17 19:42:04.204468 np0000159513 devstack@neutron-api.service[102539]: DEBUG neutron.plugins.ml2.drivers.ovn.mech_driver.ovsdb.ovsdb_monitor [None req-385540f9-19a1-4d44-93c4-9c08da555962 None None] ChassisAgentWriteEvent : Matched Chassis_Private, create, None None {{(pid=102539) matches /opt/stack/neutron/neutron/plugins/ml2/drivers/ovn/mech_driver/ovsdb/ovsdb_monitor.py:64}}
Mar 17 19:42:04.204812 np0000159513 devstack@neutron-api.service[102539]: DEBUG neutron.plugins.ml2.drivers.ovn.mech_driver.ovsdb.ovsdb_monitor [None req-385540f9-19a1-4d44-93c4-9c08da555962 None None] ChassisOVNAgentWriteEvent : Matched Chassis_Private, create, None None {{(pid=102539) matches /opt/stack/neutron/neutron/plugins/ml2/drivers/ovn/mech_driver/ovsdb/ovsdb_monitor.py:64}}
Mar 17 19:42:04.207814 np0000159513 devstack@neutron-api.service[102539]: INFO neutron.plugins.ml2.drivers.ovn.mech_driver.mech_driver [None req-385540f9-19a1-4d44-93c4-9c08da555962 None None] WorkerService process has finished the post initialization
Mar 17 19:42:04.209872 np0000159513 devstack@neutron-api.service[102539]: WSGI app 0 (mountpoint='') ready in 8 seconds on interpreter 0x7860186a3668 pid: 102539 (default app)
Mar 17 19:42:05.623053 np0000159513 devstack@neutron-api.service[102541]: DEBUG neutron.plugins.ml2.drivers.ovn.mech_driver.ovsdb.ovsdb_monitor [-] Hash Ring: Node ed1a444c23fb5f9abd3912f99c7ef4a5 (host: np0000159513) handling event "update" for row dfd759ad-3a31-4183-848d-a56622e2fd54 (table: Connection) {{(pid=102541) notify /opt/stack/neutron/neutron/plugins/ml2/drivers/ovn/mech_driver/ovsdb/ovsdb_monitor.py:906}}
Mar 17 19:42:05.625888 np0000159513 devstack@neutron-api.service[102540]: DEBUG neutron.common.ovn.hash_ring_manager [-] Allow caching, nodes 4>=4 {{(pid=102540) _wait_startup_before_caching /opt/stack/neutron/neutron/common/ovn/hash_ring_manager.py:65}}
Mar 17 19:42:05.626345 np0000159513 devstack@neutron-api.service[102540]: DEBUG neutron.plugins.ml2.drivers.ovn.mech_driver.ovsdb.ovsdb_monitor [-] Hash Ring: Node 2565c61333bd5215bc515e347b32ecbb (host: np0000159513) handling event "update" for row dfd759ad-3a31-4183-848d-a56622e2fd54 (table: Connection) {{(pid=102540) notify /opt/stack/neutron/neutron/plugins/ml2/drivers/ovn/mech_driver/ovsdb/ovsdb_monitor.py:906}}
Mar 17 19:42:08.124313 np0000159513 devstack@neutron-api.service[102540]: DEBUG neutron.plugins.ml2.drivers.ovn.mech_driver.ovsdb.ovsdb_monitor [-] Hash Ring: Node 2565c61333bd5215bc515e347b32ecbb (host: np0000159513) handling event "update" for row dfd759ad-3a31-4183-848d-a56622e2fd54 (table: Connection) {{(pid=102540) notify /opt/stack/neutron/neutron/plugins/ml2/drivers/ovn/mech_driver/ovsdb/ovsdb_monitor.py:906}}
Mar 17 19:42:08.125196 np0000159513 devstack@neutron-api.service[102541]: DEBUG neutron.plugins.ml2.drivers.ovn.mech_driver.ovsdb.ovsdb_monitor [-] Hash Ring: Node ed1a444c23fb5f9abd3912f99c7ef4a5 (host: np0000159513) handling event "update" for row dfd759ad-3a31-4183-848d-a56622e2fd54 (table: Connection) {{(pid=102541) notify /opt/stack/neutron/neutron/plugins/ml2/drivers/ovn/mech_driver/ovsdb/ovsdb_monitor.py:906}}
Mar 17 19:42:09.587118 np0000159513 devstack@neutron-api.service[102540]: DEBUG neutron.api.wsgi [None req-68c06206-bc0d-4986-b00f-650de17bcf50 admin admin] Missing Content-Type {{(pid=102540) get_content_type /opt/stack/neutron/neutron/api/wsgi.py:85}}
Mar 17 19:42:09.587596 np0000159513 devstack@neutron-api.service[102540]: DEBUG neutron.api.wsgi [None req-68c06206-bc0d-4986-b00f-650de17bcf50 admin admin] https://199.204.45.99/networking/v2.0/extensions returned with HTTP 200 {{(pid=102540) __call__ /opt/stack/neutron/neutron/api/wsgi.py:545}}
Mar 17 19:42:09.587858 np0000159513 devstack@neutron-api.service[102540]: [pid: 102540|app: 0|req: 2/2] 199.204.45.99 () {64 vars in 1316 bytes} [Tue Mar 17 19:42:09 2026] GET /networking/v2.0/extensions => generated 15208 bytes in 263 msecs (HTTP/1.1 200) 4 headers in 159 bytes (1 switches on core 0)
Mar 17 19:42:09.990827 np0000159513 devstack@neutron-api.service[102541]: DEBUG neutron.api.v2.base [None req-e07fee4d-320f-4f5a-9fff-5eee03a347d2 admin admin] Request body: {'subnetpool': {'prefixes': ['10.1.0.0/20'], 'name': 'shared-default-subnetpool-v4', 'is_default': True, 'shared': True, 'default_prefixlen': 26}} {{(pid=102541) prepare_request_body /opt/stack/neutron/neutron/api/v2/base.py:729}}
Mar 17 19:42:10.189720 np0000159513 devstack@neutron-api.service[102541]: DEBUG neutron.policy [None req-e07fee4d-320f-4f5a-9fff-5eee03a347d2 admin admin] Loaded default policies from ['neutron'] under neutron.policies entry points {{(pid=102541) register_rules /opt/stack/neutron/neutron/policy.py:65}}
Mar 17 19:42:10.337114 np0000159513 devstack@neutron-api.service[102541]: DEBUG neutron_lib.callbacks.manager [None req-e07fee4d-320f-4f5a-9fff-5eee03a347d2 admin admin] Publish callbacks ['neutron.objects.securitygroup.RbacNeutronDbObjectMixin.validate_rbac_policy_change-2329570055819', 'neutron.objects.address_group.RbacNeutronDbObjectMixin.validate_rbac_policy_change-2329570181019', 'neutron.objects.network.RbacNeutronDbObjectMixin.validate_rbac_policy_change-2329570045599', 'neutron.objects.qos.policy.RbacNeutronDbObjectMixin.validate_rbac_policy_change-2329570020956', 'neutron.objects.subnetpool.RbacNeutronDbObjectMixin.validate_rbac_policy_change-2329570016384', 'neutron.objects.address_scope.RbacNeutronDbObjectMixin.validate_rbac_policy_change-2329569992600', 'neutron.plugins.ml2.plugin.External_net_db_mixin._process_ext_policy_create-395459', 'neutron.plugins.ml2.plugin.NeutronDbPluginV2.validate_network_rbac_policy_change-403035', 'neutron.services.network_ip_availability.plugin.NeutronDbPluginV2.validate_network_rbac_policy_change-31985201', 'neutron.services.network_ip_availability.plugin.NeutronDbPluginV2.validate_network_rbac_policy_change-1936107'] for rbac-policy (None), before_create {{(pid=102541) _notify_loop /opt/stack/data/venv/lib/python3.12/site-packages/neutron_lib/callbacks/manager.py:184}}
Mar 17 19:42:10.388107 np0000159513 devstack@neutron-api.service[102541]: DEBUG neutron_lib.callbacks.manager [None req-e07fee4d-320f-4f5a-9fff-5eee03a347d2 admin admin] Publish callbacks [] for subnetpool (None), before_response {{(pid=102541) _notify_loop /opt/stack/data/venv/lib/python3.12/site-packages/neutron_lib/callbacks/manager.py:184}}
Mar 17 19:42:10.388872 np0000159513 devstack@neutron-api.service[102541]: [pid: 102541|app: 0|req: 1/3] 199.204.45.99 () {68 vars in 1360 bytes} [Tue Mar 17 19:42:09 2026] POST /networking/v2.0/subnetpools => generated 533 bytes in 507 msecs (HTTP/1.1 201) 4 headers in 162 bytes (1 switches on core 0)
Mar 17 19:42:10.709216 np0000159513 devstack@neutron-api.service[102542]: DEBUG neutron.api.v2.base [None req-74a2ccff-0564-4932-aaf6-597fc568a044 admin admin] Request body: {'subnetpool': {'prefixes': ['fdd6:e52f:90af::/56'], 'name': 'shared-default-subnetpool-v6', 'is_default': True, 'shared': True, 'default_prefixlen': 64}} {{(pid=102542) prepare_request_body /opt/stack/neutron/neutron/api/v2/base.py:729}}
Mar 17 19:42:10.895556 np0000159513 devstack@neutron-api.service[102542]: DEBUG neutron.policy [None req-74a2ccff-0564-4932-aaf6-597fc568a044 admin admin] Loaded default policies from ['neutron'] under neutron.policies entry points {{(pid=102542) register_rules /opt/stack/neutron/neutron/policy.py:65}}
Mar 17 19:42:11.052193 np0000159513 devstack@neutron-api.service[102542]: DEBUG neutron_lib.callbacks.manager [None req-74a2ccff-0564-4932-aaf6-597fc568a044 admin admin] Publish callbacks ['neutron.objects.securitygroup.RbacNeutronDbObjectMixin.validate_rbac_policy_change-2329569974286', 'neutron.objects.address_group.RbacNeutronDbObjectMixin.validate_rbac_policy_change-2329569964324', 'neutron.objects.network.RbacNeutronDbObjectMixin.validate_rbac_policy_change-2329570003564', 'neutron.objects.qos.policy.RbacNeutronDbObjectMixin.validate_rbac_policy_change-2329570015090', 'neutron.objects.subnetpool.RbacNeutronDbObjectMixin.validate_rbac_policy_change-2329570039768', 'neutron.objects.address_scope.RbacNeutronDbObjectMixin.validate_rbac_policy_change-2329570040109', 'neutron.plugins.ml2.plugin.External_net_db_mixin._process_ext_policy_create-2908888', 'neutron.plugins.ml2.plugin.NeutronDbPluginV2.validate_network_rbac_policy_change-2901406', 'neutron.services.network_ip_availability.plugin.NeutronDbPluginV2.validate_network_rbac_policy_change-1948942', 'neutron.services.network_ip_availability.plugin.NeutronDbPluginV2.validate_network_rbac_policy_change-1381992'] for rbac-policy (None), before_create {{(pid=102542) _notify_loop /opt/stack/data/venv/lib/python3.12/site-packages/neutron_lib/callbacks/manager.py:184}}
Mar 17 19:42:11.097844 np0000159513 devstack@neutron-api.service[102542]: DEBUG neutron_lib.callbacks.manager [None req-74a2ccff-0564-4932-aaf6-597fc568a044 admin admin] Publish callbacks [] for subnetpool (None), before_response {{(pid=102542) _notify_loop /opt/stack/data/venv/lib/python3.12/site-packages/neutron_lib/callbacks/manager.py:184}}
Mar 17 19:42:11.098563 np0000159513 devstack@neutron-api.service[102542]: [pid: 102542|app: 0|req: 1/4] 199.204.45.99 () {68 vars in 1360 bytes} [Tue Mar 17 19:42:10 2026] POST /networking/v2.0/subnetpools => generated 543 bytes in 496 msecs (HTTP/1.1 201) 4 headers in 162 bytes (1 switches on core 0)
Mar 17 19:42:11.501107 np0000159513 devstack@neutron-api.service[102539]: DEBUG neutron.api.v2.base [None req-d948443e-b3f1-42bd-9c32-b75f4d32ebf0 admin admin] Request body: {'network': {'admin_state_up': True, 'name': 'private'}} {{(pid=102539) prepare_request_body /opt/stack/neutron/neutron/api/v2/base.py:729}}
Mar 17 19:42:11.526242 np0000159513 devstack@neutron-api.service[102539]: DEBUG neutron.pecan_wsgi.hooks.quota_enforcement [None req-d948443e-b3f1-42bd-9c32-b75f4d32ebf0 admin admin] Made reservation on behalf of c88dc8b054e9471589318e883769643f for: {'network': 1} {{(pid=102539) before /opt/stack/neutron/neutron/pecan_wsgi/hooks/quota_enforcement.py:66}}
Mar 17 19:42:11.713284 np0000159513 devstack@neutron-api.service[102539]: DEBUG neutron.policy [None req-d948443e-b3f1-42bd-9c32-b75f4d32ebf0 admin admin] Loaded default policies from ['neutron'] under neutron.policies entry points {{(pid=102539) register_rules /opt/stack/neutron/neutron/policy.py:65}}
Mar 17 19:42:11.815466 np0000159513 devstack@neutron-api.service[102539]: DEBUG neutron_lib.callbacks.manager [None req-d948443e-b3f1-42bd-9c32-b75f4d32ebf0 admin admin] Publish callbacks ['neutron.plugins.ml2.plugin.SecurityGroupDbMixin._ensure_default_security_group_handler-2720'] for network (None), before_create {{(pid=102539) _notify_loop /opt/stack/data/venv/lib/python3.12/site-packages/neutron_lib/callbacks/manager.py:184}}
Mar 17 19:42:11.836241 np0000159513 devstack@neutron-api.service[102539]: DEBUG neutron_lib.callbacks.manager [None req-d948443e-b3f1-42bd-9c32-b75f4d32ebf0 admin admin] Publish callbacks [] for security_group (None), before_create {{(pid=102539) _notify_loop /opt/stack/data/venv/lib/python3.12/site-packages/neutron_lib/callbacks/manager.py:184}}
Mar 17 19:42:11.934188 np0000159513 devstack@neutron-api.service[102539]: DEBUG neutron_lib.callbacks.manager [None req-d948443e-b3f1-42bd-9c32-b75f4d32ebf0 admin admin] Publish callbacks ['neutron.plugins.ml2.drivers.ovn.mech_driver.mech_driver.OVNMechanismDriver._create_security_group_precommit-858936'] for security_group (28e4fbbb-1ebb-456e-8c45-b3f7a16550ee), precommit_create {{(pid=102539) _notify_loop /opt/stack/data/venv/lib/python3.12/site-packages/neutron_lib/callbacks/manager.py:184}}
Mar 17 19:42:11.934460 np0000159513 devstack@neutron-api.service[102539]: DEBUG neutron.db.ovn_revision_numbers_db [None req-d948443e-b3f1-42bd-9c32-b75f4d32ebf0 admin admin] create_initial_revision uuid=28e4fbbb-1ebb-456e-8c45-b3f7a16550ee, type=security_groups, rev=-1 {{(pid=102539) create_initial_revision /opt/stack/neutron/neutron/db/ovn_revision_numbers_db.py:98}}
Mar 17 19:42:11.936754 np0000159513 devstack@neutron-api.service[102539]: DEBUG neutron.db.ovn_revision_numbers_db [None req-d948443e-b3f1-42bd-9c32-b75f4d32ebf0 admin admin] create_initial_revision uuid=50c7a743-38f7-47c5-bc56-419693af47da, type=security_group_rules, rev=-1 {{(pid=102539) create_initial_revision /opt/stack/neutron/neutron/db/ovn_revision_numbers_db.py:98}}
Mar 17 19:42:11.937823 np0000159513 devstack@neutron-api.service[102539]: DEBUG neutron.db.ovn_revision_numbers_db [None req-d948443e-b3f1-42bd-9c32-b75f4d32ebf0 admin admin] create_initial_revision uuid=c7f62227-059d-4b8c-af7b-d6e46e37c2b5, type=security_group_rules, rev=-1 {{(pid=102539) create_initial_revision /opt/stack/neutron/neutron/db/ovn_revision_numbers_db.py:98}}
Mar 17 19:42:11.938909 np0000159513 devstack@neutron-api.service[102539]: DEBUG neutron.db.ovn_revision_numbers_db [None req-d948443e-b3f1-42bd-9c32-b75f4d32ebf0 admin admin] create_initial_revision uuid=df746164-432c-4ab8-a0b7-79912815f9bd, type=security_group_rules, rev=-1 {{(pid=102539) create_initial_revision /opt/stack/neutron/neutron/db/ovn_revision_numbers_db.py:98}}
Mar 17 19:42:11.939887 np0000159513 devstack@neutron-api.service[102539]: DEBUG neutron.db.ovn_revision_numbers_db [None req-d948443e-b3f1-42bd-9c32-b75f4d32ebf0 admin admin] create_initial_revision uuid=e264af06-8945-40c4-a12b-347b90c45687, type=security_group_rules, rev=-1 {{(pid=102539) create_initial_revision /opt/stack/neutron/neutron/db/ovn_revision_numbers_db.py:98}}
Mar 17 19:42:11.947878 np0000159513 devstack@neutron-api.service[102539]: DEBUG neutron_lib.callbacks.manager [None req-d948443e-b3f1-42bd-9c32-b75f4d32ebf0 admin admin] Publish callbacks ['neutron.plugins.ml2.drivers.ovn.mech_driver.mech_driver.OVNMechanismDriver._create_security_group-858946', 'neutron.plugins.ml2.ovo_rpc._ObjectChangeHandler.handle_event-1717097'] for security_group (28e4fbbb-1ebb-456e-8c45-b3f7a16550ee), after_create {{(pid=102539) _notify_loop /opt/stack/data/venv/lib/python3.12/site-packages/neutron_lib/callbacks/manager.py:184}}
Mar 17 19:42:11.948184 np0000159513 devstack@neutron-api.service[102539]: INFO neutron.plugins.ml2.drivers.ovn.mech_driver.ovsdb.extensions.qos [None req-d948443e-b3f1-42bd-9c32-b75f4d32ebf0 admin admin] Starting OVNClientQosExtension
Mar 17 19:42:11.948184 np0000159513 devstack@neutron-api.service[102539]: INFO neutron.plugins.ml2.drivers.ovn.mech_driver.ovsdb.extensions.placement [None req-d948443e-b3f1-42bd-9c32-b75f4d32ebf0 admin admin] Starting OVNClientPlacementExtension
Mar 17 19:42:11.949775 np0000159513 devstack@neutron-api.service[102539]: DEBUG ovsdbapp.backend.ovs_idl.transaction [-] Running txn n=1 command(idx=0): PgAddCommand(_result=None, name=pg_28e4fbbb_1ebb_456e_8c45_b3f7a16550ee, may_exist=False, columns={'acls': [], 'external_ids': {'neutron:security_group_id': '28e4fbbb-1ebb-456e-8c45-b3f7a16550ee'}}) {{(pid=102539) do_commit /opt/stack/data/venv/lib/python3.12/site-packages/ovsdbapp/backend/ovs_idl/transaction.py:89}}
Mar 17 19:42:11.952049 np0000159513 devstack@neutron-api.service[102539]: DEBUG ovsdbapp.backend.ovs_idl.transaction [-] Running txn n=1 command(idx=1): PgAclAddCommand(_result=None, entity=pg_28e4fbbb_1ebb_456e_8c45_b3f7a16550ee, direction=from-lport, priority=1002, match=inport == @pg_28e4fbbb_1ebb_456e_8c45_b3f7a16550ee && ip4, action=allow-related, log=False, may_exist=True, severity=[], name=[], meter=[], external_ids={'neutron:security_group_rule_id': '50c7a743-38f7-47c5-bc56-419693af47da'}) {{(pid=102539) do_commit /opt/stack/data/venv/lib/python3.12/site-packages/ovsdbapp/backend/ovs_idl/transaction.py:89}}
Mar 17 19:42:11.952653 np0000159513 devstack@neutron-api.service[102539]: DEBUG ovsdbapp.backend.ovs_idl.transaction [-] Running txn n=1 command(idx=2): PgAclAddCommand(_result=None, entity=pg_28e4fbbb_1ebb_456e_8c45_b3f7a16550ee, direction=to-lport, priority=1002, match=outport == @pg_28e4fbbb_1ebb_456e_8c45_b3f7a16550ee && ip6 && ip6.src == $pg_28e4fbbb_1ebb_456e_8c45_b3f7a16550ee_ip6, action=allow-related, log=False, may_exist=True, severity=[], name=[], meter=[], external_ids={'neutron:security_group_rule_id': 'c7f62227-059d-4b8c-af7b-d6e46e37c2b5'}) {{(pid=102539) do_commit /opt/stack/data/venv/lib/python3.12/site-packages/ovsdbapp/backend/ovs_idl/transaction.py:89}}
Mar 17 19:42:11.953257 np0000159513 devstack@neutron-api.service[102539]: DEBUG ovsdbapp.backend.ovs_idl.transaction [-] Running txn n=1 command(idx=3): PgAclAddCommand(_result=None, entity=pg_28e4fbbb_1ebb_456e_8c45_b3f7a16550ee, direction=from-lport, priority=1002, match=inport == @pg_28e4fbbb_1ebb_456e_8c45_b3f7a16550ee && ip6, action=allow-related, log=False, may_exist=True, severity=[], name=[], meter=[], external_ids={'neutron:security_group_rule_id': 'df746164-432c-4ab8-a0b7-79912815f9bd'}) {{(pid=102539) do_commit /opt/stack/data/venv/lib/python3.12/site-packages/ovsdbapp/backend/ovs_idl/transaction.py:89}}
Mar 17 19:42:11.954086 np0000159513 devstack@neutron-api.service[102539]: DEBUG ovsdbapp.backend.ovs_idl.transaction [-] Running txn n=1 command(idx=4): PgAclAddCommand(_result=None, entity=pg_28e4fbbb_1ebb_456e_8c45_b3f7a16550ee, direction=to-lport, priority=1002, match=outport == @pg_28e4fbbb_1ebb_456e_8c45_b3f7a16550ee && ip4 && ip4.src == $pg_28e4fbbb_1ebb_456e_8c45_b3f7a16550ee_ip4, action=allow-related, log=False, may_exist=True, severity=[], name=[], meter=[], external_ids={'neutron:security_group_rule_id': 'e264af06-8945-40c4-a12b-347b90c45687'}) {{(pid=102539) do_commit /opt/stack/data/venv/lib/python3.12/site-packages/ovsdbapp/backend/ovs_idl/transaction.py:89}}
Mar 17 19:42:11.959563 np0000159513 devstack@neutron-api.service[102539]: DEBUG neutron.plugins.ml2.drivers.ovn.mech_driver.ovsdb.ovsdb_monitor [-] Hash Ring: Node b6a64f399c57554cb4c22b24f714b82e (host: np0000159513) handling event "create" for row 11469d1f-a06a-479c-a4d0-a2c2b2ccd2d7 (table: ACL) {{(pid=102539) notify /opt/stack/neutron/neutron/plugins/ml2/drivers/ovn/mech_driver/ovsdb/ovsdb_monitor.py:906}}
Mar 17 19:42:11.962792 np0000159513 devstack@neutron-api.service[102541]: DEBUG neutron.plugins.ml2.drivers.ovn.mech_driver.ovsdb.ovsdb_monitor [-] Hash Ring: Node ed1a444c23fb5f9abd3912f99c7ef4a5 (host: np0000159513) handling event "create" for row 45a45ccb-e0a8-4eef-8a87-2d59af892ace (table: ACL) {{(pid=102541) notify /opt/stack/neutron/neutron/plugins/ml2/drivers/ovn/mech_driver/ovsdb/ovsdb_monitor.py:906}}
Mar 17 19:42:11.963103 np0000159513 devstack@neutron-api.service[102541]: DEBUG neutron.plugins.ml2.drivers.ovn.mech_driver.ovsdb.ovsdb_monitor [-] Hash Ring: Node ed1a444c23fb5f9abd3912f99c7ef4a5 (host: np0000159513) handling event "create" for row c98d0d1e-6cc2-4e3d-8a1c-d48907028a49 (table: ACL) {{(pid=102541) notify /opt/stack/neutron/neutron/plugins/ml2/drivers/ovn/mech_driver/ovsdb/ovsdb_monitor.py:906}}
Mar 17 19:42:11.963214 np0000159513 devstack@neutron-api.service[102541]: DEBUG neutron.plugins.ml2.drivers.ovn.mech_driver.ovsdb.ovsdb_monitor [-] Hash Ring: Node ed1a444c23fb5f9abd3912f99c7ef4a5 (host: np0000159513) handling event "create" for row 6fe3e5ba-2d2e-491c-8efd-07b56915ab38 (table: Port_Group) {{(pid=102541) notify /opt/stack/neutron/neutron/plugins/ml2/drivers/ovn/mech_driver/ovsdb/ovsdb_monitor.py:906}}
Mar 17 19:42:11.963871 np0000159513 devstack@neutron-api.service[102540]: DEBUG neutron.plugins.ml2.drivers.ovn.mech_driver.ovsdb.ovsdb_monitor [-] Hash Ring: Node 2565c61333bd5215bc515e347b32ecbb (host: np0000159513) handling event "create" for row 11469d1f-a06a-479c-a4d0-a2c2b2ccd2d7 (table: ACL) {{(pid=102540) notify /opt/stack/neutron/neutron/plugins/ml2/drivers/ovn/mech_driver/ovsdb/ovsdb_monitor.py:906}}
Mar 17 19:42:11.964173 np0000159513 devstack@neutron-api.service[102540]: DEBUG neutron.plugins.ml2.drivers.ovn.mech_driver.ovsdb.ovsdb_monitor [-] Hash Ring: Node 2565c61333bd5215bc515e347b32ecbb (host: np0000159513) handling event "create" for row 45a45ccb-e0a8-4eef-8a87-2d59af892ace (table: ACL) {{(pid=102540) notify /opt/stack/neutron/neutron/plugins/ml2/drivers/ovn/mech_driver/ovsdb/ovsdb_monitor.py:906}}
Mar 17 19:42:11.964234 np0000159513 devstack@neutron-api.service[102542]: DEBUG neutron.plugins.ml2.drivers.ovn.mech_driver.ovsdb.ovsdb_monitor [-] Hash Ring: Node 40e311a6041e58428b9fb91e2dc11442 (host: np0000159513) handling event "create" for row 96c1d4ad-576b-4ca7-8a81-7f499e0ec70c (table: ACL) {{(pid=102542) notify /opt/stack/neutron/neutron/plugins/ml2/drivers/ovn/mech_driver/ovsdb/ovsdb_monitor.py:906}}
Mar 17 19:42:11.964491 np0000159513 devstack@neutron-api.service[102540]: DEBUG neutron.plugins.ml2.drivers.ovn.mech_driver.ovsdb.ovsdb_monitor [-] Hash Ring: Node 2565c61333bd5215bc515e347b32ecbb (host: np0000159513) handling event "create" for row 96c1d4ad-576b-4ca7-8a81-7f499e0ec70c (table: ACL) {{(pid=102540) notify /opt/stack/neutron/neutron/plugins/ml2/drivers/ovn/mech_driver/ovsdb/ovsdb_monitor.py:906}}
Mar 17 19:42:11.964491 np0000159513 devstack@neutron-api.service[102540]: DEBUG neutron.plugins.ml2.drivers.ovn.mech_driver.ovsdb.ovsdb_monitor [-] Hash Ring: Node 2565c61333bd5215bc515e347b32ecbb (host: np0000159513) handling event "create" for row c98d0d1e-6cc2-4e3d-8a1c-d48907028a49 (table: ACL) {{(pid=102540) notify /opt/stack/neutron/neutron/plugins/ml2/drivers/ovn/mech_driver/ovsdb/ovsdb_monitor.py:906}}
Mar 17 19:42:11.964657 np0000159513 devstack@neutron-api.service[102540]: DEBUG neutron.plugins.ml2.drivers.ovn.mech_driver.ovsdb.ovsdb_monitor [-] Hash Ring: Node 2565c61333bd5215bc515e347b32ecbb (host: np0000159513) handling event "create" for row 6fe3e5ba-2d2e-491c-8efd-07b56915ab38 (table: Port_Group) {{(pid=102540) notify /opt/stack/neutron/neutron/plugins/ml2/drivers/ovn/mech_driver/ovsdb/ovsdb_monitor.py:906}}
Mar 17 19:42:11.991025 np0000159513 devstack@neutron-api.service[102539]: INFO neutron.db.ovn_revision_numbers_db [None req-d948443e-b3f1-42bd-9c32-b75f4d32ebf0 admin admin] Successfully bumped revision number for resource 28e4fbbb-1ebb-456e-8c45-b3f7a16550ee (type: security_groups) to 1
Mar 17 19:42:12.008411 np0000159513 devstack@neutron-api.service[102539]: INFO neutron.db.ovn_revision_numbers_db [None req-d948443e-b3f1-42bd-9c32-b75f4d32ebf0 admin admin] Successfully bumped revision number for resource 50c7a743-38f7-47c5-bc56-419693af47da (type: security_group_rules) to 0
Mar 17 19:42:12.023011 np0000159513 devstack@neutron-api.service[102539]: INFO neutron.db.ovn_revision_numbers_db [None req-d948443e-b3f1-42bd-9c32-b75f4d32ebf0 admin admin] Successfully bumped revision number for resource c7f62227-059d-4b8c-af7b-d6e46e37c2b5 (type: security_group_rules) to 0
Mar 17 19:42:12.037915 np0000159513 devstack@neutron-api.service[102539]: INFO neutron.db.ovn_revision_numbers_db [None req-d948443e-b3f1-42bd-9c32-b75f4d32ebf0 admin admin] Successfully bumped revision number for resource df746164-432c-4ab8-a0b7-79912815f9bd (type: security_group_rules) to 0
Mar 17 19:42:12.052159 np0000159513 devstack@neutron-api.service[102539]: INFO neutron.db.ovn_revision_numbers_db [None req-d948443e-b3f1-42bd-9c32-b75f4d32ebf0 admin admin] Successfully bumped revision number for resource e264af06-8945-40c4-a12b-347b90c45687 (type: security_group_rules) to 0
Mar 17 19:42:12.076639 np0000159513 devstack@neutron-api.service[102539]: DEBUG neutron.api.rpc.handlers.resources_rpc [None req-d948443e-b3f1-42bd-9c32-b75f4d32ebf0 admin admin] Pushing event updated for resources: {'SecurityGroup': ['ID=28e4fbbb-1ebb-456e-8c45-b3f7a16550ee,revision_number=1']} {{(pid=102539) push /opt/stack/neutron/neutron/api/rpc/handlers/resources_rpc.py:237}}
Mar 17 19:42:12.085772 np0000159513 devstack@neutron-api.service[102539]: DEBUG ovsdbapp.backend.ovs_idl.transaction [-] Running txn n=1 command(idx=0): CheckLivenessCommand(_result=None) {{(pid=102539) do_commit /opt/stack/data/venv/lib/python3.12/site-packages/ovsdbapp/backend/ovs_idl/transaction.py:89}}
Mar 17 19:42:12.088170 np0000159513 devstack@neutron-api.service[102539]: DEBUG neutron.plugins.ml2.drivers.ovn.mech_driver.ovsdb.ovsdb_monitor [-] Hash Ring: Node b6a64f399c57554cb4c22b24f714b82e (host: np0000159513) handling event "update" for row abe6f3ac-f4d1-4cb5-bcdf-d3b630bb3921 (table: NB_Global) {{(pid=102539) notify /opt/stack/neutron/neutron/plugins/ml2/drivers/ovn/mech_driver/ovsdb/ovsdb_monitor.py:906}}
Mar 17 19:42:12.088624 np0000159513 devstack@neutron-api.service[102540]: DEBUG neutron.plugins.ml2.drivers.ovn.mech_driver.ovsdb.ovsdb_monitor [-] Hash Ring: Node 2565c61333bd5215bc515e347b32ecbb (host: np0000159513) handling event "update" for row abe6f3ac-f4d1-4cb5-bcdf-d3b630bb3921 (table: NB_Global) {{(pid=102540) notify /opt/stack/neutron/neutron/plugins/ml2/drivers/ovn/mech_driver/ovsdb/ovsdb_monitor.py:906}}
Mar 17 19:42:12.089057 np0000159513 devstack@neutron-api.service[102539]: DEBUG neutron.plugins.ml2.drivers.ovn.mech_driver.ovsdb.ovsdb_monitor [-] Hash Ring: Node b6a64f399c57554cb4c22b24f714b82e (host: np0000159513) handling event "update" for row abe6f3ac-f4d1-4cb5-bcdf-d3b630bb3921 (table: NB_Global) {{(pid=102539) notify /opt/stack/neutron/neutron/plugins/ml2/drivers/ovn/mech_driver/ovsdb/ovsdb_monitor.py:906}}
Mar 17 19:42:12.089243 np0000159513 devstack@neutron-api.service[102540]: DEBUG neutron.plugins.ml2.drivers.ovn.mech_driver.ovsdb.ovsdb_monitor [-] Hash Ring: Node 2565c61333bd5215bc515e347b32ecbb (host: np0000159513) handling event "update" for row abe6f3ac-f4d1-4cb5-bcdf-d3b630bb3921 (table: NB_Global) {{(pid=102540) notify /opt/stack/neutron/neutron/plugins/ml2/drivers/ovn/mech_driver/ovsdb/ovsdb_monitor.py:906}}
Mar 17 19:42:12.089582 np0000159513 devstack@neutron-api.service[102540]: DEBUG neutron.plugins.ml2.drivers.ovn.mech_driver.ovsdb.ovsdb_monitor [-] Hash Ring: Node 2565c61333bd5215bc515e347b32ecbb (host: np0000159513) handling event "update" for row abe6f3ac-f4d1-4cb5-bcdf-d3b630bb3921 (table: NB_Global) {{(pid=102540) notify /opt/stack/neutron/neutron/plugins/ml2/drivers/ovn/mech_driver/ovsdb/ovsdb_monitor.py:906}}
Mar 17 19:42:12.089947 np0000159513 devstack@neutron-api.service[102539]: DEBUG neutron.plugins.ml2.drivers.ovn.mech_driver.ovsdb.ovsdb_monitor [-] Hash Ring: Node b6a64f399c57554cb4c22b24f714b82e (host: np0000159513) handling event "update" for row abe6f3ac-f4d1-4cb5-bcdf-d3b630bb3921 (table: NB_Global) {{(pid=102539) notify /opt/stack/neutron/neutron/plugins/ml2/drivers/ovn/mech_driver/ovsdb/ovsdb_monitor.py:906}}
Mar 17 19:42:12.091119 np0000159513 devstack@neutron-api.service[102541]: DEBUG neutron.plugins.ml2.drivers.ovn.mech_driver.ovsdb.ovsdb_monitor [-] ChassisAgentWriteEvent : Matched Chassis_Private, update, None None {{(pid=102541) matches /opt/stack/neutron/neutron/plugins/ml2/drivers/ovn/mech_driver/ovsdb/ovsdb_monitor.py:64}}
Mar 17 19:42:12.091591 np0000159513 devstack@neutron-api.service[102540]: DEBUG neutron.plugins.ml2.drivers.ovn.mech_driver.ovsdb.ovsdb_monitor [-] ChassisAgentWriteEvent : Matched Chassis_Private, update, None None {{(pid=102540) matches /opt/stack/neutron/neutron/plugins/ml2/drivers/ovn/mech_driver/ovsdb/ovsdb_monitor.py:64}}
Mar 17 19:42:12.092900 np0000159513 devstack@neutron-api.service[102539]: DEBUG neutron.api.rpc.callbacks.version_manager [None req-d948443e-b3f1-42bd-9c32-b75f4d32ebf0 admin admin] Tracked resource versions report:
Mar 17 19:42:12.092900 np0000159513 devstack@neutron-api.service[102539]: pushed versions:
Mar 17 19:42:12.092900 np0000159513 devstack@neutron-api.service[102539]: { 'AddressGroup': {'1.2'},
Mar 17 19:42:12.092900 np0000159513 devstack@neutron-api.service[102539]: 'Agent': {'1.1'},
Mar 17 19:42:12.092900 np0000159513 devstack@neutron-api.service[102539]: 'ConntrackHelper': {'1.0'},
Mar 17 19:42:12.092900 np0000159513 devstack@neutron-api.service[102539]: 'LocalIPAssociation': {'1.0'},
Mar 17 19:42:12.092900 np0000159513 devstack@neutron-api.service[102539]: 'Log': {'1.0'},
Mar 17 19:42:12.092900 np0000159513 devstack@neutron-api.service[102539]: 'NDPProxy': {'1.0'},
Mar 17 19:42:12.092900 np0000159513 devstack@neutron-api.service[102539]: 'Network': {'1.2'},
Mar 17 19:42:12.092900 np0000159513 devstack@neutron-api.service[102539]: 'Port': {'1.10'},
Mar 17 19:42:12.092900 np0000159513 devstack@neutron-api.service[102539]: 'PortForwarding': {'1.3'},
Mar 17 19:42:12.092900 np0000159513 devstack@neutron-api.service[102539]: 'QosPolicy': {'1.10'},
Mar 17 19:42:12.092900 np0000159513 devstack@neutron-api.service[102539]: 'SecurityGroup': {'1.6'},
Mar 17 19:42:12.092900 np0000159513 devstack@neutron-api.service[102539]: 'SecurityGroupRule': {'1.3'},
Mar 17 19:42:12.092900 np0000159513 devstack@neutron-api.service[102539]: 'SubPort': {'1.0'},
Mar 17 19:42:12.092900 np0000159513 devstack@neutron-api.service[102539]: 'Subnet': {'1.2'},
Mar 17 19:42:12.092900 np0000159513 devstack@neutron-api.service[102539]: 'Trunk': {'1.1'}}
Mar 17 19:42:12.092900 np0000159513 devstack@neutron-api.service[102539]: consumer versions:
Mar 17 19:42:12.092900 np0000159513 devstack@neutron-api.service[102539]: {}
Mar 17 19:42:12.092900 np0000159513 devstack@neutron-api.service[102539]: {{(pid=102539) report /opt/stack/neutron/neutron/api/rpc/callbacks/version_manager.py:183}}
Mar 17 19:42:12.096447 np0000159513 devstack@neutron-api.service[102542]: DEBUG neutron.plugins.ml2.drivers.ovn.mech_driver.ovsdb.ovsdb_monitor [-] ChassisAgentWriteEvent : Matched Chassis_Private, update, None None {{(pid=102542) matches /opt/stack/neutron/neutron/plugins/ml2/drivers/ovn/mech_driver/ovsdb/ovsdb_monitor.py:64}}
Mar 17 19:42:12.096890 np0000159513 devstack@neutron-api.service[102540]: DEBUG neutron.plugins.ml2.drivers.ovn.mech_driver.ovsdb.ovsdb_monitor [-] Hash Ring: Node 2565c61333bd5215bc515e347b32ecbb (host: np0000159513) handling event "update" for row abe6f3ac-f4d1-4cb5-bcdf-d3b630bb3921 (table: NB_Global) {{(pid=102540) notify /opt/stack/neutron/neutron/plugins/ml2/drivers/ovn/mech_driver/ovsdb/ovsdb_monitor.py:906}}
Mar 17 19:42:12.098498 np0000159513 devstack@neutron-api.service[102541]: DEBUG neutron.plugins.ml2.drivers.ovn.mech_driver.ovsdb.ovsdb_monitor [-] ChassisOVNAgentWriteEvent : Matched Chassis_Private, update, None None {{(pid=102541) matches /opt/stack/neutron/neutron/plugins/ml2/drivers/ovn/mech_driver/ovsdb/ovsdb_monitor.py:64}}
Mar 17 19:42:12.098581 np0000159513 devstack@neutron-api.service[102542]: DEBUG neutron.plugins.ml2.drivers.ovn.mech_driver.ovsdb.ovsdb_monitor [-] ChassisOVNAgentWriteEvent : Matched Chassis_Private, update, None None {{(pid=102542) matches /opt/stack/neutron/neutron/plugins/ml2/drivers/ovn/mech_driver/ovsdb/ovsdb_monitor.py:64}}
Mar 17 19:42:12.099250 np0000159513 devstack@neutron-api.service[102539]: DEBUG neutron.plugins.ml2.drivers.ovn.mech_driver.ovsdb.ovsdb_monitor [-] ChassisAgentWriteEvent : Matched Chassis_Private, update, None None {{(pid=102539) matches /opt/stack/neutron/neutron/plugins/ml2/drivers/ovn/mech_driver/ovsdb/ovsdb_monitor.py:64}}
Mar 17 19:42:12.099560 np0000159513 devstack@neutron-api.service[102540]: DEBUG neutron.common.ovn.hash_ring_manager [-] Allow caching, nodes 4>=4 {{(pid=102540) _wait_startup_before_caching /opt/stack/neutron/neutron/common/ovn/hash_ring_manager.py:65}}
