Jun 29 15:25:52.902733 np0000183484 devstack@neutron-api.service[103334]: DEBUG neutron.api.extensions [None req-aa96f3b8-a14a-4610-a8ef-9c6f76173ad7 None None] Ext name="Uplink status propagation extension" alias="uplink-status-propagation" description="Provides ability to propagate port uplink status." updated="2018-05-31T18:00:00-00:00" {{(pid=103334) _check_extension /opt/stack/neutron/neutron/api/extensions.py:415}}
Jun 29 15:25:52.902733 np0000183484 devstack@neutron-api.service[103334]: INFO neutron.api.extensions [None req-aa96f3b8-a14a-4610-a8ef-9c6f76173ad7 None None] Extension uplink-status-propagation not supported by any of loaded plugins
Jun 29 15:25:52.902948 np0000183484 devstack@neutron-api.service[103334]: DEBUG neutron.api.extensions [None req-aa96f3b8-a14a-4610-a8ef-9c6f76173ad7 None None] Loading extension file: uplink_status_propagation_updatable.py {{(pid=103334) _load_all_extensions_from_path /opt/stack/neutron/neutron/api/extensions.py:449}}
Jun 29 15:25:52.902948 np0000183484 devstack@neutron-api.service[103334]: DEBUG neutron.api.extensions [None req-aa96f3b8-a14a-4610-a8ef-9c6f76173ad7 None None] Ext name="Uplink status propagation updatable extension" alias="uplink-status-propagation-updatable" description="Provides ability to update the port uplink status." updated="2024-09-03T18:00:00-00:00" {{(pid=103334) _check_extension /opt/stack/neutron/neutron/api/extensions.py:415}}
Jun 29 15:25:52.902948 np0000183484 devstack@neutron-api.service[103334]: INFO neutron.api.extensions [None req-aa96f3b8-a14a-4610-a8ef-9c6f76173ad7 None None] Extension uplink-status-propagation-updatable not supported by any of loaded plugins
Jun 29 15:25:52.902948 np0000183484 devstack@neutron-api.service[103334]: DEBUG neutron.api.extensions [None req-aa96f3b8-a14a-4610-a8ef-9c6f76173ad7 None None] Loading extension file: vlantransparent.py {{(pid=103334) _load_all_extensions_from_path /opt/stack/neutron/neutron/api/extensions.py:449}}
Jun 29 15:25:52.902948 np0000183484 devstack@neutron-api.service[103334]: DEBUG neutron.api.extensions [None req-aa96f3b8-a14a-4610-a8ef-9c6f76173ad7 None None] Ext name="Vlantransparent" alias="vlan-transparent" description="Provides Vlan Transparent Networks" updated="2015-03-23T09:00:00-00:00" {{(pid=103334) _check_extension /opt/stack/neutron/neutron/api/extensions.py:415}}
Jun 29 15:25:52.902948 np0000183484 devstack@neutron-api.service[103334]: INFO neutron.api.extensions [None req-aa96f3b8-a14a-4610-a8ef-9c6f76173ad7 None None] Loaded extension: vlan-transparent
Jun 29 15:25:52.902948 np0000183484 devstack@neutron-api.service[103334]: INFO neutron.quota.resource_registry [None req-aa96f3b8-a14a-4610-a8ef-9c6f76173ad7 None None] Creating instance of TrackedResource for resource:network
Jun 29 15:25:52.902948 np0000183484 devstack@neutron-api.service[103334]: INFO neutron.quota.resource_registry [None req-aa96f3b8-a14a-4610-a8ef-9c6f76173ad7 None None] Creating instance of TrackedResource for resource:subnet
Jun 29 15:25:52.903200 np0000183484 devstack@neutron-api.service[103334]: INFO neutron.quota.resource_registry [None req-aa96f3b8-a14a-4610-a8ef-9c6f76173ad7 None None] Creating instance of TrackedResource for resource:subnetpool
Jun 29 15:25:52.903200 np0000183484 devstack@neutron-api.service[103334]: INFO neutron.quota.resource_registry [None req-aa96f3b8-a14a-4610-a8ef-9c6f76173ad7 None None] Creating instance of TrackedResource for resource:port
Jun 29 15:25:52.903200 np0000183484 devstack@neutron-api.service[103334]: INFO neutron.quota.resource_registry [None req-aa96f3b8-a14a-4610-a8ef-9c6f76173ad7 None None] Creating instance of CountableResource for resource:router_route
Jun 29 15:25:52.903200 np0000183484 devstack@neutron-api.service[103334]: DEBUG neutron.api.v2.resource_helper [None req-aa96f3b8-a14a-4610-a8ef-9c6f76173ad7 None None] Service L3_ROUTER_NAT assigned prefix: {{(pid=103334) build_resource_info /opt/stack/neutron/neutron/api/v2/resource_helper.py:77}}
Jun 29 15:25:52.903200 np0000183484 devstack@neutron-api.service[103334]: DEBUG neutron.api.v2.resource_helper [None req-aa96f3b8-a14a-4610-a8ef-9c6f76173ad7 None None] Service FLAVORS assigned prefix: {{(pid=103334) build_resource_info /opt/stack/neutron/neutron/api/v2/resource_helper.py:77}}
Jun 29 15:25:52.903200 np0000183484 devstack@neutron-api.service[103334]: DEBUG neutron.api.v2.resource_helper [None req-aa96f3b8-a14a-4610-a8ef-9c6f76173ad7 None None] Service L3_ROUTER_NAT assigned prefix: {{(pid=103334) build_resource_info /opt/stack/neutron/neutron/api/v2/resource_helper.py:77}}
Jun 29 15:25:52.903200 np0000183484 devstack@neutron-api.service[103334]: DEBUG neutron.api.v2.resource_helper [None req-aa96f3b8-a14a-4610-a8ef-9c6f76173ad7 None None] Service L3_ROUTER_NAT assigned prefix: {{(pid=103334) build_resource_info /opt/stack/neutron/neutron/api/v2/resource_helper.py:77}}
Jun 29 15:25:52.903200 np0000183484 devstack@neutron-api.service[103334]: INFO neutron.quota.resource_registry [None req-aa96f3b8-a14a-4610-a8ef-9c6f76173ad7 None None] Creating instance of TrackedResource for resource:router
Jun 29 15:25:52.903200 np0000183484 devstack@neutron-api.service[103334]: INFO neutron.quota.resource_registry [None req-aa96f3b8-a14a-4610-a8ef-9c6f76173ad7 None None] Creating instance of TrackedResource for resource:floatingip
Jun 29 15:25:52.903451 np0000183484 devstack@neutron-api.service[103334]: INFO neutron.quota.resource_registry [None req-aa96f3b8-a14a-4610-a8ef-9c6f76173ad7 None None] Creating instance of CountableResource for resource:rbac_policy
Jun 29 15:25:52.903451 np0000183484 devstack@neutron-api.service[103334]: INFO neutron.quota.resource_registry [None req-aa96f3b8-a14a-4610-a8ef-9c6f76173ad7 None None] Creating instance of TrackedResource for resource:security_group
Jun 29 15:25:52.903451 np0000183484 devstack@neutron-api.service[103334]: INFO neutron.quota.resource_registry [None req-aa96f3b8-a14a-4610-a8ef-9c6f76173ad7 None None] Creating instance of TrackedResource for resource:security_group_rule
Jun 29 15:25:52.903451 np0000183484 devstack@neutron-api.service[103334]: DEBUG neutron.api.v2.resource_helper [None req-aa96f3b8-a14a-4610-a8ef-9c6f76173ad7 None None] Service CORE assigned prefix: {{(pid=103334) build_resource_info /opt/stack/neutron/neutron/api/v2/resource_helper.py:77}}
Jun 29 15:25:52.903451 np0000183484 devstack@neutron-api.service[103334]: INFO neutron.quota.resource_registry [None req-aa96f3b8-a14a-4610-a8ef-9c6f76173ad7 None None] Creating instance of TrackedResource for resource:subnetpool
Jun 29 15:25:52.903451 np0000183484 devstack@neutron-api.service[103334]: WARNING neutron.quota.resource_registry [None req-aa96f3b8-a14a-4610-a8ef-9c6f76173ad7 None None] subnetpool is already registered
Jun 29 15:25:52.903451 np0000183484 devstack@neutron-api.service[103334]: DEBUG neutron.api.v2.resource_helper [None req-aa96f3b8-a14a-4610-a8ef-9c6f76173ad7 None None] Service CORE assigned prefix: {{(pid=103334) build_resource_info /opt/stack/neutron/neutron/api/v2/resource_helper.py:77}}
Jun 29 15:25:52.903451 np0000183484 devstack@neutron-api.service[103334]: INFO neutron.quota.resource_registry [None req-aa96f3b8-a14a-4610-a8ef-9c6f76173ad7 None None] Creating instance of TrackedResource for resource:subnetpool
Jun 29 15:25:52.903451 np0000183484 devstack@neutron-api.service[103334]: WARNING neutron.quota.resource_registry [None req-aa96f3b8-a14a-4610-a8ef-9c6f76173ad7 None None] subnetpool is already registered
Jun 29 15:25:52.903451 np0000183484 devstack@neutron-api.service[103334]: INFO neutron.quota.resource_registry [None req-aa96f3b8-a14a-4610-a8ef-9c6f76173ad7 None None] Creating instance of CountableResource for resource:router_route
Jun 29 15:25:52.903703 np0000183484 devstack@neutron-api.service[103334]: WARNING neutron.quota.resource_registry [None req-aa96f3b8-a14a-4610-a8ef-9c6f76173ad7 None None] router_route is already registered
Jun 29 15:25:52.903703 np0000183484 devstack@neutron-api.service[103334]: DEBUG neutron.api.v2.resource_helper [None req-aa96f3b8-a14a-4610-a8ef-9c6f76173ad7 None None] Service L3_ROUTER_NAT assigned prefix: {{(pid=103334) build_resource_info /opt/stack/neutron/neutron/api/v2/resource_helper.py:77}}
Jun 29 15:25:52.903703 np0000183484 devstack@neutron-api.service[103334]: DEBUG neutron.api.v2.resource_helper [None req-aa96f3b8-a14a-4610-a8ef-9c6f76173ad7 None None] Service FLAVORS assigned prefix: {{(pid=103334) build_resource_info /opt/stack/neutron/neutron/api/v2/resource_helper.py:77}}
Jun 29 15:25:52.903703 np0000183484 devstack@neutron-api.service[103334]: DEBUG neutron.api.v2.resource_helper [None req-aa96f3b8-a14a-4610-a8ef-9c6f76173ad7 None None] Service L3_ROUTER_NAT assigned prefix: {{(pid=103334) build_resource_info /opt/stack/neutron/neutron/api/v2/resource_helper.py:77}}
Jun 29 15:25:52.903703 np0000183484 devstack@neutron-api.service[103334]: DEBUG neutron.api.v2.resource_helper [None req-aa96f3b8-a14a-4610-a8ef-9c6f76173ad7 None None] Service L3_ROUTER_NAT assigned prefix: {{(pid=103334) build_resource_info /opt/stack/neutron/neutron/api/v2/resource_helper.py:77}}
Jun 29 15:25:52.903703 np0000183484 devstack@neutron-api.service[103334]: INFO neutron.quota.resource_registry [None req-aa96f3b8-a14a-4610-a8ef-9c6f76173ad7 None None] Creating instance of TrackedResource for resource:router
Jun 29 15:25:52.903703 np0000183484 devstack@neutron-api.service[103334]: WARNING neutron.quota.resource_registry [None req-aa96f3b8-a14a-4610-a8ef-9c6f76173ad7 None None] router is already registered
Jun 29 15:25:52.903703 np0000183484 devstack@neutron-api.service[103334]: INFO neutron.quota.resource_registry [None req-aa96f3b8-a14a-4610-a8ef-9c6f76173ad7 None None] Creating instance of TrackedResource for resource:floatingip
Jun 29 15:25:52.903703 np0000183484 devstack@neutron-api.service[103334]: WARNING neutron.quota.resource_registry [None req-aa96f3b8-a14a-4610-a8ef-9c6f76173ad7 None None] floatingip is already registered
Jun 29 15:25:52.903969 np0000183484 devstack@neutron-api.service[103332]: INFO neutron.plugins.ml2.drivers.ovn.mech_driver.ovsdb.impl_idl_ovn [None req-d10e9553-9d91-4ebe-9979-87ea381d802e None None] Getting OvsdbSbOvnIdl for WorkerService with retry
Jun 29 15:25:52.904176 np0000183484 devstack@neutron-api.service[103334]: INFO neutron.quota.resource_registry [None req-aa96f3b8-a14a-4610-a8ef-9c6f76173ad7 None None] Creating instance of CountableResource for resource:rbac_policy
Jun 29 15:25:52.904176 np0000183484 devstack@neutron-api.service[103334]: WARNING neutron.quota.resource_registry [None req-aa96f3b8-a14a-4610-a8ef-9c6f76173ad7 None None] rbac_policy is already registered
Jun 29 15:25:52.904275 np0000183484 devstack@neutron-api.service[103333]: DEBUG neutron.common.ovn.hash_ring_manager [None req-a071ac19-de42-438b-899d-3aa72aa1c660 None None] Hash Ring loaded. 3 active nodes. 0 offline nodes {{(pid=103333) _load_hash_ring /opt/stack/neutron/neutron/common/ovn/hash_ring_manager.py:110}}
Jun 29 15:25:52.904275 np0000183484 devstack@neutron-api.service[103333]: DEBUG neutron.plugins.ml2.drivers.ovn.mech_driver.ovsdb.ovsdb_monitor [None req-a071ac19-de42-438b-899d-3aa72aa1c660 None None] Hash Ring: Node 16181f5881ba5d788f8f95ae6aa8932c (host: np0000183484) handling event "create" for row a61b9d9f-36c2-49c5-9a48-94f1507fb332 (table: SSL) {{(pid=103333) notify /opt/stack/neutron/neutron/plugins/ml2/drivers/ovn/mech_driver/ovsdb/ovsdb_monitor.py:1015}}
Jun 29 15:25:52.904275 np0000183484 devstack@neutron-api.service[103333]: INFO neutron.plugins.ml2.drivers.ovn.mech_driver.ovsdb.impl_idl_ovn [None req-a071ac19-de42-438b-899d-3aa72aa1c660 None None] Getting OvsdbSbOvnIdl for WorkerService with retry
Jun 29 15:25:52.904389 np0000183484 devstack@neutron-api.service[103334]: INFO neutron.quota.resource_registry [None req-aa96f3b8-a14a-4610-a8ef-9c6f76173ad7 None None] Creating instance of TrackedResource for resource:security_group
Jun 29 15:25:52.904389 np0000183484 devstack@neutron-api.service[103334]: WARNING neutron.quota.resource_registry [None req-aa96f3b8-a14a-4610-a8ef-9c6f76173ad7 None None] security_group is already registered
Jun 29 15:25:52.904871 np0000183484 devstack@neutron-api.service[103334]: INFO neutron.quota.resource_registry [None req-aa96f3b8-a14a-4610-a8ef-9c6f76173ad7 None None] Creating instance of TrackedResource for resource:security_group_rule
Jun 29 15:25:52.905203 np0000183484 devstack@neutron-api.service[103334]: WARNING neutron.quota.resource_registry [None req-aa96f3b8-a14a-4610-a8ef-9c6f76173ad7 None None] security_group_rule is already registered
Jun 29 15:25:52.906312 np0000183484 devstack@neutron-api.service[103334]: DEBUG neutron.api.v2.resource_helper [None req-aa96f3b8-a14a-4610-a8ef-9c6f76173ad7 None None] Service CORE assigned prefix: {{(pid=103334) build_resource_info /opt/stack/neutron/neutron/api/v2/resource_helper.py:77}}
Jun 29 15:25:52.906476 np0000183484 devstack@neutron-api.service[103334]: INFO neutron.quota.resource_registry [None req-aa96f3b8-a14a-4610-a8ef-9c6f76173ad7 None None] Creating instance of TrackedResource for resource:subnetpool
Jun 29 15:25:52.906640 np0000183484 devstack@neutron-api.service[103334]: WARNING neutron.quota.resource_registry [None req-aa96f3b8-a14a-4610-a8ef-9c6f76173ad7 None None] subnetpool is already registered
Jun 29 15:25:52.907694 np0000183484 devstack@neutron-api.service[103334]: DEBUG neutron.api.v2.resource_helper [None req-aa96f3b8-a14a-4610-a8ef-9c6f76173ad7 None None] Service CORE assigned prefix: {{(pid=103334) build_resource_info /opt/stack/neutron/neutron/api/v2/resource_helper.py:77}}
Jun 29 15:25:52.907957 np0000183484 devstack@neutron-api.service[103334]: INFO neutron.quota.resource_registry [None req-aa96f3b8-a14a-4610-a8ef-9c6f76173ad7 None None] Creating instance of TrackedResource for resource:subnetpool
Jun 29 15:25:52.908432 np0000183484 devstack@neutron-api.service[103334]: WARNING neutron.quota.resource_registry [None req-aa96f3b8-a14a-4610-a8ef-9c6f76173ad7 None None] subnetpool is already registered
Jun 29 15:25:52.909574 np0000183484 devstack@neutron-api.service[103334]: DEBUG neutron.api.extensions [None req-aa96f3b8-a14a-4610-a8ef-9c6f76173ad7 None None] Extended resource: extensions {{(pid=103334) __init__ /opt/stack/neutron/neutron/api/extensions.py:156}}
Jun 29 15:25:52.910956 np0000183484 devstack@neutron-api.service[103334]: DEBUG neutron.api.extensions [None req-aa96f3b8-a14a-4610-a8ef-9c6f76173ad7 None None] Extended resource: address-groups {{(pid=103334) __init__ /opt/stack/neutron/neutron/api/extensions.py:156}}
Jun 29 15:25:52.911813 np0000183484 devstack@neutron-api.service[103334]: DEBUG neutron.api.extensions [None req-aa96f3b8-a14a-4610-a8ef-9c6f76173ad7 None None] Extended resource: address-scopes {{(pid=103334) __init__ /opt/stack/neutron/neutron/api/extensions.py:156}}
Jun 29 15:25:52.912854 np0000183484 devstack@neutron-api.service[103334]: DEBUG neutron.api.extensions [None req-aa96f3b8-a14a-4610-a8ef-9c6f76173ad7 None None] Extended resource: agents {{(pid=103334) __init__ /opt/stack/neutron/neutron/api/extensions.py:156}}
Jun 29 15:25:52.913955 np0000183484 devstack@neutron-api.service[103334]: DEBUG neutron.api.extensions [None req-aa96f3b8-a14a-4610-a8ef-9c6f76173ad7 None None] Extended resource: auto-allocated-topology {{(pid=103334) __init__ /opt/stack/neutron/neutron/api/extensions.py:156}}
Jun 29 15:25:52.914793 np0000183484 devstack@neutron-api.service[103334]: DEBUG neutron.api.extensions [None req-aa96f3b8-a14a-4610-a8ef-9c6f76173ad7 None None] Extended resource: availability_zones {{(pid=103334) __init__ /opt/stack/neutron/neutron/api/extensions.py:156}}
Jun 29 15:25:52.915910 np0000183484 devstack@neutron-api.service[103334]: DEBUG neutron.api.extensions [None req-aa96f3b8-a14a-4610-a8ef-9c6f76173ad7 None None] Extended resource: dhcp-networks {{(pid=103334) __init__ /opt/stack/neutron/neutron/api/extensions.py:156}}
Jun 29 15:25:52.916671 np0000183484 devstack@neutron-api.service[103334]: DEBUG neutron.api.extensions [None req-aa96f3b8-a14a-4610-a8ef-9c6f76173ad7 None None] Extended resource: dhcp-agents {{(pid=103334) __init__ /opt/stack/neutron/neutron/api/extensions.py:156}}
Jun 29 15:25:52.917729 np0000183484 devstack@neutron-api.service[103334]: DEBUG neutron.api.extensions [None req-aa96f3b8-a14a-4610-a8ef-9c6f76173ad7 None None] Extended resource: routers {{(pid=103334) __init__ /opt/stack/neutron/neutron/api/extensions.py:156}}
Jun 29 15:25:52.919257 np0000183484 devstack@neutron-api.service[103334]: DEBUG neutron.api.extensions [None req-aa96f3b8-a14a-4610-a8ef-9c6f76173ad7 None None] Extended resource: flavors {{(pid=103334) __init__ /opt/stack/neutron/neutron/api/extensions.py:156}}
Jun 29 15:25:52.919645 np0000183484 devstack@neutron-api.service[103334]: DEBUG neutron.api.extensions [None req-aa96f3b8-a14a-4610-a8ef-9c6f76173ad7 None None] Extended resource: service_profiles {{(pid=103334) __init__ /opt/stack/neutron/neutron/api/extensions.py:156}}
Jun 29 15:25:52.920467 np0000183484 devstack@neutron-api.service[103334]: DEBUG neutron.api.extensions [None req-aa96f3b8-a14a-4610-a8ef-9c6f76173ad7 None None] Extended resource: next_providers {{(pid=103334) __init__ /opt/stack/neutron/neutron/api/extensions.py:156}}
Jun 29 15:25:52.921204 np0000183484 devstack@neutron-api.service[103334]: DEBUG neutron.api.extensions [None req-aa96f3b8-a14a-4610-a8ef-9c6f76173ad7 None None] Extended resource: service_profiles {{(pid=103334) __init__ /opt/stack/neutron/neutron/api/extensions.py:156}}
Jun 29 15:25:52.922160 np0000183484 devstack@neutron-api.service[103334]: DEBUG neutron.api.extensions [None req-aa96f3b8-a14a-4610-a8ef-9c6f76173ad7 None None] Extended resource: floatingip-pools {{(pid=103334) __init__ /opt/stack/neutron/neutron/api/extensions.py:156}}
Jun 29 15:25:52.922515 np0000183484 devstack@neutron-api.service[103334]: DEBUG neutron.api.extensions [None req-aa96f3b8-a14a-4610-a8ef-9c6f76173ad7 None None] Extended resource: routers {{(pid=103334) __init__ /opt/stack/neutron/neutron/api/extensions.py:156}}
Jun 29 15:25:52.923517 np0000183484 devstack@neutron-api.service[103334]: DEBUG neutron.api.extensions [None req-aa96f3b8-a14a-4610-a8ef-9c6f76173ad7 None None] Extended resource: floatingips {{(pid=103334) __init__ /opt/stack/neutron/neutron/api/extensions.py:156}}
Jun 29 15:25:52.924316 np0000183484 devstack@neutron-api.service[103334]: DEBUG neutron.api.extensions [None req-aa96f3b8-a14a-4610-a8ef-9c6f76173ad7 None None] Extended resource: l3-routers {{(pid=103334) __init__ /opt/stack/neutron/neutron/api/extensions.py:156}}
Jun 29 15:25:52.925697 np0000183484 devstack@neutron-api.service[103334]: DEBUG neutron.api.extensions [None req-aa96f3b8-a14a-4610-a8ef-9c6f76173ad7 None None] Extended resource: l3-agents {{(pid=103334) __init__ /opt/stack/neutron/neutron/api/extensions.py:156}}
Jun 29 15:25:52.926015 np0000183484 devstack@neutron-api.service[103334]: DEBUG neutron.api.extensions [None req-aa96f3b8-a14a-4610-a8ef-9c6f76173ad7 None None] Extended resource: network-ip-availabilities {{(pid=103334) __init__ /opt/stack/neutron/neutron/api/extensions.py:156}}
Jun 29 15:25:52.926622 np0000183484 devstack@neutron-api.service[103334]: DEBUG neutron.api.extensions [None req-aa96f3b8-a14a-4610-a8ef-9c6f76173ad7 None None] Extended resource: network-ip-availabilities {{(pid=103334) __init__ /opt/stack/neutron/neutron/api/extensions.py:156}}
Jun 29 15:25:52.928179 np0000183484 devstack@neutron-api.service[103334]: DEBUG neutron.api.extensions [None req-aa96f3b8-a14a-4610-a8ef-9c6f76173ad7 None None] Extended resource: bindings {{(pid=103334) __init__ /opt/stack/neutron/neutron/api/extensions.py:156}}
Jun 29 15:25:52.929334 np0000183484 devstack@neutron-api.service[103334]: DEBUG neutron.api.extensions [None req-aa96f3b8-a14a-4610-a8ef-9c6f76173ad7 None None] Extended resource: quotas {{(pid=103334) __init__ /opt/stack/neutron/neutron/api/extensions.py:156}}
Jun 29 15:25:52.930810 np0000183484 devstack@neutron-api.service[103334]: DEBUG neutron.api.extensions [None req-aa96f3b8-a14a-4610-a8ef-9c6f76173ad7 None None] Extended resource: quotas {{(pid=103334) __init__ /opt/stack/neutron/neutron/api/extensions.py:156}}
Jun 29 15:25:52.931626 np0000183484 devstack@neutron-api.service[103334]: DEBUG neutron.api.extensions [None req-aa96f3b8-a14a-4610-a8ef-9c6f76173ad7 None None] Extended resource: rbac-policies {{(pid=103334) __init__ /opt/stack/neutron/neutron/api/extensions.py:156}}
Jun 29 15:25:52.932144 np0000183484 devstack@neutron-api.service[103334]: DEBUG neutron.api.extensions [None req-aa96f3b8-a14a-4610-a8ef-9c6f76173ad7 None None] Extended resource: default-security-group-rules {{(pid=103334) __init__ /opt/stack/neutron/neutron/api/extensions.py:156}}
Jun 29 15:25:52.932780 np0000183484 devstack@neutron-api.service[103334]: DEBUG neutron.api.extensions [None req-aa96f3b8-a14a-4610-a8ef-9c6f76173ad7 None None] Extended resource: security-groups-default-statefulness {{(pid=103334) __init__ /opt/stack/neutron/neutron/api/extensions.py:156}}
Jun 29 15:25:52.933523 np0000183484 devstack@neutron-api.service[103334]: DEBUG neutron.api.extensions [None req-aa96f3b8-a14a-4610-a8ef-9c6f76173ad7 None None] Extended resource: security-groups {{(pid=103334) __init__ /opt/stack/neutron/neutron/api/extensions.py:156}}
Jun 29 15:25:52.934754 np0000183484 devstack@neutron-api.service[103334]: DEBUG neutron.api.extensions [None req-aa96f3b8-a14a-4610-a8ef-9c6f76173ad7 None None] Extended resource: security-group-rules {{(pid=103334) __init__ /opt/stack/neutron/neutron/api/extensions.py:156}}
Jun 29 15:25:52.935386 np0000183484 devstack@neutron-api.service[103334]: DEBUG neutron.api.extensions [None req-aa96f3b8-a14a-4610-a8ef-9c6f76173ad7 None None] Extended resource: service-providers {{(pid=103334) __init__ /opt/stack/neutron/neutron/api/extensions.py:156}}
Jun 29 15:25:52.935725 np0000183484 devstack@neutron-api.service[103334]: DEBUG neutron.api.extensions [None req-aa96f3b8-a14a-4610-a8ef-9c6f76173ad7 None None] Extended resource: subnetpools {{(pid=103334) __init__ /opt/stack/neutron/neutron/api/extensions.py:156}}
Jun 29 15:25:52.936770 np0000183484 devstack@neutron-api.service[103334]: DEBUG neutron.api.extensions [None req-aa96f3b8-a14a-4610-a8ef-9c6f76173ad7 None None] Extended resource: subnetpools {{(pid=103334) __init__ /opt/stack/neutron/neutron/api/extensions.py:156}}
Jun 29 15:25:52.937612 np0000183484 devstack@neutron-api.service[103334]: DEBUG neutron.api.extensions [None req-aa96f3b8-a14a-4610-a8ef-9c6f76173ad7 None None] Extended resource: tags {{(pid=103334) __init__ /opt/stack/neutron/neutron/api/extensions.py:156}}
Jun 29 15:25:52.938903 np0000183484 devstack@neutron-api.service[103334]: DEBUG neutron.api.extensions [None req-aa96f3b8-a14a-4610-a8ef-9c6f76173ad7 None None] Extended resource: tags {{(pid=103334) __init__ /opt/stack/neutron/neutron/api/extensions.py:156}}
Jun 29 15:25:52.940186 np0000183484 devstack@neutron-api.service[103334]: DEBUG neutron.api.extensions [None req-aa96f3b8-a14a-4610-a8ef-9c6f76173ad7 None None] Extended resource: tags {{(pid=103334) __init__ /opt/stack/neutron/neutron/api/extensions.py:156}}
Jun 29 15:25:52.941301 np0000183484 devstack@neutron-api.service[103334]: DEBUG neutron.api.extensions [None req-aa96f3b8-a14a-4610-a8ef-9c6f76173ad7 None None] Extended resource: tags {{(pid=103334) __init__ /opt/stack/neutron/neutron/api/extensions.py:156}}
Jun 29 15:25:52.941516 np0000183484 devstack@neutron-api.service[103332]: DEBUG ovsdbapp.backend.ovs_idl [None req-d10e9553-9d91-4ebe-9979-87ea381d802e None None] Created lookup_table index Chassis.name {{(pid=103332) autocreate_indices /opt/stack/data/venv/lib/python3.12/site-packages/ovsdbapp/backend/ovs_idl/__init__.py:87}}
Jun 29 15:25:52.941640 np0000183484 devstack@neutron-api.service[103332]: DEBUG ovsdbapp.backend.ovs_idl [None req-d10e9553-9d91-4ebe-9979-87ea381d802e None None] Created lookup_table index Port_Binding.logical_port {{(pid=103332) autocreate_indices /opt/stack/data/venv/lib/python3.12/site-packages/ovsdbapp/backend/ovs_idl/__init__.py:87}}
Jun 29 15:25:52.941761 np0000183484 devstack@neutron-api.service[103332]: DEBUG ovsdbapp.backend.ovs_idl [None req-d10e9553-9d91-4ebe-9979-87ea381d802e None None] Created schema index Chassis_Private.name {{(pid=103332) autocreate_indices /opt/stack/data/venv/lib/python3.12/site-packages/ovsdbapp/backend/ovs_idl/__init__.py:106}}
Jun 29 15:25:52.941858 np0000183484 devstack@neutron-api.service[103332]: DEBUG ovsdbapp.backend.ovs_idl [None req-d10e9553-9d91-4ebe-9979-87ea381d802e None None] Created schema index Datapath_Binding.tunnel_key {{(pid=103332) autocreate_indices /opt/stack/data/venv/lib/python3.12/site-packages/ovsdbapp/backend/ovs_idl/__init__.py:106}}
Jun 29 15:25:52.942488 np0000183484 devstack@neutron-api.service[103334]: DEBUG neutron.api.extensions [None req-aa96f3b8-a14a-4610-a8ef-9c6f76173ad7 None None] Extended resource: tags {{(pid=103334) __init__ /opt/stack/neutron/neutron/api/extensions.py:156}}
Jun 29 15:25:52.943683 np0000183484 devstack@neutron-api.service[103334]: DEBUG neutron.api.extensions [None req-aa96f3b8-a14a-4610-a8ef-9c6f76173ad7 None None] Extended resource: tags {{(pid=103334) __init__ /opt/stack/neutron/neutron/api/extensions.py:156}}
Jun 29 15:25:52.944030 np0000183484 devstack@neutron-api.service[103332]: INFO ovsdbapp.backend.ovs_idl.vlog [None req-d10e9553-9d91-4ebe-9979-87ea381d802e None None] ssl:199.19.213.240:6642: connecting...
Jun 29 15:25:52.944841 np0000183484 devstack@neutron-api.service[103333]: DEBUG ovsdbapp.backend.ovs_idl [None req-a071ac19-de42-438b-899d-3aa72aa1c660 None None] Created lookup_table index Chassis.name {{(pid=103333) autocreate_indices /opt/stack/data/venv/lib/python3.12/site-packages/ovsdbapp/backend/ovs_idl/__init__.py:87}}
Jun 29 15:25:52.944931 np0000183484 devstack@neutron-api.service[103333]: DEBUG ovsdbapp.backend.ovs_idl [None req-a071ac19-de42-438b-899d-3aa72aa1c660 None None] Created lookup_table index Port_Binding.logical_port {{(pid=103333) autocreate_indices /opt/stack/data/venv/lib/python3.12/site-packages/ovsdbapp/backend/ovs_idl/__init__.py:87}}
Jun 29 15:25:52.945082 np0000183484 devstack@neutron-api.service[103333]: DEBUG ovsdbapp.backend.ovs_idl [None req-a071ac19-de42-438b-899d-3aa72aa1c660 None None] Created schema index Chassis_Private.name {{(pid=103333) autocreate_indices /opt/stack/data/venv/lib/python3.12/site-packages/ovsdbapp/backend/ovs_idl/__init__.py:106}}
Jun 29 15:25:52.945134 np0000183484 devstack@neutron-api.service[103333]: DEBUG ovsdbapp.backend.ovs_idl [None req-a071ac19-de42-438b-899d-3aa72aa1c660 None None] Created schema index Datapath_Binding.tunnel_key {{(pid=103333) autocreate_indices /opt/stack/data/venv/lib/python3.12/site-packages/ovsdbapp/backend/ovs_idl/__init__.py:106}}
Jun 29 15:25:52.945466 np0000183484 devstack@neutron-api.service[103334]: DEBUG neutron.api.extensions [None req-aa96f3b8-a14a-4610-a8ef-9c6f76173ad7 None None] Extended resource: tags {{(pid=103334) __init__ /opt/stack/neutron/neutron/api/extensions.py:156}}
Jun 29 15:25:52.947296 np0000183484 devstack@neutron-api.service[103333]: INFO ovsdbapp.backend.ovs_idl.vlog [None req-a071ac19-de42-438b-899d-3aa72aa1c660 None None] ssl:199.19.213.240:6642: connecting...
Jun 29 15:25:52.948315 np0000183484 devstack@neutron-api.service[103334]: DEBUG neutron.api.extensions [None req-aa96f3b8-a14a-4610-a8ef-9c6f76173ad7 None None] Extended resource: tags {{(pid=103334) __init__ /opt/stack/neutron/neutron/api/extensions.py:156}}
Jun 29 15:25:52.949348 np0000183484 devstack@neutron-api.service[103332]: INFO ovsdbapp.backend.ovs_idl.vlog [None req-d10e9553-9d91-4ebe-9979-87ea381d802e None None] ssl:199.19.213.240:6642: connected
Jun 29 15:25:52.950184 np0000183484 devstack@neutron-api.service[103334]: DEBUG neutron.api.extensions [None req-aa96f3b8-a14a-4610-a8ef-9c6f76173ad7 None None] Extended resource: tags {{(pid=103334) __init__ /opt/stack/neutron/neutron/api/extensions.py:156}}
Jun 29 15:25:52.951524 np0000183484 devstack@neutron-api.service[103334]: DEBUG neutron.api.extensions [None req-aa96f3b8-a14a-4610-a8ef-9c6f76173ad7 None None] Extended resource: tags {{(pid=103334) __init__ /opt/stack/neutron/neutron/api/extensions.py:156}}
Jun 29 15:25:52.953753 np0000183484 devstack@neutron-api.service[103333]: INFO ovsdbapp.backend.ovs_idl.vlog [None req-a071ac19-de42-438b-899d-3aa72aa1c660 None None] ssl:199.19.213.240:6642: connected
Jun 29 15:25:52.966740 np0000183484 devstack@neutron-api.service[103334]: DEBUG neutron_lib.callbacks.manager [None req-aa96f3b8-a14a-4610-a8ef-9c6f76173ad7 None None] Publish callbacks ['neutron.plugins.ml2.drivers.ovn.mech_driver.mech_driver.OVNMechanismDriver.pre_fork_initialize-207226'] for process (None), before_spawn {{(pid=103334) _notify_loop /opt/stack/data/venv/lib/python3.12/site-packages/neutron_lib/callbacks/manager.py:184}}
Jun 29 15:25:52.967302 np0000183484 devstack@neutron-api.service[103334]: DEBUG oslo_concurrency.processutils [None req-aa96f3b8-a14a-4610-a8ef-9c6f76173ad7 None None] Running cmd (subprocess): ovsdb-client transact ssl:199.19.213.240:6641 --timeout 180 -p /opt/stack/data/CA/int-ca/private/devstack-cert.key -c /opt/stack/data/CA/int-ca/devstack-cert.crt -C /opt/stack/data/CA/int-ca/ca-chain.pem ["OVN_Northbound", {"op": "wait", "timeout": 0, "table": "Port_Group", "where": [["name", "==", "neutron_pg_drop"]], "until": "==", "rows": []}, {"op": "insert", "table": "ACL", "row": {"action": "drop", "direction": "to-lport", "match": "outport == @neutron_pg_drop && ip", "priority": 1001}, "uuid-name": "droptoport"}, {"op": "insert", "table": "ACL", "row": {"action": "drop", "direction": "from-lport", "match": "inport == @neutron_pg_drop && ip", "priority": 1001}, "uuid-name": "dropfromport"}, {"op": "insert", "table": "Port_Group", "row": {"name": "neutron_pg_drop", "acls": ["set", [["named-uuid", "droptoport"], ["named-uuid", "dropfromport"]]]}}] {{(pid=103334) execute /opt/stack/data/venv/lib/python3.12/site-packages/oslo_concurrency/processutils.py:440}}
Jun 29 15:25:52.982866 np0000183484 devstack@neutron-api.service[103332]: DEBUG neutron.common.ovn.hash_ring_manager [None req-d10e9553-9d91-4ebe-9979-87ea381d802e None None] Disallow caching, nodes 3<4 {{(pid=103332) _wait_startup_before_caching /opt/stack/neutron/neutron/common/ovn/hash_ring_manager.py:79}}
Jun 29 15:25:52.987135 np0000183484 devstack@neutron-api.service[103332]: DEBUG neutron.common.ovn.hash_ring_manager [None req-d10e9553-9d91-4ebe-9979-87ea381d802e None None] Hash Ring loaded. 3 active nodes. 0 offline nodes {{(pid=103332) _load_hash_ring /opt/stack/neutron/neutron/common/ovn/hash_ring_manager.py:110}}
Jun 29 15:25:52.987416 np0000183484 devstack@neutron-api.service[103332]: DEBUG neutron.plugins.ml2.drivers.ovn.mech_driver.ovsdb.ovsdb_monitor [None req-d10e9553-9d91-4ebe-9979-87ea381d802e None None] ChassisAgentWriteEvent : Matched Chassis_Private, create, None None {{(pid=103332) matches /opt/stack/neutron/neutron/plugins/ml2/drivers/ovn/mech_driver/ovsdb/ovsdb_monitor.py:64}}
Jun 29 15:25:52.987663 np0000183484 devstack@neutron-api.service[103332]: DEBUG neutron.plugins.ml2.drivers.ovn.mech_driver.ovsdb.ovsdb_monitor [None req-d10e9553-9d91-4ebe-9979-87ea381d802e None None] ChassisOVNAgentWriteEvent : Matched Chassis_Private, create, None None {{(pid=103332) matches /opt/stack/neutron/neutron/plugins/ml2/drivers/ovn/mech_driver/ovsdb/ovsdb_monitor.py:64}}
Jun 29 15:25:52.996949 np0000183484 devstack@neutron-api.service[103333]: DEBUG neutron.common.ovn.hash_ring_manager [None req-a071ac19-de42-438b-899d-3aa72aa1c660 None None] Disallow caching, nodes 3<4 {{(pid=103333) _wait_startup_before_caching /opt/stack/neutron/neutron/common/ovn/hash_ring_manager.py:79}}
Jun 29 15:25:52.998513 np0000183484 devstack@neutron-api.service[103332]: DEBUG neutron.common.ovn.hash_ring_manager [None req-d10e9553-9d91-4ebe-9979-87ea381d802e None None] Hash Ring loaded. 3 active nodes. 0 offline nodes {{(pid=103332) _load_hash_ring /opt/stack/neutron/neutron/common/ovn/hash_ring_manager.py:110}}
Jun 29 15:25:53.001938 np0000183484 devstack@neutron-api.service[103333]: DEBUG neutron.common.ovn.hash_ring_manager [None req-a071ac19-de42-438b-899d-3aa72aa1c660 None None] Hash Ring loaded. 3 active nodes. 0 offline nodes {{(pid=103333) _load_hash_ring /opt/stack/neutron/neutron/common/ovn/hash_ring_manager.py:110}}
Jun 29 15:25:53.002281 np0000183484 devstack@neutron-api.service[103333]: DEBUG neutron.plugins.ml2.drivers.ovn.mech_driver.ovsdb.ovsdb_monitor [None req-a071ac19-de42-438b-899d-3aa72aa1c660 None None] ChassisOVNAgentWriteEvent : Matched Chassis_Private, create, None None {{(pid=103333) matches /opt/stack/neutron/neutron/plugins/ml2/drivers/ovn/mech_driver/ovsdb/ovsdb_monitor.py:64}}
Jun 29 15:25:53.002430 np0000183484 devstack@neutron-api.service[103333]: DEBUG neutron.plugins.ml2.drivers.ovn.mech_driver.ovsdb.ovsdb_monitor [None req-a071ac19-de42-438b-899d-3aa72aa1c660 None None] ChassisAgentWriteEvent : Matched Chassis_Private, create, None None {{(pid=103333) matches /opt/stack/neutron/neutron/plugins/ml2/drivers/ovn/mech_driver/ovsdb/ovsdb_monitor.py:64}}
Jun 29 15:25:53.003549 np0000183484 devstack@neutron-api.service[103334]: DEBUG oslo_concurrency.processutils [None req-aa96f3b8-a14a-4610-a8ef-9c6f76173ad7 None None] CMD "ovsdb-client transact ssl:199.19.213.240:6641 --timeout 180 -p /opt/stack/data/CA/int-ca/private/devstack-cert.key -c /opt/stack/data/CA/int-ca/devstack-cert.crt -C /opt/stack/data/CA/int-ca/ca-chain.pem ["OVN_Northbound", {"op": "wait", "timeout": 0, "table": "Port_Group", "where": [["name", "==", "neutron_pg_drop"]], "until": "==", "rows": []}, {"op": "insert", "table": "ACL", "row": {"action": "drop", "direction": "to-lport", "match": "outport == @neutron_pg_drop && ip", "priority": 1001}, "uuid-name": "droptoport"}, {"op": "insert", "table": "ACL", "row": {"action": "drop", "direction": "from-lport", "match": "inport == @neutron_pg_drop && ip", "priority": 1001}, "uuid-name": "dropfromport"}, {"op": "insert", "table": "Port_Group", "row": {"name": "neutron_pg_drop", "acls": ["set", [["named-uuid", "droptoport"], ["named-uuid", "dropfromport"]]]}}]" returned: 0 in 0.036s {{(pid=103334) execute /opt/stack/data/venv/lib/python3.12/site-packages/oslo_concurrency/processutils.py:468}}
Jun 29 15:25:53.004151 np0000183484 devstack@neutron-api.service[103334]: DEBUG neutron_lib.callbacks.manager [None req-aa96f3b8-a14a-4610-a8ef-9c6f76173ad7 None None] Publish callbacks ['neutron.plugins.ml2.drivers.ovn.mech_driver.mech_driver.OVNMechanismDriver.post_fork_initialize-207186', 'neutron.services.pvlan.drivers.ovn.driver._initialize_pvlan_pg_drop-8257241381108', 'neutron.services.ovn_l3.plugin.OVNL3RouterPlugin._post_fork_initialize-15452'] for process (None), after_init {{(pid=103334) _notify_loop /opt/stack/data/venv/lib/python3.12/site-packages/neutron_lib/callbacks/manager.py:184}}
Jun 29 15:25:53.004593 np0000183484 devstack@neutron-api.service[103334]: DEBUG oslo_concurrency.lockutils [None req-aa96f3b8-a14a-4610-a8ef-9c6f76173ad7 None None] Acquiring lock "singleton_lock" {{(pid=103334) lock /opt/stack/data/venv/lib/python3.12/site-packages/oslo_concurrency/lockutils.py:395}}
Jun 29 15:25:53.004886 np0000183484 devstack@neutron-api.service[103334]: DEBUG oslo_concurrency.lockutils [None req-aa96f3b8-a14a-4610-a8ef-9c6f76173ad7 None None] Acquired lock "singleton_lock" {{(pid=103334) lock /opt/stack/data/venv/lib/python3.12/site-packages/oslo_concurrency/lockutils.py:398}}
Jun 29 15:25:53.005087 np0000183484 devstack@neutron-api.service[103334]: DEBUG oslo_concurrency.lockutils [None req-aa96f3b8-a14a-4610-a8ef-9c6f76173ad7 None None] Releasing lock "singleton_lock" {{(pid=103334) lock /opt/stack/data/venv/lib/python3.12/site-packages/oslo_concurrency/lockutils.py:418}}
Jun 29 15:25:53.006973 np0000183484 devstack@neutron-api.service[103334]: DEBUG neutron.plugins.ml2.drivers.ovn.mech_driver.mech_driver [None req-aa96f3b8-a14a-4610-a8ef-9c6f76173ad7 None None] Hash Ring setup using WSGI start time 2026-06-29 15:25:45+00:00 {{(pid=103334) _init_hash_ring /opt/stack/neutron/neutron/plugins/ml2/drivers/ovn/mech_driver/mech_driver.py:404}}
Jun 29 15:25:53.008242 np0000183484 devstack@neutron-api.service[103332]: DEBUG neutron.common.ovn.hash_ring_manager [None req-d10e9553-9d91-4ebe-9979-87ea381d802e None None] Hash Ring loaded. 3 active nodes. 0 offline nodes {{(pid=103332) _load_hash_ring /opt/stack/neutron/neutron/common/ovn/hash_ring_manager.py:110}}
Jun 29 15:25:53.009804 np0000183484 devstack@neutron-api.service[103332]: INFO neutron.plugins.ml2.drivers.ovn.mech_driver.mech_driver [None req-d10e9553-9d91-4ebe-9979-87ea381d802e None None] WorkerService process has finished the post initialization
Jun 29 15:25:53.010198 np0000183484 devstack@neutron-api.service[103332]: DEBUG oslo_concurrency.processutils [None req-d10e9553-9d91-4ebe-9979-87ea381d802e None None] Running cmd (subprocess): ovsdb-client transact ssl:199.19.213.240:6641 --timeout 180 -p /opt/stack/data/CA/int-ca/private/devstack-cert.key -c /opt/stack/data/CA/int-ca/devstack-cert.crt -C /opt/stack/data/CA/int-ca/ca-chain.pem ["OVN_Northbound", {"op": "wait", "timeout": 0, "table": "Port_Group", "where": [["name", "==", "pvlan_pg_drop"]], "until": "==", "rows": []}, {"op": "insert", "table": "ACL", "row": {"action": "drop", "direction": "to-lport", "match": "outport == @pvlan_pg_drop && ip", "priority": 1010}, "uuid-name": "pvlandroptoport"}, {"op": "insert", "table": "ACL", "row": {"action": "drop", "direction": "from-lport", "match": "inport == @pvlan_pg_drop && ip", "priority": 1010}, "uuid-name": "pvlandropfromport"}, {"op": "insert", "table": "Port_Group", "row": {"name": "pvlan_pg_drop", "acls": ["set", [["named-uuid", "pvlandroptoport"], ["named-uuid", "pvlandropfromport"]]]}}] {{(pid=103332) execute /opt/stack/data/venv/lib/python3.12/site-packages/oslo_concurrency/processutils.py:440}}
Jun 29 15:25:53.010680 np0000183484 devstack@neutron-api.service[103333]: DEBUG neutron.common.ovn.hash_ring_manager [None req-a071ac19-de42-438b-899d-3aa72aa1c660 None None] Hash Ring loaded. 3 active nodes. 0 offline nodes {{(pid=103333) _load_hash_ring /opt/stack/neutron/neutron/common/ovn/hash_ring_manager.py:110}}
Jun 29 15:25:53.013791 np0000183484 devstack@neutron-api.service[103334]: INFO neutron.db.ovn_hash_ring_db [None req-aa96f3b8-a14a-4610-a8ef-9c6f76173ad7 None None] Nodes from host "np0000183484" and group "mechanism_driver" removed from the Hash Ring created at 2026-06-29 15:25:45+00:00
Jun 29 15:25:53.016516 np0000183484 devstack@neutron-api.service[103334]: INFO neutron.db.ovn_hash_ring_db [None req-aa96f3b8-a14a-4610-a8ef-9c6f76173ad7 None None] Node b90464b36cfc5c75916419ceaabf359e from host "np0000183484" and group "mechanism_driver" added to the Hash Ring
Jun 29 15:25:53.019168 np0000183484 devstack@neutron-api.service[103333]: DEBUG neutron.common.ovn.hash_ring_manager [None req-a071ac19-de42-438b-899d-3aa72aa1c660 None None] Hash Ring loaded. 3 active nodes. 0 offline nodes {{(pid=103333) _load_hash_ring /opt/stack/neutron/neutron/common/ovn/hash_ring_manager.py:110}}
Jun 29 15:25:53.019270 np0000183484 devstack@neutron-api.service[103333]: DEBUG neutron.plugins.ml2.drivers.ovn.mech_driver.ovsdb.ovsdb_monitor [None req-a071ac19-de42-438b-899d-3aa72aa1c660 None None] Hash Ring: Node 16181f5881ba5d788f8f95ae6aa8932c (host: np0000183484) handling event "create" for row a0c7f9ba-f5f1-4a42-8d92-84b8fe4547aa (table: Encap) {{(pid=103333) notify /opt/stack/neutron/neutron/plugins/ml2/drivers/ovn/mech_driver/ovsdb/ovsdb_monitor.py:1015}}
Jun 29 15:25:53.020269 np0000183484 devstack@neutron-api.service[103334]: DEBUG neutron.plugins.ml2.drivers.ovn.mech_driver.mech_driver [None req-aa96f3b8-a14a-4610-a8ef-9c6f76173ad7 None None] Hash Ring setup, this worker has detected 4 OVN hash ring registers in the database {{(pid=103334) _init_hash_ring /opt/stack/neutron/neutron/plugins/ml2/drivers/ovn/mech_driver/mech_driver.py:414}}
Jun 29 15:25:53.021371 np0000183484 devstack@neutron-api.service[103333]: INFO neutron.plugins.ml2.drivers.ovn.mech_driver.mech_driver [None req-a071ac19-de42-438b-899d-3aa72aa1c660 None None] WorkerService process has finished the post initialization
Jun 29 15:25:53.021887 np0000183484 devstack@neutron-api.service[103333]: DEBUG oslo_concurrency.processutils [None req-a071ac19-de42-438b-899d-3aa72aa1c660 None None] Running cmd (subprocess): ovsdb-client transact ssl:199.19.213.240:6641 --timeout 180 -p /opt/stack/data/CA/int-ca/private/devstack-cert.key -c /opt/stack/data/CA/int-ca/devstack-cert.crt -C /opt/stack/data/CA/int-ca/ca-chain.pem ["OVN_Northbound", {"op": "wait", "timeout": 0, "table": "Port_Group", "where": [["name", "==", "pvlan_pg_drop"]], "until": "==", "rows": []}, {"op": "insert", "table": "ACL", "row": {"action": "drop", "direction": "to-lport", "match": "outport == @pvlan_pg_drop && ip", "priority": 1010}, "uuid-name": "pvlandroptoport"}, {"op": "insert", "table": "ACL", "row": {"action": "drop", "direction": "from-lport", "match": "inport == @pvlan_pg_drop && ip", "priority": 1010}, "uuid-name": "pvlandropfromport"}, {"op": "insert", "table": "Port_Group", "row": {"name": "pvlan_pg_drop", "acls": ["set", [["named-uuid", "pvlandroptoport"], ["named-uuid", "pvlandropfromport"]]]}}] {{(pid=103333) execute /opt/stack/data/venv/lib/python3.12/site-packages/oslo_concurrency/processutils.py:440}}
Jun 29 15:25:53.026969 np0000183484 devstack@neutron-api.service[103334]: DEBUG neutron.plugins.ml2.drivers.ovn.mech_driver.ovsdb.maintenance [None req-aa96f3b8-a14a-4610-a8ef-9c6f76173ad7 None None] Periodic task found: HashRingHealthCheckPeriodics.touch_hash_ring_node {{(pid=103334) add_periodics /opt/stack/neutron/neutron/plugins/ml2/drivers/ovn/mech_driver/ovsdb/maintenance.py:146}}
Jun 29 15:25:53.028188 np0000183484 devstack@neutron-api.service[103334]: INFO neutron.plugins.ml2.drivers.ovn.mech_driver.mech_driver [None req-aa96f3b8-a14a-4610-a8ef-9c6f76173ad7 None None] Hash Ring probing thread for node b90464b36cfc5c75916419ceaabf359e has started
Jun 29 15:25:53.028827 np0000183484 devstack@neutron-api.service[103334]: INFO neutron.plugins.ml2.drivers.ovn.mech_driver.ovsdb.impl_idl_ovn [None req-aa96f3b8-a14a-4610-a8ef-9c6f76173ad7 None None] Getting OvsdbNbOvnIdl for WorkerService with retry
Jun 29 15:25:53.045850 np0000183484 devstack@neutron-api.service[103332]: DEBUG oslo_concurrency.processutils [None req-d10e9553-9d91-4ebe-9979-87ea381d802e None None] CMD "ovsdb-client transact ssl:199.19.213.240:6641 --timeout 180 -p /opt/stack/data/CA/int-ca/private/devstack-cert.key -c /opt/stack/data/CA/int-ca/devstack-cert.crt -C /opt/stack/data/CA/int-ca/ca-chain.pem ["OVN_Northbound", {"op": "wait", "timeout": 0, "table": "Port_Group", "where": [["name", "==", "pvlan_pg_drop"]], "until": "==", "rows": []}, {"op": "insert", "table": "ACL", "row": {"action": "drop", "direction": "to-lport", "match": "outport == @pvlan_pg_drop && ip", "priority": 1010}, "uuid-name": "pvlandroptoport"}, {"op": "insert", "table": "ACL", "row": {"action": "drop", "direction": "from-lport", "match": "inport == @pvlan_pg_drop && ip", "priority": 1010}, "uuid-name": "pvlandropfromport"}, {"op": "insert", "table": "Port_Group", "row": {"name": "pvlan_pg_drop", "acls": ["set", [["named-uuid", "pvlandroptoport"], ["named-uuid", "pvlandropfromport"]]]}}]" returned: 0 in 0.035s {{(pid=103332) execute /opt/stack/data/venv/lib/python3.12/site-packages/oslo_concurrency/processutils.py:468}}
Jun 29 15:25:53.047782 np0000183484 devstack@neutron-api.service[103332]: WSGI app 0 (mountpoint='') ready in 8 seconds on interpreter 0x7828a64a3668 pid: 103332 (default app)
Jun 29 15:25:53.061878 np0000183484 devstack@neutron-api.service[103333]: DEBUG oslo_concurrency.processutils [None req-a071ac19-de42-438b-899d-3aa72aa1c660 None None] CMD "ovsdb-client transact ssl:199.19.213.240:6641 --timeout 180 -p /opt/stack/data/CA/int-ca/private/devstack-cert.key -c /opt/stack/data/CA/int-ca/devstack-cert.crt -C /opt/stack/data/CA/int-ca/ca-chain.pem ["OVN_Northbound", {"op": "wait", "timeout": 0, "table": "Port_Group", "where": [["name", "==", "pvlan_pg_drop"]], "until": "==", "rows": []}, {"op": "insert", "table": "ACL", "row": {"action": "drop", "direction": "to-lport", "match": "outport == @pvlan_pg_drop && ip", "priority": 1010}, "uuid-name": "pvlandroptoport"}, {"op": "insert", "table": "ACL", "row": {"action": "drop", "direction": "from-lport", "match": "inport == @pvlan_pg_drop && ip", "priority": 1010}, "uuid-name": "pvlandropfromport"}, {"op": "insert", "table": "Port_Group", "row": {"name": "pvlan_pg_drop", "acls": ["set", [["named-uuid", "pvlandroptoport"], ["named-uuid", "pvlandropfromport"]]]}}]" returned: 0 in 0.039s {{(pid=103333) execute /opt/stack/data/venv/lib/python3.12/site-packages/oslo_concurrency/processutils.py:468}}
Jun 29 15:25:53.064195 np0000183484 devstack@neutron-api.service[103333]: WSGI app 0 (mountpoint='') ready in 8 seconds on interpreter 0x7828a64a3668 pid: 103333 (default app)
Jun 29 15:25:53.067929 np0000183484 devstack@neutron-api.service[103334]: DEBUG ovsdbapp.backend.ovs_idl [None req-aa96f3b8-a14a-4610-a8ef-9c6f76173ad7 None None] Created lookup_table index Logical_Switch.name {{(pid=103334) autocreate_indices /opt/stack/data/venv/lib/python3.12/site-packages/ovsdbapp/backend/ovs_idl/__init__.py:87}}
Jun 29 15:25:53.068101 np0000183484 devstack@neutron-api.service[103334]: DEBUG ovsdbapp.backend.ovs_idl [None req-aa96f3b8-a14a-4610-a8ef-9c6f76173ad7 None None] Created lookup_table index Logical_Router.name {{(pid=103334) autocreate_indices /opt/stack/data/venv/lib/python3.12/site-packages/ovsdbapp/backend/ovs_idl/__init__.py:87}}
Jun 29 15:25:53.068198 np0000183484 devstack@neutron-api.service[103334]: DEBUG ovsdbapp.backend.ovs_idl [None req-aa96f3b8-a14a-4610-a8ef-9c6f76173ad7 None None] Created lookup_table index Load_Balancer.name {{(pid=103334) autocreate_indices /opt/stack/data/venv/lib/python3.12/site-packages/ovsdbapp/backend/ovs_idl/__init__.py:87}}
Jun 29 15:25:53.068305 np0000183484 devstack@neutron-api.service[103334]: DEBUG ovsdbapp.backend.ovs_idl [None req-aa96f3b8-a14a-4610-a8ef-9c6f76173ad7 None None] Created schema index Copp.name {{(pid=103334) autocreate_indices /opt/stack/data/venv/lib/python3.12/site-packages/ovsdbapp/backend/ovs_idl/__init__.py:106}}
Jun 29 15:25:53.068393 np0000183484 devstack@neutron-api.service[103334]: DEBUG ovsdbapp.backend.ovs_idl [None req-aa96f3b8-a14a-4610-a8ef-9c6f76173ad7 None None] Created schema index Meter.name {{(pid=103334) autocreate_indices /opt/stack/data/venv/lib/python3.12/site-packages/ovsdbapp/backend/ovs_idl/__init__.py:106}}
Jun 29 15:25:53.068490 np0000183484 devstack@neutron-api.service[103334]: DEBUG ovsdbapp.backend.ovs_idl [None req-aa96f3b8-a14a-4610-a8ef-9c6f76173ad7 None None] Created schema index Load_Balancer_Group.name {{(pid=103334) autocreate_indices /opt/stack/data/venv/lib/python3.12/site-packages/ovsdbapp/backend/ovs_idl/__init__.py:106}}
Jun 29 15:25:53.068574 np0000183484 devstack@neutron-api.service[103334]: DEBUG ovsdbapp.backend.ovs_idl [None req-aa96f3b8-a14a-4610-a8ef-9c6f76173ad7 None None] Created schema index HA_Chassis_Group.name {{(pid=103334) autocreate_indices /opt/stack/data/venv/lib/python3.12/site-packages/ovsdbapp/backend/ovs_idl/__init__.py:106}}
Jun 29 15:25:53.068663 np0000183484 devstack@neutron-api.service[103334]: DEBUG ovsdbapp.backend.ovs_idl [None req-aa96f3b8-a14a-4610-a8ef-9c6f76173ad7 None None] Created schema index Address_Set.name {{(pid=103334) autocreate_indices /opt/stack/data/venv/lib/python3.12/site-packages/ovsdbapp/backend/ovs_idl/__init__.py:106}}
Jun 29 15:25:53.068780 np0000183484 devstack@neutron-api.service[103334]: DEBUG ovsdbapp.backend.ovs_idl [None req-aa96f3b8-a14a-4610-a8ef-9c6f76173ad7 None None] Created schema index Connection.target {{(pid=103334) autocreate_indices /opt/stack/data/venv/lib/python3.12/site-packages/ovsdbapp/backend/ovs_idl/__init__.py:106}}
Jun 29 15:25:53.068877 np0000183484 devstack@neutron-api.service[103334]: DEBUG ovsdbapp.backend.ovs_idl [None req-aa96f3b8-a14a-4610-a8ef-9c6f76173ad7 None None] Created schema index Gateway_Chassis.name {{(pid=103334) autocreate_indices /opt/stack/data/venv/lib/python3.12/site-packages/ovsdbapp/backend/ovs_idl/__init__.py:106}}
Jun 29 15:25:53.068966 np0000183484 devstack@neutron-api.service[103334]: DEBUG ovsdbapp.backend.ovs_idl [None req-aa96f3b8-a14a-4610-a8ef-9c6f76173ad7 None None] Created schema index Mirror.name {{(pid=103334) autocreate_indices /opt/stack/data/venv/lib/python3.12/site-packages/ovsdbapp/backend/ovs_idl/__init__.py:106}}
Jun 29 15:25:53.069074 np0000183484 devstack@neutron-api.service[103334]: DEBUG ovsdbapp.backend.ovs_idl [None req-aa96f3b8-a14a-4610-a8ef-9c6f76173ad7 None None] Created schema index Chassis_Template_Var.chassis {{(pid=103334) autocreate_indices /opt/stack/data/venv/lib/python3.12/site-packages/ovsdbapp/backend/ovs_idl/__init__.py:106}}
Jun 29 15:25:53.069164 np0000183484 devstack@neutron-api.service[103334]: DEBUG ovsdbapp.backend.ovs_idl [None req-aa96f3b8-a14a-4610-a8ef-9c6f76173ad7 None None] Created schema index Logical_Router_Port.name {{(pid=103334) autocreate_indices /opt/stack/data/venv/lib/python3.12/site-packages/ovsdbapp/backend/ovs_idl/__init__.py:106}}
Jun 29 15:25:53.069253 np0000183484 devstack@neutron-api.service[103334]: DEBUG ovsdbapp.backend.ovs_idl [None req-aa96f3b8-a14a-4610-a8ef-9c6f76173ad7 None None] Created schema index Port_Group.name {{(pid=103334) autocreate_indices /opt/stack/data/venv/lib/python3.12/site-packages/ovsdbapp/backend/ovs_idl/__init__.py:106}}
