Jun 29 15:26:27.546029 np0000183484 devstack@n-api-meta.service[108540]: DEBUG nova.api.openstack.wsgi_app [None req-dbbe4f23-28c3-49f5-9d41-4549b2127f45 None None] oslo_limit.version = None {{(pid=108540) log_opt_values /opt/stack/data/venv/lib/python3.12/site-packages/oslo_config/cfg.py:3253}}
Jun 29 15:26:27.546029 np0000183484 devstack@n-api-meta.service[108540]: DEBUG nova.api.openstack.wsgi_app [None req-dbbe4f23-28c3-49f5-9d41-4549b2127f45 None None] oslo_messaging_rabbit.amqp_auto_delete = False {{(pid=108540) log_opt_values /opt/stack/data/venv/lib/python3.12/site-packages/oslo_config/cfg.py:3253}}
Jun 29 15:26:27.546029 np0000183484 devstack@n-api-meta.service[108540]: DEBUG nova.api.openstack.wsgi_app [None req-dbbe4f23-28c3-49f5-9d41-4549b2127f45 None None] oslo_messaging_rabbit.amqp_durable_queues = False {{(pid=108540) log_opt_values /opt/stack/data/venv/lib/python3.12/site-packages/oslo_config/cfg.py:3253}}
Jun 29 15:26:27.546029 np0000183484 devstack@n-api-meta.service[108540]: DEBUG nova.api.openstack.wsgi_app [None req-dbbe4f23-28c3-49f5-9d41-4549b2127f45 None None] oslo_messaging_rabbit.conn_pool_min_size = 2 {{(pid=108540) log_opt_values /opt/stack/data/venv/lib/python3.12/site-packages/oslo_config/cfg.py:3253}}
Jun 29 15:26:27.546029 np0000183484 devstack@n-api-meta.service[108540]: DEBUG nova.api.openstack.wsgi_app [None req-dbbe4f23-28c3-49f5-9d41-4549b2127f45 None None] oslo_messaging_rabbit.conn_pool_ttl = 1200 {{(pid=108540) log_opt_values /opt/stack/data/venv/lib/python3.12/site-packages/oslo_config/cfg.py:3253}}
Jun 29 15:26:27.546029 np0000183484 devstack@n-api-meta.service[108540]: DEBUG nova.api.openstack.wsgi_app [None req-dbbe4f23-28c3-49f5-9d41-4549b2127f45 None None] oslo_messaging_rabbit.direct_mandatory_flag = True {{(pid=108540) log_opt_values /opt/stack/data/venv/lib/python3.12/site-packages/oslo_config/cfg.py:3253}}
Jun 29 15:26:27.546234 np0000183484 devstack@n-api-meta.service[108540]: DEBUG nova.api.openstack.wsgi_app [None req-dbbe4f23-28c3-49f5-9d41-4549b2127f45 None None] oslo_messaging_rabbit.enable_cancel_on_failover = False {{(pid=108540) log_opt_values /opt/stack/data/venv/lib/python3.12/site-packages/oslo_config/cfg.py:3253}}
Jun 29 15:26:27.546234 np0000183484 devstack@n-api-meta.service[108540]: DEBUG nova.api.openstack.wsgi_app [None req-dbbe4f23-28c3-49f5-9d41-4549b2127f45 None None] oslo_messaging_rabbit.heartbeat_rate = 3 {{(pid=108540) log_opt_values /opt/stack/data/venv/lib/python3.12/site-packages/oslo_config/cfg.py:3253}}
Jun 29 15:26:27.546234 np0000183484 devstack@n-api-meta.service[108540]: DEBUG nova.api.openstack.wsgi_app [None req-dbbe4f23-28c3-49f5-9d41-4549b2127f45 None None] oslo_messaging_rabbit.heartbeat_timeout_threshold = 60 {{(pid=108540) log_opt_values /opt/stack/data/venv/lib/python3.12/site-packages/oslo_config/cfg.py:3253}}
Jun 29 15:26:27.546234 np0000183484 devstack@n-api-meta.service[108540]: DEBUG nova.api.openstack.wsgi_app [None req-dbbe4f23-28c3-49f5-9d41-4549b2127f45 None None] oslo_messaging_rabbit.hostname = np0000183484 {{(pid=108540) log_opt_values /opt/stack/data/venv/lib/python3.12/site-packages/oslo_config/cfg.py:3253}}
Jun 29 15:26:27.546234 np0000183484 devstack@n-api-meta.service[108540]: DEBUG nova.api.openstack.wsgi_app [None req-dbbe4f23-28c3-49f5-9d41-4549b2127f45 None None] oslo_messaging_rabbit.kombu_compression = None {{(pid=108540) log_opt_values /opt/stack/data/venv/lib/python3.12/site-packages/oslo_config/cfg.py:3253}}
Jun 29 15:26:27.546234 np0000183484 devstack@n-api-meta.service[108540]: DEBUG nova.api.openstack.wsgi_app [None req-dbbe4f23-28c3-49f5-9d41-4549b2127f45 None None] oslo_messaging_rabbit.kombu_failover_strategy = round-robin {{(pid=108540) log_opt_values /opt/stack/data/venv/lib/python3.12/site-packages/oslo_config/cfg.py:3253}}
Jun 29 15:26:27.546397 np0000183484 devstack@n-api-meta.service[108540]: DEBUG nova.api.openstack.wsgi_app [None req-dbbe4f23-28c3-49f5-9d41-4549b2127f45 None None] oslo_messaging_rabbit.kombu_missing_consumer_retry_timeout = 60 {{(pid=108540) log_opt_values /opt/stack/data/venv/lib/python3.12/site-packages/oslo_config/cfg.py:3253}}
Jun 29 15:26:27.546516 np0000183484 devstack@n-api-meta.service[108540]: DEBUG nova.api.openstack.wsgi_app [None req-dbbe4f23-28c3-49f5-9d41-4549b2127f45 None None] oslo_messaging_rabbit.kombu_reconnect_delay = 1.0 {{(pid=108540) log_opt_values /opt/stack/data/venv/lib/python3.12/site-packages/oslo_config/cfg.py:3253}}
Jun 29 15:26:27.546645 np0000183484 devstack@n-api-meta.service[108540]: DEBUG nova.api.openstack.wsgi_app [None req-dbbe4f23-28c3-49f5-9d41-4549b2127f45 None None] oslo_messaging_rabbit.kombu_reconnect_splay = 0.0 {{(pid=108540) log_opt_values /opt/stack/data/venv/lib/python3.12/site-packages/oslo_config/cfg.py:3253}}
Jun 29 15:26:27.546785 np0000183484 devstack@n-api-meta.service[108540]: DEBUG nova.api.openstack.wsgi_app [None req-dbbe4f23-28c3-49f5-9d41-4549b2127f45 None None] oslo_messaging_rabbit.processname = uwsgi {{(pid=108540) log_opt_values /opt/stack/data/venv/lib/python3.12/site-packages/oslo_config/cfg.py:3253}}
Jun 29 15:26:27.546917 np0000183484 devstack@n-api-meta.service[108540]: DEBUG nova.api.openstack.wsgi_app [None req-dbbe4f23-28c3-49f5-9d41-4549b2127f45 None None] oslo_messaging_rabbit.rabbit_ha_queues = False {{(pid=108540) log_opt_values /opt/stack/data/venv/lib/python3.12/site-packages/oslo_config/cfg.py:3253}}
Jun 29 15:26:27.547072 np0000183484 devstack@n-api-meta.service[108540]: DEBUG nova.api.openstack.wsgi_app [None req-dbbe4f23-28c3-49f5-9d41-4549b2127f45 None None] oslo_messaging_rabbit.rabbit_interval_max = 30 {{(pid=108540) log_opt_values /opt/stack/data/venv/lib/python3.12/site-packages/oslo_config/cfg.py:3253}}
Jun 29 15:26:27.547214 np0000183484 devstack@n-api-meta.service[108540]: DEBUG nova.api.openstack.wsgi_app [None req-dbbe4f23-28c3-49f5-9d41-4549b2127f45 None None] oslo_messaging_rabbit.rabbit_login_method = AMQPLAIN {{(pid=108540) log_opt_values /opt/stack/data/venv/lib/python3.12/site-packages/oslo_config/cfg.py:3253}}
Jun 29 15:26:27.547347 np0000183484 devstack@n-api-meta.service[108540]: DEBUG nova.api.openstack.wsgi_app [None req-dbbe4f23-28c3-49f5-9d41-4549b2127f45 None None] oslo_messaging_rabbit.rabbit_qos_prefetch_count = 0 {{(pid=108540) log_opt_values /opt/stack/data/venv/lib/python3.12/site-packages/oslo_config/cfg.py:3253}}
Jun 29 15:26:27.547480 np0000183484 devstack@n-api-meta.service[108540]: DEBUG nova.api.openstack.wsgi_app [None req-dbbe4f23-28c3-49f5-9d41-4549b2127f45 None None] oslo_messaging_rabbit.rabbit_quorum_delivery_limit = 0 {{(pid=108540) log_opt_values /opt/stack/data/venv/lib/python3.12/site-packages/oslo_config/cfg.py:3253}}
Jun 29 15:26:27.547919 np0000183484 devstack@n-api-meta.service[108540]: DEBUG nova.api.openstack.wsgi_app [None req-dbbe4f23-28c3-49f5-9d41-4549b2127f45 None None] oslo_messaging_rabbit.rabbit_quorum_max_memory_bytes = 0 {{(pid=108540) log_opt_values /opt/stack/data/venv/lib/python3.12/site-packages/oslo_config/cfg.py:3253}}
Jun 29 15:26:27.547919 np0000183484 devstack@n-api-meta.service[108540]: DEBUG nova.api.openstack.wsgi_app [None req-dbbe4f23-28c3-49f5-9d41-4549b2127f45 None None] oslo_messaging_rabbit.rabbit_quorum_max_memory_length = 0 {{(pid=108540) log_opt_values /opt/stack/data/venv/lib/python3.12/site-packages/oslo_config/cfg.py:3253}}
Jun 29 15:26:27.547919 np0000183484 devstack@n-api-meta.service[108540]: DEBUG nova.api.openstack.wsgi_app [None req-dbbe4f23-28c3-49f5-9d41-4549b2127f45 None None] oslo_messaging_rabbit.rabbit_quorum_queue = False {{(pid=108540) log_opt_values /opt/stack/data/venv/lib/python3.12/site-packages/oslo_config/cfg.py:3253}}
Jun 29 15:26:27.548046 np0000183484 devstack@n-api-meta.service[108540]: DEBUG nova.api.openstack.wsgi_app [None req-dbbe4f23-28c3-49f5-9d41-4549b2127f45 None None] oslo_messaging_rabbit.rabbit_retry_backoff = 2 {{(pid=108540) log_opt_values /opt/stack/data/venv/lib/python3.12/site-packages/oslo_config/cfg.py:3253}}
Jun 29 15:26:27.548142 np0000183484 devstack@n-api-meta.service[108540]: DEBUG nova.api.openstack.wsgi_app [None req-dbbe4f23-28c3-49f5-9d41-4549b2127f45 None None] oslo_messaging_rabbit.rabbit_retry_interval = 1 {{(pid=108540) log_opt_values /opt/stack/data/venv/lib/python3.12/site-packages/oslo_config/cfg.py:3253}}
Jun 29 15:26:27.548271 np0000183484 devstack@n-api-meta.service[108540]: DEBUG nova.api.openstack.wsgi_app [None req-dbbe4f23-28c3-49f5-9d41-4549b2127f45 None None] oslo_messaging_rabbit.rabbit_stream_fanout = False {{(pid=108540) log_opt_values /opt/stack/data/venv/lib/python3.12/site-packages/oslo_config/cfg.py:3253}}
Jun 29 15:26:27.548483 np0000183484 devstack@n-api-meta.service[108540]: DEBUG nova.api.openstack.wsgi_app [None req-dbbe4f23-28c3-49f5-9d41-4549b2127f45 None None] oslo_messaging_rabbit.rabbit_transient_queues_ttl = 1800 {{(pid=108540) log_opt_values /opt/stack/data/venv/lib/python3.12/site-packages/oslo_config/cfg.py:3253}}
Jun 29 15:26:27.548591 np0000183484 devstack@n-api-meta.service[108540]: DEBUG nova.api.openstack.wsgi_app [None req-dbbe4f23-28c3-49f5-9d41-4549b2127f45 None None] oslo_messaging_rabbit.rabbit_transient_quorum_queue = False {{(pid=108540) log_opt_values /opt/stack/data/venv/lib/python3.12/site-packages/oslo_config/cfg.py:3253}}
Jun 29 15:26:27.548722 np0000183484 devstack@n-api-meta.service[108540]: DEBUG nova.api.openstack.wsgi_app [None req-dbbe4f23-28c3-49f5-9d41-4549b2127f45 None None] oslo_messaging_rabbit.rpc_conn_pool_size = 30 {{(pid=108540) log_opt_values /opt/stack/data/venv/lib/python3.12/site-packages/oslo_config/cfg.py:3253}}
Jun 29 15:26:27.548860 np0000183484 devstack@n-api-meta.service[108540]: DEBUG nova.api.openstack.wsgi_app [None req-dbbe4f23-28c3-49f5-9d41-4549b2127f45 None None] oslo_messaging_rabbit.ssl = False {{(pid=108540) log_opt_values /opt/stack/data/venv/lib/python3.12/site-packages/oslo_config/cfg.py:3253}}
Jun 29 15:26:27.549016 np0000183484 devstack@n-api-meta.service[108540]: DEBUG nova.api.openstack.wsgi_app [None req-dbbe4f23-28c3-49f5-9d41-4549b2127f45 None None] oslo_messaging_rabbit.ssl_ca_file = {{(pid=108540) log_opt_values /opt/stack/data/venv/lib/python3.12/site-packages/oslo_config/cfg.py:3253}}
Jun 29 15:26:27.549156 np0000183484 devstack@n-api-meta.service[108540]: DEBUG nova.api.openstack.wsgi_app [None req-dbbe4f23-28c3-49f5-9d41-4549b2127f45 None None] oslo_messaging_rabbit.ssl_cert_file = {{(pid=108540) log_opt_values /opt/stack/data/venv/lib/python3.12/site-packages/oslo_config/cfg.py:3253}}
Jun 29 15:26:27.549288 np0000183484 devstack@n-api-meta.service[108540]: DEBUG nova.api.openstack.wsgi_app [None req-dbbe4f23-28c3-49f5-9d41-4549b2127f45 None None] oslo_messaging_rabbit.ssl_enforce_fips_mode = False {{(pid=108540) log_opt_values /opt/stack/data/venv/lib/python3.12/site-packages/oslo_config/cfg.py:3253}}
Jun 29 15:26:27.549420 np0000183484 devstack@n-api-meta.service[108540]: DEBUG nova.api.openstack.wsgi_app [None req-dbbe4f23-28c3-49f5-9d41-4549b2127f45 None None] oslo_messaging_rabbit.ssl_enforce_hostname_verification = True {{(pid=108540) log_opt_values /opt/stack/data/venv/lib/python3.12/site-packages/oslo_config/cfg.py:3253}}
Jun 29 15:26:27.549557 np0000183484 devstack@n-api-meta.service[108540]: DEBUG nova.api.openstack.wsgi_app [None req-dbbe4f23-28c3-49f5-9d41-4549b2127f45 None None] oslo_messaging_rabbit.ssl_key_file = {{(pid=108540) log_opt_values /opt/stack/data/venv/lib/python3.12/site-packages/oslo_config/cfg.py:3253}}
Jun 29 15:26:27.549695 np0000183484 devstack@n-api-meta.service[108540]: DEBUG nova.api.openstack.wsgi_app [None req-dbbe4f23-28c3-49f5-9d41-4549b2127f45 None None] oslo_messaging_rabbit.ssl_version = {{(pid=108540) log_opt_values /opt/stack/data/venv/lib/python3.12/site-packages/oslo_config/cfg.py:3253}}
Jun 29 15:26:27.549828 np0000183484 devstack@n-api-meta.service[108540]: DEBUG nova.api.openstack.wsgi_app [None req-dbbe4f23-28c3-49f5-9d41-4549b2127f45 None None] oslo_messaging_rabbit.use_queue_manager = False {{(pid=108540) log_opt_values /opt/stack/data/venv/lib/python3.12/site-packages/oslo_config/cfg.py:3253}}
Jun 29 15:26:27.549985 np0000183484 devstack@n-api-meta.service[108540]: DEBUG nova.api.openstack.wsgi_app [None req-dbbe4f23-28c3-49f5-9d41-4549b2127f45 None None] oslo_messaging_notifications.driver = ['messagingv2'] {{(pid=108540) log_opt_values /opt/stack/data/venv/lib/python3.12/site-packages/oslo_config/cfg.py:3253}}
Jun 29 15:26:27.550133 np0000183484 devstack@n-api-meta.service[108540]: DEBUG nova.api.openstack.wsgi_app [None req-dbbe4f23-28c3-49f5-9d41-4549b2127f45 None None] oslo_messaging_notifications.retry = -1 {{(pid=108540) log_opt_values /opt/stack/data/venv/lib/python3.12/site-packages/oslo_config/cfg.py:3253}}
Jun 29 15:26:27.550279 np0000183484 devstack@n-api-meta.service[108540]: DEBUG nova.api.openstack.wsgi_app [None req-dbbe4f23-28c3-49f5-9d41-4549b2127f45 None None] oslo_messaging_notifications.topics = ['notifications'] {{(pid=108540) log_opt_values /opt/stack/data/venv/lib/python3.12/site-packages/oslo_config/cfg.py:3253}}
Jun 29 15:26:27.550420 np0000183484 devstack@n-api-meta.service[108540]: DEBUG nova.api.openstack.wsgi_app [None req-dbbe4f23-28c3-49f5-9d41-4549b2127f45 None None] oslo_messaging_notifications.transport_url = **** {{(pid=108540) log_opt_values /opt/stack/data/venv/lib/python3.12/site-packages/oslo_config/cfg.py:3253}}
Jun 29 15:26:27.550554 np0000183484 devstack@n-api-meta.service[108540]: DEBUG nova.api.openstack.wsgi_app [None req-dbbe4f23-28c3-49f5-9d41-4549b2127f45 None None] oslo_reports.file_event_handler = None {{(pid=108540) log_opt_values /opt/stack/data/venv/lib/python3.12/site-packages/oslo_config/cfg.py:3253}}
Jun 29 15:26:27.550689 np0000183484 devstack@n-api-meta.service[108540]: DEBUG nova.api.openstack.wsgi_app [None req-dbbe4f23-28c3-49f5-9d41-4549b2127f45 None None] oslo_reports.file_event_handler_interval = 1 {{(pid=108540) log_opt_values /opt/stack/data/venv/lib/python3.12/site-packages/oslo_config/cfg.py:3253}}
Jun 29 15:26:27.550819 np0000183484 devstack@n-api-meta.service[108540]: DEBUG nova.api.openstack.wsgi_app [None req-dbbe4f23-28c3-49f5-9d41-4549b2127f45 None None] oslo_reports.log_dir = None {{(pid=108540) log_opt_values /opt/stack/data/venv/lib/python3.12/site-packages/oslo_config/cfg.py:3253}}
Jun 29 15:26:27.550925 np0000183484 devstack@n-api-meta.service[108540]: DEBUG nova.api.openstack.wsgi_app [None req-dbbe4f23-28c3-49f5-9d41-4549b2127f45 None None] ******************************************************************************** {{(pid=108540) log_opt_values /opt/stack/data/venv/lib/python3.12/site-packages/oslo_config/cfg.py:3260}}
Jun 29 15:26:27.551080 np0000183484 devstack@n-api-meta.service[108540]: WSGI app 0 (mountpoint='') ready in 2 seconds on interpreter 0x75c5ebaa3668 pid: 108540 (default app)
Jun 29 15:26:37.026940 np0000183484 devstack@n-api-meta.service[108541]: DEBUG dbcounter [-] [108541] Writing DB stats nova_api:SELECT=1 {{(pid=108541) stat_writer /opt/stack/data/venv/lib/python3.12/site-packages/dbcounter.py:115}}
Jun 29 15:26:37.063586 np0000183484 devstack@n-api-meta.service[108538]: DEBUG dbcounter [-] [108538] Writing DB stats nova_api:SELECT=1 {{(pid=108538) stat_writer /opt/stack/data/venv/lib/python3.12/site-packages/dbcounter.py:115}}
Jun 29 15:26:37.109342 np0000183484 devstack@n-api-meta.service[108539]: DEBUG dbcounter [-] [108539] Writing DB stats nova_api:SELECT=1 {{(pid=108539) stat_writer /opt/stack/data/venv/lib/python3.12/site-packages/dbcounter.py:115}}
Jun 29 15:26:37.139897 np0000183484 devstack@n-api-meta.service[108540]: DEBUG dbcounter [-] [108540] Writing DB stats nova_api:SELECT=1 {{(pid=108540) stat_writer /opt/stack/data/venv/lib/python3.12/site-packages/dbcounter.py:115}}
Jun 29 15:26:37.217438 np0000183484 devstack@n-api-meta.service[108541]: DEBUG dbcounter [-] [108541] Writing DB stats nova_cell1:SELECT=1 {{(pid=108541) stat_writer /opt/stack/data/venv/lib/python3.12/site-packages/dbcounter.py:115}}
Jun 29 15:26:37.218352 np0000183484 devstack@n-api-meta.service[108541]: DEBUG dbcounter [-] [108541] Writing DB stats nova_cell0:SELECT=1 {{(pid=108541) stat_writer /opt/stack/data/venv/lib/python3.12/site-packages/dbcounter.py:115}}
Jun 29 15:26:37.236675 np0000183484 devstack@n-api-meta.service[108538]: DEBUG dbcounter [-] [108538] Writing DB stats nova_cell1:SELECT=1 {{(pid=108538) stat_writer /opt/stack/data/venv/lib/python3.12/site-packages/dbcounter.py:115}}
Jun 29 15:26:37.246168 np0000183484 devstack@n-api-meta.service[108538]: DEBUG dbcounter [-] [108538] Writing DB stats nova_cell0:SELECT=1 {{(pid=108538) stat_writer /opt/stack/data/venv/lib/python3.12/site-packages/dbcounter.py:115}}
Jun 29 15:26:37.286302 np0000183484 devstack@n-api-meta.service[108541]: DEBUG dbcounter [-] [108541] Writing DB stats nova_cell0:SELECT=2,nova_cell0:INSERT=1 {{(pid=108541) stat_writer /opt/stack/data/venv/lib/python3.12/site-packages/dbcounter.py:115}}
Jun 29 15:26:37.298534 np0000183484 devstack@n-api-meta.service[108539]: DEBUG dbcounter [-] [108539] Writing DB stats nova_cell0:SELECT=1 {{(pid=108539) stat_writer /opt/stack/data/venv/lib/python3.12/site-packages/dbcounter.py:115}}
Jun 29 15:26:37.303572 np0000183484 devstack@n-api-meta.service[108538]: DEBUG dbcounter [-] [108538] Writing DB stats nova_cell0:SELECT=1 {{(pid=108538) stat_writer /opt/stack/data/venv/lib/python3.12/site-packages/dbcounter.py:115}}
Jun 29 15:26:37.307381 np0000183484 devstack@n-api-meta.service[108539]: DEBUG dbcounter [-] [108539] Writing DB stats nova_cell1:SELECT=1 {{(pid=108539) stat_writer /opt/stack/data/venv/lib/python3.12/site-packages/dbcounter.py:115}}
Jun 29 15:26:37.336646 np0000183484 devstack@n-api-meta.service[108540]: DEBUG dbcounter [-] [108540] Writing DB stats nova_cell0:SELECT=1 {{(pid=108540) stat_writer /opt/stack/data/venv/lib/python3.12/site-packages/dbcounter.py:115}}
Jun 29 15:26:37.339812 np0000183484 devstack@n-api-meta.service[108540]: DEBUG dbcounter [-] [108540] Writing DB stats nova_cell1:SELECT=1 {{(pid=108540) stat_writer /opt/stack/data/venv/lib/python3.12/site-packages/dbcounter.py:115}}
Jun 29 15:26:37.363164 np0000183484 devstack@n-api-meta.service[108539]: DEBUG dbcounter [-] [108539] Writing DB stats nova_cell0:SELECT=1 {{(pid=108539) stat_writer /opt/stack/data/venv/lib/python3.12/site-packages/dbcounter.py:115}}
Jun 29 15:26:37.401079 np0000183484 devstack@n-api-meta.service[108540]: DEBUG dbcounter [-] [108540] Writing DB stats nova_cell0:SELECT=1 {{(pid=108540) stat_writer /opt/stack/data/venv/lib/python3.12/site-packages/dbcounter.py:115}}
Jun 29 15:31:30.760710 np0000183484 devstack@n-api-meta.service[108541]: DEBUG nova.api.metadata.handler [None req-47fdc05a-e02c-402b-9701-ea4d15950c57 None None] Metadata request headers: {'Host': '199.19.213.240:8775', 'User-Agent': 'python-requests/2.34.2', 'Accept-Encoding': 'gzip, deflate', 'Accept': '*/*', 'Connection': 'keep-alive', 'X-Forwarded-For': '192.168.24.34', 'X-Instance-Id': 'a5d5e3b9-94cf-4227-b43a-a6979bb8a13c', 'X-Tenant-Id': '59640f8fc9ca43f4b972b52faf8b463a', 'X-Instance-Id-Signature': '68787dd81595cc26369c52289891d2121dafcd1aeaa4536ddb2ff83bf1c83e25'} {{(pid=108541) __call__ /opt/stack/nova/nova/api/metadata/handler.py:109}}
Jun 29 15:31:30.774391 np0000183484 devstack@n-api-meta.service[108541]: DEBUG oslo_concurrency.lockutils [None req-e398ac93-3202-448f-b8eb-3d08f556b4a7 None None] Acquiring lock "69ba813e-a53a-4249-9bf9-d15c4cc07de1" by "nova.context.set_target_cell..get_or_set_cached_cell_and_set_connections" {{(pid=108541) inner /opt/stack/data/venv/lib/python3.12/site-packages/oslo_concurrency/lockutils.py:511}}
Jun 29 15:31:30.774523 np0000183484 devstack@n-api-meta.service[108541]: DEBUG oslo_concurrency.lockutils [None req-e398ac93-3202-448f-b8eb-3d08f556b4a7 None None] Lock "69ba813e-a53a-4249-9bf9-d15c4cc07de1" acquired by "nova.context.set_target_cell..get_or_set_cached_cell_and_set_connections" :: waited 0.000s {{(pid=108541) inner /opt/stack/data/venv/lib/python3.12/site-packages/oslo_concurrency/lockutils.py:524}}
Jun 29 15:31:30.774703 np0000183484 devstack@n-api-meta.service[108541]: DEBUG oslo_concurrency.lockutils [None req-e398ac93-3202-448f-b8eb-3d08f556b4a7 None None] Lock "69ba813e-a53a-4249-9bf9-d15c4cc07de1" "released" by "nova.context.set_target_cell..get_or_set_cached_cell_and_set_connections" :: held 0.000s {{(pid=108541) inner /opt/stack/data/venv/lib/python3.12/site-packages/oslo_concurrency/lockutils.py:543}}
Jun 29 15:31:30.832656 np0000183484 devstack@n-api-meta.service[108541]: WARNING neutronclient.v2_0.client [None req-e398ac93-3202-448f-b8eb-3d08f556b4a7 None None] The python binding code in neutronclient is deprecated in favor of OpenstackSDK, please use that as this will be removed in a future release.
Jun 29 15:31:31.280590 np0000183484 devstack@n-api-meta.service[108541]: [pid: 108541|app: 0|req: 1/1] 199.19.213.240 () {40 vars in 642 bytes} [Mon Jun 29 15:31:30 2026] GET /openstack => generated 116 bytes in 529 msecs (HTTP/1.1 200) 3 headers in 100 bytes (1 switches on core 0)
Jun 29 15:31:31.296974 np0000183484 devstack@n-api-meta.service[108538]: DEBUG nova.api.metadata.handler [None req-60e86d01-f72b-46fe-bcec-c42eb5a11014 None None] Metadata request headers: {'Host': '199.19.213.240:8775', 'User-Agent': 'python-requests/2.34.2', 'Accept-Encoding': 'gzip, deflate', 'Accept': '*/*', 'Connection': 'keep-alive', 'X-Forwarded-For': '192.168.24.34', 'X-Instance-Id': 'a5d5e3b9-94cf-4227-b43a-a6979bb8a13c', 'X-Tenant-Id': '59640f8fc9ca43f4b972b52faf8b463a', 'X-Instance-Id-Signature': '68787dd81595cc26369c52289891d2121dafcd1aeaa4536ddb2ff83bf1c83e25'} {{(pid=108538) __call__ /opt/stack/nova/nova/api/metadata/handler.py:109}}
Jun 29 15:31:31.307177 np0000183484 devstack@n-api-meta.service[108538]: DEBUG nova.api.metadata.handler [None req-60e86d01-f72b-46fe-bcec-c42eb5a11014 None None] Using cached metadata for instance a5d5e3b9-94cf-4227-b43a-a6979bb8a13c {{(pid=108538) get_metadata_by_instance_id /opt/stack/nova/nova/api/metadata/handler.py:84}}
Jun 29 15:31:31.308058 np0000183484 devstack@n-api-meta.service[108538]: [pid: 108538|app: 0|req: 1/2] 199.19.213.240 () {40 vars in 642 bytes} [Mon Jun 29 15:31:31 2026] GET /openstack => generated 116 bytes in 12 msecs (HTTP/1.1 200) 3 headers in 100 bytes (1 switches on core 0)
Jun 29 15:31:31.326447 np0000183484 devstack@n-api-meta.service[108539]: DEBUG nova.api.metadata.handler [None req-45194d5f-aadd-4843-aa9a-c216f062863a None None] Metadata request headers: {'Host': '199.19.213.240:8775', 'User-Agent': 'python-requests/2.34.2', 'Accept-Encoding': 'gzip, deflate', 'Accept': '*/*', 'Connection': 'keep-alive', 'X-Forwarded-For': '192.168.24.34', 'X-Instance-Id': 'a5d5e3b9-94cf-4227-b43a-a6979bb8a13c', 'X-Tenant-Id': '59640f8fc9ca43f4b972b52faf8b463a', 'X-Instance-Id-Signature': '68787dd81595cc26369c52289891d2121dafcd1aeaa4536ddb2ff83bf1c83e25'} {{(pid=108539) __call__ /opt/stack/nova/nova/api/metadata/handler.py:109}}
Jun 29 15:31:31.335460 np0000183484 devstack@n-api-meta.service[108539]: DEBUG nova.api.metadata.handler [None req-45194d5f-aadd-4843-aa9a-c216f062863a None None] Using cached metadata for instance a5d5e3b9-94cf-4227-b43a-a6979bb8a13c {{(pid=108539) get_metadata_by_instance_id /opt/stack/nova/nova/api/metadata/handler.py:84}}
Jun 29 15:31:31.336416 np0000183484 devstack@n-api-meta.service[108539]: [pid: 108539|app: 0|req: 1/3] 199.19.213.240 () {40 vars in 694 bytes} [Mon Jun 29 15:31:31 2026] GET /openstack/2018-08-27/meta_data.json => generated 946 bytes in 15 msecs (HTTP/1.1 200) 3 headers in 91 bytes (1 switches on core 0)
Jun 29 15:31:31.347445 np0000183484 devstack@n-api-meta.service[108540]: DEBUG nova.api.metadata.handler [None req-dbbe4f23-28c3-49f5-9d41-4549b2127f45 None None] Metadata request headers: {'Host': '199.19.213.240:8775', 'User-Agent': 'python-requests/2.34.2', 'Accept-Encoding': 'gzip, deflate', 'Accept': '*/*', 'Connection': 'keep-alive', 'X-Forwarded-For': '192.168.24.34', 'X-Instance-Id': 'a5d5e3b9-94cf-4227-b43a-a6979bb8a13c', 'X-Tenant-Id': '59640f8fc9ca43f4b972b52faf8b463a', 'X-Instance-Id-Signature': '68787dd81595cc26369c52289891d2121dafcd1aeaa4536ddb2ff83bf1c83e25'} {{(pid=108540) __call__ /opt/stack/nova/nova/api/metadata/handler.py:109}}
Jun 29 15:31:31.352773 np0000183484 devstack@n-api-meta.service[108540]: DEBUG nova.api.metadata.handler [None req-dbbe4f23-28c3-49f5-9d41-4549b2127f45 None None] Using cached metadata for instance a5d5e3b9-94cf-4227-b43a-a6979bb8a13c {{(pid=108540) get_metadata_by_instance_id /opt/stack/nova/nova/api/metadata/handler.py:84}}
Jun 29 15:31:31.353398 np0000183484 devstack@n-api-meta.service[108540]: [pid: 108540|app: 0|req: 1/4] 199.19.213.240 () {40 vars in 684 bytes} [Mon Jun 29 15:31:31 2026] GET /openstack/2018-08-27/user_data => generated 26310 bytes in 7 msecs (HTTP/1.1 200) 3 headers in 102 bytes (1 switches on core 0)
Jun 29 15:31:31.365844 np0000183484 devstack@n-api-meta.service[108541]: DEBUG nova.api.metadata.handler [None req-e398ac93-3202-448f-b8eb-3d08f556b4a7 None None] Metadata request headers: {'Host': '199.19.213.240:8775', 'User-Agent': 'python-requests/2.34.2', 'Accept-Encoding': 'gzip, deflate', 'Accept': '*/*', 'Connection': 'keep-alive', 'X-Forwarded-For': '192.168.24.34', 'X-Instance-Id': 'a5d5e3b9-94cf-4227-b43a-a6979bb8a13c', 'X-Tenant-Id': '59640f8fc9ca43f4b972b52faf8b463a', 'X-Instance-Id-Signature': '68787dd81595cc26369c52289891d2121dafcd1aeaa4536ddb2ff83bf1c83e25'} {{(pid=108541) __call__ /opt/stack/nova/nova/api/metadata/handler.py:109}}
Jun 29 15:31:31.368301 np0000183484 devstack@n-api-meta.service[108541]: DEBUG nova.api.metadata.handler [None req-e398ac93-3202-448f-b8eb-3d08f556b4a7 None None] Using cached metadata for instance a5d5e3b9-94cf-4227-b43a-a6979bb8a13c {{(pid=108541) get_metadata_by_instance_id /opt/stack/nova/nova/api/metadata/handler.py:84}}
Jun 29 15:31:31.368885 np0000183484 devstack@n-api-meta.service[108541]: [pid: 108541|app: 0|req: 2/5] 199.19.213.240 () {40 vars in 698 bytes} [Mon Jun 29 15:31:31 2026] GET /openstack/2018-08-27/vendor_data.json => generated 2 bytes in 4 msecs (HTTP/1.1 200) 3 headers in 89 bytes (1 switches on core 0)
Jun 29 15:31:31.377543 np0000183484 devstack@n-api-meta.service[108538]: DEBUG nova.api.metadata.handler [None req-60e86d01-f72b-46fe-bcec-c42eb5a11014 None None] Metadata request headers: {'Host': '199.19.213.240:8775', 'User-Agent': 'python-requests/2.34.2', 'Accept-Encoding': 'gzip, deflate', 'Accept': '*/*', 'Connection': 'keep-alive', 'X-Forwarded-For': '192.168.24.34', 'X-Instance-Id': 'a5d5e3b9-94cf-4227-b43a-a6979bb8a13c', 'X-Tenant-Id': '59640f8fc9ca43f4b972b52faf8b463a', 'X-Instance-Id-Signature': '68787dd81595cc26369c52289891d2121dafcd1aeaa4536ddb2ff83bf1c83e25'} {{(pid=108538) __call__ /opt/stack/nova/nova/api/metadata/handler.py:109}}
Jun 29 15:31:31.385196 np0000183484 devstack@n-api-meta.service[108538]: DEBUG nova.api.metadata.handler [None req-60e86d01-f72b-46fe-bcec-c42eb5a11014 None None] Using cached metadata for instance a5d5e3b9-94cf-4227-b43a-a6979bb8a13c {{(pid=108538) get_metadata_by_instance_id /opt/stack/nova/nova/api/metadata/handler.py:84}}
Jun 29 15:31:31.386109 np0000183484 devstack@n-api-meta.service[108538]: [pid: 108538|app: 0|req: 2/6] 199.19.213.240 () {40 vars in 699 bytes} [Mon Jun 29 15:31:31 2026] GET /openstack/2018-08-27/vendor_data2.json => generated 14 bytes in 9 msecs (HTTP/1.1 200) 3 headers in 90 bytes (1 switches on core 0)
Jun 29 15:31:31.396776 np0000183484 devstack@n-api-meta.service[108539]: DEBUG nova.api.metadata.handler [None req-45194d5f-aadd-4843-aa9a-c216f062863a None None] Metadata request headers: {'Host': '199.19.213.240:8775', 'User-Agent': 'python-requests/2.34.2', 'Accept-Encoding': 'gzip, deflate', 'Accept': '*/*', 'Connection': 'keep-alive', 'X-Forwarded-For': '192.168.24.34', 'X-Instance-Id': 'a5d5e3b9-94cf-4227-b43a-a6979bb8a13c', 'X-Tenant-Id': '59640f8fc9ca43f4b972b52faf8b463a', 'X-Instance-Id-Signature': '68787dd81595cc26369c52289891d2121dafcd1aeaa4536ddb2ff83bf1c83e25'} {{(pid=108539) __call__ /opt/stack/nova/nova/api/metadata/handler.py:109}}
Jun 29 15:31:31.399089 np0000183484 devstack@n-api-meta.service[108539]: DEBUG nova.api.metadata.handler [None req-45194d5f-aadd-4843-aa9a-c216f062863a None None] Using cached metadata for instance a5d5e3b9-94cf-4227-b43a-a6979bb8a13c {{(pid=108539) get_metadata_by_instance_id /opt/stack/nova/nova/api/metadata/handler.py:84}}
Jun 29 15:31:31.399603 np0000183484 devstack@n-api-meta.service[108539]: [pid: 108539|app: 0|req: 2/7] 199.19.213.240 () {40 vars in 699 bytes} [Mon Jun 29 15:31:31 2026] GET /openstack/2018-08-27/network_data.json => generated 348 bytes in 3 msecs (HTTP/1.1 200) 3 headers in 100 bytes (1 switches on core 0)
Jun 29 15:31:31.409791 np0000183484 devstack@n-api-meta.service[108540]: DEBUG nova.api.metadata.handler [None req-dbbe4f23-28c3-49f5-9d41-4549b2127f45 None None] Metadata request headers: {'Host': '199.19.213.240:8775', 'User-Agent': 'python-requests/2.34.2', 'Accept-Encoding': 'gzip, deflate', 'Accept': '*/*', 'Connection': 'keep-alive', 'X-Forwarded-For': '192.168.24.34', 'X-Instance-Id': 'a5d5e3b9-94cf-4227-b43a-a6979bb8a13c', 'X-Tenant-Id': '59640f8fc9ca43f4b972b52faf8b463a', 'X-Instance-Id-Signature': '68787dd81595cc26369c52289891d2121dafcd1aeaa4536ddb2ff83bf1c83e25'} {{(pid=108540) __call__ /opt/stack/nova/nova/api/metadata/handler.py:109}}
Jun 29 15:31:31.412073 np0000183484 devstack@n-api-meta.service[108540]: DEBUG nova.api.metadata.handler [None req-dbbe4f23-28c3-49f5-9d41-4549b2127f45 None None] Using cached metadata for instance a5d5e3b9-94cf-4227-b43a-a6979bb8a13c {{(pid=108540) get_metadata_by_instance_id /opt/stack/nova/nova/api/metadata/handler.py:84}}
Jun 29 15:31:31.412763 np0000183484 devstack@n-api-meta.service[108540]: [pid: 108540|app: 0|req: 2/8] 199.19.213.240 () {40 vars in 657 bytes} [Mon Jun 29 15:31:31 2026] GET /latest/meta-data/ => generated 210 bytes in 4 msecs (HTTP/1.1 200) 3 headers in 100 bytes (1 switches on core 0)
Jun 29 15:31:31.421493 np0000183484 devstack@n-api-meta.service[108541]: DEBUG nova.api.metadata.handler [None req-e398ac93-3202-448f-b8eb-3d08f556b4a7 None None] Metadata request headers: {'Host': '199.19.213.240:8775', 'User-Agent': 'python-requests/2.34.2', 'Accept-Encoding': 'gzip, deflate', 'Accept': '*/*', 'Connection': 'keep-alive', 'X-Forwarded-For': '192.168.24.34', 'X-Instance-Id': 'a5d5e3b9-94cf-4227-b43a-a6979bb8a13c', 'X-Tenant-Id': '59640f8fc9ca43f4b972b52faf8b463a', 'X-Instance-Id-Signature': '68787dd81595cc26369c52289891d2121dafcd1aeaa4536ddb2ff83bf1c83e25'} {{(pid=108541) __call__ /opt/stack/nova/nova/api/metadata/handler.py:109}}
Jun 29 15:31:31.424351 np0000183484 devstack@n-api-meta.service[108541]: DEBUG nova.api.metadata.handler [None req-e398ac93-3202-448f-b8eb-3d08f556b4a7 None None] Using cached metadata for instance a5d5e3b9-94cf-4227-b43a-a6979bb8a13c {{(pid=108541) get_metadata_by_instance_id /opt/stack/nova/nova/api/metadata/handler.py:84}}
Jun 29 15:31:31.425251 np0000183484 devstack@n-api-meta.service[108541]: [pid: 108541|app: 0|req: 3/9] 199.19.213.240 () {40 vars in 700 bytes} [Mon Jun 29 15:31:31 2026] GET /latest/meta-data/block-device-mapping/ => generated 8 bytes in 4 msecs (HTTP/1.1 200) 3 headers in 98 bytes (1 switches on core 0)
Jun 29 15:31:31.432737 np0000183484 devstack@n-api-meta.service[108538]: DEBUG nova.api.metadata.handler [None req-60e86d01-f72b-46fe-bcec-c42eb5a11014 None None] Metadata request headers: {'Host': '199.19.213.240:8775', 'User-Agent': 'python-requests/2.34.2', 'Accept-Encoding': 'gzip, deflate', 'Accept': '*/*', 'Connection': 'keep-alive', 'X-Forwarded-For': '192.168.24.34', 'X-Instance-Id': 'a5d5e3b9-94cf-4227-b43a-a6979bb8a13c', 'X-Tenant-Id': '59640f8fc9ca43f4b972b52faf8b463a', 'X-Instance-Id-Signature': '68787dd81595cc26369c52289891d2121dafcd1aeaa4536ddb2ff83bf1c83e25'} {{(pid=108538) __call__ /opt/stack/nova/nova/api/metadata/handler.py:109}}
Jun 29 15:31:31.436301 np0000183484 devstack@n-api-meta.service[108538]: DEBUG nova.api.metadata.handler [None req-60e86d01-f72b-46fe-bcec-c42eb5a11014 None None] Using cached metadata for instance a5d5e3b9-94cf-4227-b43a-a6979bb8a13c {{(pid=108538) get_metadata_by_instance_id /opt/stack/nova/nova/api/metadata/handler.py:84}}
Jun 29 15:31:31.437280 np0000183484 devstack@n-api-meta.service[108538]: [pid: 108538|app: 0|req: 3/10] 199.19.213.240 () {40 vars in 706 bytes} [Mon Jun 29 15:31:31 2026] GET /latest/meta-data/block-device-mapping/ami => generated 3 bytes in 6 msecs (HTTP/1.1 200) 3 headers in 98 bytes (1 switches on core 0)
Jun 29 15:31:31.449095 np0000183484 devstack@n-api-meta.service[108539]: DEBUG nova.api.metadata.handler [None req-45194d5f-aadd-4843-aa9a-c216f062863a None None] Metadata request headers: {'Host': '199.19.213.240:8775', 'User-Agent': 'python-requests/2.34.2', 'Accept-Encoding': 'gzip, deflate', 'Accept': '*/*', 'Connection': 'keep-alive', 'X-Forwarded-For': '192.168.24.34', 'X-Instance-Id': 'a5d5e3b9-94cf-4227-b43a-a6979bb8a13c', 'X-Tenant-Id': '59640f8fc9ca43f4b972b52faf8b463a', 'X-Instance-Id-Signature': '68787dd81595cc26369c52289891d2121dafcd1aeaa4536ddb2ff83bf1c83e25'} {{(pid=108539) __call__ /opt/stack/nova/nova/api/metadata/handler.py:109}}
Jun 29 15:31:31.451459 np0000183484 devstack@n-api-meta.service[108539]: DEBUG nova.api.metadata.handler [None req-45194d5f-aadd-4843-aa9a-c216f062863a None None] Using cached metadata for instance a5d5e3b9-94cf-4227-b43a-a6979bb8a13c {{(pid=108539) get_metadata_by_instance_id /opt/stack/nova/nova/api/metadata/handler.py:84}}
Jun 29 15:31:31.452193 np0000183484 devstack@n-api-meta.service[108539]: [pid: 108539|app: 0|req: 3/11] 199.19.213.240 () {40 vars in 708 bytes} [Mon Jun 29 15:31:31 2026] GET /latest/meta-data/block-device-mapping/root => generated 8 bytes in 3 msecs (HTTP/1.1 200) 3 headers in 98 bytes (1 switches on core 0)
Jun 29 15:31:31.458857 np0000183484 devstack@n-api-meta.service[108540]: DEBUG nova.api.metadata.handler [None req-dbbe4f23-28c3-49f5-9d41-4549b2127f45 None None] Metadata request headers: {'Host': '199.19.213.240:8775', 'User-Agent': 'python-requests/2.34.2', 'Accept-Encoding': 'gzip, deflate', 'Accept': '*/*', 'Connection': 'keep-alive', 'X-Forwarded-For': '192.168.24.34', 'X-Instance-Id': 'a5d5e3b9-94cf-4227-b43a-a6979bb8a13c', 'X-Tenant-Id': '59640f8fc9ca43f4b972b52faf8b463a', 'X-Instance-Id-Signature': '68787dd81595cc26369c52289891d2121dafcd1aeaa4536ddb2ff83bf1c83e25'} {{(pid=108540) __call__ /opt/stack/nova/nova/api/metadata/handler.py:109}}
Jun 29 15:31:31.461004 np0000183484 devstack@n-api-meta.service[108540]: DEBUG nova.api.metadata.handler [None req-dbbe4f23-28c3-49f5-9d41-4549b2127f45 None None] Using cached metadata for instance a5d5e3b9-94cf-4227-b43a-a6979bb8a13c {{(pid=108540) get_metadata_by_instance_id /opt/stack/nova/nova/api/metadata/handler.py:84}}
Jun 29 15:31:31.461664 np0000183484 devstack@n-api-meta.service[108540]: [pid: 108540|app: 0|req: 3/12] 199.19.213.240 () {40 vars in 678 bytes} [Mon Jun 29 15:31:31 2026] GET /latest/meta-data/placement/ => generated 17 bytes in 3 msecs (HTTP/1.1 200) 3 headers in 99 bytes (1 switches on core 0)
Jun 29 15:31:31.470572 np0000183484 devstack@n-api-meta.service[108541]: DEBUG nova.api.metadata.handler [None req-e398ac93-3202-448f-b8eb-3d08f556b4a7 None None] Metadata request headers: {'Host': '199.19.213.240:8775', 'User-Agent': 'python-requests/2.34.2', 'Accept-Encoding': 'gzip, deflate', 'Accept': '*/*', 'Connection': 'keep-alive', 'X-Forwarded-For': '192.168.24.34', 'X-Instance-Id': 'a5d5e3b9-94cf-4227-b43a-a6979bb8a13c', 'X-Tenant-Id': '59640f8fc9ca43f4b972b52faf8b463a', 'X-Instance-Id-Signature': '68787dd81595cc26369c52289891d2121dafcd1aeaa4536ddb2ff83bf1c83e25'} {{(pid=108541) __call__ /opt/stack/nova/nova/api/metadata/handler.py:109}}
Jun 29 15:31:31.473290 np0000183484 devstack@n-api-meta.service[108541]: DEBUG nova.api.metadata.handler [None req-e398ac93-3202-448f-b8eb-3d08f556b4a7 None None] Using cached metadata for instance a5d5e3b9-94cf-4227-b43a-a6979bb8a13c {{(pid=108541) get_metadata_by_instance_id /opt/stack/nova/nova/api/metadata/handler.py:84}}
Jun 29 15:31:31.473951 np0000183484 devstack@n-api-meta.service[108541]: [pid: 108541|app: 0|req: 4/13] 199.19.213.240 () {40 vars in 712 bytes} [Mon Jun 29 15:31:31 2026] GET /latest/meta-data/placement/availability-zone => generated 4 bytes in 4 msecs (HTTP/1.1 200) 3 headers in 98 bytes (1 switches on core 0)
Jun 29 15:31:31.482045 np0000183484 devstack@n-api-meta.service[108538]: DEBUG nova.api.metadata.handler [None req-60e86d01-f72b-46fe-bcec-c42eb5a11014 None None] Metadata request headers: {'Host': '199.19.213.240:8775', 'User-Agent': 'python-requests/2.34.2', 'Accept-Encoding': 'gzip, deflate', 'Accept': '*/*', 'Connection': 'keep-alive', 'X-Forwarded-For': '192.168.24.34', 'X-Instance-Id': 'a5d5e3b9-94cf-4227-b43a-a6979bb8a13c', 'X-Tenant-Id': '59640f8fc9ca43f4b972b52faf8b463a', 'X-Instance-Id-Signature': '68787dd81595cc26369c52289891d2121dafcd1aeaa4536ddb2ff83bf1c83e25'} {{(pid=108538) __call__ /opt/stack/nova/nova/api/metadata/handler.py:109}}
Jun 29 15:31:31.484556 np0000183484 devstack@n-api-meta.service[108538]: DEBUG nova.api.metadata.handler [None req-60e86d01-f72b-46fe-bcec-c42eb5a11014 None None] Using cached metadata for instance a5d5e3b9-94cf-4227-b43a-a6979bb8a13c {{(pid=108538) get_metadata_by_instance_id /opt/stack/nova/nova/api/metadata/handler.py:84}}
Jun 29 15:31:31.485234 np0000183484 devstack@n-api-meta.service[108538]: [pid: 108538|app: 0|req: 4/14] 199.19.213.240 () {40 vars in 670 bytes} [Mon Jun 29 15:31:31 2026] GET /latest/meta-data/ami-id => generated 12 bytes in 4 msecs (HTTP/1.1 200) 3 headers in 99 bytes (1 switches on core 0)
Jun 29 15:31:31.495129 np0000183484 devstack@n-api-meta.service[108539]: DEBUG nova.api.metadata.handler [None req-45194d5f-aadd-4843-aa9a-c216f062863a None None] Metadata request headers: {'Host': '199.19.213.240:8775', 'User-Agent': 'python-requests/2.34.2', 'Accept-Encoding': 'gzip, deflate', 'Accept': '*/*', 'Connection': 'keep-alive', 'X-Forwarded-For': '192.168.24.34', 'X-Instance-Id': 'a5d5e3b9-94cf-4227-b43a-a6979bb8a13c', 'X-Tenant-Id': '59640f8fc9ca43f4b972b52faf8b463a', 'X-Instance-Id-Signature': '68787dd81595cc26369c52289891d2121dafcd1aeaa4536ddb2ff83bf1c83e25'} {{(pid=108539) __call__ /opt/stack/nova/nova/api/metadata/handler.py:109}}
Jun 29 15:31:31.497222 np0000183484 devstack@n-api-meta.service[108539]: DEBUG nova.api.metadata.handler [None req-45194d5f-aadd-4843-aa9a-c216f062863a None None] Using cached metadata for instance a5d5e3b9-94cf-4227-b43a-a6979bb8a13c {{(pid=108539) get_metadata_by_instance_id /opt/stack/nova/nova/api/metadata/handler.py:84}}
Jun 29 15:31:31.497772 np0000183484 devstack@n-api-meta.service[108539]: [pid: 108539|app: 0|req: 4/15] 199.19.213.240 () {40 vars in 690 bytes} [Mon Jun 29 15:31:31 2026] GET /latest/meta-data/ami-launch-index => generated 1 bytes in 3 msecs (HTTP/1.1 200) 3 headers in 98 bytes (1 switches on core 0)
Jun 29 15:31:31.504601 np0000183484 devstack@n-api-meta.service[108540]: DEBUG nova.api.metadata.handler [None req-dbbe4f23-28c3-49f5-9d41-4549b2127f45 None None] Metadata request headers: {'Host': '199.19.213.240:8775', 'User-Agent': 'python-requests/2.34.2', 'Accept-Encoding': 'gzip, deflate', 'Accept': '*/*', 'Connection': 'keep-alive', 'X-Forwarded-For': '192.168.24.34', 'X-Instance-Id': 'a5d5e3b9-94cf-4227-b43a-a6979bb8a13c', 'X-Tenant-Id': '59640f8fc9ca43f4b972b52faf8b463a', 'X-Instance-Id-Signature': '68787dd81595cc26369c52289891d2121dafcd1aeaa4536ddb2ff83bf1c83e25'} {{(pid=108540) __call__ /opt/stack/nova/nova/api/metadata/handler.py:109}}
Jun 29 15:31:31.506619 np0000183484 devstack@n-api-meta.service[108540]: DEBUG nova.api.metadata.handler [None req-dbbe4f23-28c3-49f5-9d41-4549b2127f45 None None] Using cached metadata for instance a5d5e3b9-94cf-4227-b43a-a6979bb8a13c {{(pid=108540) get_metadata_by_instance_id /opt/stack/nova/nova/api/metadata/handler.py:84}}
Jun 29 15:31:31.507189 np0000183484 devstack@n-api-meta.service[108540]: [pid: 108540|app: 0|req: 4/16] 199.19.213.240 () {40 vars in 692 bytes} [Mon Jun 29 15:31:31 2026] GET /latest/meta-data/ami-manifest-path => generated 5 bytes in 3 msecs (HTTP/1.1 200) 3 headers in 98 bytes (1 switches on core 0)
Jun 29 15:31:31.513918 np0000183484 devstack@n-api-meta.service[108541]: DEBUG nova.api.metadata.handler [None req-e398ac93-3202-448f-b8eb-3d08f556b4a7 None None] Metadata request headers: {'Host': '199.19.213.240:8775', 'User-Agent': 'python-requests/2.34.2', 'Accept-Encoding': 'gzip, deflate', 'Accept': '*/*', 'Connection': 'keep-alive', 'X-Forwarded-For': '192.168.24.34', 'X-Instance-Id': 'a5d5e3b9-94cf-4227-b43a-a6979bb8a13c', 'X-Tenant-Id': '59640f8fc9ca43f4b972b52faf8b463a', 'X-Instance-Id-Signature': '68787dd81595cc26369c52289891d2121dafcd1aeaa4536ddb2ff83bf1c83e25'} {{(pid=108541) __call__ /opt/stack/nova/nova/api/metadata/handler.py:109}}
Jun 29 15:31:31.515878 np0000183484 devstack@n-api-meta.service[108541]: DEBUG nova.api.metadata.handler [None req-e398ac93-3202-448f-b8eb-3d08f556b4a7 None None] Using cached metadata for instance a5d5e3b9-94cf-4227-b43a-a6979bb8a13c {{(pid=108541) get_metadata_by_instance_id /opt/stack/nova/nova/api/metadata/handler.py:84}}
Jun 29 15:31:31.516416 np0000183484 devstack@n-api-meta.service[108541]: [pid: 108541|app: 0|req: 5/17] 199.19.213.240 () {40 vars in 674 bytes} [Mon Jun 29 15:31:31 2026] GET /latest/meta-data/hostname => generated 32 bytes in 3 msecs (HTTP/1.1 200) 3 headers in 99 bytes (1 switches on core 0)
Jun 29 15:31:31.524703 np0000183484 devstack@n-api-meta.service[108538]: DEBUG nova.api.metadata.handler [None req-60e86d01-f72b-46fe-bcec-c42eb5a11014 None None] Metadata request headers: {'Host': '199.19.213.240:8775', 'User-Agent': 'python-requests/2.34.2', 'Accept-Encoding': 'gzip, deflate', 'Accept': '*/*', 'Connection': 'keep-alive', 'X-Forwarded-For': '192.168.24.34', 'X-Instance-Id': 'a5d5e3b9-94cf-4227-b43a-a6979bb8a13c', 'X-Tenant-Id': '59640f8fc9ca43f4b972b52faf8b463a', 'X-Instance-Id-Signature': '68787dd81595cc26369c52289891d2121dafcd1aeaa4536ddb2ff83bf1c83e25'} {{(pid=108538) __call__ /opt/stack/nova/nova/api/metadata/handler.py:109}}
Jun 29 15:31:31.528477 np0000183484 devstack@n-api-meta.service[108538]: DEBUG nova.api.metadata.handler [None req-60e86d01-f72b-46fe-bcec-c42eb5a11014 None None] Using cached metadata for instance a5d5e3b9-94cf-4227-b43a-a6979bb8a13c {{(pid=108538) get_metadata_by_instance_id /opt/stack/nova/nova/api/metadata/handler.py:84}}
Jun 29 15:31:31.529363 np0000183484 devstack@n-api-meta.service[108538]: [pid: 108538|app: 0|req: 5/18] 199.19.213.240 () {40 vars in 688 bytes} [Mon Jun 29 15:31:31 2026] GET /latest/meta-data/instance-action => generated 4 bytes in 6 msecs (HTTP/1.1 200) 3 headers in 98 bytes (1 switches on core 0)
Jun 29 15:31:31.536559 np0000183484 devstack@n-api-meta.service[108539]: DEBUG nova.api.metadata.handler [None req-45194d5f-aadd-4843-aa9a-c216f062863a None None] Metadata request headers: {'Host': '199.19.213.240:8775', 'User-Agent': 'python-requests/2.34.2', 'Accept-Encoding': 'gzip, deflate', 'Accept': '*/*', 'Connection': 'keep-alive', 'X-Forwarded-For': '192.168.24.34', 'X-Instance-Id': 'a5d5e3b9-94cf-4227-b43a-a6979bb8a13c', 'X-Tenant-Id': '59640f8fc9ca43f4b972b52faf8b463a', 'X-Instance-Id-Signature': '68787dd81595cc26369c52289891d2121dafcd1aeaa4536ddb2ff83bf1c83e25'} {{(pid=108539) __call__ /opt/stack/nova/nova/api/metadata/handler.py:109}}
Jun 29 15:31:31.539049 np0000183484 devstack@n-api-meta.service[108539]: DEBUG nova.api.metadata.handler [None req-45194d5f-aadd-4843-aa9a-c216f062863a None None] Using cached metadata for instance a5d5e3b9-94cf-4227-b43a-a6979bb8a13c {{(pid=108539) get_metadata_by_instance_id /opt/stack/nova/nova/api/metadata/handler.py:84}}
Jun 29 15:31:31.539702 np0000183484 devstack@n-api-meta.service[108539]: [pid: 108539|app: 0|req: 5/19] 199.19.213.240 () {40 vars in 680 bytes} [Mon Jun 29 15:31:31 2026] GET /latest/meta-data/instance-id => generated 10 bytes in 4 msecs (HTTP/1.1 200) 3 headers in 99 bytes (1 switches on core 0)
Jun 29 15:31:31.549211 np0000183484 devstack@n-api-meta.service[108540]: DEBUG nova.api.metadata.handler [None req-dbbe4f23-28c3-49f5-9d41-4549b2127f45 None None] Metadata request headers: {'Host': '199.19.213.240:8775', 'User-Agent': 'python-requests/2.34.2', 'Accept-Encoding': 'gzip, deflate', 'Accept': '*/*', 'Connection': 'keep-alive', 'X-Forwarded-For': '192.168.24.34', 'X-Instance-Id': 'a5d5e3b9-94cf-4227-b43a-a6979bb8a13c', 'X-Tenant-Id': '59640f8fc9ca43f4b972b52faf8b463a', 'X-Instance-Id-Signature': '68787dd81595cc26369c52289891d2121dafcd1aeaa4536ddb2ff83bf1c83e25'} {{(pid=108540) __call__ /opt/stack/nova/nova/api/metadata/handler.py:109}}
Jun 29 15:31:31.551819 np0000183484 devstack@n-api-meta.service[108540]: DEBUG nova.api.metadata.handler [None req-dbbe4f23-28c3-49f5-9d41-4549b2127f45 None None] Using cached metadata for instance a5d5e3b9-94cf-4227-b43a-a6979bb8a13c {{(pid=108540) get_metadata_by_instance_id /opt/stack/nova/nova/api/metadata/handler.py:84}}
Jun 29 15:31:31.552335 np0000183484 devstack@n-api-meta.service[108540]: [pid: 108540|app: 0|req: 5/20] 199.19.213.240 () {40 vars in 684 bytes} [Mon Jun 29 15:31:31 2026] GET /latest/meta-data/instance-type => generated 8 bytes in 4 msecs (HTTP/1.1 200) 3 headers in 98 bytes (1 switches on core 0)
Jun 29 15:31:31.559570 np0000183484 devstack@n-api-meta.service[108541]: DEBUG nova.api.metadata.handler [None req-e398ac93-3202-448f-b8eb-3d08f556b4a7 None None] Metadata request headers: {'Host': '199.19.213.240:8775', 'User-Agent': 'python-requests/2.34.2', 'Accept-Encoding': 'gzip, deflate', 'Accept': '*/*', 'Connection': 'keep-alive', 'X-Forwarded-For': '192.168.24.34', 'X-Instance-Id': 'a5d5e3b9-94cf-4227-b43a-a6979bb8a13c', 'X-Tenant-Id': '59640f8fc9ca43f4b972b52faf8b463a', 'X-Instance-Id-Signature': '68787dd81595cc26369c52289891d2121dafcd1aeaa4536ddb2ff83bf1c83e25'} {{(pid=108541) __call__ /opt/stack/nova/nova/api/metadata/handler.py:109}}
Jun 29 15:31:31.562661 np0000183484 devstack@n-api-meta.service[108541]: DEBUG nova.api.metadata.handler [None req-e398ac93-3202-448f-b8eb-3d08f556b4a7 None None] Using cached metadata for instance a5d5e3b9-94cf-4227-b43a-a6979bb8a13c {{(pid=108541) get_metadata_by_instance_id /opt/stack/nova/nova/api/metadata/handler.py:84}}
Jun 29 15:31:31.563441 np0000183484 devstack@n-api-meta.service[108541]: [pid: 108541|app: 0|req: 6/21] 199.19.213.240 () {40 vars in 686 bytes} [Mon Jun 29 15:31:31 2026] GET /latest/meta-data/local-hostname => generated 32 bytes in 5 msecs (HTTP/1.1 200) 3 headers in 99 bytes (1 switches on core 0)
Jun 29 15:31:31.571705 np0000183484 devstack@n-api-meta.service[108538]: DEBUG nova.api.metadata.handler [None req-60e86d01-f72b-46fe-bcec-c42eb5a11014 None None] Metadata request headers: {'Host': '199.19.213.240:8775', 'User-Agent': 'python-requests/2.34.2', 'Accept-Encoding': 'gzip, deflate', 'Accept': '*/*', 'Connection': 'keep-alive', 'X-Forwarded-For': '192.168.24.34', 'X-Instance-Id': 'a5d5e3b9-94cf-4227-b43a-a6979bb8a13c', 'X-Tenant-Id': '59640f8fc9ca43f4b972b52faf8b463a', 'X-Instance-Id-Signature': '68787dd81595cc26369c52289891d2121dafcd1aeaa4536ddb2ff83bf1c83e25'} {{(pid=108538) __call__ /opt/stack/nova/nova/api/metadata/handler.py:109}}
Jun 29 15:31:31.574335 np0000183484 devstack@n-api-meta.service[108538]: DEBUG nova.api.metadata.handler [None req-60e86d01-f72b-46fe-bcec-c42eb5a11014 None None] Using cached metadata for instance a5d5e3b9-94cf-4227-b43a-a6979bb8a13c {{(pid=108538) get_metadata_by_instance_id /opt/stack/nova/nova/api/metadata/handler.py:84}}
Jun 29 15:31:31.574975 np0000183484 devstack@n-api-meta.service[108538]: [pid: 108538|app: 0|req: 6/22] 199.19.213.240 () {40 vars in 678 bytes} [Mon Jun 29 15:31:31 2026] GET /latest/meta-data/local-ipv4 => generated 13 bytes in 4 msecs (HTTP/1.1 200) 3 headers in 99 bytes (1 switches on core 0)
Jun 29 15:31:31.584516 np0000183484 devstack@n-api-meta.service[108539]: DEBUG nova.api.metadata.handler [None req-45194d5f-aadd-4843-aa9a-c216f062863a None None] Metadata request headers: {'Host': '199.19.213.240:8775', 'User-Agent': 'python-requests/2.34.2', 'Accept-Encoding': 'gzip, deflate', 'Accept': '*/*', 'Connection': 'keep-alive', 'X-Forwarded-For': '192.168.24.34', 'X-Instance-Id': 'a5d5e3b9-94cf-4227-b43a-a6979bb8a13c', 'X-Tenant-Id': '59640f8fc9ca43f4b972b52faf8b463a', 'X-Instance-Id-Signature': '68787dd81595cc26369c52289891d2121dafcd1aeaa4536ddb2ff83bf1c83e25'} {{(pid=108539) __call__ /opt/stack/nova/nova/api/metadata/handler.py:109}}
Jun 29 15:31:31.588807 np0000183484 devstack@n-api-meta.service[108539]: DEBUG nova.api.metadata.handler [None req-45194d5f-aadd-4843-aa9a-c216f062863a None None] Using cached metadata for instance a5d5e3b9-94cf-4227-b43a-a6979bb8a13c {{(pid=108539) get_metadata_by_instance_id /opt/stack/nova/nova/api/metadata/handler.py:84}}
Jun 29 15:31:31.589605 np0000183484 devstack@n-api-meta.service[108539]: [pid: 108539|app: 0|req: 6/23] 199.19.213.240 () {40 vars in 688 bytes} [Mon Jun 29 15:31:31 2026] GET /latest/meta-data/public-hostname => generated 32 bytes in 6 msecs (HTTP/1.1 200) 3 headers in 99 bytes (1 switches on core 0)
