2026-04-22 19:48:35.896 7 INFO neutron.db.ovn_revision_numbers_db [None req-f4311d2f-5f51-4da7-bbff-0c88f4784f45 bf1a4149c7fb4aa4a58371b1cf3ecc9b 0d1c0bf6230643f69a4256c12e02cde9 - - default default] Successfully bumped revision number for resource 2b4ccbff-da7a-42f3-a1f3-04b5d6894736 (type: networks) to 1
2026-04-22 19:48:36.084 7 WARNING neutron.scheduler.dhcp_agent_scheduler [None req-f4311d2f-5f51-4da7-bbff-0c88f4784f45 bf1a4149c7fb4aa4a58371b1cf3ecc9b 0d1c0bf6230643f69a4256c12e02cde9 - - default default] No more DHCP agents
2026-04-22 19:48:36.085 7 WARNING neutron.api.rpc.agentnotifiers.dhcp_rpc_agent_api [None req-f4311d2f-5f51-4da7-bbff-0c88f4784f45 bf1a4149c7fb4aa4a58371b1cf3ecc9b 0d1c0bf6230643f69a4256c12e02cde9 - - default default] Unable to schedule network 2b4ccbff-da7a-42f3-a1f3-04b5d6894736: no agents available; will retry on subsequent port and subnet creation events.
2026-04-22 19:48:36.136 7 INFO neutron.plugins.ml2.drivers.ovn.mech_driver.mech_driver [None req-d4fa8f25-421d-4f09-be84-a9de8545bf23 - - - - - -] OVN reports status down for port: d9858f41-a874-4891-b097-eb980cdd0161
2026-04-22 19:48:36.228 7 INFO neutron.db.ovn_revision_numbers_db [None req-f4311d2f-5f51-4da7-bbff-0c88f4784f45 bf1a4149c7fb4aa4a58371b1cf3ecc9b 0d1c0bf6230643f69a4256c12e02cde9 - - default default] Successfully bumped revision number for resource d9858f41-a874-4891-b097-eb980cdd0161 (type: ports) to 1
2026-04-22 19:48:36.341 7 INFO neutron.db.ovn_revision_numbers_db [None req-f4311d2f-5f51-4da7-bbff-0c88f4784f45 bf1a4149c7fb4aa4a58371b1cf3ecc9b 0d1c0bf6230643f69a4256c12e02cde9 - - default default] Successfully bumped revision number for resource f6b00deb-ec95-4271-a027-3b6ad2a28384 (type: networks) to 1
2026-04-22 19:48:36.508 7 WARNING neutron.scheduler.dhcp_agent_scheduler [None req-f4311d2f-5f51-4da7-bbff-0c88f4784f45 bf1a4149c7fb4aa4a58371b1cf3ecc9b 0d1c0bf6230643f69a4256c12e02cde9 - - default default] No more DHCP agents
2026-04-22 19:48:36.509 7 WARNING neutron.api.rpc.agentnotifiers.dhcp_rpc_agent_api [None req-f4311d2f-5f51-4da7-bbff-0c88f4784f45 bf1a4149c7fb4aa4a58371b1cf3ecc9b 0d1c0bf6230643f69a4256c12e02cde9 - - default default] Unable to schedule network f6b00deb-ec95-4271-a027-3b6ad2a28384: no agents available; will retry on subsequent port and subnet creation events.
2026-04-22 19:48:36.584 7 INFO neutron.db.ovn_revision_numbers_db [None req-f4311d2f-5f51-4da7-bbff-0c88f4784f45 bf1a4149c7fb4aa4a58371b1cf3ecc9b 0d1c0bf6230643f69a4256c12e02cde9 - - default default] Successfully bumped revision number for resource 13ca96cd-7a16-4318-aa9a-55038ce61ccc (type: ports) to 1
2026-04-22 19:48:36.591 8 WARNING neutron.scheduler.dhcp_agent_scheduler [None req-70be7cb7-2043-4f0c-a108-17aea4f6fc65 ada9b5f31804464d89c5c0bd8a93a794 cfba40b6319143b5a3b0391645bcabc9 - - default default] No more DHCP agents
2026-04-22 19:48:36.593 8 WARNING neutron.api.rpc.agentnotifiers.dhcp_rpc_agent_api [None req-70be7cb7-2043-4f0c-a108-17aea4f6fc65 ada9b5f31804464d89c5c0bd8a93a794 cfba40b6319143b5a3b0391645bcabc9 - - default default] Unable to schedule network 881d2d8d-463a-435d-a838-60c4096ad366: no agents available; will retry on subsequent port and subnet creation events. [pid: 7|app: 0|req: 611/1166] 10.0.0.158 () {34 vars in 669 bytes} [Wed Apr 22 19:48:35 2026] POST /v2.0/networks => generated 1321 bytes in 1484 msecs (HTTP/1.1 201) 4 headers in 163 bytes (1 switches on core 0)
2026-04-22 19:48:36.631 8 INFO neutron.db.ovn_revision_numbers_db [None req-70be7cb7-2043-4f0c-a108-17aea4f6fc65 ada9b5f31804464d89c5c0bd8a93a794 cfba40b6319143b5a3b0391645bcabc9 - - default default] Successfully bumped revision number for resource 09fa1512-bbb4-46d3-a9ee-49baaf5236fd (type: subnets) to 0
2026-04-22 19:48:36.665 8 WARNING neutron.scheduler.dhcp_agent_scheduler [None req-70be7cb7-2043-4f0c-a108-17aea4f6fc65 ada9b5f31804464d89c5c0bd8a93a794 cfba40b6319143b5a3b0391645bcabc9 - - default default] No more DHCP agents
2026-04-22 19:48:36.666 8 WARNING neutron.api.rpc.agentnotifiers.dhcp_rpc_agent_api [None req-70be7cb7-2043-4f0c-a108-17aea4f6fc65 ada9b5f31804464d89c5c0bd8a93a794 cfba40b6319143b5a3b0391645bcabc9 - - default default] Unable to schedule network fe10faa3-417f-4bc5-b3ae-556ad4e53d54: no agents available; will retry on subsequent port and subnet creation events.
2026-04-22 19:48:36.696 8 INFO neutron.db.ovn_revision_numbers_db [None req-70be7cb7-2043-4f0c-a108-17aea4f6fc65 ada9b5f31804464d89c5c0bd8a93a794 cfba40b6319143b5a3b0391645bcabc9 - - default default] Successfully bumped revision number for resource bd448e13-0282-4024-b067-1d42bdf9bdf9 (type: subnets) to 0 [pid: 8|app: 0|req: 556/1167] 10.0.0.158 () {34 vars in 668 bytes} [Wed Apr 22 19:48:36 2026] POST /v2.0/subnets => generated 1324 bytes in 506 msecs (HTTP/1.1 201) 4 headers in 163 bytes (1 switches on core 0) [pid: 8|app: 0|req: 557/1168] 10.0.0.158 () {32 vars in 648 bytes} [Wed Apr 22 19:48:36 2026] GET /v2.0/networks => generated 1970 bytes in 71 msecs (HTTP/1.1 200) 4 headers in 158 bytes (1 switches on core 0) [pid: 8|app: 0|req: 558/1169] 10.0.0.158 () {32 vars in 646 bytes} [Wed Apr 22 19:48:36 2026] GET /v2.0/subnets => generated 1960 bytes in 80 msecs (HTTP/1.1 200) 4 headers in 158 bytes (1 switches on core 0)
2026-04-22 19:48:36.872 7 INFO neutron.db.ovn_revision_numbers_db [None req-c06abb47-ebd3-404a-9625-e5339208a8a8 834355cc0c2f47689931e56a91530c2a 32781d9c164a4e9cba6bbada8899fbcb - - default default] Successfully bumped revision number for resource a613c44d-001d-493a-9be6-6615a78fb532 (type: security_groups) to 1
2026-04-22 19:48:36.890 7 INFO neutron.db.ovn_revision_numbers_db [None req-c06abb47-ebd3-404a-9625-e5339208a8a8 834355cc0c2f47689931e56a91530c2a 32781d9c164a4e9cba6bbada8899fbcb - - default default] Successfully bumped revision number for resource 26e2b40d-1045-4959-b359-da8c5d5620b5 (type: security_group_rules) to 0
2026-04-22 19:48:36.902 7 INFO neutron.db.ovn_revision_numbers_db [None req-c06abb47-ebd3-404a-9625-e5339208a8a8 834355cc0c2f47689931e56a91530c2a 32781d9c164a4e9cba6bbada8899fbcb - - default default] Successfully bumped revision number for resource 4ab83bb4-bbb3-478e-89d8-fc0257a69ce2 (type: security_group_rules) to 0
2026-04-22 19:48:36.924 7 INFO neutron.db.ovn_revision_numbers_db [None req-c06abb47-ebd3-404a-9625-e5339208a8a8 834355cc0c2f47689931e56a91530c2a 32781d9c164a4e9cba6bbada8899fbcb - - default default] Successfully bumped revision number for resource d471f8c8-b51a-4a92-a08c-d6241f9f7a41 (type: security_group_rules) to 0
2026-04-22 19:48:36.937 7 INFO neutron.db.ovn_revision_numbers_db [None req-c06abb47-ebd3-404a-9625-e5339208a8a8 834355cc0c2f47689931e56a91530c2a 32781d9c164a4e9cba6bbada8899fbcb - - default default] Successfully bumped revision number for resource e832e1a4-a521-4761-a95e-0ff14f2ebbe1 (type: security_group_rules) to 0 [pid: 7|app: 0|req: 612/1170] 10.0.0.158 () {32 vars in 773 bytes} [Wed Apr 22 19:48:36 2026] GET /v2.0/security-groups?tenant_id=f30c401a5b11473daa2e64c4d2a3486a&name=default => generated 2925 bytes in 363 msecs (HTTP/1.1 200) 4 headers in 158 bytes (1 switches on core 0)
2026-04-22 19:48:37.024 8 INFO neutron_taas.services.taas.taas_plugin [None req-ec91b5ff-8ea5-46fd-9d6d-3889bebbc3f0 bf1a4149c7fb4aa4a58371b1cf3ecc9b 0d1c0bf6230643f69a4256c12e02cde9 - - default default] TaaS: Handle Delete Port: d9858f41-a874-4891-b097-eb980cdd0161
2026-04-22 19:48:37.027 8 INFO neutron_taas.services.taas.tap_mirror_plugin [None req-ec91b5ff-8ea5-46fd-9d6d-3889bebbc3f0 bf1a4149c7fb4aa4a58371b1cf3ecc9b 0d1c0bf6230643f69a4256c12e02cde9 - - default default] Tap Mirror: Handle Delete Port: d9858f41-a874-4891-b097-eb980cdd0161 [pid: 7|app: 0|req: 613/1171] 10.0.0.158 () {32 vars in 723 bytes} [Wed Apr 22 19:48:36 2026] DELETE /v2.0/subnets/09fa1512-bbb4-46d3-a9ee-49baaf5236fd => generated 0 bytes in 156 msecs (HTTP/1.1 204) 3 headers in 131 bytes (1 switches on core 0)
2026-04-22 19:48:37.266 8 INFO neutron.services.segments.plugin [-] Segment 3c5449ee-cab2-4f30-aed8-0aa1f5916245 resource provider aggregate not found
2026-04-22 19:48:37.276 8 INFO neutron.services.segments.plugin [-] Segment 3c5449ee-cab2-4f30-aed8-0aa1f5916245 resource provider aggregate not found
2026-04-22 19:48:37.299 8 INFO neutron.services.segments.plugin [-] Segment 3c5449ee-cab2-4f30-aed8-0aa1f5916245 resource provider not found; error: Placement Client Error (4xx): {"errors": [{"status": 404, "title": "Not Found", "detail": "The resource could not be found.\n\n No resource provider with uuid 3c5449ee-cab2-4f30-aed8-0aa1f5916245 found for delete ", "request_id": "req-e60cea6c-c998-4210-a7c9-b000255c39d7"}]}
2026-04-22 19:48:37.310 8 INFO neutron.services.segments.plugin [-] Segment 3c5449ee-cab2-4f30-aed8-0aa1f5916245 resource provider not found; error: Placement Client Error (4xx): {"errors": [{"status": 404, "title": "Not Found", "detail": "The resource could not be found.\n\n No resource provider with uuid 3c5449ee-cab2-4f30-aed8-0aa1f5916245 found for delete ", "request_id": "req-487cbba5-84dd-4916-bcb1-80104c9acbc4"}]} [pid: 8|app: 0|req: 559/1172] 10.0.0.158 () {32 vars in 725 bytes} [Wed Apr 22 19:48:36 2026] DELETE /v2.0/networks/2b4ccbff-da7a-42f3-a1f3-04b5d6894736 => generated 0 bytes in 477 msecs (HTTP/1.1 204) 3 headers in 131 bytes (1 switches on core 0) [pid: 7|app: 0|req: 614/1173] 10.0.0.158 () {32 vars in 739 bytes} [Wed Apr 22 19:48:37 2026] DELETE /v2.0/security-groups/a613c44d-001d-493a-9be6-6615a78fb532 => generated 0 bytes in 259 msecs (HTTP/1.1 204) 2 headers in 112 bytes (1 switches on core 0) [pid: 8|app: 0|req: 560/1174] 10.0.0.158 () {32 vars in 723 bytes} [Wed Apr 22 19:48:37 2026] DELETE /v2.0/subnets/bd448e13-0282-4024-b067-1d42bdf9bdf9 => generated 0 bytes in 148 msecs (HTTP/1.1 204) 3 headers in 131 bytes (1 switches on core 0)
2026-04-22 19:48:37.506 7 INFO neutron_taas.services.taas.taas_plugin [None req-78ced267-40f7-479f-aa17-7211f3d8811c bf1a4149c7fb4aa4a58371b1cf3ecc9b 0d1c0bf6230643f69a4256c12e02cde9 - - default default] TaaS: Handle Delete Port: 13ca96cd-7a16-4318-aa9a-55038ce61ccc
2026-04-22 19:48:37.509 7 INFO neutron_taas.services.taas.tap_mirror_plugin [None req-78ced267-40f7-479f-aa17-7211f3d8811c bf1a4149c7fb4aa4a58371b1cf3ecc9b 0d1c0bf6230643f69a4256c12e02cde9 - - default default] Tap Mirror: Handle Delete Port: 13ca96cd-7a16-4318-aa9a-55038ce61ccc [pid: 8|app: 0|req: 561/1175] 10.0.0.158 () {32 vars in 646 bytes} [Wed Apr 22 19:48:37 2026] GET /v2.0/subnets => generated 649 bytes in 30 msecs (HTTP/1.1 200) 4 headers in 157 bytes (1 switches on core 0)
2026-04-22 19:48:37.690 8 INFO neutron_taas.services.taas.taas_plugin [None req-939d9b6f-2dbf-44c9-b035-32800d399cbe ada9b5f31804464d89c5c0bd8a93a794 cfba40b6319143b5a3b0391645bcabc9 - - default default] TaaS: Handle Delete Port: 8084bafa-4490-4933-843a-af9ab1d0abb5
2026-04-22 19:48:37.696 8 INFO neutron_taas.services.taas.tap_mirror_plugin [None req-939d9b6f-2dbf-44c9-b035-32800d399cbe ada9b5f31804464d89c5c0bd8a93a794 cfba40b6319143b5a3b0391645bcabc9 - - default default] Tap Mirror: Handle Delete Port: 8084bafa-4490-4933-843a-af9ab1d0abb5
2026-04-22 19:48:37.712 7 INFO neutron.services.segments.plugin [-] Segment 8695374d-1164-43c0-a9be-d0ad21c522c7 resource provider aggregate not found
2026-04-22 19:48:37.720 7 INFO neutron.services.segments.plugin [-] Segment 8695374d-1164-43c0-a9be-d0ad21c522c7 resource provider aggregate not found
2026-04-22 19:48:37.747 7 INFO neutron.services.segments.plugin [-] Segment 8695374d-1164-43c0-a9be-d0ad21c522c7 resource provider not found; error: Placement Client Error (4xx): {"errors": [{"status": 404, "title": "Not Found", "detail": "The resource could not be found.\n\n No resource provider with uuid 8695374d-1164-43c0-a9be-d0ad21c522c7 found for delete ", "request_id": "req-4b003439-31dd-4024-a09f-1ac26cb22624"}]}
2026-04-22 19:48:37.757 7 INFO neutron.services.segments.plugin [-] Segment 8695374d-1164-43c0-a9be-d0ad21c522c7 resource provider not found; error: Placement Client Error (4xx): {"errors": [{"status": 404, "title": "Not Found", "detail": "The resource could not be found.\n\n No resource provider with uuid 8695374d-1164-43c0-a9be-d0ad21c522c7 found for delete ", "request_id": "req-3a51fb41-05a6-4c28-a520-5f00380cffbc"}]} [pid: 7|app: 0|req: 615/1176] 10.0.0.158 () {32 vars in 725 bytes} [Wed Apr 22 19:48:37 2026] DELETE /v2.0/networks/f6b00deb-ec95-4271-a027-3b6ad2a28384 => generated 0 bytes in 402 msecs (HTTP/1.1 204) 3 headers in 131 bytes (1 switches on core 0) [pid: 7|app: 0|req: 616/1177] 10.0.0.158 () {32 vars in 648 bytes} [Wed Apr 22 19:48:37 2026] GET /v2.0/networks => generated 689 bytes in 55 msecs (HTTP/1.1 200) 4 headers in 157 bytes (1 switches on core 0)
2026-04-22 19:48:37.903 8 WARNING neutron.plugins.ml2.drivers.ovn.mech_driver.ovsdb.ovn_client [None req-5f712e0f-405d-4b36-9d80-f7c53e12f405 - - - - - -] No hosting information found for port a7f45343-e446-44a3-aa0e-98935090829e: RuntimeError: No hosting information found for port a7f45343-e446-44a3-aa0e-98935090829e [pid: 8|app: 0|req: 562/1178] 10.0.0.158 () {32 vars in 725 bytes} [Wed Apr 22 19:48:37 2026] DELETE /v2.0/networks/fe10faa3-417f-4bc5-b3ae-556ad4e53d54 => generated 0 bytes in 421 msecs (HTTP/1.1 204) 3 headers in 131 bytes (1 switches on core 0)
2026-04-22 19:48:37.971 7 INFO neutron.db.segments_db [None req-8bc94d77-7115-4299-92be-0f4c0e15cf31 bf1a4149c7fb4aa4a58371b1cf3ecc9b 0d1c0bf6230643f69a4256c12e02cde9 - - default default] Added segment 5ac7f87c-a993-4ae4-944d-7a92d86dd130 of type geneve for network c22ce75d-6fa9-4fd5-9c60-629ddb425198
2026-04-22 19:48:38.055 8 INFO neutron.db.ovn_revision_numbers_db [None req-5f712e0f-405d-4b36-9d80-f7c53e12f405 - - - - - -] Successfully bumped revision number for resource a7f45343-e446-44a3-aa0e-98935090829e (type: router_ports) to 2
2026-04-22 19:48:38.056 8 INFO neutron.plugins.ml2.drivers.ovn.mech_driver.mech_driver [None req-5f712e0f-405d-4b36-9d80-f7c53e12f405 - - - - - -] OVN reports status down for port: 13ca96cd-7a16-4318-aa9a-55038ce61ccc
2026-04-22 19:48:38.126 7 INFO neutron.db.ovn_revision_numbers_db [None req-8bc94d77-7115-4299-92be-0f4c0e15cf31 bf1a4149c7fb4aa4a58371b1cf3ecc9b 0d1c0bf6230643f69a4256c12e02cde9 - - default default] Successfully bumped revision number for resource c22ce75d-6fa9-4fd5-9c60-629ddb425198 (type: networks) to 1
2026-04-22 19:48:38.144 8 INFO neutron_taas.services.taas.taas_plugin [None req-14f3e72a-cb09-4369-b438-05180c7a5f74 ada9b5f31804464d89c5c0bd8a93a794 cfba40b6319143b5a3b0391645bcabc9 - - default default] TaaS: Handle Delete Port: 34b1ab76-487f-4c5a-9b71-f75bf6b7e1e7
2026-04-22 19:48:38.146 8 INFO neutron_taas.services.taas.tap_mirror_plugin [None req-14f3e72a-cb09-4369-b438-05180c7a5f74 ada9b5f31804464d89c5c0bd8a93a794 cfba40b6319143b5a3b0391645bcabc9 - - default default] Tap Mirror: Handle Delete Port: 34b1ab76-487f-4c5a-9b71-f75bf6b7e1e7
2026-04-22 19:48:38.343 7 WARNING neutron.scheduler.dhcp_agent_scheduler [None req-8bc94d77-7115-4299-92be-0f4c0e15cf31 bf1a4149c7fb4aa4a58371b1cf3ecc9b 0d1c0bf6230643f69a4256c12e02cde9 - - default default] No more DHCP agents
2026-04-22 19:48:38.345 7 WARNING neutron.api.rpc.agentnotifiers.dhcp_rpc_agent_api [None req-8bc94d77-7115-4299-92be-0f4c0e15cf31 bf1a4149c7fb4aa4a58371b1cf3ecc9b 0d1c0bf6230643f69a4256c12e02cde9 - - default default] Unable to schedule network c22ce75d-6fa9-4fd5-9c60-629ddb425198: no agents available; will retry on subsequent port and subnet creation events.
2026-04-22 19:48:38.412 8 INFO neutron.plugins.ml2.drivers.ovn.mech_driver.mech_driver [None req-5f712e0f-405d-4b36-9d80-f7c53e12f405 - - - - - -] OVN reports status down for port: 5a106b26-d5a5-44a8-b070-8ce6b7fe8a4d [pid: 8|app: 0|req: 563/1179] 10.0.0.158 () {32 vars in 725 bytes} [Wed Apr 22 19:48:37 2026] DELETE /v2.0/networks/881d2d8d-463a-435d-a838-60c4096ad366 => generated 0 bytes in 449 msecs (HTTP/1.1 204) 3 headers in 131 bytes (1 switches on core 0)
2026-04-22 19:48:38.432 7 INFO neutron.db.ovn_revision_numbers_db [None req-8bc94d77-7115-4299-92be-0f4c0e15cf31 bf1a4149c7fb4aa4a58371b1cf3ecc9b 0d1c0bf6230643f69a4256c12e02cde9 - - default default] Successfully bumped revision number for resource 5a106b26-d5a5-44a8-b070-8ce6b7fe8a4d (type: ports) to 1 [pid: 7|app: 0|req: 617/1180] 10.0.0.158 () {34 vars in 669 bytes} [Wed Apr 22 19:48:37 2026] POST /v2.0/networks => generated 687 bytes in 593 msecs (HTTP/1.1 201) 4 headers in 162 bytes (1 switches on core 0)
2026-04-22 19:48:38.556 7 INFO neutron.db.segments_db [None req-5b47779c-ea9e-4ca9-a11b-181ccffddf1c bf1a4149c7fb4aa4a58371b1cf3ecc9b 0d1c0bf6230643f69a4256c12e02cde9 - - default default] Added segment 3079d6e0-9e1a-47ff-86f9-b3ac1ba89143 of type geneve for network 315cd9c4-9689-4c4e-8749-12536502edc3
2026-04-22 19:48:38.597 8 INFO neutron_taas.services.taas.taas_plugin [None req-79c3d139-6c46-47fa-84b3-fdb6c5d50ecb ada9b5f31804464d89c5c0bd8a93a794 cfba40b6319143b5a3b0391645bcabc9 - - default default] TaaS: Handle Delete Port: 20e7b8b4-02f9-4391-9939-3f66a4134562
2026-04-22 19:48:38.600 8 INFO neutron_taas.services.taas.tap_mirror_plugin [None req-79c3d139-6c46-47fa-84b3-fdb6c5d50ecb ada9b5f31804464d89c5c0bd8a93a794 cfba40b6319143b5a3b0391645bcabc9 - - default default] Tap Mirror: Handle Delete Port: 20e7b8b4-02f9-4391-9939-3f66a4134562
2026-04-22 19:48:38.729 7 INFO neutron.db.ovn_revision_numbers_db [None req-5b47779c-ea9e-4ca9-a11b-181ccffddf1c bf1a4149c7fb4aa4a58371b1cf3ecc9b 0d1c0bf6230643f69a4256c12e02cde9 - - default default] Successfully bumped revision number for resource 315cd9c4-9689-4c4e-8749-12536502edc3 (type: networks) to 1 [pid: 8|app: 0|req: 564/1181] 10.0.0.158 () {32 vars in 725 bytes} [Wed Apr 22 19:48:38 2026] DELETE /v2.0/networks/d0efb697-e227-4638-b3dc-5d242b7170d6 => generated 0 bytes in 422 msecs (HTTP/1.1 204) 3 headers in 131 bytes (1 switches on core 0)
2026-04-22 19:48:38.912 7 WARNING neutron.scheduler.dhcp_agent_scheduler [None req-5b47779c-ea9e-4ca9-a11b-181ccffddf1c bf1a4149c7fb4aa4a58371b1cf3ecc9b 0d1c0bf6230643f69a4256c12e02cde9 - - default default] No more DHCP agents
2026-04-22 19:48:38.914 7 WARNING neutron.api.rpc.agentnotifiers.dhcp_rpc_agent_api [None req-5b47779c-ea9e-4ca9-a11b-181ccffddf1c bf1a4149c7fb4aa4a58371b1cf3ecc9b 0d1c0bf6230643f69a4256c12e02cde9 - - default default] Unable to schedule network 315cd9c4-9689-4c4e-8749-12536502edc3: no agents available; will retry on subsequent port and subnet creation events.
2026-04-22 19:48:38.988 8 INFO neutron.plugins.ml2.drivers.ovn.mech_driver.mech_driver [None req-5f712e0f-405d-4b36-9d80-f7c53e12f405 - - - - - -] OVN reports status down for port: 27a4b47d-0a3d-4ef4-bf95-a0e3c265e40b
2026-04-22 19:48:39.007 7 INFO neutron.db.ovn_revision_numbers_db [None req-5b47779c-ea9e-4ca9-a11b-181ccffddf1c bf1a4149c7fb4aa4a58371b1cf3ecc9b 0d1c0bf6230643f69a4256c12e02cde9 - - default default] Successfully bumped revision number for resource 27a4b47d-0a3d-4ef4-bf95-a0e3c265e40b (type: ports) to 1
2026-04-22 19:48:39.027 8 INFO neutron_taas.services.taas.taas_plugin [None req-49c756c0-46ba-434c-93ed-45c982d5a077 ada9b5f31804464d89c5c0bd8a93a794 cfba40b6319143b5a3b0391645bcabc9 - - default default] TaaS: Handle Delete Port: 8078e88b-e1b9-4c07-9f21-bd3dccceb45b [pid: 7|app: 0|req: 618/1182] 10.0.0.158 () {34 vars in 669 bytes} [Wed Apr 22 19:48:38 2026] POST /v2.0/networks => generated 687 bytes in 567 msecs (HTTP/1.1 201) 4 headers in 162 bytes (1 switches on core 0)
2026-04-22 19:48:39.035 8 INFO neutron_taas.services.taas.tap_mirror_plugin [None req-49c756c0-46ba-434c-93ed-45c982d5a077 ada9b5f31804464d89c5c0bd8a93a794 cfba40b6319143b5a3b0391645bcabc9 - - default default] Tap Mirror: Handle Delete Port: 8078e88b-e1b9-4c07-9f21-bd3dccceb45b [pid: 8|app: 0|req: 565/1183] 10.0.0.158 () {32 vars in 725 bytes} [Wed Apr 22 19:48:38 2026] DELETE /v2.0/networks/d3b62558-0fd6-462b-be53-d78056326ef7 => generated 0 bytes in 447 msecs (HTTP/1.1 204) 3 headers in 131 bytes (1 switches on core 0)
2026-04-22 19:48:39.324 8 INFO neutron.services.segments.plugin [-] Segment 0f43697e-9cdc-4c23-a689-bd53d9248bfc resource provider aggregate not found
2026-04-22 19:48:39.331 8 INFO neutron.services.segments.plugin [-] Segment 0f43697e-9cdc-4c23-a689-bd53d9248bfc resource provider aggregate not found
2026-04-22 19:48:39.343 8 INFO neutron.services.segments.plugin [-] Segment 0f43697e-9cdc-4c23-a689-bd53d9248bfc resource provider not found; error: Placement Client Error (4xx): {"errors": [{"status": 404, "title": "Not Found", "detail": "The resource could not be found.\n\n No resource provider with uuid 0f43697e-9cdc-4c23-a689-bd53d9248bfc found for delete ", "request_id": "req-d70a576f-89bb-4a62-94f2-c8d0ed47b115"}]}
2026-04-22 19:48:39.347 8 INFO neutron.services.segments.plugin [-] Segment 0f43697e-9cdc-4c23-a689-bd53d9248bfc resource provider not found; error: Placement Client Error (4xx): {"errors": [{"status": 404, "title": "Not Found", "detail": "The resource could not be found.\n\n No resource provider with uuid 0f43697e-9cdc-4c23-a689-bd53d9248bfc found for delete ", "request_id": "req-9c88ac43-c8fe-4f3b-a320-aaad677e9de2"}]}
2026-04-22 19:48:39.361 8 INFO neutron.services.segments.plugin [-] Segment 26969bc6-59b8-42b1-8483-76dbdcb2dc39 resource provider aggregate not found
2026-04-22 19:48:39.366 8 INFO neutron.services.segments.plugin [-] Segment 26969bc6-59b8-42b1-8483-76dbdcb2dc39 resource provider aggregate not found
2026-04-22 19:48:39.382 8 INFO neutron.services.segments.plugin [-] Segment 26969bc6-59b8-42b1-8483-76dbdcb2dc39 resource provider not found; error: Placement Client Error (4xx): {"errors": [{"status": 404, "title": "Not Found", "detail": "The resource could not be found.\n\n No resource provider with uuid 26969bc6-59b8-42b1-8483-76dbdcb2dc39 found for delete ", "request_id": "req-a4a05609-af38-4e5c-82ff-217b245c3ac5"}]}
2026-04-22 19:48:39.388 8 INFO neutron.services.segments.plugin [-] Segment 26969bc6-59b8-42b1-8483-76dbdcb2dc39 resource provider not found; error: Placement Client Error (4xx): {"errors": [{"status": 404, "title": "Not Found", "detail": "The resource could not be found.\n\n No resource provider with uuid 26969bc6-59b8-42b1-8483-76dbdcb2dc39 found for delete ", "request_id": "req-5fd5b176-60cb-4c07-8f25-f98f36960ba9"}]}
2026-04-22 19:48:39.403 8 INFO neutron.services.segments.plugin [-] Segment 6a5ac8af-cd45-47f3-9d36-3aaa0814d886 resource provider aggregate not found
2026-04-22 19:48:39.406 8 INFO neutron.services.segments.plugin [-] Segment 6a5ac8af-cd45-47f3-9d36-3aaa0814d886 resource provider aggregate not found
2026-04-22 19:48:39.418 8 INFO neutron.services.segments.plugin [-] Segment 6a5ac8af-cd45-47f3-9d36-3aaa0814d886 resource provider not found; error: Placement Client Error (4xx): {"errors": [{"status": 404, "title": "Not Found", "detail": "The resource could not be found.\n\n No resource provider with uuid 6a5ac8af-cd45-47f3-9d36-3aaa0814d886 found for delete ", "request_id": "req-a57609cf-fd3f-4c02-b732-695c41d22351"}]}
2026-04-22 19:48:39.423 8 INFO neutron.services.segments.plugin [-] Segment 6a5ac8af-cd45-47f3-9d36-3aaa0814d886 resource provider not found; error: Placement Client Error (4xx): {"errors": [{"status": 404, "title": "Not Found", "detail": "The resource could not be found.\n\n No resource provider with uuid 6a5ac8af-cd45-47f3-9d36-3aaa0814d886 found for delete ", "request_id": "req-b2ea9cc0-7f3e-4105-a47c-260ee19e87ab"}]}
2026-04-22 19:48:39.432 8 INFO neutron.services.segments.plugin [-] Segment 23c6f1f1-5c39-46f0-ad44-e66e1bd59f1a resource provider aggregate not found
2026-04-22 19:48:39.455 8 INFO neutron.services.segments.plugin [-] Segment 23c6f1f1-5c39-46f0-ad44-e66e1bd59f1a resource provider not found; error: Placement Client Error (4xx): {"errors": [{"status": 404, "title": "Not Found", "detail": "The resource could not be found.\n\n No resource provider with uuid 23c6f1f1-5c39-46f0-ad44-e66e1bd59f1a found for delete ", "request_id": "req-9259f501-3efc-4c14-acdc-9fbc87e869ac"}]}
2026-04-22 19:48:39.456 8 INFO neutron.services.segments.plugin [-] Segment 23c6f1f1-5c39-46f0-ad44-e66e1bd59f1a resource provider aggregate not found
2026-04-22 19:48:39.458 7 WARNING neutron.scheduler.dhcp_agent_scheduler [None req-0c392918-917f-42e6-9b7b-a1c4d0f5f102 bf1a4149c7fb4aa4a58371b1cf3ecc9b 0d1c0bf6230643f69a4256c12e02cde9 - - default default] No more DHCP agents
2026-04-22 19:48:39.459 7 WARNING neutron.api.rpc.agentnotifiers.dhcp_rpc_agent_api [None req-0c392918-917f-42e6-9b7b-a1c4d0f5f102 bf1a4149c7fb4aa4a58371b1cf3ecc9b 0d1c0bf6230643f69a4256c12e02cde9 - - default default] Unable to schedule network c22ce75d-6fa9-4fd5-9c60-629ddb425198: no agents available; will retry on subsequent port and subnet creation events.
2026-04-22 19:48:39.476 8 INFO neutron.services.segments.plugin [-] Segment 23c6f1f1-5c39-46f0-ad44-e66e1bd59f1a resource provider not found; error: Placement Client Error (4xx): {"errors": [{"status": 404, "title": "Not Found", "detail": "The resource could not be found.\n\n No resource provider with uuid 23c6f1f1-5c39-46f0-ad44-e66e1bd59f1a found for delete ", "request_id": "req-bae8c83e-50b0-4a23-9238-4230796df7bb"}]}
2026-04-22 19:48:39.525 7 INFO neutron.plugins.ml2.drivers.ovn.mech_driver.mech_driver [None req-d4fa8f25-421d-4f09-be84-a9de8545bf23 - - - - - -] OVN reports status down for port: 1be97b12-28fc-488d-b2e0-eae735df5ebb [pid: 8|app: 0|req: 566/1184] 10.0.0.230 () {34 vars in 1099 bytes} [Wed Apr 22 19:48:39 2026] GET /v2.0/security-groups?name=tempest-securitygroup--1055205338&fields=id&tenant_id=521348c7d38347fd81eabfeecf9c3ba1 => generated 69 bytes in 37 msecs (HTTP/1.1 200) 4 headers in 156 bytes (1 switches on core 0)
2026-04-22 19:48:39.629 7 INFO neutron.db.ovn_revision_numbers_db [None req-0c392918-917f-42e6-9b7b-a1c4d0f5f102 bf1a4149c7fb4aa4a58371b1cf3ecc9b 0d1c0bf6230643f69a4256c12e02cde9 - - default default] Successfully bumped revision number for resource 1be97b12-28fc-488d-b2e0-eae735df5ebb (type: ports) to 1 [pid: 8|app: 0|req: 567/1185] 10.0.0.230 () {34 vars in 981 bytes} [Wed Apr 22 19:48:39 2026] GET /v2.0/networks?id=a02db11e-2b5c-41a1-8a44-63e18b89e925 => generated 718 bytes in 46 msecs (HTTP/1.1 200) 4 headers in 157 bytes (1 switches on core 0) [pid: 8|app: 0|req: 568/1186] 10.0.0.230 () {34 vars in 964 bytes} [Wed Apr 22 19:48:39 2026] GET /v2.0/quotas/521348c7d38347fd81eabfeecf9c3ba1 => generated 292 bytes in 13 msecs (HTTP/1.1 200) 4 headers in 157 bytes (1 switches on core 0)
2026-04-22 19:48:39.696 7 WARNING neutron.scheduler.dhcp_agent_scheduler [None req-0c392918-917f-42e6-9b7b-a1c4d0f5f102 bf1a4149c7fb4aa4a58371b1cf3ecc9b 0d1c0bf6230643f69a4256c12e02cde9 - - default default] No more DHCP agents
2026-04-22 19:48:39.698 7 WARNING neutron.api.rpc.agentnotifiers.dhcp_rpc_agent_api [None req-0c392918-917f-42e6-9b7b-a1c4d0f5f102 bf1a4149c7fb4aa4a58371b1cf3ecc9b 0d1c0bf6230643f69a4256c12e02cde9 - - default default] Unable to schedule network 315cd9c4-9689-4c4e-8749-12536502edc3: no agents available; will retry on subsequent port and subnet creation events.
2026-04-22 19:48:39.794 8 INFO neutron.plugins.ml2.drivers.ovn.mech_driver.mech_driver [None req-5f712e0f-405d-4b36-9d80-f7c53e12f405 - - - - - -] OVN reports status down for port: 10bb601e-1555-4e5b-8ae9-5d0d2e02d72e
2026-04-22 19:48:39.805 7 INFO neutron.db.ovn_revision_numbers_db [None req-0c392918-917f-42e6-9b7b-a1c4d0f5f102 bf1a4149c7fb4aa4a58371b1cf3ecc9b 0d1c0bf6230643f69a4256c12e02cde9 - - default default] Successfully bumped revision number for resource 10bb601e-1555-4e5b-8ae9-5d0d2e02d72e (type: ports) to 1 [pid: 8|app: 0|req: 569/1187] 10.0.0.230 () {34 vars in 1001 bytes} [Wed Apr 22 19:48:39 2026] GET /v2.0/ports?tenant_id=521348c7d38347fd81eabfeecf9c3ba1&fields=id => generated 103 bytes in 143 msecs (HTTP/1.1 200) 4 headers in 157 bytes (1 switches on core 0) [pid: 7|app: 0|req: 619/1188] 10.0.0.158 () {34 vars in 664 bytes} [Wed Apr 22 19:48:39 2026] POST /v2.0/ports => generated 1505 bytes in 863 msecs (HTTP/1.1 201) 4 headers in 163 bytes (1 switches on core 0) /var/lib/openstack/lib/python3.12/site-packages/pycadf/identifier.py:70: UserWarning: Invalid uuid: neutron. To ensure interoperability, identifiers should be a valid uuid. warnings.warn(('Invalid uuid: %s. To ensure interoperability, ' [pid: 7|app: 0|req: 620/1189] 10.0.0.230 () {34 vars in 1007 bytes} [Wed Apr 22 19:48:39 2026] GET /v2.0/networks/a02db11e-2b5c-41a1-8a44-63e18b89e925?fields=segments => generated 14 bytes in 48 msecs (HTTP/1.1 200) 4 headers in 156 bytes (1 switches on core 0) [pid: 7|app: 0|req: 621/1190] 10.0.0.158 () {32 vars in 642 bytes} [Wed Apr 22 19:48:39 2026] GET /v2.0/ports => generated 3017 bytes in 67 msecs (HTTP/1.1 200) 4 headers in 158 bytes (1 switches on core 0) [pid: 7|app: 0|req: 622/1191] 10.0.0.230 () {34 vars in 1107 bytes} [Wed Apr 22 19:48:40 2026] GET /v2.0/networks/a02db11e-2b5c-41a1-8a44-63e18b89e925?fields=provider%3Aphysical_network&fields=provider%3Anetwork_type => generated 79 bytes in 48 msecs (HTTP/1.1 200) 4 headers in 156 bytes (1 switches on core 0) [pid: 8|app: 0|req: 570/1192] 10.0.0.158 () {32 vars in 773 bytes} [Wed Apr 22 19:48:39 2026] GET /v2.0/security-groups?tenant_id=cfba40b6319143b5a3b0391645bcabc9&name=default => generated 2925 bytes in 288 msecs (HTTP/1.1 200) 4 headers in 158 bytes (1 switches on core 0) [pid: 8|app: 0|req: 571/1193] 10.0.0.158 () {32 vars in 739 bytes} [Wed Apr 22 19:48:40 2026] DELETE /v2.0/security-groups/aee3d43d-93ae-45a7-8e18-f5eb75d25a14 => generated 0 bytes in 386 msecs (HTTP/1.1 204) 2 headers in 112 bytes (1 switches on core 0) [pid: 8|app: 0|req: 572/1194] 10.0.0.230 () {34 vars in 989 bytes} [Wed Apr 22 19:48:40 2026] GET /v2.0/ports?device_id=d8e08cde-d3f5-4fff-b533-caa70862eb73 => generated 12 bytes in 17 msecs (HTTP/1.1 200) 4 headers in 156 bytes (1 switches on core 0)
2026-04-22 19:48:40.722 7 INFO neutron_taas.services.taas.taas_plugin [None req-e5b462db-4d25-4729-943f-d17cab555472 bf1a4149c7fb4aa4a58371b1cf3ecc9b 0d1c0bf6230643f69a4256c12e02cde9 - - default default] TaaS: Handle Delete Port: 1be97b12-28fc-488d-b2e0-eae735df5ebb
2026-04-22 19:48:40.725 7 INFO neutron_taas.services.taas.tap_mirror_plugin [None req-e5b462db-4d25-4729-943f-d17cab555472 bf1a4149c7fb4aa4a58371b1cf3ecc9b 0d1c0bf6230643f69a4256c12e02cde9 - - default default] Tap Mirror: Handle Delete Port: 1be97b12-28fc-488d-b2e0-eae735df5ebb [pid: 7|app: 0|req: 623/1195] 10.0.0.158 () {32 vars in 719 bytes} [Wed Apr 22 19:48:40 2026] DELETE /v2.0/ports/1be97b12-28fc-488d-b2e0-eae735df5ebb => generated 0 bytes in 794 msecs (HTTP/1.1 204) 3 headers in 131 bytes (1 switches on core 0)
2026-04-22 19:48:41.051 8 INFO neutron_taas.services.taas.taas_plugin [None req-d06cad6d-042a-4f12-aee3-b8ee00fe795a bf1a4149c7fb4aa4a58371b1cf3ecc9b 0d1c0bf6230643f69a4256c12e02cde9 - - default default] TaaS: Handle Delete Port: 10bb601e-1555-4e5b-8ae9-5d0d2e02d72e
2026-04-22 19:48:41.055 8 INFO neutron_taas.services.taas.tap_mirror_plugin [None req-d06cad6d-042a-4f12-aee3-b8ee00fe795a bf1a4149c7fb4aa4a58371b1cf3ecc9b 0d1c0bf6230643f69a4256c12e02cde9 - - default default] Tap Mirror: Handle Delete Port: 10bb601e-1555-4e5b-8ae9-5d0d2e02d72e [pid: 8|app: 0|req: 573/1196] 10.0.0.158 () {32 vars in 719 bytes} [Wed Apr 22 19:48:40 2026] DELETE /v2.0/ports/10bb601e-1555-4e5b-8ae9-5d0d2e02d72e => generated 0 bytes in 327 msecs (HTTP/1.1 204) 3 headers in 131 bytes (1 switches on core 0) [pid: 7|app: 0|req: 624/1197] 10.0.0.158 () {32 vars in 642 bytes} [Wed Apr 22 19:48:41 2026] GET /v2.0/ports => generated 1523 bytes in 49 msecs (HTTP/1.1 200) 4 headers in 158 bytes (1 switches on core 0)
2026-04-22 19:48:41.360 8 INFO neutron.db.segments_db [None req-9c94a796-c30c-489d-8057-8e11104e1642 bf1a4149c7fb4aa4a58371b1cf3ecc9b 0d1c0bf6230643f69a4256c12e02cde9 - - default default] Added segment e933c12e-500d-46ec-9a3c-de137057d490 of type geneve for network 1408cca3-88c5-4a93-b8e9-a1812ed5fd20
2026-04-22 19:48:41.495 8 INFO neutron.db.ovn_revision_numbers_db [None req-9c94a796-c30c-489d-8057-8e11104e1642 bf1a4149c7fb4aa4a58371b1cf3ecc9b 0d1c0bf6230643f69a4256c12e02cde9 - - default default] Successfully bumped revision number for resource 1408cca3-88c5-4a93-b8e9-a1812ed5fd20 (type: networks) to 1
2026-04-22 19:48:41.677 8 WARNING neutron.scheduler.dhcp_agent_scheduler [None req-9c94a796-c30c-489d-8057-8e11104e1642 bf1a4149c7fb4aa4a58371b1cf3ecc9b 0d1c0bf6230643f69a4256c12e02cde9 - - default default] No more DHCP agents
2026-04-22 19:48:41.678 8 WARNING neutron.api.rpc.agentnotifiers.dhcp_rpc_agent_api [None req-9c94a796-c30c-489d-8057-8e11104e1642 bf1a4149c7fb4aa4a58371b1cf3ecc9b 0d1c0bf6230643f69a4256c12e02cde9 - - default default] Unable to schedule network 1408cca3-88c5-4a93-b8e9-a1812ed5fd20: no agents available; will retry on subsequent port and subnet creation events.
2026-04-22 19:48:41.748 7 INFO neutron.plugins.ml2.drivers.ovn.mech_driver.mech_driver [None req-d4fa8f25-421d-4f09-be84-a9de8545bf23 - - - - - -] OVN reports status down for port: ba3f9a7f-0ed5-4fdd-897d-de7edd36e6d1
2026-04-22 19:48:41.759 8 INFO neutron.db.ovn_revision_numbers_db [None req-9c94a796-c30c-489d-8057-8e11104e1642 bf1a4149c7fb4aa4a58371b1cf3ecc9b 0d1c0bf6230643f69a4256c12e02cde9 - - default default] Successfully bumped revision number for resource ba3f9a7f-0ed5-4fdd-897d-de7edd36e6d1 (type: ports) to 1 [pid: 8|app: 0|req: 574/1198] 10.0.0.158 () {34 vars in 669 bytes} [Wed Apr 22 19:48:41 2026] POST /v2.0/networks => generated 688 bytes in 531 msecs (HTTP/1.1 201) 4 headers in 162 bytes (1 switches on core 0) [pid: 8|app: 0|req: 575/1199] 10.0.0.230 () {34 vars in 989 bytes} [Wed Apr 22 19:48:41 2026] GET /v2.0/ports?device_id=d8e08cde-d3f5-4fff-b533-caa70862eb73 => generated 12 bytes in 22 msecs (HTTP/1.1 200) 4 headers in 156 bytes (1 switches on core 0) [pid: 8|app: 0|req: 576/1200] 10.0.0.168 () {28 vars in 618 bytes} [Wed Apr 22 19:48:41 2026] GET /v2.0/network-ip-availabilities => generated 2446 bytes in 62 msecs (HTTP/1.1 200) 4 headers in 158 bytes (1 switches on core 0)
2026-04-22 19:48:41.950 8 INFO neutron.db.segments_db [None req-a7db91bd-0efa-4316-9976-c3634d85e9e2 bf1a4149c7fb4aa4a58371b1cf3ecc9b 0d1c0bf6230643f69a4256c12e02cde9 - - default default] Added segment 52124b3f-f39d-4764-99be-c7d08ec86c35 of type geneve for network b96687fc-c50e-4dee-9daa-6c661cd83414
2026-04-22 19:48:41.962 7 INFO neutron.db.ovn_revision_numbers_db [None req-1a85bc42-1412-4370-b0f8-c59bd63bed31 834355cc0c2f47689931e56a91530c2a 32781d9c164a4e9cba6bbada8899fbcb - - default default] Successfully bumped revision number for resource 60c1becc-2b53-4f9c-af1d-ba636f551bc6 (type: security_groups) to 1
2026-04-22 19:48:41.976 7 INFO neutron.db.ovn_revision_numbers_db [None req-1a85bc42-1412-4370-b0f8-c59bd63bed31 834355cc0c2f47689931e56a91530c2a 32781d9c164a4e9cba6bbada8899fbcb - - default default] Successfully bumped revision number for resource 2bb7dfb8-1d65-4905-8d84-7290fb0242d7 (type: security_group_rules) to 0
2026-04-22 19:48:41.987 7 INFO neutron.db.ovn_revision_numbers_db [None req-1a85bc42-1412-4370-b0f8-c59bd63bed31 834355cc0c2f47689931e56a91530c2a 32781d9c164a4e9cba6bbada8899fbcb - - default default] Successfully bumped revision number for resource 63da4fef-59a1-44a1-83f9-5dbf517946cd (type: security_group_rules) to 0
2026-04-22 19:48:42.003 7 INFO neutron.db.ovn_revision_numbers_db [None req-1a85bc42-1412-4370-b0f8-c59bd63bed31 834355cc0c2f47689931e56a91530c2a 32781d9c164a4e9cba6bbada8899fbcb - - default default] Successfully bumped revision number for resource a45d2216-f37e-4f64-9e16-04e34a9aa910 (type: security_group_rules) to 0
2026-04-22 19:48:42.021 7 INFO neutron.db.ovn_revision_numbers_db [None req-1a85bc42-1412-4370-b0f8-c59bd63bed31 834355cc0c2f47689931e56a91530c2a 32781d9c164a4e9cba6bbada8899fbcb - - default default] Successfully bumped revision number for resource cab73efd-b493-410c-b632-a307b8b57401 (type: security_group_rules) to 0
2026-04-22 19:48:42.054 8 INFO neutron.db.ovn_revision_numbers_db [None req-a7db91bd-0efa-4316-9976-c3634d85e9e2 bf1a4149c7fb4aa4a58371b1cf3ecc9b 0d1c0bf6230643f69a4256c12e02cde9 - - default default] Successfully bumped revision number for resource b96687fc-c50e-4dee-9daa-6c661cd83414 (type: networks) to 1 [pid: 7|app: 0|req: 625/1201] 10.0.0.158 () {32 vars in 773 bytes} [Wed Apr 22 19:48:41 2026] GET /v2.0/security-groups?tenant_id=9f2b08975e254ec0993a93d80767f9ab&name=default => generated 2925 bytes in 537 msecs (HTTP/1.1 200) 4 headers in 158 bytes (1 switches on core 0) [pid: 7|app: 0|req: 626/1202] 10.0.0.168 () {28 vars in 582 bytes} [Wed Apr 22 19:48:42 2026] GET /v2.0/subnets => generated 1993 bytes in 40 msecs (HTTP/1.1 200) 4 headers in 158 bytes (1 switches on core 0)
2026-04-22 19:48:42.266 8 WARNING neutron.scheduler.dhcp_agent_scheduler [None req-a7db91bd-0efa-4316-9976-c3634d85e9e2 bf1a4149c7fb4aa4a58371b1cf3ecc9b 0d1c0bf6230643f69a4256c12e02cde9 - - default default] No more DHCP agents
2026-04-22 19:48:42.268 8 WARNING neutron.api.rpc.agentnotifiers.dhcp_rpc_agent_api [None req-a7db91bd-0efa-4316-9976-c3634d85e9e2 bf1a4149c7fb4aa4a58371b1cf3ecc9b 0d1c0bf6230643f69a4256c12e02cde9 - - default default] Unable to schedule network b96687fc-c50e-4dee-9daa-6c661cd83414: no agents available; will retry on subsequent port and subnet creation events.
2026-04-22 19:48:42.314 7 INFO neutron.plugins.ml2.drivers.ovn.mech_driver.mech_driver [None req-d4fa8f25-421d-4f09-be84-a9de8545bf23 - - - - - -] OVN reports status down for port: c1d51847-8b61-4d62-9ba4-97fd9bb36f44
2026-04-22 19:48:42.360 8 INFO neutron.db.ovn_revision_numbers_db [None req-a7db91bd-0efa-4316-9976-c3634d85e9e2 bf1a4149c7fb4aa4a58371b1cf3ecc9b 0d1c0bf6230643f69a4256c12e02cde9 - - default default] Successfully bumped revision number for resource c1d51847-8b61-4d62-9ba4-97fd9bb36f44 (type: ports) to 1 [pid: 7|app: 0|req: 627/1203] 10.0.0.158 () {32 vars in 739 bytes} [Wed Apr 22 19:48:42 2026] DELETE /v2.0/security-groups/60c1becc-2b53-4f9c-af1d-ba636f551bc6 => generated 0 bytes in 271 msecs (HTTP/1.1 204) 2 headers in 112 bytes (1 switches on core 0) [pid: 8|app: 0|req: 577/1204] 10.0.0.158 () {34 vars in 669 bytes} [Wed Apr 22 19:48:41 2026] POST /v2.0/networks => generated 688 bytes in 516 msecs (HTTP/1.1 201) 4 headers in 162 bytes (1 switches on core 0) [pid: 7|app: 0|req: 628/1205] 10.0.0.168 () {28 vars in 590 bytes} [Wed Apr 22 19:48:42 2026] GET /v2.0/subnetpools => generated 19 bytes in 17 msecs (HTTP/1.1 200) 4 headers in 156 bytes (1 switches on core 0) [pid: 7|app: 0|req: 629/1206] 10.0.0.168 () {28 vars in 580 bytes} [Wed Apr 22 19:48:42 2026] GET /v2.0/agents => generated 1214 bytes in 50 msecs (HTTP/1.1 200) 4 headers in 158 bytes (1 switches on core 0)
2026-04-22 19:48:42.634 8 INFO neutron.db.ovn_revision_numbers_db [None req-21b4e6c7-e01c-4ce6-aafa-cc9416b12ad0 e851215f8f5b4a9eac560698bb0fb79c 15d8c8f098eb4a87ba7cfd97878d93fc - - default default] Successfully bumped revision number for resource c798c4c6-9948-4836-be07-0ee88d9f7264 (type: security_groups) to 1
2026-04-22 19:48:42.649 8 INFO neutron.db.ovn_revision_numbers_db [None req-21b4e6c7-e01c-4ce6-aafa-cc9416b12ad0 e851215f8f5b4a9eac560698bb0fb79c 15d8c8f098eb4a87ba7cfd97878d93fc - - default default] Successfully bumped revision number for resource 4632a7e1-7ab8-489b-8600-ac7109d521b7 (type: security_group_rules) to 0
2026-04-22 19:48:42.664 8 INFO neutron.db.ovn_revision_numbers_db [None req-21b4e6c7-e01c-4ce6-aafa-cc9416b12ad0 e851215f8f5b4a9eac560698bb0fb79c 15d8c8f098eb4a87ba7cfd97878d93fc - - default default] Successfully bumped revision number for resource 46d6cb98-71ba-4899-a03a-f207e7ab5f55 (type: security_group_rules) to 0
2026-04-22 19:48:42.678 8 INFO neutron.db.ovn_revision_numbers_db [None req-21b4e6c7-e01c-4ce6-aafa-cc9416b12ad0 e851215f8f5b4a9eac560698bb0fb79c 15d8c8f098eb4a87ba7cfd97878d93fc - - default default] Successfully bumped revision number for resource 7a7b760a-41ed-4283-9e57-0c3ae3dc9f34 (type: security_group_rules) to 0
2026-04-22 19:48:42.690 8 INFO neutron.db.ovn_revision_numbers_db [None req-21b4e6c7-e01c-4ce6-aafa-cc9416b12ad0 e851215f8f5b4a9eac560698bb0fb79c 15d8c8f098eb4a87ba7cfd97878d93fc - - default default] Successfully bumped revision number for resource b9fb30f4-037b-42ab-b147-eefbc8ea2cab (type: security_group_rules) to 0
2026-04-22 19:48:42.780 7 WARNING neutron.scheduler.dhcp_agent_scheduler [None req-e2757be7-5f7f-40c8-be55-eb3bf3fde451 bf1a4149c7fb4aa4a58371b1cf3ecc9b 0d1c0bf6230643f69a4256c12e02cde9 - - default default] No more DHCP agents
2026-04-22 19:48:42.782 7 WARNING neutron.api.rpc.agentnotifiers.dhcp_rpc_agent_api [None req-e2757be7-5f7f-40c8-be55-eb3bf3fde451 bf1a4149c7fb4aa4a58371b1cf3ecc9b 0d1c0bf6230643f69a4256c12e02cde9 - - default default] Unable to schedule network 1408cca3-88c5-4a93-b8e9-a1812ed5fd20: no agents available; will retry on subsequent port and subnet creation events.
2026-04-22 19:48:42.788 8 INFO neutron.db.segments_db [None req-21b4e6c7-e01c-4ce6-aafa-cc9416b12ad0 e851215f8f5b4a9eac560698bb0fb79c 15d8c8f098eb4a87ba7cfd97878d93fc - - default default] Added segment b8c4a3fc-c93c-418f-800c-4dd1e0939d7e of type geneve for network 5ea072e6-aa28-4976-8cd8-2ac1dc0f6f7c
2026-04-22 19:48:42.942 8 INFO neutron.db.ovn_revision_numbers_db [None req-21b4e6c7-e01c-4ce6-aafa-cc9416b12ad0 e851215f8f5b4a9eac560698bb0fb79c 15d8c8f098eb4a87ba7cfd97878d93fc - - default default] Successfully bumped revision number for resource 5ea072e6-aa28-4976-8cd8-2ac1dc0f6f7c (type: networks) to 1
2026-04-22 19:48:43.148 8 WARNING neutron.scheduler.dhcp_agent_scheduler [None req-21b4e6c7-e01c-4ce6-aafa-cc9416b12ad0 e851215f8f5b4a9eac560698bb0fb79c 15d8c8f098eb4a87ba7cfd97878d93fc - - default default] No more DHCP agents
2026-04-22 19:48:43.149 8 WARNING neutron.api.rpc.agentnotifiers.dhcp_rpc_agent_api [None req-21b4e6c7-e01c-4ce6-aafa-cc9416b12ad0 e851215f8f5b4a9eac560698bb0fb79c 15d8c8f098eb4a87ba7cfd97878d93fc - - default default] Unable to schedule network 5ea072e6-aa28-4976-8cd8-2ac1dc0f6f7c: no agents available; will retry on subsequent port and subnet creation events.
2026-04-22 19:48:43.201 7 INFO neutron.plugins.ml2.drivers.ovn.mech_driver.mech_driver [None req-d4fa8f25-421d-4f09-be84-a9de8545bf23 - - - - - -] OVN reports status down for port: e8ac0028-15c5-497d-ac20-8e4525668367
2026-04-22 19:48:43.241 8 INFO neutron.db.ovn_revision_numbers_db [None req-21b4e6c7-e01c-4ce6-aafa-cc9416b12ad0 e851215f8f5b4a9eac560698bb0fb79c 15d8c8f098eb4a87ba7cfd97878d93fc - - default default] Successfully bumped revision number for resource e8ac0028-15c5-497d-ac20-8e4525668367 (type: ports) to 1 [pid: 8|app: 0|req: 578/1207] 10.0.0.158 () {34 vars in 669 bytes} [Wed Apr 22 19:48:42 2026] POST /v2.0/networks => generated 682 bytes in 874 msecs (HTTP/1.1 201) 4 headers in 162 bytes (1 switches on core 0)
2026-04-22 19:48:43.284 7 INFO neutron.db.ovn_revision_numbers_db [None req-e74c8003-43a5-4cf2-b4d5-f909ed325448 - - - - - -] Successfully bumped revision number for resource ba3f9a7f-0ed5-4fdd-897d-de7edd36e6d1 (type: ports) to 2 [pid: 8|app: 0|req: 579/1208] 10.0.0.168 () {28 vars in 590 bytes} [Wed Apr 22 19:48:43 2026] GET /v2.0/floatingips => generated 555 bytes in 25 msecs (HTTP/1.1 200) 4 headers in 157 bytes (1 switches on core 0)
2026-04-22 19:48:43.345 7 INFO neutron.db.ovn_revision_numbers_db [None req-e74c8003-43a5-4cf2-b4d5-f909ed325448 - - - - - -] Successfully bumped revision number for resource e4ac515f-6282-4e4c-89c8-e9de0ffe8af6 (type: subnets) to 0
2026-04-22 19:48:43.372 7 WARNING neutron.scheduler.dhcp_agent_scheduler [None req-e2757be7-5f7f-40c8-be55-eb3bf3fde451 bf1a4149c7fb4aa4a58371b1cf3ecc9b 0d1c0bf6230643f69a4256c12e02cde9 - - default default] No more DHCP agents
2026-04-22 19:48:43.374 7 WARNING neutron.api.rpc.agentnotifiers.dhcp_rpc_agent_api [None req-e2757be7-5f7f-40c8-be55-eb3bf3fde451 bf1a4149c7fb4aa4a58371b1cf3ecc9b 0d1c0bf6230643f69a4256c12e02cde9 - - default default] Unable to schedule network b96687fc-c50e-4dee-9daa-6c661cd83414: no agents available; will retry on subsequent port and subnet creation events.
2026-04-22 19:48:43.414 8 INFO neutron.db.ovn_revision_numbers_db [None req-32d8e4da-1749-4852-a19b-ca838bbe774e 834355cc0c2f47689931e56a91530c2a 32781d9c164a4e9cba6bbada8899fbcb - - default default] Successfully bumped revision number for resource 4468798b-bdbe-4d21-84ff-b844bffe71f9 (type: security_groups) to 1
2026-04-22 19:48:43.428 8 INFO neutron.db.ovn_revision_numbers_db [None req-32d8e4da-1749-4852-a19b-ca838bbe774e 834355cc0c2f47689931e56a91530c2a 32781d9c164a4e9cba6bbada8899fbcb - - default default] Successfully bumped revision number for resource 2e6df950-c936-4c56-8305-ddc23606543a (type: security_group_rules) to 0
2026-04-22 19:48:43.442 8 INFO neutron.db.ovn_revision_numbers_db [None req-32d8e4da-1749-4852-a19b-ca838bbe774e 834355cc0c2f47689931e56a91530c2a 32781d9c164a4e9cba6bbada8899fbcb - - default default] Successfully bumped revision number for resource 55620574-a8fe-43b5-a416-4e4f47591cbf (type: security_group_rules) to 0
2026-04-22 19:48:43.457 8 INFO neutron.db.ovn_revision_numbers_db [None req-32d8e4da-1749-4852-a19b-ca838bbe774e 834355cc0c2f47689931e56a91530c2a 32781d9c164a4e9cba6bbada8899fbcb - - default default] Successfully bumped revision number for resource 5ca8ba06-2df8-4963-9b05-845b7ce67c78 (type: security_group_rules) to 0
2026-04-22 19:48:43.468 8 INFO neutron.db.ovn_revision_numbers_db [None req-32d8e4da-1749-4852-a19b-ca838bbe774e 834355cc0c2f47689931e56a91530c2a 32781d9c164a4e9cba6bbada8899fbcb - - default default] Successfully bumped revision number for resource 7a26d44f-a147-40ea-8948-cdd4c34be952 (type: security_group_rules) to 0 [pid: 8|app: 0|req: 580/1209] 10.0.0.158 () {32 vars in 773 bytes} [Wed Apr 22 19:48:43 2026] GET /v2.0/security-groups?tenant_id=10b98f6376fb49538653acb2b6a2fcba&name=default => generated 2925 bytes in 216 msecs (HTTP/1.1 200) 4 headers in 158 bytes (1 switches on core 0) [pid: 8|app: 0|req: 581/1210] 10.0.0.230 () {34 vars in 989 bytes} [Wed Apr 22 19:48:43 2026] GET /v2.0/ports?device_id=d8e08cde-d3f5-4fff-b533-caa70862eb73 => generated 12 bytes in 15 msecs (HTTP/1.1 200) 4 headers in 156 bytes (1 switches on core 0) [pid: 8|app: 0|req: 582/1211] 10.0.0.168 () {28 vars in 582 bytes} [Wed Apr 22 19:48:43 2026] GET /v2.0/subnets => generated 3290 bytes in 35 msecs (HTTP/1.1 200) 4 headers in 158 bytes (1 switches on core 0)
2026-04-22 19:48:43.753 8 WARNING neutron.scheduler.dhcp_agent_scheduler [None req-9bbd22a5-676a-46ac-98ea-34138840b0aa e851215f8f5b4a9eac560698bb0fb79c 15d8c8f098eb4a87ba7cfd97878d93fc - - default default] No more DHCP agents
2026-04-22 19:48:43.755 8 WARNING neutron.api.rpc.agentnotifiers.dhcp_rpc_agent_api [None req-9bbd22a5-676a-46ac-98ea-34138840b0aa e851215f8f5b4a9eac560698bb0fb79c 15d8c8f098eb4a87ba7cfd97878d93fc - - default default] Unable to schedule network 5ea072e6-aa28-4976-8cd8-2ac1dc0f6f7c: no agents available; will retry on subsequent port and subnet creation events.
2026-04-22 19:48:43.768 7 INFO neutron.db.ovn_revision_numbers_db [None req-27084fdb-9207-43a2-bf8f-2f93f33ec92e - - - - - -] Successfully bumped revision number for resource c1d51847-8b61-4d62-9ba4-97fd9bb36f44 (type: ports) to 2
2026-04-22 19:48:43.817 7 INFO neutron.db.ovn_revision_numbers_db [None req-27084fdb-9207-43a2-bf8f-2f93f33ec92e - - - - - -] Successfully bumped revision number for resource 54a58575-5abc-44ee-8365-dbd47a5ba908 (type: subnets) to 0 [pid: 7|app: 0|req: 630/1212] 10.0.0.158 () {34 vars in 668 bytes} [Wed Apr 22 19:48:42 2026] POST /v2.0/subnets => generated 1274 bytes in 1379 msecs (HTTP/1.1 201) 4 headers in 163 bytes (1 switches on core 0) [pid: 7|app: 0|req: 631/1213] 10.0.0.158 () {32 vars in 739 bytes} [Wed Apr 22 19:48:43 2026] DELETE /v2.0/security-groups/4468798b-bdbe-4d21-84ff-b844bffe71f9 => generated 0 bytes in 223 msecs (HTTP/1.1 204) 2 headers in 112 bytes (1 switches on core 0) [pid: 7|app: 0|req: 632/1214] 10.0.0.168 () {28 vars in 598 bytes} [Wed Apr 22 19:48:44 2026] GET /v2.0/security-groups => generated 28978 bytes in 40 msecs (HTTP/1.1 200) 4 headers in 159 bytes (1 switches on core 0) [pid: 7|app: 0|req: 633/1215] 10.0.0.158 () {32 vars in 646 bytes} [Wed Apr 22 19:48:44 2026] GET /v2.0/subnets => generated 1910 bytes in 43 msecs (HTTP/1.1 200) 4 headers in 158 bytes (1 switches on core 0) [pid: 7|app: 0|req: 634/1216] 10.0.0.168 () {28 vars in 578 bytes} [Wed Apr 22 19:48:44 2026] GET /v2.0/ports => generated 14319 bytes in 86 msecs (HTTP/1.1 200) 4 headers in 159 bytes (1 switches on core 0)
2026-04-22 19:48:44.239 8 INFO neutron.db.ovn_revision_numbers_db [None req-c354264a-8032-4beb-b870-c2a674486a3c - - - - - -] Successfully bumped revision number for resource e8ac0028-15c5-497d-ac20-8e4525668367 (type: ports) to 2
