2026-04-22 19:49:21.439 8 INFO neutron.db.ovn_revision_numbers_db [None req-0ae811bd-52a1-48f9-b78c-bb5471d3f0bd - - - - - -] Successfully bumped revision number for resource b137a95e-c7e1-4db9-ad90-735ad74e0ea6 (type: ports) to 2
2026-04-22 19:49:21.722 8 INFO neutron.db.ovn_revision_numbers_db [None req-20a55eca-22da-4c71-ad9b-5b7cdd22c624 3b9bb08e1fc747b5acce6c8af8863d98 ad355f38b7d542cc96a04b13529883d1 - - default default] Successfully bumped revision number for resource fa33f98f-6150-4ca4-a05f-40578fec8593 (type: security_groups) to 1
2026-04-22 19:49:21.741 8 INFO neutron.db.ovn_revision_numbers_db [None req-20a55eca-22da-4c71-ad9b-5b7cdd22c624 3b9bb08e1fc747b5acce6c8af8863d98 ad355f38b7d542cc96a04b13529883d1 - - default default] Successfully bumped revision number for resource 2c582318-6845-4ad6-bed8-17d24ea671b8 (type: security_group_rules) to 0
2026-04-22 19:49:21.774 8 INFO neutron.db.ovn_revision_numbers_db [None req-20a55eca-22da-4c71-ad9b-5b7cdd22c624 3b9bb08e1fc747b5acce6c8af8863d98 ad355f38b7d542cc96a04b13529883d1 - - default default] Successfully bumped revision number for resource ecf403c6-9802-4794-a2d4-ebbd6f51364a (type: security_group_rules) to 0 [pid: 8|app: 0|req: 795/1570] 10.0.0.158 () {34 vars in 684 bytes} [Wed Apr 22 19:49:21 2026] POST /v2.0/security-groups => generated 1675 bytes in 378 msecs (HTTP/1.1 201) 4 headers in 163 bytes (1 switches on core 0) [pid: 8|app: 0|req: 796/1571] 10.0.0.158 () {32 vars in 716 bytes} [Wed Apr 22 19:49:21 2026] GET /v2.0/ports/85ac43c0-0a8e-46e4-836b-c87a7c2a9dee => generated 774 bytes in 34 msecs (HTTP/1.1 200) 4 headers in 157 bytes (1 switches on core 0)
2026-04-22 19:49:21.850 7 WARNING neutron.scheduler.dhcp_agent_scheduler [None req-11803e9d-56c3-434e-962b-e82542ad6f4d 834355cc0c2f47689931e56a91530c2a 32781d9c164a4e9cba6bbada8899fbcb - - default default] No more DHCP agents
2026-04-22 19:49:21.851 7 WARNING neutron.api.rpc.agentnotifiers.dhcp_rpc_agent_api [None req-11803e9d-56c3-434e-962b-e82542ad6f4d 834355cc0c2f47689931e56a91530c2a 32781d9c164a4e9cba6bbada8899fbcb - - default default] Unable to schedule network a62e917c-ff7d-4cf0-9c36-912118947fb3: no agents available; will retry on subsequent port and subnet creation events.
2026-04-22 19:49:21.987 8 INFO neutron.db.ovn_revision_numbers_db [None req-8b3d03c9-496b-4fd5-aa8b-c9f3a26aa59a 3b9bb08e1fc747b5acce6c8af8863d98 ad355f38b7d542cc96a04b13529883d1 - - default default] Successfully bumped revision number for resource 9b0e5de3-e39c-4f33-b55e-547602687cc3 (type: security_group_rules) to 0 [pid: 8|app: 0|req: 797/1572] 10.0.0.158 () {34 vars in 694 bytes} [Wed Apr 22 19:49:21 2026] POST /v2.0/security-group-rules => generated 597 bytes in 172 msecs (HTTP/1.1 201) 4 headers in 162 bytes (1 switches on core 0)
2026-04-22 19:49:22.038 8 INFO neutron.pecan_wsgi.hooks.translation [None req-26983657-2767-4fde-bc75-71173a23a761 4a9b78dad26242918219a98258558ad0 b6c1d1fd945243d38e296889734ca87a - - default default] DELETE failed (client error): The resource could not be found. [pid: 8|app: 0|req: 798/1573] 10.0.0.158 () {32 vars in 719 bytes} [Wed Apr 22 19:49:22 2026] DELETE /v2.0/ports/15244e66-67b1-47b6-8ca3-34414ad35818 => generated 132 bytes in 19 msecs (HTTP/1.1 404) 4 headers in 164 bytes (1 switches on core 0)
2026-04-22 19:49:22.231 8 INFO neutron.db.ovn_revision_numbers_db [None req-12966849-9607-4661-b60a-067ca2e1b076 3b9bb08e1fc747b5acce6c8af8863d98 ad355f38b7d542cc96a04b13529883d1 - - default default] Successfully bumped revision number for resource 664942fa-7a92-43b2-8a96-37c0162ebff7 (type: security_group_rules) to 0 [pid: 8|app: 0|req: 799/1574] 10.0.0.158 () {34 vars in 694 bytes} [Wed Apr 22 19:49:22 2026] POST /v2.0/security-group-rules => generated 596 bytes in 231 msecs (HTTP/1.1 201) 4 headers in 162 bytes (1 switches on core 0)
2026-04-22 19:49:22.302 8 INFO neutron.pecan_wsgi.hooks.translation [None req-5a649c44-0481-4869-bcd5-05c590f2d38e 4a9b78dad26242918219a98258558ad0 b6c1d1fd945243d38e296889734ca87a - - default default] DELETE failed (client error): The resource could not be found. [pid: 8|app: 0|req: 800/1575] 10.0.0.158 () {32 vars in 723 bytes} [Wed Apr 22 19:49:22 2026] DELETE /v2.0/subnets/9c6fcb81-2060-4464-a4d8-493480cb64fe => generated 136 bytes in 34 msecs (HTTP/1.1 404) 4 headers in 164 bytes (1 switches on core 0)
2026-04-22 19:49:22.353 7 INFO neutron.db.ovn_revision_numbers_db [None req-11803e9d-56c3-434e-962b-e82542ad6f4d 834355cc0c2f47689931e56a91530c2a 32781d9c164a4e9cba6bbada8899fbcb - - default default] Successfully bumped revision number for resource b137a95e-c7e1-4db9-ad90-735ad74e0ea6 (type: router_ports) to 2 [pid: 7|app: 0|req: 776/1576] 10.0.0.158 () {34 vars in 782 bytes} [Wed Apr 22 19:49:17 2026] PUT /v2.0/routers/4d6ee7bf-c0df-4c9c-a230-fe2233d7f681/add_router_interface => generated 309 bytes in 4840 msecs (HTTP/1.1 200) 4 headers in 157 bytes (1 switches on core 0)
2026-04-22 19:49:22.370 7 INFO neutron.pecan_wsgi.hooks.translation [None req-35c6d1e0-c770-4c09-921d-7d74fef3e40e 4a9b78dad26242918219a98258558ad0 b6c1d1fd945243d38e296889734ca87a - - default default] DELETE failed (client error): The resource could not be found. [pid: 7|app: 0|req: 777/1577] 10.0.0.158 () {32 vars in 723 bytes} [Wed Apr 22 19:49:22 2026] DELETE /v2.0/subnets/8d88f02f-2392-42b5-ac89-7c394f5984e2 => generated 136 bytes in 15 msecs (HTTP/1.1 404) 4 headers in 164 bytes (1 switches on core 0)
2026-04-22 19:49:22.489 7 INFO neutron_taas.services.taas.taas_plugin [None req-e5613835-74c4-45fb-9ae0-c93c35a03376 4a9b78dad26242918219a98258558ad0 b6c1d1fd945243d38e296889734ca87a - - default default] TaaS: Handle Delete Port: 85ac43c0-0a8e-46e4-836b-c87a7c2a9dee
2026-04-22 19:49:22.491 7 INFO neutron_taas.services.taas.tap_mirror_plugin [None req-e5613835-74c4-45fb-9ae0-c93c35a03376 4a9b78dad26242918219a98258558ad0 b6c1d1fd945243d38e296889734ca87a - - default default] Tap Mirror: Handle Delete Port: 85ac43c0-0a8e-46e4-836b-c87a7c2a9dee
2026-04-22 19:49:22.519 8 INFO neutron.db.ovn_revision_numbers_db [None req-24391296-6445-4e4f-9a3a-3bef49dd470d 3b9bb08e1fc747b5acce6c8af8863d98 ad355f38b7d542cc96a04b13529883d1 - - default default] Successfully bumped revision number for resource 2106b162-2892-4e43-8122-23bd2aafaba5 (type: security_group_rules) to 0 [pid: 8|app: 0|req: 801/1578] 10.0.0.158 () {34 vars in 694 bytes} [Wed Apr 22 19:49:22 2026] POST /v2.0/security-group-rules => generated 602 bytes in 245 msecs (HTTP/1.1 201) 4 headers in 162 bytes (1 switches on core 0) [pid: 7|app: 0|req: 778/1579] 10.0.0.158 () {32 vars in 719 bytes} [Wed Apr 22 19:49:22 2026] DELETE /v2.0/ports/85ac43c0-0a8e-46e4-836b-c87a7c2a9dee => generated 0 bytes in 243 msecs (HTTP/1.1 204) 3 headers in 131 bytes (1 switches on core 0)
2026-04-22 19:49:22.708 8 INFO neutron.db.ovn_revision_numbers_db [None req-6be06c78-d976-4f01-ab24-835f2a225cd7 3b9bb08e1fc747b5acce6c8af8863d98 ad355f38b7d542cc96a04b13529883d1 - - default default] Successfully bumped revision number for resource a5cbc1c5-6a8a-45ec-9928-d3f70296658a (type: security_group_rules) to 0 [pid: 8|app: 0|req: 802/1580] 10.0.0.158 () {34 vars in 694 bytes} [Wed Apr 22 19:49:22 2026] POST /v2.0/security-group-rules => generated 601 bytes in 180 msecs (HTTP/1.1 201) 4 headers in 162 bytes (1 switches on core 0)
2026-04-22 19:49:22.739 7 INFO neutron_taas.services.taas.taas_plugin [None req-a221f58d-1a25-40e4-941f-ed12a891cc6e 4a9b78dad26242918219a98258558ad0 b6c1d1fd945243d38e296889734ca87a - - default default] TaaS: Handle Delete Port: 396db7c3-97bc-44ac-8481-80254658c3d2
2026-04-22 19:49:22.741 7 INFO neutron_taas.services.taas.tap_mirror_plugin [None req-a221f58d-1a25-40e4-941f-ed12a891cc6e 4a9b78dad26242918219a98258558ad0 b6c1d1fd945243d38e296889734ca87a - - default default] Tap Mirror: Handle Delete Port: 396db7c3-97bc-44ac-8481-80254658c3d2
2026-04-22 19:49:22.931 7 INFO neutron.services.segments.plugin [-] Segment 5aaf0323-dc9a-4978-ba73-404c7acae1d6 resource provider aggregate not found
2026-04-22 19:49:22.938 7 INFO neutron.services.segments.plugin [-] Segment 5aaf0323-dc9a-4978-ba73-404c7acae1d6 resource provider aggregate not found
2026-04-22 19:49:22.956 7 INFO neutron.services.segments.plugin [-] Segment 5aaf0323-dc9a-4978-ba73-404c7acae1d6 resource provider not found; error: Placement Client Error (4xx): {"errors": [{"status": 404, "title": "Not Found", "detail": "The resource could not be found.\n\n No resource provider with uuid 5aaf0323-dc9a-4978-ba73-404c7acae1d6 found for delete ", "request_id": "req-a4b7094e-0a72-494f-ab4b-8dfe5bd34787"}]}
2026-04-22 19:49:22.967 7 INFO neutron.services.segments.plugin [-] Segment 5aaf0323-dc9a-4978-ba73-404c7acae1d6 resource provider not found; error: Placement Client Error (4xx): {"errors": [{"status": 404, "title": "Not Found", "detail": "The resource could not be found.\n\n No resource provider with uuid 5aaf0323-dc9a-4978-ba73-404c7acae1d6 found for delete ", "request_id": "req-0d192b97-96c3-4f24-8147-1b770b8ae80d"}]} [pid: 7|app: 0|req: 779/1581] 10.0.0.158 () {32 vars in 725 bytes} [Wed Apr 22 19:49:22 2026] DELETE /v2.0/networks/d89e7390-c375-4afa-bbe9-45cad070f2c8 => generated 0 bytes in 351 msecs (HTTP/1.1 204) 3 headers in 131 bytes (1 switches on core 0)
2026-04-22 19:49:23.035 7 INFO neutron.db.securitygroups_db [None req-99e5f943-a3bd-4ac9-bba2-c30cdf537ce9 3b9bb08e1fc747b5acce6c8af8863d98 ad355f38b7d542cc96a04b13529883d1 - - default default] Project ad355f38b7d542cc96a04b13529883d1 added a security group rule with legacy IPv6 ICMP protocol name icmp, ipv6-icmp should be used instead. It was automatically converted.
2026-04-22 19:49:23.106 8 INFO neutron.db.ovn_revision_numbers_db [None req-75a52bb5-2115-4b33-99db-f8b641f6916e 834355cc0c2f47689931e56a91530c2a 32781d9c164a4e9cba6bbada8899fbcb - - default default] Successfully bumped revision number for resource 82cd17bf-af10-4112-9fd4-03cb1370ceec (type: security_groups) to 1
2026-04-22 19:49:23.116 8 INFO neutron.db.ovn_revision_numbers_db [None req-75a52bb5-2115-4b33-99db-f8b641f6916e 834355cc0c2f47689931e56a91530c2a 32781d9c164a4e9cba6bbada8899fbcb - - default default] Successfully bumped revision number for resource b582b327-cce5-4a85-b394-6285068d28d9 (type: security_group_rules) to 0
2026-04-22 19:49:23.130 8 INFO neutron.db.ovn_revision_numbers_db [None req-75a52bb5-2115-4b33-99db-f8b641f6916e 834355cc0c2f47689931e56a91530c2a 32781d9c164a4e9cba6bbada8899fbcb - - default default] Successfully bumped revision number for resource b7b5abbe-83a7-4c58-99f8-fc5233095476 (type: security_group_rules) to 0
2026-04-22 19:49:23.143 8 INFO neutron.db.ovn_revision_numbers_db [None req-75a52bb5-2115-4b33-99db-f8b641f6916e 834355cc0c2f47689931e56a91530c2a 32781d9c164a4e9cba6bbada8899fbcb - - default default] Successfully bumped revision number for resource b7e93a4f-4d23-4822-978d-43b73a2893f7 (type: security_group_rules) to 0
2026-04-22 19:49:23.155 8 INFO neutron.db.ovn_revision_numbers_db [None req-75a52bb5-2115-4b33-99db-f8b641f6916e 834355cc0c2f47689931e56a91530c2a 32781d9c164a4e9cba6bbada8899fbcb - - default default] Successfully bumped revision number for resource f83a1a5a-4772-4deb-84dc-adf2e2b64466 (type: security_group_rules) to 0
2026-04-22 19:49:23.176 7 INFO neutron.db.ovn_revision_numbers_db [None req-99e5f943-a3bd-4ac9-bba2-c30cdf537ce9 3b9bb08e1fc747b5acce6c8af8863d98 ad355f38b7d542cc96a04b13529883d1 - - default default] Successfully bumped revision number for resource 425c28f6-bf45-44d1-8eb9-6df032699587 (type: security_group_rules) to 0 [pid: 7|app: 0|req: 780/1582] 10.0.0.158 () {34 vars in 694 bytes} [Wed Apr 22 19:49:22 2026] POST /v2.0/security-group-rules => generated 607 bytes in 227 msecs (HTTP/1.1 201) 4 headers in 162 bytes (1 switches on core 0)
2026-04-22 19:49:23.240 8 INFO neutron.db.segments_db [None req-75a52bb5-2115-4b33-99db-f8b641f6916e 834355cc0c2f47689931e56a91530c2a 32781d9c164a4e9cba6bbada8899fbcb - - default default] Added segment 5447dcd8-94a4-455d-9009-955a98320989 of type geneve for network a35c5dab-dbbf-4b8d-8a2a-ffd67a77417e
2026-04-22 19:49:23.312 7 INFO neutron.db.ovn_revision_numbers_db [None req-40d1b3cb-f1aa-4a3e-abce-ffdc5bdef30a 405756a5714d463ea4e7935ed3772a2f 16e96133ee444a209d47b54fbe725d8c - - default default] Successfully bumped revision number for resource 2546494f-95d9-4ef2-9a46-27bf722ed210 (type: security_groups) to 1
2026-04-22 19:49:23.324 7 INFO neutron.db.ovn_revision_numbers_db [None req-40d1b3cb-f1aa-4a3e-abce-ffdc5bdef30a 405756a5714d463ea4e7935ed3772a2f 16e96133ee444a209d47b54fbe725d8c - - default default] Successfully bumped revision number for resource 33749794-addc-415e-aebe-0ab638b53aa8 (type: security_group_rules) to 0
2026-04-22 19:49:23.340 7 INFO neutron.db.ovn_revision_numbers_db [None req-40d1b3cb-f1aa-4a3e-abce-ffdc5bdef30a 405756a5714d463ea4e7935ed3772a2f 16e96133ee444a209d47b54fbe725d8c - - default default] Successfully bumped revision number for resource 8af12de3-d812-498b-9434-2e31ec2d7694 (type: security_group_rules) to 0
2026-04-22 19:49:23.369 8 INFO neutron.db.ovn_revision_numbers_db [None req-75a52bb5-2115-4b33-99db-f8b641f6916e 834355cc0c2f47689931e56a91530c2a 32781d9c164a4e9cba6bbada8899fbcb - - default default] Successfully bumped revision number for resource a35c5dab-dbbf-4b8d-8a2a-ffd67a77417e (type: networks) to 1 [pid: 7|app: 0|req: 781/1583] 10.0.0.158 () {34 vars in 684 bytes} [Wed Apr 22 19:49:23 2026] POST /v2.0/security-groups => generated 1661 bytes in 180 msecs (HTTP/1.1 201) 4 headers in 163 bytes (1 switches on core 0)
2026-04-22 19:49:23.426 7 INFO neutron.db.securitygroups_db [None req-fffe3c4d-9530-4e06-8b44-ab7880de1ebb 3b9bb08e1fc747b5acce6c8af8863d98 ad355f38b7d542cc96a04b13529883d1 - - default default] Project ad355f38b7d542cc96a04b13529883d1 added a security group rule with legacy IPv6 ICMP protocol name icmp, ipv6-icmp should be used instead. It was automatically converted.
2026-04-22 19:49:23.545 7 INFO neutron.db.ovn_revision_numbers_db [None req-fffe3c4d-9530-4e06-8b44-ab7880de1ebb 3b9bb08e1fc747b5acce6c8af8863d98 ad355f38b7d542cc96a04b13529883d1 - - default default] Successfully bumped revision number for resource 539404ca-9256-4153-8708-853f22391f1c (type: security_group_rules) to 0
2026-04-22 19:49:23.553 8 WARNING neutron.scheduler.dhcp_agent_scheduler [None req-75a52bb5-2115-4b33-99db-f8b641f6916e 834355cc0c2f47689931e56a91530c2a 32781d9c164a4e9cba6bbada8899fbcb - - default default] No more DHCP agents
2026-04-22 19:49:23.555 8 WARNING neutron.api.rpc.agentnotifiers.dhcp_rpc_agent_api [None req-75a52bb5-2115-4b33-99db-f8b641f6916e 834355cc0c2f47689931e56a91530c2a 32781d9c164a4e9cba6bbada8899fbcb - - default default] Unable to schedule network a35c5dab-dbbf-4b8d-8a2a-ffd67a77417e: no agents available; will retry on subsequent port and subnet creation events. [pid: 7|app: 0|req: 782/1584] 10.0.0.158 () {34 vars in 694 bytes} [Wed Apr 22 19:49:23 2026] POST /v2.0/security-group-rules => generated 606 bytes in 189 msecs (HTTP/1.1 201) 4 headers in 162 bytes (1 switches on core 0)
2026-04-22 19:49:23.652 8 INFO neutron.db.ovn_revision_numbers_db [None req-75a52bb5-2115-4b33-99db-f8b641f6916e 834355cc0c2f47689931e56a91530c2a 32781d9c164a4e9cba6bbada8899fbcb - - default default] Successfully bumped revision number for resource c8362b87-50d5-431e-a195-ee86aee58e07 (type: ports) to 1 [pid: 8|app: 0|req: 803/1585] 10.0.0.158 () {34 vars in 670 bytes} [Wed Apr 22 19:49:22 2026] POST /v2.0/networks => generated 781 bytes in 937 msecs (HTTP/1.1 201) 4 headers in 162 bytes (1 switches on core 0)
2026-04-22 19:49:23.730 7 INFO neutron.db.ovn_revision_numbers_db [None req-46a5d8f1-423a-4866-9054-99025df03fa6 405756a5714d463ea4e7935ed3772a2f 16e96133ee444a209d47b54fbe725d8c - - default default] Successfully bumped revision number for resource 1fdbc732-adff-4ed3-b905-ea999063cae1 (type: security_group_rules) to 0 [pid: 7|app: 0|req: 783/1586] 10.0.0.158 () {34 vars in 694 bytes} [Wed Apr 22 19:49:23 2026] POST /v2.0/security-group-rules => generated 597 bytes in 185 msecs (HTTP/1.1 201) 4 headers in 162 bytes (1 switches on core 0) [pid: 8|app: 0|req: 804/1587] 10.0.0.158 () {32 vars in 773 bytes} [Wed Apr 22 19:49:23 2026] GET /v2.0/security-groups?tenant_id=b6c1d1fd945243d38e296889734ca87a&name=default => generated 2925 bytes in 118 msecs (HTTP/1.1 200) 4 headers in 158 bytes (1 switches on core 0)
2026-04-22 19:49:23.895 7 WARNING neutron.scheduler.dhcp_agent_scheduler [None req-88e2f259-5865-4b1d-a772-c424bd729f76 834355cc0c2f47689931e56a91530c2a 32781d9c164a4e9cba6bbada8899fbcb - - default default] No more DHCP agents
2026-04-22 19:49:23.897 7 WARNING neutron.api.rpc.agentnotifiers.dhcp_rpc_agent_api [None req-88e2f259-5865-4b1d-a772-c424bd729f76 834355cc0c2f47689931e56a91530c2a 32781d9c164a4e9cba6bbada8899fbcb - - default default] Unable to schedule network a35c5dab-dbbf-4b8d-8a2a-ffd67a77417e: no agents available; will retry on subsequent port and subnet creation events.
2026-04-22 19:49:23.965 8 INFO neutron.db.ovn_revision_numbers_db [None req-6fab5683-e367-42db-9131-08de9d4267bf 405756a5714d463ea4e7935ed3772a2f 16e96133ee444a209d47b54fbe725d8c - - default default] Successfully bumped revision number for resource 66e0c297-24b7-4f8e-b2d5-d39d7f0ab74b (type: security_group_rules) to 0 [pid: 8|app: 0|req: 805/1588] 10.0.0.158 () {34 vars in 694 bytes} [Wed Apr 22 19:49:23 2026] POST /v2.0/security-group-rules => generated 602 bytes in 213 msecs (HTTP/1.1 201) 4 headers in 162 bytes (1 switches on core 0) [pid: 8|app: 0|req: 806/1589] 10.0.0.158 () {32 vars in 739 bytes} [Wed Apr 22 19:49:24 2026] DELETE /v2.0/security-groups/95bf06f1-a892-4e51-9334-a53246048669 => generated 0 bytes in 242 msecs (HTTP/1.1 204) 2 headers in 112 bytes (1 switches on core 0) [pid: 8|app: 0|req: 807/1590] 10.0.0.158 () {32 vars in 648 bytes} [Wed Apr 22 19:49:24 2026] GET /v2.0/networks => generated 1374 bytes in 94 msecs (HTTP/1.1 200) 4 headers in 158 bytes (1 switches on core 0)
2026-04-22 19:49:24.420 7 INFO neutron.db.ovn_revision_numbers_db [None req-7b0346a3-d1f2-4964-a8b0-4096ade25f57 - - - - - -] Successfully bumped revision number for resource c8362b87-50d5-431e-a195-ee86aee58e07 (type: ports) to 2
2026-04-22 19:49:24.452 7 INFO neutron.db.ovn_revision_numbers_db [None req-7b0346a3-d1f2-4964-a8b0-4096ade25f57 - - - - - -] Successfully bumped revision number for resource 94d2bbdc-8645-46d0-a17a-c804e525720b (type: subnets) to 0 [pid: 7|app: 0|req: 784/1591] 10.0.0.158 () {34 vars in 668 bytes} [Wed Apr 22 19:49:23 2026] POST /v2.0/subnets => generated 687 bytes in 714 msecs (HTTP/1.1 201) 4 headers in 162 bytes (1 switches on core 0) [pid: 7|app: 0|req: 785/1592] 10.0.0.230 () {34 vars in 1099 bytes} [Wed Apr 22 19:49:24 2026] GET /v2.0/security-groups?name=tempest-secgroup-smoke-1192433914&fields=id&tenant_id=ad355f38b7d542cc96a04b13529883d1 => generated 69 bytes in 42 msecs (HTTP/1.1 200) 4 headers in 156 bytes (1 switches on core 0)
2026-04-22 19:49:24.636 8 WARNING neutron.scheduler.dhcp_agent_scheduler [None req-3bd8823d-825f-44e8-87b7-75319dcd9d7d 405756a5714d463ea4e7935ed3772a2f 16e96133ee444a209d47b54fbe725d8c - - default default] No more DHCP agents
2026-04-22 19:49:24.638 8 WARNING neutron.api.rpc.agentnotifiers.dhcp_rpc_agent_api [None req-3bd8823d-825f-44e8-87b7-75319dcd9d7d 405756a5714d463ea4e7935ed3772a2f 16e96133ee444a209d47b54fbe725d8c - - default default] Unable to schedule network 414fcb42-9473-42f0-83a8-49f8fe53d8d4: no agents available; will retry on subsequent port and subnet creation events. [pid: 8|app: 0|req: 808/1593] 10.0.0.158 () {34 vars in 675 bytes} [Wed Apr 22 19:49:24 2026] POST /v2.0/floatingips => generated 552 bytes in 666 msecs (HTTP/1.1 201) 4 headers in 162 bytes (1 switches on core 0) [pid: 8|app: 0|req: 809/1594] 10.0.0.230 () {34 vars in 981 bytes} [Wed Apr 22 19:49:25 2026] GET /v2.0/networks?id=9b410f2a-ad62-4aaa-ae2b-901b3bf787bf => generated 699 bytes in 44 msecs (HTTP/1.1 200) 4 headers in 157 bytes (1 switches on core 0) [pid: 8|app: 0|req: 810/1595] 10.0.0.230 () {34 vars in 964 bytes} [Wed Apr 22 19:49:25 2026] GET /v2.0/quotas/ad355f38b7d542cc96a04b13529883d1 => generated 292 bytes in 12 msecs (HTTP/1.1 200) 4 headers in 157 bytes (1 switches on core 0)
2026-04-22 19:49:25.085 7 WARNING neutron.scheduler.dhcp_agent_scheduler [None req-639ea2f7-54e7-46b6-870f-366524c8f0e5 834355cc0c2f47689931e56a91530c2a 32781d9c164a4e9cba6bbada8899fbcb - - default default] No more DHCP agents
2026-04-22 19:49:25.086 7 WARNING neutron.api.rpc.agentnotifiers.dhcp_rpc_agent_api [None req-639ea2f7-54e7-46b6-870f-366524c8f0e5 834355cc0c2f47689931e56a91530c2a 32781d9c164a4e9cba6bbada8899fbcb - - default default] Unable to schedule network 414fcb42-9473-42f0-83a8-49f8fe53d8d4: no agents available; will retry on subsequent port and subnet creation events. [pid: 8|app: 0|req: 811/1596] 10.0.0.230 () {34 vars in 1001 bytes} [Wed Apr 22 19:49:25 2026] GET /v2.0/ports?tenant_id=ad355f38b7d542cc96a04b13529883d1&fields=id => generated 103 bytes in 77 msecs (HTTP/1.1 200) 4 headers in 157 bytes (1 switches on core 0) [pid: 8|app: 0|req: 812/1597] 10.0.0.230 () {34 vars in 1007 bytes} [Wed Apr 22 19:49:25 2026] GET /v2.0/networks/9b410f2a-ad62-4aaa-ae2b-901b3bf787bf?fields=segments => generated 14 bytes in 64 msecs (HTTP/1.1 200) 4 headers in 156 bytes (1 switches on core 0)
2026-04-22 19:49:25.250 7 INFO neutron.db.ovn_revision_numbers_db [None req-639ea2f7-54e7-46b6-870f-366524c8f0e5 834355cc0c2f47689931e56a91530c2a 32781d9c164a4e9cba6bbada8899fbcb - - default default] Successfully bumped revision number for resource 36f53d92-5b11-44a8-a89e-ca79a988d26e (type: ports) to 1 [pid: 8|app: 0|req: 813/1598] 10.0.0.230 () {34 vars in 1107 bytes} [Wed Apr 22 19:49:25 2026] GET /v2.0/networks/9b410f2a-ad62-4aaa-ae2b-901b3bf787bf?fields=provider%3Aphysical_network&fields=provider%3Anetwork_type => generated 79 bytes in 62 msecs (HTTP/1.1 200) 4 headers in 156 bytes (1 switches on core 0) [pid: 8|app: 0|req: 814/1599] 10.0.0.230 () {34 vars in 989 bytes} [Wed Apr 22 19:49:25 2026] GET /v2.0/ports?device_id=98602f33-95e9-46a3-b33a-6f7f80da31bf => generated 12 bytes in 34 msecs (HTTP/1.1 200) 4 headers in 156 bytes (1 switches on core 0) [pid: 8|app: 0|req: 815/1600] 10.0.0.230 () {34 vars in 1099 bytes} [Wed Apr 22 19:49:25 2026] GET /v2.0/security-groups?name=tempest-securitygroup--2003218304&fields=id&tenant_id=16e96133ee444a209d47b54fbe725d8c => generated 69 bytes in 37 msecs (HTTP/1.1 200) 4 headers in 156 bytes (1 switches on core 0) [pid: 8|app: 0|req: 816/1601] 10.0.0.230 () {34 vars in 981 bytes} [Wed Apr 22 19:49:25 2026] GET /v2.0/networks?id=a62e917c-ff7d-4cf0-9c36-912118947fb3 => generated 713 bytes in 58 msecs (HTTP/1.1 200) 4 headers in 157 bytes (1 switches on core 0) [pid: 8|app: 0|req: 817/1602] 10.0.0.230 () {34 vars in 964 bytes} [Wed Apr 22 19:49:25 2026] GET /v2.0/quotas/16e96133ee444a209d47b54fbe725d8c => generated 292 bytes in 14 msecs (HTTP/1.1 200) 4 headers in 157 bytes (1 switches on core 0) [pid: 8|app: 0|req: 818/1603] 10.0.0.230 () {34 vars in 1001 bytes} [Wed Apr 22 19:49:25 2026] GET /v2.0/ports?tenant_id=16e96133ee444a209d47b54fbe725d8c&fields=id => generated 103 bytes in 79 msecs (HTTP/1.1 200) 4 headers in 157 bytes (1 switches on core 0) [pid: 8|app: 0|req: 819/1604] 10.0.0.230 () {34 vars in 1007 bytes} [Wed Apr 22 19:49:25 2026] GET /v2.0/networks/a62e917c-ff7d-4cf0-9c36-912118947fb3?fields=segments => generated 14 bytes in 44 msecs (HTTP/1.1 200) 4 headers in 156 bytes (1 switches on core 0) [pid: 8|app: 0|req: 820/1605] 10.0.0.230 () {34 vars in 1107 bytes} [Wed Apr 22 19:49:25 2026] GET /v2.0/networks/a62e917c-ff7d-4cf0-9c36-912118947fb3?fields=provider%3Aphysical_network&fields=provider%3Anetwork_type => generated 79 bytes in 63 msecs (HTTP/1.1 200) 4 headers in 156 bytes (1 switches on core 0)
2026-04-22 19:49:25.991 7 INFO neutron.plugins.ml2.drivers.ovn.mech_driver.ovsdb.commands [None req-e9aa470b-bb1c-4c7a-9fae-bd695c358465 - - - - - -] Schedule LRP lrp-36f53d92-5b11-44a8-a89e-ca79a988d26e on gateway 6ad5e86a-2956-42fb-a4b4-3c81ff577e64 with priority 1
2026-04-22 19:49:26.077 8 INFO neutron.plugins.ml2.drivers.ovn.mech_driver.ovsdb.ovsdb_monitor [None req-64f1a997-2985-4f76-b370-c8da80041013 - - - - - -] Router 88d9f5a4-1ed5-4de4-8916-f5cf75c35852 is bound to host instance
2026-04-22 19:49:26.088 7 INFO neutron.db.ovn_revision_numbers_db [None req-639ea2f7-54e7-46b6-870f-366524c8f0e5 834355cc0c2f47689931e56a91530c2a 32781d9c164a4e9cba6bbada8899fbcb - - default default] Successfully bumped revision number for resource 36f53d92-5b11-44a8-a89e-ca79a988d26e (type: router_ports) to 1 [pid: 8|app: 0|req: 821/1606] 10.0.0.230 () {34 vars in 989 bytes} [Wed Apr 22 19:49:26 2026] GET /v2.0/ports?device_id=dae7b593-47a3-40ac-b659-8f4c73fa8297 => generated 12 bytes in 53 msecs (HTTP/1.1 200) 4 headers in 156 bytes (1 switches on core 0)
2026-04-22 19:49:26.191 7 INFO neutron.db.ovn_revision_numbers_db [None req-639ea2f7-54e7-46b6-870f-366524c8f0e5 834355cc0c2f47689931e56a91530c2a 32781d9c164a4e9cba6bbada8899fbcb - - default default] Successfully bumped revision number for resource 88d9f5a4-1ed5-4de4-8916-f5cf75c35852 (type: routers) to 2 [pid: 7|app: 0|req: 786/1607] 10.0.0.158 () {34 vars in 668 bytes} [Wed Apr 22 19:49:24 2026] POST /v2.0/routers => generated 965 bytes in 1696 msecs (HTTP/1.1 201) 4 headers in 162 bytes (1 switches on core 0)
2026-04-22 19:49:26.559 8 WARNING neutron.plugins.ml2.drivers.ovn.mech_driver.ovsdb.ovn_client [None req-4106aac6-ccc0-4d18-b133-bb24edf8cbc6 - - - - - -] No hosting information found for port b137a95e-c7e1-4db9-ad90-735ad74e0ea6: RuntimeError: No hosting information found for port b137a95e-c7e1-4db9-ad90-735ad74e0ea6
2026-04-22 19:49:26.624 7 WARNING neutron.plugins.ml2.drivers.ovn.mech_driver.ovsdb.ovn_client [None req-966be6c4-c4bb-4298-9f1d-fe794081f35c - - - - - -] No hosting information found for port 5a9253ed-6c7d-44ca-a09b-6e547cd9df48: RuntimeError: No hosting information found for port 5a9253ed-6c7d-44ca-a09b-6e547cd9df48
2026-04-22 19:49:26.746 8 INFO neutron.plugins.ml2.drivers.ovn.mech_driver.mech_driver [None req-4106aac6-ccc0-4d18-b133-bb24edf8cbc6 - - - - - -] OVN reports status down for port: 36f53d92-5b11-44a8-a89e-ca79a988d26e
2026-04-22 19:49:26.811 8 INFO neutron.db.ovn_revision_numbers_db [None req-731edace-492e-4dcc-ac76-ab4cafa6e81c 3657391b703f4cc8a59f4b322f8819ab 0493f22fdf584b50893a7a4f51eb5a27 - - default default] Successfully bumped revision number for resource 46f2c2e7-ea27-4124-892b-09849641673e (type: security_groups) to 1
2026-04-22 19:49:26.859 8 INFO neutron.db.ovn_revision_numbers_db [None req-731edace-492e-4dcc-ac76-ab4cafa6e81c 3657391b703f4cc8a59f4b322f8819ab 0493f22fdf584b50893a7a4f51eb5a27 - - default default] Successfully bumped revision number for resource 47b3c11e-b949-4c44-aecf-1069c148a86e (type: security_group_rules) to 0
2026-04-22 19:49:26.863 7 INFO neutron.db.ovn_revision_numbers_db [None req-966be6c4-c4bb-4298-9f1d-fe794081f35c - - - - - -] Successfully bumped revision number for resource 5a9253ed-6c7d-44ca-a09b-6e547cd9df48 (type: router_ports) to 2
2026-04-22 19:49:26.894 8 INFO neutron.db.ovn_revision_numbers_db [None req-731edace-492e-4dcc-ac76-ab4cafa6e81c 3657391b703f4cc8a59f4b322f8819ab 0493f22fdf584b50893a7a4f51eb5a27 - - default default] Successfully bumped revision number for resource 574a6116-df6a-439f-99ef-07dfdda3e180 (type: security_group_rules) to 0
2026-04-22 19:49:26.940 8 INFO neutron.db.ovn_revision_numbers_db [None req-731edace-492e-4dcc-ac76-ab4cafa6e81c 3657391b703f4cc8a59f4b322f8819ab 0493f22fdf584b50893a7a4f51eb5a27 - - default default] Successfully bumped revision number for resource ac0983e1-1d74-41df-968c-8a604796e8ee (type: security_group_rules) to 0
2026-04-22 19:49:26.955 7 INFO neutron.plugins.ml2.drivers.ovn.mech_driver.mech_driver [None req-966be6c4-c4bb-4298-9f1d-fe794081f35c - - - - - -] OVN reports status down for port: c8362b87-50d5-431e-a195-ee86aee58e07
2026-04-22 19:49:26.982 8 INFO neutron.db.ovn_revision_numbers_db [None req-731edace-492e-4dcc-ac76-ab4cafa6e81c 3657391b703f4cc8a59f4b322f8819ab 0493f22fdf584b50893a7a4f51eb5a27 - - default default] Successfully bumped revision number for resource f953c6c1-0877-4dee-a292-553da17100a1 (type: security_group_rules) to 0
2026-04-22 19:49:26.985 7 WARNING neutron.scheduler.dhcp_agent_scheduler [None req-4104f16a-9165-4db0-a14f-fa00ff539ad8 834355cc0c2f47689931e56a91530c2a 32781d9c164a4e9cba6bbada8899fbcb - - default default] No more DHCP agents
2026-04-22 19:49:26.986 8 WARNING neutron.plugins.ml2.drivers.ovn.mech_driver.ovsdb.ovn_client [None req-4106aac6-ccc0-4d18-b133-bb24edf8cbc6 - - - - - -] Logical_Switch_Port 36f53d92-5b11-44a8-a89e-ca79a988d26e host information not removed, the port state is up
2026-04-22 19:49:26.986 8 INFO neutron.plugins.ml2.drivers.ovn.mech_driver.mech_driver [None req-4106aac6-ccc0-4d18-b133-bb24edf8cbc6 - - - - - -] OVN reports status up for port: 36f53d92-5b11-44a8-a89e-ca79a988d26e
2026-04-22 19:49:26.990 7 WARNING neutron.api.rpc.agentnotifiers.dhcp_rpc_agent_api [None req-4104f16a-9165-4db0-a14f-fa00ff539ad8 834355cc0c2f47689931e56a91530c2a 32781d9c164a4e9cba6bbada8899fbcb - - default default] Unable to schedule network a35c5dab-dbbf-4b8d-8a2a-ffd67a77417e: no agents available; will retry on subsequent port and subnet creation events.
2026-04-22 19:49:27.034 8 INFO neutron.plugins.ml2.plugin [None req-4106aac6-ccc0-4d18-b133-bb24edf8cbc6 - - - - - -] Attempt 1 to provision port 36f53d92-5b11-44a8-a89e-ca79a988d26e
2026-04-22 19:49:27.218 7 INFO neutron.db.ovn_revision_numbers_db [None req-4104f16a-9165-4db0-a14f-fa00ff539ad8 834355cc0c2f47689931e56a91530c2a 32781d9c164a4e9cba6bbada8899fbcb - - default default] Successfully bumped revision number for resource 4752a3a6-2c81-4cff-9777-cd500819c2c0 (type: ports) to 1
2026-04-22 19:49:27.223 8 INFO neutron.db.segments_db [None req-731edace-492e-4dcc-ac76-ab4cafa6e81c 3657391b703f4cc8a59f4b322f8819ab 0493f22fdf584b50893a7a4f51eb5a27 - - default default] Added segment 813e341a-3f9e-40fa-8aaf-2087ba6991ef of type geneve for network f2ac681f-59f6-4b8e-8c0b-76c9df3f6244
2026-04-22 19:49:27.270 8 INFO neutron.plugins.ml2.drivers.ovn.mech_driver.mech_driver [None req-4106aac6-ccc0-4d18-b133-bb24edf8cbc6 - - - - - -] OVN reports status down for port: 4752a3a6-2c81-4cff-9777-cd500819c2c0
2026-04-22 19:49:27.639 8 INFO neutron.db.ovn_revision_numbers_db [None req-731edace-492e-4dcc-ac76-ab4cafa6e81c 3657391b703f4cc8a59f4b322f8819ab 0493f22fdf584b50893a7a4f51eb5a27 - - default default] Successfully bumped revision number for resource f2ac681f-59f6-4b8e-8c0b-76c9df3f6244 (type: networks) to 1
2026-04-22 19:49:27.918 8 INFO neutron.plugins.ml2.drivers.ovn.mech_driver.mech_driver [None req-4106aac6-ccc0-4d18-b133-bb24edf8cbc6 - - - - - -] OVN reports status up for port: 4752a3a6-2c81-4cff-9777-cd500819c2c0
2026-04-22 19:49:27.996 8 INFO neutron.plugins.ml2.plugin [None req-4106aac6-ccc0-4d18-b133-bb24edf8cbc6 - - - - - -] Attempt 1 to provision port 4752a3a6-2c81-4cff-9777-cd500819c2c0
2026-04-22 19:49:28.024 7 WARNING neutron.scheduler.dhcp_agent_scheduler [None req-4104f16a-9165-4db0-a14f-fa00ff539ad8 834355cc0c2f47689931e56a91530c2a 32781d9c164a4e9cba6bbada8899fbcb - - default default] No more DHCP agents
2026-04-22 19:49:28.025 7 WARNING neutron.api.rpc.agentnotifiers.dhcp_rpc_agent_api [None req-4104f16a-9165-4db0-a14f-fa00ff539ad8 834355cc0c2f47689931e56a91530c2a 32781d9c164a4e9cba6bbada8899fbcb - - default default] Unable to schedule network a35c5dab-dbbf-4b8d-8a2a-ffd67a77417e: no agents available; will retry on subsequent port and subnet creation events.
2026-04-22 19:49:28.053 8 WARNING neutron.scheduler.dhcp_agent_scheduler [None req-731edace-492e-4dcc-ac76-ab4cafa6e81c 3657391b703f4cc8a59f4b322f8819ab 0493f22fdf584b50893a7a4f51eb5a27 - - default default] No more DHCP agents
2026-04-22 19:49:28.056 8 WARNING neutron.api.rpc.agentnotifiers.dhcp_rpc_agent_api [None req-731edace-492e-4dcc-ac76-ab4cafa6e81c 3657391b703f4cc8a59f4b322f8819ab 0493f22fdf584b50893a7a4f51eb5a27 - - default default] Unable to schedule network f2ac681f-59f6-4b8e-8c0b-76c9df3f6244: no agents available; will retry on subsequent port and subnet creation events.
2026-04-22 19:49:28.066 8 INFO neutron.db.ovn_revision_numbers_db [None req-5c8e4444-4704-4d7d-a031-1f6b4021a79b - - - - - -] Successfully bumped revision number for resource 36f53d92-5b11-44a8-a89e-ca79a988d26e (type: ports) to 4
2026-04-22 19:49:28.185 7 INFO neutron.plugins.ml2.drivers.ovn.mech_driver.mech_driver [None req-966be6c4-c4bb-4298-9f1d-fe794081f35c - - - - - -] OVN reports status down for port: cb18c11d-40f0-412e-a89e-9b3981d03407
2026-04-22 19:49:28.292 8 INFO neutron.db.ovn_revision_numbers_db [None req-731edace-492e-4dcc-ac76-ab4cafa6e81c 3657391b703f4cc8a59f4b322f8819ab 0493f22fdf584b50893a7a4f51eb5a27 - - default default] Successfully bumped revision number for resource cb18c11d-40f0-412e-a89e-9b3981d03407 (type: ports) to 1 [pid: 8|app: 0|req: 822/1608] 10.0.0.158 () {34 vars in 669 bytes} [Wed Apr 22 19:49:26 2026] POST /v2.0/networks => generated 667 bytes in 2340 msecs (HTTP/1.1 201) 4 headers in 162 bytes (1 switches on core 0) [pid: 8|app: 0|req: 823/1609] 10.0.0.230 () {34 vars in 989 bytes} [Wed Apr 22 19:49:28 2026] GET /v2.0/ports?device_id=98602f33-95e9-46a3-b33a-6f7f80da31bf => generated 12 bytes in 62 msecs (HTTP/1.1 200) 4 headers in 156 bytes (1 switches on core 0) [pid: 8|app: 0|req: 824/1610] 10.0.0.230 () {34 vars in 989 bytes} [Wed Apr 22 19:49:28 2026] GET /v2.0/ports?device_id=dae7b593-47a3-40ac-b659-8f4c73fa8297 => generated 12 bytes in 83 msecs (HTTP/1.1 200) 4 headers in 156 bytes (1 switches on core 0)
2026-04-22 19:49:28.628 7 INFO neutron.db.ovn_revision_numbers_db [None req-4104f16a-9165-4db0-a14f-fa00ff539ad8 834355cc0c2f47689931e56a91530c2a 32781d9c164a4e9cba6bbada8899fbcb - - default default] Successfully bumped revision number for resource 4752a3a6-2c81-4cff-9777-cd500819c2c0 (type: router_ports) to 1 [pid: 7|app: 0|req: 787/1611] 10.0.0.158 () {34 vars in 782 bytes} [Wed Apr 22 19:49:26 2026] PUT /v2.0/routers/88d9f5a4-1ed5-4de4-8916-f5cf75c35852/add_router_interface => generated 309 bytes in 2415 msecs (HTTP/1.1 200) 4 headers in 157 bytes (1 switches on core 0)
2026-04-22 19:49:28.788 8 INFO neutron.db.segments_db [None req-875c7c06-ec4e-444f-81a6-9dcb310fa460 3657391b703f4cc8a59f4b322f8819ab 0493f22fdf584b50893a7a4f51eb5a27 - - default default] Added segment c7d30af7-c8df-4422-ae2b-e97a51df0260 of type geneve for network 93a32fd6-6eb7-466d-a47c-56b605a6353e
2026-04-22 19:49:29.178 8 INFO neutron.db.ovn_revision_numbers_db [None req-875c7c06-ec4e-444f-81a6-9dcb310fa460 3657391b703f4cc8a59f4b322f8819ab 0493f22fdf584b50893a7a4f51eb5a27 - - default default] Successfully bumped revision number for resource 93a32fd6-6eb7-466d-a47c-56b605a6353e (type: networks) to 1
2026-04-22 19:49:29.424 8 INFO neutron.db.ovn_revision_numbers_db [None req-5c8e4444-4704-4d7d-a031-1f6b4021a79b - - - - - -] Successfully bumped revision number for resource 36f53d92-5b11-44a8-a89e-ca79a988d26e (type: ports) to 5 [pid: 7|app: 0|req: 790/1614] 10.0.0.230 () {34 vars in 989 bytes} [Wed Apr 22 19:49:29 2026] GET /v2.0/ports?device_id=98602f33-95e9-46a3-b33a-6f7f80da31bf => generated 12 bytes in 30 msecs (HTTP/1.1 200) 4 headers in 156 bytes (1 switches on core 0)
2026-04-22 19:49:29.641 8 INFO neutron.db.ovn_revision_numbers_db [None req-4106aac6-ccc0-4d18-b133-bb24edf8cbc6 - - - - - -] Successfully bumped revision number for resource 4752a3a6-2c81-4cff-9777-cd500819c2c0 (type: ports) to 2 [pid: 7|app: 0|req: 791/1615] 10.0.0.230 () {34 vars in 989 bytes} [Wed Apr 22 19:49:29 2026] GET /v2.0/ports?device_id=dae7b593-47a3-40ac-b659-8f4c73fa8297 => generated 12 bytes in 23 msecs (HTTP/1.1 200) 4 headers in 156 bytes (1 switches on core 0)
2026-04-22 19:49:29.781 8 WARNING neutron.scheduler.dhcp_agent_scheduler [None req-875c7c06-ec4e-444f-81a6-9dcb310fa460 3657391b703f4cc8a59f4b322f8819ab 0493f22fdf584b50893a7a4f51eb5a27 - - default default] No more DHCP agents
2026-04-22 19:49:29.786 8 WARNING neutron.api.rpc.agentnotifiers.dhcp_rpc_agent_api [None req-875c7c06-ec4e-444f-81a6-9dcb310fa460 3657391b703f4cc8a59f4b322f8819ab 0493f22fdf584b50893a7a4f51eb5a27 - - default default] Unable to schedule network 93a32fd6-6eb7-466d-a47c-56b605a6353e: no agents available; will retry on subsequent port and subnet creation events.
2026-04-22 19:49:29.916 7 INFO neutron.plugins.ml2.drivers.ovn.mech_driver.mech_driver [None req-966be6c4-c4bb-4298-9f1d-fe794081f35c - - - - - -] OVN reports status down for port: d6e86a3f-29ad-4efe-b8e7-5bfe22f32e63
2026-04-22 19:49:29.930 8 INFO neutron.db.ovn_revision_numbers_db [None req-875c7c06-ec4e-444f-81a6-9dcb310fa460 3657391b703f4cc8a59f4b322f8819ab 0493f22fdf584b50893a7a4f51eb5a27 - - default default] Successfully bumped revision number for resource d6e86a3f-29ad-4efe-b8e7-5bfe22f32e63 (type: ports) to 1 [pid: 8|app: 0|req: 825/1616] 10.0.0.158 () {34 vars in 669 bytes} [Wed Apr 22 19:49:28 2026] POST /v2.0/networks => generated 668 bytes in 1379 msecs (HTTP/1.1 201) 4 headers in 162 bytes (1 switches on core 0) [pid: 8|app: 0|req: 826/1617] 199.204.45.229 () {34 vars in 985 bytes} [Wed Apr 22 19:49:29 2026] GET /v2.0/networks?id=9b410f2a-ad62-4aaa-ae2b-901b3bf787bf => generated 699 bytes in 54 msecs (HTTP/1.1 200) 4 headers in 157 bytes (1 switches on core 0)
2026-04-22 19:49:30.033 7 INFO neutron.db.ovn_revision_numbers_db [None req-b6e162fa-faaf-4e3d-b502-63d06eeef82d 834355cc0c2f47689931e56a91530c2a 32781d9c164a4e9cba6bbada8899fbcb - - default default] Successfully bumped revision number for resource 26f90a85-abaa-4778-ad93-f3cce021d0b6 (type: security_groups) to 1
2026-04-22 19:49:30.060 7 INFO neutron.db.ovn_revision_numbers_db [None req-b6e162fa-faaf-4e3d-b502-63d06eeef82d 834355cc0c2f47689931e56a91530c2a 32781d9c164a4e9cba6bbada8899fbcb - - default default] Successfully bumped revision number for resource 403d8a91-1c93-4c0a-8486-8faf537add1d (type: security_group_rules) to 0
2026-04-22 19:49:30.074 7 INFO neutron.db.ovn_revision_numbers_db [None req-b6e162fa-faaf-4e3d-b502-63d06eeef82d 834355cc0c2f47689931e56a91530c2a 32781d9c164a4e9cba6bbada8899fbcb - - default default] Successfully bumped revision number for resource 59ad6106-dac7-4595-b3ac-13f995354fa7 (type: security_group_rules) to 0
2026-04-22 19:49:30.088 7 INFO neutron.db.ovn_revision_numbers_db [None req-b6e162fa-faaf-4e3d-b502-63d06eeef82d 834355cc0c2f47689931e56a91530c2a 32781d9c164a4e9cba6bbada8899fbcb - - default default] Successfully bumped revision number for resource e26874fd-743b-4601-ae76-d9d351af090d (type: security_group_rules) to 0
2026-04-22 19:49:30.100 7 INFO neutron.db.ovn_revision_numbers_db [None req-b6e162fa-faaf-4e3d-b502-63d06eeef82d 834355cc0c2f47689931e56a91530c2a 32781d9c164a4e9cba6bbada8899fbcb - - default default] Successfully bumped revision number for resource fbfc4197-eec6-4fd0-aab9-26129d7526dd (type: security_group_rules) to 0
2026-04-22 19:49:30.186 7 INFO neutron.db.segments_db [None req-b6e162fa-faaf-4e3d-b502-63d06eeef82d 834355cc0c2f47689931e56a91530c2a 32781d9c164a4e9cba6bbada8899fbcb - - default default] Added segment 0c8728cf-7591-4a12-9d65-7c440f95a4d7 of type geneve for network de8a3b35-da52-47de-bd97-7bace76a4af7
2026-04-22 19:49:30.193 8 WARNING neutron.scheduler.dhcp_agent_scheduler [None req-3d17be4c-9625-4647-a076-6d92e1242b3e 3657391b703f4cc8a59f4b322f8819ab 0493f22fdf584b50893a7a4f51eb5a27 - - default default] No more DHCP agents
2026-04-22 19:49:30.194 8 WARNING neutron.api.rpc.agentnotifiers.dhcp_rpc_agent_api [None req-3d17be4c-9625-4647-a076-6d92e1242b3e 3657391b703f4cc8a59f4b322f8819ab 0493f22fdf584b50893a7a4f51eb5a27 - - default default] Unable to schedule network f2ac681f-59f6-4b8e-8c0b-76c9df3f6244: no agents available; will retry on subsequent port and subnet creation events.
2026-04-22 19:49:30.313 7 INFO neutron.db.ovn_revision_numbers_db [None req-b6e162fa-faaf-4e3d-b502-63d06eeef82d 834355cc0c2f47689931e56a91530c2a 32781d9c164a4e9cba6bbada8899fbcb - - default default] Successfully bumped revision number for resource de8a3b35-da52-47de-bd97-7bace76a4af7 (type: networks) to 1
2026-04-22 19:49:30.503 7 WARNING neutron.scheduler.dhcp_agent_scheduler [None req-b6e162fa-faaf-4e3d-b502-63d06eeef82d 834355cc0c2f47689931e56a91530c2a 32781d9c164a4e9cba6bbada8899fbcb - - default default] No more DHCP agents
2026-04-22 19:49:30.505 7 WARNING neutron.api.rpc.agentnotifiers.dhcp_rpc_agent_api [None req-b6e162fa-faaf-4e3d-b502-63d06eeef82d 834355cc0c2f47689931e56a91530c2a 32781d9c164a4e9cba6bbada8899fbcb - - default default] Unable to schedule network de8a3b35-da52-47de-bd97-7bace76a4af7: no agents available; will retry on subsequent port and subnet creation events.
2026-04-22 19:49:30.564 7 INFO neutron.plugins.ml2.drivers.ovn.mech_driver.mech_driver [None req-966be6c4-c4bb-4298-9f1d-fe794081f35c - - - - - -] OVN reports status down for port: e11e8a82-b605-4c06-9342-3509d7a2662b
2026-04-22 19:49:30.636 7 INFO neutron.db.ovn_revision_numbers_db [None req-b6e162fa-faaf-4e3d-b502-63d06eeef82d 834355cc0c2f47689931e56a91530c2a 32781d9c164a4e9cba6bbada8899fbcb - - default default] Successfully bumped revision number for resource e11e8a82-b605-4c06-9342-3509d7a2662b (type: ports) to 1
2026-04-22 19:49:30.681 8 INFO neutron.db.ovn_revision_numbers_db [None req-073d8419-99ea-4d11-98d0-748beb24121d - - - - - -] Successfully bumped revision number for resource cb18c11d-40f0-412e-a89e-9b3981d03407 (type: ports) to 2 [pid: 7|app: 0|req: 792/1618] 10.0.0.158 () {34 vars in 670 bytes} [Wed Apr 22 19:49:29 2026] POST /v2.0/networks => generated 782 bytes in 924 msecs (HTTP/1.1 201) 4 headers in 162 bytes (1 switches on core 0)
2026-04-22 19:49:30.714 8 INFO neutron.db.ovn_revision_numbers_db [None req-073d8419-99ea-4d11-98d0-748beb24121d - - - - - -] Successfully bumped revision number for resource e9ce008a-9928-4413-9962-d836ef8c4b06 (type: subnets) to 0 [pid: 8|app: 0|req: 827/1619] 10.0.0.158 () {34 vars in 668 bytes} [Wed Apr 22 19:49:30 2026] POST /v2.0/subnets => generated 626 bytes in 709 msecs (HTTP/1.1 201) 4 headers in 162 bytes (1 switches on core 0) [pid: 8|app: 0|req: 828/1620] 10.0.0.230 () {34 vars in 989 bytes} [Wed Apr 22 19:49:30 2026] GET /v2.0/ports?device_id=98602f33-95e9-46a3-b33a-6f7f80da31bf => generated 12 bytes in 17 msecs (HTTP/1.1 200) 4 headers in 156 bytes (1 switches on core 0) [pid: 7|app: 0|req: 793/1621] 199.204.45.229 () {34 vars in 1049 bytes} [Wed Apr 22 19:49:30 2026] GET /v2.0/security-groups?fields=id&fields=name&tenant_id=ad355f38b7d542cc96a04b13529883d1 => generated 181 bytes in 52 msecs (HTTP/1.1 200) 4 headers in 157 bytes (1 switches on core 0)
2026-04-22 19:49:30.894 8 WARNING neutron.scheduler.dhcp_agent_scheduler [None req-6cd66c0d-4c3f-462d-8490-f938bbf4e78a 834355cc0c2f47689931e56a91530c2a 32781d9c164a4e9cba6bbada8899fbcb - - default default] No more DHCP agents
2026-04-22 19:49:30.896 8 WARNING neutron.api.rpc.agentnotifiers.dhcp_rpc_agent_api [None req-6cd66c0d-4c3f-462d-8490-f938bbf4e78a 834355cc0c2f47689931e56a91530c2a 32781d9c164a4e9cba6bbada8899fbcb - - default default] Unable to schedule network de8a3b35-da52-47de-bd97-7bace76a4af7: no agents available; will retry on subsequent port and subnet creation events.
2026-04-22 19:49:30.977 7 WARNING neutron.scheduler.dhcp_agent_scheduler [None req-bc786add-61ad-4d61-80d8-c17a5bee3ebc 3657391b703f4cc8a59f4b322f8819ab 0493f22fdf584b50893a7a4f51eb5a27 - - default default] No more DHCP agents
2026-04-22 19:49:30.978 7 WARNING neutron.api.rpc.agentnotifiers.dhcp_rpc_agent_api [None req-bc786add-61ad-4d61-80d8-c17a5bee3ebc 3657391b703f4cc8a59f4b322f8819ab 0493f22fdf584b50893a7a4f51eb5a27 - - default default] Unable to schedule network 93a32fd6-6eb7-466d-a47c-56b605a6353e: no agents available; will retry on subsequent port and subnet creation events.
2026-04-22 19:49:31.361 8 INFO neutron.db.ovn_revision_numbers_db [None req-233db4de-65a6-4932-a146-e16a8ac7994d - - - - - -] Successfully bumped revision number for resource e11e8a82-b605-4c06-9342-3509d7a2662b (type: ports) to 2
2026-04-22 19:49:31.388 8 INFO neutron.db.ovn_revision_numbers_db [None req-233db4de-65a6-4932-a146-e16a8ac7994d - - - - - -] Successfully bumped revision number for resource 6d8c7e97-3113-415b-a466-53a08c7e5c8e (type: subnets) to 0 [pid: 8|app: 0|req: 829/1622] 10.0.0.158 () {34 vars in 668 bytes} [Wed Apr 22 19:49:30 2026] POST /v2.0/subnets => generated 688 bytes in 659 msecs (HTTP/1.1 201) 4 headers in 162 bytes (1 switches on core 0) [pid: 8|app: 0|req: 830/1623] 10.0.0.230 () {34 vars in 989 bytes} [Wed Apr 22 19:49:31 2026] GET /v2.0/ports?device_id=dae7b593-47a3-40ac-b659-8f4c73fa8297 => generated 12 bytes in 18 msecs (HTTP/1.1 200) 4 headers in 156 bytes (1 switches on core 0)
2026-04-22 19:49:31.441 7 INFO neutron.db.ovn_revision_numbers_db [None req-b7361481-b7be-4104-a0cf-81585a5e70b8 - - - - - -] Successfully bumped revision number for resource d6e86a3f-29ad-4efe-b8e7-5bfe22f32e63 (type: ports) to 2
2026-04-22 19:49:31.473 7 INFO neutron.db.ovn_revision_numbers_db [None req-b7361481-b7be-4104-a0cf-81585a5e70b8 - - - - - -] Successfully bumped revision number for resource 777272b8-38d5-4a23-823f-4668a2684dc8 (type: subnets) to 0 [pid: 7|app: 0|req: 794/1624] 10.0.0.158 () {34 vars in 668 bytes} [Wed Apr 22 19:49:30 2026] POST /v2.0/subnets => generated 626 bytes in 726 msecs (HTTP/1.1 201) 4 headers in 162 bytes (1 switches on core 0)
2026-04-22 19:49:31.699 8 WARNING neutron.scheduler.dhcp_agent_scheduler [req-310679ff-bd2e-4876-af50-e03bf971879f req-0235a949-3312-4bfb-a0f3-f9885aaa37bb 3b9bb08e1fc747b5acce6c8af8863d98 ad355f38b7d542cc96a04b13529883d1 - - default default] No more DHCP agents
2026-04-22 19:49:31.701 8 WARNING neutron.api.rpc.agentnotifiers.dhcp_rpc_agent_api [req-310679ff-bd2e-4876-af50-e03bf971879f req-0235a949-3312-4bfb-a0f3-f9885aaa37bb 3b9bb08e1fc747b5acce6c8af8863d98 ad355f38b7d542cc96a04b13529883d1 - - default default] Unable to schedule network 9b410f2a-ad62-4aaa-ae2b-901b3bf787bf: no agents available; will retry on subsequent port and subnet creation events.
2026-04-22 19:49:31.824 7 INFO neutron.plugins.ml2.drivers.ovn.mech_driver.mech_driver [None req-966be6c4-c4bb-4298-9f1d-fe794081f35c - - - - - -] OVN reports status down for port: 283df067-6e1f-411e-bb05-7f256437a68a
2026-04-22 19:49:31.859 8 INFO neutron.db.ovn_revision_numbers_db [req-310679ff-bd2e-4876-af50-e03bf971879f req-0235a949-3312-4bfb-a0f3-f9885aaa37bb 3b9bb08e1fc747b5acce6c8af8863d98 ad355f38b7d542cc96a04b13529883d1 - - default default] Successfully bumped revision number for resource 283df067-6e1f-411e-bb05-7f256437a68a (type: ports) to 1 [pid: 8|app: 0|req: 831/1625] 199.204.45.229 () {38 vars in 954 bytes} [Wed Apr 22 19:49:31 2026] POST /v2.0/ports => generated 954 bytes in 489 msecs (HTTP/1.1 201) 4 headers in 162 bytes (1 switches on core 0) /var/lib/openstack/lib/python3.12/site-packages/pycadf/identifier.py:70: UserWarning: Invalid uuid: neutron. To ensure interoperability, identifiers should be a valid uuid. warnings.warn(('Invalid uuid: %s. To ensure interoperability, '
2026-04-22 19:49:32.036 7 WARNING neutron.scheduler.dhcp_agent_scheduler [None req-2cd3179e-368b-49fc-a175-967e5a412fd7 834355cc0c2f47689931e56a91530c2a 32781d9c164a4e9cba6bbada8899fbcb - - default default] No more DHCP agents
2026-04-22 19:49:32.037 8 INFO neutron.db.ovn_revision_numbers_db [None req-10248358-1910-4e0d-aa5d-702948b4dfbb 3657391b703f4cc8a59f4b322f8819ab 0493f22fdf584b50893a7a4f51eb5a27 - - default default] Successfully bumped revision number for resource 72f5d744-9f02-4fde-8569-17b2ad33ca99 (type: routers) to 1
2026-04-22 19:49:32.038 7 WARNING neutron.api.rpc.agentnotifiers.dhcp_rpc_agent_api [None req-2cd3179e-368b-49fc-a175-967e5a412fd7 834355cc0c2f47689931e56a91530c2a 32781d9c164a4e9cba6bbada8899fbcb - - default default] Unable to schedule network 414fcb42-9473-42f0-83a8-49f8fe53d8d4: no agents available; will retry on subsequent port and subnet creation events. [pid: 8|app: 0|req: 832/1626] 10.0.0.158 () {34 vars in 668 bytes} [Wed Apr 22 19:49:31 2026] POST /v2.0/routers => generated 602 bytes in 143 msecs (HTTP/1.1 201) 4 headers in 162 bytes (1 switches on core 0) [pid: 8|app: 0|req: 833/1627] 10.0.0.230 () {34 vars in 989 bytes} [Wed Apr 22 19:49:32 2026] GET /v2.0/ports?device_id=98602f33-95e9-46a3-b33a-6f7f80da31bf => generated 957 bytes in 58 msecs (HTTP/1.1 200) 4 headers in 157 bytes (1 switches on core 0)
2026-04-22 19:49:32.215 7 INFO neutron.db.ovn_revision_numbers_db [None req-2cd3179e-368b-49fc-a175-967e5a412fd7 834355cc0c2f47689931e56a91530c2a 32781d9c164a4e9cba6bbada8899fbcb - - default default] Successfully bumped revision number for resource 107464a4-460a-4238-846f-2afb501443fc (type: ports) to 1
2026-04-22 19:49:32.522 8 INFO neutron.db.ovn_revision_numbers_db [req-310679ff-bd2e-4876-af50-e03bf971879f req-6d25855a-10b0-4588-92eb-4726c0af95f9 45f63873fc9e4418a4821e751c9037c4 28d021b6f53240edbbcee668092219f3 - - 2e03872e53ed4f86ac842b7741258f53 2e03872e53ed4f86ac842b7741258f53] Successfully bumped revision number for resource 283df067-6e1f-411e-bb05-7f256437a68a (type: ports) to 2
