2026-04-22 19:50:36.209 7 WARNING neutron.scheduler.dhcp_agent_scheduler [None req-addb0cd4-e867-48e4-92d4-30c60b807a61 7d8090a9e599436aa8b959f53cb97f2a 4791eb4bd3aa4331808749f2fb3d8abb - - default default] No more DHCP agents
2026-04-22 19:50:36.211 7 WARNING neutron.api.rpc.agentnotifiers.dhcp_rpc_agent_api [None req-addb0cd4-e867-48e4-92d4-30c60b807a61 7d8090a9e599436aa8b959f53cb97f2a 4791eb4bd3aa4331808749f2fb3d8abb - - default default] Unable to schedule network 879fbc35-e050-410d-90a4-490004f4cb6c: no agents available; will retry on subsequent port and subnet creation events.
2026-04-22 19:50:36.305 8 INFO neutron_taas.services.taas.taas_plugin [None req-8185cc5d-1a91-40e8-94a2-b1b914e3506c 339a750c613d4534a212b84d621245df cf332b4443ea41da8f8b27446372faed - - default default] TaaS: Handle Delete Port: a41cbde9-49cf-455d-b291-2a455211f55b
2026-04-22 19:50:36.308 8 INFO neutron_taas.services.taas.tap_mirror_plugin [None req-8185cc5d-1a91-40e8-94a2-b1b914e3506c 339a750c613d4534a212b84d621245df cf332b4443ea41da8f8b27446372faed - - default default] Tap Mirror: Handle Delete Port: a41cbde9-49cf-455d-b291-2a455211f55b
2026-04-22 19:50:36.328 7 INFO neutron.db.ovn_revision_numbers_db [None req-addb0cd4-e867-48e4-92d4-30c60b807a61 7d8090a9e599436aa8b959f53cb97f2a 4791eb4bd3aa4331808749f2fb3d8abb - - default default] Successfully bumped revision number for resource 4e93d4b4-74e0-4958-b8fa-4b79425d6b3e (type: ports) to 1 [pid: 7|app: 0|req: 1036/2075] 10.0.0.158 () {34 vars in 663 bytes} [Wed Apr 22 19:50:35 2026] POST /v2.0/ports => generated 743 bytes in 426 msecs (HTTP/1.1 201) 4 headers in 162 bytes (1 switches on core 0) /var/lib/openstack/lib/python3.12/site-packages/pycadf/identifier.py:70: UserWarning: Invalid uuid: neutron. To ensure interoperability, identifiers should be a valid uuid. warnings.warn(('Invalid uuid: %s. To ensure interoperability, ' [pid: 7|app: 0|req: 1037/2076] 10.0.0.230 () {34 vars in 989 bytes} [Wed Apr 22 19:50:36 2026] GET /v2.0/ports?device_id=b64bd40e-f5b7-4ef4-8258-461e00b37441 => generated 973 bytes in 37 msecs (HTTP/1.1 200) 4 headers in 157 bytes (1 switches on core 0)
2026-04-22 19:50:36.536 7 INFO neutron.db.segments_db [None req-5c672036-f82e-4564-b2fd-de682da8cb91 7d8090a9e599436aa8b959f53cb97f2a 4791eb4bd3aa4331808749f2fb3d8abb - - default default] Added segment 8a4e4d8d-eb32-494f-9966-c8834adc2e5d of type geneve for network f4a465f3-e273-4aa0-886a-f23462fcf934
2026-04-22 19:50:36.661 7 INFO neutron.db.ovn_revision_numbers_db [None req-5c672036-f82e-4564-b2fd-de682da8cb91 7d8090a9e599436aa8b959f53cb97f2a 4791eb4bd3aa4331808749f2fb3d8abb - - default default] Successfully bumped revision number for resource f4a465f3-e273-4aa0-886a-f23462fcf934 (type: networks) to 1 [pid: 8|app: 0|req: 1040/2077] 10.0.0.158 () {32 vars in 723 bytes} [Wed Apr 22 19:50:35 2026] DELETE /v2.0/routers/6d400f8b-fd02-407d-9134-427842aeaead => generated 0 bytes in 845 msecs (HTTP/1.1 204) 2 headers in 112 bytes (1 switches on core 0) [pid: 8|app: 0|req: 1041/2078] 10.0.0.230 () {34 vars in 1039 bytes} [Wed Apr 22 19:50:36 2026] GET /v2.0/security-groups?id=0c8ac6df-0199-4958-931f-9b6464d894de&fields=id&fields=name => generated 88 bytes in 32 msecs (HTTP/1.1 200) 4 headers in 156 bytes (1 switches on core 0)
2026-04-22 19:50:36.829 7 WARNING neutron.scheduler.dhcp_agent_scheduler [None req-5c672036-f82e-4564-b2fd-de682da8cb91 7d8090a9e599436aa8b959f53cb97f2a 4791eb4bd3aa4331808749f2fb3d8abb - - default default] No more DHCP agents
2026-04-22 19:50:36.831 7 WARNING neutron.api.rpc.agentnotifiers.dhcp_rpc_agent_api [None req-5c672036-f82e-4564-b2fd-de682da8cb91 7d8090a9e599436aa8b959f53cb97f2a 4791eb4bd3aa4331808749f2fb3d8abb - - default default] Unable to schedule network f4a465f3-e273-4aa0-886a-f23462fcf934: no agents available; will retry on subsequent port and subnet creation events.
2026-04-22 19:50:36.926 7 INFO neutron.db.ovn_revision_numbers_db [None req-5c672036-f82e-4564-b2fd-de682da8cb91 7d8090a9e599436aa8b959f53cb97f2a 4791eb4bd3aa4331808749f2fb3d8abb - - default default] Successfully bumped revision number for resource 0216bec0-9691-44fc-8fd5-2bad939a05ee (type: ports) to 1 [pid: 7|app: 0|req: 1038/2079] 10.0.0.158 () {34 vars in 669 bytes} [Wed Apr 22 19:50:36 2026] POST /v2.0/networks => generated 670 bytes in 528 msecs (HTTP/1.1 201) 4 headers in 162 bytes (1 switches on core 0) [pid: 8|app: 0|req: 1042/2080] 10.0.0.158 () {32 vars in 723 bytes} [Wed Apr 22 19:50:36 2026] DELETE /v2.0/subnets/da6f4912-817a-44bf-a312-4993d2f85cd4 => generated 0 bytes in 177 msecs (HTTP/1.1 204) 3 headers in 131 bytes (1 switches on core 0)
2026-04-22 19:50:37.140 8 INFO neutron.plugins.ml2.drivers.ovn.mech_driver.mech_driver [None req-084e33d3-756c-4d74-b62a-cec7052476e4 - - - - - -] OVN reports status up for port: e9937175-c0bb-4455-85fa-ed7a1cec78de
2026-04-22 19:50:37.184 8 INFO neutron.plugins.ml2.plugin [None req-084e33d3-756c-4d74-b62a-cec7052476e4 - - - - - -] Attempt 1 to provision port e9937175-c0bb-4455-85fa-ed7a1cec78de
2026-04-22 19:50:37.189 8 INFO neutron_taas.services.taas.taas_plugin [None req-840051cb-f263-4616-b441-3c504cae32ae 339a750c613d4534a212b84d621245df cf332b4443ea41da8f8b27446372faed - - default default] TaaS: Handle Delete Port: 314fbe64-06df-4956-918b-066535273130
2026-04-22 19:50:37.200 8 INFO neutron_taas.services.taas.tap_mirror_plugin [None req-840051cb-f263-4616-b441-3c504cae32ae 339a750c613d4534a212b84d621245df cf332b4443ea41da8f8b27446372faed - - default default] Tap Mirror: Handle Delete Port: 314fbe64-06df-4956-918b-066535273130
2026-04-22 19:50:37.300 7 WARNING neutron.scheduler.dhcp_agent_scheduler [None req-bf3e0b6e-7f87-4095-97d4-f4c970273882 7d8090a9e599436aa8b959f53cb97f2a 4791eb4bd3aa4331808749f2fb3d8abb - - default default] No more DHCP agents
2026-04-22 19:50:37.302 7 WARNING neutron.api.rpc.agentnotifiers.dhcp_rpc_agent_api [None req-bf3e0b6e-7f87-4095-97d4-f4c970273882 7d8090a9e599436aa8b959f53cb97f2a 4791eb4bd3aa4331808749f2fb3d8abb - - default default] Unable to schedule network f4a465f3-e273-4aa0-886a-f23462fcf934: no agents available; will retry on subsequent port and subnet creation events.
2026-04-22 19:50:37.432 8 INFO neutron.notifiers.nova [-] Nova event matching ['req-efed8f8a-7cec-42a6-a795-3441112d8c8b'] response: {'server_uuid': 'b64bd40e-f5b7-4ef4-8258-461e00b37441', 'name': 'network-vif-plugged', 'status': 'completed', 'tag': 'e9937175-c0bb-4455-85fa-ed7a1cec78de', 'code': 200}
2026-04-22 19:50:37.474 7 INFO neutron.db.ovn_revision_numbers_db [None req-bf3e0b6e-7f87-4095-97d4-f4c970273882 7d8090a9e599436aa8b959f53cb97f2a 4791eb4bd3aa4331808749f2fb3d8abb - - default default] Successfully bumped revision number for resource 8991b513-38c1-4298-847b-db8e3a767989 (type: ports) to 1 [pid: 7|app: 0|req: 1039/2081] 10.0.0.158 () {34 vars in 663 bytes} [Wed Apr 22 19:50:36 2026] POST /v2.0/ports => generated 743 bytes in 592 msecs (HTTP/1.1 201) 4 headers in 162 bytes (1 switches on core 0) /var/lib/openstack/lib/python3.12/site-packages/pycadf/identifier.py:70: UserWarning: Invalid uuid: neutron. To ensure interoperability, identifiers should be a valid uuid. warnings.warn(('Invalid uuid: %s. To ensure interoperability, '
2026-04-22 19:50:37.582 8 INFO neutron.services.segments.plugin [-] Segment ee7ff5ed-55b5-4034-93e5-9045b00140e5 resource provider aggregate not found
2026-04-22 19:50:37.592 8 INFO neutron.services.segments.plugin [-] Segment ee7ff5ed-55b5-4034-93e5-9045b00140e5 resource provider aggregate not found
2026-04-22 19:50:37.612 8 INFO neutron.services.segments.plugin [-] Segment ee7ff5ed-55b5-4034-93e5-9045b00140e5 resource provider not found; error: Placement Client Error (4xx): {"errors": [{"status": 404, "title": "Not Found", "detail": "The resource could not be found.\n\n No resource provider with uuid ee7ff5ed-55b5-4034-93e5-9045b00140e5 found for delete ", "request_id": "req-e47cce6d-8183-4d4b-911b-0a67a3d025dc"}]}
2026-04-22 19:50:37.623 8 INFO neutron.services.segments.plugin [-] Segment ee7ff5ed-55b5-4034-93e5-9045b00140e5 resource provider not found; error: Placement Client Error (4xx): {"errors": [{"status": 404, "title": "Not Found", "detail": "The resource could not be found.\n\n No resource provider with uuid ee7ff5ed-55b5-4034-93e5-9045b00140e5 found for delete ", "request_id": "req-8bc2666f-8286-4482-9974-367f27a374bf"}]}
2026-04-22 19:50:37.667 7 INFO neutron.db.segments_db [None req-a209dc8e-4be4-44fd-a388-65b780c04491 7d8090a9e599436aa8b959f53cb97f2a 4791eb4bd3aa4331808749f2fb3d8abb - - default default] Added segment 81d0ae03-9d11-479a-8553-e1de283b50ad of type geneve for network 92129278-6f7c-4aaa-9102-ff4d988559d0 [pid: 8|app: 0|req: 1043/2082] 10.0.0.158 () {32 vars in 725 bytes} [Wed Apr 22 19:50:36 2026] DELETE /v2.0/networks/ce53912a-2227-40a5-a862-ed88fb63ad6d => generated 0 bytes in 709 msecs (HTTP/1.1 204) 3 headers in 131 bytes (1 switches on core 0)
2026-04-22 19:50:37.728 8 INFO neutron.db.ovn_revision_numbers_db [None req-084e33d3-756c-4d74-b62a-cec7052476e4 - - - - - -] Successfully bumped revision number for resource e9937175-c0bb-4455-85fa-ed7a1cec78de (type: ports) to 5
2026-04-22 19:50:37.825 7 INFO neutron.db.ovn_revision_numbers_db [None req-a209dc8e-4be4-44fd-a388-65b780c04491 7d8090a9e599436aa8b959f53cb97f2a 4791eb4bd3aa4331808749f2fb3d8abb - - default default] Successfully bumped revision number for resource 92129278-6f7c-4aaa-9102-ff4d988559d0 (type: networks) to 1 /var/lib/openstack/lib/python3.12/site-packages/pycadf/identifier.py:70: UserWarning: Invalid uuid: neutron. To ensure interoperability, identifiers should be a valid uuid. warnings.warn(('Invalid uuid: %s. To ensure interoperability, ' [pid: 8|app: 0|req: 1044/2083] 10.0.0.230 () {34 vars in 989 bytes} [Wed Apr 22 19:50:37 2026] GET /v2.0/ports?device_id=b64bd40e-f5b7-4ef4-8258-461e00b37441 => generated 975 bytes in 112 msecs (HTTP/1.1 200) 4 headers in 157 bytes (1 switches on core 0) [pid: 8|app: 0|req: 1045/2084] 10.0.0.230 () {34 vars in 1039 bytes} [Wed Apr 22 19:50:37 2026] GET /v2.0/security-groups?id=0c8ac6df-0199-4958-931f-9b6464d894de&fields=id&fields=name => generated 88 bytes in 38 msecs (HTTP/1.1 200) 4 headers in 156 bytes (1 switches on core 0)
2026-04-22 19:50:38.047 7 WARNING neutron.scheduler.dhcp_agent_scheduler [None req-a209dc8e-4be4-44fd-a388-65b780c04491 7d8090a9e599436aa8b959f53cb97f2a 4791eb4bd3aa4331808749f2fb3d8abb - - default default] No more DHCP agents
2026-04-22 19:50:38.048 7 WARNING neutron.api.rpc.agentnotifiers.dhcp_rpc_agent_api [None req-a209dc8e-4be4-44fd-a388-65b780c04491 7d8090a9e599436aa8b959f53cb97f2a 4791eb4bd3aa4331808749f2fb3d8abb - - default default] Unable to schedule network 92129278-6f7c-4aaa-9102-ff4d988559d0: no agents available; will retry on subsequent port and subnet creation events.
2026-04-22 19:50:38.155 7 INFO neutron.db.ovn_revision_numbers_db [None req-a209dc8e-4be4-44fd-a388-65b780c04491 7d8090a9e599436aa8b959f53cb97f2a 4791eb4bd3aa4331808749f2fb3d8abb - - default default] Successfully bumped revision number for resource f33a5cf2-5511-40dc-a50e-703f2ccfd0e4 (type: ports) to 1 [pid: 7|app: 0|req: 1040/2085] 10.0.0.158 () {34 vars in 669 bytes} [Wed Apr 22 19:50:37 2026] POST /v2.0/networks => generated 669 bytes in 637 msecs (HTTP/1.1 201) 4 headers in 162 bytes (1 switches on core 0)
2026-04-22 19:50:38.413 8 WARNING neutron.scheduler.dhcp_agent_scheduler [None req-55900e9f-d4e7-4cd5-9ac4-6194cb4bf926 7d8090a9e599436aa8b959f53cb97f2a 4791eb4bd3aa4331808749f2fb3d8abb - - default default] No more DHCP agents
2026-04-22 19:50:38.414 8 WARNING neutron.api.rpc.agentnotifiers.dhcp_rpc_agent_api [None req-55900e9f-d4e7-4cd5-9ac4-6194cb4bf926 7d8090a9e599436aa8b959f53cb97f2a 4791eb4bd3aa4331808749f2fb3d8abb - - default default] Unable to schedule network 92129278-6f7c-4aaa-9102-ff4d988559d0: no agents available; will retry on subsequent port and subnet creation events. [pid: 7|app: 0|req: 1041/2086] 10.0.0.158 () {32 vars in 773 bytes} [Wed Apr 22 19:50:38 2026] GET /v2.0/security-groups?tenant_id=cf332b4443ea41da8f8b27446372faed&name=default => generated 2925 bytes in 163 msecs (HTTP/1.1 200) 4 headers in 158 bytes (1 switches on core 0)
2026-04-22 19:50:38.542 8 INFO neutron.db.ovn_revision_numbers_db [None req-55900e9f-d4e7-4cd5-9ac4-6194cb4bf926 7d8090a9e599436aa8b959f53cb97f2a 4791eb4bd3aa4331808749f2fb3d8abb - - default default] Successfully bumped revision number for resource df658977-1f1d-4c6c-87f7-0879d9eba266 (type: ports) to 1 [pid: 8|app: 0|req: 1046/2087] 10.0.0.158 () {34 vars in 663 bytes} [Wed Apr 22 19:50:38 2026] POST /v2.0/ports => generated 743 bytes in 434 msecs (HTTP/1.1 201) 4 headers in 162 bytes (1 switches on core 0) /var/lib/openstack/lib/python3.12/site-packages/pycadf/identifier.py:70: UserWarning: Invalid uuid: neutron. To ensure interoperability, identifiers should be a valid uuid. warnings.warn(('Invalid uuid: %s. To ensure interoperability, '
2026-04-22 19:50:38.751 8 INFO neutron.db.segments_db [None req-1192c229-c0b8-43a7-b512-f0fd68827e77 7d8090a9e599436aa8b959f53cb97f2a 4791eb4bd3aa4331808749f2fb3d8abb - - default default] Added segment 5603debe-b46c-4cbe-a20a-9fc4b099fda2 of type geneve for network 5c581cf8-fa68-4bd9-b80e-97629b80018f [pid: 7|app: 0|req: 1042/2088] 10.0.0.158 () {32 vars in 739 bytes} [Wed Apr 22 19:50:38 2026] DELETE /v2.0/security-groups/f3c41a35-50b7-4d8f-947e-7e762df602ee => generated 0 bytes in 253 msecs (HTTP/1.1 204) 2 headers in 112 bytes (1 switches on core 0)
2026-04-22 19:50:38.908 8 INFO neutron.db.ovn_revision_numbers_db [None req-1192c229-c0b8-43a7-b512-f0fd68827e77 7d8090a9e599436aa8b959f53cb97f2a 4791eb4bd3aa4331808749f2fb3d8abb - - default default] Successfully bumped revision number for resource 5c581cf8-fa68-4bd9-b80e-97629b80018f (type: networks) to 1
2026-04-22 19:50:39.104 8 WARNING neutron.scheduler.dhcp_agent_scheduler [None req-1192c229-c0b8-43a7-b512-f0fd68827e77 7d8090a9e599436aa8b959f53cb97f2a 4791eb4bd3aa4331808749f2fb3d8abb - - default default] No more DHCP agents
2026-04-22 19:50:39.105 8 WARNING neutron.api.rpc.agentnotifiers.dhcp_rpc_agent_api [None req-1192c229-c0b8-43a7-b512-f0fd68827e77 7d8090a9e599436aa8b959f53cb97f2a 4791eb4bd3aa4331808749f2fb3d8abb - - default default] Unable to schedule network 5c581cf8-fa68-4bd9-b80e-97629b80018f: no agents available; will retry on subsequent port and subnet creation events.
2026-04-22 19:50:39.188 8 INFO neutron.db.ovn_revision_numbers_db [None req-1192c229-c0b8-43a7-b512-f0fd68827e77 7d8090a9e599436aa8b959f53cb97f2a 4791eb4bd3aa4331808749f2fb3d8abb - - default default] Successfully bumped revision number for resource 0300a503-4b0b-47bb-a57c-6c088bcbc8a9 (type: ports) to 1 [pid: 8|app: 0|req: 1047/2089] 10.0.0.158 () {34 vars in 669 bytes} [Wed Apr 22 19:50:38 2026] POST /v2.0/networks => generated 669 bytes in 585 msecs (HTTP/1.1 201) 4 headers in 162 bytes (1 switches on core 0) [pid: 7|app: 0|req: 1043/2090] 10.0.0.230 () {34 vars in 989 bytes} [Wed Apr 22 19:50:39 2026] GET /v2.0/ports?device_id=b64bd40e-f5b7-4ef4-8258-461e00b37441 => generated 975 bytes in 106 msecs (HTTP/1.1 200) 4 headers in 157 bytes (1 switches on core 0) [pid: 7|app: 0|req: 1044/2091] 10.0.0.230 () {34 vars in 1039 bytes} [Wed Apr 22 19:50:39 2026] GET /v2.0/security-groups?id=0c8ac6df-0199-4958-931f-9b6464d894de&fields=id&fields=name => generated 88 bytes in 35 msecs (HTTP/1.1 200) 4 headers in 156 bytes (1 switches on core 0)
2026-04-22 19:50:39.491 8 INFO neutron.notifiers.nova [-] Nova event matching ['req-493f4840-44bb-4d47-9f95-66e24e7fab84'] response: {'server_uuid': 'b64bd40e-f5b7-4ef4-8258-461e00b37441', 'name': 'network-vif-plugged', 'status': 'completed', 'tag': 'e9937175-c0bb-4455-85fa-ed7a1cec78de', 'code': 200}
2026-04-22 19:50:39.514 8 WARNING neutron.scheduler.dhcp_agent_scheduler [None req-d8a68a74-bc59-4b45-88a3-b0608bc14786 7d8090a9e599436aa8b959f53cb97f2a 4791eb4bd3aa4331808749f2fb3d8abb - - default default] No more DHCP agents
2026-04-22 19:50:39.516 8 WARNING neutron.api.rpc.agentnotifiers.dhcp_rpc_agent_api [None req-d8a68a74-bc59-4b45-88a3-b0608bc14786 7d8090a9e599436aa8b959f53cb97f2a 4791eb4bd3aa4331808749f2fb3d8abb - - default default] Unable to schedule network 5c581cf8-fa68-4bd9-b80e-97629b80018f: no agents available; will retry on subsequent port and subnet creation events.
2026-04-22 19:50:39.644 8 INFO neutron.db.ovn_revision_numbers_db [None req-d8a68a74-bc59-4b45-88a3-b0608bc14786 7d8090a9e599436aa8b959f53cb97f2a 4791eb4bd3aa4331808749f2fb3d8abb - - default default] Successfully bumped revision number for resource 404d6dd8-25a3-4158-bb81-e89d9f6d5ea2 (type: ports) to 1 [pid: 8|app: 0|req: 1048/2092] 10.0.0.158 () {34 vars in 663 bytes} [Wed Apr 22 19:50:39 2026] POST /v2.0/ports => generated 743 bytes in 482 msecs (HTTP/1.1 201) 4 headers in 162 bytes (1 switches on core 0)
2026-04-22 19:50:39.729 7 WARNING neutron.plugins.ml2.drivers.ovn.mech_driver.ovsdb.ovn_client [None req-49dc523c-3f59-4906-bf4b-66c6f4e01fe4 - - - - - -] No port found with ID 0d6b9848-fdf6-449f-9831-d799f2057c7e: RuntimeError: No port found with ID 0d6b9848-fdf6-449f-9831-d799f2057c7e
2026-04-22 19:50:39.833 7 INFO neutron.plugins.ml2.drivers.ovn.mech_driver.mech_driver [None req-49dc523c-3f59-4906-bf4b-66c6f4e01fe4 - - - - - -] OVN reports status down for port: dbecf356-4203-4e88-a09b-f0781261ac08 [pid: 7|app: 0|req: 1045/2093] 10.0.0.158 () {34 vars in 746 bytes} [Wed Apr 22 19:50:39 2026] PUT /v2.0/ports/8ae91201-ecf3-4540-955a-ed2575a46be7/tags => generated 17 bytes in 144 msecs (HTTP/1.1 200) 4 headers in 156 bytes (1 switches on core 0) /var/lib/openstack/lib/python3.12/site-packages/pycadf/identifier.py:70: UserWarning: Invalid uuid: neutron. To ensure interoperability, identifiers should be a valid uuid. warnings.warn(('Invalid uuid: %s. To ensure interoperability, '
2026-04-22 19:50:39.917 7 INFO neutron.plugins.ml2.drivers.ovn.mech_driver.mech_driver [None req-49dc523c-3f59-4906-bf4b-66c6f4e01fe4 - - - - - -] OVN reports status down for port: 8ae91201-ecf3-4540-955a-ed2575a46be7 [pid: 8|app: 0|req: 1049/2094] 10.0.0.158 () {34 vars in 746 bytes} [Wed Apr 22 19:50:39 2026] PUT /v2.0/ports/4e93d4b4-74e0-4958-b8fa-4b79425d6b3e/tags => generated 25 bytes in 75 msecs (HTTP/1.1 200) 4 headers in 156 bytes (1 switches on core 0) /var/lib/openstack/lib/python3.12/site-packages/pycadf/identifier.py:70: UserWarning: Invalid uuid: neutron. To ensure interoperability, identifiers should be a valid uuid. warnings.warn(('Invalid uuid: %s. To ensure interoperability, '
2026-04-22 19:50:40.014 7 INFO neutron.plugins.ml2.drivers.ovn.mech_driver.mech_driver [None req-49dc523c-3f59-4906-bf4b-66c6f4e01fe4 - - - - - -] OVN reports status down for port: cdbc363f-5d2f-4716-8633-4d7fb4c04d7d [pid: 7|app: 0|req: 1046/2095] 10.0.0.158 () {34 vars in 746 bytes} [Wed Apr 22 19:50:39 2026] PUT /v2.0/ports/8991b513-38c1-4298-847b-db8e3a767989/tags => generated 34 bytes in 123 msecs (HTTP/1.1 200) 4 headers in 156 bytes (1 switches on core 0) /var/lib/openstack/lib/python3.12/site-packages/pycadf/identifier.py:70: UserWarning: Invalid uuid: neutron. To ensure interoperability, identifiers should be a valid uuid. warnings.warn(('Invalid uuid: %s. To ensure interoperability, '
2026-04-22 19:50:40.096 7 INFO neutron.plugins.ml2.drivers.ovn.mech_driver.mech_driver [None req-49dc523c-3f59-4906-bf4b-66c6f4e01fe4 - - - - - -] OVN reports status down for port: 4e93d4b4-74e0-4958-b8fa-4b79425d6b3e [pid: 8|app: 0|req: 1050/2096] 10.0.0.158 () {34 vars in 746 bytes} [Wed Apr 22 19:50:40 2026] PUT /v2.0/ports/df658977-1f1d-4c6c-87f7-0879d9eba266/tags => generated 19 bytes in 83 msecs (HTTP/1.1 200) 4 headers in 156 bytes (1 switches on core 0) /var/lib/openstack/lib/python3.12/site-packages/pycadf/identifier.py:70: UserWarning: Invalid uuid: neutron. To ensure interoperability, identifiers should be a valid uuid. warnings.warn(('Invalid uuid: %s. To ensure interoperability, '
2026-04-22 19:50:40.216 7 INFO neutron.plugins.ml2.drivers.ovn.mech_driver.mech_driver [None req-49dc523c-3f59-4906-bf4b-66c6f4e01fe4 - - - - - -] OVN reports status down for port: 0216bec0-9691-44fc-8fd5-2bad939a05ee [pid: 7|app: 0|req: 1047/2097] 10.0.0.158 () {32 vars in 659 bytes} [Wed Apr 22 19:50:40 2026] GET /v2.0/ports?tags=red => generated 2253 bytes in 253 msecs (HTTP/1.1 200) 4 headers in 158 bytes (1 switches on core 0)
2026-04-22 19:50:40.409 7 INFO neutron.plugins.ml2.drivers.ovn.mech_driver.mech_driver [None req-49dc523c-3f59-4906-bf4b-66c6f4e01fe4 - - - - - -] OVN reports status down for port: 8991b513-38c1-4298-847b-db8e3a767989 /var/lib/openstack/lib/python3.12/site-packages/pycadf/identifier.py:70: UserWarning: Invalid uuid: neutron. To ensure interoperability, identifiers should be a valid uuid. warnings.warn(('Invalid uuid: %s. To ensure interoperability, '
2026-04-22 19:50:40.516 7 INFO neutron.plugins.ml2.drivers.ovn.mech_driver.mech_driver [None req-49dc523c-3f59-4906-bf4b-66c6f4e01fe4 - - - - - -] OVN reports status down for port: f33a5cf2-5511-40dc-a50e-703f2ccfd0e4 [pid: 8|app: 0|req: 1051/2098] 10.0.0.158 () {32 vars in 673 bytes} [Wed Apr 22 19:50:40 2026] GET /v2.0/ports?tags=red%2Cblue => generated 1513 bytes in 166 msecs (HTTP/1.1 200) 4 headers in 158 bytes (1 switches on core 0)
2026-04-22 19:50:40.654 7 INFO neutron.plugins.ml2.drivers.ovn.mech_driver.mech_driver [None req-49dc523c-3f59-4906-bf4b-66c6f4e01fe4 - - - - - -] OVN reports status down for port: df658977-1f1d-4c6c-87f7-0879d9eba266 [pid: 7|app: 0|req: 1048/2099] 10.0.0.158 () {32 vars in 669 bytes} [Wed Apr 22 19:50:40 2026] GET /v2.0/ports?tags-any=blue => generated 1513 bytes in 134 msecs (HTTP/1.1 200) 4 headers in 158 bytes (1 switches on core 0) [pid: 7|app: 0|req: 1049/2100] 10.0.0.230 () {34 vars in 989 bytes} [Wed Apr 22 19:50:40 2026] GET /v2.0/ports?device_id=b64bd40e-f5b7-4ef4-8258-461e00b37441 => generated 975 bytes in 88 msecs (HTTP/1.1 200) 4 headers in 157 bytes (1 switches on core 0)
2026-04-22 19:50:40.811 7 INFO neutron.plugins.ml2.drivers.ovn.mech_driver.mech_driver [None req-49dc523c-3f59-4906-bf4b-66c6f4e01fe4 - - - - - -] OVN reports status down for port: 0300a503-4b0b-47bb-a57c-6c088bcbc8a9 [pid: 7|app: 0|req: 1050/2101] 10.0.0.158 () {32 vars in 681 bytes} [Wed Apr 22 19:50:40 2026] GET /v2.0/ports?tags-any=red%2Cblue => generated 2253 bytes in 99 msecs (HTTP/1.1 200) 4 headers in 158 bytes (1 switches on core 0)
2026-04-22 19:50:40.964 7 INFO neutron.plugins.ml2.drivers.ovn.mech_driver.mech_driver [None req-49dc523c-3f59-4906-bf4b-66c6f4e01fe4 - - - - - -] OVN reports status down for port: 404d6dd8-25a3-4158-bb81-e89d9f6d5ea2 [pid: 7|app: 0|req: 1051/2102] 10.0.0.230 () {34 vars in 1039 bytes} [Wed Apr 22 19:50:40 2026] GET /v2.0/security-groups?id=0c8ac6df-0199-4958-931f-9b6464d894de&fields=id&fields=name => generated 88 bytes in 61 msecs (HTTP/1.1 200) 4 headers in 156 bytes (1 switches on core 0)
2026-04-22 19:50:41.031 8 INFO neutron.db.ovn_revision_numbers_db [None req-52317273-f47e-4b5f-8090-f005402719c6 47ca793b0fed4abf80cbcaa9b054a1fd ead0ae09186f4fc28fc46f096245c3da - - default default] Successfully bumped revision number for resource 5754ac0c-7b42-499c-b508-43115505b286 (type: security_groups) to 1
2026-04-22 19:50:41.046 8 INFO neutron.db.ovn_revision_numbers_db [None req-52317273-f47e-4b5f-8090-f005402719c6 47ca793b0fed4abf80cbcaa9b054a1fd ead0ae09186f4fc28fc46f096245c3da - - default default] Successfully bumped revision number for resource 3d17a655-5604-4952-b58c-585c91a32bff (type: security_group_rules) to 0
2026-04-22 19:50:41.057 8 INFO neutron.db.ovn_revision_numbers_db [None req-52317273-f47e-4b5f-8090-f005402719c6 47ca793b0fed4abf80cbcaa9b054a1fd ead0ae09186f4fc28fc46f096245c3da - - default default] Successfully bumped revision number for resource 6132f497-2e7e-409f-8bf0-10032f7af0c9 (type: security_group_rules) to 0
2026-04-22 19:50:41.068 8 INFO neutron.db.ovn_revision_numbers_db [None req-52317273-f47e-4b5f-8090-f005402719c6 47ca793b0fed4abf80cbcaa9b054a1fd ead0ae09186f4fc28fc46f096245c3da - - default default] Successfully bumped revision number for resource 697032e9-9279-4b31-9082-023a789d5ed1 (type: security_group_rules) to 0
2026-04-22 19:50:41.080 8 INFO neutron.db.ovn_revision_numbers_db [None req-52317273-f47e-4b5f-8090-f005402719c6 47ca793b0fed4abf80cbcaa9b054a1fd ead0ae09186f4fc28fc46f096245c3da - - default default] Successfully bumped revision number for resource 7c9025cf-9d1a-42db-a141-60453168eaea (type: security_group_rules) to 0
2026-04-22 19:50:41.160 8 INFO neutron.db.segments_db [None req-52317273-f47e-4b5f-8090-f005402719c6 47ca793b0fed4abf80cbcaa9b054a1fd ead0ae09186f4fc28fc46f096245c3da - - default default] Added segment 3071b25a-4669-40f0-886b-28ca7c9aece7 of type geneve for network 500fe034-5f60-4e89-94d3-849af3fdd950 [pid: 7|app: 0|req: 1052/2103] 10.0.0.158 () {32 vars in 667 bytes} [Wed Apr 22 19:50:40 2026] GET /v2.0/ports?not-tags=red => generated 5268 bytes in 235 msecs (HTTP/1.1 200) 4 headers in 158 bytes (1 switches on core 0)
2026-04-22 19:50:41.313 8 INFO neutron.db.ovn_revision_numbers_db [None req-52317273-f47e-4b5f-8090-f005402719c6 47ca793b0fed4abf80cbcaa9b054a1fd ead0ae09186f4fc28fc46f096245c3da - - default default] Successfully bumped revision number for resource 500fe034-5f60-4e89-94d3-849af3fdd950 (type: networks) to 1 [pid: 7|app: 0|req: 1053/2104] 10.0.0.158 () {32 vars in 681 bytes} [Wed Apr 22 19:50:41 2026] GET /v2.0/ports?not-tags=red%2Cblue => generated 6008 bytes in 129 msecs (HTTP/1.1 200) 4 headers in 158 bytes (1 switches on core 0) [pid: 7|app: 0|req: 1054/2105] 10.0.0.158 () {32 vars in 677 bytes} [Wed Apr 22 19:50:41 2026] GET /v2.0/ports?not-tags-any=blue => generated 6008 bytes in 122 msecs (HTTP/1.1 200) 4 headers in 158 bytes (1 switches on core 0)
2026-04-22 19:50:41.520 8 WARNING neutron.scheduler.dhcp_agent_scheduler [None req-52317273-f47e-4b5f-8090-f005402719c6 47ca793b0fed4abf80cbcaa9b054a1fd ead0ae09186f4fc28fc46f096245c3da - - default default] No more DHCP agents
2026-04-22 19:50:41.523 8 WARNING neutron.api.rpc.agentnotifiers.dhcp_rpc_agent_api [None req-52317273-f47e-4b5f-8090-f005402719c6 47ca793b0fed4abf80cbcaa9b054a1fd ead0ae09186f4fc28fc46f096245c3da - - default default] Unable to schedule network 500fe034-5f60-4e89-94d3-849af3fdd950: no agents available; will retry on subsequent port and subnet creation events. [pid: 7|app: 0|req: 1055/2106] 10.0.0.158 () {32 vars in 689 bytes} [Wed Apr 22 19:50:41 2026] GET /v2.0/ports?not-tags-any=red%2Cblue => generated 5268 bytes in 63 msecs (HTTP/1.1 200) 4 headers in 158 bytes (1 switches on core 0)
2026-04-22 19:50:41.596 8 INFO neutron.plugins.ml2.drivers.ovn.mech_driver.mech_driver [None req-fa144763-340a-4484-b26a-19a0726a8717 - - - - - -] OVN reports status down for port: d8a8716b-5907-4382-b208-9e8427f98cac
2026-04-22 19:50:41.655 8 INFO neutron.db.ovn_revision_numbers_db [None req-52317273-f47e-4b5f-8090-f005402719c6 47ca793b0fed4abf80cbcaa9b054a1fd ead0ae09186f4fc28fc46f096245c3da - - default default] Successfully bumped revision number for resource d8a8716b-5907-4382-b208-9e8427f98cac (type: ports) to 1 [pid: 8|app: 0|req: 1052/2107] 10.0.0.158 () {34 vars in 669 bytes} [Wed Apr 22 19:50:40 2026] POST /v2.0/networks => generated 685 bytes in 1086 msecs (HTTP/1.1 201) 4 headers in 162 bytes (1 switches on core 0)
2026-04-22 19:50:41.707 7 INFO neutron_taas.services.taas.taas_plugin [None req-68b0d698-5f8a-462d-9296-989cf4749991 7d8090a9e599436aa8b959f53cb97f2a 4791eb4bd3aa4331808749f2fb3d8abb - - default default] TaaS: Handle Delete Port: 8ae91201-ecf3-4540-955a-ed2575a46be7
2026-04-22 19:50:41.710 7 INFO neutron_taas.services.taas.tap_mirror_plugin [None req-68b0d698-5f8a-462d-9296-989cf4749991 7d8090a9e599436aa8b959f53cb97f2a 4791eb4bd3aa4331808749f2fb3d8abb - - default default] Tap Mirror: Handle Delete Port: 8ae91201-ecf3-4540-955a-ed2575a46be7
2026-04-22 19:50:41.748 8 INFO neutron.plugins.ml2.drivers.ovn.mech_driver.mech_driver [None req-fa144763-340a-4484-b26a-19a0726a8717 - - - - - -] OVN reports status down for port: e9937175-c0bb-4455-85fa-ed7a1cec78de [pid: 8|app: 0|req: 1053/2108] 10.0.0.168 () {28 vars in 618 bytes} [Wed Apr 22 19:50:41 2026] GET /v2.0/network-ip-availabilities => generated 3642 bytes in 154 msecs (HTTP/1.1 200) 4 headers in 158 bytes (1 switches on core 0) [pid: 7|app: 0|req: 1056/2109] 10.0.0.158 () {32 vars in 719 bytes} [Wed Apr 22 19:50:41 2026] DELETE /v2.0/ports/8ae91201-ecf3-4540-955a-ed2575a46be7 => generated 0 bytes in 385 msecs (HTTP/1.1 204) 3 headers in 131 bytes (1 switches on core 0) [pid: 8|app: 0|req: 1054/2110] 10.0.0.168 () {28 vars in 598 bytes} [Wed Apr 22 19:50:41 2026] GET /v2.0/security-groups => generated 39697 bytes in 96 msecs (HTTP/1.1 200) 4 headers in 159 bytes (1 switches on core 0)
2026-04-22 19:50:42.038 8 INFO neutron.notifiers.nova [-] Nova event matching ['req-4b97e265-2b44-486d-a2c6-68ae3cf27614'] response: {'server_uuid': 'b64bd40e-f5b7-4ef4-8258-461e00b37441', 'name': 'network-vif-unplugged', 'status': 'completed', 'tag': 'e9937175-c0bb-4455-85fa-ed7a1cec78de', 'code': 200} [pid: 8|app: 0|req: 1055/2111] 10.0.0.168 () {28 vars in 582 bytes} [Wed Apr 22 19:50:41 2026] GET /v2.0/subnets => generated 2650 bytes in 103 msecs (HTTP/1.1 200) 4 headers in 158 bytes (1 switches on core 0)
2026-04-22 19:50:42.077 7 INFO neutron_taas.services.taas.taas_plugin [None req-87cc3adb-2522-4b81-a505-98285f541793 7d8090a9e599436aa8b959f53cb97f2a 4791eb4bd3aa4331808749f2fb3d8abb - - default default] TaaS: Handle Delete Port: 4e93d4b4-74e0-4958-b8fa-4b79425d6b3e
2026-04-22 19:50:42.085 7 INFO neutron_taas.services.taas.tap_mirror_plugin [None req-87cc3adb-2522-4b81-a505-98285f541793 7d8090a9e599436aa8b959f53cb97f2a 4791eb4bd3aa4331808749f2fb3d8abb - - default default] Tap Mirror: Handle Delete Port: 4e93d4b4-74e0-4958-b8fa-4b79425d6b3e [pid: 7|app: 0|req: 1057/2112] 10.0.0.158 () {32 vars in 719 bytes} [Wed Apr 22 19:50:41 2026] DELETE /v2.0/ports/4e93d4b4-74e0-4958-b8fa-4b79425d6b3e => generated 0 bytes in 290 msecs (HTTP/1.1 204) 3 headers in 131 bytes (1 switches on core 0) [pid: 7|app: 0|req: 1058/2113] 10.0.0.230 () {34 vars in 989 bytes} [Wed Apr 22 19:50:42 2026] GET /v2.0/ports?device_id=b64bd40e-f5b7-4ef4-8258-461e00b37441 => generated 973 bytes in 51 msecs (HTTP/1.1 200) 4 headers in 157 bytes (1 switches on core 0)
2026-04-22 19:50:42.343 8 INFO neutron.db.ovn_revision_numbers_db [None req-fa144763-340a-4484-b26a-19a0726a8717 - - - - - -] Successfully bumped revision number for resource e9937175-c0bb-4455-85fa-ed7a1cec78de (type: ports) to 6 [pid: 8|app: 0|req: 1056/2114] 10.0.0.168 () {28 vars in 578 bytes} [Wed Apr 22 19:50:42 2026] GET /v2.0/ports => generated 24934 bytes in 374 msecs (HTTP/1.1 200) 4 headers in 159 bytes (1 switches on core 0) /var/lib/openstack/lib/python3.12/site-packages/pycadf/identifier.py:70: UserWarning: Invalid uuid: neutron. To ensure interoperability, identifiers should be a valid uuid. warnings.warn(('Invalid uuid: %s. To ensure interoperability, '
2026-04-22 19:50:42.484 7 WARNING neutron.scheduler.dhcp_agent_scheduler [None req-7ed35c4a-ebaa-4e23-8ea2-10a8572e60f2 47ca793b0fed4abf80cbcaa9b054a1fd ead0ae09186f4fc28fc46f096245c3da - - default default] No more DHCP agents
2026-04-22 19:50:42.486 7 WARNING neutron.api.rpc.agentnotifiers.dhcp_rpc_agent_api [None req-7ed35c4a-ebaa-4e23-8ea2-10a8572e60f2 47ca793b0fed4abf80cbcaa9b054a1fd ead0ae09186f4fc28fc46f096245c3da - - default default] Unable to schedule network 500fe034-5f60-4e89-94d3-849af3fdd950: no agents available; will retry on subsequent port and subnet creation events.
2026-04-22 19:50:42.530 7 INFO neutron.db.ovn_revision_numbers_db [None req-7ed35c4a-ebaa-4e23-8ea2-10a8572e60f2 47ca793b0fed4abf80cbcaa9b054a1fd ead0ae09186f4fc28fc46f096245c3da - - default default] Successfully bumped revision number for resource 482972ed-2739-4955-8d1c-49750c07b269 (type: subnets) to 0 [pid: 7|app: 0|req: 1059/2115] 10.0.0.158 () {34 vars in 668 bytes} [Wed Apr 22 19:50:42 2026] POST /v2.0/subnets => generated 673 bytes in 278 msecs (HTTP/1.1 201) 4 headers in 162 bytes (1 switches on core 0) [pid: 7|app: 0|req: 1060/2116] 10.0.0.230 () {34 vars in 1039 bytes} [Wed Apr 22 19:50:42 2026] GET /v2.0/security-groups?id=0c8ac6df-0199-4958-931f-9b6464d894de&fields=id&fields=name => generated 88 bytes in 35 msecs (HTTP/1.1 200) 4 headers in 156 bytes (1 switches on core 0)
2026-04-22 19:50:42.597 8 INFO neutron_taas.services.taas.taas_plugin [None req-b581a10a-6641-4043-a4ce-cf9e13253670 7d8090a9e599436aa8b959f53cb97f2a 4791eb4bd3aa4331808749f2fb3d8abb - - default default] TaaS: Handle Delete Port: 8991b513-38c1-4298-847b-db8e3a767989
2026-04-22 19:50:42.603 8 INFO neutron_taas.services.taas.tap_mirror_plugin [None req-b581a10a-6641-4043-a4ce-cf9e13253670 7d8090a9e599436aa8b959f53cb97f2a 4791eb4bd3aa4331808749f2fb3d8abb - - default default] Tap Mirror: Handle Delete Port: 8991b513-38c1-4298-847b-db8e3a767989 [pid: 7|app: 0|req: 1061/2117] 10.0.0.84 () {34 vars in 988 bytes} [Wed Apr 22 19:50:42 2026] GET /v2.0/ports?device_id=65e3c6eb-5d5c-42eb-9a70-f5620f934bbe => generated 1213 bytes in 33 msecs (HTTP/1.1 200) 4 headers in 158 bytes (1 switches on core 0) [pid: 7|app: 0|req: 1062/2118] 10.0.0.168 () {28 vars in 584 bytes} [Wed Apr 22 19:50:42 2026] GET /v2.0/networks => generated 8387 bytes in 71 msecs (HTTP/1.1 200) 4 headers in 158 bytes (1 switches on core 0) [pid: 8|app: 0|req: 1057/2119] 10.0.0.158 () {32 vars in 719 bytes} [Wed Apr 22 19:50:42 2026] DELETE /v2.0/ports/8991b513-38c1-4298-847b-db8e3a767989 => generated 0 bytes in 276 msecs (HTTP/1.1 204) 3 headers in 131 bytes (1 switches on core 0) [pid: 8|app: 0|req: 1058/2120] 10.0.0.84 () {34 vars in 1038 bytes} [Wed Apr 22 19:50:42 2026] GET /v2.0/security-groups?id=9141c602-678d-4baf-b25d-85c98b029f69&fields=id&fields=name => generated 112 bytes in 30 msecs (HTTP/1.1 200) 4 headers in 157 bytes (1 switches on core 0) [pid: 8|app: 0|req: 1059/2121] 10.0.0.168 () {28 vars in 590 bytes} [Wed Apr 22 19:50:42 2026] GET /v2.0/floatingips => generated 861 bytes in 57 msecs (HTTP/1.1 200) 4 headers in 157 bytes (1 switches on core 0)
2026-04-22 19:50:42.817 7 INFO neutron.db.segments_db [None req-16646011-c7cf-4f12-8a26-4ed0ddbf1d50 47ca793b0fed4abf80cbcaa9b054a1fd ead0ae09186f4fc28fc46f096245c3da - - default default] Added segment ef5feeb4-6c95-4343-aac7-71d5e40ff5b9 of type geneve for network 3042f9ec-72aa-44e1-9423-84e6009c668a
2026-04-22 19:50:42.974 7 INFO neutron.db.ovn_revision_numbers_db [None req-16646011-c7cf-4f12-8a26-4ed0ddbf1d50 47ca793b0fed4abf80cbcaa9b054a1fd ead0ae09186f4fc28fc46f096245c3da - - default default] Successfully bumped revision number for resource 3042f9ec-72aa-44e1-9423-84e6009c668a (type: networks) to 1
2026-04-22 19:50:43.003 8 INFO neutron_taas.services.taas.taas_plugin [None req-72d73068-8dbd-48a6-aa72-f63805511213 7d8090a9e599436aa8b959f53cb97f2a 4791eb4bd3aa4331808749f2fb3d8abb - - default default] TaaS: Handle Delete Port: df658977-1f1d-4c6c-87f7-0879d9eba266
2026-04-22 19:50:43.007 8 INFO neutron_taas.services.taas.tap_mirror_plugin [None req-72d73068-8dbd-48a6-aa72-f63805511213 7d8090a9e599436aa8b959f53cb97f2a 4791eb4bd3aa4331808749f2fb3d8abb - - default default] Tap Mirror: Handle Delete Port: df658977-1f1d-4c6c-87f7-0879d9eba266 [pid: 8|app: 0|req: 1060/2122] 10.0.0.158 () {32 vars in 719 bytes} [Wed Apr 22 19:50:42 2026] DELETE /v2.0/ports/df658977-1f1d-4c6c-87f7-0879d9eba266 => generated 0 bytes in 301 msecs (HTTP/1.1 204) 3 headers in 131 bytes (1 switches on core 0) [pid: 8|app: 0|req: 1061/2123] 10.0.0.168 () {28 vars in 582 bytes} [Wed Apr 22 19:50:43 2026] GET /v2.0/routers => generated 1936 bytes in 69 msecs (HTTP/1.1 200) 4 headers in 158 bytes (1 switches on core 0)
2026-04-22 19:50:43.190 7 WARNING neutron.scheduler.dhcp_agent_scheduler [None req-16646011-c7cf-4f12-8a26-4ed0ddbf1d50 47ca793b0fed4abf80cbcaa9b054a1fd ead0ae09186f4fc28fc46f096245c3da - - default default] No more DHCP agents
2026-04-22 19:50:43.192 7 WARNING neutron.api.rpc.agentnotifiers.dhcp_rpc_agent_api [None req-16646011-c7cf-4f12-8a26-4ed0ddbf1d50 47ca793b0fed4abf80cbcaa9b054a1fd ead0ae09186f4fc28fc46f096245c3da - - default default] Unable to schedule network 3042f9ec-72aa-44e1-9423-84e6009c668a: no agents available; will retry on subsequent port and subnet creation events.
2026-04-22 19:50:43.246 7 INFO neutron.plugins.ml2.drivers.ovn.mech_driver.mech_driver [None req-49dc523c-3f59-4906-bf4b-66c6f4e01fe4 - - - - - -] OVN reports status down for port: f3203f9e-75e8-49bd-a201-73e5b5a2e48c [pid: 8|app: 0|req: 1062/2124] 199.204.45.229 () {34 vars in 993 bytes} [Wed Apr 22 19:50:43 2026] GET /v2.0/ports?device_id=b64bd40e-f5b7-4ef4-8258-461e00b37441 => generated 973 bytes in 96 msecs (HTTP/1.1 200) 4 headers in 157 bytes (1 switches on core 0)
2026-04-22 19:50:43.305 7 INFO neutron.db.ovn_revision_numbers_db [None req-16646011-c7cf-4f12-8a26-4ed0ddbf1d50 47ca793b0fed4abf80cbcaa9b054a1fd ead0ae09186f4fc28fc46f096245c3da - - default default] Successfully bumped revision number for resource f3203f9e-75e8-49bd-a201-73e5b5a2e48c (type: ports) to 1 [pid: 7|app: 0|req: 1063/2125] 10.0.0.158 () {34 vars in 669 bytes} [Wed Apr 22 19:50:42 2026] POST /v2.0/networks => generated 684 bytes in 650 msecs (HTTP/1.1 201) 4 headers in 162 bytes (1 switches on core 0) [pid: 7|app: 0|req: 1064/2126] 10.0.0.168 () {28 vars in 623 bytes} [Wed Apr 22 19:50:43 2026] GET /v2.0/agents?binary=ovn-controller => generated 416 bytes in 58 msecs (HTTP/1.1 200) 4 headers in 157 bytes (1 switches on core 0)
2026-04-22 19:50:43.451 8 INFO neutron_taas.services.taas.taas_plugin [None req-dde7ec80-a269-4d7f-9d05-e299fd44fd79 7d8090a9e599436aa8b959f53cb97f2a 4791eb4bd3aa4331808749f2fb3d8abb - - default default] TaaS: Handle Delete Port: 404d6dd8-25a3-4158-bb81-e89d9f6d5ea2
2026-04-22 19:50:43.454 8 INFO neutron_taas.services.taas.tap_mirror_plugin [None req-dde7ec80-a269-4d7f-9d05-e299fd44fd79 7d8090a9e599436aa8b959f53cb97f2a 4791eb4bd3aa4331808749f2fb3d8abb - - default default] Tap Mirror: Handle Delete Port: 404d6dd8-25a3-4158-bb81-e89d9f6d5ea2
2026-04-22 19:50:43.555 7 INFO neutron_taas.services.taas.taas_plugin [req-ad447075-7dc5-49ed-94f1-15edeea175c1 req-e89db0d7-09a4-4380-a756-2fc4a392e8a6 e13b76cc99b14c7e8c5d576a0ddbfa8a 3f2ab12735804ddd94d4681747890b32 - - default default] TaaS: Handle Delete Port: e9937175-c0bb-4455-85fa-ed7a1cec78de
2026-04-22 19:50:43.561 7 INFO neutron_taas.services.taas.tap_mirror_plugin [req-ad447075-7dc5-49ed-94f1-15edeea175c1 req-e89db0d7-09a4-4380-a756-2fc4a392e8a6 e13b76cc99b14c7e8c5d576a0ddbfa8a 3f2ab12735804ddd94d4681747890b32 - - default default] Tap Mirror: Handle Delete Port: e9937175-c0bb-4455-85fa-ed7a1cec78de [pid: 8|app: 0|req: 1063/2127] 10.0.0.158 () {32 vars in 719 bytes} [Wed Apr 22 19:50:43 2026] DELETE /v2.0/ports/404d6dd8-25a3-4158-bb81-e89d9f6d5ea2 => generated 0 bytes in 285 msecs (HTTP/1.1 204) 3 headers in 131 bytes (1 switches on core 0) [pid: 7|app: 0|req: 1065/2128] 199.204.45.229 () {36 vars in 996 bytes} [Wed Apr 22 19:50:43 2026] DELETE /v2.0/ports/e9937175-c0bb-4455-85fa-ed7a1cec78de => generated 0 bytes in 308 msecs (HTTP/1.1 204) 3 headers in 131 bytes (1 switches on core 0)
2026-04-22 19:50:43.716 8 INFO neutron.db.ovn_revision_numbers_db [None req-62ad7376-43e5-4dc5-a805-3b3199a41dbd 47ca793b0fed4abf80cbcaa9b054a1fd ead0ae09186f4fc28fc46f096245c3da - - default default] Successfully bumped revision number for resource 3042f9ec-72aa-44e1-9423-84e6009c668a (type: networks) to 2 [pid: 8|app: 0|req: 1064/2129] 10.0.0.158 () {34 vars in 742 bytes} [Wed Apr 22 19:50:43 2026] PUT /v2.0/networks/3042f9ec-72aa-44e1-9423-84e6009c668a => generated 636 bytes in 154 msecs (HTTP/1.1 200) 4 headers in 157 bytes (1 switches on core 0) [pid: 7|app: 0|req: 1066/2130] 10.0.0.168 () {28 vars in 580 bytes} [Wed Apr 22 19:50:43 2026] GET /v2.0/agents => generated 1214 bytes in 22 msecs (HTTP/1.1 200) 4 headers in 158 bytes (1 switches on core 0) [pid: 7|app: 0|req: 1067/2131] 10.0.0.230 () {34 vars in 989 bytes} [Wed Apr 22 19:50:43 2026] GET /v2.0/ports?device_id=b64bd40e-f5b7-4ef4-8258-461e00b37441 => generated 12 bytes in 18 msecs (HTTP/1.1 200) 4 headers in 156 bytes (1 switches on core 0)
2026-04-22 19:50:43.762 7 INFO neutron.notifiers.nova [-] Nova event matching ['req-d2db1bed-a31d-43b5-a8af-6f6a32e0b45a'] response: {'server_uuid': 'b64bd40e-f5b7-4ef4-8258-461e00b37441', 'name': 'network-vif-deleted', 'tag': 'e9937175-c0bb-4455-85fa-ed7a1cec78de', 'status': 'completed', 'code': 200}
2026-04-22 19:50:43.838 8 INFO neutron_taas.services.taas.taas_plugin [None req-d3b2477a-9027-438c-8734-65a4265cfad5 7d8090a9e599436aa8b959f53cb97f2a 4791eb4bd3aa4331808749f2fb3d8abb - - default default] TaaS: Handle Delete Port: dbecf356-4203-4e88-a09b-f0781261ac08
2026-04-22 19:50:43.841 8 INFO neutron_taas.services.taas.tap_mirror_plugin [None req-d3b2477a-9027-438c-8734-65a4265cfad5 7d8090a9e599436aa8b959f53cb97f2a 4791eb4bd3aa4331808749f2fb3d8abb - - default default] Tap Mirror: Handle Delete Port: dbecf356-4203-4e88-a09b-f0781261ac08
2026-04-22 19:50:43.946 7 WARNING neutron.scheduler.dhcp_agent_scheduler [None req-874ccbd5-bfb4-4c51-bfec-2893f80606d3 47ca793b0fed4abf80cbcaa9b054a1fd ead0ae09186f4fc28fc46f096245c3da - - default default] No more DHCP agents
2026-04-22 19:50:43.948 7 WARNING neutron.api.rpc.agentnotifiers.dhcp_rpc_agent_api [None req-874ccbd5-bfb4-4c51-bfec-2893f80606d3 47ca793b0fed4abf80cbcaa9b054a1fd ead0ae09186f4fc28fc46f096245c3da - - default default] Unable to schedule network 3042f9ec-72aa-44e1-9423-84e6009c668a: no agents available; will retry on subsequent port and subnet creation events.
2026-04-22 19:50:43.975 7 INFO neutron.db.ovn_revision_numbers_db [None req-874ccbd5-bfb4-4c51-bfec-2893f80606d3 47ca793b0fed4abf80cbcaa9b054a1fd ead0ae09186f4fc28fc46f096245c3da - - default default] Successfully bumped revision number for resource 72df1328-a82b-4320-8bfa-2dade8036158 (type: subnets) to 0 [pid: 7|app: 0|req: 1068/2132] 10.0.0.158 () {34 vars in 668 bytes} [Wed Apr 22 19:50:43 2026] POST /v2.0/subnets => generated 646 bytes in 240 msecs (HTTP/1.1 201) 4 headers in 162 bytes (1 switches on core 0)
2026-04-22 19:50:44.009 8 INFO neutron.services.segments.plugin [-] Segment d653ad36-2f72-40f4-8cf2-f215159bf09c resource provider aggregate not found
2026-04-22 19:50:44.017 8 INFO neutron.services.segments.plugin [-] Segment d653ad36-2f72-40f4-8cf2-f215159bf09c resource provider aggregate not found
2026-04-22 19:50:44.029 8 INFO neutron.services.segments.plugin [-] Segment d653ad36-2f72-40f4-8cf2-f215159bf09c resource provider not found; error: Placement Client Error (4xx): {"errors": [{"status": 404, "title": "Not Found", "detail": "The resource could not be found.\n\n No resource provider with uuid d653ad36-2f72-40f4-8cf2-f215159bf09c found for delete ", "request_id": "req-63ea1d13-1e6d-4958-b9f0-6d0af4cb0907"}]} [pid: 7|app: 0|req: 1069/2133] 10.0.0.168 () {28 vars in 582 bytes} [Wed Apr 22 19:50:43 2026] GET /v2.0/subnets => generated 3985 bytes in 35 msecs (HTTP/1.1 200) 4 headers in 158 bytes (1 switches on core 0)
2026-04-22 19:50:44.039 8 INFO neutron.services.segments.plugin [-] Segment d653ad36-2f72-40f4-8cf2-f215159bf09c resource provider not found; error: Placement Client Error (4xx): {"errors": [{"status": 404, "title": "Not Found", "detail": "The resource could not be found.\n\n No resource provider with uuid d653ad36-2f72-40f4-8cf2-f215159bf09c found for delete ", "request_id": "req-1adafe82-50d5-4658-aa75-f9cf6ddb385e"}]} [pid: 8|app: 0|req: 1065/2134] 10.0.0.158 () {32 vars in 725 bytes} [Wed Apr 22 19:50:43 2026] DELETE /v2.0/networks/6798b239-314b-40c2-b59a-74b3ba47d3f0 => generated 0 bytes in 344 msecs (HTTP/1.1 204) 3 headers in 131 bytes (1 switches on core 0) [pid: 8|app: 0|req: 1066/2135] 10.0.0.168 () {28 vars in 590 bytes} [Wed Apr 22 19:50:44 2026] GET /v2.0/subnetpools => generated 19 bytes in 8 msecs (HTTP/1.1 200) 4 headers in 156 bytes (1 switches on core 0)
2026-04-22 19:50:44.086 8 INFO neutron.notifiers.nova [-] Nova event matching ['req-9107e0c5-09d6-4de6-972c-bbf58e5b9562'] response: {'server_uuid': 'b64bd40e-f5b7-4ef4-8258-461e00b37441', 'name': 'network-vif-unplugged', 'status': 'completed', 'tag': 'e9937175-c0bb-4455-85fa-ed7a1cec78de', 'code': 200}
2026-04-22 19:50:44.207 8 INFO neutron_taas.services.taas.taas_plugin [None req-ac635ff2-6943-47d7-8b56-ae3aa6c3fb98 7d8090a9e599436aa8b959f53cb97f2a 4791eb4bd3aa4331808749f2fb3d8abb - - default default] TaaS: Handle Delete Port: cdbc363f-5d2f-4716-8633-4d7fb4c04d7d
2026-04-22 19:50:44.210 8 INFO neutron_taas.services.taas.tap_mirror_plugin [None req-ac635ff2-6943-47d7-8b56-ae3aa6c3fb98 7d8090a9e599436aa8b959f53cb97f2a 4791eb4bd3aa4331808749f2fb3d8abb - - default default] Tap Mirror: Handle Delete Port: cdbc363f-5d2f-4716-8633-4d7fb4c04d7d
2026-04-22 19:50:44.586 7 INFO neutron.db.ovn_revision_numbers_db [None req-3e5fa952-9daf-4cd6-b76e-65a0b4ecba7b - - - - - -] Successfully bumped revision number for resource f3203f9e-75e8-49bd-a201-73e5b5a2e48c (type: ports) to 2
2026-04-22 19:50:44.637 7 INFO neutron.db.ovn_revision_numbers_db [None req-3e5fa952-9daf-4cd6-b76e-65a0b4ecba7b - - - - - -] Successfully bumped revision number for resource 72df1328-a82b-4320-8bfa-2dade8036158 (type: subnets) to 1 [pid: 7|app: 0|req: 1070/2136] 10.0.0.158 () {34 vars in 740 bytes} [Wed Apr 22 19:50:44 2026] PUT /v2.0/subnets/72df1328-a82b-4320-8bfa-2dade8036158 => generated 656 bytes in 612 msecs (HTTP/1.1 200) 4 headers in 157 bytes (1 switches on core 0)
2026-04-22 19:50:44.826 7 INFO neutron_taas.services.taas.taas_plugin [None req-8d1ba42d-b60c-4d80-b871-c1da0687fa7d 47ca793b0fed4abf80cbcaa9b054a1fd ead0ae09186f4fc28fc46f096245c3da - - default default] TaaS: Handle Delete Port: f3203f9e-75e8-49bd-a201-73e5b5a2e48c
2026-04-22 19:50:44.829 7 INFO neutron_taas.services.taas.tap_mirror_plugin [None req-8d1ba42d-b60c-4d80-b871-c1da0687fa7d 47ca793b0fed4abf80cbcaa9b054a1fd ead0ae09186f4fc28fc46f096245c3da - - default default] Tap Mirror: Handle Delete Port: f3203f9e-75e8-49bd-a201-73e5b5a2e48c [pid: 8|app: 0|req: 1067/2139] 10.0.0.158 () {32 vars in 725 bytes} [Wed Apr 22 19:50:44 2026] DELETE /v2.0/networks/879fbc35-e050-410d-90a4-490004f4cb6c => generated 0 bytes in 841 msecs (HTTP/1.1 204) 3 headers in 131 bytes (1 switches on core 0) [pid: 8|app: 0|req: 1068/2140] 10.0.0.230 () {34 vars in 989 bytes} [Wed Apr 22 19:50:44 2026] GET /v2.0/ports?device_id=b64bd40e-f5b7-4ef4-8258-461e00b37441 => generated 12 bytes in 22 msecs (HTTP/1.1 200) 4 headers in 156 bytes (1 switches on core 0)
2026-04-22 19:50:45.067 8 INFO neutron_taas.services.taas.taas_plugin [None req-264ba265-3a5b-4fc0-acd6-d5fd04b9bf57 7d8090a9e599436aa8b959f53cb97f2a 4791eb4bd3aa4331808749f2fb3d8abb - - default default] TaaS: Handle Delete Port: 0216bec0-9691-44fc-8fd5-2bad939a05ee
2026-04-22 19:50:45.069 8 INFO neutron_taas.services.taas.tap_mirror_plugin [None req-264ba265-3a5b-4fc0-acd6-d5fd04b9bf57 7d8090a9e599436aa8b959f53cb97f2a 4791eb4bd3aa4331808749f2fb3d8abb - - default default] Tap Mirror: Handle Delete Port: 0216bec0-9691-44fc-8fd5-2bad939a05ee
2026-04-22 19:50:45.130 7 INFO neutron.services.segments.plugin [-] Segment ef5feeb4-6c95-4343-aac7-71d5e40ff5b9 resource provider aggregate not found
2026-04-22 19:50:45.135 7 INFO neutron.services.segments.plugin [-] Segment ef5feeb4-6c95-4343-aac7-71d5e40ff5b9 resource provider aggregate not found
2026-04-22 19:50:45.158 7 INFO neutron.services.segments.plugin [-] Segment ef5feeb4-6c95-4343-aac7-71d5e40ff5b9 resource provider not found; error: Placement Client Error (4xx): {"errors": [{"status": 404, "title": "Not Found", "detail": "The resource could not be found.\n\n No resource provider with uuid ef5feeb4-6c95-4343-aac7-71d5e40ff5b9 found for delete ", "request_id": "req-9600b217-02c5-4046-abcd-016d1a1b4415"}]}
2026-04-22 19:50:45.161 7 INFO neutron.services.segments.plugin [-] Segment ef5feeb4-6c95-4343-aac7-71d5e40ff5b9 resource provider not found; error: Placement Client Error (4xx): {"errors": [{"status": 404, "title": "Not Found", "detail": "The resource could not be found.\n\n No resource provider with uuid ef5feeb4-6c95-4343-aac7-71d5e40ff5b9 found for delete ", "request_id": "req-5b431a42-92e8-4d2c-82f9-49c5db63ae5f"}]} [pid: 7|app: 0|req: 1073/2141] 10.0.0.158 () {32 vars in 725 bytes} [Wed Apr 22 19:50:44 2026] DELETE /v2.0/networks/3042f9ec-72aa-44e1-9423-84e6009c668a => generated 0 bytes in 533 msecs (HTTP/1.1 204) 3 headers in 131 bytes (1 switches on core 0) [pid: 7|app: 0|req: 1074/2142] 10.0.0.230 () {34 vars in 989 bytes} [Wed Apr 22 19:50:45 2026] GET /v2.0/ports?device_id=65e3c6eb-5d5c-42eb-9a70-f5620f934bbe => generated 975 bytes in 94 msecs (HTTP/1.1 200) 4 headers in 157 bytes (1 switches on core 0)
