2026-05-06 06:19:30.660 9 INFO neutron.wsgi [None req-6bf15fcd-476e-4aa6-9fb9-caecafdb676b 8e5c766801194016a35dfcbe05ef5617 1a009fe3683c4df096bc63300d7dcabf - - default default] 10.0.0.216 "GET /v2.0/ports HTTP/1.1" status: 200 len: 16345 time: 0.1456344
2026-05-06 06:19:30.715 9 INFO neutron.plugins.ml2.drivers.ovn.mech_driver.mech_driver [None req-b9bb181f-c424-4558-926b-e13d5d606e74 - - - - - -] OVN reports status down for port: 2bf265aa-177c-4c1b-a0d6-247c7b969cf2
2026-05-06 06:19:30.746 9 INFO neutron.wsgi [None req-583f0682-c1db-4573-974e-250fbbc83d8e 8e5c766801194016a35dfcbe05ef5617 1a009fe3683c4df096bc63300d7dcabf - - default default] 10.0.0.216 "GET /v2.0/routers HTTP/1.1" status: 200 len: 850 time: 0.0756097
2026-05-06 06:19:30.759 9 INFO neutron.wsgi [None req-148afc94-9ec4-4698-abeb-750774539c9f 8e5c766801194016a35dfcbe05ef5617 1a009fe3683c4df096bc63300d7dcabf - - default default] 10.0.0.216 "GET /v2.0/agents?binary=ovn-controller HTTP/1.1" status: 200 len: 591 time: 0.0117922
2026-05-06 06:19:30.784 9 INFO neutron.wsgi [None req-8cd16c97-37cb-43f1-9d7f-94424a79c828 8e5c766801194016a35dfcbe05ef5617 1a009fe3683c4df096bc63300d7dcabf - - default default] 10.0.0.216 "GET /v2.0/network-ip-availabilities HTTP/1.1" status: 200 len: 3360 time: 0.0125794
2026-05-06 06:19:30.830 9 INFO neutron.wsgi [None req-503d0ec4-c56d-40a5-8316-16be748fb7db 8e5c766801194016a35dfcbe05ef5617 1a009fe3683c4df096bc63300d7dcabf - - default default] 10.0.0.216 "GET /v2.0/subnets HTTP/1.1" status: 200 len: 5494 time: 0.0446918
2026-05-06 06:19:30.856 9 INFO neutron.wsgi [None req-53395b45-b590-44e6-b165-949977d4b426 8e5c766801194016a35dfcbe05ef5617 1a009fe3683c4df096bc63300d7dcabf - - default default] 10.0.0.216 "GET /v2.0/subnetpools HTTP/1.1" status: 200 len: 193 time: 0.0175357
2026-05-06 06:19:30.946 10 INFO neutron.wsgi [req-ad75f2a9-8176-4474-bb95-659ad058cfc5 req-54b9c054-977f-49c8-ae91-909776772a88 3a6ac60dbbea4286a64345ce64f2cb11 61e992dcf079458e859bf3fcb7d4243d - - default default] 10.0.0.205 "GET /v2.0/ports?device_id=3fe094af-a0cf-460e-b13c-f37f77312b76 HTTP/1.1" status: 200 len: 1402 time: 0.2786827
2026-05-06 06:19:30.998 10 INFO neutron.wsgi [req-ad75f2a9-8176-4474-bb95-659ad058cfc5 req-a981b7e2-96ab-4745-8e97-c94d6fa11e6d 3a6ac60dbbea4286a64345ce64f2cb11 61e992dcf079458e859bf3fcb7d4243d - - default default] 10.0.0.205 "GET /v2.0/security-groups?id=7a397637-5873-4c3f-915c-6370659cab8f&fields=id&fields=name HTTP/1.1" status: 200 len: 310 time: 0.0429688
2026-05-06 06:19:31.200 9 INFO neutron.wsgi [None req-e1b7b3dc-1870-4bf4-aa91-49f673f20b15 8e5c766801194016a35dfcbe05ef5617 1a009fe3683c4df096bc63300d7dcabf - - default default] 10.0.0.216 "GET /v2.0/floatingips HTTP/1.1" status: 200 len: 1035 time: 0.3442063
2026-05-06 06:19:31.265 9 INFO neutron.wsgi [None req-d46f4692-5b66-42b5-b7a8-12af970e3369 8e5c766801194016a35dfcbe05ef5617 1a009fe3683c4df096bc63300d7dcabf - - default default] 10.0.0.216 "GET /v2.0/subnets HTTP/1.1" status: 200 len: 5494 time: 0.0629630
2026-05-06 06:19:31.286 9 INFO neutron.wsgi [None req-cfe45a91-8f9e-4ff4-8734-81c8b5b1562a 8e5c766801194016a35dfcbe05ef5617 1a009fe3683c4df096bc63300d7dcabf - - default default] 10.0.0.216 "GET /v2.0/agents HTTP/1.1" status: 200 len: 997 time: 0.0179768
2026-05-06 06:19:31.297 9 INFO neutron.wsgi [req-b6ecd6fe-dc39-4244-b29b-3682986357d5 req-9e71fac3-eb23-4075-9e8e-d45f381dc6ff 3a6ac60dbbea4286a64345ce64f2cb11 61e992dcf079458e859bf3fcb7d4243d - - default default] 199.204.45.57 "GET /v2.0/ports?device_id=3fe094af-a0cf-460e-b13c-f37f77312b76 HTTP/1.1" status: 200 len: 1402 time: 0.1290259
2026-05-06 06:19:31.383 9 INFO neutron.wsgi [None req-b07b1581-1b10-4c61-a97f-fc5f5691d38b 8e5c766801194016a35dfcbe05ef5617 1a009fe3683c4df096bc63300d7dcabf - - default default] 10.0.0.216 "GET /v2.0/networks HTTP/1.1" status: 200 len: 4720 time: 0.0962734
2026-05-06 06:19:31.423 9 INFO neutron.db.ovn_revision_numbers_db [None req-b9bb181f-c424-4558-926b-e13d5d606e74 - - - - - -] Successfully bumped revision number for resource 2bf265aa-177c-4c1b-a0d6-247c7b969cf2 (type: ports) to 5
2026-05-06 06:19:31.512 9 INFO neutron.wsgi [None req-854a3a98-b02d-47d0-9dff-3f2629888784 8e5c766801194016a35dfcbe05ef5617 1a009fe3683c4df096bc63300d7dcabf - - default default] 10.0.0.216 "GET /v2.0/security-groups HTTP/1.1" status: 200 len: 27510 time: 0.1175952
2026-05-06 06:19:31.703 9 INFO neutron.wsgi [None req-a59a0428-4437-46a7-80ed-98512094e8d2 3a6ac60dbbea4286a64345ce64f2cb11 61e992dcf079458e859bf3fcb7d4243d - - - -] 199.204.45.57 "DELETE /v2.0/ports/2bf265aa-177c-4c1b-a0d6-247c7b969cf2 HTTP/1.1" status: 204 len: 173 time: 0.3977098
2026-05-06 06:19:31.863 9 INFO neutron.notifiers.nova [-] Nova event matching ['req-fd300d02-35d0-4889-a0ee-6fcec8dd1b8f'] response: {'name': 'network-changed', 'server_uuid': '3fe094af-a0cf-460e-b13c-f37f77312b76', 'tag': '2bf265aa-177c-4c1b-a0d6-247c7b969cf2', 'status': 'completed', 'code': 200}
2026-05-06 06:19:31.863 9 INFO neutron.notifiers.nova [-] Nova event matching ['req-fd300d02-35d0-4889-a0ee-6fcec8dd1b8f'] response: {'server_uuid': '3fe094af-a0cf-460e-b13c-f37f77312b76', 'name': 'network-vif-unplugged', 'status': 'completed', 'tag': '2bf265aa-177c-4c1b-a0d6-247c7b969cf2', 'code': 200}
2026-05-06 06:19:31.863 9 INFO neutron.notifiers.nova [-] Nova event matching ['req-fd300d02-35d0-4889-a0ee-6fcec8dd1b8f'] response: {'server_uuid': '3fe094af-a0cf-460e-b13c-f37f77312b76', 'name': 'network-vif-plugged', 'status': 'completed', 'tag': '2bf265aa-177c-4c1b-a0d6-247c7b969cf2', 'code': 200}
2026-05-06 06:19:31.863 9 INFO neutron.notifiers.nova [-] Nova event matching ['req-fd300d02-35d0-4889-a0ee-6fcec8dd1b8f'] response: {'server_uuid': '3fe094af-a0cf-460e-b13c-f37f77312b76', 'name': 'network-vif-deleted', 'tag': '2bf265aa-177c-4c1b-a0d6-247c7b969cf2', 'status': 'completed', 'code': 200} /var/lib/openstack/lib/python3.10/site-packages/pycadf/identifier.py:71: UserWarning: Invalid uuid: neutron. To ensure interoperability, identifiers should be a valid uuid. warnings.warn(('Invalid uuid: %s. To ensure interoperability, '
2026-05-06 06:19:31.908 9 INFO neutron.wsgi [req-b1617b7b-891b-4043-91ad-64c9136acb41 req-5275ccd5-09e9-4b45-841b-011eb4bf968c 6da3f2bf77324f328b51d0a276f19dee f3e79d991d464280b0329d41bf9ea437 - - b621fce73f6d42c4a41bca51a726afc4 b621fce73f6d42c4a41bca51a726afc4] 199.204.45.57 "GET /v2.0/ports?tenant_id=61e992dcf079458e859bf3fcb7d4243d&device_id=3fe094af-a0cf-460e-b13c-f37f77312b76 HTTP/1.1" status: 200 len: 210 time: 0.0270019
2026-05-06 06:19:32.022 9 INFO neutron.wsgi [req-b1617b7b-891b-4043-91ad-64c9136acb41 req-8c268c54-eac4-4480-bd22-fe7b24a8c1b5 6da3f2bf77324f328b51d0a276f19dee f3e79d991d464280b0329d41bf9ea437 - - b621fce73f6d42c4a41bca51a726afc4 b621fce73f6d42c4a41bca51a726afc4] 199.204.45.57 "GET /v2.0/networks?tenant_id=61e992dcf079458e859bf3fcb7d4243d&shared=False HTTP/1.1" status: 200 len: 2584 time: 0.1093631
2026-05-06 06:19:32.147 9 INFO neutron.wsgi [req-b1617b7b-891b-4043-91ad-64c9136acb41 req-35b4bb92-d0db-47b4-bdb7-21d88b99c539 6da3f2bf77324f328b51d0a276f19dee f3e79d991d464280b0329d41bf9ea437 - - b621fce73f6d42c4a41bca51a726afc4 b621fce73f6d42c4a41bca51a726afc4] 199.204.45.57 "GET /v2.0/networks?shared=True HTTP/1.1" status: 200 len: 952 time: 0.1173527
2026-05-06 06:19:36.443 10 INFO neutron.db.l3_db [None req-faefb170-adcd-4dd3-b5bf-dbdf9aea5166 3a6ac60dbbea4286a64345ce64f2cb11 61e992dcf079458e859bf3fcb7d4243d - - - -] Floating IP 22174aaf-b738-4f1f-aa96-590d77f63298 disassociated (deleted). External IP: 10.96.250.212, port: 24fe0de6-1f59-4465-a053-86101372ccde.
2026-05-06 06:19:36.523 10 INFO neutron.wsgi [None req-faefb170-adcd-4dd3-b5bf-dbdf9aea5166 3a6ac60dbbea4286a64345ce64f2cb11 61e992dcf079458e859bf3fcb7d4243d - - - -] 10.0.0.184 "DELETE /v2.0/floatingips/22174aaf-b738-4f1f-aa96-590d77f63298 HTTP/1.1" status: 204 len: 168 time: 0.4704864
2026-05-06 06:19:36.556 9 INFO neutron.api.v2.resource [None req-f2e133c1-5d8e-4c23-8985-fe97ea087386 3a6ac60dbbea4286a64345ce64f2cb11 61e992dcf079458e859bf3fcb7d4243d - - default default] show failed (client error): The resource could not be found.
2026-05-06 06:19:36.557 9 INFO neutron.wsgi [None req-f2e133c1-5d8e-4c23-8985-fe97ea087386 3a6ac60dbbea4286a64345ce64f2cb11 61e992dcf079458e859bf3fcb7d4243d - - default default] 10.0.0.184 "GET /v2.0/floatingips/22174aaf-b738-4f1f-aa96-590d77f63298 HTTP/1.1" status: 404 len: 345 time: 0.0294573
2026-05-06 06:19:36.609 10 INFO neutron.notifiers.nova [-] Nova event matching ['req-db87418e-f25b-4251-8fdf-b614f2875c66'] response: {'name': 'network-changed', 'server_uuid': 'dfeaf308-4779-4e85-9e90-0a3656669bab', 'tag': '24fe0de6-1f59-4465-a053-86101372ccde', 'status': 'completed', 'code': 200}
2026-05-06 06:19:36.656 9 INFO neutron.wsgi [req-f817c451-60d5-4bd3-bffb-06561c98056d req-7bafcd21-11f3-4817-8a1c-782e1c55bdce 6da3f2bf77324f328b51d0a276f19dee f3e79d991d464280b0329d41bf9ea437 - - b621fce73f6d42c4a41bca51a726afc4 b621fce73f6d42c4a41bca51a726afc4] 199.204.45.57 "GET /v2.0/ports?tenant_id=61e992dcf079458e859bf3fcb7d4243d&device_id=dfeaf308-4779-4e85-9e90-0a3656669bab HTTP/1.1" status: 200 len: 1586 time: 0.0296509
2026-05-06 06:19:36.748 9 INFO neutron.wsgi [req-f817c451-60d5-4bd3-bffb-06561c98056d req-f22e366c-045b-48e9-bf74-91ae2f0be015 6da3f2bf77324f328b51d0a276f19dee f3e79d991d464280b0329d41bf9ea437 - - b621fce73f6d42c4a41bca51a726afc4 b621fce73f6d42c4a41bca51a726afc4] 199.204.45.57 "GET /v2.0/networks?id=5b394ba8-b375-4f1c-bee2-6f0e6865993b HTTP/1.1" status: 200 len: 1003 time: 0.0845685
2026-05-06 06:19:36.762 10 INFO neutron.plugins.ml2.drivers.ovn.mech_driver.mech_driver [None req-2187529b-8f41-404b-b813-7b46c84006bd - - - - - -] OVN reports status down for port: 24fe0de6-1f59-4465-a053-86101372ccde
2026-05-06 06:19:36.790 9 INFO neutron.wsgi [req-f817c451-60d5-4bd3-bffb-06561c98056d req-1e7c8056-884f-4b97-b6ef-269b733c4d4b 6da3f2bf77324f328b51d0a276f19dee f3e79d991d464280b0329d41bf9ea437 - - b621fce73f6d42c4a41bca51a726afc4 b621fce73f6d42c4a41bca51a726afc4] 199.204.45.57 "GET /v2.0/floatingips?fixed_ip_address=10.2.1.135&port_id=24fe0de6-1f59-4465-a053-86101372ccde HTTP/1.1" status: 200 len: 217 time: 0.0352116
2026-05-06 06:19:36.836 9 INFO neutron.wsgi [req-f817c451-60d5-4bd3-bffb-06561c98056d req-fe6ed799-8bb8-4995-b316-86c84b77b494 6da3f2bf77324f328b51d0a276f19dee f3e79d991d464280b0329d41bf9ea437 - - b621fce73f6d42c4a41bca51a726afc4 b621fce73f6d42c4a41bca51a726afc4] 199.204.45.57 "GET /v2.0/floatingips?fixed_ip_address=fd7b%3Af9f7%3Afff%3A4eca%3A%3Ac8&port_id=24fe0de6-1f59-4465-a053-86101372ccde HTTP/1.1" status: 200 len: 217 time: 0.0252345
2026-05-06 06:19:36.907 9 INFO neutron.wsgi [req-f817c451-60d5-4bd3-bffb-06561c98056d req-ec79d80d-4030-48ce-aaf4-83102dcb5ef4 6da3f2bf77324f328b51d0a276f19dee f3e79d991d464280b0329d41bf9ea437 - - b621fce73f6d42c4a41bca51a726afc4 b621fce73f6d42c4a41bca51a726afc4] 199.204.45.57 "GET /v2.0/subnets?id=207e44df-b72d-426b-a23c-3408424af53f&id=c24dc59b-04b7-4fd4-83b7-c34c0e497aad HTTP/1.1" status: 200 len: 1561 time: 0.0607450
2026-05-06 06:19:36.915 9 INFO neutron.wsgi [req-2467669f-c1eb-4091-8773-335b2d049c9d req-fea775f8-efe4-4adb-8147-ef6739a8a823 3a6ac60dbbea4286a64345ce64f2cb11 61e992dcf079458e859bf3fcb7d4243d - - default default] 10.0.0.205 "GET /v2.0/ports?device_id=dfeaf308-4779-4e85-9e90-0a3656669bab HTTP/1.1" status: 200 len: 1396 time: 0.2046299
2026-05-06 06:19:36.943 9 INFO neutron.wsgi [req-f817c451-60d5-4bd3-bffb-06561c98056d req-bf46e320-d2f6-4d34-8de8-8da018582247 6da3f2bf77324f328b51d0a276f19dee f3e79d991d464280b0329d41bf9ea437 - - b621fce73f6d42c4a41bca51a726afc4 b621fce73f6d42c4a41bca51a726afc4] 199.204.45.57 "GET /v2.0/ports?network_id=5b394ba8-b375-4f1c-bee2-6f0e6865993b&device_owner=network%3Adhcp HTTP/1.1" status: 200 len: 210 time: 0.0272779
2026-05-06 06:19:36.971 9 INFO neutron.wsgi [req-2467669f-c1eb-4091-8773-335b2d049c9d req-58d1b4de-e184-4e22-9910-12da20281327 3a6ac60dbbea4286a64345ce64f2cb11 61e992dcf079458e859bf3fcb7d4243d - - default default] 10.0.0.205 "GET /v2.0/security-groups?id=7a397637-5873-4c3f-915c-6370659cab8f&fields=id&fields=name HTTP/1.1" status: 200 len: 310 time: 0.0452816
2026-05-06 06:19:36.980 9 INFO neutron.wsgi [req-f817c451-60d5-4bd3-bffb-06561c98056d req-e5cdd25c-c5cf-4be4-af59-532740e6f81b 6da3f2bf77324f328b51d0a276f19dee f3e79d991d464280b0329d41bf9ea437 - - b621fce73f6d42c4a41bca51a726afc4 b621fce73f6d42c4a41bca51a726afc4] 199.204.45.57 "GET /v2.0/ports?network_id=5b394ba8-b375-4f1c-bee2-6f0e6865993b&device_owner=network%3Adhcp HTTP/1.1" status: 200 len: 210 time: 0.0288606 /var/lib/openstack/lib/python3.10/site-packages/pycadf/identifier.py:71: UserWarning: Invalid uuid: neutron. To ensure interoperability, identifiers should be a valid uuid. warnings.warn(('Invalid uuid: %s. To ensure interoperability, '
2026-05-06 06:19:37.030 10 INFO neutron.db.ovn_revision_numbers_db [None req-2187529b-8f41-404b-b813-7b46c84006bd - - - - - -] Successfully bumped revision number for resource 24fe0de6-1f59-4465-a053-86101372ccde (type: ports) to 5
2026-05-06 06:19:37.035 9 INFO neutron.wsgi [req-f817c451-60d5-4bd3-bffb-06561c98056d req-66543206-77a6-47e6-bd1c-79ca59bfd9c8 6da3f2bf77324f328b51d0a276f19dee f3e79d991d464280b0329d41bf9ea437 - - b621fce73f6d42c4a41bca51a726afc4 b621fce73f6d42c4a41bca51a726afc4] 199.204.45.57 "GET /v2.0/networks/5b394ba8-b375-4f1c-bee2-6f0e6865993b?fields=segments HTTP/1.1" status: 200 len: 212 time: 0.0493405
2026-05-06 06:19:37.089 9 INFO neutron.wsgi [req-f817c451-60d5-4bd3-bffb-06561c98056d req-1045b136-9d21-4ceb-8dd7-2fe44aaf7183 6da3f2bf77324f328b51d0a276f19dee f3e79d991d464280b0329d41bf9ea437 - - b621fce73f6d42c4a41bca51a726afc4 b621fce73f6d42c4a41bca51a726afc4] 199.204.45.57 "GET /v2.0/networks/5b394ba8-b375-4f1c-bee2-6f0e6865993b?fields=provider%3Aphysical_network&fields=provider%3Anetwork_type HTTP/1.1" status: 200 len: 277 time: 0.0466523
2026-05-06 06:19:37.114 10 INFO neutron.wsgi [req-ed8f1c8a-d5de-497d-9b65-a90bd6e71b79 req-574bf725-a464-46ed-826f-47c02d040761 3a6ac60dbbea4286a64345ce64f2cb11 61e992dcf079458e859bf3fcb7d4243d - - default default] 199.204.45.57 "GET /v2.0/ports?device_id=dfeaf308-4779-4e85-9e90-0a3656669bab HTTP/1.1" status: 200 len: 1394 time: 0.0923088 /var/lib/openstack/lib/python3.10/site-packages/pycadf/identifier.py:71: UserWarning: Invalid uuid: neutron. To ensure interoperability, identifiers should be a valid uuid. warnings.warn(('Invalid uuid: %s. To ensure interoperability, '
2026-05-06 06:19:37.415 10 INFO neutron.wsgi [None req-68a4939f-0016-452d-9eaa-147ca35f875f 3a6ac60dbbea4286a64345ce64f2cb11 61e992dcf079458e859bf3fcb7d4243d - - - -] 199.204.45.57 "DELETE /v2.0/ports/24fe0de6-1f59-4465-a053-86101372ccde HTTP/1.1" status: 204 len: 173 time: 0.2969291
2026-05-06 06:19:38.648 10 INFO neutron.notifiers.nova [-] Nova event matching ['req-50c6cebe-5292-4938-9468-d8c94f428a11'] response: {'server_uuid': 'dfeaf308-4779-4e85-9e90-0a3656669bab', 'name': 'network-vif-unplugged', 'status': 'completed', 'tag': '24fe0de6-1f59-4465-a053-86101372ccde', 'code': 200}
2026-05-06 06:19:38.649 10 INFO neutron.notifiers.nova [-] Nova event matching ['req-50c6cebe-5292-4938-9468-d8c94f428a11'] response: {'server_uuid': 'dfeaf308-4779-4e85-9e90-0a3656669bab', 'name': 'network-vif-plugged', 'status': 'completed', 'tag': '24fe0de6-1f59-4465-a053-86101372ccde', 'code': 200}
2026-05-06 06:19:38.649 10 INFO neutron.notifiers.nova [-] Nova event matching ['req-50c6cebe-5292-4938-9468-d8c94f428a11'] response: {'server_uuid': 'dfeaf308-4779-4e85-9e90-0a3656669bab', 'name': 'network-vif-deleted', 'tag': '24fe0de6-1f59-4465-a053-86101372ccde', 'status': 'completed', 'code': 200}
2026-05-06 06:19:39.153 9 INFO neutron.wsgi [-] 10.0.0.212 "GET / HTTP/1.1" status: 200 len: 246 time: 0.0013945
2026-05-06 06:19:39.155 10 INFO neutron.wsgi [-] 10.0.0.212 "GET / HTTP/1.1" status: 200 len: 246 time: 0.0030329
2026-05-06 06:19:42.138 10 INFO neutron.wsgi [None req-ba0ee313-1eb5-4840-badd-f51a03884912 3a6ac60dbbea4286a64345ce64f2cb11 61e992dcf079458e859bf3fcb7d4243d - - - -] 10.0.0.184 "DELETE /v2.0/security-group-rules/aa220aaf-b155-43c8-bf7b-f097e80fe9be HTTP/1.1" status: 204 len: 168 time: 0.1021209
2026-05-06 06:19:42.152 10 INFO neutron.api.v2.resource [None req-0e7179df-99d8-43ff-8184-255bd8bc4422 3a6ac60dbbea4286a64345ce64f2cb11 61e992dcf079458e859bf3fcb7d4243d - - default default] show failed (client error): The resource could not be found.
2026-05-06 06:19:42.153 10 INFO neutron.wsgi [None req-0e7179df-99d8-43ff-8184-255bd8bc4422 3a6ac60dbbea4286a64345ce64f2cb11 61e992dcf079458e859bf3fcb7d4243d - - default default] 10.0.0.184 "GET /v2.0/security-group-rules/aa220aaf-b155-43c8-bf7b-f097e80fe9be HTTP/1.1" status: 404 len: 356 time: 0.0099854
2026-05-06 06:19:42.254 10 INFO neutron.wsgi [None req-0740a305-af53-484a-a654-813843552cb0 3a6ac60dbbea4286a64345ce64f2cb11 61e992dcf079458e859bf3fcb7d4243d - - - -] 10.0.0.184 "DELETE /v2.0/security-group-rules/fdcf295c-a7c6-44b0-8d54-3077f4017293 HTTP/1.1" status: 204 len: 168 time: 0.0970323
2026-05-06 06:19:42.269 10 INFO neutron.api.v2.resource [None req-e40aef0e-8812-41a4-b9cf-521bd451085d 3a6ac60dbbea4286a64345ce64f2cb11 61e992dcf079458e859bf3fcb7d4243d - - default default] show failed (client error): The resource could not be found.
2026-05-06 06:19:42.271 10 INFO neutron.wsgi [None req-e40aef0e-8812-41a4-b9cf-521bd451085d 3a6ac60dbbea4286a64345ce64f2cb11 61e992dcf079458e859bf3fcb7d4243d - - default default] 10.0.0.184 "GET /v2.0/security-group-rules/fdcf295c-a7c6-44b0-8d54-3077f4017293 HTTP/1.1" status: 404 len: 356 time: 0.0119746
2026-05-06 06:19:42.389 9 INFO neutron.wsgi [None req-39307d3c-9516-417f-9830-28c46b911e5d 3a6ac60dbbea4286a64345ce64f2cb11 61e992dcf079458e859bf3fcb7d4243d - - - -] 10.0.0.184 "DELETE /v2.0/security-group-rules/a482362d-763c-426a-96b3-b9419d686f06 HTTP/1.1" status: 204 len: 168 time: 0.1139269
2026-05-06 06:19:42.405 9 INFO neutron.api.v2.resource [None req-a5517c38-db62-446f-ae8a-f036f91f344e 3a6ac60dbbea4286a64345ce64f2cb11 61e992dcf079458e859bf3fcb7d4243d - - default default] show failed (client error): The resource could not be found.
2026-05-06 06:19:42.406 9 INFO neutron.wsgi [None req-a5517c38-db62-446f-ae8a-f036f91f344e 3a6ac60dbbea4286a64345ce64f2cb11 61e992dcf079458e859bf3fcb7d4243d - - default default] 10.0.0.184 "GET /v2.0/security-group-rules/a482362d-763c-426a-96b3-b9419d686f06 HTTP/1.1" status: 404 len: 356 time: 0.0116589
2026-05-06 06:19:42.510 10 INFO neutron.wsgi [None req-dc90c7f5-fc7f-44fa-a097-efd80c4760a8 3a6ac60dbbea4286a64345ce64f2cb11 61e992dcf079458e859bf3fcb7d4243d - - - -] 10.0.0.184 "DELETE /v2.0/security-group-rules/00484344-5905-4fb0-bd70-14b1a78c5338 HTTP/1.1" status: 204 len: 168 time: 0.0986140
2026-05-06 06:19:42.525 10 INFO neutron.api.v2.resource [None req-8cd146f7-938e-4e2d-91c5-569dfa30a772 3a6ac60dbbea4286a64345ce64f2cb11 61e992dcf079458e859bf3fcb7d4243d - - default default] show failed (client error): The resource could not be found.
2026-05-06 06:19:42.526 10 INFO neutron.wsgi [None req-8cd146f7-938e-4e2d-91c5-569dfa30a772 3a6ac60dbbea4286a64345ce64f2cb11 61e992dcf079458e859bf3fcb7d4243d - - default default] 10.0.0.184 "GET /v2.0/security-group-rules/00484344-5905-4fb0-bd70-14b1a78c5338 HTTP/1.1" status: 404 len: 356 time: 0.0101931
2026-05-06 06:19:42.634 10 INFO neutron.wsgi [None req-df2f17d4-3b64-4db8-ba70-c70331a533a7 3a6ac60dbbea4286a64345ce64f2cb11 61e992dcf079458e859bf3fcb7d4243d - - - -] 10.0.0.184 "DELETE /v2.0/security-group-rules/307572cb-8f47-43ee-a097-99b1fb9c2a3f HTTP/1.1" status: 204 len: 168 time: 0.1044476
2026-05-06 06:19:42.651 10 INFO neutron.api.v2.resource [None req-0a83bcb0-d7a1-4e25-a7d4-f23655ba0b99 3a6ac60dbbea4286a64345ce64f2cb11 61e992dcf079458e859bf3fcb7d4243d - - default default] show failed (client error): The resource could not be found.
2026-05-06 06:19:42.652 10 INFO neutron.wsgi [None req-0a83bcb0-d7a1-4e25-a7d4-f23655ba0b99 3a6ac60dbbea4286a64345ce64f2cb11 61e992dcf079458e859bf3fcb7d4243d - - default default] 10.0.0.184 "GET /v2.0/security-group-rules/307572cb-8f47-43ee-a097-99b1fb9c2a3f HTTP/1.1" status: 404 len: 356 time: 0.0139802
2026-05-06 06:19:42.779 9 INFO neutron.wsgi [None req-cbfe7856-16c7-4eab-9042-334074934193 3a6ac60dbbea4286a64345ce64f2cb11 61e992dcf079458e859bf3fcb7d4243d - - - -] 10.0.0.184 "DELETE /v2.0/security-group-rules/2cf54ba8-e77a-4275-a700-403132cc6257 HTTP/1.1" status: 204 len: 168 time: 0.1214473
2026-05-06 06:19:42.794 10 INFO neutron.api.v2.resource [None req-5d2edc0b-d18c-4dac-9d99-3e5de5dc4b2a 3a6ac60dbbea4286a64345ce64f2cb11 61e992dcf079458e859bf3fcb7d4243d - - default default] show failed (client error): The resource could not be found.
2026-05-06 06:19:42.796 10 INFO neutron.wsgi [None req-5d2edc0b-d18c-4dac-9d99-3e5de5dc4b2a 3a6ac60dbbea4286a64345ce64f2cb11 61e992dcf079458e859bf3fcb7d4243d - - default default] 10.0.0.184 "GET /v2.0/security-group-rules/2cf54ba8-e77a-4275-a700-403132cc6257 HTTP/1.1" status: 404 len: 356 time: 0.0127597
2026-05-06 06:19:42.898 10 INFO neutron.wsgi [None req-fa58cfad-b99d-461a-9597-52b66e55f491 3a6ac60dbbea4286a64345ce64f2cb11 61e992dcf079458e859bf3fcb7d4243d - - - -] 10.0.0.184 "DELETE /v2.0/security-group-rules/38f508f7-4817-47c4-b1f8-17b2d5796818 HTTP/1.1" status: 204 len: 168 time: 0.0980198
2026-05-06 06:19:42.912 10 INFO neutron.api.v2.resource [None req-4c9d745f-0297-4868-afea-01598c10a081 3a6ac60dbbea4286a64345ce64f2cb11 61e992dcf079458e859bf3fcb7d4243d - - default default] show failed (client error): The resource could not be found.
2026-05-06 06:19:42.913 10 INFO neutron.wsgi [None req-4c9d745f-0297-4868-afea-01598c10a081 3a6ac60dbbea4286a64345ce64f2cb11 61e992dcf079458e859bf3fcb7d4243d - - default default] 10.0.0.184 "GET /v2.0/security-group-rules/38f508f7-4817-47c4-b1f8-17b2d5796818 HTTP/1.1" status: 404 len: 356 time: 0.0101383
2026-05-06 06:19:43.034 10 INFO neutron.wsgi [None req-3e29ade7-b591-4830-a424-8026f7aa9dcd 3a6ac60dbbea4286a64345ce64f2cb11 61e992dcf079458e859bf3fcb7d4243d - - - -] 10.0.0.184 "DELETE /v2.0/security-group-rules/9fc13be1-5811-4bd0-a9a9-c9cd9f4a5f22 HTTP/1.1" status: 204 len: 168 time: 0.1181781
2026-05-06 06:19:43.050 10 INFO neutron.api.v2.resource [None req-6bb8bc58-ca58-481f-9b47-2274cbb57601 3a6ac60dbbea4286a64345ce64f2cb11 61e992dcf079458e859bf3fcb7d4243d - - default default] show failed (client error): The resource could not be found.
2026-05-06 06:19:43.052 10 INFO neutron.wsgi [None req-6bb8bc58-ca58-481f-9b47-2274cbb57601 3a6ac60dbbea4286a64345ce64f2cb11 61e992dcf079458e859bf3fcb7d4243d - - default default] 10.0.0.184 "GET /v2.0/security-group-rules/9fc13be1-5811-4bd0-a9a9-c9cd9f4a5f22 HTTP/1.1" status: 404 len: 356 time: 0.0114663
2026-05-06 06:19:43.153 10 INFO neutron.wsgi [None req-2891caf8-3d7e-46bb-82fc-6881fa3562c6 3a6ac60dbbea4286a64345ce64f2cb11 61e992dcf079458e859bf3fcb7d4243d - - - -] 10.0.0.184 "DELETE /v2.0/security-group-rules/b232afa8-a27b-4122-a189-713102e7b522 HTTP/1.1" status: 204 len: 168 time: 0.0954554
2026-05-06 06:19:43.169 10 INFO neutron.api.v2.resource [None req-75ce6383-0aaa-4dc1-b761-5a4477b118e5 3a6ac60dbbea4286a64345ce64f2cb11 61e992dcf079458e859bf3fcb7d4243d - - default default] show failed (client error): The resource could not be found.
2026-05-06 06:19:43.171 10 INFO neutron.wsgi [None req-75ce6383-0aaa-4dc1-b761-5a4477b118e5 3a6ac60dbbea4286a64345ce64f2cb11 61e992dcf079458e859bf3fcb7d4243d - - default default] 10.0.0.184 "GET /v2.0/security-group-rules/b232afa8-a27b-4122-a189-713102e7b522 HTTP/1.1" status: 404 len: 356 time: 0.0109015
2026-05-06 06:19:43.273 10 INFO neutron.wsgi [None req-729ecabf-bc48-40f4-ac7d-0eb769046ea3 3a6ac60dbbea4286a64345ce64f2cb11 61e992dcf079458e859bf3fcb7d4243d - - - -] 10.0.0.184 "DELETE /v2.0/security-group-rules/2e3f2b6c-a354-4859-aeea-d37bedb50be5 HTTP/1.1" status: 204 len: 168 time: 0.0988615
2026-05-06 06:19:43.293 10 INFO neutron.api.v2.resource [None req-ae8b82cd-8a38-4a7f-84e6-e2c338b68960 3a6ac60dbbea4286a64345ce64f2cb11 61e992dcf079458e859bf3fcb7d4243d - - default default] show failed (client error): The resource could not be found.
2026-05-06 06:19:43.294 10 INFO neutron.wsgi [None req-ae8b82cd-8a38-4a7f-84e6-e2c338b68960 3a6ac60dbbea4286a64345ce64f2cb11 61e992dcf079458e859bf3fcb7d4243d - - default default] 10.0.0.184 "GET /v2.0/security-group-rules/2e3f2b6c-a354-4859-aeea-d37bedb50be5 HTTP/1.1" status: 404 len: 356 time: 0.0111091
2026-05-06 06:19:43.393 10 INFO neutron.wsgi [None req-259a3cef-34b4-407f-991c-f68b764cdd01 3a6ac60dbbea4286a64345ce64f2cb11 61e992dcf079458e859bf3fcb7d4243d - - - -] 10.0.0.184 "DELETE /v2.0/security-group-rules/e3515e71-8d2c-43e5-9c8f-f06954b7589a HTTP/1.1" status: 204 len: 168 time: 0.0944664
2026-05-06 06:19:43.429 10 INFO neutron.api.v2.resource [None req-9264e16b-a0b8-4ded-acd6-3ba90affe2aa 3a6ac60dbbea4286a64345ce64f2cb11 61e992dcf079458e859bf3fcb7d4243d - - default default] show failed (client error): The resource could not be found.
2026-05-06 06:19:43.430 10 INFO neutron.wsgi [None req-9264e16b-a0b8-4ded-acd6-3ba90affe2aa 3a6ac60dbbea4286a64345ce64f2cb11 61e992dcf079458e859bf3fcb7d4243d - - default default] 10.0.0.184 "GET /v2.0/security-group-rules/e3515e71-8d2c-43e5-9c8f-f06954b7589a HTTP/1.1" status: 404 len: 356 time: 0.0130234
2026-05-06 06:19:43.557 10 INFO neutron.wsgi [None req-fcc0ef7c-2dc2-4c1e-baac-64c957a1f5f7 3a6ac60dbbea4286a64345ce64f2cb11 61e992dcf079458e859bf3fcb7d4243d - - - -] 10.0.0.184 "DELETE /v2.0/security-groups/7a397637-5873-4c3f-915c-6370659cab8f HTTP/1.1" status: 204 len: 168 time: 0.1196389
2026-05-06 06:19:43.571 10 INFO neutron.api.v2.resource [None req-9781beef-667f-461d-8205-ac61df838d8b 3a6ac60dbbea4286a64345ce64f2cb11 61e992dcf079458e859bf3fcb7d4243d - - default default] show failed (client error): The resource could not be found.
2026-05-06 06:19:43.573 10 INFO neutron.wsgi [None req-9781beef-667f-461d-8205-ac61df838d8b 3a6ac60dbbea4286a64345ce64f2cb11 61e992dcf079458e859bf3fcb7d4243d - - default default] 10.0.0.184 "GET /v2.0/security-groups/7a397637-5873-4c3f-915c-6370659cab8f HTTP/1.1" status: 404 len: 347 time: 0.0117719
2026-05-06 06:19:45.022 9 INFO neutron.wsgi [None req-92651003-5122-4f02-8621-09abee4b4211 3a6ac60dbbea4286a64345ce64f2cb11 61e992dcf079458e859bf3fcb7d4243d - - - -] 10.0.0.184 "PUT /v2.0/routers/81d73c45-2fc1-42b9-8f9b-257be050229f/remove_router_interface HTTP/1.1" status: 200 len: 503 time: 1.3902204 /var/lib/openstack/lib/python3.10/site-packages/pycadf/identifier.py:71: UserWarning: Invalid uuid: neutron. To ensure interoperability, identifiers should be a valid uuid. warnings.warn(('Invalid uuid: %s. To ensure interoperability, '
2026-05-06 06:19:45.144 9 INFO neutron.api.v2.resource [None req-d1c32122-bb4c-4127-b406-bf84e6d5a49e 3a6ac60dbbea4286a64345ce64f2cb11 61e992dcf079458e859bf3fcb7d4243d - - default default] remove_router_interface failed (client error): The resource could not be found.
2026-05-06 06:19:45.145 9 INFO neutron.wsgi [None req-d1c32122-bb4c-4127-b406-bf84e6d5a49e 3a6ac60dbbea4286a64345ce64f2cb11 61e992dcf079458e859bf3fcb7d4243d - - default default] 10.0.0.184 "PUT /v2.0/routers/81d73c45-2fc1-42b9-8f9b-257be050229f/remove_router_interface HTTP/1.1" status: 404 len: 399 time: 0.1176322
2026-05-06 06:19:45.965 9 INFO neutron.wsgi [None req-52cb45c2-68d7-465d-bcba-709913490d41 3a6ac60dbbea4286a64345ce64f2cb11 61e992dcf079458e859bf3fcb7d4243d - - - -] 10.0.0.184 "PUT /v2.0/routers/81d73c45-2fc1-42b9-8f9b-257be050229f/remove_router_interface HTTP/1.1" status: 200 len: 503 time: 0.8149567 /var/lib/openstack/lib/python3.10/site-packages/pycadf/identifier.py:71: UserWarning: Invalid uuid: neutron. To ensure interoperability, identifiers should be a valid uuid. warnings.warn(('Invalid uuid: %s. To ensure interoperability, '
2026-05-06 06:19:46.109 9 INFO neutron.api.v2.resource [None req-7c1b4df3-b44e-4a77-b899-da5f9445fe57 3a6ac60dbbea4286a64345ce64f2cb11 61e992dcf079458e859bf3fcb7d4243d - - default default] remove_router_interface failed (client error): The resource could not be found.
2026-05-06 06:19:46.110 9 INFO neutron.wsgi [None req-7c1b4df3-b44e-4a77-b899-da5f9445fe57 3a6ac60dbbea4286a64345ce64f2cb11 61e992dcf079458e859bf3fcb7d4243d - - default default] 10.0.0.184 "PUT /v2.0/routers/81d73c45-2fc1-42b9-8f9b-257be050229f/remove_router_interface HTTP/1.1" status: 404 len: 399 time: 0.1392837
2026-05-06 06:19:46.949 9 INFO neutron.wsgi [None req-4b46b199-f8d8-4410-b373-3df7db9fe1b0 3a6ac60dbbea4286a64345ce64f2cb11 61e992dcf079458e859bf3fcb7d4243d - - - -] 10.0.0.184 "PUT /v2.0/routers/81d73c45-2fc1-42b9-8f9b-257be050229f/remove_router_interface HTTP/1.1" status: 200 len: 503 time: 0.8331125
2026-05-06 06:19:47.092 10 INFO neutron.api.v2.resource [None req-8aa798b6-a7ad-4f2f-b2d4-dd7403c71297 3a6ac60dbbea4286a64345ce64f2cb11 61e992dcf079458e859bf3fcb7d4243d - - default default] remove_router_interface failed (client error): The resource could not be found.
2026-05-06 06:19:47.094 10 INFO neutron.wsgi [None req-8aa798b6-a7ad-4f2f-b2d4-dd7403c71297 3a6ac60dbbea4286a64345ce64f2cb11 61e992dcf079458e859bf3fcb7d4243d - - default default] 10.0.0.184 "PUT /v2.0/routers/81d73c45-2fc1-42b9-8f9b-257be050229f/remove_router_interface HTTP/1.1" status: 404 len: 399 time: 0.1400876
2026-05-06 06:19:47.930 10 INFO neutron.wsgi [None req-dc8b5cab-f683-4150-9778-666517e94d61 3a6ac60dbbea4286a64345ce64f2cb11 61e992dcf079458e859bf3fcb7d4243d - - - -] 10.0.0.184 "DELETE /v2.0/routers/81d73c45-2fc1-42b9-8f9b-257be050229f HTTP/1.1" status: 204 len: 168 time: 0.8317857
2026-05-06 06:19:47.958 10 INFO neutron.api.v2.resource [None req-abd4047e-0ab9-4326-be09-1f0c5ce986ec 3a6ac60dbbea4286a64345ce64f2cb11 61e992dcf079458e859bf3fcb7d4243d - - default default] show failed (client error): The resource could not be found.
2026-05-06 06:19:47.959 10 INFO neutron.wsgi [None req-abd4047e-0ab9-4326-be09-1f0c5ce986ec 3a6ac60dbbea4286a64345ce64f2cb11 61e992dcf079458e859bf3fcb7d4243d - - default default] 10.0.0.184 "GET /v2.0/routers/81d73c45-2fc1-42b9-8f9b-257be050229f HTTP/1.1" status: 404 len: 336 time: 0.0247138
2026-05-06 06:19:48.143 10 INFO neutron.wsgi [None req-255f84d0-3f2c-4e28-b294-ed2d3efd42a6 3a6ac60dbbea4286a64345ce64f2cb11 61e992dcf079458e859bf3fcb7d4243d - - - -] 10.0.0.184 "DELETE /v2.0/subnets/6002351e-6008-43d7-b607-9d85cbddbc7f HTTP/1.1" status: 204 len: 168 time: 0.1790230
2026-05-06 06:19:48.169 10 INFO neutron.pecan_wsgi.hooks.translation [None req-d9b241f2-9d4e-48ab-9d8f-ea9dbda54092 3a6ac60dbbea4286a64345ce64f2cb11 61e992dcf079458e859bf3fcb7d4243d - - default default] GET failed (client error): The resource could not be found.
2026-05-06 06:19:48.171 10 INFO neutron.wsgi [None req-d9b241f2-9d4e-48ab-9d8f-ea9dbda54092 3a6ac60dbbea4286a64345ce64f2cb11 61e992dcf079458e859bf3fcb7d4243d - - default default] 10.0.0.184 "GET /v2.0/subnets/6002351e-6008-43d7-b607-9d85cbddbc7f HTTP/1.1" status: 404 len: 337 time: 0.0210905
2026-05-06 06:19:48.377 10 INFO neutron.wsgi [None req-3adc759a-df02-46d1-913e-004a48262f83 3a6ac60dbbea4286a64345ce64f2cb11 61e992dcf079458e859bf3fcb7d4243d - - - -] 10.0.0.184 "DELETE /v2.0/subnets/7703719c-52c4-4d19-8b19-7df60e3239d8 HTTP/1.1" status: 204 len: 168 time: 0.2026279
2026-05-06 06:19:48.399 10 INFO neutron.pecan_wsgi.hooks.translation [None req-e0fb51be-c69c-43df-8b6c-3e208aff638e 3a6ac60dbbea4286a64345ce64f2cb11 61e992dcf079458e859bf3fcb7d4243d - - default default] GET failed (client error): The resource could not be found.
2026-05-06 06:19:48.401 10 INFO neutron.wsgi [None req-e0fb51be-c69c-43df-8b6c-3e208aff638e 3a6ac60dbbea4286a64345ce64f2cb11 61e992dcf079458e859bf3fcb7d4243d - - default default] 10.0.0.184 "GET /v2.0/subnets/7703719c-52c4-4d19-8b19-7df60e3239d8 HTTP/1.1" status: 404 len: 337 time: 0.0183132
2026-05-06 06:19:48.741 10 INFO neutron.services.segments.plugin [-] Segment 1741281c-3dcd-4fbf-b2d0-8ffba1e91876 resource provider aggregate not found
2026-05-06 06:19:48.747 10 INFO neutron.services.segments.plugin [-] Segment 1741281c-3dcd-4fbf-b2d0-8ffba1e91876 resource provider aggregate not found
2026-05-06 06:19:48.763 10 INFO neutron.services.segments.plugin [-] Segment 1741281c-3dcd-4fbf-b2d0-8ffba1e91876 resource provider not found; error: Placement Client Error (4xx): {"errors": [{"status": 404, "title": "Not Found", "detail": "The resource could not be found.\n\n No resource provider with uuid 1741281c-3dcd-4fbf-b2d0-8ffba1e91876 found for delete ", "request_id": "req-22367e2d-466e-4872-ac34-f0aa4dd67756"}]}
2026-05-06 06:19:48.777 10 INFO neutron.services.segments.plugin [-] Segment 1741281c-3dcd-4fbf-b2d0-8ffba1e91876 resource provider not found; error: Placement Client Error (4xx): {"errors": [{"status": 404, "title": "Not Found", "detail": "The resource could not be found.\n\n No resource provider with uuid 1741281c-3dcd-4fbf-b2d0-8ffba1e91876 found for delete ", "request_id": "req-54c676e5-df80-4ae1-83b4-a91778712ede"}]}
2026-05-06 06:19:48.791 10 INFO neutron.wsgi [None req-93d82b57-ad4c-4c27-9507-364910150284 3a6ac60dbbea4286a64345ce64f2cb11 61e992dcf079458e859bf3fcb7d4243d - - - -] 10.0.0.184 "DELETE /v2.0/networks/3f458ae3-c9a8-4ebe-bc9a-9fe790144154 HTTP/1.1" status: 204 len: 168 time: 0.3843513 /var/lib/openstack/lib/python3.10/site-packages/pycadf/identifier.py:71: UserWarning: Invalid uuid: neutron. To ensure interoperability, identifiers should be a valid uuid. warnings.warn(('Invalid uuid: %s. To ensure interoperability, '
2026-05-06 06:19:48.819 9 INFO neutron.pecan_wsgi.hooks.translation [None req-36d4b0ae-1915-4135-aa9d-e1c5657cfab1 3a6ac60dbbea4286a64345ce64f2cb11 61e992dcf079458e859bf3fcb7d4243d - - default default] GET failed (client error): The resource could not be found.
2026-05-06 06:19:48.821 9 INFO neutron.wsgi [None req-36d4b0ae-1915-4135-aa9d-e1c5657cfab1 3a6ac60dbbea4286a64345ce64f2cb11 61e992dcf079458e859bf3fcb7d4243d - - default default] 10.0.0.184 "GET /v2.0/networks/3f458ae3-c9a8-4ebe-bc9a-9fe790144154 HTTP/1.1" status: 404 len: 339 time: 0.0237715
2026-05-06 06:19:48.999 9 INFO neutron.wsgi [None req-bbe681f9-40a4-46e6-bcbf-2ec09748b1a1 3a6ac60dbbea4286a64345ce64f2cb11 61e992dcf079458e859bf3fcb7d4243d - - - -] 10.0.0.184 "DELETE /v2.0/subnets/c24dc59b-04b7-4fd4-83b7-c34c0e497aad HTTP/1.1" status: 204 len: 168 time: 0.1731300
2026-05-06 06:19:49.020 9 INFO neutron.pecan_wsgi.hooks.translation [None req-9ce00a46-8770-41d4-8f3b-66428fa4a918 3a6ac60dbbea4286a64345ce64f2cb11 61e992dcf079458e859bf3fcb7d4243d - - default default] GET failed (client error): The resource could not be found.
2026-05-06 06:19:49.021 9 INFO neutron.wsgi [None req-9ce00a46-8770-41d4-8f3b-66428fa4a918 3a6ac60dbbea4286a64345ce64f2cb11 61e992dcf079458e859bf3fcb7d4243d - - default default] 10.0.0.184 "GET /v2.0/subnets/c24dc59b-04b7-4fd4-83b7-c34c0e497aad HTTP/1.1" status: 404 len: 337 time: 0.0166974
2026-05-06 06:19:49.215 9 INFO neutron.wsgi [None req-5f6e2d5d-d1ea-4060-8fe4-ab14b2f5546e 3a6ac60dbbea4286a64345ce64f2cb11 61e992dcf079458e859bf3fcb7d4243d - - - -] 10.0.0.184 "DELETE /v2.0/subnets/207e44df-b72d-426b-a23c-3408424af53f HTTP/1.1" status: 204 len: 168 time: 0.1878266
2026-05-06 06:19:49.238 9 INFO neutron.pecan_wsgi.hooks.translation [None req-55917d56-8d84-44be-83ba-c009a2320780 3a6ac60dbbea4286a64345ce64f2cb11 61e992dcf079458e859bf3fcb7d4243d - - default default] GET failed (client error): The resource could not be found.
2026-05-06 06:19:49.240 9 INFO neutron.wsgi [None req-55917d56-8d84-44be-83ba-c009a2320780 3a6ac60dbbea4286a64345ce64f2cb11 61e992dcf079458e859bf3fcb7d4243d - - default default] 10.0.0.184 "GET /v2.0/subnets/207e44df-b72d-426b-a23c-3408424af53f HTTP/1.1" status: 404 len: 337 time: 0.0196111
2026-05-06 06:19:49.620 10 INFO neutron.wsgi [None req-08af54a5-bf4e-4041-a7fa-26bf638fa82c 3a6ac60dbbea4286a64345ce64f2cb11 61e992dcf079458e859bf3fcb7d4243d - - - -] 10.0.0.184 "DELETE /v2.0/networks/5b394ba8-b375-4f1c-bee2-6f0e6865993b HTTP/1.1" status: 204 len: 168 time: 0.3763204
2026-05-06 06:19:49.643 9 INFO neutron.pecan_wsgi.hooks.translation [None req-054ddf55-9eab-4b02-a30f-e2644696f92a 3a6ac60dbbea4286a64345ce64f2cb11 61e992dcf079458e859bf3fcb7d4243d - - default default] GET failed (client error): The resource could not be found.
2026-05-06 06:19:49.644 9 INFO neutron.wsgi [None req-054ddf55-9eab-4b02-a30f-e2644696f92a 3a6ac60dbbea4286a64345ce64f2cb11 61e992dcf079458e859bf3fcb7d4243d - - default default] 10.0.0.184 "GET /v2.0/networks/5b394ba8-b375-4f1c-bee2-6f0e6865993b HTTP/1.1" status: 404 len: 339 time: 0.0184460
2026-05-06 06:19:49.821 9 INFO neutron.wsgi [None req-4df56218-5a18-4373-b5ce-ecbd7ce7a520 3a6ac60dbbea4286a64345ce64f2cb11 61e992dcf079458e859bf3fcb7d4243d - - - -] 10.0.0.184 "DELETE /v2.0/subnets/b2a0afa2-1255-4aa1-bcc5-63c9a38ff649 HTTP/1.1" status: 204 len: 168 time: 0.1717668
2026-05-06 06:19:49.845 9 INFO neutron.pecan_wsgi.hooks.translation [None req-8f306021-a288-4e13-9a52-7fa9f87776ee 3a6ac60dbbea4286a64345ce64f2cb11 61e992dcf079458e859bf3fcb7d4243d - - default default] GET failed (client error): The resource could not be found.
2026-05-06 06:19:49.847 9 INFO neutron.wsgi [None req-8f306021-a288-4e13-9a52-7fa9f87776ee 3a6ac60dbbea4286a64345ce64f2cb11 61e992dcf079458e859bf3fcb7d4243d - - default default] 10.0.0.184 "GET /v2.0/subnets/b2a0afa2-1255-4aa1-bcc5-63c9a38ff649 HTTP/1.1" status: 404 len: 337 time: 0.0209525
2026-05-06 06:19:50.070 9 INFO neutron.wsgi [None req-68f03416-9355-4028-8fa2-3d96964d19d5 3a6ac60dbbea4286a64345ce64f2cb11 61e992dcf079458e859bf3fcb7d4243d - - - -] 10.0.0.184 "DELETE /v2.0/subnets/7e7426ae-3f1b-49b4-8305-815d7075a9be HTTP/1.1" status: 204 len: 168 time: 0.2190144
2026-05-06 06:19:50.099 10 INFO neutron.pecan_wsgi.hooks.translation [None req-01aec58b-b4c1-40f8-adb4-532ee8410d27 3a6ac60dbbea4286a64345ce64f2cb11 61e992dcf079458e859bf3fcb7d4243d - - default default] GET failed (client error): The resource could not be found.
2026-05-06 06:19:50.100 10 INFO neutron.wsgi [None req-01aec58b-b4c1-40f8-adb4-532ee8410d27 3a6ac60dbbea4286a64345ce64f2cb11 61e992dcf079458e859bf3fcb7d4243d - - default default] 10.0.0.184 "GET /v2.0/subnets/7e7426ae-3f1b-49b4-8305-815d7075a9be HTTP/1.1" status: 404 len: 337 time: 0.0247235
2026-05-06 06:19:50.527 10 INFO neutron.wsgi [None req-9a13443a-c6b3-4062-ae66-95d44212502b 3a6ac60dbbea4286a64345ce64f2cb11 61e992dcf079458e859bf3fcb7d4243d - - - -] 10.0.0.184 "DELETE /v2.0/networks/5c03f433-385c-4aea-94eb-edd1e0ce181e HTTP/1.1" status: 204 len: 168 time: 0.4218836
2026-05-06 06:19:50.552 9 INFO neutron.pecan_wsgi.hooks.translation [None req-50464552-d8af-484a-b9d9-702669494017 3a6ac60dbbea4286a64345ce64f2cb11 61e992dcf079458e859bf3fcb7d4243d - - default default] GET failed (client error): The resource could not be found.
2026-05-06 06:19:50.553 9 INFO neutron.wsgi [None req-50464552-d8af-484a-b9d9-702669494017 3a6ac60dbbea4286a64345ce64f2cb11 61e992dcf079458e859bf3fcb7d4243d - - default default] 10.0.0.184 "GET /v2.0/networks/5c03f433-385c-4aea-94eb-edd1e0ce181e HTTP/1.1" status: 404 len: 339 time: 0.0175862
2026-05-06 06:19:50.786 10 INFO neutron.services.segments.plugin [-] Segment eef3f56d-2652-4b87-b0d3-cc76ff6ebc95 resource provider aggregate not found
2026-05-06 06:19:50.804 10 INFO neutron.services.segments.plugin [-] Segment eef3f56d-2652-4b87-b0d3-cc76ff6ebc95 resource provider not found; error: Placement Client Error (4xx): {"errors": [{"status": 404, "title": "Not Found", "detail": "The resource could not be found.\n\n No resource provider with uuid eef3f56d-2652-4b87-b0d3-cc76ff6ebc95 found for delete ", "request_id": "req-18288d94-421f-48ea-9488-462655ee799f"}]}
2026-05-06 06:19:50.812 10 INFO neutron.services.segments.plugin [-] Segment eef3f56d-2652-4b87-b0d3-cc76ff6ebc95 resource provider aggregate not found
2026-05-06 06:19:50.830 10 INFO neutron.services.segments.plugin [-] Segment eef3f56d-2652-4b87-b0d3-cc76ff6ebc95 resource provider not found; error: Placement Client Error (4xx): {"errors": [{"status": 404, "title": "Not Found", "detail": "The resource could not be found.\n\n No resource provider with uuid eef3f56d-2652-4b87-b0d3-cc76ff6ebc95 found for delete ", "request_id": "req-f1cf00ef-9e00-4253-827f-8c46fc97cb4c"}]}
2026-05-06 06:19:50.838 10 INFO neutron.services.segments.plugin [-] Segment 51207a2d-7454-4a3d-911e-46a72a066d51 resource provider aggregate not found
2026-05-06 06:19:50.850 10 INFO neutron.services.segments.plugin [-] Segment 51207a2d-7454-4a3d-911e-46a72a066d51 resource provider aggregate not found
2026-05-06 06:19:50.858 10 INFO neutron.services.segments.plugin [-] Segment 51207a2d-7454-4a3d-911e-46a72a066d51 resource provider not found; error: Placement Client Error (4xx): {"errors": [{"status": 404, "title": "Not Found", "detail": "The resource could not be found.\n\n No resource provider with uuid 51207a2d-7454-4a3d-911e-46a72a066d51 found for delete ", "request_id": "req-5908864e-1b63-484a-8e2b-3031cdab4030"}]}
2026-05-06 06:19:50.864 10 INFO neutron.services.segments.plugin [-] Segment 51207a2d-7454-4a3d-911e-46a72a066d51 resource provider not found; error: Placement Client Error (4xx): {"errors": [{"status": 404, "title": "Not Found", "detail": "The resource could not be found.\n\n No resource provider with uuid 51207a2d-7454-4a3d-911e-46a72a066d51 found for delete ", "request_id": "req-eb659094-2f93-4ad3-8d23-681af5cb92c4"}]}
2026-05-06 06:19:52.749 10 INFO neutron.db.ovn_revision_numbers_db [None req-d61feaff-5578-4065-be58-45121f58959c 8e5c766801194016a35dfcbe05ef5617 1a009fe3683c4df096bc63300d7dcabf - - default default] Successfully bumped revision number for resource 28292d72-f98a-4da5-90ce-5196dd890311 (type: security_groups) to 1
2026-05-06 06:19:52.770 10 INFO neutron.wsgi [None req-d61feaff-5578-4065-be58-45121f58959c 8e5c766801194016a35dfcbe05ef5617 1a009fe3683c4df096bc63300d7dcabf - - default default] 10.0.0.184 "GET /v2.0/security-groups?tenant_id=5dc28d827ffe48978d06fe9a8902f4e4&name=default HTTP/1.1" status: 200 len: 3000 time: 0.2896099
2026-05-06 06:19:52.952 10 INFO neutron.wsgi [None req-70fe2126-5f4e-4efe-b79b-1daaf16db173 8e5c766801194016a35dfcbe05ef5617 1a009fe3683c4df096bc63300d7dcabf - - - -] 10.0.0.184 "DELETE /v2.0/security-groups/28292d72-f98a-4da5-90ce-5196dd890311 HTTP/1.1" status: 204 len: 168 time: 0.1770761
2026-05-06 06:19:53.151 9 INFO neutron.db.ovn_revision_numbers_db [None req-a19031f3-b7fc-48af-a572-e97303fed6a9 8e5c766801194016a35dfcbe05ef5617 1a009fe3683c4df096bc63300d7dcabf - - default default] Successfully bumped revision number for resource dbe8fe4e-738a-4f8d-8894-7e03c4aae807 (type: security_groups) to 1
2026-05-06 06:19:53.175 9 INFO neutron.wsgi [None req-a19031f3-b7fc-48af-a572-e97303fed6a9 8e5c766801194016a35dfcbe05ef5617 1a009fe3683c4df096bc63300d7dcabf - - default default] 10.0.0.184 "GET /v2.0/security-groups?tenant_id=9b0dd7f776974e98ae03f04369867874&name=default HTTP/1.1" status: 200 len: 3000 time: 0.1040604
2026-05-06 06:19:53.351 9 INFO neutron.wsgi [None req-a81e4bd0-75bc-4ad9-bd7d-24158226b769 8e5c766801194016a35dfcbe05ef5617 1a009fe3683c4df096bc63300d7dcabf - - - -] 10.0.0.184 "DELETE /v2.0/security-groups/dbe8fe4e-738a-4f8d-8894-7e03c4aae807 HTTP/1.1" status: 204 len: 168 time: 0.1718624
2026-05-06 06:19:53.633 10 INFO neutron.db.ovn_revision_numbers_db [None req-bc2c1937-9e98-4ba2-ae8d-8f20211db147 8e5c766801194016a35dfcbe05ef5617 1a009fe3683c4df096bc63300d7dcabf - - default default] Successfully bumped revision number for resource b15491e4-362c-4ac3-b900-b4daba806c26 (type: security_groups) to 1
2026-05-06 06:19:53.657 10 INFO neutron.wsgi [None req-bc2c1937-9e98-4ba2-ae8d-8f20211db147 8e5c766801194016a35dfcbe05ef5617 1a009fe3683c4df096bc63300d7dcabf - - default default] 10.0.0.184 "GET /v2.0/security-groups?tenant_id=53e0c782de72400494088efbea47eaf7&name=default HTTP/1.1" status: 200 len: 3000 time: 0.1627691
2026-05-06 06:19:53.852 10 INFO neutron.wsgi [None req-39b0b240-4ac9-4c95-a93e-58fcf802306b 8e5c766801194016a35dfcbe05ef5617 1a009fe3683c4df096bc63300d7dcabf - - - -] 10.0.0.184 "DELETE /v2.0/security-groups/b15491e4-362c-4ac3-b900-b4daba806c26 HTTP/1.1" status: 204 len: 168 time: 0.1894054
2026-05-06 06:19:54.095 9 INFO neutron.db.ovn_revision_numbers_db [None req-70fc1d57-e2b5-4022-b544-cda1234fb03d 8e5c766801194016a35dfcbe05ef5617 1a009fe3683c4df096bc63300d7dcabf - - default default] Successfully bumped revision number for resource ad927ab9-3cf3-4f06-85e0-4775f809fb5b (type: security_groups) to 1
2026-05-06 06:19:54.118 9 INFO neutron.wsgi [None req-70fc1d57-e2b5-4022-b544-cda1234fb03d 8e5c766801194016a35dfcbe05ef5617 1a009fe3683c4df096bc63300d7dcabf - - default default] 10.0.0.184 "GET /v2.0/security-groups?tenant_id=fedd6ed9647d4542842aa34ec6dfcd90&name=default HTTP/1.1" status: 200 len: 3000 time: 0.1144135
2026-05-06 06:19:54.154 10 INFO neutron.wsgi [-] 10.0.0.212 "GET / HTTP/1.1" status: 200 len: 246 time: 0.0028555
2026-05-06 06:19:54.156 10 INFO neutron.wsgi [-] 10.0.0.212 "GET / HTTP/1.1" status: 200 len: 246 time: 0.0014057
2026-05-06 06:19:54.363 9 INFO neutron.wsgi [None req-b0c1c1a3-70a0-46fd-b7e8-fb1a41a35f94 8e5c766801194016a35dfcbe05ef5617 1a009fe3683c4df096bc63300d7dcabf - - - -] 10.0.0.184 "DELETE /v2.0/security-groups/ad927ab9-3cf3-4f06-85e0-4775f809fb5b HTTP/1.1" status: 204 len: 168 time: 0.2400477
2026-05-06 06:19:54.596 9 INFO neutron.db.ovn_revision_numbers_db [None req-91a75c49-49da-4004-9e7e-64c94e691343 8e5c766801194016a35dfcbe05ef5617 1a009fe3683c4df096bc63300d7dcabf - - default default] Successfully bumped revision number for resource edec81f5-c8d2-4cfa-b4d1-a2f4875faab6 (type: security_groups) to 1
2026-05-06 06:19:54.624 9 INFO neutron.wsgi [None req-91a75c49-49da-4004-9e7e-64c94e691343 8e5c766801194016a35dfcbe05ef5617 1a009fe3683c4df096bc63300d7dcabf - - default default] 10.0.0.184 "GET /v2.0/security-groups?tenant_id=e8eed9c62bf4459793f54d33e4aeaee2&name=default HTTP/1.1" status: 200 len: 3000 time: 0.1180823
2026-05-06 06:19:54.808 9 INFO neutron.wsgi [None req-5f1f6e8f-1739-4c5a-98f5-154567214d96 8e5c766801194016a35dfcbe05ef5617 1a009fe3683c4df096bc63300d7dcabf - - - -] 10.0.0.184 "DELETE /v2.0/security-groups/edec81f5-c8d2-4cfa-b4d1-a2f4875faab6 HTTP/1.1" status: 204 len: 168 time: 0.1785908
2026-05-06 06:19:54.984 10 INFO neutron.wsgi [None req-4d31e170-43df-480e-9826-fa36a0f0eaa2 8e5c766801194016a35dfcbe05ef5617 1a009fe3683c4df096bc63300d7dcabf - - default default] 10.0.0.184 "GET /v2.0/security-groups?tenant_id=61e992dcf079458e859bf3fcb7d4243d&name=default HTTP/1.1" status: 200 len: 2996 time: 0.0285459
2026-05-06 06:19:55.150 10 INFO neutron.wsgi [None req-124458c3-5704-4060-8933-523e8d960edb 8e5c766801194016a35dfcbe05ef5617 1a009fe3683c4df096bc63300d7dcabf - - - -] 10.0.0.184 "DELETE /v2.0/security-groups/4a8d716a-80b0-4e30-892d-80f55e3a4d28 HTTP/1.1" status: 204 len: 168 time: 0.1604934
2026-05-06 06:19:55.401 10 INFO neutron.db.ovn_revision_numbers_db [None req-5fd8e6ba-8065-4810-8348-98ed92701cc5 8e5c766801194016a35dfcbe05ef5617 1a009fe3683c4df096bc63300d7dcabf - - default default] Successfully bumped revision number for resource 92e3fffd-f5d1-40f0-ac0b-bc601b3eda58 (type: security_groups) to 1
2026-05-06 06:19:55.421 10 INFO neutron.wsgi [None req-5fd8e6ba-8065-4810-8348-98ed92701cc5 8e5c766801194016a35dfcbe05ef5617 1a009fe3683c4df096bc63300d7dcabf - - default default] 10.0.0.184 "GET /v2.0/security-groups?tenant_id=8472871eeedb4132b3d92baceb8d8e53&name=default HTTP/1.1" status: 200 len: 3000 time: 0.1221480
2026-05-06 06:19:55.608 10 INFO neutron.wsgi [None req-4535ce79-a06a-48be-b1f7-25d26063daf8 8e5c766801194016a35dfcbe05ef5617 1a009fe3683c4df096bc63300d7dcabf - - - -] 10.0.0.184 "DELETE /v2.0/security-groups/92e3fffd-f5d1-40f0-ac0b-bc601b3eda58 HTTP/1.1" status: 204 len: 168 time: 0.1804714
2026-05-06 06:19:59.931 9 WARNING neutron.scheduler.dhcp_agent_scheduler [None req-35b5f31c-0d53-4843-aaa6-2b6ca662b50a fae0405d1a184b12b0a3cfcf5b4f809b 8e7474e3037f41fa9ff1f65cc7a4953c - - - -] No more DHCP agents
2026-05-06 06:19:59.933 9 WARNING neutron.api.rpc.agentnotifiers.dhcp_rpc_agent_api [None req-35b5f31c-0d53-4843-aaa6-2b6ca662b50a fae0405d1a184b12b0a3cfcf5b4f809b 8e7474e3037f41fa9ff1f65cc7a4953c - - - -] Unable to schedule network 830aeb48-e604-4bf4-b1f0-c30f0a97948c: no agents available; will retry on subsequent port and subnet creation events.
2026-05-06 06:20:00.243 9 INFO neutron.db.ovn_revision_numbers_db [None req-35b5f31c-0d53-4843-aaa6-2b6ca662b50a fae0405d1a184b12b0a3cfcf5b4f809b 8e7474e3037f41fa9ff1f65cc7a4953c - - - -] Successfully bumped revision number for resource 0e1b9479-2aa6-4148-b21f-33008da852bf (type: floatingips) to 0
2026-05-06 06:20:00.266 9 INFO neutron.wsgi [None req-35b5f31c-0d53-4843-aaa6-2b6ca662b50a fae0405d1a184b12b0a3cfcf5b4f809b 8e7474e3037f41fa9ff1f65cc7a4953c - - - -] 10.0.0.184 "POST /v2.0/floatingips HTTP/1.1" status: 201 len: 751 time: 0.7331936
2026-05-06 06:20:00.544 9 WARNING neutron.scheduler.dhcp_agent_scheduler [None req-6f3d52dc-859a-4fba-9c40-f74a04b26ba3 fae0405d1a184b12b0a3cfcf5b4f809b 8e7474e3037f41fa9ff1f65cc7a4953c - - - -] No more DHCP agents
2026-05-06 06:20:00.546 9 WARNING neutron.api.rpc.agentnotifiers.dhcp_rpc_agent_api [None req-6f3d52dc-859a-4fba-9c40-f74a04b26ba3 fae0405d1a184b12b0a3cfcf5b4f809b 8e7474e3037f41fa9ff1f65cc7a4953c - - - -] Unable to schedule network 830aeb48-e604-4bf4-b1f0-c30f0a97948c: no agents available; will retry on subsequent port and subnet creation events.
2026-05-06 06:20:01.186 9 INFO neutron.db.ovn_revision_numbers_db [None req-6f3d52dc-859a-4fba-9c40-f74a04b26ba3 fae0405d1a184b12b0a3cfcf5b4f809b 8e7474e3037f41fa9ff1f65cc7a4953c - - - -] Successfully bumped revision number for resource 615a735e-bb49-48d8-920f-f06e728869e7 (type: floatingips) to 0
2026-05-06 06:20:01.200 9 INFO neutron.wsgi [None req-6f3d52dc-859a-4fba-9c40-f74a04b26ba3 fae0405d1a184b12b0a3cfcf5b4f809b 8e7474e3037f41fa9ff1f65cc7a4953c - - - -] 10.0.0.184 "POST /v2.0/floatingips HTTP/1.1" status: 201 len: 751 time: 0.9283013
