2026-05-06 06:15:45.100 10 INFO neutron.db.ovn_revision_numbers_db [None req-688835a5-447d-435b-98ee-a3f3c0be46b1 - - - - - -] Successfully bumped revision number for resource 90cb28e6-d526-4fb7-966a-96cffb2dc856 (type: ports) to 4
2026-05-06 06:15:45.133 9 INFO neutron.db.ovn_revision_numbers_db [None req-b260973f-cf16-404a-a079-02aa9a52675e 051595859ffa437983ee0de25c594066 e9e5d1bbb7fd4573add326c542ff68a6 - - - -] Successfully bumped revision number for resource 430af7cd-ba7b-47ae-8816-b829e80655b5 (type: routers) to 1
2026-05-06 06:15:45.164 9 INFO neutron.wsgi [None req-b260973f-cf16-404a-a079-02aa9a52675e 051595859ffa437983ee0de25c594066 e9e5d1bbb7fd4573add326c542ff68a6 - - - -] 10.0.0.184 "POST /v2.0/routers HTTP/1.1" status: 201 len: 690 time: 0.2651417
2026-05-06 06:15:45.345 10 INFO neutron.db.ovn_revision_numbers_db [None req-2958391d-84ce-4ae7-a83c-f14893cdece6 5dd0a15350794a31b5f56cef2d0cfda5 1629fbd6a15549c3b34d0e9362fd47a4 - - default default] Successfully bumped revision number for resource caa9a0e8-6b4b-4dbc-9cd0-7947760d5b22 (type: ports) to 1
2026-05-06 06:15:45.588 10 INFO neutron.db.ovn_revision_numbers_db [None req-688835a5-447d-435b-98ee-a3f3c0be46b1 - - - - - -] Successfully bumped revision number for resource 90cb28e6-d526-4fb7-966a-96cffb2dc856 (type: router_ports) to 4
2026-05-06 06:15:45.664 9 WARNING neutron.scheduler.dhcp_agent_scheduler [None req-1b94a8da-56ef-4eaa-b0dd-96fb16120a77 051595859ffa437983ee0de25c594066 e9e5d1bbb7fd4573add326c542ff68a6 - - default default] No more DHCP agents
2026-05-06 06:15:45.667 9 WARNING neutron.api.rpc.agentnotifiers.dhcp_rpc_agent_api [None req-1b94a8da-56ef-4eaa-b0dd-96fb16120a77 051595859ffa437983ee0de25c594066 e9e5d1bbb7fd4573add326c542ff68a6 - - default default] Unable to schedule network 891d6d2e-9c87-493f-8717-45837371214f: no agents available; will retry on subsequent port and subnet creation events.
2026-05-06 06:15:45.694 9 INFO neutron.db.ovn_revision_numbers_db [None req-16484725-8e71-4d5c-a813-5728eab2260b 8e5c766801194016a35dfcbe05ef5617 1a009fe3683c4df096bc63300d7dcabf - - - -] Successfully bumped revision number for resource 048afbe1-92f0-40ca-88af-c7b18dbec68f (type: router_ports) to 2
2026-05-06 06:15:45.697 9 INFO neutron.wsgi [None req-16484725-8e71-4d5c-a813-5728eab2260b 8e5c766801194016a35dfcbe05ef5617 1a009fe3683c4df096bc63300d7dcabf - - - -] 10.0.0.184 "PUT /v2.0/routers/e4c8a3a9-0e66-4614-b4ab-8e4b00426eca/add_router_interface HTTP/1.1" status: 200 len: 503 time: 2.6835063
2026-05-06 06:15:45.757 9 INFO neutron.db.ovn_revision_numbers_db [None req-1b94a8da-56ef-4eaa-b0dd-96fb16120a77 051595859ffa437983ee0de25c594066 e9e5d1bbb7fd4573add326c542ff68a6 - - default default] Successfully bumped revision number for resource b7b2cf16-525f-4b00-ada5-84282cdf5961 (type: ports) to 1
2026-05-06 06:15:45.873 9 INFO neutron.plugins.ml2.drivers.ovn.mech_driver.mech_driver [None req-b9bb181f-c424-4558-926b-e13d5d606e74 - - - - - -] OVN reports status up for port: caa9a0e8-6b4b-4dbc-9cd0-7947760d5b22
2026-05-06 06:15:45.880 10 INFO neutron.db.ovn_revision_numbers_db [None req-2958391d-84ce-4ae7-a83c-f14893cdece6 5dd0a15350794a31b5f56cef2d0cfda5 1629fbd6a15549c3b34d0e9362fd47a4 - - default default] Successfully bumped revision number for resource caa9a0e8-6b4b-4dbc-9cd0-7947760d5b22 (type: router_ports) to 2
2026-05-06 06:15:45.890 9 INFO neutron.plugins.ml2.plugin [None req-b9bb181f-c424-4558-926b-e13d5d606e74 - - - - - -] Attempt 1 to provision port caa9a0e8-6b4b-4dbc-9cd0-7947760d5b22
2026-05-06 06:15:45.991 10 INFO neutron.plugins.ml2.drivers.ovn.mech_driver.mech_driver [None req-2187529b-8f41-404b-b813-7b46c84006bd - - - - - -] OVN reports status up for port: 503b489c-cca2-4f96-ba61-34e05fd8d88f
2026-05-06 06:15:46.010 10 INFO neutron.plugins.ml2.plugin [None req-2187529b-8f41-404b-b813-7b46c84006bd - - - - - -] Attempt 1 to provision port 503b489c-cca2-4f96-ba61-34e05fd8d88f
2026-05-06 06:15:46.087 10 INFO neutron.db.ovn_revision_numbers_db [None req-2958391d-84ce-4ae7-a83c-f14893cdece6 5dd0a15350794a31b5f56cef2d0cfda5 1629fbd6a15549c3b34d0e9362fd47a4 - - default default] Successfully bumped revision number for resource caa9a0e8-6b4b-4dbc-9cd0-7947760d5b22 (type: ports) to 2
2026-05-06 06:15:46.153 10 WARNING neutron.scheduler.dhcp_agent_scheduler [None req-2958391d-84ce-4ae7-a83c-f14893cdece6 5dd0a15350794a31b5f56cef2d0cfda5 1629fbd6a15549c3b34d0e9362fd47a4 - - default default] No more DHCP agents
2026-05-06 06:15:46.154 10 WARNING neutron.api.rpc.agentnotifiers.dhcp_rpc_agent_api [None req-2958391d-84ce-4ae7-a83c-f14893cdece6 5dd0a15350794a31b5f56cef2d0cfda5 1629fbd6a15549c3b34d0e9362fd47a4 - - default default] Unable to schedule network 08c51ae1-2abb-4d8b-9628-ccc6de95e229: no agents available; will retry on subsequent port and subnet creation events.
2026-05-06 06:15:46.465 9 INFO neutron.db.ovn_revision_numbers_db [None req-1b94a8da-56ef-4eaa-b0dd-96fb16120a77 051595859ffa437983ee0de25c594066 e9e5d1bbb7fd4573add326c542ff68a6 - - default default] Successfully bumped revision number for resource b7b2cf16-525f-4b00-ada5-84282cdf5961 (type: router_ports) to 2
2026-05-06 06:15:46.484 10 INFO neutron.db.ovn_revision_numbers_db [None req-2958391d-84ce-4ae7-a83c-f14893cdece6 5dd0a15350794a31b5f56cef2d0cfda5 1629fbd6a15549c3b34d0e9362fd47a4 - - - -] Successfully bumped revision number for resource caa9a0e8-6b4b-4dbc-9cd0-7947760d5b22 (type: router_ports) to 2
2026-05-06 06:15:46.486 9 INFO neutron.db.ovn_revision_numbers_db [None req-b9bb181f-c424-4558-926b-e13d5d606e74 - - - - - -] Successfully bumped revision number for resource caa9a0e8-6b4b-4dbc-9cd0-7947760d5b22 (type: ports) to 3
2026-05-06 06:15:46.487 10 INFO neutron.wsgi [None req-2958391d-84ce-4ae7-a83c-f14893cdece6 5dd0a15350794a31b5f56cef2d0cfda5 1629fbd6a15549c3b34d0e9362fd47a4 - - - -] 10.0.0.184 "PUT /v2.0/routers/0e0b53c7-e128-4a85-9514-4c13ba66a9eb/add_router_interface HTTP/1.1" status: 200 len: 503 time: 2.2761841 /var/lib/openstack/lib/python3.10/site-packages/pycadf/identifier.py:71: UserWarning: Invalid uuid: neutron. To ensure interoperability, identifiers should be a valid uuid. warnings.warn(('Invalid uuid: %s. To ensure interoperability, '
2026-05-06 06:15:46.588 9 INFO neutron.db.ovn_revision_numbers_db [None req-1b94a8da-56ef-4eaa-b0dd-96fb16120a77 051595859ffa437983ee0de25c594066 e9e5d1bbb7fd4573add326c542ff68a6 - - default default] Successfully bumped revision number for resource b7b2cf16-525f-4b00-ada5-84282cdf5961 (type: ports) to 2
2026-05-06 06:15:46.625 9 INFO neutron.db.ovn_revision_numbers_db [None req-b9bb181f-c424-4558-926b-e13d5d606e74 - - - - - -] Successfully bumped revision number for resource caa9a0e8-6b4b-4dbc-9cd0-7947760d5b22 (type: router_ports) to 3
2026-05-06 06:15:46.664 9 WARNING neutron.scheduler.dhcp_agent_scheduler [None req-1b94a8da-56ef-4eaa-b0dd-96fb16120a77 051595859ffa437983ee0de25c594066 e9e5d1bbb7fd4573add326c542ff68a6 - - default default] No more DHCP agents
2026-05-06 06:15:46.667 9 WARNING neutron.api.rpc.agentnotifiers.dhcp_rpc_agent_api [None req-1b94a8da-56ef-4eaa-b0dd-96fb16120a77 051595859ffa437983ee0de25c594066 e9e5d1bbb7fd4573add326c542ff68a6 - - default default] Unable to schedule network 891d6d2e-9c87-493f-8717-45837371214f: no agents available; will retry on subsequent port and subnet creation events.
2026-05-06 06:15:46.792 10 WARNING neutron.scheduler.dhcp_agent_scheduler [None req-e423c968-07f1-4f17-9441-bd7e660b082c 5dd0a15350794a31b5f56cef2d0cfda5 1629fbd6a15549c3b34d0e9362fd47a4 - - - -] No more DHCP agents
2026-05-06 06:15:46.794 10 WARNING neutron.api.rpc.agentnotifiers.dhcp_rpc_agent_api [None req-e423c968-07f1-4f17-9441-bd7e660b082c 5dd0a15350794a31b5f56cef2d0cfda5 1629fbd6a15549c3b34d0e9362fd47a4 - - - -] Unable to schedule network 08c51ae1-2abb-4d8b-9628-ccc6de95e229: no agents available; will retry on subsequent port and subnet creation events.
2026-05-06 06:15:46.821 9 INFO neutron.db.ovn_revision_numbers_db [None req-1b94a8da-56ef-4eaa-b0dd-96fb16120a77 051595859ffa437983ee0de25c594066 e9e5d1bbb7fd4573add326c542ff68a6 - - - -] Successfully bumped revision number for resource b7b2cf16-525f-4b00-ada5-84282cdf5961 (type: router_ports) to 2
2026-05-06 06:15:46.823 9 INFO neutron.wsgi [None req-1b94a8da-56ef-4eaa-b0dd-96fb16120a77 051595859ffa437983ee0de25c594066 e9e5d1bbb7fd4573add326c542ff68a6 - - - -] 10.0.0.184 "PUT /v2.0/routers/430af7cd-ba7b-47ae-8816-b829e80655b5/add_router_interface HTTP/1.1" status: 200 len: 503 time: 1.6475635
2026-05-06 06:15:46.895 9 INFO neutron.wsgi [None req-7539998a-4b51-4420-a519-573ac7974290 051595859ffa437983ee0de25c594066 e9e5d1bbb7fd4573add326c542ff68a6 - - default default] 10.0.0.184 "GET /v2.0/ports/b7b2cf16-525f-4b00-ada5-84282cdf5961 HTTP/1.1" status: 200 len: 1139 time: 0.0660634 /var/lib/openstack/lib/python3.10/site-packages/pycadf/identifier.py:71: UserWarning: Invalid uuid: neutron. To ensure interoperability, identifiers should be a valid uuid. warnings.warn(('Invalid uuid: %s. To ensure interoperability, '
2026-05-06 06:15:46.958 10 INFO neutron.db.ovn_revision_numbers_db [None req-e423c968-07f1-4f17-9441-bd7e660b082c 5dd0a15350794a31b5f56cef2d0cfda5 1629fbd6a15549c3b34d0e9362fd47a4 - - - -] Successfully bumped revision number for resource b936aa29-bf9e-4cb3-91db-490e8cbf90df (type: ports) to 1
2026-05-06 06:15:47.008 10 INFO neutron.wsgi [None req-e423c968-07f1-4f17-9441-bd7e660b082c 5dd0a15350794a31b5f56cef2d0cfda5 1629fbd6a15549c3b34d0e9362fd47a4 - - - -] 10.0.0.184 "POST /v2.0/ports HTTP/1.1" status: 201 len: 1158 time: 0.5160887
2026-05-06 06:15:47.409 10 WARNING neutron.scheduler.dhcp_agent_scheduler [None req-1536d9c4-4418-416c-a367-1de7ea7150c3 5dd0a15350794a31b5f56cef2d0cfda5 1629fbd6a15549c3b34d0e9362fd47a4 - - - -] No more DHCP agents
2026-05-06 06:15:47.412 10 WARNING neutron.scheduler.dhcp_agent_scheduler [None req-40fd70cb-b1d7-42e2-97eb-a2b6323a2292 051595859ffa437983ee0de25c594066 e9e5d1bbb7fd4573add326c542ff68a6 - - default default] No more DHCP agents
2026-05-06 06:15:47.413 10 WARNING neutron.api.rpc.agentnotifiers.dhcp_rpc_agent_api [None req-1536d9c4-4418-416c-a367-1de7ea7150c3 5dd0a15350794a31b5f56cef2d0cfda5 1629fbd6a15549c3b34d0e9362fd47a4 - - - -] Unable to schedule network 08c51ae1-2abb-4d8b-9628-ccc6de95e229: no agents available; will retry on subsequent port and subnet creation events.
2026-05-06 06:15:47.417 10 WARNING neutron.api.rpc.agentnotifiers.dhcp_rpc_agent_api [None req-40fd70cb-b1d7-42e2-97eb-a2b6323a2292 051595859ffa437983ee0de25c594066 e9e5d1bbb7fd4573add326c542ff68a6 - - default default] Unable to schedule network ded51646-d641-4d3f-88ea-a00fb02cf5ae: no agents available; will retry on subsequent port and subnet creation events.
2026-05-06 06:15:47.769 10 INFO neutron.db.ovn_revision_numbers_db [None req-40fd70cb-b1d7-42e2-97eb-a2b6323a2292 051595859ffa437983ee0de25c594066 e9e5d1bbb7fd4573add326c542ff68a6 - - default default] Successfully bumped revision number for resource 6a368366-3a56-43e3-8afc-38046282ced5 (type: ports) to 1 /var/lib/openstack/lib/python3.10/site-packages/pycadf/identifier.py:71: UserWarning: Invalid uuid: neutron. To ensure interoperability, identifiers should be a valid uuid. warnings.warn(('Invalid uuid: %s. To ensure interoperability, '
2026-05-06 06:15:47.892 10 INFO neutron.db.ovn_revision_numbers_db [None req-1536d9c4-4418-416c-a367-1de7ea7150c3 5dd0a15350794a31b5f56cef2d0cfda5 1629fbd6a15549c3b34d0e9362fd47a4 - - - -] Successfully bumped revision number for resource b5ad46f2-925e-492b-8229-079ca997d741 (type: ports) to 1
2026-05-06 06:15:47.898 10 INFO neutron.wsgi [req-b61e230a-a823-4ec2-9aa6-e0c723c81d82 req-a1a34dd2-bdad-4040-b01a-afffd6f6cd04 9242b8de6bb544e4992fa99869ec3cd5 54769076296c4a558959dfe70a72f899 - - default default] 10.0.0.205 "GET /v2.0/networks?id=21e3fa60-d1e9-4884-a1d6-fe642f71652f HTTP/1.1" status: 200 len: 872 time: 0.1106968
2026-05-06 06:15:47.917 10 INFO neutron.wsgi [req-b61e230a-a823-4ec2-9aa6-e0c723c81d82 req-2f78b937-982a-4ffc-a52b-989e6aea630b 9242b8de6bb544e4992fa99869ec3cd5 54769076296c4a558959dfe70a72f899 - - default default] 10.0.0.205 "GET /v2.0/quotas/54769076296c4a558959dfe70a72f899 HTTP/1.1" status: 200 len: 386 time: 0.0113492
2026-05-06 06:15:47.934 10 INFO neutron.wsgi [None req-1536d9c4-4418-416c-a367-1de7ea7150c3 5dd0a15350794a31b5f56cef2d0cfda5 1629fbd6a15549c3b34d0e9362fd47a4 - - - -] 10.0.0.184 "POST /v2.0/ports HTTP/1.1" status: 201 len: 1154 time: 0.9184690
2026-05-06 06:15:48.055 10 INFO neutron.wsgi [req-b61e230a-a823-4ec2-9aa6-e0c723c81d82 req-63fcffab-f083-41a1-aea8-c8cf9d6cbc79 9242b8de6bb544e4992fa99869ec3cd5 54769076296c4a558959dfe70a72f899 - - default default] 10.0.0.205 "GET /v2.0/ports?tenant_id=54769076296c4a558959dfe70a72f899&fields=id HTTP/1.1" status: 200 len: 302 time: 0.1302936
2026-05-06 06:15:48.149 10 INFO neutron.wsgi [req-b61e230a-a823-4ec2-9aa6-e0c723c81d82 req-9d73a20b-824d-4665-88d8-5370f7d84520 6da3f2bf77324f328b51d0a276f19dee f3e79d991d464280b0329d41bf9ea437 - - b621fce73f6d42c4a41bca51a726afc4 b621fce73f6d42c4a41bca51a726afc4] 10.0.0.205 "GET /v2.0/networks/21e3fa60-d1e9-4884-a1d6-fe642f71652f?fields=segments HTTP/1.1" status: 200 len: 212 time: 0.0848019
2026-05-06 06:15:48.218 9 WARNING neutron.scheduler.dhcp_agent_scheduler [None req-c24e43bc-9235-4692-8ff9-2f0e7fe61d20 5dd0a15350794a31b5f56cef2d0cfda5 1629fbd6a15549c3b34d0e9362fd47a4 - - - -] No more DHCP agents
2026-05-06 06:15:48.221 9 WARNING neutron.api.rpc.agentnotifiers.dhcp_rpc_agent_api [None req-c24e43bc-9235-4692-8ff9-2f0e7fe61d20 5dd0a15350794a31b5f56cef2d0cfda5 1629fbd6a15549c3b34d0e9362fd47a4 - - - -] Unable to schedule network 830aeb48-e604-4bf4-b1f0-c30f0a97948c: no agents available; will retry on subsequent port and subnet creation events.
2026-05-06 06:15:48.253 10 INFO neutron.wsgi [req-b61e230a-a823-4ec2-9aa6-e0c723c81d82 req-b9e71455-74d0-4512-9305-85717aa3da94 6da3f2bf77324f328b51d0a276f19dee f3e79d991d464280b0329d41bf9ea437 - - b621fce73f6d42c4a41bca51a726afc4 b621fce73f6d42c4a41bca51a726afc4] 10.0.0.205 "GET /v2.0/networks/21e3fa60-d1e9-4884-a1d6-fe642f71652f?fields=provider%3Aphysical_network&fields=provider%3Anetwork_type HTTP/1.1" status: 200 len: 277 time: 0.0809987
2026-05-06 06:15:48.391 10 INFO neutron.db.ovn_revision_numbers_db [None req-40fd70cb-b1d7-42e2-97eb-a2b6323a2292 051595859ffa437983ee0de25c594066 e9e5d1bbb7fd4573add326c542ff68a6 - - default default] Successfully bumped revision number for resource 6a368366-3a56-43e3-8afc-38046282ced5 (type: router_ports) to 2
2026-05-06 06:15:48.392 9 INFO neutron.wsgi [req-79dd989b-bf74-4265-b0ec-738d02d9ed98 req-3a04b747-909e-4c87-bd88-a70cac9d5716 9242b8de6bb544e4992fa99869ec3cd5 54769076296c4a558959dfe70a72f899 - - default default] 10.0.0.205 "GET /v2.0/ports?device_id=6d566521-4147-4f57-95df-353037bb525f HTTP/1.1" status: 200 len: 210 time: 0.0235319
2026-05-06 06:15:48.481 10 INFO neutron.db.ovn_revision_numbers_db [None req-40fd70cb-b1d7-42e2-97eb-a2b6323a2292 051595859ffa437983ee0de25c594066 e9e5d1bbb7fd4573add326c542ff68a6 - - default default] Successfully bumped revision number for resource 6a368366-3a56-43e3-8afc-38046282ced5 (type: ports) to 2
2026-05-06 06:15:48.549 10 WARNING neutron.scheduler.dhcp_agent_scheduler [None req-40fd70cb-b1d7-42e2-97eb-a2b6323a2292 051595859ffa437983ee0de25c594066 e9e5d1bbb7fd4573add326c542ff68a6 - - default default] No more DHCP agents
2026-05-06 06:15:48.550 10 WARNING neutron.api.rpc.agentnotifiers.dhcp_rpc_agent_api [None req-40fd70cb-b1d7-42e2-97eb-a2b6323a2292 051595859ffa437983ee0de25c594066 e9e5d1bbb7fd4573add326c542ff68a6 - - default default] Unable to schedule network ded51646-d641-4d3f-88ea-a00fb02cf5ae: no agents available; will retry on subsequent port and subnet creation events.
2026-05-06 06:15:48.615 9 INFO neutron.db.l3_db [None req-c24e43bc-9235-4692-8ff9-2f0e7fe61d20 5dd0a15350794a31b5f56cef2d0cfda5 1629fbd6a15549c3b34d0e9362fd47a4 - - - -] Floating IP ed5de9df-42d9-411d-be18-fa829ed3e64d associated. External IP: 10.96.250.210, port: b5ad46f2-925e-492b-8229-079ca997d741.
2026-05-06 06:15:48.724 10 INFO neutron.db.ovn_revision_numbers_db [None req-40fd70cb-b1d7-42e2-97eb-a2b6323a2292 051595859ffa437983ee0de25c594066 e9e5d1bbb7fd4573add326c542ff68a6 - - - -] Successfully bumped revision number for resource 6a368366-3a56-43e3-8afc-38046282ced5 (type: router_ports) to 2
2026-05-06 06:15:48.728 10 INFO neutron.wsgi [None req-40fd70cb-b1d7-42e2-97eb-a2b6323a2292 051595859ffa437983ee0de25c594066 e9e5d1bbb7fd4573add326c542ff68a6 - - - -] 10.0.0.184 "PUT /v2.0/routers/430af7cd-ba7b-47ae-8816-b829e80655b5/add_router_interface HTTP/1.1" status: 200 len: 503 time: 1.8277478
2026-05-06 06:15:48.764 9 INFO neutron.db.ovn_revision_numbers_db [None req-c24e43bc-9235-4692-8ff9-2f0e7fe61d20 5dd0a15350794a31b5f56cef2d0cfda5 1629fbd6a15549c3b34d0e9362fd47a4 - - - -] Successfully bumped revision number for resource ed5de9df-42d9-411d-be18-fa829ed3e64d (type: floatingips) to 0
2026-05-06 06:15:48.821 10 INFO neutron.wsgi [None req-3e47d38a-73d0-4938-87fe-9607046c91e0 051595859ffa437983ee0de25c594066 e9e5d1bbb7fd4573add326c542ff68a6 - - default default] 10.0.0.184 "GET /v2.0/ports/6a368366-3a56-43e3-8afc-38046282ced5 HTTP/1.1" status: 200 len: 1147 time: 0.0884030
2026-05-06 06:15:48.835 9 INFO neutron.db.ovn_revision_numbers_db [None req-c24e43bc-9235-4692-8ff9-2f0e7fe61d20 5dd0a15350794a31b5f56cef2d0cfda5 1629fbd6a15549c3b34d0e9362fd47a4 - - - -] Successfully bumped revision number for resource ed5de9df-42d9-411d-be18-fa829ed3e64d (type: floatingips) to 1
2026-05-06 06:15:48.858 10 INFO neutron.wsgi [None req-2c20d023-5070-4977-8814-2b66b5014678 051595859ffa437983ee0de25c594066 e9e5d1bbb7fd4573add326c542ff68a6 - - default default] 10.0.0.184 "GET /v2.0/ports/6a368366-3a56-43e3-8afc-38046282ced5 HTTP/1.1" status: 200 len: 1147 time: 0.0314438
2026-05-06 06:15:48.871 9 INFO neutron.wsgi [None req-c24e43bc-9235-4692-8ff9-2f0e7fe61d20 5dd0a15350794a31b5f56cef2d0cfda5 1629fbd6a15549c3b34d0e9362fd47a4 - - - -] 10.0.0.184 "POST /v2.0/floatingips HTTP/1.1" status: 201 len: 1041 time: 0.9306712
2026-05-06 06:15:49.005 9 INFO neutron.db.l3_db [None req-0f44887c-9ae0-4807-9229-709df87f8a2f 5dd0a15350794a31b5f56cef2d0cfda5 1629fbd6a15549c3b34d0e9362fd47a4 - - - -] Floating IP ed5de9df-42d9-411d-be18-fa829ed3e64d disassociated. External IP: 10.96.250.210, port: b5ad46f2-925e-492b-8229-079ca997d741.
2026-05-06 06:15:49.022 9 INFO neutron.db.ovn_revision_numbers_db [None req-0f44887c-9ae0-4807-9229-709df87f8a2f 5dd0a15350794a31b5f56cef2d0cfda5 1629fbd6a15549c3b34d0e9362fd47a4 - - - -] Successfully bumped revision number for resource ed5de9df-42d9-411d-be18-fa829ed3e64d (type: floatingips) to 2
2026-05-06 06:15:49.114 9 INFO neutron.wsgi [None req-0f44887c-9ae0-4807-9229-709df87f8a2f 5dd0a15350794a31b5f56cef2d0cfda5 1629fbd6a15549c3b34d0e9362fd47a4 - - - -] 10.0.0.184 "PUT /v2.0/floatingips/ed5de9df-42d9-411d-be18-fa829ed3e64d HTTP/1.1" status: 200 len: 748 time: 0.2384338
2026-05-06 06:15:49.126 9 INFO neutron.wsgi [req-b61e230a-a823-4ec2-9aa6-e0c723c81d82 req-bddc0ec8-a76e-4125-bda5-e2044cb14e9e 9242b8de6bb544e4992fa99869ec3cd5 54769076296c4a558959dfe70a72f899 - - default default] 199.204.45.57 "GET /v2.0/networks?id=21e3fa60-d1e9-4884-a1d6-fe642f71652f HTTP/1.1" status: 200 len: 872 time: 0.0825987
2026-05-06 06:15:49.427 10 INFO neutron.wsgi [None req-7c8dde25-d465-4550-84df-25f2c662f978 5dd0a15350794a31b5f56cef2d0cfda5 1629fbd6a15549c3b34d0e9362fd47a4 - - - -] 10.0.0.184 "DELETE /v2.0/floatingips/ed5de9df-42d9-411d-be18-fa829ed3e64d HTTP/1.1" status: 204 len: 168 time: 0.3073614
2026-05-06 06:15:49.442 9 WARNING neutron.scheduler.dhcp_agent_scheduler [None req-3b0c6fa3-6bbc-46e4-8030-3cf8f069c397 9242b8de6bb544e4992fa99869ec3cd5 54769076296c4a558959dfe70a72f899 - - - -] No more DHCP agents
2026-05-06 06:15:49.443 9 WARNING neutron.api.rpc.agentnotifiers.dhcp_rpc_agent_api [None req-3b0c6fa3-6bbc-46e4-8030-3cf8f069c397 9242b8de6bb544e4992fa99869ec3cd5 54769076296c4a558959dfe70a72f899 - - - -] Unable to schedule network 21e3fa60-d1e9-4884-a1d6-fe642f71652f: no agents available; will retry on subsequent port and subnet creation events.
2026-05-06 06:15:49.505 10 INFO neutron.wsgi [req-2052359e-1215-487b-80b6-98f49ed12b04 req-81e97efa-8893-477d-934a-dcdb6ee824d9 9242b8de6bb544e4992fa99869ec3cd5 54769076296c4a558959dfe70a72f899 - - default default] 10.0.0.205 "GET /v2.0/ports?device_id=6d566521-4147-4f57-95df-353037bb525f HTTP/1.1" status: 200 len: 1160 time: 0.0483439
2026-05-06 06:15:49.555 10 INFO neutron.wsgi [req-2052359e-1215-487b-80b6-98f49ed12b04 req-7bee2d89-4f76-4228-bee2-0ac536484716 9242b8de6bb544e4992fa99869ec3cd5 54769076296c4a558959dfe70a72f899 - - default default] 10.0.0.205 "GET /v2.0/security-groups?id=7a0c5840-adbe-4a60-af13-dc4038fb800e&fields=id&fields=name HTTP/1.1" status: 200 len: 286 time: 0.0407922
2026-05-06 06:15:49.579 9 INFO neutron.db.ovn_revision_numbers_db [None req-3b0c6fa3-6bbc-46e4-8030-3cf8f069c397 9242b8de6bb544e4992fa99869ec3cd5 54769076296c4a558959dfe70a72f899 - - - -] Successfully bumped revision number for resource ef7be2dd-3da0-49b2-99fd-f7abb9db4c6d (type: ports) to 1
2026-05-06 06:15:49.599 9 INFO neutron.wsgi [None req-3b0c6fa3-6bbc-46e4-8030-3cf8f069c397 9242b8de6bb544e4992fa99869ec3cd5 54769076296c4a558959dfe70a72f899 - - - -] 199.204.45.57 "POST /v2.0/ports HTTP/1.1" status: 201 len: 1162 time: 0.4682386 /var/lib/openstack/lib/python3.10/site-packages/pycadf/identifier.py:71: UserWarning: Invalid uuid: neutron. To ensure interoperability, identifiers should be a valid uuid. warnings.warn(('Invalid uuid: %s. To ensure interoperability, '
2026-05-06 06:15:49.703 10 WARNING neutron.scheduler.dhcp_agent_scheduler [None req-58357138-86e9-44f6-acd4-eece9e402e97 5dd0a15350794a31b5f56cef2d0cfda5 1629fbd6a15549c3b34d0e9362fd47a4 - - - -] No more DHCP agents
2026-05-06 06:15:49.705 10 WARNING neutron.api.rpc.agentnotifiers.dhcp_rpc_agent_api [None req-58357138-86e9-44f6-acd4-eece9e402e97 5dd0a15350794a31b5f56cef2d0cfda5 1629fbd6a15549c3b34d0e9362fd47a4 - - - -] Unable to schedule network 830aeb48-e604-4bf4-b1f0-c30f0a97948c: no agents available; will retry on subsequent port and subnet creation events.
2026-05-06 06:15:49.901 10 INFO neutron.wsgi [None req-8fe8e062-533b-4dbc-ae70-f3954e9d7bd6 051595859ffa437983ee0de25c594066 e9e5d1bbb7fd4573add326c542ff68a6 - - default default] 10.0.0.184 "GET /v2.0/ports/6a368366-3a56-43e3-8afc-38046282ced5 HTTP/1.1" status: 200 len: 1147 time: 0.0379481
2026-05-06 06:15:49.949 9 INFO neutron.db.ovn_revision_numbers_db [None req-1118f2c6-2ed6-43f6-a5d2-a9fda6c1d911 6da3f2bf77324f328b51d0a276f19dee f3e79d991d464280b0329d41bf9ea437 - - - -] Successfully bumped revision number for resource ef7be2dd-3da0-49b2-99fd-f7abb9db4c6d (type: ports) to 2
2026-05-06 06:15:50.103 10 INFO neutron.db.l3_db [None req-58357138-86e9-44f6-acd4-eece9e402e97 5dd0a15350794a31b5f56cef2d0cfda5 1629fbd6a15549c3b34d0e9362fd47a4 - - - -] Floating IP 947cbf79-0ccf-48db-8cca-86509e1de50d associated. External IP: 10.96.250.211, port: b936aa29-bf9e-4cb3-91db-490e8cbf90df.
2026-05-06 06:15:50.255 10 INFO neutron.db.ovn_revision_numbers_db [None req-58357138-86e9-44f6-acd4-eece9e402e97 5dd0a15350794a31b5f56cef2d0cfda5 1629fbd6a15549c3b34d0e9362fd47a4 - - - -] Successfully bumped revision number for resource 947cbf79-0ccf-48db-8cca-86509e1de50d (type: floatingips) to 0
2026-05-06 06:15:50.337 10 INFO neutron.db.ovn_revision_numbers_db [None req-58357138-86e9-44f6-acd4-eece9e402e97 5dd0a15350794a31b5f56cef2d0cfda5 1629fbd6a15549c3b34d0e9362fd47a4 - - - -] Successfully bumped revision number for resource 947cbf79-0ccf-48db-8cca-86509e1de50d (type: floatingips) to 1
2026-05-06 06:15:50.373 10 INFO neutron.wsgi [None req-58357138-86e9-44f6-acd4-eece9e402e97 5dd0a15350794a31b5f56cef2d0cfda5 1629fbd6a15549c3b34d0e9362fd47a4 - - - -] 10.0.0.184 "POST /v2.0/floatingips HTTP/1.1" status: 201 len: 1042 time: 0.9392080
2026-05-06 06:15:50.415 9 INFO neutron.db.ovn_revision_numbers_db [None req-1118f2c6-2ed6-43f6-a5d2-a9fda6c1d911 6da3f2bf77324f328b51d0a276f19dee f3e79d991d464280b0329d41bf9ea437 - - - -] Successfully bumped revision number for resource ef7be2dd-3da0-49b2-99fd-f7abb9db4c6d (type: ports) to 2
2026-05-06 06:15:50.427 10 INFO neutron.wsgi [None req-86ca7286-15e1-48f1-aac1-fab3ae2f2d60 5dd0a15350794a31b5f56cef2d0cfda5 1629fbd6a15549c3b34d0e9362fd47a4 - - default default] 10.0.0.184 "GET /v2.0/floatingips/947cbf79-0ccf-48db-8cca-86509e1de50d HTTP/1.1" status: 200 len: 1039 time: 0.0478308
2026-05-06 06:15:50.428 9 INFO neutron.wsgi [None req-1118f2c6-2ed6-43f6-a5d2-a9fda6c1d911 6da3f2bf77324f328b51d0a276f19dee f3e79d991d464280b0329d41bf9ea437 - - - -] 199.204.45.57 "PUT /v2.0/ports/ef7be2dd-3da0-49b2-99fd-f7abb9db4c6d HTTP/1.1" status: 200 len: 1332 time: 0.8196840
2026-05-06 06:15:50.463 9 INFO neutron.notifiers.nova [-] Nova event matching ['req-a583ee8c-5d91-4ae9-a323-86a530e89036'] response: {'name': 'network-changed', 'server_uuid': '6d566521-4147-4f57-95df-353037bb525f', 'tag': 'ef7be2dd-3da0-49b2-99fd-f7abb9db4c6d', 'status': 'completed', 'code': 200} /var/lib/openstack/lib/python3.10/site-packages/pycadf/identifier.py:71: UserWarning: Invalid uuid: neutron. To ensure interoperability, identifiers should be a valid uuid. warnings.warn(('Invalid uuid: %s. To ensure interoperability, '
2026-05-06 06:15:50.498 10 WARNING neutron.plugins.ml2.drivers.ovn.mech_driver.ovsdb.ovn_client [None req-2187529b-8f41-404b-b813-7b46c84006bd - - - - - -] No hosting information found for port 503b489c-cca2-4f96-ba61-34e05fd8d88f: RuntimeError: No hosting information found for port 503b489c-cca2-4f96-ba61-34e05fd8d88f
2026-05-06 06:15:50.499 10 INFO neutron.plugins.ml2.drivers.ovn.mech_driver.mech_driver [None req-2187529b-8f41-404b-b813-7b46c84006bd - - - - - -] OVN reports status up for port: 048afbe1-92f0-40ca-88af-c7b18dbec68f
2026-05-06 06:15:50.499 9 INFO neutron.wsgi [req-b61e230a-a823-4ec2-9aa6-e0c723c81d82 req-b0493c48-df20-4842-a5b8-86dafc935c57 6da3f2bf77324f328b51d0a276f19dee f3e79d991d464280b0329d41bf9ea437 - - b621fce73f6d42c4a41bca51a726afc4 b621fce73f6d42c4a41bca51a726afc4] 199.204.45.57 "GET /v2.0/ports?tenant_id=54769076296c4a558959dfe70a72f899&device_id=6d566521-4147-4f57-95df-353037bb525f HTTP/1.1" status: 200 len: 1363 time: 0.0358007
2026-05-06 06:15:50.509 10 INFO neutron.wsgi [None req-44a18eca-9478-4294-b4a2-8bdbd1dc031d 5dd0a15350794a31b5f56cef2d0cfda5 1629fbd6a15549c3b34d0e9362fd47a4 - - default default] 10.0.0.184 "GET /v2.0/floatingips HTTP/1.1" status: 200 len: 1042 time: 0.0768130
2026-05-06 06:15:50.510 10 INFO neutron.plugins.ml2.plugin [None req-2187529b-8f41-404b-b813-7b46c84006bd - - - - - -] Attempt 1 to provision port 048afbe1-92f0-40ca-88af-c7b18dbec68f
2026-05-06 06:15:50.528 9 INFO neutron.wsgi [req-b61e230a-a823-4ec2-9aa6-e0c723c81d82 req-3ef6195f-88f3-42ec-aeff-edaf354ababe 6da3f2bf77324f328b51d0a276f19dee f3e79d991d464280b0329d41bf9ea437 - - b621fce73f6d42c4a41bca51a726afc4 b621fce73f6d42c4a41bca51a726afc4] 199.204.45.57 "GET /v2.0/floatingips?fixed_ip_address=10.100.0.12&port_id=ef7be2dd-3da0-49b2-99fd-f7abb9db4c6d HTTP/1.1" status: 200 len: 217 time: 0.0227518
2026-05-06 06:15:50.568 9 INFO neutron.wsgi [req-b61e230a-a823-4ec2-9aa6-e0c723c81d82 req-efa3e426-b119-46df-85ed-d86dcb428c27 6da3f2bf77324f328b51d0a276f19dee f3e79d991d464280b0329d41bf9ea437 - - b621fce73f6d42c4a41bca51a726afc4 b621fce73f6d42c4a41bca51a726afc4] 199.204.45.57 "GET /v2.0/subnets?id=331e6e1f-bf2a-45a1-8ae6-e845081bcfa4 HTTP/1.1" status: 200 len: 866 time: 0.0331588
2026-05-06 06:15:50.599 9 INFO neutron.wsgi [req-b61e230a-a823-4ec2-9aa6-e0c723c81d82 req-c8c2ec71-c56c-4281-8b50-81891bcb3d5f 6da3f2bf77324f328b51d0a276f19dee f3e79d991d464280b0329d41bf9ea437 - - b621fce73f6d42c4a41bca51a726afc4 b621fce73f6d42c4a41bca51a726afc4] 199.204.45.57 "GET /v2.0/ports?network_id=21e3fa60-d1e9-4884-a1d6-fe642f71652f&device_owner=network%3Adhcp HTTP/1.1" status: 200 len: 210 time: 0.0232348
2026-05-06 06:15:50.655 9 INFO neutron.wsgi [req-b61e230a-a823-4ec2-9aa6-e0c723c81d82 req-0f31752d-7a20-4c4e-9191-6e3e1d211e33 6da3f2bf77324f328b51d0a276f19dee f3e79d991d464280b0329d41bf9ea437 - - b621fce73f6d42c4a41bca51a726afc4 b621fce73f6d42c4a41bca51a726afc4] 199.204.45.57 "GET /v2.0/networks/21e3fa60-d1e9-4884-a1d6-fe642f71652f?fields=segments HTTP/1.1" status: 200 len: 212 time: 0.0483902
2026-05-06 06:15:50.711 9 INFO neutron.wsgi [req-b61e230a-a823-4ec2-9aa6-e0c723c81d82 req-070a5eb3-b0c7-441d-a211-8924563c6f2c 6da3f2bf77324f328b51d0a276f19dee f3e79d991d464280b0329d41bf9ea437 - - b621fce73f6d42c4a41bca51a726afc4 b621fce73f6d42c4a41bca51a726afc4] 199.204.45.57 "GET /v2.0/networks/21e3fa60-d1e9-4884-a1d6-fe642f71652f?fields=provider%3Aphysical_network&fields=provider%3Anetwork_type HTTP/1.1" status: 200 len: 277 time: 0.0501249
2026-05-06 06:15:50.783 9 INFO neutron.wsgi [req-5e04e976-3df9-44bc-ab97-6e369661217f req-26ad30c8-c142-49f1-aa10-d814c132e41e 6da3f2bf77324f328b51d0a276f19dee f3e79d991d464280b0329d41bf9ea437 - - b621fce73f6d42c4a41bca51a726afc4 b621fce73f6d42c4a41bca51a726afc4] 199.204.45.57 "GET /v2.0/ports?tenant_id=54769076296c4a558959dfe70a72f899&device_id=6d566521-4147-4f57-95df-353037bb525f HTTP/1.1" status: 200 len: 1363 time: 0.0342619
2026-05-06 06:15:50.861 10 INFO neutron.wsgi [req-91b6a0b2-e1f4-4afe-af6a-8f0b553b7c9c req-b10c6356-cf38-455f-bf7f-442b681c767e 9242b8de6bb544e4992fa99869ec3cd5 54769076296c4a558959dfe70a72f899 - - default default] 10.0.0.205 "GET /v2.0/ports?device_id=6d566521-4147-4f57-95df-353037bb525f HTTP/1.1" status: 200 len: 1172 time: 0.0507679
2026-05-06 06:15:50.863 9 INFO neutron.wsgi [req-5e04e976-3df9-44bc-ab97-6e369661217f req-bfb48b6a-990b-44e4-a942-afb876d811ac 6da3f2bf77324f328b51d0a276f19dee f3e79d991d464280b0329d41bf9ea437 - - b621fce73f6d42c4a41bca51a726afc4 b621fce73f6d42c4a41bca51a726afc4] 199.204.45.57 "GET /v2.0/networks?id=21e3fa60-d1e9-4884-a1d6-fe642f71652f HTTP/1.1" status: 200 len: 971 time: 0.0675983
2026-05-06 06:15:50.901 9 INFO neutron.wsgi [req-5e04e976-3df9-44bc-ab97-6e369661217f req-30d65551-7db1-4a99-bca5-97fbf4ec51cd 6da3f2bf77324f328b51d0a276f19dee f3e79d991d464280b0329d41bf9ea437 - - b621fce73f6d42c4a41bca51a726afc4 b621fce73f6d42c4a41bca51a726afc4] 199.204.45.57 "GET /v2.0/floatingips?fixed_ip_address=10.100.0.12&port_id=ef7be2dd-3da0-49b2-99fd-f7abb9db4c6d HTTP/1.1" status: 200 len: 217 time: 0.0303330
2026-05-06 06:15:50.944 9 INFO neutron.wsgi [req-5e04e976-3df9-44bc-ab97-6e369661217f req-e6ac739e-a41f-4c85-95e2-11c97598b8b4 6da3f2bf77324f328b51d0a276f19dee f3e79d991d464280b0329d41bf9ea437 - - b621fce73f6d42c4a41bca51a726afc4 b621fce73f6d42c4a41bca51a726afc4] 199.204.45.57 "GET /v2.0/subnets?id=331e6e1f-bf2a-45a1-8ae6-e845081bcfa4 HTTP/1.1" status: 200 len: 866 time: 0.0328000
2026-05-06 06:15:50.947 10 INFO neutron.wsgi [req-91b6a0b2-e1f4-4afe-af6a-8f0b553b7c9c req-a2682d51-1f92-437a-891c-e43aaae5c748 9242b8de6bb544e4992fa99869ec3cd5 54769076296c4a558959dfe70a72f899 - - default default] 10.0.0.205 "GET /v2.0/security-groups?id=7a0c5840-adbe-4a60-af13-dc4038fb800e&fields=id&fields=name HTTP/1.1" status: 200 len: 286 time: 0.0770278
2026-05-06 06:15:50.972 10 INFO neutron.wsgi [None req-3d957d16-1d06-41b8-94f1-c7aeb9630426 051595859ffa437983ee0de25c594066 e9e5d1bbb7fd4573add326c542ff68a6 - - default default] 10.0.0.184 "GET /v2.0/ports/6a368366-3a56-43e3-8afc-38046282ced5 HTTP/1.1" status: 200 len: 1147 time: 0.0597558
2026-05-06 06:15:50.973 9 INFO neutron.wsgi [req-5e04e976-3df9-44bc-ab97-6e369661217f req-0975198b-235e-4138-8a9a-1ca11b3b8300 6da3f2bf77324f328b51d0a276f19dee f3e79d991d464280b0329d41bf9ea437 - - b621fce73f6d42c4a41bca51a726afc4 b621fce73f6d42c4a41bca51a726afc4] 199.204.45.57 "GET /v2.0/ports?network_id=21e3fa60-d1e9-4884-a1d6-fe642f71652f&device_owner=network%3Adhcp HTTP/1.1" status: 200 len: 210 time: 0.0213475
2026-05-06 06:15:51.058 9 INFO neutron.wsgi [req-5e04e976-3df9-44bc-ab97-6e369661217f req-15609d8f-210d-4dce-a3f1-fc17f2b67908 6da3f2bf77324f328b51d0a276f19dee f3e79d991d464280b0329d41bf9ea437 - - b621fce73f6d42c4a41bca51a726afc4 b621fce73f6d42c4a41bca51a726afc4] 199.204.45.57 "GET /v2.0/networks/21e3fa60-d1e9-4884-a1d6-fe642f71652f?fields=segments HTTP/1.1" status: 200 len: 212 time: 0.0762303
2026-05-06 06:15:51.135 10 INFO neutron.db.l3_db [None req-d4c09995-bf79-436d-99cb-05a356c47776 5dd0a15350794a31b5f56cef2d0cfda5 1629fbd6a15549c3b34d0e9362fd47a4 - - - -] Floating IP 947cbf79-0ccf-48db-8cca-86509e1de50d associated. External IP: 10.96.250.211, port: b936aa29-bf9e-4cb3-91db-490e8cbf90df.
2026-05-06 06:15:51.148 9 INFO neutron.wsgi [req-5e04e976-3df9-44bc-ab97-6e369661217f req-bde25275-130c-4206-a964-af6d8cd5dcf0 6da3f2bf77324f328b51d0a276f19dee f3e79d991d464280b0329d41bf9ea437 - - b621fce73f6d42c4a41bca51a726afc4 b621fce73f6d42c4a41bca51a726afc4] 199.204.45.57 "GET /v2.0/networks/21e3fa60-d1e9-4884-a1d6-fe642f71652f?fields=provider%3Aphysical_network&fields=provider%3Anetwork_type HTTP/1.1" status: 200 len: 277 time: 0.0803502
2026-05-06 06:15:51.191 10 INFO neutron.db.ovn_revision_numbers_db [None req-2187529b-8f41-404b-b813-7b46c84006bd - - - - - -] Successfully bumped revision number for resource 048afbe1-92f0-40ca-88af-c7b18dbec68f (type: ports) to 3
2026-05-06 06:15:51.320 10 INFO neutron.db.ovn_revision_numbers_db [None req-2187529b-8f41-404b-b813-7b46c84006bd - - - - - -] Successfully bumped revision number for resource 048afbe1-92f0-40ca-88af-c7b18dbec68f (type: router_ports) to 3
2026-05-06 06:15:51.331 10 INFO neutron.db.ovn_revision_numbers_db [None req-d4c09995-bf79-436d-99cb-05a356c47776 5dd0a15350794a31b5f56cef2d0cfda5 1629fbd6a15549c3b34d0e9362fd47a4 - - - -] Successfully bumped revision number for resource 947cbf79-0ccf-48db-8cca-86509e1de50d (type: floatingips) to 2
2026-05-06 06:15:51.417 10 INFO neutron.db.ovn_revision_numbers_db [None req-d4c09995-bf79-436d-99cb-05a356c47776 5dd0a15350794a31b5f56cef2d0cfda5 1629fbd6a15549c3b34d0e9362fd47a4 - - - -] Successfully bumped revision number for resource 947cbf79-0ccf-48db-8cca-86509e1de50d (type: floatingips) to 3
2026-05-06 06:15:51.450 10 INFO neutron.wsgi [None req-d4c09995-bf79-436d-99cb-05a356c47776 5dd0a15350794a31b5f56cef2d0cfda5 1629fbd6a15549c3b34d0e9362fd47a4 - - - -] 10.0.0.184 "PUT /v2.0/floatingips/947cbf79-0ccf-48db-8cca-86509e1de50d HTTP/1.1" status: 200 len: 1038 time: 0.9371498
2026-05-06 06:15:51.600 9 INFO neutron.db.l3_db [None req-066fadde-82aa-488e-8928-bf54132efcec 5dd0a15350794a31b5f56cef2d0cfda5 1629fbd6a15549c3b34d0e9362fd47a4 - - - -] Floating IP 947cbf79-0ccf-48db-8cca-86509e1de50d disassociated. External IP: 10.96.250.211, port: b5ad46f2-925e-492b-8229-079ca997d741.
2026-05-06 06:15:51.616 9 INFO neutron.db.ovn_revision_numbers_db [None req-066fadde-82aa-488e-8928-bf54132efcec 5dd0a15350794a31b5f56cef2d0cfda5 1629fbd6a15549c3b34d0e9362fd47a4 - - - -] Successfully bumped revision number for resource 947cbf79-0ccf-48db-8cca-86509e1de50d (type: floatingips) to 4
2026-05-06 06:15:51.689 9 WARNING neutron.plugins.ml2.drivers.ovn.mech_driver.ovsdb.ovn_client [None req-b9bb181f-c424-4558-926b-e13d5d606e74 - - - - - -] No hosting information found for port caa9a0e8-6b4b-4dbc-9cd0-7947760d5b22: RuntimeError: No hosting information found for port caa9a0e8-6b4b-4dbc-9cd0-7947760d5b22
2026-05-06 06:15:51.689 9 INFO neutron.plugins.ml2.drivers.ovn.mech_driver.mech_driver [None req-b9bb181f-c424-4558-926b-e13d5d606e74 - - - - - -] OVN reports status up for port: b7b2cf16-525f-4b00-ada5-84282cdf5961
2026-05-06 06:15:51.705 9 INFO neutron.plugins.ml2.plugin [None req-b9bb181f-c424-4558-926b-e13d5d606e74 - - - - - -] Attempt 1 to provision port b7b2cf16-525f-4b00-ada5-84282cdf5961
2026-05-06 06:15:51.719 9 INFO neutron.wsgi [None req-066fadde-82aa-488e-8928-bf54132efcec 5dd0a15350794a31b5f56cef2d0cfda5 1629fbd6a15549c3b34d0e9362fd47a4 - - - -] 10.0.0.184 "PUT /v2.0/floatingips/947cbf79-0ccf-48db-8cca-86509e1de50d HTTP/1.1" status: 200 len: 748 time: 0.2629704
2026-05-06 06:15:52.057 9 INFO neutron.db.ovn_revision_numbers_db [None req-b9bb181f-c424-4558-926b-e13d5d606e74 - - - - - -] Successfully bumped revision number for resource b7b2cf16-525f-4b00-ada5-84282cdf5961 (type: ports) to 3
2026-05-06 06:15:52.159 9 INFO neutron.wsgi [None req-72e3db4d-4132-46eb-892a-1f2fc82ff60b 051595859ffa437983ee0de25c594066 e9e5d1bbb7fd4573add326c542ff68a6 - - default default] 10.0.0.184 "GET /v2.0/ports/6a368366-3a56-43e3-8afc-38046282ced5 HTTP/1.1" status: 200 len: 1147 time: 0.1747849
2026-05-06 06:15:52.178 9 INFO neutron.wsgi [req-d5f20a40-4ca7-4eb5-aec4-13e1dd4c855e req-12db8e3e-ad0f-4ce2-806a-dc1dc0c48ce1 9242b8de6bb544e4992fa99869ec3cd5 54769076296c4a558959dfe70a72f899 - - default default] 10.0.0.205 "GET /v2.0/ports?device_id=6d566521-4147-4f57-95df-353037bb525f HTTP/1.1" status: 200 len: 1172 time: 0.1627481
2026-05-06 06:15:52.242 9 INFO neutron.wsgi [req-d5f20a40-4ca7-4eb5-aec4-13e1dd4c855e req-ad7e5016-3bdf-4f56-80a1-7403cc0cf6f0 9242b8de6bb544e4992fa99869ec3cd5 54769076296c4a558959dfe70a72f899 - - default default] 10.0.0.205 "GET /v2.0/security-groups?id=7a0c5840-adbe-4a60-af13-dc4038fb800e&fields=id&fields=name HTTP/1.1" status: 200 len: 286 time: 0.0548458
2026-05-06 06:15:52.258 9 INFO neutron.db.ovn_revision_numbers_db [None req-b9bb181f-c424-4558-926b-e13d5d606e74 - - - - - -] Successfully bumped revision number for resource b7b2cf16-525f-4b00-ada5-84282cdf5961 (type: router_ports) to 3
2026-05-06 06:15:52.273 9 INFO neutron.wsgi [None req-1d4490b4-7f45-40cb-af80-3ac7343d3d4c 5dd0a15350794a31b5f56cef2d0cfda5 1629fbd6a15549c3b34d0e9362fd47a4 - - - -] 10.0.0.184 "DELETE /v2.0/floatingips/947cbf79-0ccf-48db-8cca-86509e1de50d HTTP/1.1" status: 204 len: 168 time: 0.5488954
2026-05-06 06:15:52.298 9 INFO neutron.api.v2.resource [None req-c4592759-48ed-494e-8fac-ff19adb790a7 5dd0a15350794a31b5f56cef2d0cfda5 1629fbd6a15549c3b34d0e9362fd47a4 - - - -] delete failed (client error): The resource could not be found.
2026-05-06 06:15:52.299 9 INFO neutron.wsgi [None req-c4592759-48ed-494e-8fac-ff19adb790a7 5dd0a15350794a31b5f56cef2d0cfda5 1629fbd6a15549c3b34d0e9362fd47a4 - - - -] 10.0.0.184 "DELETE /v2.0/floatingips/947cbf79-0ccf-48db-8cca-86509e1de50d HTTP/1.1" status: 404 len: 345 time: 0.0207629
2026-05-06 06:15:52.616 9 INFO neutron.wsgi [None req-d2a4c7a0-5f8e-4b9b-83f9-55a1bdc41011 5dd0a15350794a31b5f56cef2d0cfda5 1629fbd6a15549c3b34d0e9362fd47a4 - - - -] 10.0.0.184 "DELETE /v2.0/ports/b5ad46f2-925e-492b-8229-079ca997d741 HTTP/1.1" status: 204 len: 168 time: 0.3093722
2026-05-06 06:15:52.964 9 INFO neutron.wsgi [None req-98841fce-cbff-42b7-9fe3-27c462a4089d 5dd0a15350794a31b5f56cef2d0cfda5 1629fbd6a15549c3b34d0e9362fd47a4 - - - -] 10.0.0.184 "DELETE /v2.0/ports/b936aa29-bf9e-4cb3-91db-490e8cbf90df HTTP/1.1" status: 204 len: 168 time: 0.3426330
2026-05-06 06:15:53.039 9 INFO neutron.wsgi [None req-b7e8596e-4ac7-4aa2-8c0b-cb3dbf1b5f0a 5dd0a15350794a31b5f56cef2d0cfda5 1629fbd6a15549c3b34d0e9362fd47a4 - - default default] 10.0.0.184 "GET /v2.0/ports?device_id=0e0b53c7-e128-4a85-9514-4c13ba66a9eb HTTP/1.1" status: 200 len: 1140 time: 0.0709939
2026-05-06 06:15:53.196 9 INFO neutron.wsgi [None req-10924338-f4e0-487c-9250-ae32630c0d94 051595859ffa437983ee0de25c594066 e9e5d1bbb7fd4573add326c542ff68a6 - - default default] 10.0.0.184 "GET /v2.0/ports/6a368366-3a56-43e3-8afc-38046282ced5 HTTP/1.1" status: 200 len: 1147 time: 0.0326014
2026-05-06 06:15:53.435 10 INFO neutron.wsgi [req-9b8cdeaa-7e13-430e-a6ea-48bc70b23cd2 req-99bd1513-3709-4b0f-8d10-c4a0d23fae10 9242b8de6bb544e4992fa99869ec3cd5 54769076296c4a558959dfe70a72f899 - - default default] 10.0.0.205 "GET /v2.0/ports?device_id=6d566521-4147-4f57-95df-353037bb525f HTTP/1.1" status: 200 len: 1172 time: 0.1347842
2026-05-06 06:15:53.470 10 INFO neutron.wsgi [req-9b8cdeaa-7e13-430e-a6ea-48bc70b23cd2 req-d1bd020b-c8ba-4dd1-9abd-6ae1f8c3abed 9242b8de6bb544e4992fa99869ec3cd5 54769076296c4a558959dfe70a72f899 - - default default] 10.0.0.205 "GET /v2.0/security-groups?id=7a0c5840-adbe-4a60-af13-dc4038fb800e&fields=id&fields=name HTTP/1.1" status: 200 len: 286 time: 0.0279496
2026-05-06 06:15:53.968 9 INFO neutron.wsgi [None req-a264764a-d1c8-488e-a3d2-de080929aceb 5dd0a15350794a31b5f56cef2d0cfda5 1629fbd6a15549c3b34d0e9362fd47a4 - - - -] 10.0.0.184 "PUT /v2.0/routers/0e0b53c7-e128-4a85-9514-4c13ba66a9eb/remove_router_interface HTTP/1.1" status: 200 len: 503 time: 0.9211223 /var/lib/openstack/lib/python3.10/site-packages/pycadf/identifier.py:71: UserWarning: Invalid uuid: neutron. To ensure interoperability, identifiers should be a valid uuid. warnings.warn(('Invalid uuid: %s. To ensure interoperability, '
2026-05-06 06:15:54.154 10 INFO neutron.wsgi [-] 10.0.0.212 "GET / HTTP/1.1" status: 200 len: 246 time: 0.0027330
2026-05-06 06:15:54.157 10 INFO neutron.wsgi [-] 10.0.0.212 "GET / HTTP/1.1" status: 200 len: 246 time: 0.0017443
2026-05-06 06:15:54.291 10 INFO neutron.wsgi [None req-e348579f-eb8c-49f4-9a62-7053e841a1a6 051595859ffa437983ee0de25c594066 e9e5d1bbb7fd4573add326c542ff68a6 - - default default] 10.0.0.184 "GET /v2.0/ports/6a368366-3a56-43e3-8afc-38046282ced5 HTTP/1.1" status: 200 len: 1147 time: 0.0889094
2026-05-06 06:15:54.579 9 INFO neutron.wsgi [req-bf8a4a77-66ec-4d8a-80d0-8391c7d1ed13 req-75f16c2f-d3fd-424a-b48d-a77c0f91d961 9242b8de6bb544e4992fa99869ec3cd5 54769076296c4a558959dfe70a72f899 - - default default] 10.0.0.205 "GET /v2.0/ports?device_id=6d566521-4147-4f57-95df-353037bb525f HTTP/1.1" status: 200 len: 1172 time: 0.0461626
2026-05-06 06:15:54.634 9 INFO neutron.wsgi [req-bf8a4a77-66ec-4d8a-80d0-8391c7d1ed13 req-d81afd56-c349-4cf4-be22-05fbd0ab37a8 9242b8de6bb544e4992fa99869ec3cd5 54769076296c4a558959dfe70a72f899 - - default default] 10.0.0.205 "GET /v2.0/security-groups?id=7a0c5840-adbe-4a60-af13-dc4038fb800e&fields=id&fields=name HTTP/1.1" status: 200 len: 286 time: 0.0366030
2026-05-06 06:15:54.891 9 INFO neutron.wsgi [None req-0d54f757-90ef-406f-863c-f9932044f008 5dd0a15350794a31b5f56cef2d0cfda5 1629fbd6a15549c3b34d0e9362fd47a4 - - - -] 10.0.0.184 "DELETE /v2.0/routers/0e0b53c7-e128-4a85-9514-4c13ba66a9eb HTTP/1.1" status: 204 len: 168 time: 0.9164634
2026-05-06 06:15:55.076 9 INFO neutron.wsgi [None req-f5ce57c7-fd05-4080-913d-24960e2ae17d 5dd0a15350794a31b5f56cef2d0cfda5 1629fbd6a15549c3b34d0e9362fd47a4 - - - -] 10.0.0.184 "DELETE /v2.0/subnets/01199204-c397-4090-8cc4-1b4b39d42ec9 HTTP/1.1" status: 204 len: 168 time: 0.1803303
2026-05-06 06:15:55.336 9 INFO neutron.wsgi [None req-2482211f-525f-4348-a95c-f3fa99468691 051595859ffa437983ee0de25c594066 e9e5d1bbb7fd4573add326c542ff68a6 - - default default] 10.0.0.184 "GET /v2.0/ports/6a368366-3a56-43e3-8afc-38046282ced5 HTTP/1.1" status: 200 len: 1147 time: 0.0398591
2026-05-06 06:15:55.440 9 INFO neutron.services.segments.plugin [-] Segment 28b820d3-872d-4d92-8c5c-ae3ea345020d resource provider aggregate not found
2026-05-06 06:15:55.444 9 INFO neutron.services.segments.plugin [-] Segment 28b820d3-872d-4d92-8c5c-ae3ea345020d resource provider aggregate not found
2026-05-06 06:15:55.457 9 INFO neutron.services.segments.plugin [-] Segment 28b820d3-872d-4d92-8c5c-ae3ea345020d resource provider not found; error: Placement Client Error (4xx): {"errors": [{"status": 404, "title": "Not Found", "detail": "The resource could not be found.\n\n No resource provider with uuid 28b820d3-872d-4d92-8c5c-ae3ea345020d found for delete ", "request_id": "req-f3731bcd-e9db-4bd6-b66b-80ae579ededf"}]}
2026-05-06 06:15:55.461 9 INFO neutron.services.segments.plugin [-] Segment 28b820d3-872d-4d92-8c5c-ae3ea345020d resource provider not found; error: Placement Client Error (4xx): {"errors": [{"status": 404, "title": "Not Found", "detail": "The resource could not be found.\n\n No resource provider with uuid 28b820d3-872d-4d92-8c5c-ae3ea345020d found for delete ", "request_id": "req-7219bb4f-fb3e-4473-a30e-008cdf85e7a2"}]}
2026-05-06 06:15:55.476 9 INFO neutron.wsgi [None req-6ac1adb1-e847-4757-9447-d79451fe4576 5dd0a15350794a31b5f56cef2d0cfda5 1629fbd6a15549c3b34d0e9362fd47a4 - - - -] 10.0.0.184 "DELETE /v2.0/networks/08c51ae1-2abb-4d8b-9628-ccc6de95e229 HTTP/1.1" status: 204 len: 168 time: 0.3937402
2026-05-06 06:15:55.739 10 INFO neutron.wsgi [req-6de8d7f1-f5b7-4170-a9d8-f8bd0ee4ec94 req-49990fba-9594-476f-a1c5-6d52ca6f541f 9242b8de6bb544e4992fa99869ec3cd5 54769076296c4a558959dfe70a72f899 - - default default] 10.0.0.205 "GET /v2.0/ports?device_id=6d566521-4147-4f57-95df-353037bb525f HTTP/1.1" status: 200 len: 1172 time: 0.0403125
2026-05-06 06:15:55.782 10 INFO neutron.wsgi [req-6de8d7f1-f5b7-4170-a9d8-f8bd0ee4ec94 req-e8233d63-eff7-4219-8d65-d52afdf4a378 9242b8de6bb544e4992fa99869ec3cd5 54769076296c4a558959dfe70a72f899 - - default default] 10.0.0.205 "GET /v2.0/security-groups?id=7a0c5840-adbe-4a60-af13-dc4038fb800e&fields=id&fields=name HTTP/1.1" status: 200 len: 286 time: 0.0349047
2026-05-06 06:15:56.017 10 WARNING neutron.plugins.ml2.drivers.ovn.mech_driver.ovsdb.ovn_client [None req-2187529b-8f41-404b-b813-7b46c84006bd - - - - - -] No hosting information found for port 048afbe1-92f0-40ca-88af-c7b18dbec68f: RuntimeError: No hosting information found for port 048afbe1-92f0-40ca-88af-c7b18dbec68f
2026-05-06 06:15:56.060 10 INFO neutron.plugins.ml2.drivers.ovn.mech_driver.mech_driver [None req-2187529b-8f41-404b-b813-7b46c84006bd - - - - - -] OVN reports status up for port: ef7be2dd-3da0-49b2-99fd-f7abb9db4c6d
2026-05-06 06:15:56.074 10 INFO neutron.plugins.ml2.plugin [None req-2187529b-8f41-404b-b813-7b46c84006bd - - - - - -] Attempt 1 to provision port ef7be2dd-3da0-49b2-99fd-f7abb9db4c6d
2026-05-06 06:15:56.079 9 INFO neutron.wsgi [None req-1056de70-a573-477a-bc5e-893f06645ae5 8e5c766801194016a35dfcbe05ef5617 1a009fe3683c4df096bc63300d7dcabf - - default default] 10.0.0.184 "GET /v2.0/security-groups?tenant_id=1629fbd6a15549c3b34d0e9362fd47a4&name=default HTTP/1.1" status: 200 len: 2996 time: 0.1362519
2026-05-06 06:15:56.184 10 INFO neutron.notifiers.nova [-] Nova event matching ['req-90a15295-dce7-49d3-b58f-52a0f439b56d'] response: {'server_uuid': '6d566521-4147-4f57-95df-353037bb525f', 'name': 'network-vif-plugged', 'status': 'completed', 'tag': 'ef7be2dd-3da0-49b2-99fd-f7abb9db4c6d', 'code': 200}
2026-05-06 06:15:56.273 9 INFO neutron.wsgi [None req-b7eddccc-578d-4923-a59f-9308d04eee2b 8e5c766801194016a35dfcbe05ef5617 1a009fe3683c4df096bc63300d7dcabf - - - -] 10.0.0.184 "DELETE /v2.0/security-groups/313ae996-f8fa-4e71-8279-5496469ed7ab HTTP/1.1" status: 204 len: 168 time: 0.1901064
2026-05-06 06:15:56.330 10 INFO neutron.db.ovn_revision_numbers_db [None req-2187529b-8f41-404b-b813-7b46c84006bd - - - - - -] Successfully bumped revision number for resource ef7be2dd-3da0-49b2-99fd-f7abb9db4c6d (type: ports) to 4
2026-05-06 06:15:56.379 9 INFO neutron.wsgi [None req-5ce38d33-ef42-4ed9-9334-f579e8cdfe45 051595859ffa437983ee0de25c594066 e9e5d1bbb7fd4573add326c542ff68a6 - - default default] 10.0.0.184 "GET /v2.0/ports/6a368366-3a56-43e3-8afc-38046282ced5 HTTP/1.1" status: 200 len: 1147 time: 0.0376961
2026-05-06 06:15:56.795 9 WARNING neutron.plugins.ml2.drivers.ovn.mech_driver.ovsdb.ovn_client [None req-b9bb181f-c424-4558-926b-e13d5d606e74 - - - - - -] No hosting information found for port b7b2cf16-525f-4b00-ada5-84282cdf5961: RuntimeError: No hosting information found for port b7b2cf16-525f-4b00-ada5-84282cdf5961
2026-05-06 06:15:56.796 9 INFO neutron.plugins.ml2.drivers.ovn.mech_driver.mech_driver [None req-b9bb181f-c424-4558-926b-e13d5d606e74 - - - - - -] OVN reports status up for port: 6a368366-3a56-43e3-8afc-38046282ced5
2026-05-06 06:15:56.803 9 INFO neutron.plugins.ml2.plugin [None req-b9bb181f-c424-4558-926b-e13d5d606e74 - - - - - -] Attempt 1 to provision port 6a368366-3a56-43e3-8afc-38046282ced5 /var/lib/openstack/lib/python3.10/site-packages/pycadf/identifier.py:71: UserWarning: Invalid uuid: neutron. To ensure interoperability, identifiers should be a valid uuid. warnings.warn(('Invalid uuid: %s. To ensure interoperability, '
2026-05-06 06:15:56.902 10 INFO neutron.wsgi [req-802334c3-3510-41ca-9c88-8dbd098f8f72 req-15f5663d-f969-454a-8c3a-f96e12939179 9242b8de6bb544e4992fa99869ec3cd5 54769076296c4a558959dfe70a72f899 - - default default] 10.0.0.205 "GET /v2.0/ports?device_id=6d566521-4147-4f57-95df-353037bb525f HTTP/1.1" status: 200 len: 1174 time: 0.0612159
2026-05-06 06:15:56.943 10 INFO neutron.wsgi [req-802334c3-3510-41ca-9c88-8dbd098f8f72 req-5abafdc2-544d-4e00-ae81-c64f5a5c6d8b 9242b8de6bb544e4992fa99869ec3cd5 54769076296c4a558959dfe70a72f899 - - default default] 10.0.0.205 "GET /v2.0/security-groups?id=7a0c5840-adbe-4a60-af13-dc4038fb800e&fields=id&fields=name HTTP/1.1" status: 200 len: 286 time: 0.0331886
2026-05-06 06:15:57.070 9 INFO neutron.db.ovn_revision_numbers_db [None req-b9bb181f-c424-4558-926b-e13d5d606e74 - - - - - -] Successfully bumped revision number for resource 6a368366-3a56-43e3-8afc-38046282ced5 (type: ports) to 3
2026-05-06 06:15:57.184 9 INFO neutron.db.ovn_revision_numbers_db [None req-b9bb181f-c424-4558-926b-e13d5d606e74 - - - - - -] Successfully bumped revision number for resource 6a368366-3a56-43e3-8afc-38046282ced5 (type: router_ports) to 3
2026-05-06 06:15:57.480 10 INFO neutron.plugins.ml2.drivers.ovn.mech_driver.mech_driver [None req-2187529b-8f41-404b-b813-7b46c84006bd - - - - - -] OVN reports status down for port: ef7be2dd-3da0-49b2-99fd-f7abb9db4c6d
2026-05-06 06:15:57.499 10 INFO neutron.wsgi [req-11608e66-9ccb-4db9-bad0-095f5cae8b70 req-64ebee14-d00d-4bfc-95d2-9b7162956097 9242b8de6bb544e4992fa99869ec3cd5 54769076296c4a558959dfe70a72f899 - - default default] 10.0.0.205 "GET /v2.0/ports?device_id=6d566521-4147-4f57-95df-353037bb525f HTTP/1.1" status: 200 len: 1174 time: 0.0592155
