2026-05-06 06:14:31.907 9 WARNING neutron.api.rpc.agentnotifiers.dhcp_rpc_agent_api [None req-fccd3318-cd03-4c69-b3ba-8a7cc6d16dd5 8e5c766801194016a35dfcbe05ef5617 1a009fe3683c4df096bc63300d7dcabf - - - -] Unable to schedule network d060292c-6e1a-4d4d-ba36-84d31aec332e: no agents available; will retry on subsequent port and subnet creation events.
2026-05-06 06:14:31.923 10 WARNING neutron.scheduler.dhcp_agent_scheduler [None req-d6638d09-9c38-480c-bbfd-fc25f0597654 8e5c766801194016a35dfcbe05ef5617 1a009fe3683c4df096bc63300d7dcabf - - - -] No more DHCP agents
2026-05-06 06:14:31.925 10 WARNING neutron.api.rpc.agentnotifiers.dhcp_rpc_agent_api [None req-d6638d09-9c38-480c-bbfd-fc25f0597654 8e5c766801194016a35dfcbe05ef5617 1a009fe3683c4df096bc63300d7dcabf - - - -] Unable to schedule network 830aeb48-e604-4bf4-b1f0-c30f0a97948c: no agents available; will retry on subsequent port and subnet creation events.
2026-05-06 06:14:31.971 9 INFO neutron.db.ovn_revision_numbers_db [None req-fccd3318-cd03-4c69-b3ba-8a7cc6d16dd5 8e5c766801194016a35dfcbe05ef5617 1a009fe3683c4df096bc63300d7dcabf - - - -] Successfully bumped revision number for resource 963d67dc-6022-4a3c-bbbc-bcb8b4a3994f (type: ports) to 1
2026-05-06 06:14:31.989 9 INFO neutron.wsgi [None req-fccd3318-cd03-4c69-b3ba-8a7cc6d16dd5 8e5c766801194016a35dfcbe05ef5617 1a009fe3683c4df096bc63300d7dcabf - - - -] 10.0.0.184 "POST /v2.0/networks HTTP/1.1" status: 201 len: 945 time: 0.6487770
2026-05-06 06:14:32.063 10 INFO neutron.db.ovn_revision_numbers_db [None req-d6638d09-9c38-480c-bbfd-fc25f0597654 8e5c766801194016a35dfcbe05ef5617 1a009fe3683c4df096bc63300d7dcabf - - - -] Successfully bumped revision number for resource 41671c7d-9ebe-45cc-a92d-858b36da0c91 (type: ports) to 1
2026-05-06 06:14:32.175 9 WARNING neutron.scheduler.dhcp_agent_scheduler [None req-bb98a9c5-6f32-4bc2-9a83-7b3330d1e36a 8e5c766801194016a35dfcbe05ef5617 1a009fe3683c4df096bc63300d7dcabf - - - -] No more DHCP agents
2026-05-06 06:14:32.177 9 WARNING neutron.api.rpc.agentnotifiers.dhcp_rpc_agent_api [None req-bb98a9c5-6f32-4bc2-9a83-7b3330d1e36a 8e5c766801194016a35dfcbe05ef5617 1a009fe3683c4df096bc63300d7dcabf - - - -] Unable to schedule network d060292c-6e1a-4d4d-ba36-84d31aec332e: no agents available; will retry on subsequent port and subnet creation events.
2026-05-06 06:14:32.590 9 INFO neutron.db.ovn_revision_numbers_db [None req-bb98a9c5-6f32-4bc2-9a83-7b3330d1e36a 8e5c766801194016a35dfcbe05ef5617 1a009fe3683c4df096bc63300d7dcabf - - - -] Successfully bumped revision number for resource 963d67dc-6022-4a3c-bbbc-bcb8b4a3994f (type: ports) to 2
2026-05-06 06:14:32.607 9 INFO neutron.db.ovn_revision_numbers_db [None req-bb98a9c5-6f32-4bc2-9a83-7b3330d1e36a 8e5c766801194016a35dfcbe05ef5617 1a009fe3683c4df096bc63300d7dcabf - - - -] Successfully bumped revision number for resource ae7f7d8c-74dd-4ae8-a0dc-25e691451e97 (type: subnets) to 0
2026-05-06 06:14:32.622 9 INFO neutron.wsgi [None req-bb98a9c5-6f32-4bc2-9a83-7b3330d1e36a 8e5c766801194016a35dfcbe05ef5617 1a009fe3683c4df096bc63300d7dcabf - - - -] 10.0.0.184 "POST /v2.0/subnets HTTP/1.1" status: 201 len: 865 time: 0.6260729
2026-05-06 06:14:32.913 10 INFO neutron.plugins.ml2.drivers.ovn.mech_driver.mech_driver [None req-2187529b-8f41-404b-b813-7b46c84006bd - - - - - -] OVN reports status up for port: 41671c7d-9ebe-45cc-a92d-858b36da0c91
2026-05-06 06:14:32.931 9 INFO neutron.plugins.ml2.drivers.ovn.mech_driver.ovsdb.ovsdb_monitor [None req-6c0aba69-4b54-4fc6-95f7-2a81c7c73e04 - - - - - -] Router 1b86fa44-ca3a-45a3-8d18-74374de7b83a is bound to host instance
2026-05-06 06:14:32.932 10 INFO neutron.plugins.ml2.plugin [None req-2187529b-8f41-404b-b813-7b46c84006bd - - - - - -] Attempt 1 to provision port 41671c7d-9ebe-45cc-a92d-858b36da0c91
2026-05-06 06:14:32.935 10 INFO neutron.db.ovn_revision_numbers_db [None req-d6638d09-9c38-480c-bbfd-fc25f0597654 8e5c766801194016a35dfcbe05ef5617 1a009fe3683c4df096bc63300d7dcabf - - - -] Successfully bumped revision number for resource 41671c7d-9ebe-45cc-a92d-858b36da0c91 (type: router_ports) to 1
2026-05-06 06:14:33.044 10 INFO neutron.db.ovn_revision_numbers_db [None req-d6638d09-9c38-480c-bbfd-fc25f0597654 8e5c766801194016a35dfcbe05ef5617 1a009fe3683c4df096bc63300d7dcabf - - - -] Successfully bumped revision number for resource 1b86fa44-ca3a-45a3-8d18-74374de7b83a (type: routers) to 3
2026-05-06 06:14:33.056 10 INFO neutron.wsgi [None req-d6638d09-9c38-480c-bbfd-fc25f0597654 8e5c766801194016a35dfcbe05ef5617 1a009fe3683c4df096bc63300d7dcabf - - - -] 10.0.0.184 "POST /v2.0/routers HTTP/1.1" status: 201 len: 879 time: 1.6189380
2026-05-06 06:14:33.269 9 WARNING neutron.scheduler.dhcp_agent_scheduler [None req-cf62b950-dd67-4962-81a5-52b3fd00b451 8e5c766801194016a35dfcbe05ef5617 1a009fe3683c4df096bc63300d7dcabf - - - -] No more DHCP agents
2026-05-06 06:14:33.275 9 WARNING neutron.api.rpc.agentnotifiers.dhcp_rpc_agent_api [None req-cf62b950-dd67-4962-81a5-52b3fd00b451 8e5c766801194016a35dfcbe05ef5617 1a009fe3683c4df096bc63300d7dcabf - - - -] Unable to schedule network 830aeb48-e604-4bf4-b1f0-c30f0a97948c: no agents available; will retry on subsequent port and subnet creation events.
2026-05-06 06:14:33.501 10 WARNING neutron.scheduler.dhcp_agent_scheduler [None req-92212140-dc8a-49bb-af4e-d8c3c8d9ca22 8e5c766801194016a35dfcbe05ef5617 1a009fe3683c4df096bc63300d7dcabf - - default default] No more DHCP agents
2026-05-06 06:14:33.503 10 WARNING neutron.api.rpc.agentnotifiers.dhcp_rpc_agent_api [None req-92212140-dc8a-49bb-af4e-d8c3c8d9ca22 8e5c766801194016a35dfcbe05ef5617 1a009fe3683c4df096bc63300d7dcabf - - default default] Unable to schedule network 0cb04a4f-d78c-4e17-aedc-e0efee3f8e68: no agents available; will retry on subsequent port and subnet creation events.
2026-05-06 06:14:33.637 9 INFO neutron.db.ovn_revision_numbers_db [None req-cf62b950-dd67-4962-81a5-52b3fd00b451 8e5c766801194016a35dfcbe05ef5617 1a009fe3683c4df096bc63300d7dcabf - - - -] Successfully bumped revision number for resource 0df35a6b-35bb-49e2-b276-e5c16fdcb1bf (type: ports) to 1
2026-05-06 06:14:33.659 10 INFO neutron.db.ovn_revision_numbers_db [None req-92212140-dc8a-49bb-af4e-d8c3c8d9ca22 8e5c766801194016a35dfcbe05ef5617 1a009fe3683c4df096bc63300d7dcabf - - default default] Successfully bumped revision number for resource 41f48035-c5db-446f-a8b1-8173839450c2 (type: ports) to 1
2026-05-06 06:14:33.860 9 INFO neutron.db.ovn_revision_numbers_db [None req-6c0aba69-4b54-4fc6-95f7-2a81c7c73e04 - - - - - -] Successfully bumped revision number for resource 41671c7d-9ebe-45cc-a92d-858b36da0c91 (type: ports) to 1
2026-05-06 06:14:34.191 10 INFO neutron.db.ovn_revision_numbers_db [None req-92212140-dc8a-49bb-af4e-d8c3c8d9ca22 8e5c766801194016a35dfcbe05ef5617 1a009fe3683c4df096bc63300d7dcabf - - default default] Successfully bumped revision number for resource 41f48035-c5db-446f-a8b1-8173839450c2 (type: router_ports) to 2
2026-05-06 06:14:34.302 9 INFO neutron.db.ovn_revision_numbers_db [None req-6c0aba69-4b54-4fc6-95f7-2a81c7c73e04 - - - - - -] Successfully bumped revision number for resource 41671c7d-9ebe-45cc-a92d-858b36da0c91 (type: router_ports) to 3
2026-05-06 06:14:34.317 10 INFO neutron.db.ovn_revision_numbers_db [None req-92212140-dc8a-49bb-af4e-d8c3c8d9ca22 8e5c766801194016a35dfcbe05ef5617 1a009fe3683c4df096bc63300d7dcabf - - default default] Successfully bumped revision number for resource 41f48035-c5db-446f-a8b1-8173839450c2 (type: ports) to 2
2026-05-06 06:14:34.381 10 WARNING neutron.scheduler.dhcp_agent_scheduler [None req-92212140-dc8a-49bb-af4e-d8c3c8d9ca22 8e5c766801194016a35dfcbe05ef5617 1a009fe3683c4df096bc63300d7dcabf - - default default] No more DHCP agents
2026-05-06 06:14:34.383 10 WARNING neutron.api.rpc.agentnotifiers.dhcp_rpc_agent_api [None req-92212140-dc8a-49bb-af4e-d8c3c8d9ca22 8e5c766801194016a35dfcbe05ef5617 1a009fe3683c4df096bc63300d7dcabf - - default default] Unable to schedule network 0cb04a4f-d78c-4e17-aedc-e0efee3f8e68: no agents available; will retry on subsequent port and subnet creation events.
2026-05-06 06:14:34.428 9 INFO neutron.db.ovn_revision_numbers_db [None req-cf62b950-dd67-4962-81a5-52b3fd00b451 8e5c766801194016a35dfcbe05ef5617 1a009fe3683c4df096bc63300d7dcabf - - - -] Successfully bumped revision number for resource 0df35a6b-35bb-49e2-b276-e5c16fdcb1bf (type: router_ports) to 1
2026-05-06 06:14:34.471 9 INFO neutron.db.ovn_revision_numbers_db [None req-6c0aba69-4b54-4fc6-95f7-2a81c7c73e04 - - - - - -] Successfully bumped revision number for resource 41671c7d-9ebe-45cc-a92d-858b36da0c91 (type: ports) to 2
2026-05-06 06:14:34.491 9 INFO neutron.db.ovn_revision_numbers_db [None req-cf62b950-dd67-4962-81a5-52b3fd00b451 8e5c766801194016a35dfcbe05ef5617 1a009fe3683c4df096bc63300d7dcabf - - - -] Successfully bumped revision number for resource 44b1d355-e8fb-41e2-8763-2e650174b608 (type: routers) to 3
2026-05-06 06:14:34.517 9 INFO neutron.wsgi [None req-cf62b950-dd67-4962-81a5-52b3fd00b451 8e5c766801194016a35dfcbe05ef5617 1a009fe3683c4df096bc63300d7dcabf - - - -] 10.0.0.184 "POST /v2.0/routers HTTP/1.1" status: 201 len: 876 time: 1.8898458
2026-05-06 06:14:34.946 9 INFO neutron.db.ovn_revision_numbers_db [None req-6c0aba69-4b54-4fc6-95f7-2a81c7c73e04 - - - - - -] Successfully bumped revision number for resource 41671c7d-9ebe-45cc-a92d-858b36da0c91 (type: ports) to 4
2026-05-06 06:14:34.988 10 INFO neutron.wsgi [req-87e03765-f612-42b9-8a2c-b37cc38623b1 req-ccd4edbc-e3d0-4065-87a1-8dedac3ff7dc 6da3f2bf77324f328b51d0a276f19dee f3e79d991d464280b0329d41bf9ea437 - - b621fce73f6d42c4a41bca51a726afc4 b621fce73f6d42c4a41bca51a726afc4] 10.0.0.7 "GET /v2.0/ports?device_id=4544dd33-0233-4d9d-ba8d-71cfd2799a92 HTTP/1.1" status: 200 len: 1361 time: 0.3966944
2026-05-06 06:14:35.035 10 INFO neutron.wsgi [req-87e03765-f612-42b9-8a2c-b37cc38623b1 req-4eb46c68-a452-4c3a-a8e7-e93ec6a8cc80 6da3f2bf77324f328b51d0a276f19dee f3e79d991d464280b0329d41bf9ea437 - - b621fce73f6d42c4a41bca51a726afc4 b621fce73f6d42c4a41bca51a726afc4] 10.0.0.7 "GET /v2.0/security-groups?id=56dac393-d751-44e6-8193-7c2c8bc5fec3&fields=id&fields=name HTTP/1.1" status: 200 len: 313 time: 0.0376382
2026-05-06 06:14:35.051 10 INFO neutron.db.ovn_revision_numbers_db [None req-92212140-dc8a-49bb-af4e-d8c3c8d9ca22 8e5c766801194016a35dfcbe05ef5617 1a009fe3683c4df096bc63300d7dcabf - - - -] Successfully bumped revision number for resource 41f48035-c5db-446f-a8b1-8173839450c2 (type: router_ports) to 2
2026-05-06 06:14:35.054 10 INFO neutron.wsgi [None req-92212140-dc8a-49bb-af4e-d8c3c8d9ca22 8e5c766801194016a35dfcbe05ef5617 1a009fe3683c4df096bc63300d7dcabf - - - -] 10.0.0.184 "PUT /v2.0/routers/1b86fa44-ca3a-45a3-8d18-74374de7b83a/add_router_interface HTTP/1.1" status: 200 len: 503 time: 1.9919295
2026-05-06 06:14:35.248 9 INFO neutron.db.ovn_revision_numbers_db [None req-6c0aba69-4b54-4fc6-95f7-2a81c7c73e04 - - - - - -] Successfully bumped revision number for resource 41671c7d-9ebe-45cc-a92d-858b36da0c91 (type: router_ports) to 4
2026-05-06 06:14:35.277 9 WARNING neutron.scheduler.dhcp_agent_scheduler [None req-9593565d-c3e6-4f81-b95b-1f4d2dc2014d 8e5c766801194016a35dfcbe05ef5617 1a009fe3683c4df096bc63300d7dcabf - - default default] No more DHCP agents
2026-05-06 06:14:35.279 9 WARNING neutron.api.rpc.agentnotifiers.dhcp_rpc_agent_api [None req-9593565d-c3e6-4f81-b95b-1f4d2dc2014d 8e5c766801194016a35dfcbe05ef5617 1a009fe3683c4df096bc63300d7dcabf - - default default] Unable to schedule network d060292c-6e1a-4d4d-ba36-84d31aec332e: no agents available; will retry on subsequent port and subnet creation events.
2026-05-06 06:14:35.283 9 INFO neutron.plugins.ml2.drivers.ovn.mech_driver.ovsdb.ovsdb_monitor [None req-6c0aba69-4b54-4fc6-95f7-2a81c7c73e04 - - - - - -] Router 44b1d355-e8fb-41e2-8763-2e650174b608 is bound to host instance
2026-05-06 06:14:35.459 9 INFO neutron.db.ovn_revision_numbers_db [None req-9593565d-c3e6-4f81-b95b-1f4d2dc2014d 8e5c766801194016a35dfcbe05ef5617 1a009fe3683c4df096bc63300d7dcabf - - default default] Successfully bumped revision number for resource 99cbf5aa-a575-4c8f-be2f-884b9e206da9 (type: ports) to 1
2026-05-06 06:14:35.673 9 INFO neutron.db.ovn_revision_numbers_db [None req-6aabad87-37b7-4ea7-aa3a-aa8407e799ad 8e5c766801194016a35dfcbe05ef5617 1a009fe3683c4df096bc63300d7dcabf - - default default] Successfully bumped revision number for resource 50b162ee-9f07-422f-a4b3-3e415c0e1c04 (type: security_groups) to 1
2026-05-06 06:14:35.713 9 INFO neutron.wsgi [None req-6aabad87-37b7-4ea7-aa3a-aa8407e799ad 8e5c766801194016a35dfcbe05ef5617 1a009fe3683c4df096bc63300d7dcabf - - default default] 10.0.0.184 "GET /v2.0/security-groups?tenant_id=054b3496fe00469a8c7f4f9b5dc68a05&name=default HTTP/1.1" status: 200 len: 2996 time: 0.3991404
2026-05-06 06:14:35.975 10 INFO neutron.wsgi [req-9209fbfb-9449-460b-b67f-720c7c42fb5b req-77e7ede9-48d4-4c6f-8b2b-b7d6b3c09909 c1256be54eaa4e4b8c228635c79fa52d a46f631035974f879f15aca2ca9537fb - - default default] 10.0.0.205 "GET /v2.0/networks?id=0cb04a4f-d78c-4e17-aedc-e0efee3f8e68 HTTP/1.1" status: 200 len: 877 time: 0.0877526
2026-05-06 06:14:36.015 10 INFO neutron.wsgi [req-9209fbfb-9449-460b-b67f-720c7c42fb5b req-746560e8-3653-428a-87f4-25060cd538a5 c1256be54eaa4e4b8c228635c79fa52d a46f631035974f879f15aca2ca9537fb - - default default] 10.0.0.205 "GET /v2.0/quotas/a46f631035974f879f15aca2ca9537fb HTTP/1.1" status: 200 len: 386 time: 0.0337124
2026-05-06 06:14:36.019 10 INFO neutron.wsgi [None req-1f3d8f78-3317-4529-9f08-042591d6f250 8e5c766801194016a35dfcbe05ef5617 1a009fe3683c4df096bc63300d7dcabf - - - -] 10.0.0.184 "DELETE /v2.0/security-groups/50b162ee-9f07-422f-a4b3-3e415c0e1c04 HTTP/1.1" status: 204 len: 168 time: 0.2875233
2026-05-06 06:14:36.036 10 INFO neutron.plugins.ml2.drivers.ovn.mech_driver.mech_driver [None req-2187529b-8f41-404b-b813-7b46c84006bd - - - - - -] OVN reports status up for port: 41f48035-c5db-446f-a8b1-8173839450c2
2026-05-06 06:14:36.067 9 INFO neutron.db.ovn_revision_numbers_db [None req-6c0aba69-4b54-4fc6-95f7-2a81c7c73e04 - - - - - -] Successfully bumped revision number for resource 0df35a6b-35bb-49e2-b276-e5c16fdcb1bf (type: ports) to 1
2026-05-06 06:14:36.075 9 INFO neutron.plugins.ml2.drivers.ovn.mech_driver.mech_driver [None req-b9bb181f-c424-4558-926b-e13d5d606e74 - - - - - -] OVN reports status up for port: 99cbf5aa-a575-4c8f-be2f-884b9e206da9
2026-05-06 06:14:36.083 9 INFO neutron.db.ovn_revision_numbers_db [None req-9593565d-c3e6-4f81-b95b-1f4d2dc2014d 8e5c766801194016a35dfcbe05ef5617 1a009fe3683c4df096bc63300d7dcabf - - default default] Successfully bumped revision number for resource 99cbf5aa-a575-4c8f-be2f-884b9e206da9 (type: router_ports) to 2
2026-05-06 06:14:36.086 9 INFO neutron.plugins.ml2.plugin [None req-b9bb181f-c424-4558-926b-e13d5d606e74 - - - - - -] Attempt 1 to provision port 99cbf5aa-a575-4c8f-be2f-884b9e206da9
2026-05-06 06:14:36.258 10 INFO neutron.plugins.ml2.plugin [None req-2187529b-8f41-404b-b813-7b46c84006bd - - - - - -] Attempt 1 to provision port 41f48035-c5db-446f-a8b1-8173839450c2
2026-05-06 06:14:36.324 10 INFO neutron.wsgi [req-9209fbfb-9449-460b-b67f-720c7c42fb5b req-21846ecf-8f8f-44fb-8093-f66ee1ae7949 c1256be54eaa4e4b8c228635c79fa52d a46f631035974f879f15aca2ca9537fb - - default default] 10.0.0.205 "GET /v2.0/ports?tenant_id=a46f631035974f879f15aca2ca9537fb&fields=id HTTP/1.1" status: 200 len: 302 time: 0.3014362
2026-05-06 06:14:36.405 10 INFO neutron.wsgi [req-9209fbfb-9449-460b-b67f-720c7c42fb5b req-aa17224f-7801-4788-9d5f-9501ddf17de3 6da3f2bf77324f328b51d0a276f19dee f3e79d991d464280b0329d41bf9ea437 - - b621fce73f6d42c4a41bca51a726afc4 b621fce73f6d42c4a41bca51a726afc4] 10.0.0.205 "GET /v2.0/networks/0cb04a4f-d78c-4e17-aedc-e0efee3f8e68?fields=segments HTTP/1.1" status: 200 len: 212 time: 0.0646956
2026-05-06 06:14:36.483 10 INFO neutron.wsgi [req-9209fbfb-9449-460b-b67f-720c7c42fb5b req-93b80f0e-a6ab-4304-8e8c-0ea42a8293dd 6da3f2bf77324f328b51d0a276f19dee f3e79d991d464280b0329d41bf9ea437 - - b621fce73f6d42c4a41bca51a726afc4 b621fce73f6d42c4a41bca51a726afc4] 10.0.0.205 "GET /v2.0/networks/0cb04a4f-d78c-4e17-aedc-e0efee3f8e68?fields=provider%3Aphysical_network&fields=provider%3Anetwork_type HTTP/1.1" status: 200 len: 277 time: 0.0617411
2026-05-06 06:14:36.565 10 INFO neutron.db.ovn_revision_numbers_db [None req-2187529b-8f41-404b-b813-7b46c84006bd - - - - - -] Successfully bumped revision number for resource 41f48035-c5db-446f-a8b1-8173839450c2 (type: ports) to 3
2026-05-06 06:14:36.573 9 INFO neutron.db.ovn_revision_numbers_db [None req-9593565d-c3e6-4f81-b95b-1f4d2dc2014d 8e5c766801194016a35dfcbe05ef5617 1a009fe3683c4df096bc63300d7dcabf - - default default] Successfully bumped revision number for resource 99cbf5aa-a575-4c8f-be2f-884b9e206da9 (type: ports) to 2
2026-05-06 06:14:36.638 9 INFO neutron.wsgi [req-84833b41-41bc-407c-9a22-b6e27fe00224 req-20e0c9e0-b776-4d7e-a3f8-77be681930b0 c1256be54eaa4e4b8c228635c79fa52d a46f631035974f879f15aca2ca9537fb - - default default] 10.0.0.205 "GET /v2.0/ports?device_id=c18bf4d7-e3d4-4909-8bb2-81ad0a09195b HTTP/1.1" status: 200 len: 210 time: 0.0455499
2026-05-06 06:14:36.686 10 INFO neutron.db.ovn_revision_numbers_db [None req-2187529b-8f41-404b-b813-7b46c84006bd - - - - - -] Successfully bumped revision number for resource 41f48035-c5db-446f-a8b1-8173839450c2 (type: router_ports) to 3
2026-05-06 06:14:36.691 9 INFO neutron.db.ovn_revision_numbers_db [None req-e29611ca-c77b-453d-80e4-eb3004f5c3ec 8e5c766801194016a35dfcbe05ef5617 1a009fe3683c4df096bc63300d7dcabf - - default default] Successfully bumped revision number for resource ae3d39ef-7ef9-4999-9b4f-80b489d612f9 (type: security_groups) to 1
2026-05-06 06:14:36.735 9 INFO neutron.wsgi [None req-e29611ca-c77b-453d-80e4-eb3004f5c3ec 8e5c766801194016a35dfcbe05ef5617 1a009fe3683c4df096bc63300d7dcabf - - default default] 10.0.0.184 "GET /v2.0/security-groups?tenant_id=6f43511f29114e3c8b3ae9de5329e44d&name=default HTTP/1.1" status: 200 len: 2996 time: 0.6094766
2026-05-06 06:14:36.774 9 WARNING neutron.scheduler.dhcp_agent_scheduler [None req-9593565d-c3e6-4f81-b95b-1f4d2dc2014d 8e5c766801194016a35dfcbe05ef5617 1a009fe3683c4df096bc63300d7dcabf - - default default] No more DHCP agents
2026-05-06 06:14:36.782 9 WARNING neutron.api.rpc.agentnotifiers.dhcp_rpc_agent_api [None req-9593565d-c3e6-4f81-b95b-1f4d2dc2014d 8e5c766801194016a35dfcbe05ef5617 1a009fe3683c4df096bc63300d7dcabf - - default default] Unable to schedule network d060292c-6e1a-4d4d-ba36-84d31aec332e: no agents available; will retry on subsequent port and subnet creation events.
2026-05-06 06:14:36.904 9 INFO neutron.db.ovn_revision_numbers_db [None req-6c0aba69-4b54-4fc6-95f7-2a81c7c73e04 - - - - - -] Successfully bumped revision number for resource 0df35a6b-35bb-49e2-b276-e5c16fdcb1bf (type: router_ports) to 3
2026-05-06 06:14:36.931 9 INFO neutron.db.ovn_revision_numbers_db [None req-b9bb181f-c424-4558-926b-e13d5d606e74 - - - - - -] Successfully bumped revision number for resource 99cbf5aa-a575-4c8f-be2f-884b9e206da9 (type: ports) to 3
2026-05-06 06:14:37.159 9 INFO neutron.db.ovn_revision_numbers_db [None req-b9bb181f-c424-4558-926b-e13d5d606e74 - - - - - -] Successfully bumped revision number for resource 99cbf5aa-a575-4c8f-be2f-884b9e206da9 (type: router_ports) to 3
2026-05-06 06:14:37.164 9 INFO neutron.db.ovn_revision_numbers_db [None req-6c0aba69-4b54-4fc6-95f7-2a81c7c73e04 - - - - - -] Successfully bumped revision number for resource 0df35a6b-35bb-49e2-b276-e5c16fdcb1bf (type: ports) to 2
2026-05-06 06:14:37.268 9 INFO neutron.wsgi [None req-bf8944f2-ea30-4153-8bbb-1c3446fe6fff 8e5c766801194016a35dfcbe05ef5617 1a009fe3683c4df096bc63300d7dcabf - - - -] 10.0.0.184 "DELETE /v2.0/security-groups/ae3d39ef-7ef9-4999-9b4f-80b489d612f9 HTTP/1.1" status: 204 len: 168 time: 0.5251989
2026-05-06 06:14:37.382 9 INFO neutron.wsgi [req-9209fbfb-9449-460b-b67f-720c7c42fb5b req-179be8b1-6b18-4631-8d55-f57557b1f8d8 c1256be54eaa4e4b8c228635c79fa52d a46f631035974f879f15aca2ca9537fb - - default default] 199.204.45.57 "GET /v2.0/networks?id=0cb04a4f-d78c-4e17-aedc-e0efee3f8e68 HTTP/1.1" status: 200 len: 877 time: 0.1224124
2026-05-06 06:14:37.732 10 INFO neutron.wsgi [req-057d17b7-adea-4481-8558-30682082f887 req-ad880c41-5a20-40aa-af68-70007625faa4 c1256be54eaa4e4b8c228635c79fa52d a46f631035974f879f15aca2ca9537fb - - default default] 10.0.0.205 "GET /v2.0/ports?device_id=c18bf4d7-e3d4-4909-8bb2-81ad0a09195b HTTP/1.1" status: 200 len: 210 time: 0.0305433
2026-05-06 06:14:37.789 9 INFO neutron.db.ovn_revision_numbers_db [None req-6c0aba69-4b54-4fc6-95f7-2a81c7c73e04 - - - - - -] Successfully bumped revision number for resource 0df35a6b-35bb-49e2-b276-e5c16fdcb1bf (type: ports) to 4
2026-05-06 06:14:38.134 9 INFO neutron.db.ovn_revision_numbers_db [None req-9593565d-c3e6-4f81-b95b-1f4d2dc2014d 8e5c766801194016a35dfcbe05ef5617 1a009fe3683c4df096bc63300d7dcabf - - - -] Successfully bumped revision number for resource 99cbf5aa-a575-4c8f-be2f-884b9e206da9 (type: router_ports) to 3
2026-05-06 06:14:38.137 9 INFO neutron.wsgi [None req-9593565d-c3e6-4f81-b95b-1f4d2dc2014d 8e5c766801194016a35dfcbe05ef5617 1a009fe3683c4df096bc63300d7dcabf - - - -] 10.0.0.184 "PUT /v2.0/routers/44b1d355-e8fb-41e2-8763-2e650174b608/add_router_interface HTTP/1.1" status: 200 len: 503 time: 3.6122155
2026-05-06 06:14:38.183 9 WARNING neutron.scheduler.dhcp_agent_scheduler [None req-e4a1ab2b-2866-4424-9fd3-ca142aad3190 c1256be54eaa4e4b8c228635c79fa52d a46f631035974f879f15aca2ca9537fb - - - -] No more DHCP agents
2026-05-06 06:14:38.188 9 WARNING neutron.api.rpc.agentnotifiers.dhcp_rpc_agent_api [None req-e4a1ab2b-2866-4424-9fd3-ca142aad3190 c1256be54eaa4e4b8c228635c79fa52d a46f631035974f879f15aca2ca9537fb - - - -] Unable to schedule network 0cb04a4f-d78c-4e17-aedc-e0efee3f8e68: no agents available; will retry on subsequent port and subnet creation events.
2026-05-06 06:14:38.214 9 INFO neutron.db.ovn_revision_numbers_db [None req-6c0aba69-4b54-4fc6-95f7-2a81c7c73e04 - - - - - -] Successfully bumped revision number for resource 0df35a6b-35bb-49e2-b276-e5c16fdcb1bf (type: router_ports) to 4
2026-05-06 06:14:38.334 9 INFO neutron.db.ovn_revision_numbers_db [None req-e4a1ab2b-2866-4424-9fd3-ca142aad3190 c1256be54eaa4e4b8c228635c79fa52d a46f631035974f879f15aca2ca9537fb - - - -] Successfully bumped revision number for resource 36bf801b-3ae7-4c70-8f4e-75359fa0ac8c (type: ports) to 1
2026-05-06 06:14:38.364 9 INFO neutron.wsgi [None req-e4a1ab2b-2866-4424-9fd3-ca142aad3190 c1256be54eaa4e4b8c228635c79fa52d a46f631035974f879f15aca2ca9537fb - - - -] 199.204.45.57 "POST /v2.0/ports HTTP/1.1" status: 201 len: 1158 time: 0.9700978 /var/lib/openstack/lib/python3.10/site-packages/pycadf/identifier.py:71: UserWarning: Invalid uuid: neutron. To ensure interoperability, identifiers should be a valid uuid. warnings.warn(('Invalid uuid: %s. To ensure interoperability, ' /var/lib/openstack/lib/python3.10/site-packages/pycadf/identifier.py:71: UserWarning: Invalid uuid: neutron. To ensure interoperability, identifiers should be a valid uuid. warnings.warn(('Invalid uuid: %s. To ensure interoperability, '
2026-05-06 06:14:38.756 9 INFO neutron.db.ovn_revision_numbers_db [None req-110a3aeb-24aa-42b7-bfd6-b85589018623 6da3f2bf77324f328b51d0a276f19dee f3e79d991d464280b0329d41bf9ea437 - - - -] Successfully bumped revision number for resource 36bf801b-3ae7-4c70-8f4e-75359fa0ac8c (type: ports) to 2
2026-05-06 06:14:38.824 9 INFO neutron.db.ovn_revision_numbers_db [None req-983c5737-fd22-4330-b914-a814eaba2370 f3f19912fc2644bcaf4ec3ea71c5a875 90f448a3f9004d85bc3a08a758d4ad86 - - - -] Successfully bumped revision number for resource 88f61341-68b8-4caa-8c09-709a8b958bff (type: security_groups) to 1
2026-05-06 06:14:38.847 9 INFO neutron.wsgi [None req-983c5737-fd22-4330-b914-a814eaba2370 f3f19912fc2644bcaf4ec3ea71c5a875 90f448a3f9004d85bc3a08a758d4ad86 - - - -] 10.0.0.184 "POST /v2.0/security-groups HTTP/1.1" status: 201 len: 1795 time: 0.1528230
2026-05-06 06:14:38.860 10 INFO neutron.wsgi [req-85371fa1-2635-4c6f-ab41-94a07f9c1eb3 req-1c9cc73b-6510-4647-9157-0f1e6872c56a c1256be54eaa4e4b8c228635c79fa52d a46f631035974f879f15aca2ca9537fb - - default default] 10.0.0.205 "GET /v2.0/ports?device_id=c18bf4d7-e3d4-4909-8bb2-81ad0a09195b HTTP/1.1" status: 200 len: 1168 time: 0.0399163
2026-05-06 06:14:38.899 10 INFO neutron.wsgi [req-85371fa1-2635-4c6f-ab41-94a07f9c1eb3 req-038ff943-b171-447a-9df2-6392d6a8743d c1256be54eaa4e4b8c228635c79fa52d a46f631035974f879f15aca2ca9537fb - - default default] 10.0.0.205 "GET /v2.0/security-groups?id=15489896-319a-4cfd-b134-8c5651b2e49c&fields=id&fields=name HTTP/1.1" status: 200 len: 286 time: 0.0325613
2026-05-06 06:14:39.005 9 INFO neutron.db.ovn_revision_numbers_db [None req-110a3aeb-24aa-42b7-bfd6-b85589018623 6da3f2bf77324f328b51d0a276f19dee f3e79d991d464280b0329d41bf9ea437 - - - -] Successfully bumped revision number for resource 36bf801b-3ae7-4c70-8f4e-75359fa0ac8c (type: ports) to 2
2026-05-06 06:14:39.021 9 INFO neutron.wsgi [None req-110a3aeb-24aa-42b7-bfd6-b85589018623 6da3f2bf77324f328b51d0a276f19dee f3e79d991d464280b0329d41bf9ea437 - - - -] 199.204.45.57 "PUT /v2.0/ports/36bf801b-3ae7-4c70-8f4e-75359fa0ac8c HTTP/1.1" status: 200 len: 1328 time: 0.6489999
2026-05-06 06:14:39.031 9 INFO neutron.db.ovn_revision_numbers_db [None req-902ec412-329a-4473-9334-eadb71aadbf3 f3f19912fc2644bcaf4ec3ea71c5a875 90f448a3f9004d85bc3a08a758d4ad86 - - - -] Successfully bumped revision number for resource fa374870-6996-4a47-b6ba-3bc6db0c4e6b (type: security_group_rules) to 0 /var/lib/openstack/lib/python3.10/site-packages/pycadf/identifier.py:71: UserWarning: Invalid uuid: neutron. To ensure interoperability, identifiers should be a valid uuid. warnings.warn(('Invalid uuid: %s. To ensure interoperability, '
2026-05-06 06:14:39.066 9 INFO neutron.notifiers.nova [-] Nova event matching ['req-744ed596-67d8-4352-89ef-b7dad38cb79d'] response: {'name': 'network-changed', 'server_uuid': 'c18bf4d7-e3d4-4909-8bb2-81ad0a09195b', 'tag': '36bf801b-3ae7-4c70-8f4e-75359fa0ac8c', 'status': 'completed', 'code': 200}
2026-05-06 06:14:39.070 9 INFO neutron.wsgi [None req-902ec412-329a-4473-9334-eadb71aadbf3 f3f19912fc2644bcaf4ec3ea71c5a875 90f448a3f9004d85bc3a08a758d4ad86 - - - -] 10.0.0.184 "POST /v2.0/security-group-rules HTTP/1.1" status: 201 len: 764 time: 0.2159600
2026-05-06 06:14:39.102 9 INFO neutron.wsgi [req-9209fbfb-9449-460b-b67f-720c7c42fb5b req-c781a177-8bf8-42ba-814b-3dda4c4d29d5 6da3f2bf77324f328b51d0a276f19dee f3e79d991d464280b0329d41bf9ea437 - - b621fce73f6d42c4a41bca51a726afc4 b621fce73f6d42c4a41bca51a726afc4] 199.204.45.57 "GET /v2.0/ports?tenant_id=a46f631035974f879f15aca2ca9537fb&device_id=c18bf4d7-e3d4-4909-8bb2-81ad0a09195b HTTP/1.1" status: 200 len: 1359 time: 0.0494626
2026-05-06 06:14:39.130 9 INFO neutron.wsgi [req-9209fbfb-9449-460b-b67f-720c7c42fb5b req-c2f5c4b7-d160-446a-962c-2368cf1a82c3 6da3f2bf77324f328b51d0a276f19dee f3e79d991d464280b0329d41bf9ea437 - - b621fce73f6d42c4a41bca51a726afc4 b621fce73f6d42c4a41bca51a726afc4] 199.204.45.57 "GET /v2.0/floatingips?fixed_ip_address=10.100.0.7&port_id=36bf801b-3ae7-4c70-8f4e-75359fa0ac8c HTTP/1.1" status: 200 len: 217 time: 0.0219736
2026-05-06 06:14:39.154 10 INFO neutron.wsgi [-] 10.0.0.212 "GET / HTTP/1.1" status: 200 len: 246 time: 0.0020311
2026-05-06 06:14:39.156 10 INFO neutron.wsgi [-] 10.0.0.212 "GET / HTTP/1.1" status: 200 len: 246 time: 0.0015044
2026-05-06 06:14:39.174 9 INFO neutron.wsgi [req-9209fbfb-9449-460b-b67f-720c7c42fb5b req-ed2dd855-8492-41ec-b78c-d338b724c803 6da3f2bf77324f328b51d0a276f19dee f3e79d991d464280b0329d41bf9ea437 - - b621fce73f6d42c4a41bca51a726afc4 b621fce73f6d42c4a41bca51a726afc4] 199.204.45.57 "GET /v2.0/subnets?id=e5532619-041e-4b7c-aa37-c8ac29b47d89 HTTP/1.1" status: 200 len: 871 time: 0.0372665
2026-05-06 06:14:39.201 9 INFO neutron.wsgi [req-9209fbfb-9449-460b-b67f-720c7c42fb5b req-e86300a3-3f6f-476f-968a-648befdf3e31 6da3f2bf77324f328b51d0a276f19dee f3e79d991d464280b0329d41bf9ea437 - - b621fce73f6d42c4a41bca51a726afc4 b621fce73f6d42c4a41bca51a726afc4] 199.204.45.57 "GET /v2.0/ports?network_id=0cb04a4f-d78c-4e17-aedc-e0efee3f8e68&device_owner=network%3Adhcp HTTP/1.1" status: 200 len: 210 time: 0.0216994
2026-05-06 06:14:39.231 10 INFO neutron.db.ovn_revision_numbers_db [None req-51293adc-fc2b-43ba-9035-59f3d6e0aa19 f3f19912fc2644bcaf4ec3ea71c5a875 90f448a3f9004d85bc3a08a758d4ad86 - - - -] Successfully bumped revision number for resource 35ebcbaa-c3ac-41e9-8975-6ca045319fba (type: security_group_rules) to 0
2026-05-06 06:14:39.253 10 INFO neutron.wsgi [None req-51293adc-fc2b-43ba-9035-59f3d6e0aa19 f3f19912fc2644bcaf4ec3ea71c5a875 90f448a3f9004d85bc3a08a758d4ad86 - - - -] 10.0.0.184 "POST /v2.0/security-group-rules HTTP/1.1" status: 201 len: 769 time: 0.1761289
2026-05-06 06:14:39.261 9 INFO neutron.wsgi [req-9209fbfb-9449-460b-b67f-720c7c42fb5b req-a097e46e-cd14-4052-9ee3-283b0c9d0c19 6da3f2bf77324f328b51d0a276f19dee f3e79d991d464280b0329d41bf9ea437 - - b621fce73f6d42c4a41bca51a726afc4 b621fce73f6d42c4a41bca51a726afc4] 199.204.45.57 "GET /v2.0/networks/0cb04a4f-d78c-4e17-aedc-e0efee3f8e68?fields=segments HTTP/1.1" status: 200 len: 212 time: 0.0527015
2026-05-06 06:14:39.334 9 INFO neutron.wsgi [req-9209fbfb-9449-460b-b67f-720c7c42fb5b req-8847a47a-bd64-43f3-890a-d4f05b9f2fef 6da3f2bf77324f328b51d0a276f19dee f3e79d991d464280b0329d41bf9ea437 - - b621fce73f6d42c4a41bca51a726afc4 b621fce73f6d42c4a41bca51a726afc4] 199.204.45.57 "GET /v2.0/networks/0cb04a4f-d78c-4e17-aedc-e0efee3f8e68?fields=provider%3Aphysical_network&fields=provider%3Anetwork_type HTTP/1.1" status: 200 len: 277 time: 0.0644279
2026-05-06 06:14:39.410 9 INFO neutron.wsgi [req-da6d6bd4-f631-4bcc-9484-92081035b126 req-8c74c0be-aeff-476e-aee2-45c751f73e88 6da3f2bf77324f328b51d0a276f19dee f3e79d991d464280b0329d41bf9ea437 - - b621fce73f6d42c4a41bca51a726afc4 b621fce73f6d42c4a41bca51a726afc4] 199.204.45.57 "GET /v2.0/ports?tenant_id=a46f631035974f879f15aca2ca9537fb&device_id=c18bf4d7-e3d4-4909-8bb2-81ad0a09195b HTTP/1.1" status: 200 len: 1359 time: 0.0392213
2026-05-06 06:14:39.504 9 INFO neutron.wsgi [req-da6d6bd4-f631-4bcc-9484-92081035b126 req-9923c4a4-81b2-41d6-b6d1-2a302bbbb324 6da3f2bf77324f328b51d0a276f19dee f3e79d991d464280b0329d41bf9ea437 - - b621fce73f6d42c4a41bca51a726afc4 b621fce73f6d42c4a41bca51a726afc4] 199.204.45.57 "GET /v2.0/networks?id=0cb04a4f-d78c-4e17-aedc-e0efee3f8e68 HTTP/1.1" status: 200 len: 975 time: 0.0877788
2026-05-06 06:14:39.555 9 INFO neutron.wsgi [req-da6d6bd4-f631-4bcc-9484-92081035b126 req-6400c744-d885-4287-aaed-e85f165f2af4 6da3f2bf77324f328b51d0a276f19dee f3e79d991d464280b0329d41bf9ea437 - - b621fce73f6d42c4a41bca51a726afc4 b621fce73f6d42c4a41bca51a726afc4] 199.204.45.57 "GET /v2.0/floatingips?fixed_ip_address=10.100.0.7&port_id=36bf801b-3ae7-4c70-8f4e-75359fa0ac8c HTTP/1.1" status: 200 len: 217 time: 0.0371392
2026-05-06 06:14:39.584 10 INFO neutron.wsgi [req-c86f8adb-c86c-44ad-be42-af5f36ba86cc req-a82ab6ce-fb9a-44d0-a1ee-1da6d49ece48 cb0ce729ba3b4f2893ae1312bec266d8 033e139a5de64585a2802cabdc36a6f2 - - default default] 10.0.0.205 "GET /v2.0/ports?device_id=4544dd33-0233-4d9d-ba8d-71cfd2799a92 HTTP/1.1" status: 200 len: 1170 time: 0.0962050
2026-05-06 06:14:39.616 9 INFO neutron.wsgi [req-da6d6bd4-f631-4bcc-9484-92081035b126 req-56d1c27e-f35b-49d5-baf2-cd2bb4522f71 6da3f2bf77324f328b51d0a276f19dee f3e79d991d464280b0329d41bf9ea437 - - b621fce73f6d42c4a41bca51a726afc4 b621fce73f6d42c4a41bca51a726afc4] 199.204.45.57 "GET /v2.0/subnets?id=e5532619-041e-4b7c-aa37-c8ac29b47d89 HTTP/1.1" status: 200 len: 871 time: 0.0572004
2026-05-06 06:14:39.622 9 WARNING neutron.scheduler.dhcp_agent_scheduler [None req-849b660e-9071-482e-8582-da1ec80b94d8 f3f19912fc2644bcaf4ec3ea71c5a875 90f448a3f9004d85bc3a08a758d4ad86 - - - -] No more DHCP agents
2026-05-06 06:14:39.629 9 WARNING neutron.api.rpc.agentnotifiers.dhcp_rpc_agent_api [None req-849b660e-9071-482e-8582-da1ec80b94d8 f3f19912fc2644bcaf4ec3ea71c5a875 90f448a3f9004d85bc3a08a758d4ad86 - - - -] Unable to schedule network 830aeb48-e604-4bf4-b1f0-c30f0a97948c: no agents available; will retry on subsequent port and subnet creation events.
2026-05-06 06:14:39.664 9 INFO neutron.wsgi [req-da6d6bd4-f631-4bcc-9484-92081035b126 req-bafaa3bd-c4f7-4dc9-9a10-45ebf9b9c006 6da3f2bf77324f328b51d0a276f19dee f3e79d991d464280b0329d41bf9ea437 - - b621fce73f6d42c4a41bca51a726afc4 b621fce73f6d42c4a41bca51a726afc4] 199.204.45.57 "GET /v2.0/ports?network_id=0cb04a4f-d78c-4e17-aedc-e0efee3f8e68&device_owner=network%3Adhcp HTTP/1.1" status: 200 len: 210 time: 0.0412891
2026-05-06 06:14:39.754 9 INFO neutron.wsgi [req-da6d6bd4-f631-4bcc-9484-92081035b126 req-3fde5ba5-48ee-470d-8433-f1212b20a9ed 6da3f2bf77324f328b51d0a276f19dee f3e79d991d464280b0329d41bf9ea437 - - b621fce73f6d42c4a41bca51a726afc4 b621fce73f6d42c4a41bca51a726afc4] 199.204.45.57 "GET /v2.0/networks/0cb04a4f-d78c-4e17-aedc-e0efee3f8e68?fields=segments HTTP/1.1" status: 200 len: 212 time: 0.0818470
2026-05-06 06:14:39.759 9 INFO neutron.wsgi [req-c4a711a7-5099-4216-aca6-5dc9aac6b663 req-c141141a-45db-4642-bd82-d38fc1f0ea6d cb0ce729ba3b4f2893ae1312bec266d8 033e139a5de64585a2802cabdc36a6f2 - - default default] 10.0.0.205 "GET /v2.0/ports/268e23bc-ebcd-4091-98a2-4e95c40ad69d HTTP/1.1" status: 200 len: 1167 time: 0.1265476
2026-05-06 06:14:39.848 9 INFO neutron.wsgi [req-da6d6bd4-f631-4bcc-9484-92081035b126 req-301bf53e-4ba5-47e9-911c-6ac486a35905 6da3f2bf77324f328b51d0a276f19dee f3e79d991d464280b0329d41bf9ea437 - - b621fce73f6d42c4a41bca51a726afc4 b621fce73f6d42c4a41bca51a726afc4] 199.204.45.57 "GET /v2.0/networks/0cb04a4f-d78c-4e17-aedc-e0efee3f8e68?fields=provider%3Aphysical_network&fields=provider%3Anetwork_type HTTP/1.1" status: 200 len: 277 time: 0.0830169
2026-05-06 06:14:39.966 9 INFO neutron.wsgi [req-7fdcc91a-8692-4e10-bcc2-80d777cc2473 req-95eda474-76d7-4cef-8a22-659de82f17ab cb0ce729ba3b4f2893ae1312bec266d8 033e139a5de64585a2802cabdc36a6f2 - - default default] 199.204.45.57 "GET /v2.0/subnets?network_id=ea379a51-de66-4cb6-9d21-2b937f023056 HTTP/1.1" status: 200 len: 858 time: 0.0641119
2026-05-06 06:14:40.056 9 INFO neutron.wsgi [req-7fdcc91a-8692-4e10-bcc2-80d777cc2473 req-4a56168b-ef5a-430b-9bd6-60db6397d260 cb0ce729ba3b4f2893ae1312bec266d8 033e139a5de64585a2802cabdc36a6f2 - - default default] 199.204.45.57 "GET /v2.0/ports?device_id=4544dd33-0233-4d9d-ba8d-71cfd2799a92&device_owner=compute%3Anova&network_id=ea379a51-de66-4cb6-9d21-2b937f023056 HTTP/1.1" status: 200 len: 1170 time: 0.0833800
2026-05-06 06:14:40.342 9 INFO neutron.db.ovn_revision_numbers_db [None req-849b660e-9071-482e-8582-da1ec80b94d8 f3f19912fc2644bcaf4ec3ea71c5a875 90f448a3f9004d85bc3a08a758d4ad86 - - - -] Successfully bumped revision number for resource e976068e-87f4-425a-8b0a-e6c698fa1446 (type: floatingips) to 0
2026-05-06 06:14:40.372 9 INFO neutron.wsgi [None req-849b660e-9071-482e-8582-da1ec80b94d8 f3f19912fc2644bcaf4ec3ea71c5a875 90f448a3f9004d85bc3a08a758d4ad86 - - - -] 10.0.0.184 "POST /v2.0/floatingips HTTP/1.1" status: 201 len: 751 time: 1.1131444
2026-05-06 06:14:40.379 9 INFO neutron.wsgi [req-58de60c7-eb8a-4d8f-8d6a-822d9cda8b11 req-6e6236c6-504b-427d-bb44-9c10d60ffaa4 c1256be54eaa4e4b8c228635c79fa52d a46f631035974f879f15aca2ca9537fb - - default default] 10.0.0.205 "GET /v2.0/ports?device_id=c18bf4d7-e3d4-4909-8bb2-81ad0a09195b HTTP/1.1" status: 200 len: 1168 time: 0.3809111
2026-05-06 06:14:40.433 9 INFO neutron.wsgi [req-58de60c7-eb8a-4d8f-8d6a-822d9cda8b11 req-df1b66aa-ada4-4a96-91a9-760d8cd2eb30 c1256be54eaa4e4b8c228635c79fa52d a46f631035974f879f15aca2ca9537fb - - default default] 10.0.0.205 "GET /v2.0/security-groups?id=15489896-319a-4cfd-b134-8c5651b2e49c&fields=id&fields=name HTTP/1.1" status: 200 len: 286 time: 0.0443952
2026-05-06 06:14:40.779 9 INFO neutron.db.ovn_revision_numbers_db [None req-0f8c178a-7764-4f65-931b-eebd239f7728 cb0ce729ba3b4f2893ae1312bec266d8 033e139a5de64585a2802cabdc36a6f2 - - - -] Successfully bumped revision number for resource 268e23bc-ebcd-4091-98a2-4e95c40ad69d (type: ports) to 5
2026-05-06 06:14:40.793 9 INFO neutron.wsgi [None req-0f8c178a-7764-4f65-931b-eebd239f7728 cb0ce729ba3b4f2893ae1312bec266d8 033e139a5de64585a2802cabdc36a6f2 - - - -] 199.204.45.57 "PUT /v2.0/ports/268e23bc-ebcd-4091-98a2-4e95c40ad69d HTTP/1.1" status: 200 len: 1349 time: 0.7319674
2026-05-06 06:14:40.801 10 INFO neutron.wsgi [req-4bd088b5-5361-4da7-8262-3e6ecb6e6962 req-939aa9bf-4f4c-42d5-a912-dfd8b3eb6651 f3f19912fc2644bcaf4ec3ea71c5a875 90f448a3f9004d85bc3a08a758d4ad86 - - default default] 10.0.0.205 "GET /v2.0/security-groups?name=tempest-securitygroup--1994880440&fields=id&tenant_id=90f448a3f9004d85bc3a08a758d4ad86 HTTP/1.1" status: 200 len: 267 time: 0.0295398 /var/lib/openstack/lib/python3.10/site-packages/pycadf/identifier.py:71: UserWarning: Invalid uuid: neutron. To ensure interoperability, identifiers should be a valid uuid. warnings.warn(('Invalid uuid: %s. To ensure interoperability, '
2026-05-06 06:14:40.851 9 INFO neutron.wsgi [req-7fdcc91a-8692-4e10-bcc2-80d777cc2473 req-ae58f8f9-66de-40bb-a1ad-35afb7fe9645 6da3f2bf77324f328b51d0a276f19dee f3e79d991d464280b0329d41bf9ea437 - - b621fce73f6d42c4a41bca51a726afc4 b621fce73f6d42c4a41bca51a726afc4] 199.204.45.57 "GET /v2.0/ports?tenant_id=033e139a5de64585a2802cabdc36a6f2&device_id=4544dd33-0233-4d9d-ba8d-71cfd2799a92 HTTP/1.1" status: 200 len: 1542 time: 0.0351446
2026-05-06 06:14:40.881 10 INFO neutron.wsgi [req-4bd088b5-5361-4da7-8262-3e6ecb6e6962 req-841a46e3-f4a4-446c-88aa-8565c9b7899e f3f19912fc2644bcaf4ec3ea71c5a875 90f448a3f9004d85bc3a08a758d4ad86 - - default default] 10.0.0.205 "GET /v2.0/networks?id=d060292c-6e1a-4d4d-ba36-84d31aec332e HTTP/1.1" status: 200 len: 874 time: 0.0702934
2026-05-06 06:14:40.897 10 INFO neutron.wsgi [req-4bd088b5-5361-4da7-8262-3e6ecb6e6962 req-7be83be8-49df-44cc-bd57-b0844091b4c6 f3f19912fc2644bcaf4ec3ea71c5a875 90f448a3f9004d85bc3a08a758d4ad86 - - default default] 10.0.0.205 "GET /v2.0/quotas/90f448a3f9004d85bc3a08a758d4ad86 HTTP/1.1" status: 200 len: 386 time: 0.0098228
2026-05-06 06:14:40.921 9 INFO neutron.wsgi [req-7fdcc91a-8692-4e10-bcc2-80d777cc2473 req-648e784e-9456-4f42-8aff-ff9bf3377a3c 6da3f2bf77324f328b51d0a276f19dee f3e79d991d464280b0329d41bf9ea437 - - b621fce73f6d42c4a41bca51a726afc4 b621fce73f6d42c4a41bca51a726afc4] 199.204.45.57 "GET /v2.0/networks?id=ea379a51-de66-4cb6-9d21-2b937f023056 HTTP/1.1" status: 200 len: 981 time: 0.0635688
2026-05-06 06:14:40.950 9 INFO neutron.wsgi [req-7fdcc91a-8692-4e10-bcc2-80d777cc2473 req-750a876e-90fc-4c8a-8c3f-81364f557a5c 6da3f2bf77324f328b51d0a276f19dee f3e79d991d464280b0329d41bf9ea437 - - b621fce73f6d42c4a41bca51a726afc4 b621fce73f6d42c4a41bca51a726afc4] 199.204.45.57 "GET /v2.0/floatingips?fixed_ip_address=10.100.0.10&port_id=268e23bc-ebcd-4091-98a2-4e95c40ad69d HTTP/1.1" status: 200 len: 217 time: 0.0209773
2026-05-06 06:14:40.992 10 INFO neutron.wsgi [req-4bd088b5-5361-4da7-8262-3e6ecb6e6962 req-87ef0c62-1afe-4438-9b15-6dbff8474dec f3f19912fc2644bcaf4ec3ea71c5a875 90f448a3f9004d85bc3a08a758d4ad86 - - default default] 10.0.0.205 "GET /v2.0/ports?tenant_id=90f448a3f9004d85bc3a08a758d4ad86&fields=id HTTP/1.1" status: 200 len: 302 time: 0.0903277
2026-05-06 06:14:40.993 9 INFO neutron.wsgi [req-7fdcc91a-8692-4e10-bcc2-80d777cc2473 req-da728a1c-c904-4c65-9a7a-1716c2ab0d40 6da3f2bf77324f328b51d0a276f19dee f3e79d991d464280b0329d41bf9ea437 - - b621fce73f6d42c4a41bca51a726afc4 b621fce73f6d42c4a41bca51a726afc4] 199.204.45.57 "GET /v2.0/floatingips?fixed_ip_address=10.100.0.4&port_id=268e23bc-ebcd-4091-98a2-4e95c40ad69d HTTP/1.1" status: 200 len: 1059 time: 0.0367210
2026-05-06 06:14:41.033 9 INFO neutron.wsgi [req-7fdcc91a-8692-4e10-bcc2-80d777cc2473 req-9fd6af06-6cf5-4016-8d84-90494e1a7601 6da3f2bf77324f328b51d0a276f19dee f3e79d991d464280b0329d41bf9ea437 - - b621fce73f6d42c4a41bca51a726afc4 b621fce73f6d42c4a41bca51a726afc4] 199.204.45.57 "GET /v2.0/subnets?id=608a3bb9-4c4b-44f6-8d2a-ed89dbfc02fc HTTP/1.1" status: 200 len: 876 time: 0.0300865
2026-05-06 06:14:41.062 9 INFO neutron.wsgi [req-7fdcc91a-8692-4e10-bcc2-80d777cc2473 req-e67a6e11-1cf1-43e4-94a6-00c62f6062ce 6da3f2bf77324f328b51d0a276f19dee f3e79d991d464280b0329d41bf9ea437 - - b621fce73f6d42c4a41bca51a726afc4 b621fce73f6d42c4a41bca51a726afc4] 199.204.45.57 "GET /v2.0/ports?network_id=ea379a51-de66-4cb6-9d21-2b937f023056&device_owner=network%3Adhcp HTTP/1.1" status: 200 len: 210 time: 0.0216289
2026-05-06 06:14:41.065 10 INFO neutron.wsgi [req-4bd088b5-5361-4da7-8262-3e6ecb6e6962 req-de3b5ac7-7727-402d-9b8a-77a273d1a090 6da3f2bf77324f328b51d0a276f19dee f3e79d991d464280b0329d41bf9ea437 - - b621fce73f6d42c4a41bca51a726afc4 b621fce73f6d42c4a41bca51a726afc4] 10.0.0.205 "GET /v2.0/networks/d060292c-6e1a-4d4d-ba36-84d31aec332e?fields=segments HTTP/1.1" status: 200 len: 212 time: 0.0604515
2026-05-06 06:14:41.105 9 INFO neutron.notifiers.nova [-] Nova event matching ['req-ec14c95e-214e-4964-9753-6ff373c0eb33'] response: {'name': 'network-changed', 'server_uuid': '4544dd33-0233-4d9d-ba8d-71cfd2799a92', 'tag': '268e23bc-ebcd-4091-98a2-4e95c40ad69d', 'status': 'completed', 'code': 200}
2026-05-06 06:14:41.125 9 INFO neutron.wsgi [req-7fdcc91a-8692-4e10-bcc2-80d777cc2473 req-507f545b-af5c-442a-98ac-f7071bbbb8ac 6da3f2bf77324f328b51d0a276f19dee f3e79d991d464280b0329d41bf9ea437 - - b621fce73f6d42c4a41bca51a726afc4 b621fce73f6d42c4a41bca51a726afc4] 199.204.45.57 "GET /v2.0/networks/ea379a51-de66-4cb6-9d21-2b937f023056?fields=segments HTTP/1.1" status: 200 len: 212 time: 0.0517483
2026-05-06 06:14:41.136 10 INFO neutron.wsgi [req-4bd088b5-5361-4da7-8262-3e6ecb6e6962 req-4ba7fbff-6edf-404c-adac-8f26ab6babf4 6da3f2bf77324f328b51d0a276f19dee f3e79d991d464280b0329d41bf9ea437 - - b621fce73f6d42c4a41bca51a726afc4 b621fce73f6d42c4a41bca51a726afc4] 10.0.0.205 "GET /v2.0/networks/d060292c-6e1a-4d4d-ba36-84d31aec332e?fields=provider%3Aphysical_network&fields=provider%3Anetwork_type HTTP/1.1" status: 200 len: 277 time: 0.0637317
2026-05-06 06:14:41.189 9 INFO neutron.wsgi [req-7fdcc91a-8692-4e10-bcc2-80d777cc2473 req-0028d257-b55c-4746-bbbb-601eb9929e20 6da3f2bf77324f328b51d0a276f19dee f3e79d991d464280b0329d41bf9ea437 - - b621fce73f6d42c4a41bca51a726afc4 b621fce73f6d42c4a41bca51a726afc4] 199.204.45.57 "GET /v2.0/networks/ea379a51-de66-4cb6-9d21-2b937f023056?fields=provider%3Aphysical_network&fields=provider%3Anetwork_type HTTP/1.1" status: 200 len: 277 time: 0.0560200
2026-05-06 06:14:41.271 9 INFO neutron.wsgi [req-643bb669-f857-4aeb-b677-cdf491c44318 req-ec6b1c29-5985-4b60-847a-8f04dcff4c33 f3f19912fc2644bcaf4ec3ea71c5a875 90f448a3f9004d85bc3a08a758d4ad86 - - default default] 10.0.0.205 "GET /v2.0/ports?device_id=ed4dbe37-21e1-4a91-b37a-f86fdbbc01c4 HTTP/1.1" status: 200 len: 210 time: 0.0283701
2026-05-06 06:14:41.294 9 INFO neutron.wsgi [req-6866defc-1f82-49d8-a22c-e4354acf2595 req-6858d8cd-a26c-4686-b336-32c6c8f6332d 6da3f2bf77324f328b51d0a276f19dee f3e79d991d464280b0329d41bf9ea437 - - b621fce73f6d42c4a41bca51a726afc4 b621fce73f6d42c4a41bca51a726afc4] 199.204.45.57 "GET /v2.0/ports?tenant_id=033e139a5de64585a2802cabdc36a6f2&device_id=4544dd33-0233-4d9d-ba8d-71cfd2799a92 HTTP/1.1" status: 200 len: 1542 time: 0.0376995
2026-05-06 06:14:41.359 9 INFO neutron.wsgi [req-6866defc-1f82-49d8-a22c-e4354acf2595 req-2e95ad0c-72e6-400a-9e9d-3d08f98ce881 6da3f2bf77324f328b51d0a276f19dee f3e79d991d464280b0329d41bf9ea437 - - b621fce73f6d42c4a41bca51a726afc4 b621fce73f6d42c4a41bca51a726afc4] 199.204.45.57 "GET /v2.0/networks?id=ea379a51-de66-4cb6-9d21-2b937f023056 HTTP/1.1" status: 200 len: 981 time: 0.0589974
2026-05-06 06:14:41.402 9 INFO neutron.wsgi [req-6866defc-1f82-49d8-a22c-e4354acf2595 req-69f7ade8-3cf6-4dff-b39e-690a0ebd3599 6da3f2bf77324f328b51d0a276f19dee f3e79d991d464280b0329d41bf9ea437 - - b621fce73f6d42c4a41bca51a726afc4 b621fce73f6d42c4a41bca51a726afc4] 199.204.45.57 "GET /v2.0/floatingips?fixed_ip_address=10.100.0.10&port_id=268e23bc-ebcd-4091-98a2-4e95c40ad69d HTTP/1.1" status: 200 len: 217 time: 0.0342054
2026-05-06 06:14:41.447 9 INFO neutron.wsgi [req-6866defc-1f82-49d8-a22c-e4354acf2595 req-44a7029f-471e-4122-b456-41a538a7e8c4 6da3f2bf77324f328b51d0a276f19dee f3e79d991d464280b0329d41bf9ea437 - - b621fce73f6d42c4a41bca51a726afc4 b621fce73f6d42c4a41bca51a726afc4] 199.204.45.57 "GET /v2.0/floatingips?fixed_ip_address=10.100.0.4&port_id=268e23bc-ebcd-4091-98a2-4e95c40ad69d HTTP/1.1" status: 200 len: 1059 time: 0.0389783
2026-05-06 06:14:41.483 9 INFO neutron.wsgi [req-6866defc-1f82-49d8-a22c-e4354acf2595 req-2fae6c03-f888-46ef-a417-432859fcf069 6da3f2bf77324f328b51d0a276f19dee f3e79d991d464280b0329d41bf9ea437 - - b621fce73f6d42c4a41bca51a726afc4 b621fce73f6d42c4a41bca51a726afc4] 199.204.45.57 "GET /v2.0/subnets?id=608a3bb9-4c4b-44f6-8d2a-ed89dbfc02fc HTTP/1.1" status: 200 len: 876 time: 0.0301516
2026-05-06 06:14:41.518 9 INFO neutron.wsgi [req-6866defc-1f82-49d8-a22c-e4354acf2595 req-3cd306da-08a4-4c68-af46-ea4481d900ee 6da3f2bf77324f328b51d0a276f19dee f3e79d991d464280b0329d41bf9ea437 - - b621fce73f6d42c4a41bca51a726afc4 b621fce73f6d42c4a41bca51a726afc4] 199.204.45.57 "GET /v2.0/ports?network_id=ea379a51-de66-4cb6-9d21-2b937f023056&device_owner=network%3Adhcp HTTP/1.1" status: 200 len: 210 time: 0.0275998
2026-05-06 06:14:41.574 9 INFO neutron.wsgi [req-6866defc-1f82-49d8-a22c-e4354acf2595 req-0d734b03-2bc4-45d1-8716-a10c9547eced 6da3f2bf77324f328b51d0a276f19dee f3e79d991d464280b0329d41bf9ea437 - - b621fce73f6d42c4a41bca51a726afc4 b621fce73f6d42c4a41bca51a726afc4] 199.204.45.57 "GET /v2.0/networks/ea379a51-de66-4cb6-9d21-2b937f023056?fields=segments HTTP/1.1" status: 200 len: 212 time: 0.0468955
2026-05-06 06:14:41.588 10 INFO neutron.wsgi [req-aa9dc33a-d7ec-47d4-963a-e26413e5dbca req-92cee566-e968-4556-bf38-05293e74d6af c1256be54eaa4e4b8c228635c79fa52d a46f631035974f879f15aca2ca9537fb - - default default] 10.0.0.205 "GET /v2.0/ports?device_id=c18bf4d7-e3d4-4909-8bb2-81ad0a09195b HTTP/1.1" status: 200 len: 1168 time: 0.0867045
2026-05-06 06:14:41.631 10 INFO neutron.wsgi [req-aa9dc33a-d7ec-47d4-963a-e26413e5dbca req-8325bdd7-284c-4522-a4cc-8e221f3ee762 c1256be54eaa4e4b8c228635c79fa52d a46f631035974f879f15aca2ca9537fb - - default default] 10.0.0.205 "GET /v2.0/security-groups?id=15489896-319a-4cfd-b134-8c5651b2e49c&fields=id&fields=name HTTP/1.1" status: 200 len: 286 time: 0.0351760
2026-05-06 06:14:41.636 9 INFO neutron.wsgi [req-6866defc-1f82-49d8-a22c-e4354acf2595 req-be655077-5c57-4bc8-b9af-6dae10addec6 6da3f2bf77324f328b51d0a276f19dee f3e79d991d464280b0329d41bf9ea437 - - b621fce73f6d42c4a41bca51a726afc4 b621fce73f6d42c4a41bca51a726afc4] 199.204.45.57 "GET /v2.0/networks/ea379a51-de66-4cb6-9d21-2b937f023056?fields=provider%3Aphysical_network&fields=provider%3Anetwork_type HTTP/1.1" status: 200 len: 277 time: 0.0568161
2026-05-06 06:14:41.943 9 INFO neutron.wsgi [req-4bd088b5-5361-4da7-8262-3e6ecb6e6962 req-a998d14d-8b61-4362-a7b4-c3590b6fc082 f3f19912fc2644bcaf4ec3ea71c5a875 90f448a3f9004d85bc3a08a758d4ad86 - - default default] 199.204.45.57 "GET /v2.0/networks?id=d060292c-6e1a-4d4d-ba36-84d31aec332e HTTP/1.1" status: 200 len: 874 time: 0.0539296
2026-05-06 06:14:41.983 9 INFO neutron.wsgi [req-4bd088b5-5361-4da7-8262-3e6ecb6e6962 req-4dd4d0af-8395-42be-b0f4-49763c3483de f3f19912fc2644bcaf4ec3ea71c5a875 90f448a3f9004d85bc3a08a758d4ad86 - - default default] 199.204.45.57 "GET /v2.0/security-groups?fields=id&fields=name&tenant_id=90f448a3f9004d85bc3a08a758d4ad86 HTTP/1.1" status: 200 len: 380 time: 0.0333204
2026-05-06 06:14:42.063 10 INFO neutron.wsgi [req-b039c1db-b0b9-4b9e-bea6-27e0a912804a req-b506a61f-d09c-42ed-baa9-25ea68e83d1d cb0ce729ba3b4f2893ae1312bec266d8 033e139a5de64585a2802cabdc36a6f2 - - default default] 10.0.0.205 "GET /v2.0/ports?device_id=4544dd33-0233-4d9d-ba8d-71cfd2799a92 HTTP/1.1" status: 200 len: 1352 time: 0.0417953
2026-05-06 06:14:42.101 10 INFO neutron.wsgi [req-b039c1db-b0b9-4b9e-bea6-27e0a912804a req-c53271f7-1adc-4436-99d8-6702c07c4088 cb0ce729ba3b4f2893ae1312bec266d8 033e139a5de64585a2802cabdc36a6f2 - - default default] 10.0.0.205 "GET /v2.0/security-groups?id=56dac393-d751-44e6-8193-7c2c8bc5fec3&fields=id&fields=name HTTP/1.1" status: 200 len: 313 time: 0.0310497
2026-05-06 06:14:42.173 10 WARNING neutron.plugins.ml2.drivers.ovn.mech_driver.ovsdb.ovn_client [None req-2187529b-8f41-404b-b813-7b46c84006bd - - - - - -] No hosting information found for port 41f48035-c5db-446f-a8b1-8173839450c2: RuntimeError: No hosting information found for port 41f48035-c5db-446f-a8b1-8173839450c2
2026-05-06 06:14:42.174 10 INFO neutron.plugins.ml2.drivers.ovn.mech_driver.mech_driver [None req-2187529b-8f41-404b-b813-7b46c84006bd - - - - - -] OVN reports status up for port: 0df35a6b-35bb-49e2-b276-e5c16fdcb1bf
2026-05-06 06:14:42.184 10 INFO neutron.plugins.ml2.plugin [None req-2187529b-8f41-404b-b813-7b46c84006bd - - - - - -] Attempt 1 to provision port 0df35a6b-35bb-49e2-b276-e5c16fdcb1bf
2026-05-06 06:14:42.277 10 INFO neutron.wsgi [req-6f0890e6-5eb0-48c2-b836-f7f3c43fc739 req-ee4a4275-b7b0-4d8b-a5f1-7218db9f299b cb0ce729ba3b4f2893ae1312bec266d8 033e139a5de64585a2802cabdc36a6f2 - - default default] 199.204.45.57 "GET /v2.0/ports?device_id=4544dd33-0233-4d9d-ba8d-71cfd2799a92&device_owner=compute%3Anova&fixed_ips=ip_address%3D10.100.0.10 HTTP/1.1" status: 200 len: 1352 time: 0.0725098 /var/lib/openstack/lib/python3.10/site-packages/pycadf/identifier.py:71: UserWarning: Invalid uuid: neutron. To ensure interoperability, identifiers should be a valid uuid. warnings.warn(('Invalid uuid: %s. To ensure interoperability, '
2026-05-06 06:14:42.365 9 WARNING neutron.scheduler.dhcp_agent_scheduler [None req-e29374ff-74b7-4165-8b82-3d4828630c35 f3f19912fc2644bcaf4ec3ea71c5a875 90f448a3f9004d85bc3a08a758d4ad86 - - - -] No more DHCP agents
