2026-05-06 06:16:07.909 9 WARNING neutron.api.rpc.agentnotifiers.dhcp_rpc_agent_api [None req-25d16b43-8b89-4b34-aa3a-5566143b8a7d 051595859ffa437983ee0de25c594066 e9e5d1bbb7fd4573add326c542ff68a6 - - - -] Unable to schedule network e5d89d75-1984-406d-8407-47a4159d7c26: no agents available; will retry on subsequent port and subnet creation events.
2026-05-06 06:16:07.995 9 INFO neutron.db.ovn_revision_numbers_db [None req-25d16b43-8b89-4b34-aa3a-5566143b8a7d 051595859ffa437983ee0de25c594066 e9e5d1bbb7fd4573add326c542ff68a6 - - - -] Successfully bumped revision number for resource de591f32-0923-4302-9527-7681d0e2d1d3 (type: ports) to 1
2026-05-06 06:16:08.011 10 WARNING neutron.scheduler.dhcp_agent_scheduler [None req-eb1fd58e-8803-4d77-93ed-7d9c4971bbab 1c39adc7d55444f1b9c6a47a0f9f6ece 66d46ac79cec4b3cacfb7bcfc1c6f01c - - - -] No more DHCP agents
2026-05-06 06:16:08.014 10 WARNING neutron.api.rpc.agentnotifiers.dhcp_rpc_agent_api [None req-eb1fd58e-8803-4d77-93ed-7d9c4971bbab 1c39adc7d55444f1b9c6a47a0f9f6ece 66d46ac79cec4b3cacfb7bcfc1c6f01c - - - -] Unable to schedule network f836535e-78e7-42ee-8c80-a7bc101a8d26: no agents available; will retry on subsequent port and subnet creation events.
2026-05-06 06:16:08.027 9 INFO neutron.wsgi [None req-25d16b43-8b89-4b34-aa3a-5566143b8a7d 051595859ffa437983ee0de25c594066 e9e5d1bbb7fd4573add326c542ff68a6 - - - -] 10.0.0.184 "POST /v2.0/networks HTTP/1.1" status: 201 len: 832 time: 0.6845298
2026-05-06 06:16:08.072 10 INFO neutron.db.ovn_revision_numbers_db [None req-eb1fd58e-8803-4d77-93ed-7d9c4971bbab 1c39adc7d55444f1b9c6a47a0f9f6ece 66d46ac79cec4b3cacfb7bcfc1c6f01c - - - -] Successfully bumped revision number for resource d039a3b8-e789-4892-b33b-6a69347ed812 (type: ports) to 1
2026-05-06 06:16:08.093 10 INFO neutron.wsgi [None req-eb1fd58e-8803-4d77-93ed-7d9c4971bbab 1c39adc7d55444f1b9c6a47a0f9f6ece 66d46ac79cec4b3cacfb7bcfc1c6f01c - - - -] 10.0.0.184 "POST /v2.0/networks HTTP/1.1" status: 201 len: 841 time: 0.9636042
2026-05-06 06:16:08.343 9 WARNING neutron.scheduler.dhcp_agent_scheduler [None req-10f52067-a048-4a29-a32b-d89fb2da9163 051595859ffa437983ee0de25c594066 e9e5d1bbb7fd4573add326c542ff68a6 - - - -] No more DHCP agents
2026-05-06 06:16:08.346 9 WARNING neutron.api.rpc.agentnotifiers.dhcp_rpc_agent_api [None req-10f52067-a048-4a29-a32b-d89fb2da9163 051595859ffa437983ee0de25c594066 e9e5d1bbb7fd4573add326c542ff68a6 - - - -] Unable to schedule network e5d89d75-1984-406d-8407-47a4159d7c26: no agents available; will retry on subsequent port and subnet creation events.
2026-05-06 06:16:08.353 10 WARNING neutron.scheduler.dhcp_agent_scheduler [None req-afe203bc-2db0-44f3-94f3-6320bdfa579f 1c39adc7d55444f1b9c6a47a0f9f6ece 66d46ac79cec4b3cacfb7bcfc1c6f01c - - - -] No more DHCP agents
2026-05-06 06:16:08.355 10 WARNING neutron.api.rpc.agentnotifiers.dhcp_rpc_agent_api [None req-afe203bc-2db0-44f3-94f3-6320bdfa579f 1c39adc7d55444f1b9c6a47a0f9f6ece 66d46ac79cec4b3cacfb7bcfc1c6f01c - - - -] Unable to schedule network f836535e-78e7-42ee-8c80-a7bc101a8d26: no agents available; will retry on subsequent port and subnet creation events.
2026-05-06 06:16:08.360 9 INFO neutron.db.ovn_revision_numbers_db [None req-10f52067-a048-4a29-a32b-d89fb2da9163 051595859ffa437983ee0de25c594066 e9e5d1bbb7fd4573add326c542ff68a6 - - - -] Successfully bumped revision number for resource 20a178e4-06b8-4a2c-9d24-5d5bb7fe9d73 (type: subnets) to 0
2026-05-06 06:16:08.382 9 INFO neutron.wsgi [None req-10f52067-a048-4a29-a32b-d89fb2da9163 051595859ffa437983ee0de25c594066 e9e5d1bbb7fd4573add326c542ff68a6 - - - -] 10.0.0.184 "POST /v2.0/subnets HTTP/1.1" status: 201 len: 821 time: 0.3478692
2026-05-06 06:16:08.599 9 INFO neutron.db.ovn_revision_numbers_db [None req-10713bd1-a549-4571-8085-b60c0268350a 051595859ffa437983ee0de25c594066 e9e5d1bbb7fd4573add326c542ff68a6 - - - -] Successfully bumped revision number for resource 6d5a8213-8594-408d-82a0-fa3e26877bf3 (type: routers) to 1
2026-05-06 06:16:08.624 9 INFO neutron.wsgi [None req-10713bd1-a549-4571-8085-b60c0268350a 051595859ffa437983ee0de25c594066 e9e5d1bbb7fd4573add326c542ff68a6 - - - -] 10.0.0.184 "POST /v2.0/routers HTTP/1.1" status: 201 len: 691 time: 0.2385030
2026-05-06 06:16:08.780 10 INFO neutron.db.ovn_revision_numbers_db [None req-afe203bc-2db0-44f3-94f3-6320bdfa579f 1c39adc7d55444f1b9c6a47a0f9f6ece 66d46ac79cec4b3cacfb7bcfc1c6f01c - - - -] Successfully bumped revision number for resource d039a3b8-e789-4892-b33b-6a69347ed812 (type: ports) to 2
2026-05-06 06:16:08.795 10 INFO neutron.db.ovn_revision_numbers_db [None req-afe203bc-2db0-44f3-94f3-6320bdfa579f 1c39adc7d55444f1b9c6a47a0f9f6ece 66d46ac79cec4b3cacfb7bcfc1c6f01c - - - -] Successfully bumped revision number for resource a12c3b2e-d963-4659-83f2-4487ffb385e4 (type: subnets) to 0
2026-05-06 06:16:08.810 10 INFO neutron.wsgi [None req-afe203bc-2db0-44f3-94f3-6320bdfa579f 1c39adc7d55444f1b9c6a47a0f9f6ece 66d46ac79cec4b3cacfb7bcfc1c6f01c - - - -] 10.0.0.184 "POST /v2.0/subnets HTTP/1.1" status: 201 len: 816 time: 0.6814923
2026-05-06 06:16:08.896 10 INFO neutron.db.segments_db [None req-4510b3d0-f857-404f-8705-033bbd0dcdd3 1c39adc7d55444f1b9c6a47a0f9f6ece 66d46ac79cec4b3cacfb7bcfc1c6f01c - - - -] Added segment ae3b4f94-d6cd-48ff-a272-46a97696bfc5 of type geneve for network 3543c8aa-6c0c-4b1c-b093-365a0308e0ec
2026-05-06 06:16:09.017 10 INFO neutron.db.ovn_revision_numbers_db [None req-4510b3d0-f857-404f-8705-033bbd0dcdd3 1c39adc7d55444f1b9c6a47a0f9f6ece 66d46ac79cec4b3cacfb7bcfc1c6f01c - - - -] Successfully bumped revision number for resource 3543c8aa-6c0c-4b1c-b093-365a0308e0ec (type: networks) to 1
2026-05-06 06:16:09.155 10 INFO neutron.wsgi [-] 10.0.0.212 "GET / HTTP/1.1" status: 200 len: 246 time: 0.0012991
2026-05-06 06:16:09.156 10 INFO neutron.wsgi [-] 10.0.0.212 "GET / HTTP/1.1" status: 200 len: 246 time: 0.0008759
2026-05-06 06:16:09.157 9 INFO neutron.wsgi [None req-0be6e4a1-a735-4723-a1ab-fdbfdebcdeae 8e5c766801194016a35dfcbe05ef5617 1a009fe3683c4df096bc63300d7dcabf - - - -] 10.0.0.184 "PUT /v2.0/routers/4fb853be-5a0a-4fb9-931b-66ef0fad2b20/remove_router_interface HTTP/1.1" status: 200 len: 503 time: 1.4245014
2026-05-06 06:16:09.234 10 WARNING neutron.scheduler.dhcp_agent_scheduler [None req-4510b3d0-f857-404f-8705-033bbd0dcdd3 1c39adc7d55444f1b9c6a47a0f9f6ece 66d46ac79cec4b3cacfb7bcfc1c6f01c - - - -] No more DHCP agents
2026-05-06 06:16:09.238 10 WARNING neutron.api.rpc.agentnotifiers.dhcp_rpc_agent_api [None req-4510b3d0-f857-404f-8705-033bbd0dcdd3 1c39adc7d55444f1b9c6a47a0f9f6ece 66d46ac79cec4b3cacfb7bcfc1c6f01c - - - -] Unable to schedule network 3543c8aa-6c0c-4b1c-b093-365a0308e0ec: no agents available; will retry on subsequent port and subnet creation events.
2026-05-06 06:16:09.318 9 WARNING neutron.scheduler.dhcp_agent_scheduler [None req-a526b51a-ce01-4e7e-9dc8-ef08fb057415 051595859ffa437983ee0de25c594066 e9e5d1bbb7fd4573add326c542ff68a6 - - default default] No more DHCP agents
2026-05-06 06:16:09.319 9 WARNING neutron.api.rpc.agentnotifiers.dhcp_rpc_agent_api [None req-a526b51a-ce01-4e7e-9dc8-ef08fb057415 051595859ffa437983ee0de25c594066 e9e5d1bbb7fd4573add326c542ff68a6 - - default default] Unable to schedule network e5d89d75-1984-406d-8407-47a4159d7c26: no agents available; will retry on subsequent port and subnet creation events.
2026-05-06 06:16:09.320 10 INFO neutron.db.ovn_revision_numbers_db [None req-4510b3d0-f857-404f-8705-033bbd0dcdd3 1c39adc7d55444f1b9c6a47a0f9f6ece 66d46ac79cec4b3cacfb7bcfc1c6f01c - - - -] Successfully bumped revision number for resource c1b863ef-c5b6-48f4-89ea-0c1236fe692b (type: ports) to 1
2026-05-06 06:16:09.365 10 INFO neutron.wsgi [None req-4510b3d0-f857-404f-8705-033bbd0dcdd3 1c39adc7d55444f1b9c6a47a0f9f6ece 66d46ac79cec4b3cacfb7bcfc1c6f01c - - - -] 10.0.0.184 "POST /v2.0/networks HTTP/1.1" status: 201 len: 842 time: 0.5484810 /var/lib/openstack/lib/python3.10/site-packages/pycadf/identifier.py:71: UserWarning: Invalid uuid: neutron. To ensure interoperability, identifiers should be a valid uuid. warnings.warn(('Invalid uuid: %s. To ensure interoperability, '
2026-05-06 06:16:09.419 9 INFO neutron.db.ovn_revision_numbers_db [None req-a526b51a-ce01-4e7e-9dc8-ef08fb057415 051595859ffa437983ee0de25c594066 e9e5d1bbb7fd4573add326c542ff68a6 - - default default] Successfully bumped revision number for resource 9398fced-b68f-4b44-919a-0d0284d60ca5 (type: ports) to 1
2026-05-06 06:16:09.556 9 INFO neutron.db.ovn_revision_numbers_db [None req-f5686b78-2998-4236-8aca-b4fe097d65a2 1c39adc7d55444f1b9c6a47a0f9f6ece 66d46ac79cec4b3cacfb7bcfc1c6f01c - - - -] Successfully bumped revision number for resource 3543c8aa-6c0c-4b1c-b093-365a0308e0ec (type: networks) to 2
2026-05-06 06:16:09.559 9 INFO neutron.wsgi [None req-f5686b78-2998-4236-8aca-b4fe097d65a2 1c39adc7d55444f1b9c6a47a0f9f6ece 66d46ac79cec4b3cacfb7bcfc1c6f01c - - - -] 10.0.0.184 "PUT /v2.0/networks/3543c8aa-6c0c-4b1c-b093-365a0308e0ec HTTP/1.1" status: 200 len: 792 time: 0.1895039
2026-05-06 06:16:09.770 10 INFO neutron.wsgi [None req-3944fd42-8ebb-4211-a894-5ec21e37fb0a 8e5c766801194016a35dfcbe05ef5617 1a009fe3683c4df096bc63300d7dcabf - - - -] 10.0.0.184 "DELETE /v2.0/routers/4fb853be-5a0a-4fb9-931b-66ef0fad2b20 HTTP/1.1" status: 204 len: 168 time: 0.6068263
2026-05-06 06:16:09.962 10 INFO neutron.plugins.ml2.drivers.ovn.mech_driver.mech_driver [None req-2187529b-8f41-404b-b813-7b46c84006bd - - - - - -] OVN reports status up for port: 9398fced-b68f-4b44-919a-0d0284d60ca5
2026-05-06 06:16:09.965 9 WARNING neutron.scheduler.dhcp_agent_scheduler [None req-a99cb5f6-41ee-4a3c-aabc-613f6a38ad10 1c39adc7d55444f1b9c6a47a0f9f6ece 66d46ac79cec4b3cacfb7bcfc1c6f01c - - - -] No more DHCP agents
2026-05-06 06:16:09.970 10 INFO neutron.plugins.ml2.plugin [None req-2187529b-8f41-404b-b813-7b46c84006bd - - - - - -] Attempt 1 to provision port 9398fced-b68f-4b44-919a-0d0284d60ca5
2026-05-06 06:16:09.970 9 WARNING neutron.api.rpc.agentnotifiers.dhcp_rpc_agent_api [None req-a99cb5f6-41ee-4a3c-aabc-613f6a38ad10 1c39adc7d55444f1b9c6a47a0f9f6ece 66d46ac79cec4b3cacfb7bcfc1c6f01c - - - -] Unable to schedule network 3543c8aa-6c0c-4b1c-b093-365a0308e0ec: no agents available; will retry on subsequent port and subnet creation events.
2026-05-06 06:16:09.992 9 INFO neutron.db.ovn_revision_numbers_db [None req-a526b51a-ce01-4e7e-9dc8-ef08fb057415 051595859ffa437983ee0de25c594066 e9e5d1bbb7fd4573add326c542ff68a6 - - default default] Successfully bumped revision number for resource 9398fced-b68f-4b44-919a-0d0284d60ca5 (type: router_ports) to 2
2026-05-06 06:16:10.220 10 INFO neutron.db.ovn_revision_numbers_db [None req-2187529b-8f41-404b-b813-7b46c84006bd - - - - - -] Successfully bumped revision number for resource 9398fced-b68f-4b44-919a-0d0284d60ca5 (type: ports) to 3
2026-05-06 06:16:10.318 10 INFO neutron.db.ovn_revision_numbers_db [None req-2187529b-8f41-404b-b813-7b46c84006bd - - - - - -] Successfully bumped revision number for resource 9398fced-b68f-4b44-919a-0d0284d60ca5 (type: router_ports) to 3
2026-05-06 06:16:10.327 9 ERROR ovsdbapp.backend.ovs_idl.transaction [None req-a526b51a-ce01-4e7e-9dc8-ef08fb057415 051595859ffa437983ee0de25c594066 e9e5d1bbb7fd4573add326c542ff68a6 - - default default]
Traceback (most recent call last): File "/var/lib/openstack/lib/python3.10/site-packages/ovsdbapp/backend/ovs_idl/connection.py", line 118, in run txn.results.put(txn.do_commit())
File "/var/lib/openstack/lib/python3.10/site-packages/ovsdbapp/backend/ovs_idl/transaction.py", line 92, in do_commit command.run_idl(txn)
File "/var/lib/openstack/lib/python3.10/site-packages/neutron/plugins/ml2/drivers/ovn/mech_driver/ovsdb/commands.py", line 801, in run_idl raise ovn_exc.RevisionConflict( neutron.common.ovn.exceptions.RevisionConflict: OVN revision number for 9398fced-b68f-4b44-919a-0d0284d60ca5 (type: ports) is equal or higher than the given resource. Skipping update 
2026-05-06 06:16:10.328 9 INFO neutron.plugins.ml2.drivers.ovn.mech_driver.ovsdb.impl_idl_ovn [None req-a526b51a-ce01-4e7e-9dc8-ef08fb057415 051595859ffa437983ee0de25c594066 e9e5d1bbb7fd4573add326c542ff68a6 - - default default] Transaction aborted. Reason: OVN revision number for 9398fced-b68f-4b44-919a-0d0284d60ca5 (type: ports) is equal or higher than the given resource. Skipping update
2026-05-06 06:16:10.332 9 INFO neutron.wsgi [None req-19b55e4b-6ab2-44ac-8e95-c37c30f62c06 8e5c766801194016a35dfcbe05ef5617 1a009fe3683c4df096bc63300d7dcabf - - - -] 10.0.0.184 "DELETE /v2.0/subnets/0d3d55ad-b5d9-434a-8717-aaa811b70eb6 HTTP/1.1" status: 204 len: 168 time: 0.5575800
2026-05-06 06:16:10.411 9 WARNING neutron.scheduler.dhcp_agent_scheduler [None req-a526b51a-ce01-4e7e-9dc8-ef08fb057415 051595859ffa437983ee0de25c594066 e9e5d1bbb7fd4573add326c542ff68a6 - - default default] No more DHCP agents
2026-05-06 06:16:10.413 9 WARNING neutron.api.rpc.agentnotifiers.dhcp_rpc_agent_api [None req-a526b51a-ce01-4e7e-9dc8-ef08fb057415 051595859ffa437983ee0de25c594066 e9e5d1bbb7fd4573add326c542ff68a6 - - default default] Unable to schedule network e5d89d75-1984-406d-8407-47a4159d7c26: no agents available; will retry on subsequent port and subnet creation events.
2026-05-06 06:16:10.637 9 INFO neutron.db.ovn_revision_numbers_db [None req-a526b51a-ce01-4e7e-9dc8-ef08fb057415 051595859ffa437983ee0de25c594066 e9e5d1bbb7fd4573add326c542ff68a6 - - - -] Successfully bumped revision number for resource 9398fced-b68f-4b44-919a-0d0284d60ca5 (type: router_ports) to 3
2026-05-06 06:16:10.640 9 INFO neutron.wsgi [None req-a526b51a-ce01-4e7e-9dc8-ef08fb057415 051595859ffa437983ee0de25c594066 e9e5d1bbb7fd4573add326c542ff68a6 - - - -] 10.0.0.184 "PUT /v2.0/routers/6d5a8213-8594-408d-82a0-fa3e26877bf3/add_router_interface HTTP/1.1" status: 200 len: 503 time: 2.0107155
2026-05-06 06:16:10.683 9 INFO neutron.wsgi [None req-dbed122e-8301-40fa-b85d-6ee9b06040cb 051595859ffa437983ee0de25c594066 e9e5d1bbb7fd4573add326c542ff68a6 - - default default] 10.0.0.184 "GET /v2.0/ports/9398fced-b68f-4b44-919a-0d0284d60ca5 HTTP/1.1" status: 200 len: 1141 time: 0.0392044
2026-05-06 06:16:10.691 10 INFO neutron.services.segments.plugin [-] Segment b27ef882-8a71-49b2-99a2-5f608736e734 resource provider aggregate not found
2026-05-06 06:16:10.697 10 INFO neutron.services.segments.plugin [-] Segment b27ef882-8a71-49b2-99a2-5f608736e734 resource provider aggregate not found
2026-05-06 06:16:10.722 9 WARNING neutron.plugins.ml2.drivers.ovn.mech_driver.ovsdb.ovn_client [None req-b9bb181f-c424-4558-926b-e13d5d606e74 - - - - - -] No port found with ID 33ecbb5b-2348-4cfc-89af-ae637584daa0: RuntimeError: No port found with ID 33ecbb5b-2348-4cfc-89af-ae637584daa0
2026-05-06 06:16:10.723 10 INFO neutron.services.segments.plugin [-] Segment b27ef882-8a71-49b2-99a2-5f608736e734 resource provider not found; error: Placement Client Error (4xx): {"errors": [{"status": 404, "title": "Not Found", "detail": "The resource could not be found.\n\n No resource provider with uuid b27ef882-8a71-49b2-99a2-5f608736e734 found for delete ", "request_id": "req-b1d1c118-c26f-4658-9dc4-5b58925f95a9"}]}
2026-05-06 06:16:10.723 10 INFO neutron.services.segments.plugin [-] Segment b27ef882-8a71-49b2-99a2-5f608736e734 resource provider not found; error: Placement Client Error (4xx): {"errors": [{"status": 404, "title": "Not Found", "detail": "The resource could not be found.\n\n No resource provider with uuid b27ef882-8a71-49b2-99a2-5f608736e734 found for delete ", "request_id": "req-3914a46b-a57c-463d-ba29-5348cf0b57c3"}]}
2026-05-06 06:16:10.743 9 INFO neutron.wsgi [None req-d9464219-bfb9-415d-b624-0a9d57565cb7 051595859ffa437983ee0de25c594066 e9e5d1bbb7fd4573add326c542ff68a6 - - default default] 10.0.0.184 "GET /v2.0/ports/9398fced-b68f-4b44-919a-0d0284d60ca5 HTTP/1.1" status: 200 len: 1141 time: 0.0473821
2026-05-06 06:16:10.755 10 INFO neutron.wsgi [None req-e84c8660-fb2a-4535-ac16-e2db9a40672e 8e5c766801194016a35dfcbe05ef5617 1a009fe3683c4df096bc63300d7dcabf - - - -] 10.0.0.184 "DELETE /v2.0/networks/29921185-bc62-477c-8db9-159ca973341b HTTP/1.1" status: 204 len: 168 time: 0.4167738
2026-05-06 06:16:10.818 9 INFO neutron.db.ovn_revision_numbers_db [None req-a99cb5f6-41ee-4a3c-aabc-613f6a38ad10 1c39adc7d55444f1b9c6a47a0f9f6ece 66d46ac79cec4b3cacfb7bcfc1c6f01c - - - -] Successfully bumped revision number for resource c1b863ef-c5b6-48f4-89ea-0c1236fe692b (type: ports) to 2
2026-05-06 06:16:10.840 9 INFO neutron.db.ovn_revision_numbers_db [None req-a99cb5f6-41ee-4a3c-aabc-613f6a38ad10 1c39adc7d55444f1b9c6a47a0f9f6ece 66d46ac79cec4b3cacfb7bcfc1c6f01c - - - -] Successfully bumped revision number for resource 84cce39f-1a00-4d82-a5ba-e22ab4ac0476 (type: subnets) to 0
2026-05-06 06:16:10.863 9 INFO neutron.wsgi [None req-a99cb5f6-41ee-4a3c-aabc-613f6a38ad10 1c39adc7d55444f1b9c6a47a0f9f6ece 66d46ac79cec4b3cacfb7bcfc1c6f01c - - - -] 10.0.0.184 "POST /v2.0/subnets HTTP/1.1" status: 201 len: 801 time: 1.2988179
2026-05-06 06:16:11.208 9 INFO neutron.wsgi [None req-0e6a80e5-5f10-4b5f-a3e5-208b590aa2d2 8e5c766801194016a35dfcbe05ef5617 1a009fe3683c4df096bc63300d7dcabf - - default default] 10.0.0.184 "GET /v2.0/security-groups?tenant_id=42744aebd1f24e38ab04bebdcb46b144&name=default HTTP/1.1" status: 200 len: 2996 time: 0.0590842
2026-05-06 06:16:11.274 9 INFO neutron.db.ovn_revision_numbers_db [None req-7938d8ff-ef94-4ed6-9ba0-4cbbf897c19c 1c39adc7d55444f1b9c6a47a0f9f6ece 66d46ac79cec4b3cacfb7bcfc1c6f01c - - - -] Successfully bumped revision number for resource 84cce39f-1a00-4d82-a5ba-e22ab4ac0476 (type: subnets) to 1
2026-05-06 06:16:11.277 9 INFO neutron.wsgi [None req-7938d8ff-ef94-4ed6-9ba0-4cbbf897c19c 1c39adc7d55444f1b9c6a47a0f9f6ece 66d46ac79cec4b3cacfb7bcfc1c6f01c - - - -] 10.0.0.184 "PUT /v2.0/subnets/84cce39f-1a00-4d82-a5ba-e22ab4ac0476 HTTP/1.1" status: 200 len: 806 time: 0.4079852
2026-05-06 06:16:11.458 10 INFO neutron.wsgi [None req-fe5c009c-d4c8-482b-b42b-ab03459a183e 8e5c766801194016a35dfcbe05ef5617 1a009fe3683c4df096bc63300d7dcabf - - - -] 10.0.0.184 "DELETE /v2.0/security-groups/2bbf48a2-da0b-4a2d-b989-e36ad42a5356 HTTP/1.1" status: 204 len: 168 time: 0.2451296
2026-05-06 06:16:11.664 10 INFO neutron.wsgi [None req-dfc00c2e-04fa-45de-80d9-0f96f57ba1b5 8e5c766801194016a35dfcbe05ef5617 1a009fe3683c4df096bc63300d7dcabf - - default default] 10.0.0.184 "GET /v2.0/security-groups?tenant_id=e0da87b79c4b46f68003a4cd3d037520&name=default HTTP/1.1" status: 200 len: 2996 time: 0.0431345
2026-05-06 06:16:11.762 9 INFO neutron.wsgi [None req-a2004005-b574-47e9-a8a8-6220971e2942 051595859ffa437983ee0de25c594066 e9e5d1bbb7fd4573add326c542ff68a6 - - - -] 10.0.0.184 "PUT /v2.0/routers/6d5a8213-8594-408d-82a0-fa3e26877bf3/remove_router_interface HTTP/1.1" status: 200 len: 503 time: 1.0066633 /var/lib/openstack/lib/python3.10/site-packages/pycadf/identifier.py:71: UserWarning: Invalid uuid: neutron. To ensure interoperability, identifiers should be a valid uuid. warnings.warn(('Invalid uuid: %s. To ensure interoperability, '
2026-05-06 06:16:11.800 9 INFO neutron.wsgi [None req-8af3f293-6791-4afb-a0f7-a848203d58ab 051595859ffa437983ee0de25c594066 e9e5d1bbb7fd4573add326c542ff68a6 - - default default] 10.0.0.184 "GET /v2.0/ports?device_id=6d5a8213-8594-408d-82a0-fa3e26877bf3 HTTP/1.1" status: 200 len: 205 time: 0.0336020
2026-05-06 06:16:11.944 10 INFO neutron.wsgi [None req-6e30d64d-8949-4ceb-b30b-d475255f2455 8e5c766801194016a35dfcbe05ef5617 1a009fe3683c4df096bc63300d7dcabf - - - -] 10.0.0.184 "DELETE /v2.0/security-groups/266e352f-e7f9-4332-b41c-3252ccebd877 HTTP/1.1" status: 204 len: 168 time: 0.2744210
2026-05-06 06:16:12.044 10 INFO neutron.wsgi [None req-01eaf1eb-87b9-43d9-aef1-71ac17757ff9 051595859ffa437983ee0de25c594066 e9e5d1bbb7fd4573add326c542ff68a6 - - - -] 10.0.0.184 "DELETE /v2.0/routers/6d5a8213-8594-408d-82a0-fa3e26877bf3 HTTP/1.1" status: 204 len: 168 time: 0.2391405
2026-05-06 06:16:12.105 9 INFO neutron.services.segments.plugin [-] Segment ae3b4f94-d6cd-48ff-a272-46a97696bfc5 resource provider aggregate not found
2026-05-06 06:16:12.109 9 INFO neutron.services.segments.plugin [-] Segment ae3b4f94-d6cd-48ff-a272-46a97696bfc5 resource provider aggregate not found
2026-05-06 06:16:12.128 9 INFO neutron.services.segments.plugin [-] Segment ae3b4f94-d6cd-48ff-a272-46a97696bfc5 resource provider not found; error: Placement Client Error (4xx): {"errors": [{"status": 404, "title": "Not Found", "detail": "The resource could not be found.\n\n No resource provider with uuid ae3b4f94-d6cd-48ff-a272-46a97696bfc5 found for delete ", "request_id": "req-b029a38d-0a11-4d65-91b3-2b3082e5cd2f"}]}
2026-05-06 06:16:12.130 9 INFO neutron.services.segments.plugin [-] Segment ae3b4f94-d6cd-48ff-a272-46a97696bfc5 resource provider not found; error: Placement Client Error (4xx): {"errors": [{"status": 404, "title": "Not Found", "detail": "The resource could not be found.\n\n No resource provider with uuid ae3b4f94-d6cd-48ff-a272-46a97696bfc5 found for delete ", "request_id": "req-f9d099a8-ea72-44dc-acb9-7791dd97abf9"}]}
2026-05-06 06:16:12.149 9 INFO neutron.wsgi [None req-dd65f81e-cca9-4d07-9052-065399a663ac 1c39adc7d55444f1b9c6a47a0f9f6ece 66d46ac79cec4b3cacfb7bcfc1c6f01c - - - -] 10.0.0.184 "DELETE /v2.0/networks/3543c8aa-6c0c-4b1c-b093-365a0308e0ec HTTP/1.1" status: 204 len: 168 time: 0.8680398
2026-05-06 06:16:12.175 9 INFO neutron.pecan_wsgi.hooks.translation [None req-9292a2a2-0eb7-4929-be0b-93550cce279a 1c39adc7d55444f1b9c6a47a0f9f6ece 66d46ac79cec4b3cacfb7bcfc1c6f01c - - - -] DELETE failed (client error): The resource could not be found.
2026-05-06 06:16:12.177 9 INFO neutron.wsgi [None req-9292a2a2-0eb7-4929-be0b-93550cce279a 1c39adc7d55444f1b9c6a47a0f9f6ece 66d46ac79cec4b3cacfb7bcfc1c6f01c - - - -] 10.0.0.184 "DELETE /v2.0/networks/3543c8aa-6c0c-4b1c-b093-365a0308e0ec HTTP/1.1" status: 404 len: 339 time: 0.0200644
2026-05-06 06:16:12.235 10 INFO neutron.wsgi [None req-a5e7a748-aef7-405a-9f89-61494445b296 051595859ffa437983ee0de25c594066 e9e5d1bbb7fd4573add326c542ff68a6 - - - -] 10.0.0.184 "DELETE /v2.0/subnets/20a178e4-06b8-4a2c-9d24-5d5bb7fe9d73 HTTP/1.1" status: 204 len: 168 time: 0.1831155
2026-05-06 06:16:12.308 9 INFO neutron.wsgi [None req-623da2c6-6387-410e-bb0b-fe01722d24b1 1c39adc7d55444f1b9c6a47a0f9f6ece 66d46ac79cec4b3cacfb7bcfc1c6f01c - - default default] 10.0.0.184 "GET /v2.0/networks?router%3Aexternal=True HTTP/1.1" status: 200 len: 845 time: 0.1244497
2026-05-06 06:16:12.357 9 INFO neutron.wsgi [None req-ac5ff47e-fff8-45a6-acb2-3544f1dee96a 1c39adc7d55444f1b9c6a47a0f9f6ece 66d46ac79cec4b3cacfb7bcfc1c6f01c - - default default] 10.0.0.184 "GET /v2.0/subnets?network_id=830aeb48-e604-4bf4-b1f0-c30f0a97948c HTTP/1.1" status: 200 len: 820 time: 0.0439410
2026-05-06 06:16:12.368 9 INFO neutron.wsgi [None req-5b468c1c-0a5a-4129-b76b-7de297c12858 1c39adc7d55444f1b9c6a47a0f9f6ece 66d46ac79cec4b3cacfb7bcfc1c6f01c - - default default] 10.0.0.184 "GET /v2.0/extensions HTTP/1.1" status: 200 len: 16520 time: 0.0063396
2026-05-06 06:16:12.462 9 INFO neutron.wsgi [None req-b0335671-dcf1-488c-bf98-1c8d62d276b6 1c39adc7d55444f1b9c6a47a0f9f6ece 66d46ac79cec4b3cacfb7bcfc1c6f01c - - default default] 10.0.0.184 "GET /v2.0/networks HTTP/1.1" status: 200 len: 1502 time: 0.0894475
2026-05-06 06:16:12.518 9 INFO neutron.wsgi [None req-dd7afddc-9ab4-4bf7-add2-dd909e42da5f 1c39adc7d55444f1b9c6a47a0f9f6ece 66d46ac79cec4b3cacfb7bcfc1c6f01c - - default default] 10.0.0.184 "GET /v2.0/subnets HTTP/1.1" status: 200 len: 1428 time: 0.0497522
2026-05-06 06:16:12.608 9 INFO neutron.wsgi [None req-6f5c68fa-7c5e-4718-9922-e374982398e4 1c39adc7d55444f1b9c6a47a0f9f6ece 66d46ac79cec4b3cacfb7bcfc1c6f01c - - default default] 10.0.0.184 "GET /v2.0/networks/f836535e-78e7-42ee-8c80-a7bc101a8d26 HTTP/1.1" status: 200 len: 861 time: 0.0795929
2026-05-06 06:16:12.659 9 INFO neutron.wsgi [None req-f04f038f-0178-4fe9-a1be-c16ccf5f7032 1c39adc7d55444f1b9c6a47a0f9f6ece 66d46ac79cec4b3cacfb7bcfc1c6f01c - - default default] 10.0.0.184 "GET /v2.0/subnets/a12c3b2e-d963-4659-83f2-4487ffb385e4 HTTP/1.1" status: 200 len: 811 time: 0.0455418
2026-05-06 06:16:12.694 9 INFO neutron.pecan_wsgi.hooks.translation [None req-4b83a2c7-96b5-413d-9805-c326750d0da5 1c39adc7d55444f1b9c6a47a0f9f6ece 66d46ac79cec4b3cacfb7bcfc1c6f01c - - - -] DELETE failed (client error): The resource could not be found.
2026-05-06 06:16:12.697 9 INFO neutron.wsgi [None req-4b83a2c7-96b5-413d-9805-c326750d0da5 1c39adc7d55444f1b9c6a47a0f9f6ece 66d46ac79cec4b3cacfb7bcfc1c6f01c - - - -] 10.0.0.184 "DELETE /v2.0/subnets/84cce39f-1a00-4d82-a5ba-e22ab4ac0476 HTTP/1.1" status: 404 len: 337 time: 0.0304379
2026-05-06 06:16:12.720 9 INFO neutron.pecan_wsgi.hooks.translation [None req-9a77e898-c952-41fd-ade0-ed93d443dc34 1c39adc7d55444f1b9c6a47a0f9f6ece 66d46ac79cec4b3cacfb7bcfc1c6f01c - - - -] DELETE failed (client error): The resource could not be found.
2026-05-06 06:16:12.722 9 INFO neutron.wsgi [None req-9a77e898-c952-41fd-ade0-ed93d443dc34 1c39adc7d55444f1b9c6a47a0f9f6ece 66d46ac79cec4b3cacfb7bcfc1c6f01c - - - -] 10.0.0.184 "DELETE /v2.0/networks/3543c8aa-6c0c-4b1c-b093-365a0308e0ec HTTP/1.1" status: 404 len: 339 time: 0.0177293
2026-05-06 06:16:12.722 10 INFO neutron.wsgi [None req-a5f01461-1f6d-40ab-b5cc-365078d3b61d 051595859ffa437983ee0de25c594066 e9e5d1bbb7fd4573add326c542ff68a6 - - - -] 10.0.0.184 "DELETE /v2.0/networks/e5d89d75-1984-406d-8407-47a4159d7c26 HTTP/1.1" status: 204 len: 168 time: 0.4803329
2026-05-06 06:16:12.743 10 INFO neutron.services.segments.plugin [-] Segment 7a46519e-7949-48a3-a084-60f026c3e772 resource provider aggregate not found
2026-05-06 06:16:12.749 10 INFO neutron.services.segments.plugin [-] Segment 7a46519e-7949-48a3-a084-60f026c3e772 resource provider aggregate not found
2026-05-06 06:16:12.767 10 INFO neutron.services.segments.plugin [-] Segment 7a46519e-7949-48a3-a084-60f026c3e772 resource provider not found; error: Placement Client Error (4xx): {"errors": [{"status": 404, "title": "Not Found", "detail": "The resource could not be found.\n\n No resource provider with uuid 7a46519e-7949-48a3-a084-60f026c3e772 found for delete ", "request_id": "req-fb1c8c21-ac05-46b9-a7b4-65bba0914159"}]}
2026-05-06 06:16:12.771 10 INFO neutron.services.segments.plugin [-] Segment 7a46519e-7949-48a3-a084-60f026c3e772 resource provider not found; error: Placement Client Error (4xx): {"errors": [{"status": 404, "title": "Not Found", "detail": "The resource could not be found.\n\n No resource provider with uuid 7a46519e-7949-48a3-a084-60f026c3e772 found for delete ", "request_id": "req-5eb09826-7c26-43a0-8d26-fbee224a204d"}]}
2026-05-06 06:16:13.089 9 INFO neutron.wsgi [None req-bca8c868-ece1-4642-9516-f51b299a9ae8 1c39adc7d55444f1b9c6a47a0f9f6ece 66d46ac79cec4b3cacfb7bcfc1c6f01c - - - -] 10.0.0.184 "DELETE /v2.0/subnets/a12c3b2e-d963-4659-83f2-4487ffb385e4 HTTP/1.1" status: 204 len: 168 time: 0.3618925
2026-05-06 06:16:13.346 9 WARNING neutron.scheduler.dhcp_agent_scheduler [None req-abc5fa0f-8ac0-4b99-a7ec-f5328bd7e793 051595859ffa437983ee0de25c594066 e9e5d1bbb7fd4573add326c542ff68a6 - - - -] No more DHCP agents
2026-05-06 06:16:13.353 9 WARNING neutron.api.rpc.agentnotifiers.dhcp_rpc_agent_api [None req-abc5fa0f-8ac0-4b99-a7ec-f5328bd7e793 051595859ffa437983ee0de25c594066 e9e5d1bbb7fd4573add326c542ff68a6 - - - -] Unable to schedule network 830aeb48-e604-4bf4-b1f0-c30f0a97948c: no agents available; will retry on subsequent port and subnet creation events.
2026-05-06 06:16:13.497 9 INFO neutron.db.ovn_revision_numbers_db [None req-abc5fa0f-8ac0-4b99-a7ec-f5328bd7e793 051595859ffa437983ee0de25c594066 e9e5d1bbb7fd4573add326c542ff68a6 - - - -] Successfully bumped revision number for resource 885ce4a2-c316-4cbd-bc63-fef79c38bb15 (type: ports) to 1
2026-05-06 06:16:13.537 10 INFO neutron.wsgi [None req-7e544ac3-66b7-4204-ba3f-cab269f3bad3 1c39adc7d55444f1b9c6a47a0f9f6ece 66d46ac79cec4b3cacfb7bcfc1c6f01c - - - -] 10.0.0.184 "DELETE /v2.0/networks/f836535e-78e7-42ee-8c80-a7bc101a8d26 HTTP/1.1" status: 204 len: 168 time: 0.4418781
2026-05-06 06:16:14.260 10 INFO neutron.wsgi [None req-db6d779e-2964-48ad-ab78-2599c9db0d39 8e5c766801194016a35dfcbe05ef5617 1a009fe3683c4df096bc63300d7dcabf - - default default] 10.0.0.184 "GET /v2.0/security-groups?tenant_id=66d46ac79cec4b3cacfb7bcfc1c6f01c&name=default HTTP/1.1" status: 200 len: 2996 time: 0.2459435
2026-05-06 06:16:14.352 9 INFO neutron.db.ovn_revision_numbers_db [None req-abc5fa0f-8ac0-4b99-a7ec-f5328bd7e793 051595859ffa437983ee0de25c594066 e9e5d1bbb7fd4573add326c542ff68a6 - - - -] Successfully bumped revision number for resource 885ce4a2-c316-4cbd-bc63-fef79c38bb15 (type: router_ports) to 1
2026-05-06 06:16:14.422 9 INFO neutron.db.ovn_revision_numbers_db [None req-abc5fa0f-8ac0-4b99-a7ec-f5328bd7e793 051595859ffa437983ee0de25c594066 e9e5d1bbb7fd4573add326c542ff68a6 - - - -] Successfully bumped revision number for resource 71b94da9-59aa-4451-aa85-58241a47f3c0 (type: routers) to 3
2026-05-06 06:16:14.443 9 INFO neutron.wsgi [None req-abc5fa0f-8ac0-4b99-a7ec-f5328bd7e793 051595859ffa437983ee0de25c594066 e9e5d1bbb7fd4573add326c542ff68a6 - - - -] 10.0.0.184 "POST /v2.0/routers HTTP/1.1" status: 201 len: 872 time: 1.7142596
2026-05-06 06:16:14.473 10 INFO neutron.wsgi [None req-48fb30a5-7b0e-438d-8c93-60146f7f2c14 8e5c766801194016a35dfcbe05ef5617 1a009fe3683c4df096bc63300d7dcabf - - - -] 10.0.0.184 "DELETE /v2.0/security-groups/1d2da5bb-150a-410d-aa8e-983f90117b98 HTTP/1.1" status: 204 len: 168 time: 0.2064891
2026-05-06 06:16:14.533 9 INFO neutron.wsgi [None req-0885a9a8-9f04-40a0-bc14-3ce23c8e0b12 051595859ffa437983ee0de25c594066 e9e5d1bbb7fd4573add326c542ff68a6 - - default default] 10.0.0.184 "GET /v2.0/routers/71b94da9-59aa-4451-aa85-58241a47f3c0 HTTP/1.1" status: 200 len: 873 time: 0.0853136
2026-05-06 06:16:14.724 9 INFO neutron.wsgi [None req-413433be-9095-4eb1-a867-271104f371ee 051595859ffa437983ee0de25c594066 e9e5d1bbb7fd4573add326c542ff68a6 - - default default] 10.0.0.184 "GET /v2.0/routers HTTP/1.1" status: 200 len: 876 time: 0.1846659
2026-05-06 06:16:14.806 10 INFO neutron.services.segments.plugin [-] Segment 9a43e7b7-55f0-41bd-a8d9-5395cbb1a7a5 resource provider aggregate not found
2026-05-06 06:16:14.820 10 INFO neutron.services.segments.plugin [-] Segment 9a43e7b7-55f0-41bd-a8d9-5395cbb1a7a5 resource provider aggregate not found
2026-05-06 06:16:14.827 10 INFO neutron.services.segments.plugin [-] Segment 9a43e7b7-55f0-41bd-a8d9-5395cbb1a7a5 resource provider not found; error: Placement Client Error (4xx): {"errors": [{"status": 404, "title": "Not Found", "detail": "The resource could not be found.\n\n No resource provider with uuid 9a43e7b7-55f0-41bd-a8d9-5395cbb1a7a5 found for delete ", "request_id": "req-73bb2121-d190-4d03-ae0d-e6c73ef87fae"}]}
2026-05-06 06:16:14.839 10 INFO neutron.services.segments.plugin [-] Segment 9a43e7b7-55f0-41bd-a8d9-5395cbb1a7a5 resource provider not found; error: Placement Client Error (4xx): {"errors": [{"status": 404, "title": "Not Found", "detail": "The resource could not be found.\n\n No resource provider with uuid 9a43e7b7-55f0-41bd-a8d9-5395cbb1a7a5 found for delete ", "request_id": "req-f9b94056-fa20-4771-8f36-fcab67474146"}]}
2026-05-06 06:16:15.225 9 INFO neutron.db.ovn_revision_numbers_db [None req-11aa3eba-433b-4079-a59d-847fb8fb581e 051595859ffa437983ee0de25c594066 e9e5d1bbb7fd4573add326c542ff68a6 - - - -] Successfully bumped revision number for resource 71b94da9-59aa-4451-aa85-58241a47f3c0 (type: routers) to 4
2026-05-06 06:16:15.230 9 INFO neutron.wsgi [None req-11aa3eba-433b-4079-a59d-847fb8fb581e 051595859ffa437983ee0de25c594066 e9e5d1bbb7fd4573add326c542ff68a6 - - - -] 10.0.0.184 "PUT /v2.0/routers/71b94da9-59aa-4451-aa85-58241a47f3c0 HTTP/1.1" status: 200 len: 880 time: 0.5005674
2026-05-06 06:16:15.531 10 WARNING neutron.plugins.ml2.drivers.ovn.mech_driver.ovsdb.ovn_client [None req-2187529b-8f41-404b-b813-7b46c84006bd - - - - - -] No port found with ID 9398fced-b68f-4b44-919a-0d0284d60ca5: RuntimeError: No port found with ID 9398fced-b68f-4b44-919a-0d0284d60ca5
2026-05-06 06:16:15.532 10 INFO neutron.plugins.ml2.drivers.ovn.mech_driver.mech_driver [None req-2187529b-8f41-404b-b813-7b46c84006bd - - - - - -] OVN reports status up for port: 885ce4a2-c316-4cbd-bc63-fef79c38bb15
2026-05-06 06:16:15.542 10 INFO neutron.plugins.ml2.plugin [None req-2187529b-8f41-404b-b813-7b46c84006bd - - - - - -] Attempt 1 to provision port 885ce4a2-c316-4cbd-bc63-fef79c38bb15
2026-05-06 06:16:15.560 10 INFO neutron.wsgi [None req-0f1aa62c-20fe-42f0-ac92-7751b5a9a668 051595859ffa437983ee0de25c594066 e9e5d1bbb7fd4573add326c542ff68a6 - - default default] 10.0.0.184 "GET /v2.0/routers/71b94da9-59aa-4451-aa85-58241a47f3c0 HTTP/1.1" status: 200 len: 880 time: 0.3208899
2026-05-06 06:16:15.592 9 INFO neutron.wsgi [None req-083815e0-5c0b-4933-ac48-6ef3ff58a08e 051595859ffa437983ee0de25c594066 e9e5d1bbb7fd4573add326c542ff68a6 - - default default] 10.0.0.184 "GET /v2.0/ports?device_id=71b94da9-59aa-4451-aa85-58241a47f3c0 HTTP/1.1" status: 200 len: 205 time: 0.0207880
2026-05-06 06:16:16.308 10 INFO neutron.wsgi [None req-5acf04e4-8f9e-4616-8c41-2526259169d8 051595859ffa437983ee0de25c594066 e9e5d1bbb7fd4573add326c542ff68a6 - - - -] 10.0.0.184 "DELETE /v2.0/routers/71b94da9-59aa-4451-aa85-58241a47f3c0 HTTP/1.1" status: 204 len: 168 time: 0.7103336
2026-05-06 06:16:16.339 10 INFO neutron.wsgi [None req-1600b3da-3761-4970-8f9f-95175ba91446 051595859ffa437983ee0de25c594066 e9e5d1bbb7fd4573add326c542ff68a6 - - default default] 10.0.0.184 "GET /v2.0/ports?device_id=71b94da9-59aa-4451-aa85-58241a47f3c0 HTTP/1.1" status: 200 len: 205 time: 0.0226288
2026-05-06 06:16:16.373 10 INFO neutron.api.v2.resource [None req-158b4ca9-4f4d-45eb-a13e-211816cf35c1 051595859ffa437983ee0de25c594066 e9e5d1bbb7fd4573add326c542ff68a6 - - - -] delete failed (client error): The resource could not be found.
2026-05-06 06:16:16.376 10 INFO neutron.wsgi [None req-158b4ca9-4f4d-45eb-a13e-211816cf35c1 051595859ffa437983ee0de25c594066 e9e5d1bbb7fd4573add326c542ff68a6 - - - -] 10.0.0.184 "DELETE /v2.0/routers/71b94da9-59aa-4451-aa85-58241a47f3c0 HTTP/1.1" status: 404 len: 336 time: 0.0297973
2026-05-06 06:16:16.420 10 INFO neutron.wsgi [None req-161ae190-7de3-4556-bd40-dc4c6b3bd645 051595859ffa437983ee0de25c594066 e9e5d1bbb7fd4573add326c542ff68a6 - - default default] 10.0.0.184 "GET /v2.0/ports?device_id=6d5a8213-8594-408d-82a0-fa3e26877bf3 HTTP/1.1" status: 200 len: 205 time: 0.0378709
2026-05-06 06:16:16.458 10 INFO neutron.api.v2.resource [None req-b11eafec-ec0e-4093-8802-af9e6c1b8ec1 051595859ffa437983ee0de25c594066 e9e5d1bbb7fd4573add326c542ff68a6 - - - -] delete failed (client error): The resource could not be found.
2026-05-06 06:16:16.460 10 INFO neutron.wsgi [None req-b11eafec-ec0e-4093-8802-af9e6c1b8ec1 051595859ffa437983ee0de25c594066 e9e5d1bbb7fd4573add326c542ff68a6 - - - -] 10.0.0.184 "DELETE /v2.0/routers/6d5a8213-8594-408d-82a0-fa3e26877bf3 HTTP/1.1" status: 404 len: 336 time: 0.0330822
2026-05-06 06:16:16.481 10 INFO neutron.pecan_wsgi.hooks.translation [None req-ccf380b2-26d0-4bf3-b90d-4a0956e15cae 051595859ffa437983ee0de25c594066 e9e5d1bbb7fd4573add326c542ff68a6 - - - -] DELETE failed (client error): The resource could not be found.
2026-05-06 06:16:16.483 10 INFO neutron.wsgi [None req-ccf380b2-26d0-4bf3-b90d-4a0956e15cae 051595859ffa437983ee0de25c594066 e9e5d1bbb7fd4573add326c542ff68a6 - - - -] 10.0.0.184 "DELETE /v2.0/subnets/20a178e4-06b8-4a2c-9d24-5d5bb7fe9d73 HTTP/1.1" status: 404 len: 337 time: 0.0193782
2026-05-06 06:16:16.510 9 INFO neutron.wsgi [None req-54676c40-5c8b-4164-a414-7b8dd1ad9328 051595859ffa437983ee0de25c594066 e9e5d1bbb7fd4573add326c542ff68a6 - - default default] 10.0.0.184 "GET /v2.0/ports?device_id=9546a2e7-2e0c-4a7e-93bf-57d3a2d68aa8 HTTP/1.1" status: 200 len: 205 time: 0.0202270
2026-05-06 06:16:16.541 9 INFO neutron.api.v2.resource [None req-9566b64e-44f4-4833-85d1-daf39143af09 051595859ffa437983ee0de25c594066 e9e5d1bbb7fd4573add326c542ff68a6 - - - -] delete failed (client error): The resource could not be found.
2026-05-06 06:16:16.543 9 INFO neutron.wsgi [None req-9566b64e-44f4-4833-85d1-daf39143af09 051595859ffa437983ee0de25c594066 e9e5d1bbb7fd4573add326c542ff68a6 - - - -] 10.0.0.184 "DELETE /v2.0/routers/9546a2e7-2e0c-4a7e-93bf-57d3a2d68aa8 HTTP/1.1" status: 404 len: 336 time: 0.0269208
2026-05-06 06:16:16.568 9 INFO neutron.pecan_wsgi.hooks.translation [None req-2275a741-af2c-4c8d-9b6c-e7914a5e6c1b 051595859ffa437983ee0de25c594066 e9e5d1bbb7fd4573add326c542ff68a6 - - - -] DELETE failed (client error): The resource could not be found.
2026-05-06 06:16:16.570 9 INFO neutron.wsgi [None req-2275a741-af2c-4c8d-9b6c-e7914a5e6c1b 051595859ffa437983ee0de25c594066 e9e5d1bbb7fd4573add326c542ff68a6 - - - -] 10.0.0.184 "DELETE /v2.0/subnets/2cdfc1c8-77cb-44d3-afd2-a1a0bbd55727 HTTP/1.1" status: 404 len: 337 time: 0.0212226
2026-05-06 06:16:16.601 10 INFO neutron.wsgi [None req-f1586929-86ed-42f9-b307-72c51914ebe4 051595859ffa437983ee0de25c594066 e9e5d1bbb7fd4573add326c542ff68a6 - - default default] 10.0.0.184 "GET /v2.0/ports?device_id=430af7cd-ba7b-47ae-8816-b829e80655b5 HTTP/1.1" status: 200 len: 205 time: 0.0236120
2026-05-06 06:16:16.605 10 INFO neutron.db.ovn_revision_numbers_db [None req-98e61c37-382a-45bc-98af-448380c09edc 88ba9b449a4c4b05b4d30fb6b13448e0 7598c6bed5974f53abd6d9fcc7675c0a - - - -] Successfully bumped revision number for resource 1d08b879-1a86-4af2-a129-fea8cc125bf9 (type: security_groups) to 1
2026-05-06 06:16:16.634 10 INFO neutron.api.v2.resource [None req-c6074fe1-dec2-4d2b-87a5-e54fd5c46e77 051595859ffa437983ee0de25c594066 e9e5d1bbb7fd4573add326c542ff68a6 - - - -] delete failed (client error): The resource could not be found.
2026-05-06 06:16:16.635 10 INFO neutron.wsgi [None req-c6074fe1-dec2-4d2b-87a5-e54fd5c46e77 051595859ffa437983ee0de25c594066 e9e5d1bbb7fd4573add326c542ff68a6 - - - -] 10.0.0.184 "DELETE /v2.0/routers/430af7cd-ba7b-47ae-8816-b829e80655b5 HTTP/1.1" status: 404 len: 336 time: 0.0307117
2026-05-06 06:16:16.664 9 INFO neutron.pecan_wsgi.hooks.translation [None req-aa08e474-56d4-4558-bed2-18949c9d087a 051595859ffa437983ee0de25c594066 e9e5d1bbb7fd4573add326c542ff68a6 - - - -] DELETE failed (client error): The resource could not be found.
2026-05-06 06:16:16.666 9 INFO neutron.wsgi [None req-aa08e474-56d4-4558-bed2-18949c9d087a 051595859ffa437983ee0de25c594066 e9e5d1bbb7fd4573add326c542ff68a6 - - - -] 10.0.0.184 "DELETE /v2.0/subnets/d41045da-1e57-4366-8561-55858db96210 HTTP/1.1" status: 404 len: 337 time: 0.0259478
2026-05-06 06:16:16.688 9 INFO neutron.pecan_wsgi.hooks.translation [None req-cbbad58c-0159-4954-8bcd-5bc78ca1d1a5 051595859ffa437983ee0de25c594066 e9e5d1bbb7fd4573add326c542ff68a6 - - - -] DELETE failed (client error): The resource could not be found.
2026-05-06 06:16:16.690 9 INFO neutron.wsgi [None req-cbbad58c-0159-4954-8bcd-5bc78ca1d1a5 051595859ffa437983ee0de25c594066 e9e5d1bbb7fd4573add326c542ff68a6 - - - -] 10.0.0.184 "DELETE /v2.0/subnets/f197ecb7-93a4-4e32-bd49-04c5c0cf7e42 HTTP/1.1" status: 404 len: 337 time: 0.0198014
2026-05-06 06:16:16.694 10 INFO neutron.db.ovn_revision_numbers_db [None req-98e61c37-382a-45bc-98af-448380c09edc 88ba9b449a4c4b05b4d30fb6b13448e0 7598c6bed5974f53abd6d9fcc7675c0a - - - -] Successfully bumped revision number for resource ed7e75f5-ae1a-4ce1-bc6e-aff3a9201945 (type: security_groups) to 1
2026-05-06 06:16:16.729 10 INFO neutron.wsgi [None req-98e61c37-382a-45bc-98af-448380c09edc 88ba9b449a4c4b05b4d30fb6b13448e0 7598c6bed5974f53abd6d9fcc7675c0a - - - -] 10.0.0.184 "POST /v2.0/security-groups HTTP/1.1" status: 201 len: 1760 time: 0.4887323
2026-05-06 06:16:16.785 9 INFO neutron.wsgi [None req-11e5edd1-a52c-443f-880f-b9980c20d7e5 88ba9b449a4c4b05b4d30fb6b13448e0 7598c6bed5974f53abd6d9fcc7675c0a - - default default] 10.0.0.184 "GET /v2.0/security-groups HTTP/1.1" status: 200 len: 4538 time: 0.0496333
2026-05-06 06:16:16.842 10 INFO neutron.db.ovn_revision_numbers_db [None req-d1509448-963d-4dd9-a313-1de74389c0e4 8e5c766801194016a35dfcbe05ef5617 1a009fe3683c4df096bc63300d7dcabf - - default default] Successfully bumped revision number for resource ee63ed27-e89b-4cf8-845f-d152dbb540dd (type: security_groups) to 1
2026-05-06 06:16:16.863 10 INFO neutron.wsgi [None req-d1509448-963d-4dd9-a313-1de74389c0e4 8e5c766801194016a35dfcbe05ef5617 1a009fe3683c4df096bc63300d7dcabf - - default default] 10.0.0.184 "GET /v2.0/security-groups?tenant_id=e2794fbc3688488791e1a8b346d5019b&name=default HTTP/1.1" status: 200 len: 2996 time: 0.3091784
2026-05-06 06:16:16.869 9 INFO neutron.db.ovn_revision_numbers_db [None req-bf6a9159-1cb1-47ea-8001-5e283fbe43cd 88ba9b449a4c4b05b4d30fb6b13448e0 7598c6bed5974f53abd6d9fcc7675c0a - - - -] Successfully bumped revision number for resource ed7e75f5-ae1a-4ce1-bc6e-aff3a9201945 (type: security_groups) to 2
2026-05-06 06:16:16.873 9 INFO neutron.wsgi [None req-bf6a9159-1cb1-47ea-8001-5e283fbe43cd 88ba9b449a4c4b05b4d30fb6b13448e0 7598c6bed5974f53abd6d9fcc7675c0a - - - -] 10.0.0.184 "PUT /v2.0/security-groups/ed7e75f5-ae1a-4ce1-bc6e-aff3a9201945 HTTP/1.1" status: 200 len: 1795 time: 0.0832329
2026-05-06 06:16:16.909 10 INFO neutron.wsgi [None req-fded91af-40d4-4993-b8ba-265611424da7 88ba9b449a4c4b05b4d30fb6b13448e0 7598c6bed5974f53abd6d9fcc7675c0a - - default default] 10.0.0.184 "GET /v2.0/security-groups/ed7e75f5-ae1a-4ce1-bc6e-aff3a9201945 HTTP/1.1" status: 200 len: 1795 time: 0.0283515
2026-05-06 06:16:17.041 10 INFO neutron.wsgi [None req-ab307e64-1925-4347-965b-bf239d607055 88ba9b449a4c4b05b4d30fb6b13448e0 7598c6bed5974f53abd6d9fcc7675c0a - - - -] 10.0.0.184 "DELETE /v2.0/security-groups/ed7e75f5-ae1a-4ce1-bc6e-aff3a9201945 HTTP/1.1" status: 204 len: 168 time: 0.1267784
2026-05-06 06:16:17.095 10 INFO neutron.wsgi [None req-fc4c2d55-a53a-4baa-bfda-fec78d9a7f2d 8e5c766801194016a35dfcbe05ef5617 1a009fe3683c4df096bc63300d7dcabf - - - -] 10.0.0.184 "DELETE /v2.0/security-groups/ee63ed27-e89b-4cf8-845f-d152dbb540dd HTTP/1.1" status: 204 len: 168 time: 0.2268176
2026-05-06 06:16:17.099 10 INFO neutron.wsgi [None req-2bf49545-3813-4a01-a5d7-6965785d78a5 88ba9b449a4c4b05b4d30fb6b13448e0 7598c6bed5974f53abd6d9fcc7675c0a - - default default] 10.0.0.184 "GET /v2.0/security-groups HTTP/1.1" status: 200 len: 2996 time: 0.0517282
2026-05-06 06:16:17.122 9 INFO neutron.api.v2.resource [None req-60c59a6a-1309-4eb4-92f3-ac4108832ba6 88ba9b449a4c4b05b4d30fb6b13448e0 7598c6bed5974f53abd6d9fcc7675c0a - - - -] delete failed (client error): The resource could not be found.
2026-05-06 06:16:17.123 9 INFO neutron.wsgi [None req-60c59a6a-1309-4eb4-92f3-ac4108832ba6 88ba9b449a4c4b05b4d30fb6b13448e0 7598c6bed5974f53abd6d9fcc7675c0a - - - -] 10.0.0.184 "DELETE /v2.0/security-groups/ed7e75f5-ae1a-4ce1-bc6e-aff3a9201945 HTTP/1.1" status: 404 len: 347 time: 0.0174761
2026-05-06 06:16:17.231 9 INFO neutron.db.ovn_revision_numbers_db [None req-ae25857a-3ebc-4937-8706-4ce7918e05d1 88ba9b449a4c4b05b4d30fb6b13448e0 7598c6bed5974f53abd6d9fcc7675c0a - - - -] Successfully bumped revision number for resource 97df5349-6ffb-4ec1-8dd0-4d8a4c435fd9 (type: security_groups) to 1
2026-05-06 06:16:17.256 9 INFO neutron.wsgi [None req-ae25857a-3ebc-4937-8706-4ce7918e05d1 88ba9b449a4c4b05b4d30fb6b13448e0 7598c6bed5974f53abd6d9fcc7675c0a - - - -] 10.0.0.184 "POST /v2.0/security-groups HTTP/1.1" status: 201 len: 1760 time: 0.1271982
2026-05-06 06:16:17.324 9 INFO neutron.wsgi [None req-d0fe4e01-7fc5-4ad5-92b2-0ce485814c47 8e5c766801194016a35dfcbe05ef5617 1a009fe3683c4df096bc63300d7dcabf - - default default] 10.0.0.184 "GET /v2.0/security-groups?tenant_id=e9e5d1bbb7fd4573add326c542ff68a6&name=default HTTP/1.1" status: 200 len: 2996 time: 0.2365024
2026-05-06 06:16:17.397 9 INFO neutron.db.ovn_revision_numbers_db [None req-d3f193e7-87ff-4e5c-a814-10be2e1dfd65 88ba9b449a4c4b05b4d30fb6b13448e0 7598c6bed5974f53abd6d9fcc7675c0a - - - -] Successfully bumped revision number for resource f4b2bfc1-95f8-472a-b179-d263074f3ee8 (type: security_group_rules) to 0
2026-05-06 06:16:17.433 9 INFO neutron.wsgi [None req-d3f193e7-87ff-4e5c-a814-10be2e1dfd65 88ba9b449a4c4b05b4d30fb6b13448e0 7598c6bed5974f53abd6d9fcc7675c0a - - - -] 10.0.0.184 "POST /v2.0/security-group-rules HTTP/1.1" status: 201 len: 768 time: 0.1714022
2026-05-06 06:16:17.469 9 INFO neutron.wsgi [None req-93ccfdf4-7463-4274-b815-5c81a0ad4a7b 88ba9b449a4c4b05b4d30fb6b13448e0 7598c6bed5974f53abd6d9fcc7675c0a - - default default] 10.0.0.184 "GET /v2.0/security-group-rules/f4b2bfc1-95f8-472a-b179-d263074f3ee8 HTTP/1.1" status: 200 len: 763 time: 0.0261691
2026-05-06 06:16:17.511 10 INFO neutron.wsgi [None req-ed6f6d85-08cd-464b-ab04-45621cc78ac8 88ba9b449a4c4b05b4d30fb6b13448e0 7598c6bed5974f53abd6d9fcc7675c0a - - default default] 10.0.0.184 "GET /v2.0/security-group-rules HTTP/1.1" status: 200 len: 4113 time: 0.0367036
2026-05-06 06:16:17.540 9 INFO neutron.wsgi [None req-6431650c-3333-4086-8f76-a921f817a141 8e5c766801194016a35dfcbe05ef5617 1a009fe3683c4df096bc63300d7dcabf - - - -] 10.0.0.184 "DELETE /v2.0/security-groups/cf05615c-8ee4-4ac3-aaf4-0d38c5a66105 HTTP/1.1" status: 204 len: 168 time: 0.2111151
2026-05-06 06:16:17.633 10 INFO neutron.wsgi [None req-7f8c656a-6a96-4093-9b7e-a6a6c6b10d38 88ba9b449a4c4b05b4d30fb6b13448e0 7598c6bed5974f53abd6d9fcc7675c0a - - - -] 10.0.0.184 "DELETE /v2.0/security-group-rules/f4b2bfc1-95f8-472a-b179-d263074f3ee8 HTTP/1.1" status: 204 len: 168 time: 0.1152558
2026-05-06 06:16:17.663 10 INFO neutron.wsgi [None req-a3b3413b-9238-44a3-a823-1ff5324d430f 88ba9b449a4c4b05b4d30fb6b13448e0 7598c6bed5974f53abd6d9fcc7675c0a - - default default] 10.0.0.184 "GET /v2.0/security-group-rules HTTP/1.1" status: 200 len: 3567 time: 0.0253811
2026-05-06 06:16:17.765 10 INFO neutron.db.ovn_revision_numbers_db [None req-c1146857-ca18-4207-8e5d-52f52e0fc3a8 88ba9b449a4c4b05b4d30fb6b13448e0 7598c6bed5974f53abd6d9fcc7675c0a - - - -] Successfully bumped revision number for resource 68ef34c7-e975-4c4f-bab0-f1ddf8a37978 (type: security_group_rules) to 0
2026-05-06 06:16:17.786 10 INFO neutron.wsgi [None req-c1146857-ca18-4207-8e5d-52f52e0fc3a8 88ba9b449a4c4b05b4d30fb6b13448e0 7598c6bed5974f53abd6d9fcc7675c0a - - - -] 10.0.0.184 "POST /v2.0/security-group-rules HTTP/1.1" status: 201 len: 768 time: 0.1180365
2026-05-06 06:16:17.812 10 INFO neutron.wsgi [None req-5b24747e-9f29-4687-bf44-33961bd591e5 88ba9b449a4c4b05b4d30fb6b13448e0 7598c6bed5974f53abd6d9fcc7675c0a - - default default] 10.0.0.184 "GET /v2.0/security-group-rules/68ef34c7-e975-4c4f-bab0-f1ddf8a37978 HTTP/1.1" status: 200 len: 763 time: 0.0208585
2026-05-06 06:16:17.846 10 INFO neutron.wsgi [None req-32d29076-92a4-488e-a2db-1a501ea16bc7 88ba9b449a4c4b05b4d30fb6b13448e0 7598c6bed5974f53abd6d9fcc7675c0a - - default default] 10.0.0.184 "GET /v2.0/security-group-rules HTTP/1.1" status: 200 len: 4113 time: 0.0287552
2026-05-06 06:16:17.950 10 INFO neutron.wsgi [None req-9d63c8c7-ce3a-4811-8966-174444d5de7f 88ba9b449a4c4b05b4d30fb6b13448e0 7598c6bed5974f53abd6d9fcc7675c0a - - - -] 10.0.0.184 "DELETE /v2.0/security-group-rules/68ef34c7-e975-4c4f-bab0-f1ddf8a37978 HTTP/1.1" status: 204 len: 168 time: 0.0992901
2026-05-06 06:16:17.986 10 INFO neutron.wsgi [None req-d599a9f0-4637-4d6c-8c18-ddb281fbee68 88ba9b449a4c4b05b4d30fb6b13448e0 7598c6bed5974f53abd6d9fcc7675c0a - - default default] 10.0.0.184 "GET /v2.0/security-group-rules HTTP/1.1" status: 200 len: 3567 time: 0.0310087
2026-05-06 06:16:18.102 10 INFO neutron.db.ovn_revision_numbers_db [None req-9f779dbe-8c12-40fc-a1f1-028f5b7faf66 88ba9b449a4c4b05b4d30fb6b13448e0 7598c6bed5974f53abd6d9fcc7675c0a - - - -] Successfully bumped revision number for resource 56f30d89-e07c-4d10-9bd2-3cce52819d13 (type: security_group_rules) to 0
2026-05-06 06:16:18.130 10 INFO neutron.wsgi [None req-9f779dbe-8c12-40fc-a1f1-028f5b7faf66 88ba9b449a4c4b05b4d30fb6b13448e0 7598c6bed5974f53abd6d9fcc7675c0a - - - -] 10.0.0.184 "POST /v2.0/security-group-rules HTTP/1.1" status: 201 len: 769 time: 0.1385427
2026-05-06 06:16:18.155 10 INFO neutron.wsgi [None req-9d1e08a7-e45d-48c2-af10-67c2fe5dfba0 88ba9b449a4c4b05b4d30fb6b13448e0 7598c6bed5974f53abd6d9fcc7675c0a - - default default] 10.0.0.184 "GET /v2.0/security-group-rules/56f30d89-e07c-4d10-9bd2-3cce52819d13 HTTP/1.1" status: 200 len: 764 time: 0.0174203
2026-05-06 06:16:18.187 10 INFO neutron.wsgi [None req-3e81bf59-a58c-4d50-bc6e-b166c2ad0670 88ba9b449a4c4b05b4d30fb6b13448e0 7598c6bed5974f53abd6d9fcc7675c0a - - default default] 10.0.0.184 "GET /v2.0/security-group-rules HTTP/1.1" status: 200 len: 4114 time: 0.0279322
2026-05-06 06:16:18.283 10 INFO neutron.wsgi [None req-d12a00f9-4678-45b0-838b-3e80e83f331d 88ba9b449a4c4b05b4d30fb6b13448e0 7598c6bed5974f53abd6d9fcc7675c0a - - - -] 10.0.0.184 "DELETE /v2.0/security-group-rules/56f30d89-e07c-4d10-9bd2-3cce52819d13 HTTP/1.1" status: 204 len: 168 time: 0.0910325
2026-05-06 06:16:18.309 10 INFO neutron.wsgi [None req-2f65a391-dda7-4d20-916d-50c6301a96f2 88ba9b449a4c4b05b4d30fb6b13448e0 7598c6bed5974f53abd6d9fcc7675c0a - - default default] 10.0.0.184 "GET /v2.0/security-group-rules HTTP/1.1" status: 200 len: 3567 time: 0.0219235
2026-05-06 06:16:18.421 10 INFO neutron.wsgi [None req-2354db9b-35ed-4806-805f-b13ee78f77ca 88ba9b449a4c4b05b4d30fb6b13448e0 7598c6bed5974f53abd6d9fcc7675c0a - - - -] 10.0.0.184 "DELETE /v2.0/security-groups/97df5349-6ffb-4ec1-8dd0-4d8a4c435fd9 HTTP/1.1" status: 204 len: 168 time: 0.1063950
2026-05-06 06:16:18.460 10 INFO neutron.wsgi [None req-367c32ae-5e26-4358-8ebd-4513a36deaa9 88ba9b449a4c4b05b4d30fb6b13448e0 7598c6bed5974f53abd6d9fcc7675c0a - - default default] 10.0.0.184 "GET /v2.0/security-groups HTTP/1.1" status: 200 len: 2996 time: 0.0341921
2026-05-06 06:16:18.505 10 INFO neutron.wsgi [None req-90c39353-3c8c-48a8-99ec-a2af36bfa8ca 88ba9b449a4c4b05b4d30fb6b13448e0 7598c6bed5974f53abd6d9fcc7675c0a - - default default] 10.0.0.184 "GET /v2.0/security-groups HTTP/1.1" status: 200 len: 2996 time: 0.0339174
