2026-05-06 06:16:47.838 10 INFO neutron.services.segments.plugin [-] Segment 1da0d252-076e-4bb0-bf8f-8c5279ec0f9c resource provider not found; error: Placement Client Error (4xx): {"errors": [{"status": 404, "title": "Not Found", "detail": "The resource could not be found.\n\n No resource provider with uuid 1da0d252-076e-4bb0-bf8f-8c5279ec0f9c found for delete ", "request_id": "req-fd5122ae-0bc4-4245-82c5-e1c6e559a05a"}]}
2026-05-06 06:16:47.848 10 INFO neutron.services.segments.plugin [-] Segment 1da0d252-076e-4bb0-bf8f-8c5279ec0f9c resource provider not found; error: Placement Client Error (4xx): {"errors": [{"status": 404, "title": "Not Found", "detail": "The resource could not be found.\n\n No resource provider with uuid 1da0d252-076e-4bb0-bf8f-8c5279ec0f9c found for delete ", "request_id": "req-f31d9dfa-995c-4174-9b93-2eab49570347"}]}
2026-05-06 06:16:47.856 9 INFO neutron.db.ovn_revision_numbers_db [None req-a4b0477d-9dfc-4bdc-b8f1-7c8799179425 30e84cd331b44e54aa501abbbb99c15f d5583e33a548491aaa4083382a62d1d2 - - - -] Successfully bumped revision number for resource e6e13c08-5a21-4bd8-abec-8a4dc003f237 (type: router_ports) to 1
2026-05-06 06:16:47.911 9 INFO neutron.wsgi [req-69a84146-f23d-4f8c-8110-0919e2c3c1d7 req-078244a4-153c-4dbe-9dc6-bc3290c89498 3a6ac60dbbea4286a64345ce64f2cb11 61e992dcf079458e859bf3fcb7d4243d - - default default] 199.204.45.57 "GET /v2.0/networks?id=3f458ae3-c9a8-4ebe-bc9a-9fe790144154 HTTP/1.1" status: 200 len: 903 time: 0.1419907
2026-05-06 06:16:47.961 9 INFO neutron.db.ovn_revision_numbers_db [None req-a4b0477d-9dfc-4bdc-b8f1-7c8799179425 30e84cd331b44e54aa501abbbb99c15f d5583e33a548491aaa4083382a62d1d2 - - - -] Successfully bumped revision number for resource 3ccffb89-1298-4985-a4ee-4139322e86b5 (type: routers) to 3
2026-05-06 06:16:47.967 9 INFO neutron.wsgi [req-69a84146-f23d-4f8c-8110-0919e2c3c1d7 req-e186ce34-7560-4326-a365-058df64edd1a 3a6ac60dbbea4286a64345ce64f2cb11 61e992dcf079458e859bf3fcb7d4243d - - default default] 199.204.45.57 "GET /v2.0/security-groups?fields=id&fields=name&tenant_id=61e992dcf079458e859bf3fcb7d4243d HTTP/1.1" status: 200 len: 377 time: 0.0513933
2026-05-06 06:16:47.992 9 INFO neutron.wsgi [None req-a4b0477d-9dfc-4bdc-b8f1-7c8799179425 30e84cd331b44e54aa501abbbb99c15f d5583e33a548491aaa4083382a62d1d2 - - - -] 10.0.0.184 "POST /v2.0/routers HTTP/1.1" status: 201 len: 867 time: 2.2476854
2026-05-06 06:16:48.086 10 INFO neutron.wsgi [None req-d9fb3245-8e31-4c0f-8b88-5a5f26a14be0 30e84cd331b44e54aa501abbbb99c15f d5583e33a548491aaa4083382a62d1d2 - - default default] 10.0.0.184 "GET /v2.0/routers/3ccffb89-1298-4985-a4ee-4139322e86b5 HTTP/1.1" status: 200 len: 868 time: 0.0873525
2026-05-06 06:16:48.223 10 INFO neutron.wsgi [None req-8f29c124-339c-4047-81ef-9a012af1ba83 30e84cd331b44e54aa501abbbb99c15f d5583e33a548491aaa4083382a62d1d2 - - default default] 10.0.0.184 "GET /v2.0/routers HTTP/1.1" status: 200 len: 871 time: 0.1328402
2026-05-06 06:16:48.660 9 INFO neutron.wsgi [None req-4c7b58a4-fe54-4311-a428-3f2d0c70c6c8 621ede325fc44431aca86b6d846c7d89 084ada85bf364141991b59bbe65841ef - - - -] 10.0.0.184 "DELETE /v2.0/networks/254e73df-c7fc-47f6-82fb-73728e6dcb3f HTTP/1.1" status: 204 len: 168 time: 0.9392385
2026-05-06 06:16:48.667 10 INFO neutron.db.ovn_revision_numbers_db [None req-fa983540-2ab0-4087-bfa8-d721829709a0 30e84cd331b44e54aa501abbbb99c15f d5583e33a548491aaa4083382a62d1d2 - - - -] Successfully bumped revision number for resource 3ccffb89-1298-4985-a4ee-4139322e86b5 (type: routers) to 4
2026-05-06 06:16:48.671 10 INFO neutron.wsgi [None req-fa983540-2ab0-4087-bfa8-d721829709a0 30e84cd331b44e54aa501abbbb99c15f d5583e33a548491aaa4083382a62d1d2 - - - -] 10.0.0.184 "PUT /v2.0/routers/3ccffb89-1298-4985-a4ee-4139322e86b5 HTTP/1.1" status: 200 len: 875 time: 0.4424720
2026-05-06 06:16:48.784 9 WARNING neutron.scheduler.dhcp_agent_scheduler [None req-71d85d14-fb3d-4696-850d-d7f7c1f7cf29 3a6ac60dbbea4286a64345ce64f2cb11 61e992dcf079458e859bf3fcb7d4243d - - - -] No more DHCP agents
2026-05-06 06:16:48.786 9 WARNING neutron.api.rpc.agentnotifiers.dhcp_rpc_agent_api [None req-71d85d14-fb3d-4696-850d-d7f7c1f7cf29 3a6ac60dbbea4286a64345ce64f2cb11 61e992dcf079458e859bf3fcb7d4243d - - - -] Unable to schedule network 3f458ae3-c9a8-4ebe-bc9a-9fe790144154: no agents available; will retry on subsequent port and subnet creation events.
2026-05-06 06:16:48.957 9 INFO neutron.db.ovn_revision_numbers_db [None req-71d85d14-fb3d-4696-850d-d7f7c1f7cf29 3a6ac60dbbea4286a64345ce64f2cb11 61e992dcf079458e859bf3fcb7d4243d - - - -] Successfully bumped revision number for resource 2bf265aa-177c-4c1b-a0d6-247c7b969cf2 (type: ports) to 1
2026-05-06 06:16:48.992 9 INFO neutron.wsgi [None req-71d85d14-fb3d-4696-850d-d7f7c1f7cf29 3a6ac60dbbea4286a64345ce64f2cb11 61e992dcf079458e859bf3fcb7d4243d - - - -] 199.204.45.57 "POST /v2.0/ports HTTP/1.1" status: 201 len: 1392 time: 0.9833450 /var/lib/openstack/lib/python3.10/site-packages/pycadf/identifier.py:71: UserWarning: Invalid uuid: neutron. To ensure interoperability, identifiers should be a valid uuid. warnings.warn(('Invalid uuid: %s. To ensure interoperability, '
2026-05-06 06:16:49.014 10 INFO neutron.wsgi [None req-7818282d-baf2-4500-a56a-398c8dfca6e8 30e84cd331b44e54aa501abbbb99c15f d5583e33a548491aaa4083382a62d1d2 - - default default] 10.0.0.184 "GET /v2.0/routers/3ccffb89-1298-4985-a4ee-4139322e86b5 HTTP/1.1" status: 200 len: 875 time: 0.3392112
2026-05-06 06:16:49.048 9 INFO neutron.wsgi [None req-eb5e2be8-2ee0-40c1-98a4-a418b1e06f53 30e84cd331b44e54aa501abbbb99c15f d5583e33a548491aaa4083382a62d1d2 - - default default] 10.0.0.184 "GET /v2.0/ports?device_id=3ccffb89-1298-4985-a4ee-4139322e86b5 HTTP/1.1" status: 200 len: 205 time: 0.0302060
2026-05-06 06:16:49.248 10 WARNING neutron.plugins.ml2.drivers.ovn.mech_driver.ovsdb.ovn_client [None req-2187529b-8f41-404b-b813-7b46c84006bd - - - - - -] No port found with ID 4da6074b-9e3a-4723-a7db-98d7d6b38090: RuntimeError: No port found with ID 4da6074b-9e3a-4723-a7db-98d7d6b38090
2026-05-06 06:16:49.275 10 INFO neutron.plugins.ml2.drivers.ovn.mech_driver.mech_driver [None req-2187529b-8f41-404b-b813-7b46c84006bd - - - - - -] OVN reports status up for port: e6e13c08-5a21-4bd8-abec-8a4dc003f237
2026-05-06 06:16:49.298 10 INFO neutron.plugins.ml2.plugin [None req-2187529b-8f41-404b-b813-7b46c84006bd - - - - - -] Attempt 1 to provision port e6e13c08-5a21-4bd8-abec-8a4dc003f237
2026-05-06 06:16:49.398 9 INFO neutron.db.ovn_revision_numbers_db [None req-04c50a8f-7e19-436b-8719-78e7e68cc8c9 6da3f2bf77324f328b51d0a276f19dee f3e79d991d464280b0329d41bf9ea437 - - - -] Successfully bumped revision number for resource 2bf265aa-177c-4c1b-a0d6-247c7b969cf2 (type: ports) to 2
2026-05-06 06:16:49.559 9 INFO neutron.db.ovn_revision_numbers_db [None req-04c50a8f-7e19-436b-8719-78e7e68cc8c9 6da3f2bf77324f328b51d0a276f19dee f3e79d991d464280b0329d41bf9ea437 - - - -] Successfully bumped revision number for resource 2bf265aa-177c-4c1b-a0d6-247c7b969cf2 (type: ports) to 2
2026-05-06 06:16:49.575 9 INFO neutron.wsgi [None req-04c50a8f-7e19-436b-8719-78e7e68cc8c9 6da3f2bf77324f328b51d0a276f19dee f3e79d991d464280b0329d41bf9ea437 - - - -] 199.204.45.57 "PUT /v2.0/ports/2bf265aa-177c-4c1b-a0d6-247c7b969cf2 HTTP/1.1" status: 200 len: 1561 time: 0.5695610
2026-05-06 06:16:49.609 9 INFO neutron.notifiers.nova [-] Nova event matching ['req-03c0cd7e-6d71-4432-8bd4-92a09c89e655'] response: {'name': 'network-changed', 'server_uuid': '3fe094af-a0cf-460e-b13c-f37f77312b76', 'tag': '2bf265aa-177c-4c1b-a0d6-247c7b969cf2', 'status': 'completed', 'code': 200} /var/lib/openstack/lib/python3.10/site-packages/pycadf/identifier.py:71: UserWarning: Invalid uuid: neutron. To ensure interoperability, identifiers should be a valid uuid. warnings.warn(('Invalid uuid: %s. To ensure interoperability, '
2026-05-06 06:16:49.645 9 INFO neutron.wsgi [req-69a84146-f23d-4f8c-8110-0919e2c3c1d7 req-adea3562-9071-438b-a3ba-7b8a17bfd277 6da3f2bf77324f328b51d0a276f19dee f3e79d991d464280b0329d41bf9ea437 - - b621fce73f6d42c4a41bca51a726afc4 b621fce73f6d42c4a41bca51a726afc4] 199.204.45.57 "GET /v2.0/ports?tenant_id=61e992dcf079458e859bf3fcb7d4243d&device_id=3fe094af-a0cf-460e-b13c-f37f77312b76 HTTP/1.1" status: 200 len: 1592 time: 0.0277143
2026-05-06 06:16:49.679 9 INFO neutron.wsgi [req-69a84146-f23d-4f8c-8110-0919e2c3c1d7 req-90ab92cd-20fa-4542-83d4-7408739ca2fe 6da3f2bf77324f328b51d0a276f19dee f3e79d991d464280b0329d41bf9ea437 - - b621fce73f6d42c4a41bca51a726afc4 b621fce73f6d42c4a41bca51a726afc4] 199.204.45.57 "GET /v2.0/floatingips?fixed_ip_address=10.2.2.189&port_id=2bf265aa-177c-4c1b-a0d6-247c7b969cf2 HTTP/1.1" status: 200 len: 217 time: 0.0257261
2026-05-06 06:16:49.707 9 INFO neutron.wsgi [req-69a84146-f23d-4f8c-8110-0919e2c3c1d7 req-025cf34b-2754-45a9-afda-e3c72d901141 6da3f2bf77324f328b51d0a276f19dee f3e79d991d464280b0329d41bf9ea437 - - b621fce73f6d42c4a41bca51a726afc4 b621fce73f6d42c4a41bca51a726afc4] 199.204.45.57 "GET /v2.0/floatingips?fixed_ip_address=fd77%3A1457%3A4cf0%3A26a8%3A%3A1e4&port_id=2bf265aa-177c-4c1b-a0d6-247c7b969cf2 HTTP/1.1" status: 200 len: 217 time: 0.0228257
2026-05-06 06:16:49.715 10 INFO neutron.wsgi [None req-8015c330-345f-4ef0-a047-4775dadd815e 30e84cd331b44e54aa501abbbb99c15f d5583e33a548491aaa4083382a62d1d2 - - - -] 10.0.0.184 "DELETE /v2.0/routers/3ccffb89-1298-4985-a4ee-4139322e86b5 HTTP/1.1" status: 204 len: 168 time: 0.6620548 /var/lib/openstack/lib/python3.10/site-packages/pycadf/identifier.py:71: UserWarning: Invalid uuid: neutron. To ensure interoperability, identifiers should be a valid uuid. warnings.warn(('Invalid uuid: %s. To ensure interoperability, '
2026-05-06 06:16:49.744 10 INFO neutron.wsgi [None req-c25f5591-a336-435d-b873-d8a0e1ede6b3 30e84cd331b44e54aa501abbbb99c15f d5583e33a548491aaa4083382a62d1d2 - - default default] 10.0.0.184 "GET /v2.0/ports?device_id=3ccffb89-1298-4985-a4ee-4139322e86b5 HTTP/1.1" status: 200 len: 205 time: 0.0213597
2026-05-06 06:16:49.758 9 INFO neutron.wsgi [req-69a84146-f23d-4f8c-8110-0919e2c3c1d7 req-fd54b209-8efa-4513-9fe6-691c9964b92f 6da3f2bf77324f328b51d0a276f19dee f3e79d991d464280b0329d41bf9ea437 - - b621fce73f6d42c4a41bca51a726afc4 b621fce73f6d42c4a41bca51a726afc4] 199.204.45.57 "GET /v2.0/subnets?id=6002351e-6008-43d7-b607-9d85cbddbc7f&id=7703719c-52c4-4d19-8b19-7df60e3239d8 HTTP/1.1" status: 200 len: 1565 time: 0.0431235
2026-05-06 06:16:49.773 10 INFO neutron.api.v2.resource [None req-3839354a-5bd2-43cf-ac5a-1939e64d6cb3 30e84cd331b44e54aa501abbbb99c15f d5583e33a548491aaa4083382a62d1d2 - - - -] delete failed (client error): The resource could not be found.
2026-05-06 06:16:49.774 10 INFO neutron.wsgi [None req-3839354a-5bd2-43cf-ac5a-1939e64d6cb3 30e84cd331b44e54aa501abbbb99c15f d5583e33a548491aaa4083382a62d1d2 - - - -] 10.0.0.184 "DELETE /v2.0/routers/3ccffb89-1298-4985-a4ee-4139322e86b5 HTTP/1.1" status: 404 len: 336 time: 0.0245407
2026-05-06 06:16:49.800 10 INFO neutron.wsgi [None req-206ae34a-88ba-484d-a441-44a2b9d9928c 30e84cd331b44e54aa501abbbb99c15f d5583e33a548491aaa4083382a62d1d2 - - default default] 10.0.0.184 "GET /v2.0/ports?device_id=f8596b8d-e794-467d-a039-d8e6086c1368 HTTP/1.1" status: 200 len: 205 time: 0.0221567
2026-05-06 06:16:49.802 9 INFO neutron.services.segments.plugin [-] Segment bbaebf92-a436-438a-a1e6-4f9a2aa2eac6 resource provider aggregate not found
2026-05-06 06:16:49.807 9 INFO neutron.wsgi [req-69a84146-f23d-4f8c-8110-0919e2c3c1d7 req-c94ec479-5f73-44ef-b227-84c5bcf30eb8 6da3f2bf77324f328b51d0a276f19dee f3e79d991d464280b0329d41bf9ea437 - - b621fce73f6d42c4a41bca51a726afc4 b621fce73f6d42c4a41bca51a726afc4] 199.204.45.57 "GET /v2.0/ports?network_id=3f458ae3-c9a8-4ebe-bc9a-9fe790144154&device_owner=network%3Adhcp HTTP/1.1" status: 200 len: 210 time: 0.0402477
2026-05-06 06:16:49.808 9 INFO neutron.services.segments.plugin [-] Segment bbaebf92-a436-438a-a1e6-4f9a2aa2eac6 resource provider aggregate not found
2026-05-06 06:16:49.826 9 INFO neutron.services.segments.plugin [-] Segment bbaebf92-a436-438a-a1e6-4f9a2aa2eac6 resource provider not found; error: Placement Client Error (4xx): {"errors": [{"status": 404, "title": "Not Found", "detail": "The resource could not be found.\n\n No resource provider with uuid bbaebf92-a436-438a-a1e6-4f9a2aa2eac6 found for delete ", "request_id": "req-d057bbde-ec90-4d90-9b6a-4d08d7935a70"}]}
2026-05-06 06:16:49.829 9 INFO neutron.services.segments.plugin [-] Segment bbaebf92-a436-438a-a1e6-4f9a2aa2eac6 resource provider not found; error: Placement Client Error (4xx): {"errors": [{"status": 404, "title": "Not Found", "detail": "The resource could not be found.\n\n No resource provider with uuid bbaebf92-a436-438a-a1e6-4f9a2aa2eac6 found for delete ", "request_id": "req-eebbb7e7-089b-46fd-9193-87053aa98af2"}]}
2026-05-06 06:16:49.831 10 INFO neutron.api.v2.resource [None req-689f237a-7871-46d4-b4d2-3f224560a227 30e84cd331b44e54aa501abbbb99c15f d5583e33a548491aaa4083382a62d1d2 - - - -] delete failed (client error): The resource could not be found.
2026-05-06 06:16:49.832 10 INFO neutron.wsgi [None req-689f237a-7871-46d4-b4d2-3f224560a227 30e84cd331b44e54aa501abbbb99c15f d5583e33a548491aaa4083382a62d1d2 - - - -] 10.0.0.184 "DELETE /v2.0/routers/f8596b8d-e794-467d-a039-d8e6086c1368 HTTP/1.1" status: 404 len: 336 time: 0.0265291
2026-05-06 06:16:49.839 9 INFO neutron.wsgi [req-69a84146-f23d-4f8c-8110-0919e2c3c1d7 req-aa126117-d4f8-44d0-a76b-42237ce3d31b 6da3f2bf77324f328b51d0a276f19dee f3e79d991d464280b0329d41bf9ea437 - - b621fce73f6d42c4a41bca51a726afc4 b621fce73f6d42c4a41bca51a726afc4] 199.204.45.57 "GET /v2.0/ports?network_id=3f458ae3-c9a8-4ebe-bc9a-9fe790144154&device_owner=network%3Adhcp HTTP/1.1" status: 200 len: 210 time: 0.0246868
2026-05-06 06:16:49.841 9 INFO neutron.wsgi [None req-4745fda4-543b-493f-85fd-036a328eff8b 8e5c766801194016a35dfcbe05ef5617 1a009fe3683c4df096bc63300d7dcabf - - default default] 10.0.0.184 "GET /v2.0/security-groups?tenant_id=084ada85bf364141991b59bbe65841ef&name=default HTTP/1.1" status: 200 len: 2996 time: 0.2557609
2026-05-06 06:16:49.856 10 INFO neutron.pecan_wsgi.hooks.translation [None req-a93896d9-3db1-49ec-9818-63c32ab3ac97 30e84cd331b44e54aa501abbbb99c15f d5583e33a548491aaa4083382a62d1d2 - - - -] DELETE failed (client error): The resource could not be found.
2026-05-06 06:16:49.858 10 INFO neutron.wsgi [None req-a93896d9-3db1-49ec-9818-63c32ab3ac97 30e84cd331b44e54aa501abbbb99c15f d5583e33a548491aaa4083382a62d1d2 - - - -] 10.0.0.184 "DELETE /v2.0/subnets/721abc32-b3be-4943-bfac-54e38b0f1570 HTTP/1.1" status: 404 len: 337 time: 0.0219898
2026-05-06 06:16:49.881 10 INFO neutron.wsgi [None req-5d498cd3-7590-4841-a81f-c01f86c93309 30e84cd331b44e54aa501abbbb99c15f d5583e33a548491aaa4083382a62d1d2 - - default default] 10.0.0.184 "GET /v2.0/ports?device_id=82aca8da-bd2a-47c2-b95f-9908a5de45ec HTTP/1.1" status: 200 len: 205 time: 0.0186818
2026-05-06 06:16:49.907 10 INFO neutron.api.v2.resource [None req-c6f8f126-e734-4c87-bfa5-05733053c465 30e84cd331b44e54aa501abbbb99c15f d5583e33a548491aaa4083382a62d1d2 - - - -] delete failed (client error): The resource could not be found.
2026-05-06 06:16:49.909 10 INFO neutron.wsgi [None req-c6f8f126-e734-4c87-bfa5-05733053c465 30e84cd331b44e54aa501abbbb99c15f d5583e33a548491aaa4083382a62d1d2 - - - -] 10.0.0.184 "DELETE /v2.0/routers/82aca8da-bd2a-47c2-b95f-9908a5de45ec HTTP/1.1" status: 404 len: 336 time: 0.0222149
2026-05-06 06:16:49.910 9 INFO neutron.wsgi [req-69a84146-f23d-4f8c-8110-0919e2c3c1d7 req-47906f0a-365e-4744-916e-cb49bf7685c4 6da3f2bf77324f328b51d0a276f19dee f3e79d991d464280b0329d41bf9ea437 - - b621fce73f6d42c4a41bca51a726afc4 b621fce73f6d42c4a41bca51a726afc4] 199.204.45.57 "GET /v2.0/networks/3f458ae3-c9a8-4ebe-bc9a-9fe790144154?fields=segments HTTP/1.1" status: 200 len: 212 time: 0.0634696
2026-05-06 06:16:49.930 10 INFO neutron.pecan_wsgi.hooks.translation [None req-767040ea-8611-45b8-ae44-8255e1b962e9 30e84cd331b44e54aa501abbbb99c15f d5583e33a548491aaa4083382a62d1d2 - - - -] DELETE failed (client error): The resource could not be found.
2026-05-06 06:16:49.932 10 INFO neutron.wsgi [None req-767040ea-8611-45b8-ae44-8255e1b962e9 30e84cd331b44e54aa501abbbb99c15f d5583e33a548491aaa4083382a62d1d2 - - - -] 10.0.0.184 "DELETE /v2.0/subnets/3d5aa150-cb5f-4b2e-b6b7-8efc7a7f088b HTTP/1.1" status: 404 len: 337 time: 0.0188367
2026-05-06 06:16:49.960 10 INFO neutron.wsgi [None req-b2d2235c-0042-4949-980e-a767b5d82e24 30e84cd331b44e54aa501abbbb99c15f d5583e33a548491aaa4083382a62d1d2 - - default default] 10.0.0.184 "GET /v2.0/ports?device_id=d9a868d7-8b39-4331-98d1-0353e3b64dc2 HTTP/1.1" status: 200 len: 205 time: 0.0227857
2026-05-06 06:16:49.971 9 INFO neutron.wsgi [req-69a84146-f23d-4f8c-8110-0919e2c3c1d7 req-9e419f65-4e10-4389-86a6-c52a3feba6c9 6da3f2bf77324f328b51d0a276f19dee f3e79d991d464280b0329d41bf9ea437 - - b621fce73f6d42c4a41bca51a726afc4 b621fce73f6d42c4a41bca51a726afc4] 199.204.45.57 "GET /v2.0/networks/3f458ae3-c9a8-4ebe-bc9a-9fe790144154?fields=provider%3Aphysical_network&fields=provider%3Anetwork_type HTTP/1.1" status: 200 len: 277 time: 0.0564060
2026-05-06 06:16:49.988 10 INFO neutron.api.v2.resource [None req-bcee8802-d1e9-45e6-99f2-9c008359589d 30e84cd331b44e54aa501abbbb99c15f d5583e33a548491aaa4083382a62d1d2 - - - -] delete failed (client error): The resource could not be found.
2026-05-06 06:16:49.989 10 INFO neutron.wsgi [None req-bcee8802-d1e9-45e6-99f2-9c008359589d 30e84cd331b44e54aa501abbbb99c15f d5583e33a548491aaa4083382a62d1d2 - - - -] 10.0.0.184 "DELETE /v2.0/routers/d9a868d7-8b39-4331-98d1-0353e3b64dc2 HTTP/1.1" status: 404 len: 336 time: 0.0238869
2026-05-06 06:16:50.010 10 INFO neutron.pecan_wsgi.hooks.translation [None req-2861860f-fe15-4730-8743-c16b8db08cd2 30e84cd331b44e54aa501abbbb99c15f d5583e33a548491aaa4083382a62d1d2 - - - -] DELETE failed (client error): The resource could not be found.
2026-05-06 06:16:50.013 10 INFO neutron.wsgi [None req-2861860f-fe15-4730-8743-c16b8db08cd2 30e84cd331b44e54aa501abbbb99c15f d5583e33a548491aaa4083382a62d1d2 - - - -] 10.0.0.184 "DELETE /v2.0/subnets/fe1b8993-c920-4f95-8667-82409c74c7d3 HTTP/1.1" status: 404 len: 337 time: 0.0200574
2026-05-06 06:16:50.046 9 INFO neutron.pecan_wsgi.hooks.translation [None req-a9d3f134-6db0-4e54-ab75-ba88ef5da3ce 30e84cd331b44e54aa501abbbb99c15f d5583e33a548491aaa4083382a62d1d2 - - - -] DELETE failed (client error): The resource could not be found.
2026-05-06 06:16:50.048 9 INFO neutron.wsgi [None req-a9d3f134-6db0-4e54-ab75-ba88ef5da3ce 30e84cd331b44e54aa501abbbb99c15f d5583e33a548491aaa4083382a62d1d2 - - - -] 10.0.0.184 "DELETE /v2.0/subnets/4bf163df-c734-4063-b4cc-29fae1fbbd45 HTTP/1.1" status: 404 len: 337 time: 0.0280199
2026-05-06 06:16:50.052 9 INFO neutron.wsgi [req-5e17d442-adf8-4505-8164-758fbf3cdc14 req-6f02f1f6-faf6-41d9-b27f-99a1e7d1a76f 6da3f2bf77324f328b51d0a276f19dee f3e79d991d464280b0329d41bf9ea437 - - b621fce73f6d42c4a41bca51a726afc4 b621fce73f6d42c4a41bca51a726afc4] 199.204.45.57 "GET /v2.0/ports?tenant_id=61e992dcf079458e859bf3fcb7d4243d&device_id=3fe094af-a0cf-460e-b13c-f37f77312b76 HTTP/1.1" status: 200 len: 1592 time: 0.0410886
2026-05-06 06:16:50.084 9 INFO neutron.wsgi [None req-7ef3a0ee-9ce6-4c87-8544-8922cf231082 8e5c766801194016a35dfcbe05ef5617 1a009fe3683c4df096bc63300d7dcabf - - - -] 10.0.0.184 "DELETE /v2.0/security-groups/fc842eb9-9c49-465d-97cd-f28b46457a43 HTTP/1.1" status: 204 len: 168 time: 0.2390039
2026-05-06 06:16:50.112 9 INFO neutron.wsgi [req-5e17d442-adf8-4505-8164-758fbf3cdc14 req-a5af7f5e-eb78-4842-99ad-625124c24813 6da3f2bf77324f328b51d0a276f19dee f3e79d991d464280b0329d41bf9ea437 - - b621fce73f6d42c4a41bca51a726afc4 b621fce73f6d42c4a41bca51a726afc4] 199.204.45.57 "GET /v2.0/networks?id=3f458ae3-c9a8-4ebe-bc9a-9fe790144154 HTTP/1.1" status: 200 len: 1002 time: 0.0529413
2026-05-06 06:16:50.143 9 INFO neutron.wsgi [req-5e17d442-adf8-4505-8164-758fbf3cdc14 req-fc404c6a-e7aa-4a83-b0a9-3fb2189f10c5 6da3f2bf77324f328b51d0a276f19dee f3e79d991d464280b0329d41bf9ea437 - - b621fce73f6d42c4a41bca51a726afc4 b621fce73f6d42c4a41bca51a726afc4] 199.204.45.57 "GET /v2.0/floatingips?fixed_ip_address=10.2.2.189&port_id=2bf265aa-177c-4c1b-a0d6-247c7b969cf2 HTTP/1.1" status: 200 len: 217 time: 0.0234444
2026-05-06 06:16:50.178 9 INFO neutron.wsgi [req-5e17d442-adf8-4505-8164-758fbf3cdc14 req-c00237df-7335-4902-b71a-bbafede1a623 6da3f2bf77324f328b51d0a276f19dee f3e79d991d464280b0329d41bf9ea437 - - b621fce73f6d42c4a41bca51a726afc4 b621fce73f6d42c4a41bca51a726afc4] 199.204.45.57 "GET /v2.0/floatingips?fixed_ip_address=fd77%3A1457%3A4cf0%3A26a8%3A%3A1e4&port_id=2bf265aa-177c-4c1b-a0d6-247c7b969cf2 HTTP/1.1" status: 200 len: 217 time: 0.0253892
2026-05-06 06:16:50.218 9 INFO neutron.plugins.ml2.drivers.ovn.mech_driver.mech_driver [None req-b9bb181f-c424-4558-926b-e13d5d606e74 - - - - - -] OVN reports status up for port: 2bf265aa-177c-4c1b-a0d6-247c7b969cf2
2026-05-06 06:16:50.230 9 INFO neutron.plugins.ml2.plugin [None req-b9bb181f-c424-4558-926b-e13d5d606e74 - - - - - -] Attempt 1 to provision port 2bf265aa-177c-4c1b-a0d6-247c7b969cf2
2026-05-06 06:16:50.256 9 INFO neutron.wsgi [req-5e17d442-adf8-4505-8164-758fbf3cdc14 req-342c2f3e-7f72-42b6-81a3-3f482ff5508b 6da3f2bf77324f328b51d0a276f19dee f3e79d991d464280b0329d41bf9ea437 - - b621fce73f6d42c4a41bca51a726afc4 b621fce73f6d42c4a41bca51a726afc4] 199.204.45.57 "GET /v2.0/subnets?id=6002351e-6008-43d7-b607-9d85cbddbc7f&id=7703719c-52c4-4d19-8b19-7df60e3239d8 HTTP/1.1" status: 200 len: 1565 time: 0.0689650
2026-05-06 06:16:50.286 9 INFO neutron.wsgi [req-5e17d442-adf8-4505-8164-758fbf3cdc14 req-802b5d47-6f7f-4cf0-93db-f58436bbf882 6da3f2bf77324f328b51d0a276f19dee f3e79d991d464280b0329d41bf9ea437 - - b621fce73f6d42c4a41bca51a726afc4 b621fce73f6d42c4a41bca51a726afc4] 199.204.45.57 "GET /v2.0/ports?network_id=3f458ae3-c9a8-4ebe-bc9a-9fe790144154&device_owner=network%3Adhcp HTTP/1.1" status: 200 len: 210 time: 0.0213406
2026-05-06 06:16:50.328 9 INFO neutron.wsgi [req-5e17d442-adf8-4505-8164-758fbf3cdc14 req-45bbef15-2a32-4c10-b24e-7cecf304341d 6da3f2bf77324f328b51d0a276f19dee f3e79d991d464280b0329d41bf9ea437 - - b621fce73f6d42c4a41bca51a726afc4 b621fce73f6d42c4a41bca51a726afc4] 199.204.45.57 "GET /v2.0/ports?network_id=3f458ae3-c9a8-4ebe-bc9a-9fe790144154&device_owner=network%3Adhcp HTTP/1.1" status: 200 len: 210 time: 0.0328054
2026-05-06 06:16:50.356 10 INFO neutron.db.ovn_revision_numbers_db [None req-af0313b5-bc6c-4303-8672-ddffc71acd6d 8e5c766801194016a35dfcbe05ef5617 1a009fe3683c4df096bc63300d7dcabf - - default default] Successfully bumped revision number for resource ce7989fe-2be2-438b-8cc0-226c61ae4a29 (type: security_groups) to 1
2026-05-06 06:16:50.376 10 INFO neutron.wsgi [None req-af0313b5-bc6c-4303-8672-ddffc71acd6d 8e5c766801194016a35dfcbe05ef5617 1a009fe3683c4df096bc63300d7dcabf - - default default] 10.0.0.184 "GET /v2.0/security-groups?tenant_id=f93deee49c6941c191521fb6eb835b5d&name=default HTTP/1.1" status: 200 len: 2996 time: 0.1808996
2026-05-06 06:16:50.402 9 INFO neutron.wsgi [req-5e17d442-adf8-4505-8164-758fbf3cdc14 req-e5e3a2af-b363-46ac-b800-e6a5a722395c 6da3f2bf77324f328b51d0a276f19dee f3e79d991d464280b0329d41bf9ea437 - - b621fce73f6d42c4a41bca51a726afc4 b621fce73f6d42c4a41bca51a726afc4] 199.204.45.57 "GET /v2.0/networks/3f458ae3-c9a8-4ebe-bc9a-9fe790144154?fields=segments HTTP/1.1" status: 200 len: 212 time: 0.0652497
2026-05-06 06:16:50.489 9 INFO neutron.wsgi [req-5e17d442-adf8-4505-8164-758fbf3cdc14 req-2adcc4f6-ce84-48f6-9d5c-ba862dc02c0c 6da3f2bf77324f328b51d0a276f19dee f3e79d991d464280b0329d41bf9ea437 - - b621fce73f6d42c4a41bca51a726afc4 b621fce73f6d42c4a41bca51a726afc4] 199.204.45.57 "GET /v2.0/networks/3f458ae3-c9a8-4ebe-bc9a-9fe790144154?fields=provider%3Aphysical_network&fields=provider%3Anetwork_type HTTP/1.1" status: 200 len: 277 time: 0.0746868
2026-05-06 06:16:50.609 9 INFO neutron.db.ovn_revision_numbers_db [None req-b9bb181f-c424-4558-926b-e13d5d606e74 - - - - - -] Successfully bumped revision number for resource 2bf265aa-177c-4c1b-a0d6-247c7b969cf2 (type: ports) to 4
2026-05-06 06:16:50.683 9 INFO neutron.wsgi [None req-12096d62-5672-4f9c-afbc-7ae792a2f97c 8e5c766801194016a35dfcbe05ef5617 1a009fe3683c4df096bc63300d7dcabf - - default default] 10.0.0.184 "GET /v2.0/security-groups?tenant_id=d5583e33a548491aaa4083382a62d1d2&name=default HTTP/1.1" status: 200 len: 2996 time: 0.1012692
2026-05-06 06:16:50.685 9 INFO neutron.wsgi [None req-f76ab39f-0447-4b71-9f5b-2af967988a73 8e5c766801194016a35dfcbe05ef5617 1a009fe3683c4df096bc63300d7dcabf - - - -] 10.0.0.184 "DELETE /v2.0/security-groups/ce7989fe-2be2-438b-8cc0-226c61ae4a29 HTTP/1.1" status: 204 len: 168 time: 0.3014662 /var/lib/openstack/lib/python3.10/site-packages/pycadf/identifier.py:71: UserWarning: Invalid uuid: neutron. To ensure interoperability, identifiers should be a valid uuid. warnings.warn(('Invalid uuid: %s. To ensure interoperability, '
2026-05-06 06:16:50.849 10 WARNING neutron.scheduler.dhcp_agent_scheduler [None req-3aad848f-4898-4124-a9c9-d9fa394f6e8e fc2318a851e14fc89b90ae1e57b4020e 74c50cd31a734aa0923de5fe8bf39bda - - - -] No more DHCP agents
2026-05-06 06:16:50.852 10 WARNING neutron.api.rpc.agentnotifiers.dhcp_rpc_agent_api [None req-3aad848f-4898-4124-a9c9-d9fa394f6e8e fc2318a851e14fc89b90ae1e57b4020e 74c50cd31a734aa0923de5fe8bf39bda - - - -] Unable to schedule network 830aeb48-e604-4bf4-b1f0-c30f0a97948c: no agents available; will retry on subsequent port and subnet creation events.
2026-05-06 06:16:50.876 9 INFO neutron.db.ovn_revision_numbers_db [None req-9bceb5dd-54f5-49ee-989d-055e526d4780 8e5c766801194016a35dfcbe05ef5617 1a009fe3683c4df096bc63300d7dcabf - - default default] Successfully bumped revision number for resource 03ccd29f-85dc-42dc-9027-45b6af54f03b (type: security_groups) to 1
2026-05-06 06:16:50.894 9 INFO neutron.wsgi [None req-f47c283b-6d97-4556-9896-8b9578a4c5d3 8e5c766801194016a35dfcbe05ef5617 1a009fe3683c4df096bc63300d7dcabf - - - -] 10.0.0.184 "DELETE /v2.0/security-groups/f53f7f08-2049-4957-ba8f-16c615b58d9f HTTP/1.1" status: 204 len: 168 time: 0.2038808
2026-05-06 06:16:50.898 9 INFO neutron.wsgi [None req-9bceb5dd-54f5-49ee-989d-055e526d4780 8e5c766801194016a35dfcbe05ef5617 1a009fe3683c4df096bc63300d7dcabf - - default default] 10.0.0.184 "GET /v2.0/security-groups?tenant_id=d632d5f33ee44bcdb1a921f0d2bc6b09&name=default HTTP/1.1" status: 200 len: 2996 time: 0.1223998
2026-05-06 06:16:51.082 9 INFO neutron.wsgi [None req-65821012-4ae0-40e1-bada-f19684a242d0 8e5c766801194016a35dfcbe05ef5617 1a009fe3683c4df096bc63300d7dcabf - - - -] 10.0.0.184 "DELETE /v2.0/security-groups/03ccd29f-85dc-42dc-9027-45b6af54f03b HTTP/1.1" status: 204 len: 168 time: 0.1743038
2026-05-06 06:16:51.149 10 INFO neutron.db.ovn_revision_numbers_db [None req-3aad848f-4898-4124-a9c9-d9fa394f6e8e fc2318a851e14fc89b90ae1e57b4020e 74c50cd31a734aa0923de5fe8bf39bda - - - -] Successfully bumped revision number for resource fb0c5521-cce1-4b4b-b00f-71ffef0b52db (type: floatingips) to 0
2026-05-06 06:16:51.163 10 INFO neutron.wsgi [None req-3aad848f-4898-4124-a9c9-d9fa394f6e8e fc2318a851e14fc89b90ae1e57b4020e 74c50cd31a734aa0923de5fe8bf39bda - - - -] 10.0.0.184 "POST /v2.0/floatingips HTTP/1.1" status: 201 len: 751 time: 0.8189828
2026-05-06 06:16:51.224 10 INFO neutron.wsgi [None req-35622b37-bf6a-4d51-a4b3-385689907250 fc2318a851e14fc89b90ae1e57b4020e 74c50cd31a734aa0923de5fe8bf39bda - - - -] 10.0.0.184 "PUT /v2.0/floatingips/fb0c5521-cce1-4b4b-b00f-71ffef0b52db/tags HTTP/1.1" status: 200 len: 218 time: 0.0549197
2026-05-06 06:16:51.250 10 INFO neutron.wsgi [None req-4bea7c63-502c-494c-8774-4f3ff443f4a5 fc2318a851e14fc89b90ae1e57b4020e 74c50cd31a734aa0923de5fe8bf39bda - - default default] 10.0.0.184 "GET /v2.0/floatingips/fb0c5521-cce1-4b4b-b00f-71ffef0b52db/tags HTTP/1.1" status: 200 len: 218 time: 0.0222948
2026-05-06 06:16:51.286 10 INFO neutron.wsgi [None req-e6a786a9-673c-4789-8f18-6eccd3b15921 fc2318a851e14fc89b90ae1e57b4020e 74c50cd31a734aa0923de5fe8bf39bda - - - -] 10.0.0.184 "PUT /v2.0/floatingips/fb0c5521-cce1-4b4b-b00f-71ffef0b52db/tags/green HTTP/1.1" status: 201 len: 201 time: 0.0313871
2026-05-06 06:16:51.317 10 INFO neutron.wsgi [None req-1922861a-96a3-42c8-83ec-aae04f6da946 fc2318a851e14fc89b90ae1e57b4020e 74c50cd31a734aa0923de5fe8bf39bda - - default default] 10.0.0.184 "GET /v2.0/floatingips/fb0c5521-cce1-4b4b-b00f-71ffef0b52db/tags HTTP/1.1" status: 200 len: 227 time: 0.0266311
2026-05-06 06:16:51.353 10 INFO neutron.wsgi [None req-a0e6085a-e581-478b-9bcb-411bac6989b8 fc2318a851e14fc89b90ae1e57b4020e 74c50cd31a734aa0923de5fe8bf39bda - - - -] 10.0.0.184 "PUT /v2.0/floatingips/fb0c5521-cce1-4b4b-b00f-71ffef0b52db/tags/red HTTP/1.1" status: 201 len: 201 time: 0.0318022
2026-05-06 06:16:51.387 10 INFO neutron.wsgi [None req-c89f2129-03fd-4a04-a3d8-0bbd86c42e38 fc2318a851e14fc89b90ae1e57b4020e 74c50cd31a734aa0923de5fe8bf39bda - - default default] 10.0.0.184 "GET /v2.0/floatingips/fb0c5521-cce1-4b4b-b00f-71ffef0b52db/tags HTTP/1.1" status: 200 len: 227 time: 0.0308261
2026-05-06 06:16:51.429 10 INFO neutron.wsgi [None req-1af53f31-ee91-480d-b32f-2e39cf4fbe53 fc2318a851e14fc89b90ae1e57b4020e 74c50cd31a734aa0923de5fe8bf39bda - - - -] 10.0.0.184 "PUT /v2.0/floatingips/fb0c5521-cce1-4b4b-b00f-71ffef0b52db/tags/black.or.white HTTP/1.1" status: 201 len: 201 time: 0.0375144
2026-05-06 06:16:51.463 10 INFO neutron.wsgi [None req-75495e16-dfe8-4fc4-8843-91e3be2a248c fc2318a851e14fc89b90ae1e57b4020e 74c50cd31a734aa0923de5fe8bf39bda - - default default] 10.0.0.184 "GET /v2.0/floatingips/fb0c5521-cce1-4b4b-b00f-71ffef0b52db/tags HTTP/1.1" status: 200 len: 245 time: 0.0301812
2026-05-06 06:16:51.505 10 INFO neutron.wsgi [None req-63bcfb65-64e0-49b5-8ad1-b6c7a6c59845 fc2318a851e14fc89b90ae1e57b4020e 74c50cd31a734aa0923de5fe8bf39bda - - - -] 10.0.0.184 "PUT /v2.0/floatingips/fb0c5521-cce1-4b4b-b00f-71ffef0b52db/tags HTTP/1.1" status: 200 len: 230 time: 0.0382609
2026-05-06 06:16:51.540 10 INFO neutron.wsgi [None req-a0b07479-892a-4e8e-a13d-8120321886ca fc2318a851e14fc89b90ae1e57b4020e 74c50cd31a734aa0923de5fe8bf39bda - - default default] 10.0.0.184 "GET /v2.0/floatingips/fb0c5521-cce1-4b4b-b00f-71ffef0b52db/tags HTTP/1.1" status: 200 len: 230 time: 0.0311415
2026-05-06 06:16:51.576 10 INFO neutron.wsgi [None req-90aae9c7-c61a-483a-bcdb-26106b960d7f fc2318a851e14fc89b90ae1e57b4020e 74c50cd31a734aa0923de5fe8bf39bda - - default default] 10.0.0.184 "GET /v2.0/floatingips/fb0c5521-cce1-4b4b-b00f-71ffef0b52db/tags/red HTTP/1.1" status: 204 len: 168 time: 0.0315056
2026-05-06 06:16:51.616 10 INFO neutron.api.v2.resource [None req-f7fcac78-5322-480e-a99d-199638f733a3 fc2318a851e14fc89b90ae1e57b4020e 74c50cd31a734aa0923de5fe8bf39bda - - default default] show failed (client error): The resource could not be found.
2026-05-06 06:16:51.617 10 INFO neutron.wsgi [None req-f7fcac78-5322-480e-a99d-199638f733a3 fc2318a851e14fc89b90ae1e57b4020e 74c50cd31a734aa0923de5fe8bf39bda - - default default] 10.0.0.184 "GET /v2.0/floatingips/fb0c5521-cce1-4b4b-b00f-71ffef0b52db/tags/green HTTP/1.1" status: 404 len: 299 time: 0.0304060
2026-05-06 06:16:51.650 9 INFO neutron.notifiers.nova [-] Nova event matching ['req-28711695-21bc-4330-8d69-5df9f23ea525'] response: {'server_uuid': '3fe094af-a0cf-460e-b13c-f37f77312b76', 'name': 'network-vif-plugged', 'status': 'completed', 'tag': '2bf265aa-177c-4c1b-a0d6-247c7b969cf2', 'code': 200}
2026-05-06 06:16:51.650 9 INFO neutron.notifiers.nova [-] Nova event matching ['req-28711695-21bc-4330-8d69-5df9f23ea525'] response: {'server_uuid': '3fe094af-a0cf-460e-b13c-f37f77312b76', 'name': 'network-vif-plugged', 'status': 'completed', 'tag': '2bf265aa-177c-4c1b-a0d6-247c7b969cf2', 'code': 200}
2026-05-06 06:16:51.694 10 INFO neutron.wsgi [None req-2de0af22-caee-4f53-a5a3-76a921c78c29 fc2318a851e14fc89b90ae1e57b4020e 74c50cd31a734aa0923de5fe8bf39bda - - - -] 10.0.0.184 "DELETE /v2.0/floatingips/fb0c5521-cce1-4b4b-b00f-71ffef0b52db/tags/red HTTP/1.1" status: 204 len: 168 time: 0.0709748
2026-05-06 06:16:51.745 10 INFO neutron.wsgi [None req-fde9749c-5c4a-40d5-8a8d-c461bf4eb594 fc2318a851e14fc89b90ae1e57b4020e 74c50cd31a734aa0923de5fe8bf39bda - - default default] 10.0.0.184 "GET /v2.0/floatingips/fb0c5521-cce1-4b4b-b00f-71ffef0b52db/tags HTTP/1.1" status: 200 len: 223 time: 0.0459349
2026-05-06 06:16:51.784 10 INFO neutron.api.v2.resource [None req-9d4bd95f-e20c-453d-a14d-3c77ea8903bd fc2318a851e14fc89b90ae1e57b4020e 74c50cd31a734aa0923de5fe8bf39bda - - - -] delete failed (client error): The resource could not be found.
2026-05-06 06:16:51.786 10 INFO neutron.wsgi [None req-9d4bd95f-e20c-453d-a14d-3c77ea8903bd fc2318a851e14fc89b90ae1e57b4020e 74c50cd31a734aa0923de5fe8bf39bda - - - -] 10.0.0.184 "DELETE /v2.0/floatingips/fb0c5521-cce1-4b4b-b00f-71ffef0b52db/tags/green HTTP/1.1" status: 404 len: 299 time: 0.0346227
2026-05-06 06:16:51.833 10 INFO neutron.wsgi [None req-fdb0380c-8f10-412b-9c37-3cdec9dac87a fc2318a851e14fc89b90ae1e57b4020e 74c50cd31a734aa0923de5fe8bf39bda - - - -] 10.0.0.184 "DELETE /v2.0/floatingips/fb0c5521-cce1-4b4b-b00f-71ffef0b52db/tags HTTP/1.1" status: 204 len: 168 time: 0.0423362
2026-05-06 06:16:51.870 10 INFO neutron.wsgi [None req-806dbe23-c5b9-4efc-aa2b-3c70e60eb2ff fc2318a851e14fc89b90ae1e57b4020e 74c50cd31a734aa0923de5fe8bf39bda - - default default] 10.0.0.184 "GET /v2.0/floatingips/fb0c5521-cce1-4b4b-b00f-71ffef0b52db/tags HTTP/1.1" status: 200 len: 205 time: 0.0324759
2026-05-06 06:16:52.302 10 INFO neutron.wsgi [req-b85b6b91-f5df-44fc-9d46-3323c83ebb24 req-c088afaa-0ca2-4a91-8fd9-3f8787033231 3a6ac60dbbea4286a64345ce64f2cb11 61e992dcf079458e859bf3fcb7d4243d - - default default] 10.0.0.205 "GET /v2.0/ports?device_id=3fe094af-a0cf-460e-b13c-f37f77312b76 HTTP/1.1" status: 200 len: 1404 time: 0.1262922
2026-05-06 06:16:52.315 10 INFO neutron.wsgi [None req-280c89df-c59d-4c4d-a7a3-32f33f7ff4aa fc2318a851e14fc89b90ae1e57b4020e 74c50cd31a734aa0923de5fe8bf39bda - - - -] 10.0.0.184 "DELETE /v2.0/floatingips/fb0c5521-cce1-4b4b-b00f-71ffef0b52db HTTP/1.1" status: 204 len: 168 time: 0.4382360
2026-05-06 06:16:52.351 10 INFO neutron.wsgi [req-b85b6b91-f5df-44fc-9d46-3323c83ebb24 req-36daac99-4328-4d1a-8924-f3c57d6417f7 3a6ac60dbbea4286a64345ce64f2cb11 61e992dcf079458e859bf3fcb7d4243d - - default default] 10.0.0.205 "GET /v2.0/security-groups?id=7a397637-5873-4c3f-915c-6370659cab8f&fields=id&fields=name HTTP/1.1" status: 200 len: 310 time: 0.0401921
2026-05-06 06:16:52.502 9 INFO neutron.wsgi [None req-201fbc54-6377-41da-b3b5-03be018a5f88 3a6ac60dbbea4286a64345ce64f2cb11 61e992dcf079458e859bf3fcb7d4243d - - default default] 10.0.0.184 "GET /v2.0/ports?network_id=3f458ae3-c9a8-4ebe-bc9a-9fe790144154&mac_address=fa%3A16%3A3e%3Af9%3Afa%3A19 HTTP/1.1" status: 200 len: 1399 time: 0.1279562
2026-05-06 06:16:52.827 9 WARNING neutron.scheduler.dhcp_agent_scheduler [None req-7b8a7b4a-ba61-4de0-81b9-424b0f3a9cfa 3a6ac60dbbea4286a64345ce64f2cb11 61e992dcf079458e859bf3fcb7d4243d - - - -] No more DHCP agents
2026-05-06 06:16:52.829 9 WARNING neutron.api.rpc.agentnotifiers.dhcp_rpc_agent_api [None req-7b8a7b4a-ba61-4de0-81b9-424b0f3a9cfa 3a6ac60dbbea4286a64345ce64f2cb11 61e992dcf079458e859bf3fcb7d4243d - - - -] Unable to schedule network 830aeb48-e604-4bf4-b1f0-c30f0a97948c: no agents available; will retry on subsequent port and subnet creation events.
2026-05-06 06:16:52.980 10 INFO neutron.wsgi [req-ad951978-6ec6-41c6-8ef2-5b647500d548 req-b5e6497f-9aaf-4962-88d7-769cabe91019 6da3f2bf77324f328b51d0a276f19dee f3e79d991d464280b0329d41bf9ea437 - - b621fce73f6d42c4a41bca51a726afc4 b621fce73f6d42c4a41bca51a726afc4] 10.0.0.7 "GET /v2.0/ports?device_id=dfeaf308-4779-4e85-9e90-0a3656669bab HTTP/1.1" status: 200 len: 1586 time: 0.0658414
2026-05-06 06:16:53.023 10 INFO neutron.wsgi [req-ad951978-6ec6-41c6-8ef2-5b647500d548 req-a3616894-d9a8-4e97-a2ea-f45e350a064c 6da3f2bf77324f328b51d0a276f19dee f3e79d991d464280b0329d41bf9ea437 - - b621fce73f6d42c4a41bca51a726afc4 b621fce73f6d42c4a41bca51a726afc4] 10.0.0.7 "GET /v2.0/security-groups?id=7a397637-5873-4c3f-915c-6370659cab8f&fields=id&fields=name HTTP/1.1" status: 200 len: 310 time: 0.0359571
2026-05-06 06:16:53.183 10 INFO neutron.db.ovn_revision_numbers_db [None req-d06a4b9c-0301-45ae-a2db-ffc436053d5a 8e5c766801194016a35dfcbe05ef5617 1a009fe3683c4df096bc63300d7dcabf - - default default] Successfully bumped revision number for resource 33eeff13-4d1c-46fd-a5bb-df36136aae60 (type: security_groups) to 1
2026-05-06 06:16:53.211 10 INFO neutron.wsgi [None req-d06a4b9c-0301-45ae-a2db-ffc436053d5a 8e5c766801194016a35dfcbe05ef5617 1a009fe3683c4df096bc63300d7dcabf - - default default] 10.0.0.184 "GET /v2.0/security-groups?tenant_id=74c50cd31a734aa0923de5fe8bf39bda&name=default HTTP/1.1" status: 200 len: 2996 time: 0.2106907
2026-05-06 06:16:53.378 9 INFO neutron.db.l3_db [None req-7b8a7b4a-ba61-4de0-81b9-424b0f3a9cfa 3a6ac60dbbea4286a64345ce64f2cb11 61e992dcf079458e859bf3fcb7d4243d - - - -] Floating IP 1aa98a48-7532-4293-a44f-faaec9f44f17 associated. External IP: 10.96.250.208, port: 2bf265aa-177c-4c1b-a0d6-247c7b969cf2.
2026-05-06 06:16:53.418 10 INFO neutron.wsgi [None req-d0ef537a-55d1-4901-aaba-68972ec6ed88 8e5c766801194016a35dfcbe05ef5617 1a009fe3683c4df096bc63300d7dcabf - - - -] 10.0.0.184 "DELETE /v2.0/security-groups/33eeff13-4d1c-46fd-a5bb-df36136aae60 HTTP/1.1" status: 204 len: 168 time: 0.2024601
2026-05-06 06:16:53.696 10 INFO neutron.db.ovn_revision_numbers_db [None req-eb1f8a74-a0c9-420e-ae26-d2d29a4b8f28 8e5c766801194016a35dfcbe05ef5617 1a009fe3683c4df096bc63300d7dcabf - - default default] Successfully bumped revision number for resource ee9a2e99-7405-4794-834d-a222bc89fa01 (type: security_groups) to 1
2026-05-06 06:16:53.718 10 INFO neutron.wsgi [None req-eb1f8a74-a0c9-420e-ae26-d2d29a4b8f28 8e5c766801194016a35dfcbe05ef5617 1a009fe3683c4df096bc63300d7dcabf - - default default] 10.0.0.184 "GET /v2.0/security-groups?tenant_id=24e4c1eee33044bdb2ff50b612be1666&name=default HTTP/1.1" status: 200 len: 2996 time: 0.1373742
2026-05-06 06:16:53.947 10 INFO neutron.wsgi [None req-300fc5fa-b2d9-47a1-9d10-6f80b9b4ddcb 8e5c766801194016a35dfcbe05ef5617 1a009fe3683c4df096bc63300d7dcabf - - - -] 10.0.0.184 "DELETE /v2.0/security-groups/ee9a2e99-7405-4794-834d-a222bc89fa01 HTTP/1.1" status: 204 len: 168 time: 0.2235682
2026-05-06 06:16:53.962 9 INFO neutron.db.ovn_revision_numbers_db [None req-7b8a7b4a-ba61-4de0-81b9-424b0f3a9cfa 3a6ac60dbbea4286a64345ce64f2cb11 61e992dcf079458e859bf3fcb7d4243d - - - -] Successfully bumped revision number for resource 1aa98a48-7532-4293-a44f-faaec9f44f17 (type: floatingips) to 0
2026-05-06 06:16:54.048 9 INFO neutron.db.ovn_revision_numbers_db [None req-7b8a7b4a-ba61-4de0-81b9-424b0f3a9cfa 3a6ac60dbbea4286a64345ce64f2cb11 61e992dcf079458e859bf3fcb7d4243d - - - -] Successfully bumped revision number for resource 1aa98a48-7532-4293-a44f-faaec9f44f17 (type: floatingips) to 1
2026-05-06 06:16:54.087 9 INFO neutron.wsgi [None req-7b8a7b4a-ba61-4de0-81b9-424b0f3a9cfa 3a6ac60dbbea4286a64345ce64f2cb11 61e992dcf079458e859bf3fcb7d4243d - - - -] 10.0.0.184 "POST /v2.0/floatingips HTTP/1.1" status: 201 len: 1054 time: 1.5791335
2026-05-06 06:16:54.141 9 INFO neutron.notifiers.nova [-] Nova event matching ['req-4036838b-e95b-4e0e-9a07-706a060c2ea3'] response: {'name': 'network-changed', 'server_uuid': '3fe094af-a0cf-460e-b13c-f37f77312b76', 'tag': '2bf265aa-177c-4c1b-a0d6-247c7b969cf2', 'status': 'completed', 'code': 200}
2026-05-06 06:16:54.153 10 INFO neutron.wsgi [-] 10.0.0.212 "GET / HTTP/1.1" status: 200 len: 246 time: 0.0019941
2026-05-06 06:16:54.154 9 INFO neutron.wsgi [-] 10.0.0.212 "GET / HTTP/1.1" status: 200 len: 246 time: 0.0032973 /var/lib/openstack/lib/python3.10/site-packages/pycadf/identifier.py:71: UserWarning: Invalid uuid: neutron. To ensure interoperability, identifiers should be a valid uuid. warnings.warn(('Invalid uuid: %s. To ensure interoperability, '
2026-05-06 06:16:54.210 9 INFO neutron.wsgi [req-701bcf66-517b-49ef-aced-d3a854f13c2c req-50819442-aaba-4341-9fd0-2f1230b3f867 6da3f2bf77324f328b51d0a276f19dee f3e79d991d464280b0329d41bf9ea437 - - b621fce73f6d42c4a41bca51a726afc4 b621fce73f6d42c4a41bca51a726afc4] 199.204.45.57 "GET /v2.0/ports?tenant_id=61e992dcf079458e859bf3fcb7d4243d&device_id=3fe094af-a0cf-460e-b13c-f37f77312b76 HTTP/1.1" status: 200 len: 1594 time: 0.0353756
2026-05-06 06:16:54.291 9 INFO neutron.wsgi [req-701bcf66-517b-49ef-aced-d3a854f13c2c req-dbf0d383-3b30-4da1-b0f3-f47a1c5a890e 6da3f2bf77324f328b51d0a276f19dee f3e79d991d464280b0329d41bf9ea437 - - b621fce73f6d42c4a41bca51a726afc4 b621fce73f6d42c4a41bca51a726afc4] 199.204.45.57 "GET /v2.0/networks?id=3f458ae3-c9a8-4ebe-bc9a-9fe790144154 HTTP/1.1" status: 200 len: 1002 time: 0.0742989
2026-05-06 06:16:54.339 9 INFO neutron.wsgi [req-701bcf66-517b-49ef-aced-d3a854f13c2c req-3171535a-7a19-4172-9c74-79b15b65f86a 6da3f2bf77324f328b51d0a276f19dee f3e79d991d464280b0329d41bf9ea437 - - b621fce73f6d42c4a41bca51a726afc4 b621fce73f6d42c4a41bca51a726afc4] 199.204.45.57 "GET /v2.0/floatingips?fixed_ip_address=10.2.2.189&port_id=2bf265aa-177c-4c1b-a0d6-247c7b969cf2 HTTP/1.1" status: 200 len: 1059 time: 0.0421312
2026-05-06 06:16:54.369 9 INFO neutron.wsgi [req-701bcf66-517b-49ef-aced-d3a854f13c2c req-b266b45f-904a-4207-afa1-4353a246ae3e 6da3f2bf77324f328b51d0a276f19dee f3e79d991d464280b0329d41bf9ea437 - - b621fce73f6d42c4a41bca51a726afc4 b621fce73f6d42c4a41bca51a726afc4] 199.204.45.57 "GET /v2.0/floatingips?fixed_ip_address=fd77%3A1457%3A4cf0%3A26a8%3A%3A1e4&port_id=2bf265aa-177c-4c1b-a0d6-247c7b969cf2 HTTP/1.1" status: 200 len: 217 time: 0.0227320
2026-05-06 06:16:54.441 9 INFO neutron.wsgi [req-701bcf66-517b-49ef-aced-d3a854f13c2c req-e389cde9-2c24-41d2-a649-443799cb6cc3 6da3f2bf77324f328b51d0a276f19dee f3e79d991d464280b0329d41bf9ea437 - - b621fce73f6d42c4a41bca51a726afc4 b621fce73f6d42c4a41bca51a726afc4] 199.204.45.57 "GET /v2.0/subnets?id=6002351e-6008-43d7-b607-9d85cbddbc7f&id=7703719c-52c4-4d19-8b19-7df60e3239d8 HTTP/1.1" status: 200 len: 1565 time: 0.0656466
2026-05-06 06:16:54.469 9 INFO neutron.wsgi [req-701bcf66-517b-49ef-aced-d3a854f13c2c req-bd55a288-7a70-4cf0-89f5-df6c0044508e 6da3f2bf77324f328b51d0a276f19dee f3e79d991d464280b0329d41bf9ea437 - - b621fce73f6d42c4a41bca51a726afc4 b621fce73f6d42c4a41bca51a726afc4] 199.204.45.57 "GET /v2.0/ports?network_id=3f458ae3-c9a8-4ebe-bc9a-9fe790144154&device_owner=network%3Adhcp HTTP/1.1" status: 200 len: 210 time: 0.0230958
2026-05-06 06:16:54.475 10 WARNING neutron.plugins.ml2.drivers.ovn.mech_driver.ovsdb.ovn_client [None req-2187529b-8f41-404b-b813-7b46c84006bd - - - - - -] No port found with ID e6e13c08-5a21-4bd8-abec-8a4dc003f237: RuntimeError: No port found with ID e6e13c08-5a21-4bd8-abec-8a4dc003f237
2026-05-06 06:16:54.500 9 INFO neutron.wsgi [req-701bcf66-517b-49ef-aced-d3a854f13c2c req-f5ae0e8e-8a48-4087-82c2-b5bea59a4ec9 6da3f2bf77324f328b51d0a276f19dee f3e79d991d464280b0329d41bf9ea437 - - b621fce73f6d42c4a41bca51a726afc4 b621fce73f6d42c4a41bca51a726afc4] 199.204.45.57 "GET /v2.0/ports?network_id=3f458ae3-c9a8-4ebe-bc9a-9fe790144154&device_owner=network%3Adhcp HTTP/1.1" status: 200 len: 210 time: 0.0223930
2026-05-06 06:16:54.566 9 INFO neutron.wsgi [req-701bcf66-517b-49ef-aced-d3a854f13c2c req-f4cce6c0-a106-48c9-a80d-b38a77bb46b5 6da3f2bf77324f328b51d0a276f19dee f3e79d991d464280b0329d41bf9ea437 - - b621fce73f6d42c4a41bca51a726afc4 b621fce73f6d42c4a41bca51a726afc4] 199.204.45.57 "GET /v2.0/networks/3f458ae3-c9a8-4ebe-bc9a-9fe790144154?fields=segments HTTP/1.1" status: 200 len: 212 time: 0.0569189
2026-05-06 06:16:54.629 9 INFO neutron.wsgi [req-701bcf66-517b-49ef-aced-d3a854f13c2c req-f126dad8-ead7-4d2a-bf55-953101ccb5ab 6da3f2bf77324f328b51d0a276f19dee f3e79d991d464280b0329d41bf9ea437 - - b621fce73f6d42c4a41bca51a726afc4 b621fce73f6d42c4a41bca51a726afc4] 199.204.45.57 "GET /v2.0/networks/3f458ae3-c9a8-4ebe-bc9a-9fe790144154?fields=provider%3Aphysical_network&fields=provider%3Anetwork_type HTTP/1.1" status: 200 len: 277 time: 0.0548692
2026-05-06 06:16:54.843 9 INFO neutron.db.ovn_revision_numbers_db [None req-1f1585ba-451d-4c18-af9e-be7fabc5a0b4 8e5c766801194016a35dfcbe05ef5617 1a009fe3683c4df096bc63300d7dcabf - - default default] Successfully bumped revision number for resource 41b7cadb-0e79-4d1c-a45f-028ca77b56b9 (type: security_groups) to 1
2026-05-06 06:16:54.862 9 INFO neutron.wsgi [None req-1f1585ba-451d-4c18-af9e-be7fabc5a0b4 8e5c766801194016a35dfcbe05ef5617 1a009fe3683c4df096bc63300d7dcabf - - default default] 10.0.0.184 "GET /v2.0/security-groups?tenant_id=afe2b29fb8e54abf945641251c68b1a2&name=default HTTP/1.1" status: 200 len: 2996 time: 0.2077100
2026-05-06 06:16:55.052 9 INFO neutron.wsgi [None req-e54e6017-f2b8-45ec-a711-361799972d2b 8e5c766801194016a35dfcbe05ef5617 1a009fe3683c4df096bc63300d7dcabf - - - -] 10.0.0.184 "DELETE /v2.0/security-groups/41b7cadb-0e79-4d1c-a45f-028ca77b56b9 HTTP/1.1" status: 204 len: 168 time: 0.1841898
2026-05-06 06:16:55.910 10 INFO neutron.db.ovn_revision_numbers_db [None req-541400af-f15b-440d-93c6-208410efc3ea 6060f2b41e3f4dd1ae5495ba02a576d4 ab5fee5603334d688d1bcfd8f0982003 - - - -] Successfully bumped revision number for resource 338255ee-0e1e-4c8c-a390-52fa32a629ac (type: security_groups) to 1
2026-05-06 06:16:55.982 10 INFO neutron.db.segments_db [None req-541400af-f15b-440d-93c6-208410efc3ea 6060f2b41e3f4dd1ae5495ba02a576d4 ab5fee5603334d688d1bcfd8f0982003 - - - -] Added segment 2ed34f61-fd1a-40f3-8b89-44a943d81923 of type geneve for network 139c3ac4-aa5e-465d-8732-788ad7fb4444
2026-05-06 06:16:56.136 10 INFO neutron.db.ovn_revision_numbers_db [None req-541400af-f15b-440d-93c6-208410efc3ea 6060f2b41e3f4dd1ae5495ba02a576d4 ab5fee5603334d688d1bcfd8f0982003 - - - -] Successfully bumped revision number for resource 139c3ac4-aa5e-465d-8732-788ad7fb4444 (type: networks) to 1
2026-05-06 06:16:56.558 10 WARNING neutron.scheduler.dhcp_agent_scheduler [None req-541400af-f15b-440d-93c6-208410efc3ea 6060f2b41e3f4dd1ae5495ba02a576d4 ab5fee5603334d688d1bcfd8f0982003 - - - -] No more DHCP agents
2026-05-06 06:16:56.560 10 WARNING neutron.api.rpc.agentnotifiers.dhcp_rpc_agent_api [None req-541400af-f15b-440d-93c6-208410efc3ea 6060f2b41e3f4dd1ae5495ba02a576d4 ab5fee5603334d688d1bcfd8f0982003 - - - -] Unable to schedule network 139c3ac4-aa5e-465d-8732-788ad7fb4444: no agents available; will retry on subsequent port and subnet creation events.
2026-05-06 06:16:56.621 10 INFO neutron.db.ovn_revision_numbers_db [None req-541400af-f15b-440d-93c6-208410efc3ea 6060f2b41e3f4dd1ae5495ba02a576d4 ab5fee5603334d688d1bcfd8f0982003 - - - -] Successfully bumped revision number for resource 9681027c-5fb8-4315-ab18-e81293e64b13 (type: ports) to 1
2026-05-06 06:16:56.642 10 INFO neutron.wsgi [None req-541400af-f15b-440d-93c6-208410efc3ea 6060f2b41e3f4dd1ae5495ba02a576d4 ab5fee5603334d688d1bcfd8f0982003 - - - -] 10.0.0.184 "POST /v2.0/networks HTTP/1.1" status: 201 len: 831 time: 0.9663761
2026-05-06 06:16:56.875 10 WARNING neutron.scheduler.dhcp_agent_scheduler [None req-78f69741-8293-49bb-b83e-3bf231910354 6060f2b41e3f4dd1ae5495ba02a576d4 ab5fee5603334d688d1bcfd8f0982003 - - - -] No more DHCP agents
2026-05-06 06:16:56.876 10 WARNING neutron.api.rpc.agentnotifiers.dhcp_rpc_agent_api [None req-78f69741-8293-49bb-b83e-3bf231910354 6060f2b41e3f4dd1ae5495ba02a576d4 ab5fee5603334d688d1bcfd8f0982003 - - - -] Unable to schedule network 139c3ac4-aa5e-465d-8732-788ad7fb4444: no agents available; will retry on subsequent port and subnet creation events.
2026-05-06 06:16:56.942 10 INFO neutron.db.ovn_revision_numbers_db [None req-78f69741-8293-49bb-b83e-3bf231910354 6060f2b41e3f4dd1ae5495ba02a576d4 ab5fee5603334d688d1bcfd8f0982003 - - - -] Successfully bumped revision number for resource a155d4b0-004a-4cc7-9380-acf80aa2743d (type: ports) to 1
2026-05-06 06:16:56.962 10 INFO neutron.wsgi [None req-78f69741-8293-49bb-b83e-3bf231910354 6060f2b41e3f4dd1ae5495ba02a576d4 ab5fee5603334d688d1bcfd8f0982003 - - - -] 10.0.0.184 "POST /v2.0/ports HTTP/1.1" status: 201 len: 942 time: 0.3152435 /var/lib/openstack/lib/python3.10/site-packages/pycadf/identifier.py:71: UserWarning: Invalid uuid: neutron. To ensure interoperability, identifiers should be a valid uuid. warnings.warn(('Invalid uuid: %s. To ensure interoperability, '
2026-05-06 06:16:57.038 10 INFO neutron.db.segments_db [None req-c0a5a8d7-1489-4dcf-8fae-ede74153e4f1 6060f2b41e3f4dd1ae5495ba02a576d4 ab5fee5603334d688d1bcfd8f0982003 - - - -] Added segment 900886e9-a735-44a1-b4dd-a6f7645f1ebc of type geneve for network f3e36d51-a893-4176-94dd-46e51b50d7b7
2026-05-06 06:16:57.152 10 INFO neutron.db.ovn_revision_numbers_db [None req-c0a5a8d7-1489-4dcf-8fae-ede74153e4f1 6060f2b41e3f4dd1ae5495ba02a576d4 ab5fee5603334d688d1bcfd8f0982003 - - - -] Successfully bumped revision number for resource f3e36d51-a893-4176-94dd-46e51b50d7b7 (type: networks) to 1
2026-05-06 06:16:57.322 10 WARNING neutron.scheduler.dhcp_agent_scheduler [None req-c0a5a8d7-1489-4dcf-8fae-ede74153e4f1 6060f2b41e3f4dd1ae5495ba02a576d4 ab5fee5603334d688d1bcfd8f0982003 - - - -] No more DHCP agents
2026-05-06 06:16:57.323 10 WARNING neutron.api.rpc.agentnotifiers.dhcp_rpc_agent_api [None req-c0a5a8d7-1489-4dcf-8fae-ede74153e4f1 6060f2b41e3f4dd1ae5495ba02a576d4 ab5fee5603334d688d1bcfd8f0982003 - - - -] Unable to schedule network f3e36d51-a893-4176-94dd-46e51b50d7b7: no agents available; will retry on subsequent port and subnet creation events.
2026-05-06 06:16:57.388 10 INFO neutron.db.ovn_revision_numbers_db [None req-c0a5a8d7-1489-4dcf-8fae-ede74153e4f1 6060f2b41e3f4dd1ae5495ba02a576d4 ab5fee5603334d688d1bcfd8f0982003 - - - -] Successfully bumped revision number for resource 10511541-b425-4534-85b4-d03cf04b2e54 (type: ports) to 1
2026-05-06 06:16:57.409 10 INFO neutron.wsgi [None req-c0a5a8d7-1489-4dcf-8fae-ede74153e4f1 6060f2b41e3f4dd1ae5495ba02a576d4 ab5fee5603334d688d1bcfd8f0982003 - - - -] 10.0.0.184 "POST /v2.0/networks HTTP/1.1" status: 201 len: 831 time: 0.4412634
