2026-05-06 06:15:19.486 9 INFO neutron.pecan_wsgi.hooks.translation [None req-a16b30b8-cf93-4e22-a004-f00c68ebe77a eaa88b4140614969af77143c8be6a2ac d0286b02a15a44e7a28cc725273e4988 - - default default] GET failed (client error): The resource could not be found.
2026-05-06 06:15:19.487 9 INFO neutron.wsgi [None req-a16b30b8-cf93-4e22-a004-f00c68ebe77a eaa88b4140614969af77143c8be6a2ac d0286b02a15a44e7a28cc725273e4988 - - default default] 10.0.0.184 "GET /v2.0/ports/917aa9d1-39bb-43fc-9722-f6e28c6d09b9 HTTP/1.1" status: 404 len: 333 time: 0.0194328
2026-05-06 06:15:19.649 10 WARNING neutron.scheduler.dhcp_agent_scheduler [None req-43aa9bd4-4713-4057-97df-570f5b086505 f2fc83625fad41168427af588d268753 3cfa9fb0859c443b96f877f817cddaae - - - -] No more DHCP agents
2026-05-06 06:15:19.651 10 WARNING neutron.api.rpc.agentnotifiers.dhcp_rpc_agent_api [None req-43aa9bd4-4713-4057-97df-570f5b086505 f2fc83625fad41168427af588d268753 3cfa9fb0859c443b96f877f817cddaae - - - -] Unable to schedule network 0620b5ce-d737-4c40-be30-8806f263cf6c: no agents available; will retry on subsequent port and subnet creation events.
2026-05-06 06:15:19.665 9 INFO neutron.wsgi [None req-babeb916-d921-4f27-99bb-d214bc54588d eaa88b4140614969af77143c8be6a2ac d0286b02a15a44e7a28cc725273e4988 - - - -] 10.0.0.184 "DELETE /v2.0/subnets/5a099ebd-d21b-4213-9203-33a4a6428f6b HTTP/1.1" status: 204 len: 168 time: 0.1743276
2026-05-06 06:15:20.070 10 INFO neutron.db.ovn_revision_numbers_db [None req-1ea93ab8-5e54-4b58-bee5-ec7b15c3baa1 8e5c766801194016a35dfcbe05ef5617 1a009fe3683c4df096bc63300d7dcabf - - - -] Successfully bumped revision number for resource 266e352f-e7f9-4332-b41c-3252ccebd877 (type: security_groups) to 1
2026-05-06 06:15:20.241 9 INFO neutron.services.segments.plugin [-] Segment 23e11cd4-38bd-4d97-956e-cb1e12b84796 resource provider aggregate not found
2026-05-06 06:15:20.286 9 INFO neutron.wsgi [None req-6fcfa506-06d9-4454-901a-242e70ed7e13 eaa88b4140614969af77143c8be6a2ac d0286b02a15a44e7a28cc725273e4988 - - - -] 10.0.0.184 "DELETE /v2.0/networks/b8023a22-1f1b-474d-951a-4d3ba2425c9f HTTP/1.1" status: 204 len: 168 time: 0.6153071
2026-05-06 06:15:20.287 9 INFO neutron.services.segments.plugin [-] Segment 23e11cd4-38bd-4d97-956e-cb1e12b84796 resource provider not found; error: Placement Client Error (4xx): {"errors": [{"status": 404, "title": "Not Found", "detail": "The resource could not be found.\n\n No resource provider with uuid 23e11cd4-38bd-4d97-956e-cb1e12b84796 found for delete ", "request_id": "req-f030bf5e-bd62-4a10-b212-355c1b5cdeeb"}]}
2026-05-06 06:15:20.301 9 INFO neutron.services.segments.plugin [-] Segment 23e11cd4-38bd-4d97-956e-cb1e12b84796 resource provider aggregate not found
2026-05-06 06:15:20.319 9 INFO neutron.services.segments.plugin [-] Segment 23e11cd4-38bd-4d97-956e-cb1e12b84796 resource provider not found; error: Placement Client Error (4xx): {"errors": [{"status": 404, "title": "Not Found", "detail": "The resource could not be found.\n\n No resource provider with uuid 23e11cd4-38bd-4d97-956e-cb1e12b84796 found for delete ", "request_id": "req-6916aed8-f5fb-4798-ab40-77e7aa0d17bf"}]}
2026-05-06 06:15:20.363 10 INFO neutron.db.segments_db [None req-1ea93ab8-5e54-4b58-bee5-ec7b15c3baa1 8e5c766801194016a35dfcbe05ef5617 1a009fe3683c4df096bc63300d7dcabf - - - -] Added segment ef1317fc-afc9-4e48-a178-4a6a05b2f0f2 of type geneve for network 5a86940f-45f6-442a-a2fa-cd2c21a26ebb
2026-05-06 06:15:20.376 9 INFO neutron.db.segments_db [None req-ab32e1d3-0c5d-4649-bb83-6c2df3ae6f34 eaa88b4140614969af77143c8be6a2ac d0286b02a15a44e7a28cc725273e4988 - - - -] Added segment 31b37232-13c6-4293-9851-1d51fd6c840d of type geneve for network 2d7612ae-9479-4c83-9f7f-b8cc10368e43
2026-05-06 06:15:20.400 10 INFO neutron.db.ovn_revision_numbers_db [None req-43aa9bd4-4713-4057-97df-570f5b086505 f2fc83625fad41168427af588d268753 3cfa9fb0859c443b96f877f817cddaae - - - -] Successfully bumped revision number for resource 2561ea07-2bcb-4ecd-a21d-b9651d6ce4b7 (type: ports) to 2
2026-05-06 06:15:20.434 10 INFO neutron.db.ovn_revision_numbers_db [None req-43aa9bd4-4713-4057-97df-570f5b086505 f2fc83625fad41168427af588d268753 3cfa9fb0859c443b96f877f817cddaae - - - -] Successfully bumped revision number for resource 65cf9753-775f-41f0-8e87-da164b43721e (type: subnets) to 0
2026-05-06 06:15:20.473 10 WARNING neutron.scheduler.dhcp_agent_scheduler [None req-43aa9bd4-4713-4057-97df-570f5b086505 f2fc83625fad41168427af588d268753 3cfa9fb0859c443b96f877f817cddaae - - - -] No more DHCP agents
2026-05-06 06:15:20.487 10 WARNING neutron.api.rpc.agentnotifiers.dhcp_rpc_agent_api [None req-43aa9bd4-4713-4057-97df-570f5b086505 f2fc83625fad41168427af588d268753 3cfa9fb0859c443b96f877f817cddaae - - - -] Unable to schedule network 0cbb6d2d-1a34-4598-bb12-6693251940c3: no agents available; will retry on subsequent port and subnet creation events.
2026-05-06 06:15:20.490 9 INFO neutron.db.ovn_revision_numbers_db [None req-ab32e1d3-0c5d-4649-bb83-6c2df3ae6f34 eaa88b4140614969af77143c8be6a2ac d0286b02a15a44e7a28cc725273e4988 - - - -] Successfully bumped revision number for resource 2d7612ae-9479-4c83-9f7f-b8cc10368e43 (type: networks) to 1
2026-05-06 06:15:20.510 10 INFO neutron.db.ovn_revision_numbers_db [None req-1ea93ab8-5e54-4b58-bee5-ec7b15c3baa1 8e5c766801194016a35dfcbe05ef5617 1a009fe3683c4df096bc63300d7dcabf - - - -] Successfully bumped revision number for resource 5a86940f-45f6-442a-a2fa-cd2c21a26ebb (type: networks) to 1
2026-05-06 06:15:20.675 9 WARNING neutron.scheduler.dhcp_agent_scheduler [None req-ab32e1d3-0c5d-4649-bb83-6c2df3ae6f34 eaa88b4140614969af77143c8be6a2ac d0286b02a15a44e7a28cc725273e4988 - - - -] No more DHCP agents
2026-05-06 06:15:20.677 9 WARNING neutron.api.rpc.agentnotifiers.dhcp_rpc_agent_api [None req-ab32e1d3-0c5d-4649-bb83-6c2df3ae6f34 eaa88b4140614969af77143c8be6a2ac d0286b02a15a44e7a28cc725273e4988 - - - -] Unable to schedule network 2d7612ae-9479-4c83-9f7f-b8cc10368e43: no agents available; will retry on subsequent port and subnet creation events.
2026-05-06 06:15:20.730 10 WARNING neutron.scheduler.dhcp_agent_scheduler [None req-1ea93ab8-5e54-4b58-bee5-ec7b15c3baa1 8e5c766801194016a35dfcbe05ef5617 1a009fe3683c4df096bc63300d7dcabf - - - -] No more DHCP agents
2026-05-06 06:15:20.736 10 WARNING neutron.api.rpc.agentnotifiers.dhcp_rpc_agent_api [None req-1ea93ab8-5e54-4b58-bee5-ec7b15c3baa1 8e5c766801194016a35dfcbe05ef5617 1a009fe3683c4df096bc63300d7dcabf - - - -] Unable to schedule network 5a86940f-45f6-442a-a2fa-cd2c21a26ebb: no agents available; will retry on subsequent port and subnet creation events.
2026-05-06 06:15:20.740 9 INFO neutron.db.ovn_revision_numbers_db [None req-ab32e1d3-0c5d-4649-bb83-6c2df3ae6f34 eaa88b4140614969af77143c8be6a2ac d0286b02a15a44e7a28cc725273e4988 - - - -] Successfully bumped revision number for resource d0d04fc6-3f17-4531-8a0b-9880c1ef20ec (type: ports) to 1
2026-05-06 06:15:20.759 9 INFO neutron.wsgi [None req-ab32e1d3-0c5d-4649-bb83-6c2df3ae6f34 eaa88b4140614969af77143c8be6a2ac d0286b02a15a44e7a28cc725273e4988 - - - -] 10.0.0.184 "POST /v2.0/networks HTTP/1.1" status: 201 len: 834 time: 0.4642434
2026-05-06 06:15:20.818 10 INFO neutron.db.ovn_revision_numbers_db [None req-1ea93ab8-5e54-4b58-bee5-ec7b15c3baa1 8e5c766801194016a35dfcbe05ef5617 1a009fe3683c4df096bc63300d7dcabf - - - -] Successfully bumped revision number for resource b8574d69-c042-41f9-b4a0-918916d24859 (type: ports) to 1
2026-05-06 06:15:20.859 10 INFO neutron.wsgi [None req-1ea93ab8-5e54-4b58-bee5-ec7b15c3baa1 8e5c766801194016a35dfcbe05ef5617 1a009fe3683c4df096bc63300d7dcabf - - - -] 10.0.0.184 "POST /v2.0/networks HTTP/1.1" status: 201 len: 942 time: 1.1419032
2026-05-06 06:15:21.058 9 WARNING neutron.scheduler.dhcp_agent_scheduler [None req-a6223e55-a49e-42e1-ad07-50b337cc0cf8 eaa88b4140614969af77143c8be6a2ac d0286b02a15a44e7a28cc725273e4988 - - - -] No more DHCP agents
2026-05-06 06:15:21.063 9 WARNING neutron.api.rpc.agentnotifiers.dhcp_rpc_agent_api [None req-a6223e55-a49e-42e1-ad07-50b337cc0cf8 eaa88b4140614969af77143c8be6a2ac d0286b02a15a44e7a28cc725273e4988 - - - -] Unable to schedule network 2d7612ae-9479-4c83-9f7f-b8cc10368e43: no agents available; will retry on subsequent port and subnet creation events.
2026-05-06 06:15:21.064 10 WARNING neutron.scheduler.dhcp_agent_scheduler [None req-b5a12989-2056-4c7e-8255-a31dbd9588a4 8e5c766801194016a35dfcbe05ef5617 1a009fe3683c4df096bc63300d7dcabf - - - -] No more DHCP agents
2026-05-06 06:15:21.069 10 WARNING neutron.api.rpc.agentnotifiers.dhcp_rpc_agent_api [None req-b5a12989-2056-4c7e-8255-a31dbd9588a4 8e5c766801194016a35dfcbe05ef5617 1a009fe3683c4df096bc63300d7dcabf - - - -] Unable to schedule network 5a86940f-45f6-442a-a2fa-cd2c21a26ebb: no agents available; will retry on subsequent port and subnet creation events.
2026-05-06 06:15:21.083 9 INFO neutron.wsgi [req-246b4032-dbde-4234-9100-9dae7642d9be req-b6f03423-2202-45f2-8b77-d9f09a27267e f3f19912fc2644bcaf4ec3ea71c5a875 90f448a3f9004d85bc3a08a758d4ad86 - - default default] 10.0.0.205 "GET /v2.0/ports?device_id=ed4dbe37-21e1-4a91-b37a-f86fdbbc01c4 HTTP/1.1" status: 200 len: 1170 time: 0.1319585
2026-05-06 06:15:21.084 9 INFO neutron.db.ovn_revision_numbers_db [None req-a6223e55-a49e-42e1-ad07-50b337cc0cf8 eaa88b4140614969af77143c8be6a2ac d0286b02a15a44e7a28cc725273e4988 - - - -] Successfully bumped revision number for resource 7aa40f77-e01a-4d21-be30-4bb62c9463e4 (type: subnets) to 0
2026-05-06 06:15:21.085 10 INFO neutron.db.ovn_revision_numbers_db [None req-43aa9bd4-4713-4057-97df-570f5b086505 f2fc83625fad41168427af588d268753 3cfa9fb0859c443b96f877f817cddaae - - - -] Successfully bumped revision number for resource 317c8a2f-6984-404b-8029-7fd82b69b853 (type: ports) to 2
2026-05-06 06:15:21.102 10 INFO neutron.db.ovn_revision_numbers_db [None req-43aa9bd4-4713-4057-97df-570f5b086505 f2fc83625fad41168427af588d268753 3cfa9fb0859c443b96f877f817cddaae - - - -] Successfully bumped revision number for resource 354b4052-cde2-4b5f-9389-3a7bb2fc3baf (type: subnets) to 0
2026-05-06 06:15:21.104 9 INFO neutron.wsgi [None req-a6223e55-a49e-42e1-ad07-50b337cc0cf8 eaa88b4140614969af77143c8be6a2ac d0286b02a15a44e7a28cc725273e4988 - - - -] 10.0.0.184 "POST /v2.0/subnets HTTP/1.1" status: 201 len: 821 time: 0.3396380
2026-05-06 06:15:21.124 10 INFO neutron.wsgi [None req-43aa9bd4-4713-4057-97df-570f5b086505 f2fc83625fad41168427af588d268753 3cfa9fb0859c443b96f877f817cddaae - - - -] 10.0.0.184 "POST /v2.0/subnets HTTP/1.1" status: 201 len: 1426 time: 1.9369514
2026-05-06 06:15:21.149 9 INFO neutron.wsgi [req-246b4032-dbde-4234-9100-9dae7642d9be req-b7fbad1c-4ec8-469d-a17f-72579b54d55c f3f19912fc2644bcaf4ec3ea71c5a875 90f448a3f9004d85bc3a08a758d4ad86 - - default default] 10.0.0.205 "GET /v2.0/security-groups?id=88f61341-68b8-4caa-8c09-709a8b958bff&fields=id&fields=name HTTP/1.1" status: 200 len: 313 time: 0.0564873
2026-05-06 06:15:21.183 10 INFO neutron.wsgi [None req-3f581ecb-4797-43fe-9d26-ca67e82fda55 f2fc83625fad41168427af588d268753 3cfa9fb0859c443b96f877f817cddaae - - default default] 10.0.0.184 "GET /v2.0/subnets HTTP/1.1" status: 200 len: 2034 time: 0.0552413
2026-05-06 06:15:21.399 10 INFO neutron.plugins.ml2.drivers.ovn.mech_driver.mech_driver [None req-2187529b-8f41-404b-b813-7b46c84006bd - - - - - -] OVN reports status down for port: b4f277a9-608c-498d-a53b-5ff7acb0d0cd
2026-05-06 06:15:21.405 9 INFO neutron.wsgi [req-b88f969b-edf7-4a22-8cc3-64cde12fe587 req-1bea5cda-e3d2-4ffc-a989-b066437b8e96 f3f19912fc2644bcaf4ec3ea71c5a875 90f448a3f9004d85bc3a08a758d4ad86 - - default default] 10.0.0.205 "GET /v2.0/ports?device_id=ed4dbe37-21e1-4a91-b37a-f86fdbbc01c4 HTTP/1.1" status: 200 len: 1170 time: 0.0693343
2026-05-06 06:15:21.467 9 INFO neutron.wsgi [req-b88f969b-edf7-4a22-8cc3-64cde12fe587 req-6a8666c2-9c4b-413d-b450-0f2dbf65c363 f3f19912fc2644bcaf4ec3ea71c5a875 90f448a3f9004d85bc3a08a758d4ad86 - - default default] 10.0.0.205 "GET /v2.0/security-groups?id=88f61341-68b8-4caa-8c09-709a8b958bff&fields=id&fields=name HTTP/1.1" status: 200 len: 313 time: 0.0449874
2026-05-06 06:15:21.478 10 INFO neutron.wsgi [None req-ef702a30-bcd8-4f6e-806d-ef21e112c54f f2fc83625fad41168427af588d268753 3cfa9fb0859c443b96f877f817cddaae - - - -] 10.0.0.184 "DELETE /v2.0/subnets/65cf9753-775f-41f0-8e87-da164b43721e HTTP/1.1" status: 204 len: 168 time: 0.2914052
2026-05-06 06:15:21.555 9 WARNING neutron.scheduler.dhcp_agent_scheduler [None req-f7acbb89-feb4-4612-8272-6f146b9c45c3 eaa88b4140614969af77143c8be6a2ac d0286b02a15a44e7a28cc725273e4988 - - - -] No more DHCP agents
2026-05-06 06:15:21.558 9 WARNING neutron.api.rpc.agentnotifiers.dhcp_rpc_agent_api [None req-f7acbb89-feb4-4612-8272-6f146b9c45c3 eaa88b4140614969af77143c8be6a2ac d0286b02a15a44e7a28cc725273e4988 - - - -] Unable to schedule network 2d7612ae-9479-4c83-9f7f-b8cc10368e43: no agents available; will retry on subsequent port and subnet creation events.
2026-05-06 06:15:21.569 10 INFO neutron.notifiers.nova [-] Nova event matching ['req-525d2bb5-ac3d-4e98-8a7e-06c55f463429'] response: {'server_uuid': 'ed4dbe37-21e1-4a91-b37a-f86fdbbc01c4', 'name': 'network-vif-unplugged', 'status': 'completed', 'tag': 'b4f277a9-608c-498d-a53b-5ff7acb0d0cd', 'code': 200}
2026-05-06 06:15:21.719 9 INFO neutron.wsgi [req-05576bb3-31a0-4ad3-bfbb-d5dc4636f5f2 req-81df3d5c-5e2a-4448-a414-7bc390f82e7d f3f19912fc2644bcaf4ec3ea71c5a875 90f448a3f9004d85bc3a08a758d4ad86 - - default default] 199.204.45.57 "GET /v2.0/ports?device_id=ed4dbe37-21e1-4a91-b37a-f86fdbbc01c4 HTTP/1.1" status: 200 len: 1168 time: 0.0611961
2026-05-06 06:15:21.721 10 INFO neutron.db.ovn_revision_numbers_db [None req-b5a12989-2056-4c7e-8255-a31dbd9588a4 8e5c766801194016a35dfcbe05ef5617 1a009fe3683c4df096bc63300d7dcabf - - - -] Successfully bumped revision number for resource b8574d69-c042-41f9-b4a0-918916d24859 (type: ports) to 2
2026-05-06 06:15:21.743 10 INFO neutron.db.ovn_revision_numbers_db [None req-b5a12989-2056-4c7e-8255-a31dbd9588a4 8e5c766801194016a35dfcbe05ef5617 1a009fe3683c4df096bc63300d7dcabf - - - -] Successfully bumped revision number for resource 8a6c9b8a-7455-46cb-8cae-89479a860dee (type: subnets) to 0
2026-05-06 06:15:21.753 10 INFO neutron.db.ovn_revision_numbers_db [None req-2187529b-8f41-404b-b813-7b46c84006bd - - - - - -] Successfully bumped revision number for resource b4f277a9-608c-498d-a53b-5ff7acb0d0cd (type: ports) to 7
2026-05-06 06:15:21.758 10 INFO neutron.wsgi [None req-b5a12989-2056-4c7e-8255-a31dbd9588a4 8e5c766801194016a35dfcbe05ef5617 1a009fe3683c4df096bc63300d7dcabf - - - -] 10.0.0.184 "POST /v2.0/subnets HTTP/1.1" status: 201 len: 862 time: 0.8940818
2026-05-06 06:15:21.764 9 INFO neutron.db.ovn_revision_numbers_db [None req-f7acbb89-feb4-4612-8272-6f146b9c45c3 eaa88b4140614969af77143c8be6a2ac d0286b02a15a44e7a28cc725273e4988 - - - -] Successfully bumped revision number for resource 87af1cf1-bc4e-4ac5-90a1-4077de0d9aa9 (type: ports) to 1
2026-05-06 06:15:21.804 9 INFO neutron.wsgi [None req-f7acbb89-feb4-4612-8272-6f146b9c45c3 eaa88b4140614969af77143c8be6a2ac d0286b02a15a44e7a28cc725273e4988 - - - -] 10.0.0.184 "POST /v2.0/ports HTTP/1.1" status: 201 len: 1127 time: 0.6939025
2026-05-06 06:15:21.841 9 INFO neutron.wsgi [None req-07e3fc78-8141-4e20-9d79-f957a48dc80a f2fc83625fad41168427af588d268753 3cfa9fb0859c443b96f877f817cddaae - - - -] 10.0.0.184 "DELETE /v2.0/subnets/354b4052-cde2-4b5f-9389-3a7bb2fc3baf HTTP/1.1" status: 204 len: 168 time: 0.3560472
2026-05-06 06:15:21.930 9 INFO neutron.wsgi [None req-a180fc39-d823-4728-bfc3-bb68272dabc1 f2fc83625fad41168427af588d268753 3cfa9fb0859c443b96f877f817cddaae - - default default] 10.0.0.184 "GET /v2.0/subnets HTTP/1.1" status: 200 len: 820 time: 0.0826991 /var/lib/openstack/lib/python3.10/site-packages/pycadf/identifier.py:71: UserWarning: Invalid uuid: neutron. To ensure interoperability, identifiers should be a valid uuid. warnings.warn(('Invalid uuid: %s. To ensure interoperability, '
2026-05-06 06:15:22.170 9 INFO neutron.db.l3_db [None req-ca73e22e-56ae-4b7c-ab87-4cdac656d49e f3f19912fc2644bcaf4ec3ea71c5a875 90f448a3f9004d85bc3a08a758d4ad86 - - - -] Floating IP e976068e-87f4-425a-8b0a-e6c698fa1446 disassociated. External IP: 10.96.250.220, port: b4f277a9-608c-498d-a53b-5ff7acb0d0cd.
2026-05-06 06:15:22.275 9 INFO neutron.wsgi [None req-7e6d9444-264c-4110-8d1b-0342824be82c eaa88b4140614969af77143c8be6a2ac d0286b02a15a44e7a28cc725273e4988 - - - -] 10.0.0.184 "DELETE /v2.0/ports/87af1cf1-bc4e-4ac5-90a1-4077de0d9aa9 HTTP/1.1" status: 204 len: 168 time: 0.4661086
2026-05-06 06:15:22.300 9 INFO neutron.pecan_wsgi.hooks.translation [None req-6a2a1648-ffdd-4625-b6ca-2146f7000340 eaa88b4140614969af77143c8be6a2ac d0286b02a15a44e7a28cc725273e4988 - - default default] GET failed (client error): The resource could not be found.
2026-05-06 06:15:22.301 9 INFO neutron.wsgi [None req-6a2a1648-ffdd-4625-b6ca-2146f7000340 eaa88b4140614969af77143c8be6a2ac d0286b02a15a44e7a28cc725273e4988 - - default default] 10.0.0.184 "GET /v2.0/ports/87af1cf1-bc4e-4ac5-90a1-4077de0d9aa9 HTTP/1.1" status: 404 len: 333 time: 0.0177598
2026-05-06 06:15:22.407 9 INFO neutron.wsgi [None req-ca73e22e-56ae-4b7c-ab87-4cdac656d49e f3f19912fc2644bcaf4ec3ea71c5a875 90f448a3f9004d85bc3a08a758d4ad86 - - - -] 199.204.45.57 "DELETE /v2.0/ports/b4f277a9-608c-498d-a53b-5ff7acb0d0cd HTTP/1.1" status: 204 len: 173 time: 0.6835864
2026-05-06 06:15:22.467 9 INFO neutron.notifiers.nova [-] Nova event matching ['req-20694cb7-5343-44dc-b627-794840c8af75'] response: {'server_uuid': 'ed4dbe37-21e1-4a91-b37a-f86fdbbc01c4', 'name': 'network-vif-deleted', 'tag': 'b4f277a9-608c-498d-a53b-5ff7acb0d0cd', 'status': 'completed', 'code': 200}
2026-05-06 06:15:22.520 9 INFO neutron.wsgi [None req-0dce2151-5925-4aa3-b85c-965fbfe903d7 eaa88b4140614969af77143c8be6a2ac d0286b02a15a44e7a28cc725273e4988 - - - -] 10.0.0.184 "DELETE /v2.0/subnets/7aa40f77-e01a-4d21-be30-4bb62c9463e4 HTTP/1.1" status: 204 len: 168 time: 0.2124097 /var/lib/openstack/lib/python3.10/site-packages/pycadf/identifier.py:71: UserWarning: Invalid uuid: neutron. To ensure interoperability, identifiers should be a valid uuid. warnings.warn(('Invalid uuid: %s. To ensure interoperability, '
2026-05-06 06:15:22.585 10 INFO neutron.wsgi [req-c65c788f-eb72-431c-bd23-0830d05b056e req-fb0cf82b-3a19-4adc-9c71-d8d4329402d6 f3f19912fc2644bcaf4ec3ea71c5a875 90f448a3f9004d85bc3a08a758d4ad86 - - default default] 10.0.0.205 "GET /v2.0/ports?device_id=ed4dbe37-21e1-4a91-b37a-f86fdbbc01c4 HTTP/1.1" status: 200 len: 210 time: 0.0230319
2026-05-06 06:15:22.660 10 WARNING neutron.scheduler.dhcp_agent_scheduler [None req-73141207-b793-43f1-9485-0916e8cfc6fd 8e5c766801194016a35dfcbe05ef5617 1a009fe3683c4df096bc63300d7dcabf - - - -] No more DHCP agents
2026-05-06 06:15:22.665 10 WARNING neutron.api.rpc.agentnotifiers.dhcp_rpc_agent_api [None req-73141207-b793-43f1-9485-0916e8cfc6fd 8e5c766801194016a35dfcbe05ef5617 1a009fe3683c4df096bc63300d7dcabf - - - -] Unable to schedule network 830aeb48-e604-4bf4-b1f0-c30f0a97948c: no agents available; will retry on subsequent port and subnet creation events.
2026-05-06 06:15:22.702 10 INFO neutron.services.segments.plugin [-] Segment 7179dc2f-d239-468d-b3b9-df87f37e02a6 resource provider aggregate not found
2026-05-06 06:15:22.731 10 INFO neutron.services.segments.plugin [-] Segment 7179dc2f-d239-468d-b3b9-df87f37e02a6 resource provider not found; error: Placement Client Error (4xx): {"errors": [{"status": 404, "title": "Not Found", "detail": "The resource could not be found.\n\n No resource provider with uuid 7179dc2f-d239-468d-b3b9-df87f37e02a6 found for delete ", "request_id": "req-c0982b8c-d077-4fd6-bd65-5f1f9a465f42"}]}
2026-05-06 06:15:22.733 10 INFO neutron.services.segments.plugin [-] Segment 7179dc2f-d239-468d-b3b9-df87f37e02a6 resource provider aggregate not found
2026-05-06 06:15:22.752 10 INFO neutron.services.segments.plugin [-] Segment 7179dc2f-d239-468d-b3b9-df87f37e02a6 resource provider not found; error: Placement Client Error (4xx): {"errors": [{"status": 404, "title": "Not Found", "detail": "The resource could not be found.\n\n No resource provider with uuid 7179dc2f-d239-468d-b3b9-df87f37e02a6 found for delete ", "request_id": "req-90a18a6b-08b9-4f05-8b26-5aa9b062252e"}]}
2026-05-06 06:15:22.786 10 INFO neutron.wsgi [None req-2ff26e4a-b30d-433f-b8c2-d28be231e430 f2fc83625fad41168427af588d268753 3cfa9fb0859c443b96f877f817cddaae - - - -] 10.0.0.184 "DELETE /v2.0/networks/0cbb6d2d-1a34-4598-bb12-6693251940c3 HTTP/1.1" status: 204 len: 168 time: 0.8499384
2026-05-06 06:15:22.908 9 INFO neutron.services.segments.plugin [-] Segment 31b37232-13c6-4293-9851-1d51fd6c840d resource provider aggregate not found
2026-05-06 06:15:22.919 10 INFO neutron.db.ovn_revision_numbers_db [None req-73141207-b793-43f1-9485-0916e8cfc6fd 8e5c766801194016a35dfcbe05ef5617 1a009fe3683c4df096bc63300d7dcabf - - - -] Successfully bumped revision number for resource b2725357-26a1-417d-af7e-6063c3761bac (type: ports) to 1
2026-05-06 06:15:22.925 9 INFO neutron.services.segments.plugin [-] Segment 31b37232-13c6-4293-9851-1d51fd6c840d resource provider aggregate not found
2026-05-06 06:15:22.937 9 INFO neutron.services.segments.plugin [-] Segment 31b37232-13c6-4293-9851-1d51fd6c840d resource provider not found; error: Placement Client Error (4xx): {"errors": [{"status": 404, "title": "Not Found", "detail": "The resource could not be found.\n\n No resource provider with uuid 31b37232-13c6-4293-9851-1d51fd6c840d found for delete ", "request_id": "req-06a45ff7-d90b-4b72-a2ab-f56c486b3ed5"}]}
2026-05-06 06:15:22.938 9 INFO neutron.services.segments.plugin [-] Segment 31b37232-13c6-4293-9851-1d51fd6c840d resource provider not found; error: Placement Client Error (4xx): {"errors": [{"status": 404, "title": "Not Found", "detail": "The resource could not be found.\n\n No resource provider with uuid 31b37232-13c6-4293-9851-1d51fd6c840d found for delete ", "request_id": "req-bbc6bd3e-51da-42c6-9bce-141d86555900"}]}
2026-05-06 06:15:22.955 9 INFO neutron.wsgi [None req-1d096a48-d3e2-42e4-8c38-2527dcb1c2e3 eaa88b4140614969af77143c8be6a2ac d0286b02a15a44e7a28cc725273e4988 - - - -] 10.0.0.184 "DELETE /v2.0/networks/2d7612ae-9479-4c83-9f7f-b8cc10368e43 HTTP/1.1" status: 204 len: 168 time: 0.4283605
2026-05-06 06:15:23.226 9 WARNING neutron.scheduler.dhcp_agent_scheduler [None req-91c54dec-b02e-4b81-bf95-1d210a0f5835 eaa88b4140614969af77143c8be6a2ac d0286b02a15a44e7a28cc725273e4988 - - - -] No more DHCP agents
2026-05-06 06:15:23.229 9 WARNING neutron.api.rpc.agentnotifiers.dhcp_rpc_agent_api [None req-91c54dec-b02e-4b81-bf95-1d210a0f5835 eaa88b4140614969af77143c8be6a2ac d0286b02a15a44e7a28cc725273e4988 - - - -] Unable to schedule network 9792560e-dc16-4fc9-a731-c5b3243d0f0c: no agents available; will retry on subsequent port and subnet creation events.
2026-05-06 06:15:23.392 10 INFO neutron.wsgi [None req-10ffbe7f-2b05-432c-b2bc-dc0724ed7920 f2fc83625fad41168427af588d268753 3cfa9fb0859c443b96f877f817cddaae - - - -] 10.0.0.184 "DELETE /v2.0/networks/0620b5ce-d737-4c40-be30-8806f263cf6c HTTP/1.1" status: 204 len: 168 time: 0.5945816
2026-05-06 06:15:23.532 9 INFO neutron.db.ovn_revision_numbers_db [None req-91c54dec-b02e-4b81-bf95-1d210a0f5835 eaa88b4140614969af77143c8be6a2ac d0286b02a15a44e7a28cc725273e4988 - - - -] Successfully bumped revision number for resource 229d2289-54e9-460d-b70b-89ab6fcd6c80 (type: ports) to 1
2026-05-06 06:15:23.554 9 INFO neutron.wsgi [None req-91c54dec-b02e-4b81-bf95-1d210a0f5835 eaa88b4140614969af77143c8be6a2ac d0286b02a15a44e7a28cc725273e4988 - - - -] 10.0.0.184 "POST /v2.0/ports HTTP/1.1" status: 201 len: 978 time: 0.5920060 /var/lib/openstack/lib/python3.10/site-packages/pycadf/identifier.py:71: UserWarning: Invalid uuid: neutron. To ensure interoperability, identifiers should be a valid uuid. warnings.warn(('Invalid uuid: %s. To ensure interoperability, '
2026-05-06 06:15:23.623 10 INFO neutron.notifiers.nova [-] Nova event matching ['req-e73f88ee-b531-46b1-94f2-d0917c8ab5d4'] response: {'server_uuid': 'ed4dbe37-21e1-4a91-b37a-f86fdbbc01c4', 'name': 'network-vif-plugged', 'status': 'completed', 'tag': 'b4f277a9-608c-498d-a53b-5ff7acb0d0cd', 'code': 200}
2026-05-06 06:15:23.686 9 INFO neutron.plugins.ml2.drivers.ovn.mech_driver.mech_driver [None req-b9bb181f-c424-4558-926b-e13d5d606e74 - - - - - -] OVN reports status up for port: b2725357-26a1-417d-af7e-6063c3761bac
2026-05-06 06:15:23.696 10 INFO neutron.plugins.ml2.drivers.ovn.mech_driver.ovsdb.ovsdb_monitor [None req-688835a5-447d-435b-98ee-a3f3c0be46b1 - - - - - -] Router 77339d84-3de3-4717-a908-da7e6c29ef72 is bound to host instance
2026-05-06 06:15:23.701 9 INFO neutron.plugins.ml2.plugin [None req-b9bb181f-c424-4558-926b-e13d5d606e74 - - - - - -] Attempt 1 to provision port b2725357-26a1-417d-af7e-6063c3761bac
2026-05-06 06:15:23.705 10 INFO neutron.db.ovn_revision_numbers_db [None req-73141207-b793-43f1-9485-0916e8cfc6fd 8e5c766801194016a35dfcbe05ef5617 1a009fe3683c4df096bc63300d7dcabf - - - -] Successfully bumped revision number for resource b2725357-26a1-417d-af7e-6063c3761bac (type: router_ports) to 1
2026-05-06 06:15:23.845 9 INFO neutron.db.ovn_revision_numbers_db [None req-3a7da36e-38c9-4026-87cc-8f15bd8e467b eaa88b4140614969af77143c8be6a2ac d0286b02a15a44e7a28cc725273e4988 - - - -] Successfully bumped revision number for resource 229d2289-54e9-460d-b70b-89ab6fcd6c80 (type: ports) to 2
2026-05-06 06:15:23.855 9 INFO neutron.wsgi [None req-3a7da36e-38c9-4026-87cc-8f15bd8e467b eaa88b4140614969af77143c8be6a2ac d0286b02a15a44e7a28cc725273e4988 - - - -] 10.0.0.184 "PUT /v2.0/ports/229d2289-54e9-460d-b70b-89ab6fcd6c80 HTTP/1.1" status: 200 len: 946 time: 0.2948825
2026-05-06 06:15:23.856 10 INFO neutron.db.ovn_revision_numbers_db [None req-73141207-b793-43f1-9485-0916e8cfc6fd 8e5c766801194016a35dfcbe05ef5617 1a009fe3683c4df096bc63300d7dcabf - - - -] Successfully bumped revision number for resource 77339d84-3de3-4717-a908-da7e6c29ef72 (type: routers) to 3 /var/lib/openstack/lib/python3.10/site-packages/pycadf/identifier.py:71: UserWarning: Invalid uuid: neutron. To ensure interoperability, identifiers should be a valid uuid. warnings.warn(('Invalid uuid: %s. To ensure interoperability, '
2026-05-06 06:15:23.900 10 INFO neutron.wsgi [None req-73141207-b793-43f1-9485-0916e8cfc6fd 8e5c766801194016a35dfcbe05ef5617 1a009fe3683c4df096bc63300d7dcabf - - - -] 10.0.0.184 "POST /v2.0/routers HTTP/1.1" status: 201 len: 873 time: 2.1351664
2026-05-06 06:15:24.004 10 INFO neutron.wsgi [None req-f361d9b9-7727-4cf3-ab99-40bbdd5c0d30 f3f19912fc2644bcaf4ec3ea71c5a875 90f448a3f9004d85bc3a08a758d4ad86 - - - -] 10.0.0.184 "DELETE /v2.0/security-groups/88f61341-68b8-4caa-8c09-709a8b958bff HTTP/1.1" status: 204 len: 168 time: 0.3059142
2026-05-06 06:15:24.013 10 INFO neutron.wsgi [None req-b5914b7f-130d-44ff-a259-87d0d44fb0ab f2fc83625fad41168427af588d268753 3cfa9fb0859c443b96f877f817cddaae - - - -] 10.0.0.184 "DELETE /v2.0/networks/086768a9-6d2f-461a-933f-746f9e79962d HTTP/1.1" status: 204 len: 168 time: 0.6152124
2026-05-06 06:15:24.048 10 INFO neutron.api.v2.resource [None req-4be82132-ccd7-4c7c-9086-ff2cbba44b01 f3f19912fc2644bcaf4ec3ea71c5a875 90f448a3f9004d85bc3a08a758d4ad86 - - default default] show failed (client error): The resource could not be found.
2026-05-06 06:15:24.049 10 INFO neutron.wsgi [None req-4be82132-ccd7-4c7c-9086-ff2cbba44b01 f3f19912fc2644bcaf4ec3ea71c5a875 90f448a3f9004d85bc3a08a758d4ad86 - - default default] 10.0.0.184 "GET /v2.0/security-groups/88f61341-68b8-4caa-8c09-709a8b958bff HTTP/1.1" status: 404 len: 347 time: 0.0336452
2026-05-06 06:15:24.155 10 INFO neutron.wsgi [-] 10.0.0.212 "GET / HTTP/1.1" status: 200 len: 246 time: 0.0013287
2026-05-06 06:15:24.156 10 INFO neutron.wsgi [-] 10.0.0.212 "GET / HTTP/1.1" status: 200 len: 246 time: 0.0008991
2026-05-06 06:15:24.272 9 INFO neutron.wsgi [None req-68b1ccec-dd69-436c-954d-a8a517d2a7c3 eaa88b4140614969af77143c8be6a2ac d0286b02a15a44e7a28cc725273e4988 - - - -] 10.0.0.184 "DELETE /v2.0/ports/229d2289-54e9-460d-b70b-89ab6fcd6c80 HTTP/1.1" status: 204 len: 168 time: 0.4125178
2026-05-06 06:15:24.412 9 INFO neutron.wsgi [None req-0b53be2a-843e-4e44-8879-494f63e9b368 eaa88b4140614969af77143c8be6a2ac d0286b02a15a44e7a28cc725273e4988 - - default default] 10.0.0.184 "GET /v2.0/ports HTTP/1.1" status: 200 len: 1733 time: 0.1253428
2026-05-06 06:15:24.439 9 INFO neutron.pecan_wsgi.hooks.translation [None req-edc93eb2-3e83-4b1e-b5bc-d768eb098f16 eaa88b4140614969af77143c8be6a2ac d0286b02a15a44e7a28cc725273e4988 - - default default] GET failed (client error): The resource could not be found.
2026-05-06 06:15:24.441 9 INFO neutron.wsgi [None req-edc93eb2-3e83-4b1e-b5bc-d768eb098f16 eaa88b4140614969af77143c8be6a2ac d0286b02a15a44e7a28cc725273e4988 - - default default] 10.0.0.184 "GET /v2.0/ports/229d2289-54e9-460d-b70b-89ab6fcd6c80 HTTP/1.1" status: 404 len: 333 time: 0.0226347
2026-05-06 06:15:24.497 9 INFO neutron.wsgi [None req-eab6d193-f887-4fa8-aa25-c189c10f9030 eaa88b4140614969af77143c8be6a2ac d0286b02a15a44e7a28cc725273e4988 - - default default] 10.0.0.184 "GET /v2.0/ports HTTP/1.1" status: 200 len: 1733 time: 0.0444355
2026-05-06 06:15:24.588 9 WARNING neutron.scheduler.dhcp_agent_scheduler [None req-60aad148-cafb-4c4e-b70c-d358063878a9 8e5c766801194016a35dfcbe05ef5617 1a009fe3683c4df096bc63300d7dcabf - - default default] No more DHCP agents
2026-05-06 06:15:24.592 9 WARNING neutron.api.rpc.agentnotifiers.dhcp_rpc_agent_api [None req-60aad148-cafb-4c4e-b70c-d358063878a9 8e5c766801194016a35dfcbe05ef5617 1a009fe3683c4df096bc63300d7dcabf - - default default] Unable to schedule network 5a86940f-45f6-442a-a2fa-cd2c21a26ebb: no agents available; will retry on subsequent port and subnet creation events.
2026-05-06 06:15:24.600 10 INFO neutron.wsgi [None req-6bd08a88-60dc-423d-b97f-931d103417a8 eaa88b4140614969af77143c8be6a2ac d0286b02a15a44e7a28cc725273e4988 - - default default] 10.0.0.184 "GET /v2.0/ports/0f4f47f4-2e14-4a67-a533-28b66d04c8c9 HTTP/1.1" status: 200 len: 973 time: 0.0975592
2026-05-06 06:15:24.635 9 INFO neutron.pecan_wsgi.hooks.translation [None req-7027823d-6ee9-4b09-a1f7-a5c03d1fe3bb eaa88b4140614969af77143c8be6a2ac d0286b02a15a44e7a28cc725273e4988 - - - -] DELETE failed (client error): The resource could not be found.
2026-05-06 06:15:24.637 9 INFO neutron.wsgi [None req-7027823d-6ee9-4b09-a1f7-a5c03d1fe3bb eaa88b4140614969af77143c8be6a2ac d0286b02a15a44e7a28cc725273e4988 - - - -] 10.0.0.184 "DELETE /v2.0/ports/87af1cf1-bc4e-4ac5-90a1-4077de0d9aa9 HTTP/1.1" status: 404 len: 333 time: 0.0290189
2026-05-06 06:15:24.667 10 INFO neutron.pecan_wsgi.hooks.translation [None req-cc59ade1-ecb2-4400-a4ec-133bc0a9205d eaa88b4140614969af77143c8be6a2ac d0286b02a15a44e7a28cc725273e4988 - - - -] DELETE failed (client error): The resource could not be found.
2026-05-06 06:15:24.669 10 INFO neutron.wsgi [None req-cc59ade1-ecb2-4400-a4ec-133bc0a9205d eaa88b4140614969af77143c8be6a2ac d0286b02a15a44e7a28cc725273e4988 - - - -] 10.0.0.184 "DELETE /v2.0/subnets/7aa40f77-e01a-4d21-be30-4bb62c9463e4 HTTP/1.1" status: 404 len: 337 time: 0.0234258
2026-05-06 06:15:24.686 9 INFO neutron.wsgi [None req-5a6c87f7-d452-4062-a62c-080d21f43781 f3f19912fc2644bcaf4ec3ea71c5a875 90f448a3f9004d85bc3a08a758d4ad86 - - - -] 10.0.0.184 "DELETE /v2.0/floatingips/e976068e-87f4-425a-8b0a-e6c698fa1446 HTTP/1.1" status: 204 len: 168 time: 0.6295025
2026-05-06 06:15:24.737 10 INFO neutron.pecan_wsgi.hooks.translation [None req-a22026d8-6341-48ff-a1e0-bc34781296a4 eaa88b4140614969af77143c8be6a2ac d0286b02a15a44e7a28cc725273e4988 - - - -] DELETE failed (client error): The resource could not be found.
2026-05-06 06:15:24.739 10 INFO neutron.wsgi [None req-a22026d8-6341-48ff-a1e0-bc34781296a4 eaa88b4140614969af77143c8be6a2ac d0286b02a15a44e7a28cc725273e4988 - - - -] 10.0.0.184 "DELETE /v2.0/subnets/5a099ebd-d21b-4213-9203-33a4a6428f6b HTTP/1.1" status: 404 len: 337 time: 0.0635233
2026-05-06 06:15:24.757 10 INFO neutron.services.segments.plugin [-] Segment 172ac979-815f-4578-b1a0-830f39231a35 resource provider aggregate not found
2026-05-06 06:15:24.773 9 INFO neutron.db.ovn_revision_numbers_db [None req-60aad148-cafb-4c4e-b70c-d358063878a9 8e5c766801194016a35dfcbe05ef5617 1a009fe3683c4df096bc63300d7dcabf - - default default] Successfully bumped revision number for resource e69f1115-65b5-41f6-9d60-b8d907e3620d (type: ports) to 1
2026-05-06 06:15:24.779 10 INFO neutron.services.segments.plugin [-] Segment 172ac979-815f-4578-b1a0-830f39231a35 resource provider aggregate not found
2026-05-06 06:15:24.792 10 INFO neutron.services.segments.plugin [-] Segment 172ac979-815f-4578-b1a0-830f39231a35 resource provider not found; error: Placement Client Error (4xx): {"errors": [{"status": 404, "title": "Not Found", "detail": "The resource could not be found.\n\n No resource provider with uuid 172ac979-815f-4578-b1a0-830f39231a35 found for delete ", "request_id": "req-0e677fbc-2fcb-4e99-bb5e-bfbc358f916f"}]}
2026-05-06 06:15:24.802 10 INFO neutron.services.segments.plugin [-] Segment 172ac979-815f-4578-b1a0-830f39231a35 resource provider not found; error: Placement Client Error (4xx): {"errors": [{"status": 404, "title": "Not Found", "detail": "The resource could not be found.\n\n No resource provider with uuid 172ac979-815f-4578-b1a0-830f39231a35 found for delete ", "request_id": "req-1d868201-774b-4a7a-a219-a5f806af55c5"}]}
2026-05-06 06:15:24.816 10 INFO neutron.services.segments.plugin [-] Segment 69dd45f7-9b8d-4a84-a24d-74a402fada31 resource provider aggregate not found
2026-05-06 06:15:24.831 10 INFO neutron.services.segments.plugin [-] Segment 69dd45f7-9b8d-4a84-a24d-74a402fada31 resource provider aggregate not found
2026-05-06 06:15:24.836 10 INFO neutron.services.segments.plugin [-] Segment 69dd45f7-9b8d-4a84-a24d-74a402fada31 resource provider not found; error: Placement Client Error (4xx): {"errors": [{"status": 404, "title": "Not Found", "detail": "The resource could not be found.\n\n No resource provider with uuid 69dd45f7-9b8d-4a84-a24d-74a402fada31 found for delete ", "request_id": "req-b10fad4c-d504-4e3a-b406-ab118639c99e"}]}
2026-05-06 06:15:24.846 10 INFO neutron.services.segments.plugin [-] Segment 69dd45f7-9b8d-4a84-a24d-74a402fada31 resource provider not found; error: Placement Client Error (4xx): {"errors": [{"status": 404, "title": "Not Found", "detail": "The resource could not be found.\n\n No resource provider with uuid 69dd45f7-9b8d-4a84-a24d-74a402fada31 found for delete ", "request_id": "req-298b2510-e868-4ce6-8972-7472988cd9e3"}]}
2026-05-06 06:15:24.892 10 INFO neutron.db.ovn_revision_numbers_db [None req-688835a5-447d-435b-98ee-a3f3c0be46b1 - - - - - -] Successfully bumped revision number for resource b2725357-26a1-417d-af7e-6063c3761bac (type: ports) to 1
2026-05-06 06:15:24.927 10 INFO neutron.wsgi [None req-481142ad-6812-4213-bfe5-0513ffb211f9 f2fc83625fad41168427af588d268753 3cfa9fb0859c443b96f877f817cddaae - - - -] 10.0.0.184 "DELETE /v2.0/networks/e147e380-fe7a-4b99-992d-78b6a052f840 HTTP/1.1" status: 204 len: 168 time: 0.9094808
2026-05-06 06:15:25.052 9 INFO neutron.wsgi [None req-5003c152-5b9a-47f1-a3d8-efccdf92f49c eaa88b4140614969af77143c8be6a2ac d0286b02a15a44e7a28cc725273e4988 - - - -] 10.0.0.184 "DELETE /v2.0/ports/0f4f47f4-2e14-4a67-a533-28b66d04c8c9 HTTP/1.1" status: 204 len: 168 time: 0.3040233
2026-05-06 06:15:25.325 10 INFO neutron.db.ovn_revision_numbers_db [None req-688835a5-447d-435b-98ee-a3f3c0be46b1 - - - - - -] Successfully bumped revision number for resource b2725357-26a1-417d-af7e-6063c3761bac (type: router_ports) to 3
2026-05-06 06:15:25.372 10 INFO neutron.plugins.ml2.drivers.ovn.mech_driver.mech_driver [None req-2187529b-8f41-404b-b813-7b46c84006bd - - - - - -] OVN reports status up for port: e69f1115-65b5-41f6-9d60-b8d907e3620d
2026-05-06 06:15:25.381 9 INFO neutron.db.ovn_revision_numbers_db [None req-60aad148-cafb-4c4e-b70c-d358063878a9 8e5c766801194016a35dfcbe05ef5617 1a009fe3683c4df096bc63300d7dcabf - - default default] Successfully bumped revision number for resource e69f1115-65b5-41f6-9d60-b8d907e3620d (type: router_ports) to 2
2026-05-06 06:15:25.395 10 INFO neutron.plugins.ml2.plugin [None req-2187529b-8f41-404b-b813-7b46c84006bd - - - - - -] Attempt 1 to provision port e69f1115-65b5-41f6-9d60-b8d907e3620d
2026-05-06 06:15:25.547 9 INFO neutron.db.ovn_revision_numbers_db [None req-60aad148-cafb-4c4e-b70c-d358063878a9 8e5c766801194016a35dfcbe05ef5617 1a009fe3683c4df096bc63300d7dcabf - - default default] Successfully bumped revision number for resource e69f1115-65b5-41f6-9d60-b8d907e3620d (type: ports) to 2
2026-05-06 06:15:25.566 10 INFO neutron.db.ovn_revision_numbers_db [None req-688835a5-447d-435b-98ee-a3f3c0be46b1 - - - - - -] Successfully bumped revision number for resource b2725357-26a1-417d-af7e-6063c3761bac (type: ports) to 2
2026-05-06 06:15:25.581 9 INFO neutron.services.segments.plugin [-] Segment cc78883f-76f3-4267-a552-d11e927b435d resource provider aggregate not found
2026-05-06 06:15:25.588 10 INFO neutron.wsgi [None req-7df8424c-7248-4f2c-8baa-15802a7860cb 8e5c766801194016a35dfcbe05ef5617 1a009fe3683c4df096bc63300d7dcabf - - default default] 10.0.0.184 "GET /v2.0/security-groups?tenant_id=3cfa9fb0859c443b96f877f817cddaae&name=default HTTP/1.1" status: 200 len: 2996 time: 0.1676550
2026-05-06 06:15:25.598 9 INFO neutron.services.segments.plugin [-] Segment cc78883f-76f3-4267-a552-d11e927b435d resource provider aggregate not found
2026-05-06 06:15:25.622 9 INFO neutron.services.segments.plugin [-] Segment cc78883f-76f3-4267-a552-d11e927b435d resource provider not found; error: Placement Client Error (4xx): {"errors": [{"status": 404, "title": "Not Found", "detail": "The resource could not be found.\n\n No resource provider with uuid cc78883f-76f3-4267-a552-d11e927b435d found for delete ", "request_id": "req-8498d72f-fc23-4003-a0c7-6f91c4982930"}]}
2026-05-06 06:15:25.623 9 INFO neutron.services.segments.plugin [-] Segment cc78883f-76f3-4267-a552-d11e927b435d resource provider not found; error: Placement Client Error (4xx): {"errors": [{"status": 404, "title": "Not Found", "detail": "The resource could not be found.\n\n No resource provider with uuid cc78883f-76f3-4267-a552-d11e927b435d found for delete ", "request_id": "req-bbd195dd-cb2b-4513-ade7-f3fa27966b4b"}]}
2026-05-06 06:15:25.641 9 INFO neutron.wsgi [None req-960b31ba-f776-4006-b37c-01783a2e4fe2 eaa88b4140614969af77143c8be6a2ac d0286b02a15a44e7a28cc725273e4988 - - - -] 10.0.0.184 "DELETE /v2.0/networks/9792560e-dc16-4fc9-a731-c5b3243d0f0c HTTP/1.1" status: 204 len: 168 time: 0.5798357
2026-05-06 06:15:25.665 9 WARNING neutron.scheduler.dhcp_agent_scheduler [None req-60aad148-cafb-4c4e-b70c-d358063878a9 8e5c766801194016a35dfcbe05ef5617 1a009fe3683c4df096bc63300d7dcabf - - default default] No more DHCP agents
2026-05-06 06:15:25.667 9 WARNING neutron.api.rpc.agentnotifiers.dhcp_rpc_agent_api [None req-60aad148-cafb-4c4e-b70c-d358063878a9 8e5c766801194016a35dfcbe05ef5617 1a009fe3683c4df096bc63300d7dcabf - - default default] Unable to schedule network 5a86940f-45f6-442a-a2fa-cd2c21a26ebb: no agents available; will retry on subsequent port and subnet creation events.
2026-05-06 06:15:26.121 10 INFO neutron.db.ovn_revision_numbers_db [None req-2187529b-8f41-404b-b813-7b46c84006bd - - - - - -] Successfully bumped revision number for resource e69f1115-65b5-41f6-9d60-b8d907e3620d (type: ports) to 3
2026-05-06 06:15:26.290 10 INFO neutron.db.ovn_revision_numbers_db [None req-688835a5-447d-435b-98ee-a3f3c0be46b1 - - - - - -] Successfully bumped revision number for resource b2725357-26a1-417d-af7e-6063c3761bac (type: ports) to 4
2026-05-06 06:15:26.358 9 INFO neutron.wsgi [None req-e240e80a-4d8d-46f1-9659-c0d1ddc75a5b 8e5c766801194016a35dfcbe05ef5617 1a009fe3683c4df096bc63300d7dcabf - - default default] 10.0.0.184 "GET /v2.0/security-groups?tenant_id=d0286b02a15a44e7a28cc725273e4988&name=default HTTP/1.1" status: 200 len: 2996 time: 0.1508534
2026-05-06 06:15:26.377 10 INFO neutron.db.ovn_revision_numbers_db [None req-2187529b-8f41-404b-b813-7b46c84006bd - - - - - -] Successfully bumped revision number for resource e69f1115-65b5-41f6-9d60-b8d907e3620d (type: router_ports) to 3
2026-05-06 06:15:26.390 9 INFO neutron.db.ovn_revision_numbers_db [None req-60aad148-cafb-4c4e-b70c-d358063878a9 8e5c766801194016a35dfcbe05ef5617 1a009fe3683c4df096bc63300d7dcabf - - - -] Successfully bumped revision number for resource e69f1115-65b5-41f6-9d60-b8d907e3620d (type: router_ports) to 3
2026-05-06 06:15:26.392 9 INFO neutron.wsgi [None req-60aad148-cafb-4c4e-b70c-d358063878a9 8e5c766801194016a35dfcbe05ef5617 1a009fe3683c4df096bc63300d7dcabf - - - -] 10.0.0.184 "PUT /v2.0/routers/77339d84-3de3-4717-a908-da7e6c29ef72/add_router_interface HTTP/1.1" status: 200 len: 503 time: 2.4860735
2026-05-06 06:15:26.422 10 INFO neutron.wsgi [None req-47a89569-af31-412b-bcd4-4e2b70344d9f 8e5c766801194016a35dfcbe05ef5617 1a009fe3683c4df096bc63300d7dcabf - - - -] 10.0.0.184 "DELETE /v2.0/security-groups/1e79f5f4-e3d7-44ab-b067-b741e9c02867 HTTP/1.1" status: 204 len: 168 time: 0.8282437
2026-05-06 06:15:26.576 9 INFO neutron.wsgi [None req-6b06613a-adc7-47b4-b002-3ca2a6956db9 8e5c766801194016a35dfcbe05ef5617 1a009fe3683c4df096bc63300d7dcabf - - - -] 10.0.0.184 "DELETE /v2.0/security-groups/5f64dcfb-c005-4761-93a0-8f7719f0fd3f HTTP/1.1" status: 204 len: 168 time: 0.2129745
2026-05-06 06:15:26.623 10 INFO neutron.wsgi [None req-c88e042d-3c81-4d4a-8411-8619f66b31ad 8e5c766801194016a35dfcbe05ef5617 1a009fe3683c4df096bc63300d7dcabf - - - -] 10.0.0.184 "PUT /v2.0/routers/44b1d355-e8fb-41e2-8763-2e650174b608/remove_router_interface HTTP/1.1" status: 200 len: 503 time: 1.9302516
2026-05-06 06:15:26.646 10 INFO neutron.db.ovn_revision_numbers_db [None req-688835a5-447d-435b-98ee-a3f3c0be46b1 - - - - - -] Successfully bumped revision number for resource b2725357-26a1-417d-af7e-6063c3761bac (type: router_ports) to 4
2026-05-06 06:15:26.864 10 INFO neutron.services.segments.plugin [-] Segment 206a64a6-600a-4d97-91a2-bf1996852cb5 resource provider aggregate not found
2026-05-06 06:15:26.870 10 INFO neutron.services.segments.plugin [-] Segment 206a64a6-600a-4d97-91a2-bf1996852cb5 resource provider aggregate not found
2026-05-06 06:15:26.896 10 INFO neutron.services.segments.plugin [-] Segment 206a64a6-600a-4d97-91a2-bf1996852cb5 resource provider not found; error: Placement Client Error (4xx): {"errors": [{"status": 404, "title": "Not Found", "detail": "The resource could not be found.\n\n No resource provider with uuid 206a64a6-600a-4d97-91a2-bf1996852cb5 found for delete ", "request_id": "req-e1366a70-44b7-4afa-be88-c162837b5e0f"}]}
2026-05-06 06:15:26.899 10 INFO neutron.services.segments.plugin [-] Segment 206a64a6-600a-4d97-91a2-bf1996852cb5 resource provider not found; error: Placement Client Error (4xx): {"errors": [{"status": 404, "title": "Not Found", "detail": "The resource could not be found.\n\n No resource provider with uuid 206a64a6-600a-4d97-91a2-bf1996852cb5 found for delete ", "request_id": "req-dba911c9-20b6-44e3-9276-b41f2e4e869a"}]}
2026-05-06 06:15:27.229 9 INFO neutron.wsgi [None req-ee7b487a-f7d2-42e8-afb0-2fdd5a4ebf02 8e5c766801194016a35dfcbe05ef5617 1a009fe3683c4df096bc63300d7dcabf - - - -] 10.0.0.184 "DELETE /v2.0/routers/44b1d355-e8fb-41e2-8763-2e650174b608 HTTP/1.1" status: 204 len: 168 time: 0.6001434
2026-05-06 06:15:27.426 9 INFO neutron.wsgi [None req-61b9d484-826f-4e60-9cef-638e1916a6a7 8e5c766801194016a35dfcbe05ef5617 1a009fe3683c4df096bc63300d7dcabf - - - -] 10.0.0.184 "DELETE /v2.0/subnets/ae7f7d8c-74dd-4ae8-a0dc-25e691451e97 HTTP/1.1" status: 204 len: 168 time: 0.1932535 /var/lib/openstack/lib/python3.10/site-packages/pycadf/identifier.py:71: UserWarning: Invalid uuid: neutron. To ensure interoperability, identifiers should be a valid uuid. warnings.warn(('Invalid uuid: %s. To ensure interoperability, '
2026-05-06 06:15:27.733 10 INFO neutron.db.ovn_revision_numbers_db [None req-c6c8d31a-f419-4550-bed9-56a95f4d7293 8e5c766801194016a35dfcbe05ef5617 1a009fe3683c4df096bc63300d7dcabf - - - -] Successfully bumped revision number for resource 2bbf48a2-da0b-4a2d-b989-e36ad42a5356 (type: security_groups) to 1
2026-05-06 06:15:27.780 9 INFO neutron.services.segments.plugin [-] Segment 45c7cb7b-5730-4338-a976-152b2ccba0f2 resource provider aggregate not found
2026-05-06 06:15:27.786 9 INFO neutron.services.segments.plugin [-] Segment 45c7cb7b-5730-4338-a976-152b2ccba0f2 resource provider aggregate not found
2026-05-06 06:15:27.807 9 INFO neutron.services.segments.plugin [-] Segment 45c7cb7b-5730-4338-a976-152b2ccba0f2 resource provider not found; error: Placement Client Error (4xx): {"errors": [{"status": 404, "title": "Not Found", "detail": "The resource could not be found.\n\n No resource provider with uuid 45c7cb7b-5730-4338-a976-152b2ccba0f2 found for delete ", "request_id": "req-f4215a23-c897-43a0-8e55-475f3502f597"}]}
2026-05-06 06:15:27.808 9 INFO neutron.services.segments.plugin [-] Segment 45c7cb7b-5730-4338-a976-152b2ccba0f2 resource provider not found; error: Placement Client Error (4xx): {"errors": [{"status": 404, "title": "Not Found", "detail": "The resource could not be found.\n\n No resource provider with uuid 45c7cb7b-5730-4338-a976-152b2ccba0f2 found for delete ", "request_id": "req-81237815-1c0e-4aae-b012-41f64e4fb3dd"}]}
2026-05-06 06:15:27.808 10 INFO neutron.db.segments_db [None req-c6c8d31a-f419-4550-bed9-56a95f4d7293 8e5c766801194016a35dfcbe05ef5617 1a009fe3683c4df096bc63300d7dcabf - - - -] Added segment b27ef882-8a71-49b2-99a2-5f608736e734 of type geneve for network 29921185-bc62-477c-8db9-159ca973341b
2026-05-06 06:15:27.841 9 INFO neutron.wsgi [None req-81e499f4-0bf0-4f3b-9e83-2b36cb71e2f8 8e5c766801194016a35dfcbe05ef5617 1a009fe3683c4df096bc63300d7dcabf - - - -] 10.0.0.184 "DELETE /v2.0/networks/d060292c-6e1a-4d4d-ba36-84d31aec332e HTTP/1.1" status: 204 len: 168 time: 0.4115508
2026-05-06 06:15:27.920 10 INFO neutron.db.ovn_revision_numbers_db [None req-c6c8d31a-f419-4550-bed9-56a95f4d7293 8e5c766801194016a35dfcbe05ef5617 1a009fe3683c4df096bc63300d7dcabf - - - -] Successfully bumped revision number for resource 29921185-bc62-477c-8db9-159ca973341b (type: networks) to 1
2026-05-06 06:15:28.049 9 INFO neutron.wsgi [None req-156c6dab-fdd9-466a-9e06-56ef3cc22c10 8e5c766801194016a35dfcbe05ef5617 1a009fe3683c4df096bc63300d7dcabf - - default default] 10.0.0.184 "GET /v2.0/security-groups?tenant_id=90f448a3f9004d85bc3a08a758d4ad86&name=default HTTP/1.1" status: 200 len: 2996 time: 0.0324681
2026-05-06 06:15:28.089 10 WARNING neutron.scheduler.dhcp_agent_scheduler [None req-c6c8d31a-f419-4550-bed9-56a95f4d7293 8e5c766801194016a35dfcbe05ef5617 1a009fe3683c4df096bc63300d7dcabf - - - -] No more DHCP agents
2026-05-06 06:15:28.091 10 WARNING neutron.api.rpc.agentnotifiers.dhcp_rpc_agent_api [None req-c6c8d31a-f419-4550-bed9-56a95f4d7293 8e5c766801194016a35dfcbe05ef5617 1a009fe3683c4df096bc63300d7dcabf - - - -] Unable to schedule network 29921185-bc62-477c-8db9-159ca973341b: no agents available; will retry on subsequent port and subnet creation events.
2026-05-06 06:15:28.149 10 INFO neutron.db.ovn_revision_numbers_db [None req-c6c8d31a-f419-4550-bed9-56a95f4d7293 8e5c766801194016a35dfcbe05ef5617 1a009fe3683c4df096bc63300d7dcabf - - - -] Successfully bumped revision number for resource 031297e2-5d1f-4784-9b4f-85a7d4fcc4af (type: ports) to 1
2026-05-06 06:15:28.171 10 INFO neutron.wsgi [None req-c6c8d31a-f419-4550-bed9-56a95f4d7293 8e5c766801194016a35dfcbe05ef5617 1a009fe3683c4df096bc63300d7dcabf - - - -] 10.0.0.184 "POST /v2.0/networks HTTP/1.1" status: 201 len: 943 time: 0.5970123
2026-05-06 06:15:28.250 9 INFO neutron.wsgi [None req-5e559e4e-3765-46ef-9190-541a2f422ddd 8e5c766801194016a35dfcbe05ef5617 1a009fe3683c4df096bc63300d7dcabf - - - -] 10.0.0.184 "DELETE /v2.0/security-groups/857cd240-4116-4332-bba0-a69d13e9afe2 HTTP/1.1" status: 204 len: 168 time: 0.1967950
2026-05-06 06:15:28.353 10 WARNING neutron.scheduler.dhcp_agent_scheduler [None req-e0fd4e6e-822f-4b0a-9119-8c657ff55e30 8e5c766801194016a35dfcbe05ef5617 1a009fe3683c4df096bc63300d7dcabf - - - -] No more DHCP agents
2026-05-06 06:15:28.356 10 WARNING neutron.api.rpc.agentnotifiers.dhcp_rpc_agent_api [None req-e0fd4e6e-822f-4b0a-9119-8c657ff55e30 8e5c766801194016a35dfcbe05ef5617 1a009fe3683c4df096bc63300d7dcabf - - - -] Unable to schedule network 29921185-bc62-477c-8db9-159ca973341b: no agents available; will retry on subsequent port and subnet creation events.
2026-05-06 06:15:28.493 10 INFO neutron.db.ovn_revision_numbers_db [None req-967685ad-43d9-4583-b599-ff40da83db7a dd6b015d24694f628d82bf832e42f7e5 ea7df6f2eebb4cb28064647d6abe31b7 - - - -] Successfully bumped revision number for resource 5bb52865-c902-4eee-8e17-53fd4bc83e96 (type: security_groups) to 1
2026-05-06 06:15:28.554 10 INFO neutron.db.segments_db [None req-967685ad-43d9-4583-b599-ff40da83db7a dd6b015d24694f628d82bf832e42f7e5 ea7df6f2eebb4cb28064647d6abe31b7 - - - -] Added segment 676365fc-cd74-4b6f-aaad-9b834a17d9a8 of type geneve for network 530c5771-6d83-4e30-b9d7-1c717024defc
2026-05-06 06:15:28.696 9 INFO neutron.db.ovn_revision_numbers_db [None req-c7d59895-6a76-4fd1-b3f8-23992320294d 3a08a9867d33473b823e812ab7dba26d 3a194d684980480a9d07dc95796bfe6f - - - -] Successfully bumped revision number for resource a8997a39-eff8-4ce8-8a69-d4ce4ada5acb (type: security_groups) to 1
2026-05-06 06:15:28.707 10 INFO neutron.db.ovn_revision_numbers_db [None req-967685ad-43d9-4583-b599-ff40da83db7a dd6b015d24694f628d82bf832e42f7e5 ea7df6f2eebb4cb28064647d6abe31b7 - - - -] Successfully bumped revision number for resource 530c5771-6d83-4e30-b9d7-1c717024defc (type: networks) to 1
