2026-05-06 06:14:21.418 9 INFO neutron.wsgi [req-b391c1b1-cefb-4684-977c-e890743c99b2 req-41877ee2-42aa-40dd-a5b4-e58aac1d92fe 6da3f2bf77324f328b51d0a276f19dee f3e79d991d464280b0329d41bf9ea437 - - b621fce73f6d42c4a41bca51a726afc4 b621fce73f6d42c4a41bca51a726afc4] 199.204.45.57 "GET /v2.0/networks/7ff644b4-b69d-494b-93ae-717a36429275?fields=provider%3Aphysical_network&fields=provider%3Anetwork_type HTTP/1.1" status: 200 len: 277 time: 0.1286876
2026-05-06 06:14:21.420 10 INFO neutron.wsgi [req-52ab9743-8105-4525-b4ca-70b96f98ed27 req-2b2fdbf4-3afe-41bf-a9cd-53b066370e98 ee9ae7efaa404d078a64aca1783d48eb 8f965bcbe0554c58a7b13cc5ce3287ea - - default default] 10.0.0.205 "GET /v2.0/ports?device_id=24e97b53-8c0c-4fb0-b40e-4dfd4d8c031a HTTP/1.1" status: 200 len: 1174 time: 0.0687718
2026-05-06 06:14:21.438 9 INFO neutron.wsgi [None req-5f6ddbab-4604-411b-99f4-26611e7bb3ec e01d50c869a6456db263e3c92fd72034 2877192dc7fa404b82bbe4f4000c4e15 - - - -] 10.0.0.184 "PUT /v2.0/floatingips/40d30a57-d810-4a00-a2ed-7e734076378d HTTP/1.1" status: 200 len: 1049 time: 1.3884935
2026-05-06 06:14:21.453 9 INFO neutron.wsgi [req-40021e5d-eb30-44c9-aed5-ad530cc7efd0 req-b912d9cc-31c9-4147-adef-c23cc005f678 6da3f2bf77324f328b51d0a276f19dee f3e79d991d464280b0329d41bf9ea437 - - b621fce73f6d42c4a41bca51a726afc4 b621fce73f6d42c4a41bca51a726afc4] 199.204.45.57 "GET /v2.0/networks/0824c8cd-705f-4de6-a31a-0f880060f4a2?fields=provider%3Aphysical_network&fields=provider%3Anetwork_type HTTP/1.1" status: 200 len: 277 time: 0.1342089
2026-05-06 06:14:21.510 9 INFO neutron.db.ovn_revision_numbers_db [None req-b9bb181f-c424-4558-926b-e13d5d606e74 - - - - - -] Successfully bumped revision number for resource 6a359c8d-a4d5-4221-a7ac-5487affc6aa8 (type: ports) to 5
2026-05-06 06:14:21.519 10 INFO neutron.wsgi [req-52ab9743-8105-4525-b4ca-70b96f98ed27 req-46ce7d82-052d-4ba2-8e3e-c117a0878bb9 ee9ae7efaa404d078a64aca1783d48eb 8f965bcbe0554c58a7b13cc5ce3287ea - - default default] 10.0.0.205 "GET /v2.0/security-groups?id=8530db4e-862f-4adf-8034-312c0ed43387&fields=id&fields=name HTTP/1.1" status: 200 len: 313 time: 0.0909517
2026-05-06 06:14:21.612 10 INFO neutron.db.l3_db [None req-d6919921-626d-4339-bb5a-854751ae37e6 a675ea401eeb4ab28341b0cbb99112a5 ba1941f70c0248b291d29b0f7be436af - - - -] Floating IP 92210ed6-bcc1-4ce5-a204-67ded9f9e191 disassociated. External IP: 10.96.250.212, port: 6a359c8d-a4d5-4221-a7ac-5487affc6aa8.
2026-05-06 06:14:21.649 9 INFO neutron.wsgi [req-e13a58de-452e-4775-b8be-ef6253126a81 req-754c621a-586d-4e89-9c31-4b50488b81c4 e01d50c869a6456db263e3c92fd72034 2877192dc7fa404b82bbe4f4000c4e15 - - default default] 10.0.0.205 "GET /v2.0/ports?device_id=4315388d-a331-496c-a0aa-7e3e62e6e422 HTTP/1.1" status: 200 len: 1170 time: 0.1702271 /var/lib/openstack/lib/python3.10/site-packages/pycadf/identifier.py:71: UserWarning: Invalid uuid: neutron. To ensure interoperability, identifiers should be a valid uuid. warnings.warn(('Invalid uuid: %s. To ensure interoperability, '
2026-05-06 06:14:21.695 9 INFO neutron.wsgi [req-e13a58de-452e-4775-b8be-ef6253126a81 req-e640c5b4-5fc3-4b0f-a381-83df121bf297 e01d50c869a6456db263e3c92fd72034 2877192dc7fa404b82bbe4f4000c4e15 - - default default] 10.0.0.205 "GET /v2.0/security-groups?id=9fbc8d04-3986-43bb-b69b-1f9fad6bbc38&fields=id&fields=name HTTP/1.1" status: 200 len: 311 time: 0.0376587
2026-05-06 06:14:21.835 10 INFO neutron.wsgi [None req-d6919921-626d-4339-bb5a-854751ae37e6 a675ea401eeb4ab28341b0cbb99112a5 ba1941f70c0248b291d29b0f7be436af - - - -] 199.204.45.57 "DELETE /v2.0/ports/6a359c8d-a4d5-4221-a7ac-5487affc6aa8 HTTP/1.1" status: 204 len: 173 time: 0.6663883
2026-05-06 06:14:21.919 9 INFO neutron.notifiers.nova [-] Nova event matching ['req-1f95118e-4095-43ed-a1a0-9db25997e5a7'] response: {'server_uuid': '24e97b53-8c0c-4fb0-b40e-4dfd4d8c031a', 'name': 'network-vif-plugged', 'status': 'completed', 'tag': 'c2efd94d-2a3b-44ba-bb35-41e2085781ca', 'code': 200}
2026-05-06 06:14:21.920 9 INFO neutron.notifiers.nova [-] Nova event matching ['req-1f95118e-4095-43ed-a1a0-9db25997e5a7'] response: {'server_uuid': 'bddccfdc-c005-4169-85e8-be236c20747e', 'name': 'network-vif-unplugged', 'status': 'completed', 'tag': '6a359c8d-a4d5-4221-a7ac-5487affc6aa8', 'code': 200}
2026-05-06 06:14:21.920 9 INFO neutron.notifiers.nova [-] Nova event matching ['req-1f95118e-4095-43ed-a1a0-9db25997e5a7'] response: {'name': 'network-changed', 'server_uuid': '4315388d-a331-496c-a0aa-7e3e62e6e422', 'tag': '511ade49-c7d8-4c02-8024-fdb2f313d1ba', 'status': 'completed', 'code': 200}
2026-05-06 06:14:21.920 9 INFO neutron.notifiers.nova [-] Nova event matching ['req-1f95118e-4095-43ed-a1a0-9db25997e5a7'] response: {'server_uuid': 'bddccfdc-c005-4169-85e8-be236c20747e', 'name': 'network-vif-plugged', 'status': 'completed', 'tag': '6a359c8d-a4d5-4221-a7ac-5487affc6aa8', 'code': 200}
2026-05-06 06:14:22.011 10 INFO neutron.wsgi [req-3fac7e7a-24a7-4ae3-b41f-a003f492b214 req-f38e333f-35f2-4421-93dc-7ba97784d18c 6da3f2bf77324f328b51d0a276f19dee f3e79d991d464280b0329d41bf9ea437 - - b621fce73f6d42c4a41bca51a726afc4 b621fce73f6d42c4a41bca51a726afc4] 199.204.45.57 "GET /v2.0/ports?tenant_id=2877192dc7fa404b82bbe4f4000c4e15&device_id=4315388d-a331-496c-a0aa-7e3e62e6e422 HTTP/1.1" status: 200 len: 1361 time: 0.0663261
2026-05-06 06:14:22.057 10 INFO neutron.plugins.ml2.drivers.ovn.mech_driver.mech_driver [None req-2187529b-8f41-404b-b813-7b46c84006bd - - - - - -] OVN reports status down for port: 511ade49-c7d8-4c02-8024-fdb2f313d1ba
2026-05-06 06:14:22.068 10 INFO neutron.wsgi [req-88e5dac7-5deb-4cb0-bdb6-5a1a626b6359 req-14b08e85-49ac-4869-bfb8-a28334ece28a e01d50c869a6456db263e3c92fd72034 2877192dc7fa404b82bbe4f4000c4e15 - - default default] 10.0.0.205 "GET /v2.0/ports?device_id=4315388d-a331-496c-a0aa-7e3e62e6e422 HTTP/1.1" status: 200 len: 1170 time: 0.0677125
2026-05-06 06:14:22.095 9 INFO neutron.wsgi [req-5cccef13-4cbe-4af8-a166-8ae25eb91743 req-25cb427c-81f1-438d-9a30-2d5f31981b3f a675ea401eeb4ab28341b0cbb99112a5 ba1941f70c0248b291d29b0f7be436af - - default default] 10.0.0.205 "GET /v2.0/ports?device_id=bddccfdc-c005-4169-85e8-be236c20747e HTTP/1.1" status: 200 len: 210 time: 0.0314932
2026-05-06 06:14:22.288 10 INFO neutron.wsgi [req-3fac7e7a-24a7-4ae3-b41f-a003f492b214 req-5e65f699-d832-4054-87bd-962749e4e122 6da3f2bf77324f328b51d0a276f19dee f3e79d991d464280b0329d41bf9ea437 - - b621fce73f6d42c4a41bca51a726afc4 b621fce73f6d42c4a41bca51a726afc4] 199.204.45.57 "GET /v2.0/networks?id=3004c433-dcea-4244-9b90-a32687cacb8e HTTP/1.1" status: 200 len: 978 time: 0.2626441
2026-05-06 06:14:22.291 10 INFO neutron.wsgi [req-88e5dac7-5deb-4cb0-bdb6-5a1a626b6359 req-b3f04bc7-696f-499a-bcb1-3ed678346888 e01d50c869a6456db263e3c92fd72034 2877192dc7fa404b82bbe4f4000c4e15 - - default default] 10.0.0.205 "GET /v2.0/security-groups?id=9fbc8d04-3986-43bb-b69b-1f9fad6bbc38&fields=id&fields=name HTTP/1.1" status: 200 len: 311 time: 0.2137249
2026-05-06 06:14:22.361 10 INFO neutron.wsgi [req-3fac7e7a-24a7-4ae3-b41f-a003f492b214 req-82e7abef-5734-4a35-bcd3-d78b8341df3e 6da3f2bf77324f328b51d0a276f19dee f3e79d991d464280b0329d41bf9ea437 - - b621fce73f6d42c4a41bca51a726afc4 b621fce73f6d42c4a41bca51a726afc4] 199.204.45.57 "GET /v2.0/floatingips?fixed_ip_address=10.100.0.9&port_id=511ade49-c7d8-4c02-8024-fdb2f313d1ba HTTP/1.1" status: 200 len: 1059 time: 0.0686331
2026-05-06 06:14:22.408 9 INFO neutron.wsgi [req-8c496e0e-69a7-4598-be9e-29f8b19f7388 req-81bce090-d2e5-408f-88c1-27d410885a3a e01d50c869a6456db263e3c92fd72034 2877192dc7fa404b82bbe4f4000c4e15 - - default default] 199.204.45.57 "GET /v2.0/ports?device_id=4315388d-a331-496c-a0aa-7e3e62e6e422 HTTP/1.1" status: 200 len: 1170 time: 0.0390635
2026-05-06 06:14:22.413 10 INFO neutron.wsgi [req-3fac7e7a-24a7-4ae3-b41f-a003f492b214 req-c7842386-33c8-4dcf-bf89-77ca5dd2dea9 6da3f2bf77324f328b51d0a276f19dee f3e79d991d464280b0329d41bf9ea437 - - b621fce73f6d42c4a41bca51a726afc4 b621fce73f6d42c4a41bca51a726afc4] 199.204.45.57 "GET /v2.0/subnets?id=1ca5cd8d-1e6a-46bd-9c61-f242732443cf HTTP/1.1" status: 200 len: 873 time: 0.0449307
2026-05-06 06:14:22.438 10 INFO neutron.notifiers.nova [-] Nova event matching ['req-685c7fce-2fd6-421f-b986-260adb377fc5'] response: {'server_uuid': 'bddccfdc-c005-4169-85e8-be236c20747e', 'name': 'network-vif-deleted', 'tag': '6a359c8d-a4d5-4221-a7ac-5487affc6aa8', 'status': 'completed', 'code': 200}
2026-05-06 06:14:22.438 10 INFO neutron.notifiers.nova [-] Nova event matching ['req-685c7fce-2fd6-421f-b986-260adb377fc5'] response: {'server_uuid': '4315388d-a331-496c-a0aa-7e3e62e6e422', 'name': 'network-vif-unplugged', 'status': 'completed', 'tag': '511ade49-c7d8-4c02-8024-fdb2f313d1ba', 'code': 200}
2026-05-06 06:14:22.448 10 INFO neutron.wsgi [req-3fac7e7a-24a7-4ae3-b41f-a003f492b214 req-7d1de702-55be-4bdf-9ed2-d4bc64c16728 6da3f2bf77324f328b51d0a276f19dee f3e79d991d464280b0329d41bf9ea437 - - b621fce73f6d42c4a41bca51a726afc4 b621fce73f6d42c4a41bca51a726afc4] 199.204.45.57 "GET /v2.0/ports?network_id=3004c433-dcea-4244-9b90-a32687cacb8e&device_owner=network%3Adhcp HTTP/1.1" status: 200 len: 210 time: 0.0292540
2026-05-06 06:14:22.471 9 INFO neutron.wsgi [req-bac91536-ef75-40b4-ba6c-82658656e559 req-6d106592-2735-48ca-8a86-1352823cc0c6 cb0ce729ba3b4f2893ae1312bec266d8 033e139a5de64585a2802cabdc36a6f2 - - default default] 10.0.0.205 "GET /v2.0/ports?device_id=4544dd33-0233-4d9d-ba8d-71cfd2799a92 HTTP/1.1" status: 200 len: 1170 time: 0.0501602
2026-05-06 06:14:22.549 10 INFO neutron.wsgi [req-3fac7e7a-24a7-4ae3-b41f-a003f492b214 req-36e4e2da-b609-4cfa-b320-1f24767a8c10 6da3f2bf77324f328b51d0a276f19dee f3e79d991d464280b0329d41bf9ea437 - - b621fce73f6d42c4a41bca51a726afc4 b621fce73f6d42c4a41bca51a726afc4] 199.204.45.57 "GET /v2.0/networks/3004c433-dcea-4244-9b90-a32687cacb8e?fields=segments HTTP/1.1" status: 200 len: 212 time: 0.0920119
2026-05-06 06:14:22.664 10 INFO neutron.wsgi [req-57abe6c0-5480-4dde-8fa0-2a48f70f9e0d req-a4189df8-3777-4bce-92e0-00475e1ee4c9 ee9ae7efaa404d078a64aca1783d48eb 8f965bcbe0554c58a7b13cc5ce3287ea - - default default] 10.0.0.205 "GET /v2.0/ports?device_id=24e97b53-8c0c-4fb0-b40e-4dfd4d8c031a HTTP/1.1" status: 200 len: 1174 time: 0.0717304
2026-05-06 06:14:22.696 10 INFO neutron.wsgi [req-3fac7e7a-24a7-4ae3-b41f-a003f492b214 req-b2914e6e-ee46-4e9e-bbc9-cbf122f87232 6da3f2bf77324f328b51d0a276f19dee f3e79d991d464280b0329d41bf9ea437 - - b621fce73f6d42c4a41bca51a726afc4 b621fce73f6d42c4a41bca51a726afc4] 199.204.45.57 "GET /v2.0/networks/3004c433-dcea-4244-9b90-a32687cacb8e?fields=provider%3Aphysical_network&fields=provider%3Anetwork_type HTTP/1.1" status: 200 len: 277 time: 0.1361198
2026-05-06 06:14:22.699 10 INFO neutron.db.ovn_revision_numbers_db [None req-2187529b-8f41-404b-b813-7b46c84006bd - - - - - -] Successfully bumped revision number for resource 511ade49-c7d8-4c02-8024-fdb2f313d1ba (type: ports) to 5
2026-05-06 06:14:22.734 10 INFO neutron.wsgi [req-57abe6c0-5480-4dde-8fa0-2a48f70f9e0d req-3cab8480-a10a-4198-a951-b005e44d0fb8 ee9ae7efaa404d078a64aca1783d48eb 8f965bcbe0554c58a7b13cc5ce3287ea - - default default] 10.0.0.205 "GET /v2.0/security-groups?id=8530db4e-862f-4adf-8034-312c0ed43387&fields=id&fields=name HTTP/1.1" status: 200 len: 313 time: 0.0545032
2026-05-06 06:14:22.746 9 INFO neutron.wsgi [req-bac91536-ef75-40b4-ba6c-82658656e559 req-b6c09220-8421-4806-bf97-db4b7bb0f092 cb0ce729ba3b4f2893ae1312bec266d8 033e139a5de64585a2802cabdc36a6f2 - - default default] 10.0.0.205 "GET /v2.0/security-groups?id=56dac393-d751-44e6-8193-7c2c8bc5fec3&fields=id&fields=name HTTP/1.1" status: 200 len: 313 time: 0.0541160 /var/lib/openstack/lib/python3.10/site-packages/pycadf/identifier.py:71: UserWarning: Invalid uuid: neutron. To ensure interoperability, identifiers should be a valid uuid. warnings.warn(('Invalid uuid: %s. To ensure interoperability, '
2026-05-06 06:14:22.860 10 INFO neutron.wsgi [req-cb222d23-5da2-4344-9fb8-2b7ef5492787 req-4bc99468-bfbb-4796-afaf-fa65131a03b0 ee9ae7efaa404d078a64aca1783d48eb 8f965bcbe0554c58a7b13cc5ce3287ea - - default default] 10.0.0.205 "GET /v2.0/ports?device_id=24e97b53-8c0c-4fb0-b40e-4dfd4d8c031a HTTP/1.1" status: 200 len: 1174 time: 0.0420139
2026-05-06 06:14:22.878 9 INFO neutron.wsgi [req-f402ac16-2c39-46db-b135-72a46b35cb56 req-9094d11a-2f94-4351-b0d3-2f107adbdd33 cb0ce729ba3b4f2893ae1312bec266d8 033e139a5de64585a2802cabdc36a6f2 - - default default] 10.0.0.205 "GET /v2.0/ports?device_id=4544dd33-0233-4d9d-ba8d-71cfd2799a92 HTTP/1.1" status: 200 len: 1170 time: 0.0572271
2026-05-06 06:14:23.075 9 INFO neutron.db.l3_db [None req-441c47d0-ca12-4dc0-bd00-500531df6c56 e01d50c869a6456db263e3c92fd72034 2877192dc7fa404b82bbe4f4000c4e15 - - - -] Floating IP 40d30a57-d810-4a00-a2ed-7e734076378d disassociated. External IP: 10.96.250.219, port: 511ade49-c7d8-4c02-8024-fdb2f313d1ba. /var/lib/openstack/lib/python3.10/site-packages/pycadf/identifier.py:71: UserWarning: Invalid uuid: neutron. To ensure interoperability, identifiers should be a valid uuid. warnings.warn(('Invalid uuid: %s. To ensure interoperability, '
2026-05-06 06:14:23.218 10 INFO neutron.db.l3_db [None req-2faecb73-b423-4260-a4bc-4186b4dfebac ee9ae7efaa404d078a64aca1783d48eb 8f965bcbe0554c58a7b13cc5ce3287ea - - - -] Floating IP 4993771c-1bad-413d-a20b-9130251dd625 associated. External IP: 10.96.250.205, port: c2efd94d-2a3b-44ba-bb35-41e2085781ca.
2026-05-06 06:14:23.223 10 INFO neutron.db.l3_db [None req-637559e6-5c98-469a-9830-b624c3b522c1 cb0ce729ba3b4f2893ae1312bec266d8 033e139a5de64585a2802cabdc36a6f2 - - - -] Floating IP 24c3cc6d-d323-419c-8be6-4c5c4b1e3130 associated. External IP: 10.96.250.203, port: 268e23bc-ebcd-4091-98a2-4e95c40ad69d.
2026-05-06 06:14:23.324 9 INFO neutron.wsgi [None req-441c47d0-ca12-4dc0-bd00-500531df6c56 e01d50c869a6456db263e3c92fd72034 2877192dc7fa404b82bbe4f4000c4e15 - - - -] 199.204.45.57 "DELETE /v2.0/ports/511ade49-c7d8-4c02-8024-fdb2f313d1ba HTTP/1.1" status: 204 len: 173 time: 0.9107754
2026-05-06 06:14:23.405 9 INFO neutron.wsgi [None req-82d7c297-20e9-471a-aad7-a896b81e2092 a675ea401eeb4ab28341b0cbb99112a5 ba1941f70c0248b291d29b0f7be436af - - - -] 10.0.0.184 "DELETE /v2.0/security-groups/da573bee-495c-4740-9af6-052ea32b4023 HTTP/1.1" status: 204 len: 168 time: 0.2127452
2026-05-06 06:14:23.420 9 INFO neutron.api.v2.resource [None req-f4338d7a-5448-4b77-990e-47cbe65a1c5a a675ea401eeb4ab28341b0cbb99112a5 ba1941f70c0248b291d29b0f7be436af - - default default] show failed (client error): The resource could not be found.
2026-05-06 06:14:23.421 9 INFO neutron.wsgi [None req-f4338d7a-5448-4b77-990e-47cbe65a1c5a a675ea401eeb4ab28341b0cbb99112a5 ba1941f70c0248b291d29b0f7be436af - - default default] 10.0.0.184 "GET /v2.0/security-groups/da573bee-495c-4740-9af6-052ea32b4023 HTTP/1.1" status: 404 len: 347 time: 0.0129774
2026-05-06 06:14:23.424 10 INFO neutron.wsgi [req-87633b7a-6cfc-4471-80ec-f83f2332bb40 req-b43ccdcd-71b4-4690-9dfa-b8eb6c14fb01 e01d50c869a6456db263e3c92fd72034 2877192dc7fa404b82bbe4f4000c4e15 - - default default] 10.0.0.205 "GET /v2.0/ports?device_id=4315388d-a331-496c-a0aa-7e3e62e6e422 HTTP/1.1" status: 200 len: 210 time: 0.0247848
2026-05-06 06:14:23.486 10 INFO neutron.db.ovn_revision_numbers_db [None req-2faecb73-b423-4260-a4bc-4186b4dfebac ee9ae7efaa404d078a64aca1783d48eb 8f965bcbe0554c58a7b13cc5ce3287ea - - - -] Successfully bumped revision number for resource 4993771c-1bad-413d-a20b-9130251dd625 (type: floatingips) to 1
2026-05-06 06:14:23.512 10 INFO neutron.db.ovn_revision_numbers_db [None req-637559e6-5c98-469a-9830-b624c3b522c1 cb0ce729ba3b4f2893ae1312bec266d8 033e139a5de64585a2802cabdc36a6f2 - - - -] Successfully bumped revision number for resource 24c3cc6d-d323-419c-8be6-4c5c4b1e3130 (type: floatingips) to 1
2026-05-06 06:14:23.779 10 INFO neutron.db.ovn_revision_numbers_db [None req-637559e6-5c98-469a-9830-b624c3b522c1 cb0ce729ba3b4f2893ae1312bec266d8 033e139a5de64585a2802cabdc36a6f2 - - - -] Successfully bumped revision number for resource 24c3cc6d-d323-419c-8be6-4c5c4b1e3130 (type: floatingips) to 2
2026-05-06 06:14:23.783 10 INFO neutron.db.ovn_revision_numbers_db [None req-2faecb73-b423-4260-a4bc-4186b4dfebac ee9ae7efaa404d078a64aca1783d48eb 8f965bcbe0554c58a7b13cc5ce3287ea - - - -] Successfully bumped revision number for resource 4993771c-1bad-413d-a20b-9130251dd625 (type: floatingips) to 2
2026-05-06 06:14:23.809 10 INFO neutron.wsgi [None req-637559e6-5c98-469a-9830-b624c3b522c1 cb0ce729ba3b4f2893ae1312bec266d8 033e139a5de64585a2802cabdc36a6f2 - - - -] 10.0.0.184 "PUT /v2.0/floatingips/24c3cc6d-d323-419c-8be6-4c5c4b1e3130 HTTP/1.1" status: 200 len: 1049 time: 0.9126647
2026-05-06 06:14:23.814 10 INFO neutron.wsgi [None req-2faecb73-b423-4260-a4bc-4186b4dfebac ee9ae7efaa404d078a64aca1783d48eb 8f965bcbe0554c58a7b13cc5ce3287ea - - - -] 10.0.0.184 "PUT /v2.0/floatingips/4993771c-1bad-413d-a20b-9130251dd625 HTTP/1.1" status: 200 len: 1050 time: 0.9357009
2026-05-06 06:14:23.819 9 INFO neutron.wsgi [None req-f80b55c9-22bf-40a3-8b6e-3036a30e5aa4 a675ea401eeb4ab28341b0cbb99112a5 ba1941f70c0248b291d29b0f7be436af - - - -] 10.0.0.184 "DELETE /v2.0/floatingips/92210ed6-bcc1-4ce5-a204-67ded9f9e191 HTTP/1.1" status: 204 len: 168 time: 0.3924947 /var/lib/openstack/lib/python3.10/site-packages/pycadf/identifier.py:71: UserWarning: Invalid uuid: neutron. To ensure interoperability, identifiers should be a valid uuid. warnings.warn(('Invalid uuid: %s. To ensure interoperability, '
2026-05-06 06:14:23.897 9 INFO neutron.wsgi [req-b01a9c57-c8f8-4682-ae5a-c0aff3e5e4af req-ca41347f-2da0-40d5-866d-e1424d4753b4 cb0ce729ba3b4f2893ae1312bec266d8 033e139a5de64585a2802cabdc36a6f2 - - default default] 10.0.0.205 "GET /v2.0/ports?device_id=4544dd33-0233-4d9d-ba8d-71cfd2799a92 HTTP/1.1" status: 200 len: 1170 time: 0.0429978
2026-05-06 06:14:23.903 10 INFO neutron.wsgi [req-ff66fe88-388a-4614-81f6-72fea55d15d7 req-d0398e66-8334-4b47-8fda-fb95245766a7 ee9ae7efaa404d078a64aca1783d48eb 8f965bcbe0554c58a7b13cc5ce3287ea - - default default] 10.0.0.205 "GET /v2.0/ports?device_id=24e97b53-8c0c-4fb0-b40e-4dfd4d8c031a HTTP/1.1" status: 200 len: 1174 time: 0.0379367
2026-05-06 06:14:23.951 9 INFO neutron.wsgi [req-b01a9c57-c8f8-4682-ae5a-c0aff3e5e4af req-296d0d35-7f33-4b33-b9f1-ab7d586ad60f cb0ce729ba3b4f2893ae1312bec266d8 033e139a5de64585a2802cabdc36a6f2 - - default default] 10.0.0.205 "GET /v2.0/security-groups?id=56dac393-d751-44e6-8193-7c2c8bc5fec3&fields=id&fields=name HTTP/1.1" status: 200 len: 313 time: 0.0445876
2026-05-06 06:14:23.963 10 INFO neutron.wsgi [req-ff66fe88-388a-4614-81f6-72fea55d15d7 req-ce149436-2918-40c1-8d35-0227e47341d5 ee9ae7efaa404d078a64aca1783d48eb 8f965bcbe0554c58a7b13cc5ce3287ea - - default default] 10.0.0.205 "GET /v2.0/security-groups?id=8530db4e-862f-4adf-8034-312c0ed43387&fields=id&fields=name HTTP/1.1" status: 200 len: 313 time: 0.0509517
2026-05-06 06:14:23.996 9 INFO neutron.notifiers.nova [-] Nova event matching ['req-24ec0a5c-6466-411e-bf92-8e2cd8e6021c'] response: {'server_uuid': '4315388d-a331-496c-a0aa-7e3e62e6e422', 'name': 'network-vif-deleted', 'tag': '511ade49-c7d8-4c02-8024-fdb2f313d1ba', 'status': 'completed', 'code': 200}
2026-05-06 06:14:24.156 9 INFO neutron.wsgi [-] 10.0.0.212 "GET / HTTP/1.1" status: 200 len: 246 time: 0.0033698
2026-05-06 06:14:24.159 9 INFO neutron.wsgi [-] 10.0.0.212 "GET / HTTP/1.1" status: 200 len: 246 time: 0.0022931
2026-05-06 06:14:24.272 9 INFO neutron.plugins.ml2.drivers.ovn.mech_driver.mech_driver [None req-b9bb181f-c424-4558-926b-e13d5d606e74 - - - - - -] OVN reports status down for port: c2efd94d-2a3b-44ba-bb35-41e2085781ca
2026-05-06 06:14:24.273 10 INFO neutron.wsgi [req-0eb65b93-faff-47ab-a41e-cf044db2482f req-5978cfd1-8950-4099-96dd-c98f973985cb ee9ae7efaa404d078a64aca1783d48eb 8f965bcbe0554c58a7b13cc5ce3287ea - - default default] 10.0.0.205 "GET /v2.0/ports?device_id=24e97b53-8c0c-4fb0-b40e-4dfd4d8c031a HTTP/1.1" status: 200 len: 1174 time: 0.0438397
2026-05-06 06:14:24.343 10 INFO neutron.wsgi [req-0eb65b93-faff-47ab-a41e-cf044db2482f req-336b7cab-527f-4485-9071-5a4ed3dc7382 ee9ae7efaa404d078a64aca1783d48eb 8f965bcbe0554c58a7b13cc5ce3287ea - - default default] 10.0.0.205 "GET /v2.0/security-groups?id=8530db4e-862f-4adf-8034-312c0ed43387&fields=id&fields=name HTTP/1.1" status: 200 len: 313 time: 0.0661821
2026-05-06 06:14:24.484 10 INFO neutron.notifiers.nova [-] Nova event matching ['req-d9080194-0565-45e4-bfec-a25d928b2224'] response: {'server_uuid': '4315388d-a331-496c-a0aa-7e3e62e6e422', 'name': 'network-vif-plugged', 'status': 'completed', 'tag': '511ade49-c7d8-4c02-8024-fdb2f313d1ba', 'code': 200}
2026-05-06 06:14:24.484 10 INFO neutron.notifiers.nova [-] Nova event matching ['req-d9080194-0565-45e4-bfec-a25d928b2224'] response: {'name': 'network-changed', 'server_uuid': '4544dd33-0233-4d9d-ba8d-71cfd2799a92', 'tag': '268e23bc-ebcd-4091-98a2-4e95c40ad69d', 'status': 'completed', 'code': 200}
2026-05-06 06:14:24.485 10 INFO neutron.notifiers.nova [-] Nova event matching ['req-d9080194-0565-45e4-bfec-a25d928b2224'] response: {'name': 'network-changed', 'server_uuid': '24e97b53-8c0c-4fb0-b40e-4dfd4d8c031a', 'tag': 'c2efd94d-2a3b-44ba-bb35-41e2085781ca', 'status': 'completed', 'code': 200}
2026-05-06 06:14:24.558 9 INFO neutron.wsgi [req-fd0eca81-5532-4a74-8047-62147facbf28 req-3826c419-dfa7-4519-bc8b-c241e2113c54 6da3f2bf77324f328b51d0a276f19dee f3e79d991d464280b0329d41bf9ea437 - - b621fce73f6d42c4a41bca51a726afc4 b621fce73f6d42c4a41bca51a726afc4] 199.204.45.57 "GET /v2.0/ports?tenant_id=033e139a5de64585a2802cabdc36a6f2&device_id=4544dd33-0233-4d9d-ba8d-71cfd2799a92 HTTP/1.1" status: 200 len: 1361 time: 0.0440083
2026-05-06 06:14:24.563 9 INFO neutron.db.ovn_revision_numbers_db [None req-b9bb181f-c424-4558-926b-e13d5d606e74 - - - - - -] Successfully bumped revision number for resource c2efd94d-2a3b-44ba-bb35-41e2085781ca (type: ports) to 5
2026-05-06 06:14:24.631 9 INFO neutron.wsgi [req-fd0eca81-5532-4a74-8047-62147facbf28 req-deddbf5b-3523-422e-b0f9-c817d5adc9fc 6da3f2bf77324f328b51d0a276f19dee f3e79d991d464280b0329d41bf9ea437 - - b621fce73f6d42c4a41bca51a726afc4 b621fce73f6d42c4a41bca51a726afc4] 199.204.45.57 "GET /v2.0/networks?id=ea379a51-de66-4cb6-9d21-2b937f023056 HTTP/1.1" status: 200 len: 981 time: 0.0650351 /var/lib/openstack/lib/python3.10/site-packages/pycadf/identifier.py:71: UserWarning: Invalid uuid: neutron. To ensure interoperability, identifiers should be a valid uuid. warnings.warn(('Invalid uuid: %s. To ensure interoperability, '
2026-05-06 06:14:24.644 10 INFO neutron.wsgi [req-8867bef8-32d9-4021-a834-e00e318319c9 req-7e81950d-a901-41e5-b7f6-db4548da5ef6 ee9ae7efaa404d078a64aca1783d48eb 8f965bcbe0554c58a7b13cc5ce3287ea - - default default] 199.204.45.57 "GET /v2.0/ports?device_id=24e97b53-8c0c-4fb0-b40e-4dfd4d8c031a HTTP/1.1" status: 200 len: 1172 time: 0.0710914
2026-05-06 06:14:24.682 9 INFO neutron.wsgi [req-fd0eca81-5532-4a74-8047-62147facbf28 req-ddc2fa3f-b68a-47e7-9964-da2a8f9e7763 6da3f2bf77324f328b51d0a276f19dee f3e79d991d464280b0329d41bf9ea437 - - b621fce73f6d42c4a41bca51a726afc4 b621fce73f6d42c4a41bca51a726afc4] 199.204.45.57 "GET /v2.0/floatingips?fixed_ip_address=10.100.0.4&port_id=268e23bc-ebcd-4091-98a2-4e95c40ad69d HTTP/1.1" status: 200 len: 1059 time: 0.0420399
2026-05-06 06:14:24.725 9 INFO neutron.wsgi [req-fd0eca81-5532-4a74-8047-62147facbf28 req-61565536-01bf-4aea-ae4c-e84f53033633 6da3f2bf77324f328b51d0a276f19dee f3e79d991d464280b0329d41bf9ea437 - - b621fce73f6d42c4a41bca51a726afc4 b621fce73f6d42c4a41bca51a726afc4] 199.204.45.57 "GET /v2.0/subnets?id=608a3bb9-4c4b-44f6-8d2a-ed89dbfc02fc HTTP/1.1" status: 200 len: 876 time: 0.0378144
2026-05-06 06:14:24.751 9 INFO neutron.wsgi [req-fd0eca81-5532-4a74-8047-62147facbf28 req-dca419fa-b8b3-46c5-ac40-03afbb47096d 6da3f2bf77324f328b51d0a276f19dee f3e79d991d464280b0329d41bf9ea437 - - b621fce73f6d42c4a41bca51a726afc4 b621fce73f6d42c4a41bca51a726afc4] 199.204.45.57 "GET /v2.0/ports?network_id=ea379a51-de66-4cb6-9d21-2b937f023056&device_owner=network%3Adhcp HTTP/1.1" status: 200 len: 210 time: 0.0210724
2026-05-06 06:14:24.821 9 INFO neutron.wsgi [req-fd0eca81-5532-4a74-8047-62147facbf28 req-d13f2c99-ca84-4da6-808f-1e559b0c0c6a 6da3f2bf77324f328b51d0a276f19dee f3e79d991d464280b0329d41bf9ea437 - - b621fce73f6d42c4a41bca51a726afc4 b621fce73f6d42c4a41bca51a726afc4] 199.204.45.57 "GET /v2.0/networks/ea379a51-de66-4cb6-9d21-2b937f023056?fields=segments HTTP/1.1" status: 200 len: 212 time: 0.0610170
2026-05-06 06:14:24.838 10 INFO neutron.wsgi [None req-ea3587ae-493e-4be3-840f-f40dedb81020 e01d50c869a6456db263e3c92fd72034 2877192dc7fa404b82bbe4f4000c4e15 - - - -] 10.0.0.184 "DELETE /v2.0/security-groups/9fbc8d04-3986-43bb-b69b-1f9fad6bbc38 HTTP/1.1" status: 204 len: 168 time: 0.2998009
2026-05-06 06:14:24.858 9 INFO neutron.api.v2.resource [None req-edb3d6ad-d5c9-445e-ba21-ed7fefe6377d e01d50c869a6456db263e3c92fd72034 2877192dc7fa404b82bbe4f4000c4e15 - - default default] show failed (client error): The resource could not be found.
2026-05-06 06:14:24.859 9 INFO neutron.wsgi [None req-edb3d6ad-d5c9-445e-ba21-ed7fefe6377d e01d50c869a6456db263e3c92fd72034 2877192dc7fa404b82bbe4f4000c4e15 - - default default] 10.0.0.184 "GET /v2.0/security-groups/9fbc8d04-3986-43bb-b69b-1f9fad6bbc38 HTTP/1.1" status: 404 len: 347 time: 0.0153124
2026-05-06 06:14:24.922 9 INFO neutron.wsgi [req-fd0eca81-5532-4a74-8047-62147facbf28 req-140e68f9-cf92-47d7-ba0c-619e3a48c898 6da3f2bf77324f328b51d0a276f19dee f3e79d991d464280b0329d41bf9ea437 - - b621fce73f6d42c4a41bca51a726afc4 b621fce73f6d42c4a41bca51a726afc4] 199.204.45.57 "GET /v2.0/networks/ea379a51-de66-4cb6-9d21-2b937f023056?fields=provider%3Aphysical_network&fields=provider%3Anetwork_type HTTP/1.1" status: 200 len: 277 time: 0.0954669
2026-05-06 06:14:25.016 9 INFO neutron.wsgi [req-fd0eca81-5532-4a74-8047-62147facbf28 req-0042400a-04aa-4073-884d-6a6f85a0a4db 6da3f2bf77324f328b51d0a276f19dee f3e79d991d464280b0329d41bf9ea437 - - b621fce73f6d42c4a41bca51a726afc4 b621fce73f6d42c4a41bca51a726afc4] 199.204.45.57 "GET /v2.0/ports?tenant_id=8f965bcbe0554c58a7b13cc5ce3287ea&device_id=24e97b53-8c0c-4fb0-b40e-4dfd4d8c031a HTTP/1.1" status: 200 len: 1363 time: 0.0437913
2026-05-06 06:14:25.110 10 INFO neutron.db.l3_db [None req-27c9aded-2a84-46fa-b09b-a42acb1e6068 ee9ae7efaa404d078a64aca1783d48eb 8f965bcbe0554c58a7b13cc5ce3287ea - - - -] Floating IP 4993771c-1bad-413d-a20b-9130251dd625 disassociated. External IP: 10.96.250.205, port: c2efd94d-2a3b-44ba-bb35-41e2085781ca.
2026-05-06 06:14:25.144 9 INFO neutron.wsgi [req-fd0eca81-5532-4a74-8047-62147facbf28 req-19bfd3b2-c185-45c3-b9d4-a2f9c30632ff 6da3f2bf77324f328b51d0a276f19dee f3e79d991d464280b0329d41bf9ea437 - - b621fce73f6d42c4a41bca51a726afc4 b621fce73f6d42c4a41bca51a726afc4] 199.204.45.57 "GET /v2.0/networks?id=0824c8cd-705f-4de6-a31a-0f880060f4a2 HTTP/1.1" status: 200 len: 973 time: 0.1171825 /var/lib/openstack/lib/python3.10/site-packages/pycadf/identifier.py:71: UserWarning: Invalid uuid: neutron. To ensure interoperability, identifiers should be a valid uuid. warnings.warn(('Invalid uuid: %s. To ensure interoperability, '
2026-05-06 06:14:25.205 9 INFO neutron.wsgi [req-fd0eca81-5532-4a74-8047-62147facbf28 req-ffeffb3a-e5aa-41da-81e8-c1a3d7e63a36 6da3f2bf77324f328b51d0a276f19dee f3e79d991d464280b0329d41bf9ea437 - - b621fce73f6d42c4a41bca51a726afc4 b621fce73f6d42c4a41bca51a726afc4] 199.204.45.57 "GET /v2.0/floatingips?fixed_ip_address=10.100.0.10&port_id=c2efd94d-2a3b-44ba-bb35-41e2085781ca HTTP/1.1" status: 200 len: 1058 time: 0.0460923
2026-05-06 06:14:25.255 9 INFO neutron.wsgi [req-fd0eca81-5532-4a74-8047-62147facbf28 req-9b224fb4-67b9-4a2c-9cf7-245662598673 6da3f2bf77324f328b51d0a276f19dee f3e79d991d464280b0329d41bf9ea437 - - b621fce73f6d42c4a41bca51a726afc4 b621fce73f6d42c4a41bca51a726afc4] 199.204.45.57 "GET /v2.0/subnets?id=7520876d-4de2-4c0a-8b28-bd82e5d03ba7 HTTP/1.1" status: 200 len: 868 time: 0.0442634
2026-05-06 06:14:25.282 9 INFO neutron.wsgi [req-fd0eca81-5532-4a74-8047-62147facbf28 req-ff2bcd6d-750a-46a2-a6b5-59eab9097a1b 6da3f2bf77324f328b51d0a276f19dee f3e79d991d464280b0329d41bf9ea437 - - b621fce73f6d42c4a41bca51a726afc4 b621fce73f6d42c4a41bca51a726afc4] 199.204.45.57 "GET /v2.0/ports?network_id=0824c8cd-705f-4de6-a31a-0f880060f4a2&device_owner=network%3Adhcp HTTP/1.1" status: 200 len: 210 time: 0.0191951
2026-05-06 06:14:25.314 9 INFO neutron.wsgi [None req-a793949d-144c-43ca-a37d-e57c825b9649 e01d50c869a6456db263e3c92fd72034 2877192dc7fa404b82bbe4f4000c4e15 - - - -] 10.0.0.184 "DELETE /v2.0/floatingips/40d30a57-d810-4a00-a2ed-7e734076378d HTTP/1.1" status: 204 len: 168 time: 0.4457450
2026-05-06 06:14:25.505 10 INFO neutron.wsgi [None req-27c9aded-2a84-46fa-b09b-a42acb1e6068 ee9ae7efaa404d078a64aca1783d48eb 8f965bcbe0554c58a7b13cc5ce3287ea - - - -] 199.204.45.57 "DELETE /v2.0/ports/c2efd94d-2a3b-44ba-bb35-41e2085781ca HTTP/1.1" status: 204 len: 173 time: 0.8454781
2026-05-06 06:14:25.572 9 INFO neutron.wsgi [req-fd0eca81-5532-4a74-8047-62147facbf28 req-0e1f062e-50eb-4646-a146-9785c5fd4ce9 6da3f2bf77324f328b51d0a276f19dee f3e79d991d464280b0329d41bf9ea437 - - b621fce73f6d42c4a41bca51a726afc4 b621fce73f6d42c4a41bca51a726afc4] 199.204.45.57 "GET /v2.0/networks/0824c8cd-705f-4de6-a31a-0f880060f4a2?fields=segments HTTP/1.1" status: 200 len: 212 time: 0.2827644
2026-05-06 06:14:25.592 9 INFO neutron.wsgi [req-a20abed3-cb1b-4d86-98e0-c33af5ad96a7 req-88ba7436-d56c-4c16-9f96-84fafef0e63c ee9ae7efaa404d078a64aca1783d48eb 8f965bcbe0554c58a7b13cc5ce3287ea - - default default] 10.0.0.205 "GET /v2.0/ports?device_id=24e97b53-8c0c-4fb0-b40e-4dfd4d8c031a HTTP/1.1" status: 200 len: 210 time: 0.0346131
2026-05-06 06:14:25.604 10 INFO neutron.wsgi [None req-c113bd9a-6615-48ff-a4f7-b0ee64d32117 8e5c766801194016a35dfcbe05ef5617 1a009fe3683c4df096bc63300d7dcabf - - - -] 10.0.0.184 "PUT /v2.0/routers/4040b498-be88-4549-94b4-93ed09ed2d32/remove_router_interface HTTP/1.1" status: 200 len: 503 time: 1.7809610 /var/lib/openstack/lib/python3.10/site-packages/pycadf/identifier.py:71: UserWarning: Invalid uuid: neutron. To ensure interoperability, identifiers should be a valid uuid. warnings.warn(('Invalid uuid: %s. To ensure interoperability, '
2026-05-06 06:14:25.658 9 INFO neutron.wsgi [req-fd0eca81-5532-4a74-8047-62147facbf28 req-cc5f8194-e494-4345-a47c-708735f74613 6da3f2bf77324f328b51d0a276f19dee f3e79d991d464280b0329d41bf9ea437 - - b621fce73f6d42c4a41bca51a726afc4 b621fce73f6d42c4a41bca51a726afc4] 199.204.45.57 "GET /v2.0/networks/0824c8cd-705f-4de6-a31a-0f880060f4a2?fields=provider%3Aphysical_network&fields=provider%3Anetwork_type HTTP/1.1" status: 200 len: 277 time: 0.0769887
2026-05-06 06:14:26.035 9 INFO neutron.notifiers.nova [-] Nova event matching ['req-200735e2-e9ab-4a89-bb11-09bd26beaf69'] response: {'server_uuid': '24e97b53-8c0c-4fb0-b40e-4dfd4d8c031a', 'name': 'network-vif-unplugged', 'status': 'completed', 'tag': 'c2efd94d-2a3b-44ba-bb35-41e2085781ca', 'code': 200}
2026-05-06 06:14:26.035 9 INFO neutron.notifiers.nova [-] Nova event matching ['req-200735e2-e9ab-4a89-bb11-09bd26beaf69'] response: {'server_uuid': '24e97b53-8c0c-4fb0-b40e-4dfd4d8c031a', 'name': 'network-vif-plugged', 'status': 'completed', 'tag': 'c2efd94d-2a3b-44ba-bb35-41e2085781ca', 'code': 200}
2026-05-06 06:14:26.191 10 INFO neutron.wsgi [None req-d0b5356a-2758-45bd-a6d2-fb674f36a187 8e5c766801194016a35dfcbe05ef5617 1a009fe3683c4df096bc63300d7dcabf - - - -] 10.0.0.184 "DELETE /v2.0/routers/4040b498-be88-4549-94b4-93ed09ed2d32 HTTP/1.1" status: 204 len: 168 time: 0.5816808
2026-05-06 06:14:26.371 10 INFO neutron.wsgi [None req-2736d414-eb39-4091-9234-bb01f1c49973 8e5c766801194016a35dfcbe05ef5617 1a009fe3683c4df096bc63300d7dcabf - - - -] 10.0.0.184 "DELETE /v2.0/subnets/0a810bde-2c96-40f9-8f88-784dcde41fd6 HTTP/1.1" status: 204 len: 168 time: 0.1752906
2026-05-06 06:14:26.567 10 INFO neutron.notifiers.nova [-] Nova event matching ['req-1b392d05-7cca-4850-81ee-47bc666a077e'] response: {'server_uuid': '24e97b53-8c0c-4fb0-b40e-4dfd4d8c031a', 'name': 'network-vif-deleted', 'tag': 'c2efd94d-2a3b-44ba-bb35-41e2085781ca', 'status': 'completed', 'code': 200}
2026-05-06 06:14:26.643 9 INFO neutron.wsgi [None req-813d9796-9927-4ca2-8ed7-236c96a48aea 8e5c766801194016a35dfcbe05ef5617 1a009fe3683c4df096bc63300d7dcabf - - - -] 10.0.0.184 "PUT /v2.0/routers/8b301aa1-4254-4ad1-8de4-f6aed7de774b/remove_router_interface HTTP/1.1" status: 200 len: 503 time: 1.3123987 /var/lib/openstack/lib/python3.10/site-packages/pycadf/identifier.py:71: UserWarning: Invalid uuid: neutron. To ensure interoperability, identifiers should be a valid uuid. warnings.warn(('Invalid uuid: %s. To ensure interoperability, '
2026-05-06 06:14:26.811 9 INFO neutron.wsgi [None req-f3a827f9-efb1-454a-b36a-976b79e7e854 ee9ae7efaa404d078a64aca1783d48eb 8f965bcbe0554c58a7b13cc5ce3287ea - - - -] 10.0.0.184 "DELETE /v2.0/security-groups/8530db4e-862f-4adf-8034-312c0ed43387 HTTP/1.1" status: 204 len: 168 time: 0.1330700
2026-05-06 06:14:26.815 10 INFO neutron.services.segments.plugin [-] Segment bc26e119-a221-4843-b57b-d47443e6717e resource provider aggregate not found
2026-05-06 06:14:26.819 10 INFO neutron.services.segments.plugin [-] Segment bc26e119-a221-4843-b57b-d47443e6717e resource provider aggregate not found
2026-05-06 06:14:26.829 9 INFO neutron.api.v2.resource [None req-b7cb604f-9dc1-4090-ab6c-61fb0d83912d ee9ae7efaa404d078a64aca1783d48eb 8f965bcbe0554c58a7b13cc5ce3287ea - - default default] show failed (client error): The resource could not be found.
2026-05-06 06:14:26.830 9 INFO neutron.wsgi [None req-b7cb604f-9dc1-4090-ab6c-61fb0d83912d ee9ae7efaa404d078a64aca1783d48eb 8f965bcbe0554c58a7b13cc5ce3287ea - - default default] 10.0.0.184 "GET /v2.0/security-groups/8530db4e-862f-4adf-8034-312c0ed43387 HTTP/1.1" status: 404 len: 347 time: 0.0144949
2026-05-06 06:14:26.838 10 INFO neutron.services.segments.plugin [-] Segment bc26e119-a221-4843-b57b-d47443e6717e resource provider not found; error: Placement Client Error (4xx): {"errors": [{"status": 404, "title": "Not Found", "detail": "The resource could not be found.\n\n No resource provider with uuid bc26e119-a221-4843-b57b-d47443e6717e found for delete ", "request_id": "req-058c7933-c896-4438-a29f-a9b38670e630"}]}
2026-05-06 06:14:26.857 10 INFO neutron.services.segments.plugin [-] Segment bc26e119-a221-4843-b57b-d47443e6717e resource provider not found; error: Placement Client Error (4xx): {"errors": [{"status": 404, "title": "Not Found", "detail": "The resource could not be found.\n\n No resource provider with uuid bc26e119-a221-4843-b57b-d47443e6717e found for delete ", "request_id": "req-11f7e92a-bd56-471d-9456-343da95940cf"}]}
2026-05-06 06:14:26.882 10 INFO neutron.wsgi [None req-1ac78d22-1796-47c2-ab94-323bfcb90e1f 8e5c766801194016a35dfcbe05ef5617 1a009fe3683c4df096bc63300d7dcabf - - - -] 10.0.0.184 "DELETE /v2.0/networks/7ff644b4-b69d-494b-93ae-717a36429275 HTTP/1.1" status: 204 len: 168 time: 0.5066574
2026-05-06 06:14:27.014 10 INFO neutron.wsgi [None req-072b08b9-809e-4df1-8bf0-4b89d0fa76f2 8e5c766801194016a35dfcbe05ef5617 1a009fe3683c4df096bc63300d7dcabf - - default default] 10.0.0.184 "GET /v2.0/security-groups?tenant_id=ba1941f70c0248b291d29b0f7be436af&name=default HTTP/1.1" status: 200 len: 2992 time: 0.0298812
2026-05-06 06:14:27.167 9 INFO neutron.wsgi [None req-05d846a8-804d-482b-8a34-06fec46570f2 ee9ae7efaa404d078a64aca1783d48eb 8f965bcbe0554c58a7b13cc5ce3287ea - - - -] 10.0.0.184 "DELETE /v2.0/floatingips/4993771c-1bad-413d-a20b-9130251dd625 HTTP/1.1" status: 204 len: 168 time: 0.3308351
2026-05-06 06:14:27.269 10 INFO neutron.wsgi [None req-169845be-e9b5-47da-a202-d32c654096a1 8e5c766801194016a35dfcbe05ef5617 1a009fe3683c4df096bc63300d7dcabf - - - -] 10.0.0.184 "DELETE /v2.0/security-groups/5d2bf415-b468-4a4f-a8da-028a0558ccb8 HTTP/1.1" status: 204 len: 168 time: 0.2508798
2026-05-06 06:14:27.322 10 INFO neutron.wsgi [None req-21feb821-4072-4859-a12a-b2f90a361e11 8e5c766801194016a35dfcbe05ef5617 1a009fe3683c4df096bc63300d7dcabf - - - -] 10.0.0.184 "DELETE /v2.0/routers/8b301aa1-4254-4ad1-8de4-f6aed7de774b HTTP/1.1" status: 204 len: 168 time: 0.6752176
2026-05-06 06:14:27.513 10 INFO neutron.wsgi [None req-32c3be61-0035-4e41-ab11-a263acc1e5a9 8e5c766801194016a35dfcbe05ef5617 1a009fe3683c4df096bc63300d7dcabf - - - -] 10.0.0.184 "DELETE /v2.0/subnets/1ca5cd8d-1e6a-46bd-9c61-f242732443cf HTTP/1.1" status: 204 len: 168 time: 0.1859460
2026-05-06 06:14:28.023 10 INFO neutron.wsgi [None req-bbae5c49-63cd-4fc0-995d-39d912374a21 8e5c766801194016a35dfcbe05ef5617 1a009fe3683c4df096bc63300d7dcabf - - - -] 10.0.0.184 "DELETE /v2.0/networks/3004c433-dcea-4244-9b90-a32687cacb8e HTTP/1.1" status: 204 len: 168 time: 0.5029311
2026-05-06 06:14:28.116 9 INFO neutron.wsgi [None req-1406e1e4-2c38-41b1-81de-5b9b9723ef37 8e5c766801194016a35dfcbe05ef5617 1a009fe3683c4df096bc63300d7dcabf - - - -] 10.0.0.184 "PUT /v2.0/routers/de0943db-f89c-4ab1-b0ca-e52fa63e67ba/remove_router_interface HTTP/1.1" status: 200 len: 503 time: 0.9452875 /var/lib/openstack/lib/python3.10/site-packages/pycadf/identifier.py:71: UserWarning: Invalid uuid: neutron. To ensure interoperability, identifiers should be a valid uuid. warnings.warn(('Invalid uuid: %s. To ensure interoperability, '
2026-05-06 06:14:28.184 9 INFO neutron.wsgi [None req-cef3f3c8-b7eb-4fc2-8ca4-b55a1c45459e 8e5c766801194016a35dfcbe05ef5617 1a009fe3683c4df096bc63300d7dcabf - - default default] 10.0.0.184 "GET /v2.0/security-groups?tenant_id=2877192dc7fa404b82bbe4f4000c4e15&name=default HTTP/1.1" status: 200 len: 2992 time: 0.0410409
2026-05-06 06:14:28.381 9 INFO neutron.wsgi [None req-bdf89855-081d-4580-8e0b-56fe20e0254c 8e5c766801194016a35dfcbe05ef5617 1a009fe3683c4df096bc63300d7dcabf - - - -] 10.0.0.184 "DELETE /v2.0/security-groups/3830de86-939d-4de6-afb0-d6e4c0478d0c HTTP/1.1" status: 204 len: 168 time: 0.1882007
2026-05-06 06:14:28.741 10 INFO neutron.wsgi [None req-315e3ea3-630a-4ce0-9ccf-0e2aaa628b1a 8e5c766801194016a35dfcbe05ef5617 1a009fe3683c4df096bc63300d7dcabf - - - -] 10.0.0.184 "DELETE /v2.0/routers/de0943db-f89c-4ab1-b0ca-e52fa63e67ba HTTP/1.1" status: 204 len: 168 time: 0.6192825
2026-05-06 06:14:28.867 10 INFO neutron.services.segments.plugin [-] Segment 527300b1-0894-4f76-bc0e-b5272d364077 resource provider aggregate not found
2026-05-06 06:14:28.874 10 INFO neutron.services.segments.plugin [-] Segment 527300b1-0894-4f76-bc0e-b5272d364077 resource provider aggregate not found
2026-05-06 06:14:28.884 10 INFO neutron.services.segments.plugin [-] Segment 527300b1-0894-4f76-bc0e-b5272d364077 resource provider not found; error: Placement Client Error (4xx): {"errors": [{"status": 404, "title": "Not Found", "detail": "The resource could not be found.\n\n No resource provider with uuid 527300b1-0894-4f76-bc0e-b5272d364077 found for delete ", "request_id": "req-7a06cd07-9918-410e-bb48-a4d56882b036"}]}
2026-05-06 06:14:28.887 10 INFO neutron.services.segments.plugin [-] Segment 527300b1-0894-4f76-bc0e-b5272d364077 resource provider not found; error: Placement Client Error (4xx): {"errors": [{"status": 404, "title": "Not Found", "detail": "The resource could not be found.\n\n No resource provider with uuid 527300b1-0894-4f76-bc0e-b5272d364077 found for delete ", "request_id": "req-8343b4b3-ace2-4134-a7f8-c23d556580be"}]}
2026-05-06 06:14:28.941 10 INFO neutron.wsgi [None req-aa053150-9fc9-402e-8bd6-f464603d5fa2 8e5c766801194016a35dfcbe05ef5617 1a009fe3683c4df096bc63300d7dcabf - - - -] 10.0.0.184 "DELETE /v2.0/subnets/7520876d-4de2-4c0a-8b28-bd82e5d03ba7 HTTP/1.1" status: 204 len: 168 time: 0.1933160
2026-05-06 06:14:29.289 10 INFO neutron.wsgi [None req-ee97e1ae-a5a1-4a98-ba62-b8b8e5ba0c5a 8e5c766801194016a35dfcbe05ef5617 1a009fe3683c4df096bc63300d7dcabf - - - -] 10.0.0.184 "DELETE /v2.0/networks/0824c8cd-705f-4de6-a31a-0f880060f4a2 HTTP/1.1" status: 204 len: 168 time: 0.3431759
2026-05-06 06:14:29.492 10 INFO neutron.wsgi [None req-6cefe267-5fcf-4c4e-8469-9eff975a9bcf 8e5c766801194016a35dfcbe05ef5617 1a009fe3683c4df096bc63300d7dcabf - - default default] 10.0.0.184 "GET /v2.0/security-groups?tenant_id=8f965bcbe0554c58a7b13cc5ce3287ea&name=default HTTP/1.1" status: 200 len: 2996 time: 0.0289710
2026-05-06 06:14:29.667 10 INFO neutron.wsgi [None req-e358b48d-5a29-48a9-932d-3c00f32f8476 8e5c766801194016a35dfcbe05ef5617 1a009fe3683c4df096bc63300d7dcabf - - - -] 10.0.0.184 "DELETE /v2.0/security-groups/f155dbad-4eef-4bb1-9b8e-fe31cd03eed1 HTTP/1.1" status: 204 len: 168 time: 0.1701605
2026-05-06 06:14:30.353 10 INFO neutron.db.ovn_revision_numbers_db [None req-f0dcf421-8039-4273-b30c-f56e11cdc81a 8e5c766801194016a35dfcbe05ef5617 1a009fe3683c4df096bc63300d7dcabf - - default default] Successfully bumped revision number for resource fc7c9213-2e79-48ec-89d6-705f5312a6d1 (type: security_groups) to 1
2026-05-06 06:14:30.377 10 INFO neutron.wsgi [None req-f0dcf421-8039-4273-b30c-f56e11cdc81a 8e5c766801194016a35dfcbe05ef5617 1a009fe3683c4df096bc63300d7dcabf - - default default] 10.0.0.184 "GET /v2.0/security-groups?tenant_id=126b80e9c248443d8f260d00e3fb3d6b&name=default HTTP/1.1" status: 200 len: 2996 time: 0.2124047
2026-05-06 06:14:30.385 10 INFO neutron.db.ovn_revision_numbers_db [None req-a1d046df-69ef-4dcf-adef-6e4a6992acaa 8e5c766801194016a35dfcbe05ef5617 1a009fe3683c4df096bc63300d7dcabf - - - -] Successfully bumped revision number for resource 15489896-319a-4cfd-b134-8c5651b2e49c (type: security_groups) to 1
2026-05-06 06:14:30.433 10 INFO neutron.db.segments_db [None req-a1d046df-69ef-4dcf-adef-6e4a6992acaa 8e5c766801194016a35dfcbe05ef5617 1a009fe3683c4df096bc63300d7dcabf - - - -] Added segment eedfaedb-c75f-45cc-9cec-8ee1548d51f1 of type geneve for network 0cb04a4f-d78c-4e17-aedc-e0efee3f8e68
2026-05-06 06:14:30.547 10 INFO neutron.db.ovn_revision_numbers_db [None req-a1d046df-69ef-4dcf-adef-6e4a6992acaa 8e5c766801194016a35dfcbe05ef5617 1a009fe3683c4df096bc63300d7dcabf - - - -] Successfully bumped revision number for resource 0cb04a4f-d78c-4e17-aedc-e0efee3f8e68 (type: networks) to 1
2026-05-06 06:14:30.728 10 WARNING neutron.scheduler.dhcp_agent_scheduler [None req-a1d046df-69ef-4dcf-adef-6e4a6992acaa 8e5c766801194016a35dfcbe05ef5617 1a009fe3683c4df096bc63300d7dcabf - - - -] No more DHCP agents
2026-05-06 06:14:30.730 10 WARNING neutron.api.rpc.agentnotifiers.dhcp_rpc_agent_api [None req-a1d046df-69ef-4dcf-adef-6e4a6992acaa 8e5c766801194016a35dfcbe05ef5617 1a009fe3683c4df096bc63300d7dcabf - - - -] Unable to schedule network 0cb04a4f-d78c-4e17-aedc-e0efee3f8e68: no agents available; will retry on subsequent port and subnet creation events.
2026-05-06 06:14:30.770 9 INFO neutron.wsgi [None req-fea9ce80-60c0-460b-9466-b8c54e6e8ac4 8e5c766801194016a35dfcbe05ef5617 1a009fe3683c4df096bc63300d7dcabf - - default default] 10.0.0.216 "GET /v2.0/ports HTTP/1.1" status: 200 len: 11449 time: 0.3001258
2026-05-06 06:14:30.793 10 INFO neutron.db.ovn_revision_numbers_db [None req-a1d046df-69ef-4dcf-adef-6e4a6992acaa 8e5c766801194016a35dfcbe05ef5617 1a009fe3683c4df096bc63300d7dcabf - - - -] Successfully bumped revision number for resource 9e3e3c2b-082b-4cbc-af7a-a988c7d2279d (type: ports) to 1
2026-05-06 06:14:30.815 10 INFO neutron.wsgi [None req-a1d046df-69ef-4dcf-adef-6e4a6992acaa 8e5c766801194016a35dfcbe05ef5617 1a009fe3683c4df096bc63300d7dcabf - - - -] 10.0.0.184 "POST /v2.0/networks HTTP/1.1" status: 201 len: 947 time: 0.7160738
2026-05-06 06:14:30.826 9 INFO neutron.wsgi [None req-1216f800-004c-4874-8d92-f619e7dfd579 8e5c766801194016a35dfcbe05ef5617 1a009fe3683c4df096bc63300d7dcabf - - - -] 10.0.0.184 "DELETE /v2.0/security-groups/fc7c9213-2e79-48ec-89d6-705f5312a6d1 HTTP/1.1" status: 204 len: 168 time: 0.4433384
2026-05-06 06:14:30.848 9 INFO neutron.wsgi [None req-1353c9ff-adef-49dc-ad81-2429fabd1968 8e5c766801194016a35dfcbe05ef5617 1a009fe3683c4df096bc63300d7dcabf - - default default] 10.0.0.216 "GET /v2.0/networks HTTP/1.1" status: 200 len: 3842 time: 0.0666213
2026-05-06 06:14:30.897 9 INFO neutron.wsgi [None req-3934289f-5cd4-4ae2-8a08-29c00d10f709 8e5c766801194016a35dfcbe05ef5617 1a009fe3683c4df096bc63300d7dcabf - - default default] 10.0.0.216 "GET /v2.0/floatingips HTTP/1.1" status: 200 len: 1035 time: 0.0464356
2026-05-06 06:14:30.904 10 INFO neutron.services.segments.plugin [-] Segment 1b64d7dc-6cdd-46b0-94cf-1f49ca6404aa resource provider aggregate not found
2026-05-06 06:14:30.914 10 INFO neutron.services.segments.plugin [-] Segment 1b64d7dc-6cdd-46b0-94cf-1f49ca6404aa resource provider aggregate not found
2026-05-06 06:14:30.916 9 INFO neutron.wsgi [None req-55748678-b2ea-472d-b634-277338b0871f 8e5c766801194016a35dfcbe05ef5617 1a009fe3683c4df096bc63300d7dcabf - - default default] 10.0.0.216 "GET /v2.0/network-ip-availabilities HTTP/1.1" status: 200 len: 2058 time: 0.0156620
2026-05-06 06:14:30.921 10 INFO neutron.services.segments.plugin [-] Segment 1b64d7dc-6cdd-46b0-94cf-1f49ca6404aa resource provider not found; error: Placement Client Error (4xx): {"errors": [{"status": 404, "title": "Not Found", "detail": "The resource could not be found.\n\n No resource provider with uuid 1b64d7dc-6cdd-46b0-94cf-1f49ca6404aa found for delete ", "request_id": "req-4df13993-9576-4ffe-a5c9-0a3b0a936aea"}]}
2026-05-06 06:14:30.936 10 INFO neutron.services.segments.plugin [-] Segment 1b64d7dc-6cdd-46b0-94cf-1f49ca6404aa resource provider not found; error: Placement Client Error (4xx): {"errors": [{"status": 404, "title": "Not Found", "detail": "The resource could not be found.\n\n No resource provider with uuid 1b64d7dc-6cdd-46b0-94cf-1f49ca6404aa found for delete ", "request_id": "req-a08580db-df32-4733-b81b-819fccd3ca1f"}]}
2026-05-06 06:14:30.996 9 INFO neutron.wsgi [None req-317a7a72-c456-44a5-96a6-a35cafc63f67 8e5c766801194016a35dfcbe05ef5617 1a009fe3683c4df096bc63300d7dcabf - - default default] 10.0.0.216 "GET /v2.0/security-groups HTTP/1.1" status: 200 len: 25101 time: 0.0784254
2026-05-06 06:14:30.997 10 WARNING neutron.scheduler.dhcp_agent_scheduler [None req-564d74df-3748-46a6-a589-a8850d42c3a5 8e5c766801194016a35dfcbe05ef5617 1a009fe3683c4df096bc63300d7dcabf - - - -] No more DHCP agents
2026-05-06 06:14:30.999 10 WARNING neutron.api.rpc.agentnotifiers.dhcp_rpc_agent_api [None req-564d74df-3748-46a6-a589-a8850d42c3a5 8e5c766801194016a35dfcbe05ef5617 1a009fe3683c4df096bc63300d7dcabf - - - -] Unable to schedule network 0cb04a4f-d78c-4e17-aedc-e0efee3f8e68: no agents available; will retry on subsequent port and subnet creation events.
2026-05-06 06:14:31.107 9 INFO neutron.wsgi [None req-6e3cd1e4-3d5f-4335-81fc-634d643ae5bf 8e5c766801194016a35dfcbe05ef5617 1a009fe3683c4df096bc63300d7dcabf - - default default] 10.0.0.216 "GET /v2.0/routers HTTP/1.1" status: 200 len: 869 time: 0.1036921
2026-05-06 06:14:31.127 9 INFO neutron.wsgi [None req-499a8203-6d9a-4679-bd61-ae240938459c 8e5c766801194016a35dfcbe05ef5617 1a009fe3683c4df096bc63300d7dcabf - - default default] 10.0.0.216 "GET /v2.0/agents?binary=ovn-controller HTTP/1.1" status: 200 len: 591 time: 0.0193512
2026-05-06 06:14:31.136 9 INFO neutron.wsgi [None req-3bc0afb0-6df9-4c6d-a15c-6620705fc70c 8e5c766801194016a35dfcbe05ef5617 1a009fe3683c4df096bc63300d7dcabf - - default default] 10.0.0.216 "GET /v2.0/agents HTTP/1.1" status: 200 len: 997 time: 0.0070472
2026-05-06 06:14:31.160 9 INFO neutron.wsgi [None req-80b8fc85-34c2-4bd0-b8ab-4fa0226ebae1 8e5c766801194016a35dfcbe05ef5617 1a009fe3683c4df096bc63300d7dcabf - - default default] 10.0.0.216 "GET /v2.0/subnets HTTP/1.1" status: 200 len: 2760 time: 0.0237737
2026-05-06 06:14:31.168 9 INFO neutron.wsgi [None req-0ac7f9dc-5ace-4d7a-a6a0-80cf69f9fae5 8e5c766801194016a35dfcbe05ef5617 1a009fe3683c4df096bc63300d7dcabf - - default default] 10.0.0.216 "GET /v2.0/subnetpools HTTP/1.1" status: 200 len: 193 time: 0.0070424
2026-05-06 06:14:31.191 9 INFO neutron.wsgi [None req-de86cb7d-4b40-42ac-8e4c-6622680b129b 8e5c766801194016a35dfcbe05ef5617 1a009fe3683c4df096bc63300d7dcabf - - default default] 10.0.0.216 "GET /v2.0/subnets HTTP/1.1" status: 200 len: 2760 time: 0.0224190
2026-05-06 06:14:31.406 10 INFO neutron.db.ovn_revision_numbers_db [None req-564d74df-3748-46a6-a589-a8850d42c3a5 8e5c766801194016a35dfcbe05ef5617 1a009fe3683c4df096bc63300d7dcabf - - - -] Successfully bumped revision number for resource 9e3e3c2b-082b-4cbc-af7a-a988c7d2279d (type: ports) to 2
2026-05-06 06:14:31.418 10 INFO neutron.db.ovn_revision_numbers_db [None req-564d74df-3748-46a6-a589-a8850d42c3a5 8e5c766801194016a35dfcbe05ef5617 1a009fe3683c4df096bc63300d7dcabf - - - -] Successfully bumped revision number for resource e5532619-041e-4b7c-aa37-c8ac29b47d89 (type: subnets) to 0
2026-05-06 06:14:31.431 10 INFO neutron.wsgi [None req-564d74df-3748-46a6-a589-a8850d42c3a5 8e5c766801194016a35dfcbe05ef5617 1a009fe3683c4df096bc63300d7dcabf - - - -] 10.0.0.184 "POST /v2.0/subnets HTTP/1.1" status: 201 len: 868 time: 0.6102655
2026-05-06 06:14:31.560 9 INFO neutron.db.ovn_revision_numbers_db [None req-fccd3318-cd03-4c69-b3ba-8a7cc6d16dd5 8e5c766801194016a35dfcbe05ef5617 1a009fe3683c4df096bc63300d7dcabf - - - -] Successfully bumped revision number for resource 857cd240-4116-4332-bba0-a69d13e9afe2 (type: security_groups) to 1
2026-05-06 06:14:31.613 9 INFO neutron.db.segments_db [None req-fccd3318-cd03-4c69-b3ba-8a7cc6d16dd5 8e5c766801194016a35dfcbe05ef5617 1a009fe3683c4df096bc63300d7dcabf - - - -] Added segment 45c7cb7b-5730-4338-a976-152b2ccba0f2 of type geneve for network d060292c-6e1a-4d4d-ba36-84d31aec332e
2026-05-06 06:14:31.734 9 INFO neutron.db.ovn_revision_numbers_db [None req-fccd3318-cd03-4c69-b3ba-8a7cc6d16dd5 8e5c766801194016a35dfcbe05ef5617 1a009fe3683c4df096bc63300d7dcabf - - - -] Successfully bumped revision number for resource d060292c-6e1a-4d4d-ba36-84d31aec332e (type: networks) to 1
2026-05-06 06:14:31.904 9 WARNING neutron.scheduler.dhcp_agent_scheduler [None req-fccd3318-cd03-4c69-b3ba-8a7cc6d16dd5 8e5c766801194016a35dfcbe05ef5617 1a009fe3683c4df096bc63300d7dcabf - - - -] No more DHCP agents
