2026-05-06 06:15:37.040 9 INFO neutron.wsgi [req-411d8ffc-3e7d-4cb8-be09-4a7feaf73be4 req-5621e040-c2c6-4319-8508-2e07fac2164a 91cf8b4def784894ba287dc21e0d8250 e0da87b79c4b46f68003a4cd3d037520 - - default default] 10.0.0.205 "GET /v2.0/ports?tenant_id=e0da87b79c4b46f68003a4cd3d037520&fields=id HTTP/1.1" status: 200 len: 302 time: 0.1261232
2026-05-06 06:15:37.122 9 INFO neutron.wsgi [req-411d8ffc-3e7d-4cb8-be09-4a7feaf73be4 req-8add6ef4-fec1-4199-b599-e76b060cb6bd 6da3f2bf77324f328b51d0a276f19dee f3e79d991d464280b0329d41bf9ea437 - - b621fce73f6d42c4a41bca51a726afc4 b621fce73f6d42c4a41bca51a726afc4] 10.0.0.205 "GET /v2.0/networks/5a86940f-45f6-442a-a2fa-cd2c21a26ebb?fields=segments HTTP/1.1" status: 200 len: 212 time: 0.0681024
2026-05-06 06:15:37.186 9 INFO neutron.wsgi [req-411d8ffc-3e7d-4cb8-be09-4a7feaf73be4 req-fd866144-4881-44c8-87ba-12e2edf5832c 6da3f2bf77324f328b51d0a276f19dee f3e79d991d464280b0329d41bf9ea437 - - b621fce73f6d42c4a41bca51a726afc4 b621fce73f6d42c4a41bca51a726afc4] 10.0.0.205 "GET /v2.0/networks/5a86940f-45f6-442a-a2fa-cd2c21a26ebb?fields=provider%3Aphysical_network&fields=provider%3Anetwork_type HTTP/1.1" status: 200 len: 277 time: 0.0573468
2026-05-06 06:15:37.231 9 INFO neutron.wsgi [None req-3d849464-9d3d-4d77-84dd-fc0d9a2545ee 8e5c766801194016a35dfcbe05ef5617 1a009fe3683c4df096bc63300d7dcabf - - - -] 10.0.0.184 "DELETE /v2.0/security-groups/10ed5b50-6489-48c1-83ea-3dc2f1654933 HTTP/1.1" status: 204 len: 168 time: 0.2645936
2026-05-06 06:15:37.250 9 WARNING neutron.plugins.ml2.drivers.ovn.mech_driver.ovsdb.ovn_client [None req-b9bb181f-c424-4558-926b-e13d5d606e74 - - - - - -] No hosting information found for port 9b0d5645-dcd9-49d7-804a-e3468137f813: RuntimeError: No hosting information found for port 9b0d5645-dcd9-49d7-804a-e3468137f813
2026-05-06 06:15:37.277 10 INFO neutron.db.ovn_revision_numbers_db [None req-a2b0bac1-4983-4209-9287-cb10ce6500d5 dd6b015d24694f628d82bf832e42f7e5 ea7df6f2eebb4cb28064647d6abe31b7 - - - -] Successfully bumped revision number for resource d9b214d5-160d-4097-8e35-9006ac06c1c2 (type: ports) to 2
2026-05-06 06:15:37.288 10 INFO neutron.wsgi [None req-a2b0bac1-4983-4209-9287-cb10ce6500d5 dd6b015d24694f628d82bf832e42f7e5 ea7df6f2eebb4cb28064647d6abe31b7 - - - -] 10.0.0.184 "PUT /v2.0/ports/d9b214d5-160d-4097-8e35-9006ac06c1c2 HTTP/1.1" status: 200 len: 946 time: 0.2712026 /var/lib/openstack/lib/python3.10/site-packages/pycadf/identifier.py:71: UserWarning: Invalid uuid: neutron. To ensure interoperability, identifiers should be a valid uuid. warnings.warn(('Invalid uuid: %s. To ensure interoperability, '
2026-05-06 06:15:37.325 9 INFO neutron.db.ovn_revision_numbers_db [None req-3b4de280-71ba-4abf-b822-45efadae5b16 8e5c766801194016a35dfcbe05ef5617 1a009fe3683c4df096bc63300d7dcabf - - default default] Successfully bumped revision number for resource 64f1a89f-0c1b-4d9a-98f6-ebd9f023f481 (type: security_groups) to 1
2026-05-06 06:15:37.342 10 INFO neutron.wsgi [req-be3f1eab-ad78-4cd1-b069-14ff198498c8 req-fd71538f-490d-49da-a800-d7e1ddc162df 91cf8b4def784894ba287dc21e0d8250 e0da87b79c4b46f68003a4cd3d037520 - - default default] 10.0.0.205 "GET /v2.0/ports?device_id=77294638-6465-4384-a2b9-347474a39eea HTTP/1.1" status: 200 len: 210 time: 0.0300283
2026-05-06 06:15:37.364 9 INFO neutron.wsgi [None req-3b4de280-71ba-4abf-b822-45efadae5b16 8e5c766801194016a35dfcbe05ef5617 1a009fe3683c4df096bc63300d7dcabf - - default default] 10.0.0.184 "GET /v2.0/security-groups?tenant_id=70fb3326f4384521bd5baa9ebe0018dd&name=default HTTP/1.1" status: 200 len: 2996 time: 0.2848880
2026-05-06 06:15:37.763 9 INFO neutron.db.ovn_revision_numbers_db [None req-76712c67-6aaa-4d05-939f-f4ec42117f9c 8e5c766801194016a35dfcbe05ef5617 1a009fe3683c4df096bc63300d7dcabf - - default default] Successfully bumped revision number for resource 1ce1f953-69cb-402c-99c4-6ba483aacde8 (type: security_groups) to 1
2026-05-06 06:15:37.791 9 INFO neutron.wsgi [None req-76712c67-6aaa-4d05-939f-f4ec42117f9c 8e5c766801194016a35dfcbe05ef5617 1a009fe3683c4df096bc63300d7dcabf - - default default] 10.0.0.184 "GET /v2.0/security-groups?tenant_id=652420eea6cd4d2983f7e143710e2762&name=default HTTP/1.1" status: 200 len: 2996 time: 0.4693995
2026-05-06 06:15:37.848 9 INFO neutron.wsgi [None req-68b93203-eeb0-45bb-a3b5-1ab30d9e2293 dd6b015d24694f628d82bf832e42f7e5 ea7df6f2eebb4cb28064647d6abe31b7 - - - -] 10.0.0.184 "DELETE /v2.0/ports/d9b214d5-160d-4097-8e35-9006ac06c1c2 HTTP/1.1" status: 204 len: 168 time: 0.5539560
2026-05-06 06:15:37.929 9 INFO neutron.wsgi [None req-113a60aa-e1fb-4108-8085-30862d0874ee dd6b015d24694f628d82bf832e42f7e5 ea7df6f2eebb4cb28064647d6abe31b7 - - default default] 10.0.0.184 "GET /v2.0/ports HTTP/1.1" status: 200 len: 1729 time: 0.0726316
2026-05-06 06:15:37.943 9 INFO neutron.wsgi [None req-3762f776-3701-4117-a469-30477fa55a71 8e5c766801194016a35dfcbe05ef5617 1a009fe3683c4df096bc63300d7dcabf - - - -] 10.0.0.184 "DELETE /v2.0/security-groups/64f1a89f-0c1b-4d9a-98f6-ebd9f023f481 HTTP/1.1" status: 204 len: 168 time: 0.5726981
2026-05-06 06:15:37.953 9 INFO neutron.pecan_wsgi.hooks.translation [None req-cbd8f24b-7f66-4997-a81d-007ba22291ae dd6b015d24694f628d82bf832e42f7e5 ea7df6f2eebb4cb28064647d6abe31b7 - - default default] GET failed (client error): The resource could not be found.
2026-05-06 06:15:37.954 9 INFO neutron.wsgi [None req-cbd8f24b-7f66-4997-a81d-007ba22291ae dd6b015d24694f628d82bf832e42f7e5 ea7df6f2eebb4cb28064647d6abe31b7 - - default default] 10.0.0.184 "GET /v2.0/ports/d9b214d5-160d-4097-8e35-9006ac06c1c2 HTTP/1.1" status: 404 len: 333 time: 0.0207226
2026-05-06 06:15:38.008 10 INFO neutron.wsgi [None req-311025ea-101a-4e37-b92d-a0582c29cd92 8e5c766801194016a35dfcbe05ef5617 1a009fe3683c4df096bc63300d7dcabf - - - -] 10.0.0.184 "DELETE /v2.0/security-groups/1ce1f953-69cb-402c-99c4-6ba483aacde8 HTTP/1.1" status: 204 len: 168 time: 0.2118559
2026-05-06 06:15:38.017 9 INFO neutron.wsgi [None req-e029288a-a816-4a88-9e32-eae7575895df dd6b015d24694f628d82bf832e42f7e5 ea7df6f2eebb4cb28064647d6abe31b7 - - default default] 10.0.0.184 "GET /v2.0/ports HTTP/1.1" status: 200 len: 1729 time: 0.0571303
2026-05-06 06:15:38.078 9 INFO neutron.wsgi [req-411d8ffc-3e7d-4cb8-be09-4a7feaf73be4 req-37934f3a-bdfc-4579-9e22-aaf2dff700f7 91cf8b4def784894ba287dc21e0d8250 e0da87b79c4b46f68003a4cd3d037520 - - default default] 199.204.45.57 "GET /v2.0/networks?id=5a86940f-45f6-442a-a2fa-cd2c21a26ebb HTTP/1.1" status: 200 len: 871 time: 0.0825453
2026-05-06 06:15:38.093 10 INFO neutron.wsgi [None req-a8eaddcc-0fb7-4b00-b6c4-dbfac883e343 dd6b015d24694f628d82bf832e42f7e5 ea7df6f2eebb4cb28064647d6abe31b7 - - default default] 10.0.0.184 "GET /v2.0/ports/c534deeb-44b5-4178-885f-13a81bfa5238 HTTP/1.1" status: 200 len: 969 time: 0.0697002
2026-05-06 06:15:38.117 10 INFO neutron.pecan_wsgi.hooks.translation [None req-dfc6b2e5-b113-41b2-8648-c1b8ac9b05d4 dd6b015d24694f628d82bf832e42f7e5 ea7df6f2eebb4cb28064647d6abe31b7 - - - -] DELETE failed (client error): The resource could not be found.
2026-05-06 06:15:38.119 10 INFO neutron.wsgi [None req-dfc6b2e5-b113-41b2-8648-c1b8ac9b05d4 dd6b015d24694f628d82bf832e42f7e5 ea7df6f2eebb4cb28064647d6abe31b7 - - - -] 10.0.0.184 "DELETE /v2.0/ports/72c0d2ee-fb02-4e18-a9e8-e12482989a86 HTTP/1.1" status: 404 len: 333 time: 0.0211451
2026-05-06 06:15:38.132 9 INFO neutron.wsgi [req-411d8ffc-3e7d-4cb8-be09-4a7feaf73be4 req-2ddebdf0-ae59-4060-9c06-3e511f9346c5 91cf8b4def784894ba287dc21e0d8250 e0da87b79c4b46f68003a4cd3d037520 - - default default] 199.204.45.57 "GET /v2.0/security-groups?fields=id&fields=name&tenant_id=e0da87b79c4b46f68003a4cd3d037520 HTTP/1.1" status: 200 len: 470 time: 0.0445116
2026-05-06 06:15:38.143 10 INFO neutron.pecan_wsgi.hooks.translation [None req-84004be6-8fa8-4330-914d-684bdab8ad4f dd6b015d24694f628d82bf832e42f7e5 ea7df6f2eebb4cb28064647d6abe31b7 - - - -] DELETE failed (client error): The resource could not be found.
2026-05-06 06:15:38.145 10 INFO neutron.wsgi [None req-84004be6-8fa8-4330-914d-684bdab8ad4f dd6b015d24694f628d82bf832e42f7e5 ea7df6f2eebb4cb28064647d6abe31b7 - - - -] 10.0.0.184 "DELETE /v2.0/subnets/ebb94fe8-6c9d-400b-8fbc-3fa43ae54c28 HTTP/1.1" status: 404 len: 337 time: 0.0196857
2026-05-06 06:15:38.169 10 INFO neutron.pecan_wsgi.hooks.translation [None req-d1d42db8-cab4-47a9-9d48-8332a32480b9 dd6b015d24694f628d82bf832e42f7e5 ea7df6f2eebb4cb28064647d6abe31b7 - - - -] DELETE failed (client error): The resource could not be found.
2026-05-06 06:15:38.172 10 INFO neutron.wsgi [None req-d1d42db8-cab4-47a9-9d48-8332a32480b9 dd6b015d24694f628d82bf832e42f7e5 ea7df6f2eebb4cb28064647d6abe31b7 - - - -] 10.0.0.184 "DELETE /v2.0/subnets/629cd142-a061-4b57-aeae-4266a043ca05 HTTP/1.1" status: 404 len: 337 time: 0.0201206
2026-05-06 06:15:38.432 10 INFO neutron.wsgi [None req-d3c93155-4d93-454f-a382-6fc130c72eb0 dd6b015d24694f628d82bf832e42f7e5 ea7df6f2eebb4cb28064647d6abe31b7 - - - -] 10.0.0.184 "DELETE /v2.0/ports/c534deeb-44b5-4178-885f-13a81bfa5238 HTTP/1.1" status: 204 len: 168 time: 0.2524502
2026-05-06 06:15:38.444 9 INFO neutron.db.ovn_revision_numbers_db [None req-d7455c1b-d9f4-4bee-a959-97aa8d5e8f99 8e5c766801194016a35dfcbe05ef5617 1a009fe3683c4df096bc63300d7dcabf - - default default] Successfully bumped revision number for resource 89068e38-447f-43df-97e2-a887af4100e2 (type: security_groups) to 1
2026-05-06 06:15:38.448 9 INFO neutron.wsgi [req-80039266-8c10-452c-90d2-7b86786d3b74 req-70b68363-e9e6-4251-9a4c-4437348dea1f 91cf8b4def784894ba287dc21e0d8250 e0da87b79c4b46f68003a4cd3d037520 - - default default] 10.0.0.205 "GET /v2.0/ports?device_id=77294638-6465-4384-a2b9-347474a39eea HTTP/1.1" status: 200 len: 210 time: 0.0326993
2026-05-06 06:15:38.473 9 INFO neutron.wsgi [None req-d7455c1b-d9f4-4bee-a959-97aa8d5e8f99 8e5c766801194016a35dfcbe05ef5617 1a009fe3683c4df096bc63300d7dcabf - - default default] 10.0.0.184 "GET /v2.0/security-groups?tenant_id=3497c691a4264c82ad66024828525037&name=default HTTP/1.1" status: 200 len: 2996 time: 0.2171884
2026-05-06 06:15:38.553 9 WARNING neutron.scheduler.dhcp_agent_scheduler [None req-9a8057a8-3563-4890-b82c-b284313a5c7f 91cf8b4def784894ba287dc21e0d8250 e0da87b79c4b46f68003a4cd3d037520 - - - -] No more DHCP agents
2026-05-06 06:15:38.558 9 WARNING neutron.api.rpc.agentnotifiers.dhcp_rpc_agent_api [None req-9a8057a8-3563-4890-b82c-b284313a5c7f 91cf8b4def784894ba287dc21e0d8250 e0da87b79c4b46f68003a4cd3d037520 - - - -] Unable to schedule network 5a86940f-45f6-442a-a2fa-cd2c21a26ebb: no agents available; will retry on subsequent port and subnet creation events.
2026-05-06 06:15:38.721 9 INFO neutron.wsgi [None req-dad3a7e3-bcac-42e0-aef8-f5f1919882e6 8e5c766801194016a35dfcbe05ef5617 1a009fe3683c4df096bc63300d7dcabf - - - -] 10.0.0.184 "DELETE /v2.0/security-groups/89068e38-447f-43df-97e2-a887af4100e2 HTTP/1.1" status: 204 len: 168 time: 0.2415385
2026-05-06 06:15:38.722 9 INFO neutron.db.ovn_revision_numbers_db [None req-9a8057a8-3563-4890-b82c-b284313a5c7f 91cf8b4def784894ba287dc21e0d8250 e0da87b79c4b46f68003a4cd3d037520 - - - -] Successfully bumped revision number for resource ff9785cd-e2d8-4b4a-933f-37828e8aa330 (type: ports) to 1
2026-05-06 06:15:38.742 9 INFO neutron.wsgi [None req-9a8057a8-3563-4890-b82c-b284313a5c7f 91cf8b4def784894ba287dc21e0d8250 e0da87b79c4b46f68003a4cd3d037520 - - - -] 199.204.45.57 "POST /v2.0/ports HTTP/1.1" status: 201 len: 1197 time: 0.5848262 /var/lib/openstack/lib/python3.10/site-packages/pycadf/identifier.py:71: UserWarning: Invalid uuid: neutron. To ensure interoperability, identifiers should be a valid uuid. warnings.warn(('Invalid uuid: %s. To ensure interoperability, '
2026-05-06 06:15:38.808 10 INFO neutron.services.segments.plugin [-] Segment 676365fc-cd74-4b6f-aaad-9b834a17d9a8 resource provider aggregate not found
2026-05-06 06:15:38.813 10 INFO neutron.services.segments.plugin [-] Segment 676365fc-cd74-4b6f-aaad-9b834a17d9a8 resource provider aggregate not found
2026-05-06 06:15:38.843 10 INFO neutron.services.segments.plugin [-] Segment 676365fc-cd74-4b6f-aaad-9b834a17d9a8 resource provider not found; error: Placement Client Error (4xx): {"errors": [{"status": 404, "title": "Not Found", "detail": "The resource could not be found.\n\n No resource provider with uuid 676365fc-cd74-4b6f-aaad-9b834a17d9a8 found for delete ", "request_id": "req-c737a43c-9171-4ad5-90f5-c6b85d019eb3"}]}
2026-05-06 06:15:38.872 10 INFO neutron.wsgi [None req-87e082b2-c80b-4996-8115-16a616dd8b32 dd6b015d24694f628d82bf832e42f7e5 ea7df6f2eebb4cb28064647d6abe31b7 - - - -] 10.0.0.184 "DELETE /v2.0/networks/530c5771-6d83-4e30-b9d7-1c717024defc HTTP/1.1" status: 204 len: 168 time: 0.4350257
2026-05-06 06:15:38.891 10 INFO neutron.services.segments.plugin [-] Segment 676365fc-cd74-4b6f-aaad-9b834a17d9a8 resource provider not found; error: Placement Client Error (4xx): {"errors": [{"status": 404, "title": "Not Found", "detail": "The resource could not be found.\n\n No resource provider with uuid 676365fc-cd74-4b6f-aaad-9b834a17d9a8 found for delete ", "request_id": "req-1a2b8670-4ce9-4685-9a66-68287de38434"}]}
2026-05-06 06:15:39.137 9 INFO neutron.db.ovn_revision_numbers_db [None req-711cb470-4c6d-46f0-b5ca-97d6cbe52b11 6da3f2bf77324f328b51d0a276f19dee f3e79d991d464280b0329d41bf9ea437 - - - -] Successfully bumped revision number for resource ff9785cd-e2d8-4b4a-933f-37828e8aa330 (type: ports) to 2
2026-05-06 06:15:39.154 10 INFO neutron.wsgi [-] 10.0.0.212 "GET / HTTP/1.1" status: 200 len: 246 time: 0.0024207
2026-05-06 06:15:39.157 10 INFO neutron.wsgi [-] 10.0.0.212 "GET / HTTP/1.1" status: 200 len: 246 time: 0.0017567
2026-05-06 06:15:39.297 9 INFO neutron.db.ovn_revision_numbers_db [None req-711cb470-4c6d-46f0-b5ca-97d6cbe52b11 6da3f2bf77324f328b51d0a276f19dee f3e79d991d464280b0329d41bf9ea437 - - - -] Successfully bumped revision number for resource ff9785cd-e2d8-4b4a-933f-37828e8aa330 (type: ports) to 2
2026-05-06 06:15:39.311 9 INFO neutron.wsgi [None req-711cb470-4c6d-46f0-b5ca-97d6cbe52b11 6da3f2bf77324f328b51d0a276f19dee f3e79d991d464280b0329d41bf9ea437 - - - -] 199.204.45.57 "PUT /v2.0/ports/ff9785cd-e2d8-4b4a-933f-37828e8aa330 HTTP/1.1" status: 200 len: 1367 time: 0.5589688
2026-05-06 06:15:39.345 9 INFO neutron.notifiers.nova [-] Nova event matching ['req-8a348cdd-57ff-4f64-8ebe-c1d8906bc355'] response: {'name': 'network-changed', 'server_uuid': '77294638-6465-4384-a2b9-347474a39eea', 'tag': 'ff9785cd-e2d8-4b4a-933f-37828e8aa330', 'status': 'completed', 'code': 200} /var/lib/openstack/lib/python3.10/site-packages/pycadf/identifier.py:71: UserWarning: Invalid uuid: neutron. To ensure interoperability, identifiers should be a valid uuid. warnings.warn(('Invalid uuid: %s. To ensure interoperability, '
2026-05-06 06:15:39.382 9 INFO neutron.wsgi [req-411d8ffc-3e7d-4cb8-be09-4a7feaf73be4 req-15c1e654-a17c-4e2d-9a48-bfbea6dda82c 6da3f2bf77324f328b51d0a276f19dee f3e79d991d464280b0329d41bf9ea437 - - b621fce73f6d42c4a41bca51a726afc4 b621fce73f6d42c4a41bca51a726afc4] 199.204.45.57 "GET /v2.0/ports?tenant_id=e0da87b79c4b46f68003a4cd3d037520&device_id=77294638-6465-4384-a2b9-347474a39eea HTTP/1.1" status: 200 len: 1398 time: 0.0305688
2026-05-06 06:15:39.418 9 INFO neutron.wsgi [req-411d8ffc-3e7d-4cb8-be09-4a7feaf73be4 req-0f5d29f7-fab3-4ac7-83db-1db123a98e65 6da3f2bf77324f328b51d0a276f19dee f3e79d991d464280b0329d41bf9ea437 - - b621fce73f6d42c4a41bca51a726afc4 b621fce73f6d42c4a41bca51a726afc4] 199.204.45.57 "GET /v2.0/floatingips?fixed_ip_address=10.100.0.3&port_id=ff9785cd-e2d8-4b4a-933f-37828e8aa330 HTTP/1.1" status: 200 len: 217 time: 0.0283632
2026-05-06 06:15:39.457 9 INFO neutron.wsgi [req-411d8ffc-3e7d-4cb8-be09-4a7feaf73be4 req-bf359eb6-e824-43ae-8665-5536c9b83287 6da3f2bf77324f328b51d0a276f19dee f3e79d991d464280b0329d41bf9ea437 - - b621fce73f6d42c4a41bca51a726afc4 b621fce73f6d42c4a41bca51a726afc4] 199.204.45.57 "GET /v2.0/subnets?id=8a6c9b8a-7455-46cb-8cae-89479a860dee HTTP/1.1" status: 200 len: 865 time: 0.0314009
2026-05-06 06:15:39.479 9 INFO neutron.wsgi [req-411d8ffc-3e7d-4cb8-be09-4a7feaf73be4 req-a7416fcc-ca38-4a26-b095-cb0593a8a19d 6da3f2bf77324f328b51d0a276f19dee f3e79d991d464280b0329d41bf9ea437 - - b621fce73f6d42c4a41bca51a726afc4 b621fce73f6d42c4a41bca51a726afc4] 199.204.45.57 "GET /v2.0/ports?network_id=5a86940f-45f6-442a-a2fa-cd2c21a26ebb&device_owner=network%3Adhcp HTTP/1.1" status: 200 len: 210 time: 0.0182853
2026-05-06 06:15:39.534 10 INFO neutron.wsgi [None req-286e5413-3208-43ec-b9d9-7acebf6ad4e5 8e5c766801194016a35dfcbe05ef5617 1a009fe3683c4df096bc63300d7dcabf - - default default] 10.0.0.184 "GET /v2.0/security-groups?tenant_id=ea7df6f2eebb4cb28064647d6abe31b7&name=default HTTP/1.1" status: 200 len: 2996 time: 0.2501278
2026-05-06 06:15:39.546 9 INFO neutron.wsgi [req-411d8ffc-3e7d-4cb8-be09-4a7feaf73be4 req-69eb601d-1ea3-4dc9-ae67-5fa00a370d2d 6da3f2bf77324f328b51d0a276f19dee f3e79d991d464280b0329d41bf9ea437 - - b621fce73f6d42c4a41bca51a726afc4 b621fce73f6d42c4a41bca51a726afc4] 199.204.45.57 "GET /v2.0/networks/5a86940f-45f6-442a-a2fa-cd2c21a26ebb?fields=segments HTTP/1.1" status: 200 len: 212 time: 0.0616236
2026-05-06 06:15:39.552 9 INFO neutron.wsgi [req-eb57bcb4-4286-4973-9ece-f30685ff1221 req-0c102f93-9ce5-4ebd-9d4d-cf469827202b 91cf8b4def784894ba287dc21e0d8250 e0da87b79c4b46f68003a4cd3d037520 - - default default] 10.0.0.205 "GET /v2.0/ports?device_id=77294638-6465-4384-a2b9-347474a39eea HTTP/1.1" status: 200 len: 1208 time: 0.0347538
2026-05-06 06:15:39.612 9 INFO neutron.wsgi [req-411d8ffc-3e7d-4cb8-be09-4a7feaf73be4 req-aaddd082-f215-42b2-8f5d-d583e1179816 6da3f2bf77324f328b51d0a276f19dee f3e79d991d464280b0329d41bf9ea437 - - b621fce73f6d42c4a41bca51a726afc4 b621fce73f6d42c4a41bca51a726afc4] 199.204.45.57 "GET /v2.0/networks/5a86940f-45f6-442a-a2fa-cd2c21a26ebb?fields=provider%3Aphysical_network&fields=provider%3Anetwork_type HTTP/1.1" status: 200 len: 277 time: 0.0576515
2026-05-06 06:15:39.615 9 INFO neutron.wsgi [req-eb57bcb4-4286-4973-9ece-f30685ff1221 req-c086e962-248d-41b5-9c95-3c84406fec00 91cf8b4def784894ba287dc21e0d8250 e0da87b79c4b46f68003a4cd3d037520 - - default default] 10.0.0.205 "GET /v2.0/security-groups?id=8b901947-c73a-433c-a90c-65e6bdaf7499&id=8769879d-3c07-45bf-af95-16b85b6b4fbe&fields=id&fields=name HTTP/1.1" status: 200 len: 403 time: 0.0546260
2026-05-06 06:15:39.683 9 INFO neutron.wsgi [req-3eb7be85-bb00-43b8-b32f-db05f8646bdc req-ef84587d-dc20-417f-93e9-34643741efcd 6da3f2bf77324f328b51d0a276f19dee f3e79d991d464280b0329d41bf9ea437 - - b621fce73f6d42c4a41bca51a726afc4 b621fce73f6d42c4a41bca51a726afc4] 199.204.45.57 "GET /v2.0/ports?tenant_id=e0da87b79c4b46f68003a4cd3d037520&device_id=77294638-6465-4384-a2b9-347474a39eea HTTP/1.1" status: 200 len: 1398 time: 0.0294266
2026-05-06 06:15:39.729 10 INFO neutron.wsgi [None req-312b2eee-9eca-45db-8c26-38a552c61dad 8e5c766801194016a35dfcbe05ef5617 1a009fe3683c4df096bc63300d7dcabf - - - -] 10.0.0.184 "DELETE /v2.0/security-groups/5bb52865-c902-4eee-8e17-53fd4bc83e96 HTTP/1.1" status: 204 len: 168 time: 0.1880600
2026-05-06 06:15:39.767 9 INFO neutron.wsgi [req-3eb7be85-bb00-43b8-b32f-db05f8646bdc req-84ba5839-4103-4964-9e66-d017c9d3f919 6da3f2bf77324f328b51d0a276f19dee f3e79d991d464280b0329d41bf9ea437 - - b621fce73f6d42c4a41bca51a726afc4 b621fce73f6d42c4a41bca51a726afc4] 199.204.45.57 "GET /v2.0/networks?id=5a86940f-45f6-442a-a2fa-cd2c21a26ebb HTTP/1.1" status: 200 len: 970 time: 0.0771544
2026-05-06 06:15:39.799 9 INFO neutron.wsgi [req-3eb7be85-bb00-43b8-b32f-db05f8646bdc req-838c8c0e-3889-4573-bbda-d193fa834f04 6da3f2bf77324f328b51d0a276f19dee f3e79d991d464280b0329d41bf9ea437 - - b621fce73f6d42c4a41bca51a726afc4 b621fce73f6d42c4a41bca51a726afc4] 199.204.45.57 "GET /v2.0/floatingips?fixed_ip_address=10.100.0.3&port_id=ff9785cd-e2d8-4b4a-933f-37828e8aa330 HTTP/1.1" status: 200 len: 217 time: 0.0255301
2026-05-06 06:15:39.817 10 INFO neutron.wsgi [req-0c9de882-cf1b-4a35-91a3-6ad3ba839028 req-281fe61c-57e1-4e29-b0cf-12ea0caf6dca 6da3f2bf77324f328b51d0a276f19dee f3e79d991d464280b0329d41bf9ea437 - - b621fce73f6d42c4a41bca51a726afc4 b621fce73f6d42c4a41bca51a726afc4] 199.204.45.57 "GET /v2.0/ports?device_id=77294638-6465-4384-a2b9-347474a39eea HTTP/1.1" status: 200 len: 1398 time: 0.0335946
2026-05-06 06:15:39.841 9 INFO neutron.wsgi [req-3eb7be85-bb00-43b8-b32f-db05f8646bdc req-57ccf2f8-c6ca-4982-8f01-0be8319954d1 6da3f2bf77324f328b51d0a276f19dee f3e79d991d464280b0329d41bf9ea437 - - b621fce73f6d42c4a41bca51a726afc4 b621fce73f6d42c4a41bca51a726afc4] 199.204.45.57 "GET /v2.0/subnets?id=8a6c9b8a-7455-46cb-8cae-89479a860dee HTTP/1.1" status: 200 len: 865 time: 0.0351439
2026-05-06 06:15:39.864 10 INFO neutron.wsgi [req-0c9de882-cf1b-4a35-91a3-6ad3ba839028 req-e61bd75b-7dc0-486a-a1fc-9fcdbd581ea8 6da3f2bf77324f328b51d0a276f19dee f3e79d991d464280b0329d41bf9ea437 - - b621fce73f6d42c4a41bca51a726afc4 b621fce73f6d42c4a41bca51a726afc4] 199.204.45.57 "GET /v2.0/security-groups?id=8769879d-3c07-45bf-af95-16b85b6b4fbe&id=8b901947-c73a-433c-a90c-65e6bdaf7499&fields=id&fields=name HTTP/1.1" status: 200 len: 403 time: 0.0424953
2026-05-06 06:15:39.872 9 INFO neutron.wsgi [req-3eb7be85-bb00-43b8-b32f-db05f8646bdc req-329ba45c-1944-4d66-b244-8ae75132df41 6da3f2bf77324f328b51d0a276f19dee f3e79d991d464280b0329d41bf9ea437 - - b621fce73f6d42c4a41bca51a726afc4 b621fce73f6d42c4a41bca51a726afc4] 199.204.45.57 "GET /v2.0/ports?network_id=5a86940f-45f6-442a-a2fa-cd2c21a26ebb&device_owner=network%3Adhcp HTTP/1.1" status: 200 len: 210 time: 0.0254674
2026-05-06 06:15:39.965 9 INFO neutron.wsgi [req-3eb7be85-bb00-43b8-b32f-db05f8646bdc req-507cfa26-c4f9-4060-9f63-bc19526c055b 6da3f2bf77324f328b51d0a276f19dee f3e79d991d464280b0329d41bf9ea437 - - b621fce73f6d42c4a41bca51a726afc4 b621fce73f6d42c4a41bca51a726afc4] 199.204.45.57 "GET /v2.0/networks/5a86940f-45f6-442a-a2fa-cd2c21a26ebb?fields=segments HTTP/1.1" status: 200 len: 212 time: 0.0590103
2026-05-06 06:15:39.979 10 INFO neutron.plugins.ml2.drivers.ovn.mech_driver.mech_driver [None req-2187529b-8f41-404b-b813-7b46c84006bd - - - - - -] OVN reports status up for port: ff9785cd-e2d8-4b4a-933f-37828e8aa330
2026-05-06 06:15:39.982 9 INFO neutron.db.ovn_revision_numbers_db [None req-37076fc8-6e11-4b64-8455-2092a299a604 8e5c766801194016a35dfcbe05ef5617 1a009fe3683c4df096bc63300d7dcabf - - - -] Successfully bumped revision number for resource 7a0c5840-adbe-4a60-af13-dc4038fb800e (type: security_groups) to 1
2026-05-06 06:15:40.006 10 INFO neutron.plugins.ml2.plugin [None req-2187529b-8f41-404b-b813-7b46c84006bd - - - - - -] Attempt 1 to provision port ff9785cd-e2d8-4b4a-933f-37828e8aa330
2026-05-06 06:15:40.059 9 INFO neutron.db.segments_db [None req-37076fc8-6e11-4b64-8455-2092a299a604 8e5c766801194016a35dfcbe05ef5617 1a009fe3683c4df096bc63300d7dcabf - - - -] Added segment 95dfcf8f-ebf1-4270-8d12-66043e13e4e5 of type geneve for network 21e3fa60-d1e9-4884-a1d6-fe642f71652f
2026-05-06 06:15:40.066 9 INFO neutron.wsgi [req-3eb7be85-bb00-43b8-b32f-db05f8646bdc req-71894c70-e1f2-49c8-96a4-5699bd521db7 6da3f2bf77324f328b51d0a276f19dee f3e79d991d464280b0329d41bf9ea437 - - b621fce73f6d42c4a41bca51a726afc4 b621fce73f6d42c4a41bca51a726afc4] 199.204.45.57 "GET /v2.0/networks/5a86940f-45f6-442a-a2fa-cd2c21a26ebb?fields=provider%3Aphysical_network&fields=provider%3Anetwork_type HTTP/1.1" status: 200 len: 277 time: 0.0943105
2026-05-06 06:15:40.147 10 INFO neutron.notifiers.nova [-] Nova event matching ['req-819456b9-9fa7-41bc-97d6-f5f6bb61f4f6'] response: {'server_uuid': '77294638-6465-4384-a2b9-347474a39eea', 'name': 'network-vif-plugged', 'status': 'completed', 'tag': 'ff9785cd-e2d8-4b4a-933f-37828e8aa330', 'code': 200}
2026-05-06 06:15:40.194 9 INFO neutron.db.ovn_revision_numbers_db [None req-37076fc8-6e11-4b64-8455-2092a299a604 8e5c766801194016a35dfcbe05ef5617 1a009fe3683c4df096bc63300d7dcabf - - - -] Successfully bumped revision number for resource 21e3fa60-d1e9-4884-a1d6-fe642f71652f (type: networks) to 1
2026-05-06 06:15:40.297 10 INFO neutron.db.ovn_revision_numbers_db [None req-2187529b-8f41-404b-b813-7b46c84006bd - - - - - -] Successfully bumped revision number for resource ff9785cd-e2d8-4b4a-933f-37828e8aa330 (type: ports) to 4
2026-05-06 06:15:40.383 9 WARNING neutron.scheduler.dhcp_agent_scheduler [None req-37076fc8-6e11-4b64-8455-2092a299a604 8e5c766801194016a35dfcbe05ef5617 1a009fe3683c4df096bc63300d7dcabf - - - -] No more DHCP agents
2026-05-06 06:15:40.386 9 WARNING neutron.api.rpc.agentnotifiers.dhcp_rpc_agent_api [None req-37076fc8-6e11-4b64-8455-2092a299a604 8e5c766801194016a35dfcbe05ef5617 1a009fe3683c4df096bc63300d7dcabf - - - -] Unable to schedule network 21e3fa60-d1e9-4884-a1d6-fe642f71652f: no agents available; will retry on subsequent port and subnet creation events.
2026-05-06 06:15:40.475 9 INFO neutron.db.ovn_revision_numbers_db [None req-37076fc8-6e11-4b64-8455-2092a299a604 8e5c766801194016a35dfcbe05ef5617 1a009fe3683c4df096bc63300d7dcabf - - - -] Successfully bumped revision number for resource 609073e9-46cb-49a7-b799-c5ab7da0ba2c (type: ports) to 1
2026-05-06 06:15:40.500 9 INFO neutron.wsgi [None req-37076fc8-6e11-4b64-8455-2092a299a604 8e5c766801194016a35dfcbe05ef5617 1a009fe3683c4df096bc63300d7dcabf - - - -] 10.0.0.184 "POST /v2.0/networks HTTP/1.1" status: 201 len: 943 time: 0.7879014
2026-05-06 06:15:40.700 9 WARNING neutron.scheduler.dhcp_agent_scheduler [None req-cb6f177e-9b59-45eb-83f1-18b533c580b8 8e5c766801194016a35dfcbe05ef5617 1a009fe3683c4df096bc63300d7dcabf - - - -] No more DHCP agents
2026-05-06 06:15:40.701 9 WARNING neutron.api.rpc.agentnotifiers.dhcp_rpc_agent_api [None req-cb6f177e-9b59-45eb-83f1-18b533c580b8 8e5c766801194016a35dfcbe05ef5617 1a009fe3683c4df096bc63300d7dcabf - - - -] Unable to schedule network 21e3fa60-d1e9-4884-a1d6-fe642f71652f: no agents available; will retry on subsequent port and subnet creation events.
2026-05-06 06:15:40.728 9 INFO neutron.wsgi [req-5d88bd7d-a293-4550-a8e5-a2ae7716ba30 req-e6254b64-3427-4d0f-9134-129e030c61fc 91cf8b4def784894ba287dc21e0d8250 e0da87b79c4b46f68003a4cd3d037520 - - default default] 10.0.0.205 "GET /v2.0/ports?device_id=77294638-6465-4384-a2b9-347474a39eea HTTP/1.1" status: 200 len: 1210 time: 0.0474591 /var/lib/openstack/lib/python3.10/site-packages/pycadf/identifier.py:71: UserWarning: Invalid uuid: neutron. To ensure interoperability, identifiers should be a valid uuid. warnings.warn(('Invalid uuid: %s. To ensure interoperability, '
2026-05-06 06:15:40.785 9 INFO neutron.wsgi [req-5d88bd7d-a293-4550-a8e5-a2ae7716ba30 req-77137477-5cba-4df5-84a4-3d91a223bde0 91cf8b4def784894ba287dc21e0d8250 e0da87b79c4b46f68003a4cd3d037520 - - default default] 10.0.0.205 "GET /v2.0/security-groups?id=8b901947-c73a-433c-a90c-65e6bdaf7499&id=8769879d-3c07-45bf-af95-16b85b6b4fbe&fields=id&fields=name HTTP/1.1" status: 200 len: 403 time: 0.0497756
2026-05-06 06:15:40.887 10 INFO neutron.db.ovn_revision_numbers_db [None req-bd1ee871-f250-47b1-bb23-3000e2d63f9e 5dd0a15350794a31b5f56cef2d0cfda5 1629fbd6a15549c3b34d0e9362fd47a4 - - - -] Successfully bumped revision number for resource 313ae996-f8fa-4e71-8279-5496469ed7ab (type: security_groups) to 1
2026-05-06 06:15:40.934 10 INFO neutron.db.segments_db [None req-bd1ee871-f250-47b1-bb23-3000e2d63f9e 5dd0a15350794a31b5f56cef2d0cfda5 1629fbd6a15549c3b34d0e9362fd47a4 - - - -] Added segment 28b820d3-872d-4d92-8c5c-ae3ea345020d of type geneve for network 08c51ae1-2abb-4d8b-9628-ccc6de95e229
2026-05-06 06:15:41.053 10 INFO neutron.db.ovn_revision_numbers_db [None req-bd1ee871-f250-47b1-bb23-3000e2d63f9e 5dd0a15350794a31b5f56cef2d0cfda5 1629fbd6a15549c3b34d0e9362fd47a4 - - - -] Successfully bumped revision number for resource 08c51ae1-2abb-4d8b-9628-ccc6de95e229 (type: networks) to 1
2026-05-06 06:15:41.191 9 INFO neutron.db.ovn_revision_numbers_db [None req-cb6f177e-9b59-45eb-83f1-18b533c580b8 8e5c766801194016a35dfcbe05ef5617 1a009fe3683c4df096bc63300d7dcabf - - - -] Successfully bumped revision number for resource 609073e9-46cb-49a7-b799-c5ab7da0ba2c (type: ports) to 2
2026-05-06 06:15:41.210 9 INFO neutron.db.ovn_revision_numbers_db [None req-cb6f177e-9b59-45eb-83f1-18b533c580b8 8e5c766801194016a35dfcbe05ef5617 1a009fe3683c4df096bc63300d7dcabf - - - -] Successfully bumped revision number for resource 331e6e1f-bf2a-45a1-8ae6-e845081bcfa4 (type: subnets) to 0
2026-05-06 06:15:41.228 9 INFO neutron.wsgi [None req-cb6f177e-9b59-45eb-83f1-18b533c580b8 8e5c766801194016a35dfcbe05ef5617 1a009fe3683c4df096bc63300d7dcabf - - - -] 10.0.0.184 "POST /v2.0/subnets HTTP/1.1" status: 201 len: 863 time: 0.7219338
2026-05-06 06:15:41.257 10 WARNING neutron.scheduler.dhcp_agent_scheduler [None req-bd1ee871-f250-47b1-bb23-3000e2d63f9e 5dd0a15350794a31b5f56cef2d0cfda5 1629fbd6a15549c3b34d0e9362fd47a4 - - - -] No more DHCP agents
2026-05-06 06:15:41.260 10 WARNING neutron.api.rpc.agentnotifiers.dhcp_rpc_agent_api [None req-bd1ee871-f250-47b1-bb23-3000e2d63f9e 5dd0a15350794a31b5f56cef2d0cfda5 1629fbd6a15549c3b34d0e9362fd47a4 - - - -] Unable to schedule network 08c51ae1-2abb-4d8b-9628-ccc6de95e229: no agents available; will retry on subsequent port and subnet creation events.
2026-05-06 06:15:41.328 10 INFO neutron.db.ovn_revision_numbers_db [None req-bd1ee871-f250-47b1-bb23-3000e2d63f9e 5dd0a15350794a31b5f56cef2d0cfda5 1629fbd6a15549c3b34d0e9362fd47a4 - - - -] Successfully bumped revision number for resource 848a07d3-196c-450b-9c64-88a65e0cf490 (type: ports) to 1
2026-05-06 06:15:41.355 10 INFO neutron.wsgi [None req-bd1ee871-f250-47b1-bb23-3000e2d63f9e 5dd0a15350794a31b5f56cef2d0cfda5 1629fbd6a15549c3b34d0e9362fd47a4 - - - -] 10.0.0.184 "POST /v2.0/networks HTTP/1.1" status: 201 len: 848 time: 0.7743671
2026-05-06 06:15:41.643 10 WARNING neutron.scheduler.dhcp_agent_scheduler [None req-f7c20c1f-9438-4758-9132-6534243d0d72 5dd0a15350794a31b5f56cef2d0cfda5 1629fbd6a15549c3b34d0e9362fd47a4 - - - -] No more DHCP agents
2026-05-06 06:15:41.647 10 WARNING neutron.api.rpc.agentnotifiers.dhcp_rpc_agent_api [None req-f7c20c1f-9438-4758-9132-6534243d0d72 5dd0a15350794a31b5f56cef2d0cfda5 1629fbd6a15549c3b34d0e9362fd47a4 - - - -] Unable to schedule network 08c51ae1-2abb-4d8b-9628-ccc6de95e229: no agents available; will retry on subsequent port and subnet creation events.
2026-05-06 06:15:41.663 10 INFO neutron.db.ovn_revision_numbers_db [None req-f7c20c1f-9438-4758-9132-6534243d0d72 5dd0a15350794a31b5f56cef2d0cfda5 1629fbd6a15549c3b34d0e9362fd47a4 - - - -] Successfully bumped revision number for resource 01199204-c397-4090-8cc4-1b4b39d42ec9 (type: subnets) to 0
2026-05-06 06:15:41.685 10 INFO neutron.wsgi [None req-f7c20c1f-9438-4758-9132-6534243d0d72 5dd0a15350794a31b5f56cef2d0cfda5 1629fbd6a15549c3b34d0e9362fd47a4 - - - -] 10.0.0.184 "POST /v2.0/subnets HTTP/1.1" status: 201 len: 802 time: 0.3200290
2026-05-06 06:15:41.685 10 INFO neutron.db.ovn_revision_numbers_db [None req-58f5905f-6968-40cf-b7b7-ceda4c51969b 051595859ffa437983ee0de25c594066 e9e5d1bbb7fd4573add326c542ff68a6 - - - -] Successfully bumped revision number for resource cf05615c-8ee4-4ac3-aaf4-0d38c5a66105 (type: security_groups) to 1
2026-05-06 06:15:41.753 10 INFO neutron.db.segments_db [None req-58f5905f-6968-40cf-b7b7-ceda4c51969b 051595859ffa437983ee0de25c594066 e9e5d1bbb7fd4573add326c542ff68a6 - - - -] Added segment 3b68d080-45f1-44e6-9b9a-7b263b86014e of type geneve for network 891d6d2e-9c87-493f-8717-45837371214f
2026-05-06 06:15:41.980 9 WARNING neutron.scheduler.dhcp_agent_scheduler [None req-df8710c3-d5cd-49b5-9b73-d562c1589354 8e5c766801194016a35dfcbe05ef5617 1a009fe3683c4df096bc63300d7dcabf - - - -] No more DHCP agents
2026-05-06 06:15:41.982 10 INFO neutron.db.ovn_revision_numbers_db [None req-58f5905f-6968-40cf-b7b7-ceda4c51969b 051595859ffa437983ee0de25c594066 e9e5d1bbb7fd4573add326c542ff68a6 - - - -] Successfully bumped revision number for resource 891d6d2e-9c87-493f-8717-45837371214f (type: networks) to 1
2026-05-06 06:15:41.982 9 WARNING neutron.api.rpc.agentnotifiers.dhcp_rpc_agent_api [None req-df8710c3-d5cd-49b5-9b73-d562c1589354 8e5c766801194016a35dfcbe05ef5617 1a009fe3683c4df096bc63300d7dcabf - - - -] Unable to schedule network 830aeb48-e604-4bf4-b1f0-c30f0a97948c: no agents available; will retry on subsequent port and subnet creation events.
2026-05-06 06:15:42.023 10 INFO neutron.wsgi [req-c8fd10fa-74d9-483a-a725-87c08f29d42e req-1fe812c0-5dc9-419d-88e9-5ea86c52cea5 91cf8b4def784894ba287dc21e0d8250 e0da87b79c4b46f68003a4cd3d037520 - - default default] 10.0.0.205 "GET /v2.0/ports?device_id=77294638-6465-4384-a2b9-347474a39eea HTTP/1.1" status: 200 len: 1210 time: 0.1662087
2026-05-06 06:15:42.123 9 INFO neutron.db.ovn_revision_numbers_db [None req-df8710c3-d5cd-49b5-9b73-d562c1589354 8e5c766801194016a35dfcbe05ef5617 1a009fe3683c4df096bc63300d7dcabf - - - -] Successfully bumped revision number for resource 90cb28e6-d526-4fb7-966a-96cffb2dc856 (type: ports) to 1
2026-05-06 06:15:42.342 10 INFO neutron.notifiers.nova [-] Nova event matching ['req-ae69e5cd-933e-4556-91c2-ed6dd15f29cd'] response: {'server_uuid': '77294638-6465-4384-a2b9-347474a39eea', 'name': 'network-vif-plugged', 'status': 'completed', 'tag': 'ff9785cd-e2d8-4b4a-933f-37828e8aa330', 'code': 200}
2026-05-06 06:15:42.359 10 INFO neutron.wsgi [req-c8fd10fa-74d9-483a-a725-87c08f29d42e req-443ec1bb-c6aa-4708-a6ae-cac9354033c7 91cf8b4def784894ba287dc21e0d8250 e0da87b79c4b46f68003a4cd3d037520 - - default default] 10.0.0.205 "GET /v2.0/security-groups?id=8b901947-c73a-433c-a90c-65e6bdaf7499&id=8769879d-3c07-45bf-af95-16b85b6b4fbe&fields=id&fields=name HTTP/1.1" status: 200 len: 403 time: 0.3195620
2026-05-06 06:15:42.472 10 WARNING neutron.scheduler.dhcp_agent_scheduler [None req-58f5905f-6968-40cf-b7b7-ceda4c51969b 051595859ffa437983ee0de25c594066 e9e5d1bbb7fd4573add326c542ff68a6 - - - -] No more DHCP agents
2026-05-06 06:15:42.478 10 WARNING neutron.api.rpc.agentnotifiers.dhcp_rpc_agent_api [None req-58f5905f-6968-40cf-b7b7-ceda4c51969b 051595859ffa437983ee0de25c594066 e9e5d1bbb7fd4573add326c542ff68a6 - - - -] Unable to schedule network 891d6d2e-9c87-493f-8717-45837371214f: no agents available; will retry on subsequent port and subnet creation events.
2026-05-06 06:15:42.534 9 INFO neutron.wsgi [req-f11bac3a-5ceb-4ca0-b721-dd3d7ee19c7f req-1f2e76ba-f008-4c0c-af43-8307e159a2e3 91cf8b4def784894ba287dc21e0d8250 e0da87b79c4b46f68003a4cd3d037520 - - default default] 10.0.0.205 "GET /v2.0/ports?device_id=77294638-6465-4384-a2b9-347474a39eea HTTP/1.1" status: 200 len: 1210 time: 0.1107147
2026-05-06 06:15:42.579 10 INFO neutron.db.ovn_revision_numbers_db [None req-58f5905f-6968-40cf-b7b7-ceda4c51969b 051595859ffa437983ee0de25c594066 e9e5d1bbb7fd4573add326c542ff68a6 - - - -] Successfully bumped revision number for resource 9e3bb474-2415-4693-949b-ff572c42192b (type: ports) to 1
2026-05-06 06:15:42.612 10 INFO neutron.wsgi [None req-58f5905f-6968-40cf-b7b7-ceda4c51969b 051595859ffa437983ee0de25c594066 e9e5d1bbb7fd4573add326c542ff68a6 - - - -] 10.0.0.184 "POST /v2.0/networks HTTP/1.1" status: 201 len: 831 time: 1.1920962
2026-05-06 06:15:42.616 10 WARNING neutron.scheduler.dhcp_agent_scheduler [None req-4f0835df-fe75-4e53-b5be-49673da0401d 5dd0a15350794a31b5f56cef2d0cfda5 1629fbd6a15549c3b34d0e9362fd47a4 - - - -] No more DHCP agents
2026-05-06 06:15:42.625 10 WARNING neutron.api.rpc.agentnotifiers.dhcp_rpc_agent_api [None req-4f0835df-fe75-4e53-b5be-49673da0401d 5dd0a15350794a31b5f56cef2d0cfda5 1629fbd6a15549c3b34d0e9362fd47a4 - - - -] Unable to schedule network 830aeb48-e604-4bf4-b1f0-c30f0a97948c: no agents available; will retry on subsequent port and subnet creation events.
2026-05-06 06:15:42.712 10 INFO neutron.db.segments_db [None req-325750a9-d3ae-42b7-9f0b-99506501685c 051595859ffa437983ee0de25c594066 e9e5d1bbb7fd4573add326c542ff68a6 - - - -] Added segment d31d1c0d-82f8-4363-b9d3-23a2db9a8a3d of type geneve for network ded51646-d641-4d3f-88ea-a00fb02cf5ae
2026-05-06 06:15:42.753 10 INFO neutron.db.ovn_revision_numbers_db [None req-4f0835df-fe75-4e53-b5be-49673da0401d 5dd0a15350794a31b5f56cef2d0cfda5 1629fbd6a15549c3b34d0e9362fd47a4 - - - -] Successfully bumped revision number for resource 503b489c-cca2-4f96-ba61-34e05fd8d88f (type: ports) to 1
2026-05-06 06:15:42.829 9 INFO neutron.db.l3_db [None req-4081b6c8-fa53-454d-8342-78ada84f402e 91cf8b4def784894ba287dc21e0d8250 e0da87b79c4b46f68003a4cd3d037520 - - - -] Floating IP e747b9e8-9f97-455b-86c5-cfd5882aa23b associated. External IP: 10.96.250.203, port: ff9785cd-e2d8-4b4a-933f-37828e8aa330.
2026-05-06 06:15:42.881 10 INFO neutron.plugins.ml2.drivers.ovn.mech_driver.mech_driver [None req-2187529b-8f41-404b-b813-7b46c84006bd - - - - - -] OVN reports status up for port: 90cb28e6-d526-4fb7-966a-96cffb2dc856
2026-05-06 06:15:42.897 10 INFO neutron.db.ovn_revision_numbers_db [None req-325750a9-d3ae-42b7-9f0b-99506501685c 051595859ffa437983ee0de25c594066 e9e5d1bbb7fd4573add326c542ff68a6 - - - -] Successfully bumped revision number for resource ded51646-d641-4d3f-88ea-a00fb02cf5ae (type: networks) to 1
2026-05-06 06:15:42.898 9 INFO neutron.db.ovn_revision_numbers_db [None req-df8710c3-d5cd-49b5-9b73-d562c1589354 8e5c766801194016a35dfcbe05ef5617 1a009fe3683c4df096bc63300d7dcabf - - - -] Successfully bumped revision number for resource 90cb28e6-d526-4fb7-966a-96cffb2dc856 (type: router_ports) to 1
2026-05-06 06:15:42.903 10 INFO neutron.plugins.ml2.drivers.ovn.mech_driver.ovsdb.ovsdb_monitor [None req-688835a5-447d-435b-98ee-a3f3c0be46b1 - - - - - -] Router e4c8a3a9-0e66-4614-b4ab-8e4b00426eca is bound to host instance
2026-05-06 06:15:42.930 10 INFO neutron.plugins.ml2.plugin [None req-2187529b-8f41-404b-b813-7b46c84006bd - - - - - -] Attempt 1 to provision port 90cb28e6-d526-4fb7-966a-96cffb2dc856
2026-05-06 06:15:42.983 9 INFO neutron.db.ovn_revision_numbers_db [None req-df8710c3-d5cd-49b5-9b73-d562c1589354 8e5c766801194016a35dfcbe05ef5617 1a009fe3683c4df096bc63300d7dcabf - - - -] Successfully bumped revision number for resource e4c8a3a9-0e66-4614-b4ab-8e4b00426eca (type: routers) to 3
2026-05-06 06:15:43.008 9 INFO neutron.wsgi [None req-df8710c3-d5cd-49b5-9b73-d562c1589354 8e5c766801194016a35dfcbe05ef5617 1a009fe3683c4df096bc63300d7dcabf - - - -] 10.0.0.184 "POST /v2.0/routers HTTP/1.1" status: 201 len: 874 time: 1.7751303
2026-05-06 06:15:43.049 9 INFO neutron.db.ovn_revision_numbers_db [None req-4081b6c8-fa53-454d-8342-78ada84f402e 91cf8b4def784894ba287dc21e0d8250 e0da87b79c4b46f68003a4cd3d037520 - - - -] Successfully bumped revision number for resource e747b9e8-9f97-455b-86c5-cfd5882aa23b (type: floatingips) to 1
2026-05-06 06:15:43.159 9 INFO neutron.db.ovn_revision_numbers_db [None req-4081b6c8-fa53-454d-8342-78ada84f402e 91cf8b4def784894ba287dc21e0d8250 e0da87b79c4b46f68003a4cd3d037520 - - - -] Successfully bumped revision number for resource e747b9e8-9f97-455b-86c5-cfd5882aa23b (type: floatingips) to 2
2026-05-06 06:15:43.185 9 INFO neutron.wsgi [None req-4081b6c8-fa53-454d-8342-78ada84f402e 91cf8b4def784894ba287dc21e0d8250 e0da87b79c4b46f68003a4cd3d037520 - - - -] 10.0.0.184 "PUT /v2.0/floatingips/e747b9e8-9f97-455b-86c5-cfd5882aa23b HTTP/1.1" status: 200 len: 1049 time: 0.6406169
2026-05-06 06:15:43.220 9 INFO neutron.notifiers.nova [-] Nova event matching ['req-7a8a5783-5d0c-4e08-92ef-054d3a2cb039'] response: {'name': 'network-changed', 'server_uuid': '77294638-6465-4384-a2b9-347474a39eea', 'tag': 'ff9785cd-e2d8-4b4a-933f-37828e8aa330', 'status': 'completed', 'code': 200}
2026-05-06 06:15:43.260 10 WARNING neutron.scheduler.dhcp_agent_scheduler [None req-325750a9-d3ae-42b7-9f0b-99506501685c 051595859ffa437983ee0de25c594066 e9e5d1bbb7fd4573add326c542ff68a6 - - - -] No more DHCP agents
2026-05-06 06:15:43.264 10 WARNING neutron.api.rpc.agentnotifiers.dhcp_rpc_agent_api [None req-325750a9-d3ae-42b7-9f0b-99506501685c 051595859ffa437983ee0de25c594066 e9e5d1bbb7fd4573add326c542ff68a6 - - - -] Unable to schedule network ded51646-d641-4d3f-88ea-a00fb02cf5ae: no agents available; will retry on subsequent port and subnet creation events.
2026-05-06 06:15:43.279 9 INFO neutron.wsgi [req-f23c56ef-cae6-43b5-981d-8a37080e7fca req-a4316580-dd1c-41d8-a008-8b333f1f91a8 6da3f2bf77324f328b51d0a276f19dee f3e79d991d464280b0329d41bf9ea437 - - b621fce73f6d42c4a41bca51a726afc4 b621fce73f6d42c4a41bca51a726afc4] 199.204.45.57 "GET /v2.0/ports?tenant_id=e0da87b79c4b46f68003a4cd3d037520&device_id=77294638-6465-4384-a2b9-347474a39eea HTTP/1.1" status: 200 len: 1400 time: 0.0376318
2026-05-06 06:15:43.349 9 INFO neutron.wsgi [req-f23c56ef-cae6-43b5-981d-8a37080e7fca req-477fe57b-c7df-4a1f-9db9-689821db8f49 6da3f2bf77324f328b51d0a276f19dee f3e79d991d464280b0329d41bf9ea437 - - b621fce73f6d42c4a41bca51a726afc4 b621fce73f6d42c4a41bca51a726afc4] 199.204.45.57 "GET /v2.0/networks?id=5a86940f-45f6-442a-a2fa-cd2c21a26ebb HTTP/1.1" status: 200 len: 970 time: 0.0650828
2026-05-06 06:15:43.416 9 INFO neutron.wsgi [req-f23c56ef-cae6-43b5-981d-8a37080e7fca req-85523e4c-fc74-4d5f-8b93-3560bd48a100 6da3f2bf77324f328b51d0a276f19dee f3e79d991d464280b0329d41bf9ea437 - - b621fce73f6d42c4a41bca51a726afc4 b621fce73f6d42c4a41bca51a726afc4] 199.204.45.57 "GET /v2.0/floatingips?fixed_ip_address=10.100.0.3&port_id=ff9785cd-e2d8-4b4a-933f-37828e8aa330 HTTP/1.1" status: 200 len: 1059 time: 0.0591328
2026-05-06 06:15:43.420 10 INFO neutron.db.ovn_revision_numbers_db [None req-325750a9-d3ae-42b7-9f0b-99506501685c 051595859ffa437983ee0de25c594066 e9e5d1bbb7fd4573add326c542ff68a6 - - - -] Successfully bumped revision number for resource bf21dad7-857f-40c9-9eec-ac647214475d (type: ports) to 1
2026-05-06 06:15:43.467 9 INFO neutron.wsgi [req-f23c56ef-cae6-43b5-981d-8a37080e7fca req-1976708b-00a4-42c2-89f9-64a2f692c0fc 6da3f2bf77324f328b51d0a276f19dee f3e79d991d464280b0329d41bf9ea437 - - b621fce73f6d42c4a41bca51a726afc4 b621fce73f6d42c4a41bca51a726afc4] 199.204.45.57 "GET /v2.0/subnets?id=8a6c9b8a-7455-46cb-8cae-89479a860dee HTTP/1.1" status: 200 len: 865 time: 0.0391943
2026-05-06 06:15:43.480 10 INFO neutron.wsgi [None req-325750a9-d3ae-42b7-9f0b-99506501685c 051595859ffa437983ee0de25c594066 e9e5d1bbb7fd4573add326c542ff68a6 - - - -] 10.0.0.184 "POST /v2.0/networks HTTP/1.1" status: 201 len: 832 time: 0.8621085
2026-05-06 06:15:43.501 9 INFO neutron.wsgi [req-f23c56ef-cae6-43b5-981d-8a37080e7fca req-40b6e1ee-c6e4-49ab-8e20-c44c26939cb1 6da3f2bf77324f328b51d0a276f19dee f3e79d991d464280b0329d41bf9ea437 - - b621fce73f6d42c4a41bca51a726afc4 b621fce73f6d42c4a41bca51a726afc4] 199.204.45.57 "GET /v2.0/ports?network_id=5a86940f-45f6-442a-a2fa-cd2c21a26ebb&device_owner=network%3Adhcp HTTP/1.1" status: 200 len: 210 time: 0.0218806
2026-05-06 06:15:43.505 9 WARNING neutron.scheduler.dhcp_agent_scheduler [None req-16484725-8e71-4d5c-a813-5728eab2260b 8e5c766801194016a35dfcbe05ef5617 1a009fe3683c4df096bc63300d7dcabf - - default default] No more DHCP agents
2026-05-06 06:15:43.521 9 WARNING neutron.api.rpc.agentnotifiers.dhcp_rpc_agent_api [None req-16484725-8e71-4d5c-a813-5728eab2260b 8e5c766801194016a35dfcbe05ef5617 1a009fe3683c4df096bc63300d7dcabf - - default default] Unable to schedule network 21e3fa60-d1e9-4884-a1d6-fe642f71652f: no agents available; will retry on subsequent port and subnet creation events.
2026-05-06 06:15:43.568 9 INFO neutron.wsgi [req-f23c56ef-cae6-43b5-981d-8a37080e7fca req-27a6c1ff-9048-49a2-987e-425a119039a4 6da3f2bf77324f328b51d0a276f19dee f3e79d991d464280b0329d41bf9ea437 - - b621fce73f6d42c4a41bca51a726afc4 b621fce73f6d42c4a41bca51a726afc4] 199.204.45.57 "GET /v2.0/networks/5a86940f-45f6-442a-a2fa-cd2c21a26ebb?fields=segments HTTP/1.1" status: 200 len: 212 time: 0.0582509
2026-05-06 06:15:43.647 9 INFO neutron.wsgi [req-f23c56ef-cae6-43b5-981d-8a37080e7fca req-a38a60e7-8065-4791-828e-5aa6a1b85dbc 6da3f2bf77324f328b51d0a276f19dee f3e79d991d464280b0329d41bf9ea437 - - b621fce73f6d42c4a41bca51a726afc4 b621fce73f6d42c4a41bca51a726afc4] 199.204.45.57 "GET /v2.0/networks/5a86940f-45f6-442a-a2fa-cd2c21a26ebb?fields=provider%3Aphysical_network&fields=provider%3Anetwork_type HTTP/1.1" status: 200 len: 277 time: 0.0739610
2026-05-06 06:15:43.681 9 INFO neutron.db.ovn_revision_numbers_db [None req-16484725-8e71-4d5c-a813-5728eab2260b 8e5c766801194016a35dfcbe05ef5617 1a009fe3683c4df096bc63300d7dcabf - - default default] Successfully bumped revision number for resource 048afbe1-92f0-40ca-88af-c7b18dbec68f (type: ports) to 1
2026-05-06 06:15:44.084 10 INFO neutron.db.ovn_revision_numbers_db [None req-4f0835df-fe75-4e53-b5be-49673da0401d 5dd0a15350794a31b5f56cef2d0cfda5 1629fbd6a15549c3b34d0e9362fd47a4 - - - -] Successfully bumped revision number for resource 503b489c-cca2-4f96-ba61-34e05fd8d88f (type: router_ports) to 1
2026-05-06 06:15:44.098 9 INFO neutron.db.ovn_revision_numbers_db [None req-16484725-8e71-4d5c-a813-5728eab2260b 8e5c766801194016a35dfcbe05ef5617 1a009fe3683c4df096bc63300d7dcabf - - default default] Successfully bumped revision number for resource 048afbe1-92f0-40ca-88af-c7b18dbec68f (type: router_ports) to 2
2026-05-06 06:15:44.150 10 INFO neutron.db.ovn_revision_numbers_db [None req-688835a5-447d-435b-98ee-a3f3c0be46b1 - - - - - -] Successfully bumped revision number for resource 90cb28e6-d526-4fb7-966a-96cffb2dc856 (type: ports) to 1
2026-05-06 06:15:44.160 10 WARNING neutron.scheduler.dhcp_agent_scheduler [None req-e2896c8e-111d-4987-8979-e23cb4e1af0b 051595859ffa437983ee0de25c594066 e9e5d1bbb7fd4573add326c542ff68a6 - - - -] No more DHCP agents
2026-05-06 06:15:44.164 10 WARNING neutron.api.rpc.agentnotifiers.dhcp_rpc_agent_api [None req-e2896c8e-111d-4987-8979-e23cb4e1af0b 051595859ffa437983ee0de25c594066 e9e5d1bbb7fd4573add326c542ff68a6 - - - -] Unable to schedule network 891d6d2e-9c87-493f-8717-45837371214f: no agents available; will retry on subsequent port and subnet creation events.
2026-05-06 06:15:44.181 10 INFO neutron.db.ovn_revision_numbers_db [None req-4f0835df-fe75-4e53-b5be-49673da0401d 5dd0a15350794a31b5f56cef2d0cfda5 1629fbd6a15549c3b34d0e9362fd47a4 - - - -] Successfully bumped revision number for resource 0e0b53c7-e128-4a85-9514-4c13ba66a9eb (type: routers) to 3
2026-05-06 06:15:44.183 10 INFO neutron.db.ovn_revision_numbers_db [None req-e2896c8e-111d-4987-8979-e23cb4e1af0b 051595859ffa437983ee0de25c594066 e9e5d1bbb7fd4573add326c542ff68a6 - - - -] Successfully bumped revision number for resource f197ecb7-93a4-4e32-bd49-04c5c0cf7e42 (type: subnets) to 0
2026-05-06 06:15:44.206 10 INFO neutron.wsgi [None req-4f0835df-fe75-4e53-b5be-49673da0401d 5dd0a15350794a31b5f56cef2d0cfda5 1629fbd6a15549c3b34d0e9362fd47a4 - - - -] 10.0.0.184 "POST /v2.0/routers HTTP/1.1" status: 201 len: 874 time: 2.5169485
2026-05-06 06:15:44.208 10 INFO neutron.wsgi [None req-e2896c8e-111d-4987-8979-e23cb4e1af0b 051595859ffa437983ee0de25c594066 e9e5d1bbb7fd4573add326c542ff68a6 - - - -] 10.0.0.184 "POST /v2.0/subnets HTTP/1.1" status: 201 len: 821 time: 0.7220523
2026-05-06 06:15:44.567 10 INFO neutron.db.ovn_revision_numbers_db [None req-688835a5-447d-435b-98ee-a3f3c0be46b1 - - - - - -] Successfully bumped revision number for resource 90cb28e6-d526-4fb7-966a-96cffb2dc856 (type: router_ports) to 3
2026-05-06 06:15:44.572 9 INFO neutron.db.ovn_revision_numbers_db [None req-16484725-8e71-4d5c-a813-5728eab2260b 8e5c766801194016a35dfcbe05ef5617 1a009fe3683c4df096bc63300d7dcabf - - default default] Successfully bumped revision number for resource 048afbe1-92f0-40ca-88af-c7b18dbec68f (type: ports) to 2
2026-05-06 06:15:44.667 9 WARNING neutron.scheduler.dhcp_agent_scheduler [None req-16484725-8e71-4d5c-a813-5728eab2260b 8e5c766801194016a35dfcbe05ef5617 1a009fe3683c4df096bc63300d7dcabf - - default default] No more DHCP agents
2026-05-06 06:15:44.670 9 WARNING neutron.api.rpc.agentnotifiers.dhcp_rpc_agent_api [None req-16484725-8e71-4d5c-a813-5728eab2260b 8e5c766801194016a35dfcbe05ef5617 1a009fe3683c4df096bc63300d7dcabf - - default default] Unable to schedule network 21e3fa60-d1e9-4884-a1d6-fe642f71652f: no agents available; will retry on subsequent port and subnet creation events.
2026-05-06 06:15:44.830 10 INFO neutron.db.ovn_revision_numbers_db [None req-688835a5-447d-435b-98ee-a3f3c0be46b1 - - - - - -] Successfully bumped revision number for resource 90cb28e6-d526-4fb7-966a-96cffb2dc856 (type: ports) to 2
2026-05-06 06:15:44.843 9 WARNING neutron.scheduler.dhcp_agent_scheduler [None req-6feaaed2-7a6a-4a11-997e-557584453cee 051595859ffa437983ee0de25c594066 e9e5d1bbb7fd4573add326c542ff68a6 - - - -] No more DHCP agents
2026-05-06 06:15:44.848 9 WARNING neutron.api.rpc.agentnotifiers.dhcp_rpc_agent_api [None req-6feaaed2-7a6a-4a11-997e-557584453cee 051595859ffa437983ee0de25c594066 e9e5d1bbb7fd4573add326c542ff68a6 - - - -] Unable to schedule network ded51646-d641-4d3f-88ea-a00fb02cf5ae: no agents available; will retry on subsequent port and subnet creation events.
2026-05-06 06:15:44.875 9 INFO neutron.db.ovn_revision_numbers_db [None req-6feaaed2-7a6a-4a11-997e-557584453cee 051595859ffa437983ee0de25c594066 e9e5d1bbb7fd4573add326c542ff68a6 - - - -] Successfully bumped revision number for resource d41045da-1e57-4366-8561-55858db96210 (type: subnets) to 0
2026-05-06 06:15:44.895 9 INFO neutron.wsgi [None req-6feaaed2-7a6a-4a11-997e-557584453cee 051595859ffa437983ee0de25c594066 e9e5d1bbb7fd4573add326c542ff68a6 - - - -] 10.0.0.184 "POST /v2.0/subnets HTTP/1.1" status: 201 len: 830 time: 0.6817167
2026-05-06 06:15:44.961 10 WARNING neutron.scheduler.dhcp_agent_scheduler [None req-2958391d-84ce-4ae7-a83c-f14893cdece6 5dd0a15350794a31b5f56cef2d0cfda5 1629fbd6a15549c3b34d0e9362fd47a4 - - default default] No more DHCP agents
2026-05-06 06:15:44.965 10 WARNING neutron.api.rpc.agentnotifiers.dhcp_rpc_agent_api [None req-2958391d-84ce-4ae7-a83c-f14893cdece6 5dd0a15350794a31b5f56cef2d0cfda5 1629fbd6a15549c3b34d0e9362fd47a4 - - default default] Unable to schedule network 08c51ae1-2abb-4d8b-9628-ccc6de95e229: no agents available; will retry on subsequent port and subnet creation events.
