2026-05-06 06:14:15.036 9 INFO neutron.wsgi [req-b30eef8e-9f3f-44b6-965f-80113ecc7210 req-33893da8-ed03-4005-9b1e-093109d74314 ee9ae7efaa404d078a64aca1783d48eb 8f965bcbe0554c58a7b13cc5ce3287ea - - default default] 10.0.0.205 "GET /v2.0/networks?id=0824c8cd-705f-4de6-a31a-0f880060f4a2 HTTP/1.1" status: 200 len: 874 time: 0.0622449
2026-05-06 06:14:15.056 9 INFO neutron.wsgi [req-b30eef8e-9f3f-44b6-965f-80113ecc7210 req-2196381d-03c3-4ebc-a563-b6868345e948 ee9ae7efaa404d078a64aca1783d48eb 8f965bcbe0554c58a7b13cc5ce3287ea - - default default] 10.0.0.205 "GET /v2.0/quotas/8f965bcbe0554c58a7b13cc5ce3287ea HTTP/1.1" status: 200 len: 386 time: 0.0140884
2026-05-06 06:14:15.077 10 INFO neutron.wsgi [req-90d1b8cb-8837-4014-9e3d-a3cc2b3602a5 req-aee41da6-bfd9-48e8-a5e4-6fa98528ede8 cb0ce729ba3b4f2893ae1312bec266d8 033e139a5de64585a2802cabdc36a6f2 - - default default] 10.0.0.205 "GET /v2.0/ports?tenant_id=033e139a5de64585a2802cabdc36a6f2&fields=id HTTP/1.1" status: 200 len: 302 time: 0.0756214
2026-05-06 06:14:15.148 9 INFO neutron.wsgi [req-b30eef8e-9f3f-44b6-965f-80113ecc7210 req-db7b655f-2154-49ce-9911-981daf1e41e0 ee9ae7efaa404d078a64aca1783d48eb 8f965bcbe0554c58a7b13cc5ce3287ea - - default default] 10.0.0.205 "GET /v2.0/ports?tenant_id=8f965bcbe0554c58a7b13cc5ce3287ea&fields=id HTTP/1.1" status: 200 len: 302 time: 0.0843267
2026-05-06 06:14:15.155 10 INFO neutron.wsgi [req-90d1b8cb-8837-4014-9e3d-a3cc2b3602a5 req-4ab7c21d-973d-48cd-aecf-77d12a410a80 6da3f2bf77324f328b51d0a276f19dee f3e79d991d464280b0329d41bf9ea437 - - b621fce73f6d42c4a41bca51a726afc4 b621fce73f6d42c4a41bca51a726afc4] 10.0.0.205 "GET /v2.0/networks/ea379a51-de66-4cb6-9d21-2b937f023056?fields=segments HTTP/1.1" status: 200 len: 212 time: 0.0675278
2026-05-06 06:14:15.213 9 INFO neutron.wsgi [req-b30eef8e-9f3f-44b6-965f-80113ecc7210 req-67d16c5b-c67c-4099-9832-4a08bce020e9 6da3f2bf77324f328b51d0a276f19dee f3e79d991d464280b0329d41bf9ea437 - - b621fce73f6d42c4a41bca51a726afc4 b621fce73f6d42c4a41bca51a726afc4] 10.0.0.205 "GET /v2.0/networks/0824c8cd-705f-4de6-a31a-0f880060f4a2?fields=segments HTTP/1.1" status: 200 len: 212 time: 0.0543225
2026-05-06 06:14:15.227 10 INFO neutron.wsgi [req-90d1b8cb-8837-4014-9e3d-a3cc2b3602a5 req-ea35fb28-d174-4399-a523-c71aa7e5c91b 6da3f2bf77324f328b51d0a276f19dee f3e79d991d464280b0329d41bf9ea437 - - b621fce73f6d42c4a41bca51a726afc4 b621fce73f6d42c4a41bca51a726afc4] 10.0.0.205 "GET /v2.0/networks/ea379a51-de66-4cb6-9d21-2b937f023056?fields=provider%3Aphysical_network&fields=provider%3Anetwork_type HTTP/1.1" status: 200 len: 277 time: 0.0638363
2026-05-06 06:14:15.280 9 INFO neutron.wsgi [req-b30eef8e-9f3f-44b6-965f-80113ecc7210 req-5e68e641-e868-4bef-9485-3aa398f38e1a 6da3f2bf77324f328b51d0a276f19dee f3e79d991d464280b0329d41bf9ea437 - - b621fce73f6d42c4a41bca51a726afc4 b621fce73f6d42c4a41bca51a726afc4] 10.0.0.205 "GET /v2.0/networks/0824c8cd-705f-4de6-a31a-0f880060f4a2?fields=provider%3Aphysical_network&fields=provider%3Anetwork_type HTTP/1.1" status: 200 len: 277 time: 0.0590808
2026-05-06 06:14:15.358 10 INFO neutron.wsgi [req-a67d215b-79aa-4645-9618-543773c981f3 req-a052f59e-f718-46e7-9640-00c3e0b176a7 cb0ce729ba3b4f2893ae1312bec266d8 033e139a5de64585a2802cabdc36a6f2 - - default default] 10.0.0.205 "GET /v2.0/ports?device_id=4544dd33-0233-4d9d-ba8d-71cfd2799a92 HTTP/1.1" status: 200 len: 210 time: 0.0219190
2026-05-06 06:14:15.442 9 INFO neutron.wsgi [req-f254bccc-ad9a-4429-ab06-5db625bac9c9 req-64493ceb-3c4d-4547-85f0-c1fa03f2add7 ee9ae7efaa404d078a64aca1783d48eb 8f965bcbe0554c58a7b13cc5ce3287ea - - default default] 10.0.0.205 "GET /v2.0/ports?device_id=24e97b53-8c0c-4fb0-b40e-4dfd4d8c031a HTTP/1.1" status: 200 len: 210 time: 0.0235684
2026-05-06 06:14:15.481 10 INFO neutron.wsgi [req-28dabc3e-a42c-4a3e-91fa-d8820665c0d1 req-d2a8a6d1-340b-4891-a18f-6d81a0b9dd01 a675ea401eeb4ab28341b0cbb99112a5 ba1941f70c0248b291d29b0f7be436af - - default default] 10.0.0.205 "GET /v2.0/ports?device_id=bddccfdc-c005-4169-85e8-be236c20747e HTTP/1.1" status: 200 len: 1168 time: 0.0817704
2026-05-06 06:14:15.520 10 INFO neutron.wsgi [req-28dabc3e-a42c-4a3e-91fa-d8820665c0d1 req-8a5fb4e0-525c-459d-b20b-af544926b01a a675ea401eeb4ab28341b0cbb99112a5 ba1941f70c0248b291d29b0f7be436af - - default default] 10.0.0.205 "GET /v2.0/security-groups?id=da573bee-495c-4740-9af6-052ea32b4023&fields=id&fields=name HTTP/1.1" status: 200 len: 311 time: 0.0335732
2026-05-06 06:14:15.878 9 INFO neutron.wsgi [req-70d3cf48-6725-48cc-a180-532fa856e26d req-311b8217-033e-4e11-a35a-9e2278cdb352 e01d50c869a6456db263e3c92fd72034 2877192dc7fa404b82bbe4f4000c4e15 - - default default] 10.0.0.205 "GET /v2.0/ports?device_id=4315388d-a331-496c-a0aa-7e3e62e6e422 HTTP/1.1" status: 200 len: 1168 time: 0.0737014
2026-05-06 06:14:15.916 9 INFO neutron.wsgi [req-70d3cf48-6725-48cc-a180-532fa856e26d req-36f35e2e-9aa0-43f2-b74d-8b4f4d3cef7a e01d50c869a6456db263e3c92fd72034 2877192dc7fa404b82bbe4f4000c4e15 - - default default] 10.0.0.205 "GET /v2.0/security-groups?id=9fbc8d04-3986-43bb-b69b-1f9fad6bbc38&fields=id&fields=name HTTP/1.1" status: 200 len: 311 time: 0.0282168
2026-05-06 06:14:16.047 9 INFO neutron.wsgi [req-90d1b8cb-8837-4014-9e3d-a3cc2b3602a5 req-df742dee-8406-4a16-b654-71a869b94092 cb0ce729ba3b4f2893ae1312bec266d8 033e139a5de64585a2802cabdc36a6f2 - - default default] 199.204.45.57 "GET /v2.0/networks?id=ea379a51-de66-4cb6-9d21-2b937f023056 HTTP/1.1" status: 200 len: 882 time: 0.0621171
2026-05-06 06:14:16.093 9 INFO neutron.wsgi [req-90d1b8cb-8837-4014-9e3d-a3cc2b3602a5 req-1dbe3858-841a-434e-89ce-b3cf57896aaf cb0ce729ba3b4f2893ae1312bec266d8 033e139a5de64585a2802cabdc36a6f2 - - default default] 199.204.45.57 "GET /v2.0/security-groups?fields=id&fields=name&tenant_id=033e139a5de64585a2802cabdc36a6f2 HTTP/1.1" status: 200 len: 380 time: 0.0415416
2026-05-06 06:14:16.313 9 INFO neutron.wsgi [req-b30eef8e-9f3f-44b6-965f-80113ecc7210 req-f27db9f8-c452-470a-a241-2ecc2c228df2 ee9ae7efaa404d078a64aca1783d48eb 8f965bcbe0554c58a7b13cc5ce3287ea - - default default] 199.204.45.57 "GET /v2.0/networks?id=0824c8cd-705f-4de6-a31a-0f880060f4a2 HTTP/1.1" status: 200 len: 874 time: 0.0882165
2026-05-06 06:14:16.384 9 INFO neutron.wsgi [req-b30eef8e-9f3f-44b6-965f-80113ecc7210 req-7de8ce4e-5d97-4208-92a9-449e651af590 ee9ae7efaa404d078a64aca1783d48eb 8f965bcbe0554c58a7b13cc5ce3287ea - - default default] 199.204.45.57 "GET /v2.0/security-groups?fields=id&fields=name&tenant_id=8f965bcbe0554c58a7b13cc5ce3287ea HTTP/1.1" status: 200 len: 380 time: 0.0561547
2026-05-06 06:14:16.451 10 INFO neutron.wsgi [req-79a7e90a-79e7-468b-abf5-8d92326b282c req-1773168f-f986-42ac-bbfe-0b3d05fd2455 cb0ce729ba3b4f2893ae1312bec266d8 033e139a5de64585a2802cabdc36a6f2 - - default default] 10.0.0.205 "GET /v2.0/ports?device_id=4544dd33-0233-4d9d-ba8d-71cfd2799a92 HTTP/1.1" status: 200 len: 210 time: 0.0267277
2026-05-06 06:14:16.482 9 WARNING neutron.scheduler.dhcp_agent_scheduler [None req-537d6713-9c86-4c7d-954e-36084b140b93 cb0ce729ba3b4f2893ae1312bec266d8 033e139a5de64585a2802cabdc36a6f2 - - - -] No more DHCP agents
2026-05-06 06:14:16.485 9 WARNING neutron.api.rpc.agentnotifiers.dhcp_rpc_agent_api [None req-537d6713-9c86-4c7d-954e-36084b140b93 cb0ce729ba3b4f2893ae1312bec266d8 033e139a5de64585a2802cabdc36a6f2 - - - -] Unable to schedule network ea379a51-de66-4cb6-9d21-2b937f023056: no agents available; will retry on subsequent port and subnet creation events. /var/lib/openstack/lib/python3.10/site-packages/pycadf/identifier.py:71: UserWarning: Invalid uuid: neutron. To ensure interoperability, identifiers should be a valid uuid. warnings.warn(('Invalid uuid: %s. To ensure interoperability, '
2026-05-06 06:14:16.525 9 INFO neutron.wsgi [req-a84ea35c-54d1-4cce-a8e1-f9178eaec6b4 req-220512f5-bd7d-441f-8cfa-62d43ccf4b4c ee9ae7efaa404d078a64aca1783d48eb 8f965bcbe0554c58a7b13cc5ce3287ea - - default default] 10.0.0.205 "GET /v2.0/ports?device_id=24e97b53-8c0c-4fb0-b40e-4dfd4d8c031a HTTP/1.1" status: 200 len: 210 time: 0.0229499
2026-05-06 06:14:16.623 10 INFO neutron.wsgi [req-ac8ceab7-8f8c-45d7-b9a8-f367f3b9e000 req-af9d7ada-c6cf-4157-a7d1-cc938c0808fc a675ea401eeb4ab28341b0cbb99112a5 ba1941f70c0248b291d29b0f7be436af - - default default] 10.0.0.205 "GET /v2.0/ports?device_id=bddccfdc-c005-4169-85e8-be236c20747e HTTP/1.1" status: 200 len: 1168 time: 0.0382211
2026-05-06 06:14:16.665 10 INFO neutron.wsgi [req-ac8ceab7-8f8c-45d7-b9a8-f367f3b9e000 req-3537f993-f2f3-4041-ab66-0c8c5ef8e694 a675ea401eeb4ab28341b0cbb99112a5 ba1941f70c0248b291d29b0f7be436af - - default default] 10.0.0.205 "GET /v2.0/security-groups?id=da573bee-495c-4740-9af6-052ea32b4023&fields=id&fields=name HTTP/1.1" status: 200 len: 311 time: 0.0335593
2026-05-06 06:14:16.823 9 INFO neutron.db.ovn_revision_numbers_db [None req-537d6713-9c86-4c7d-954e-36084b140b93 cb0ce729ba3b4f2893ae1312bec266d8 033e139a5de64585a2802cabdc36a6f2 - - - -] Successfully bumped revision number for resource 268e23bc-ebcd-4091-98a2-4e95c40ad69d (type: ports) to 1
2026-05-06 06:14:16.870 9 INFO neutron.wsgi [None req-537d6713-9c86-4c7d-954e-36084b140b93 cb0ce729ba3b4f2893ae1312bec266d8 033e139a5de64585a2802cabdc36a6f2 - - - -] 199.204.45.57 "POST /v2.0/ports HTTP/1.1" status: 201 len: 1158 time: 0.7733762
2026-05-06 06:14:16.963 9 WARNING neutron.scheduler.dhcp_agent_scheduler [None req-f784d1a5-39aa-4f7e-b6e4-061595058e99 ee9ae7efaa404d078a64aca1783d48eb 8f965bcbe0554c58a7b13cc5ce3287ea - - - -] No more DHCP agents
2026-05-06 06:14:16.968 9 WARNING neutron.api.rpc.agentnotifiers.dhcp_rpc_agent_api [None req-f784d1a5-39aa-4f7e-b6e4-061595058e99 ee9ae7efaa404d078a64aca1783d48eb 8f965bcbe0554c58a7b13cc5ce3287ea - - - -] Unable to schedule network 0824c8cd-705f-4de6-a31a-0f880060f4a2: no agents available; will retry on subsequent port and subnet creation events. /var/lib/openstack/lib/python3.10/site-packages/pycadf/identifier.py:71: UserWarning: Invalid uuid: neutron. To ensure interoperability, identifiers should be a valid uuid. warnings.warn(('Invalid uuid: %s. To ensure interoperability, '
2026-05-06 06:14:17.041 9 INFO neutron.wsgi [req-f22919d1-41ad-40b7-a602-64ec005fd99f req-3b21c4eb-89dd-4acf-9788-06b89682d202 e01d50c869a6456db263e3c92fd72034 2877192dc7fa404b82bbe4f4000c4e15 - - default default] 10.0.0.205 "GET /v2.0/ports?device_id=4315388d-a331-496c-a0aa-7e3e62e6e422 HTTP/1.1" status: 200 len: 1168 time: 0.0646634
2026-05-06 06:14:17.107 9 INFO neutron.wsgi [req-f22919d1-41ad-40b7-a602-64ec005fd99f req-5df7cd3c-89b8-41df-84b1-39ab44b5e6ba e01d50c869a6456db263e3c92fd72034 2877192dc7fa404b82bbe4f4000c4e15 - - default default] 10.0.0.205 "GET /v2.0/security-groups?id=9fbc8d04-3986-43bb-b69b-1f9fad6bbc38&fields=id&fields=name HTTP/1.1" status: 200 len: 311 time: 0.0557723
2026-05-06 06:14:17.171 9 INFO neutron.db.ovn_revision_numbers_db [None req-f784d1a5-39aa-4f7e-b6e4-061595058e99 ee9ae7efaa404d078a64aca1783d48eb 8f965bcbe0554c58a7b13cc5ce3287ea - - - -] Successfully bumped revision number for resource c2efd94d-2a3b-44ba-bb35-41e2085781ca (type: ports) to 1
2026-05-06 06:14:17.219 9 INFO neutron.wsgi [None req-f784d1a5-39aa-4f7e-b6e4-061595058e99 ee9ae7efaa404d078a64aca1783d48eb 8f965bcbe0554c58a7b13cc5ce3287ea - - - -] 199.204.45.57 "POST /v2.0/ports HTTP/1.1" status: 201 len: 1162 time: 0.8284795 /var/lib/openstack/lib/python3.10/site-packages/pycadf/identifier.py:71: UserWarning: Invalid uuid: neutron. To ensure interoperability, identifiers should be a valid uuid. warnings.warn(('Invalid uuid: %s. To ensure interoperability, '
2026-05-06 06:14:17.348 9 INFO neutron.db.ovn_revision_numbers_db [None req-fee3f4b0-1816-44ef-844e-3629363f0004 6da3f2bf77324f328b51d0a276f19dee f3e79d991d464280b0329d41bf9ea437 - - - -] Successfully bumped revision number for resource 268e23bc-ebcd-4091-98a2-4e95c40ad69d (type: ports) to 2
2026-05-06 06:14:17.379 9 WARNING neutron.plugins.ml2.drivers.ovn.mech_driver.ovsdb.ovn_client [None req-b9bb181f-c424-4558-926b-e13d5d606e74 - - - - - -] No hosting information found for port 56115c68-3f5d-45a7-9c52-0b3cef4dcd32: RuntimeError: No hosting information found for port 56115c68-3f5d-45a7-9c52-0b3cef4dcd32
2026-05-06 06:14:17.380 9 INFO neutron.plugins.ml2.drivers.ovn.mech_driver.mech_driver [None req-b9bb181f-c424-4558-926b-e13d5d606e74 - - - - - -] OVN reports status up for port: 6a359c8d-a4d5-4221-a7ac-5487affc6aa8
2026-05-06 06:14:17.408 9 INFO neutron.plugins.ml2.plugin [None req-b9bb181f-c424-4558-926b-e13d5d606e74 - - - - - -] Attempt 1 to provision port 6a359c8d-a4d5-4221-a7ac-5487affc6aa8
2026-05-06 06:14:17.555 10 INFO neutron.wsgi [req-40bc92e7-dd0b-47b0-984f-051fe383c01e req-876e1fc3-eeac-445d-abd5-8d03d9fbf8dd cb0ce729ba3b4f2893ae1312bec266d8 033e139a5de64585a2802cabdc36a6f2 - - default default] 10.0.0.205 "GET /v2.0/ports?device_id=4544dd33-0233-4d9d-ba8d-71cfd2799a92 HTTP/1.1" status: 200 len: 1168 time: 0.0348256
2026-05-06 06:14:17.589 10 INFO neutron.wsgi [req-40bc92e7-dd0b-47b0-984f-051fe383c01e req-eefa5556-df5f-4157-900e-b03b38b1752d cb0ce729ba3b4f2893ae1312bec266d8 033e139a5de64585a2802cabdc36a6f2 - - default default] 10.0.0.205 "GET /v2.0/security-groups?id=56dac393-d751-44e6-8193-7c2c8bc5fec3&fields=id&fields=name HTTP/1.1" status: 200 len: 313 time: 0.0281482 /var/lib/openstack/lib/python3.10/site-packages/pycadf/identifier.py:71: UserWarning: Invalid uuid: neutron. To ensure interoperability, identifiers should be a valid uuid. warnings.warn(('Invalid uuid: %s. To ensure interoperability, '
2026-05-06 06:14:17.629 9 INFO neutron.notifiers.nova [-] Nova event matching ['req-ba77b9ff-2596-46aa-a9b0-1598cdd9045f'] response: {'server_uuid': 'bddccfdc-c005-4169-85e8-be236c20747e', 'name': 'network-vif-plugged', 'status': 'completed', 'tag': '6a359c8d-a4d5-4221-a7ac-5487affc6aa8', 'code': 200}
2026-05-06 06:14:17.686 9 INFO neutron.wsgi [req-716bd645-046b-4fa1-ba3d-73ecd24c29e7 req-f2905d42-4016-40d6-850f-70d746109fc1 ee9ae7efaa404d078a64aca1783d48eb 8f965bcbe0554c58a7b13cc5ce3287ea - - default default] 10.0.0.205 "GET /v2.0/ports?device_id=24e97b53-8c0c-4fb0-b40e-4dfd4d8c031a HTTP/1.1" status: 200 len: 1172 time: 0.0793874 /var/lib/openstack/lib/python3.10/site-packages/pycadf/identifier.py:71: UserWarning: Invalid uuid: neutron. To ensure interoperability, identifiers should be a valid uuid. warnings.warn(('Invalid uuid: %s. To ensure interoperability, '
2026-05-06 06:14:17.705 9 INFO neutron.db.ovn_revision_numbers_db [None req-fee3f4b0-1816-44ef-844e-3629363f0004 6da3f2bf77324f328b51d0a276f19dee f3e79d991d464280b0329d41bf9ea437 - - - -] Successfully bumped revision number for resource 268e23bc-ebcd-4091-98a2-4e95c40ad69d (type: ports) to 2
2026-05-06 06:14:17.755 9 INFO neutron.wsgi [None req-fee3f4b0-1816-44ef-844e-3629363f0004 6da3f2bf77324f328b51d0a276f19dee f3e79d991d464280b0329d41bf9ea437 - - - -] 199.204.45.57 "PUT /v2.0/ports/268e23bc-ebcd-4091-98a2-4e95c40ad69d HTTP/1.1" status: 200 len: 1328 time: 0.8735847
2026-05-06 06:14:17.764 9 INFO neutron.wsgi [req-716bd645-046b-4fa1-ba3d-73ecd24c29e7 req-68f2eaea-dfc0-4eea-821a-46e91ed5d7e7 ee9ae7efaa404d078a64aca1783d48eb 8f965bcbe0554c58a7b13cc5ce3287ea - - default default] 10.0.0.205 "GET /v2.0/security-groups?id=8530db4e-862f-4adf-8034-312c0ed43387&fields=id&fields=name HTTP/1.1" status: 200 len: 313 time: 0.0685189
2026-05-06 06:14:17.803 9 INFO neutron.db.ovn_revision_numbers_db [None req-fcd0286b-07e9-4847-b8fc-33e4e67b088d 6da3f2bf77324f328b51d0a276f19dee f3e79d991d464280b0329d41bf9ea437 - - - -] Successfully bumped revision number for resource c2efd94d-2a3b-44ba-bb35-41e2085781ca (type: ports) to 2
2026-05-06 06:14:17.812 10 INFO neutron.wsgi [req-b8e0d06a-e68a-4f74-97bc-74576f4e6b89 req-b822a48c-3f74-423f-8e0c-53bf5991fed2 a675ea401eeb4ab28341b0cbb99112a5 ba1941f70c0248b291d29b0f7be436af - - default default] 10.0.0.205 "GET /v2.0/ports?device_id=bddccfdc-c005-4169-85e8-be236c20747e HTTP/1.1" status: 200 len: 1170 time: 0.0543897
2026-05-06 06:14:17.866 10 INFO neutron.wsgi [req-b8e0d06a-e68a-4f74-97bc-74576f4e6b89 req-d057bc7d-4c33-45ae-b0ab-0e27bcf26a1f a675ea401eeb4ab28341b0cbb99112a5 ba1941f70c0248b291d29b0f7be436af - - default default] 10.0.0.205 "GET /v2.0/security-groups?id=da573bee-495c-4740-9af6-052ea32b4023&fields=id&fields=name HTTP/1.1" status: 200 len: 311 time: 0.0429757
2026-05-06 06:14:17.872 10 WARNING neutron.plugins.ml2.drivers.ovn.mech_driver.ovsdb.ovn_client [None req-2187529b-8f41-404b-b813-7b46c84006bd - - - - - -] No hosting information found for port eb67d056-9400-40ee-95f1-9af35bd9f7ce: RuntimeError: No hosting information found for port eb67d056-9400-40ee-95f1-9af35bd9f7ce
2026-05-06 06:14:17.872 10 INFO neutron.plugins.ml2.drivers.ovn.mech_driver.mech_driver [None req-2187529b-8f41-404b-b813-7b46c84006bd - - - - - -] OVN reports status up for port: 511ade49-c7d8-4c02-8024-fdb2f313d1ba
2026-05-06 06:14:17.884 10 INFO neutron.plugins.ml2.plugin [None req-2187529b-8f41-404b-b813-7b46c84006bd - - - - - -] Attempt 1 to provision port 511ade49-c7d8-4c02-8024-fdb2f313d1ba
2026-05-06 06:14:18.020 9 INFO neutron.wsgi [req-90d1b8cb-8837-4014-9e3d-a3cc2b3602a5 req-908cf84b-a7cb-4c3e-88ae-bd756db4bb61 6da3f2bf77324f328b51d0a276f19dee f3e79d991d464280b0329d41bf9ea437 - - b621fce73f6d42c4a41bca51a726afc4 b621fce73f6d42c4a41bca51a726afc4] 199.204.45.57 "GET /v2.0/ports?tenant_id=033e139a5de64585a2802cabdc36a6f2&device_id=4544dd33-0233-4d9d-ba8d-71cfd2799a92 HTTP/1.1" status: 200 len: 1359 time: 0.2290058
2026-05-06 06:14:18.063 9 INFO neutron.wsgi [req-90d1b8cb-8837-4014-9e3d-a3cc2b3602a5 req-a38deb58-3725-4eb7-ac26-7fecb7fb9989 6da3f2bf77324f328b51d0a276f19dee f3e79d991d464280b0329d41bf9ea437 - - b621fce73f6d42c4a41bca51a726afc4 b621fce73f6d42c4a41bca51a726afc4] 199.204.45.57 "GET /v2.0/floatingips?fixed_ip_address=10.100.0.4&port_id=268e23bc-ebcd-4091-98a2-4e95c40ad69d HTTP/1.1" status: 200 len: 217 time: 0.0335200
2026-05-06 06:14:18.086 9 INFO neutron.db.ovn_revision_numbers_db [None req-b9bb181f-c424-4558-926b-e13d5d606e74 - - - - - -] Successfully bumped revision number for resource 6a359c8d-a4d5-4221-a7ac-5487affc6aa8 (type: ports) to 4
2026-05-06 06:14:18.135 10 INFO neutron.db.ovn_revision_numbers_db [None req-2187529b-8f41-404b-b813-7b46c84006bd - - - - - -] Successfully bumped revision number for resource 511ade49-c7d8-4c02-8024-fdb2f313d1ba (type: ports) to 4
2026-05-06 06:14:18.162 9 INFO neutron.wsgi [req-90d1b8cb-8837-4014-9e3d-a3cc2b3602a5 req-38bba696-98e5-42b1-b255-91274c8076ed 6da3f2bf77324f328b51d0a276f19dee f3e79d991d464280b0329d41bf9ea437 - - b621fce73f6d42c4a41bca51a726afc4 b621fce73f6d42c4a41bca51a726afc4] 199.204.45.57 "GET /v2.0/subnets?id=608a3bb9-4c4b-44f6-8d2a-ed89dbfc02fc HTTP/1.1" status: 200 len: 876 time: 0.0862482 /var/lib/openstack/lib/python3.10/site-packages/pycadf/identifier.py:71: UserWarning: Invalid uuid: neutron. To ensure interoperability, identifiers should be a valid uuid. warnings.warn(('Invalid uuid: %s. To ensure interoperability, '
2026-05-06 06:14:18.209 9 INFO neutron.wsgi [req-90d1b8cb-8837-4014-9e3d-a3cc2b3602a5 req-8c4a73e7-60cd-47dc-bfcc-9db7be635156 6da3f2bf77324f328b51d0a276f19dee f3e79d991d464280b0329d41bf9ea437 - - b621fce73f6d42c4a41bca51a726afc4 b621fce73f6d42c4a41bca51a726afc4] 199.204.45.57 "GET /v2.0/ports?network_id=ea379a51-de66-4cb6-9d21-2b937f023056&device_owner=network%3Adhcp HTTP/1.1" status: 200 len: 210 time: 0.0370035
2026-05-06 06:14:18.272 9 INFO neutron.wsgi [req-379d20b8-562d-4416-a81a-7cbb1d1b8540 req-df5132ae-aa2d-408c-9bfe-8738a819801c e01d50c869a6456db263e3c92fd72034 2877192dc7fa404b82bbe4f4000c4e15 - - default default] 10.0.0.205 "GET /v2.0/ports?device_id=4315388d-a331-496c-a0aa-7e3e62e6e422 HTTP/1.1" status: 200 len: 1170 time: 0.0876732
2026-05-06 06:14:18.341 10 INFO neutron.notifiers.nova [-] Nova event matching ['req-12888359-5ff1-40fd-9000-ea5e3bce5de8'] response: {'server_uuid': '4315388d-a331-496c-a0aa-7e3e62e6e422', 'name': 'network-vif-plugged', 'status': 'completed', 'tag': '511ade49-c7d8-4c02-8024-fdb2f313d1ba', 'code': 200}
2026-05-06 06:14:18.364 9 INFO neutron.wsgi [req-90d1b8cb-8837-4014-9e3d-a3cc2b3602a5 req-29a06dfb-cc41-437d-94ad-66ccbb1c82e5 6da3f2bf77324f328b51d0a276f19dee f3e79d991d464280b0329d41bf9ea437 - - b621fce73f6d42c4a41bca51a726afc4 b621fce73f6d42c4a41bca51a726afc4] 199.204.45.57 "GET /v2.0/networks/ea379a51-de66-4cb6-9d21-2b937f023056?fields=segments HTTP/1.1" status: 200 len: 212 time: 0.1399617
2026-05-06 06:14:18.368 9 INFO neutron.wsgi [req-379d20b8-562d-4416-a81a-7cbb1d1b8540 req-ad3a6fc8-9781-4c37-b780-5ce0f18e7c99 e01d50c869a6456db263e3c92fd72034 2877192dc7fa404b82bbe4f4000c4e15 - - default default] 10.0.0.205 "GET /v2.0/security-groups?id=9fbc8d04-3986-43bb-b69b-1f9fad6bbc38&fields=id&fields=name HTTP/1.1" status: 200 len: 311 time: 0.0878701 /var/lib/openstack/lib/python3.10/site-packages/pycadf/identifier.py:71: UserWarning: Invalid uuid: neutron. To ensure interoperability, identifiers should be a valid uuid. warnings.warn(('Invalid uuid: %s. To ensure interoperability, '
2026-05-06 06:14:18.446 9 INFO neutron.db.ovn_revision_numbers_db [None req-fcd0286b-07e9-4847-b8fc-33e4e67b088d 6da3f2bf77324f328b51d0a276f19dee f3e79d991d464280b0329d41bf9ea437 - - - -] Successfully bumped revision number for resource c2efd94d-2a3b-44ba-bb35-41e2085781ca (type: ports) to 2
2026-05-06 06:14:18.448 9 INFO neutron.wsgi [req-90d1b8cb-8837-4014-9e3d-a3cc2b3602a5 req-99cab555-35f8-4046-88e1-53f2314fbca7 6da3f2bf77324f328b51d0a276f19dee f3e79d991d464280b0329d41bf9ea437 - - b621fce73f6d42c4a41bca51a726afc4 b621fce73f6d42c4a41bca51a726afc4] 199.204.45.57 "GET /v2.0/networks/ea379a51-de66-4cb6-9d21-2b937f023056?fields=provider%3Aphysical_network&fields=provider%3Anetwork_type HTTP/1.1" status: 200 len: 277 time: 0.0779092
2026-05-06 06:14:18.460 9 INFO neutron.wsgi [None req-fcd0286b-07e9-4847-b8fc-33e4e67b088d 6da3f2bf77324f328b51d0a276f19dee f3e79d991d464280b0329d41bf9ea437 - - - -] 199.204.45.57 "PUT /v2.0/ports/c2efd94d-2a3b-44ba-bb35-41e2085781ca HTTP/1.1" status: 200 len: 1332 time: 1.2316444
2026-05-06 06:14:18.532 9 INFO neutron.wsgi [req-b30eef8e-9f3f-44b6-965f-80113ecc7210 req-7852cb47-9f78-4445-b4f1-f5019c1db6e8 6da3f2bf77324f328b51d0a276f19dee f3e79d991d464280b0329d41bf9ea437 - - b621fce73f6d42c4a41bca51a726afc4 b621fce73f6d42c4a41bca51a726afc4] 199.204.45.57 "GET /v2.0/ports?tenant_id=8f965bcbe0554c58a7b13cc5ce3287ea&device_id=24e97b53-8c0c-4fb0-b40e-4dfd4d8c031a HTTP/1.1" status: 200 len: 1363 time: 0.0310078
2026-05-06 06:14:18.575 9 INFO neutron.wsgi [req-b30eef8e-9f3f-44b6-965f-80113ecc7210 req-c9c39c77-eed7-4eb5-a815-f2518352e58a 6da3f2bf77324f328b51d0a276f19dee f3e79d991d464280b0329d41bf9ea437 - - b621fce73f6d42c4a41bca51a726afc4 b621fce73f6d42c4a41bca51a726afc4] 199.204.45.57 "GET /v2.0/floatingips?fixed_ip_address=10.100.0.10&port_id=c2efd94d-2a3b-44ba-bb35-41e2085781ca HTTP/1.1" status: 200 len: 217 time: 0.0300512
2026-05-06 06:14:18.630 9 INFO neutron.wsgi [req-b30eef8e-9f3f-44b6-965f-80113ecc7210 req-2cf09462-418e-42e9-823e-e23895a2ea83 6da3f2bf77324f328b51d0a276f19dee f3e79d991d464280b0329d41bf9ea437 - - b621fce73f6d42c4a41bca51a726afc4 b621fce73f6d42c4a41bca51a726afc4] 199.204.45.57 "GET /v2.0/subnets?id=7520876d-4de2-4c0a-8b28-bd82e5d03ba7 HTTP/1.1" status: 200 len: 868 time: 0.0448444 /var/lib/openstack/lib/python3.10/site-packages/pycadf/identifier.py:71: UserWarning: Invalid uuid: neutron. To ensure interoperability, identifiers should be a valid uuid. warnings.warn(('Invalid uuid: %s. To ensure interoperability, '
2026-05-06 06:14:18.702 9 INFO neutron.plugins.ml2.drivers.ovn.mech_driver.mech_driver [None req-b9bb181f-c424-4558-926b-e13d5d606e74 - - - - - -] OVN reports status up for port: 268e23bc-ebcd-4091-98a2-4e95c40ad69d
2026-05-06 06:14:18.720 9 INFO neutron.wsgi [req-b30eef8e-9f3f-44b6-965f-80113ecc7210 req-8ac3b7b8-40df-484d-9eda-83652e242b1e 6da3f2bf77324f328b51d0a276f19dee f3e79d991d464280b0329d41bf9ea437 - - b621fce73f6d42c4a41bca51a726afc4 b621fce73f6d42c4a41bca51a726afc4] 199.204.45.57 "GET /v2.0/ports?network_id=0824c8cd-705f-4de6-a31a-0f880060f4a2&device_owner=network%3Adhcp HTTP/1.1" status: 200 len: 210 time: 0.0806739
2026-05-06 06:14:18.725 10 INFO neutron.wsgi [req-08dd2cd0-5e80-4243-b927-0fe2321d7902 req-56c17906-859a-4951-8d9d-1ad084a9548c cb0ce729ba3b4f2893ae1312bec266d8 033e139a5de64585a2802cabdc36a6f2 - - default default] 10.0.0.205 "GET /v2.0/ports?device_id=4544dd33-0233-4d9d-ba8d-71cfd2799a92 HTTP/1.1" status: 200 len: 1168 time: 0.0451832
2026-05-06 06:14:18.737 9 INFO neutron.plugins.ml2.plugin [None req-b9bb181f-c424-4558-926b-e13d5d606e74 - - - - - -] Attempt 1 to provision port 268e23bc-ebcd-4091-98a2-4e95c40ad69d
2026-05-06 06:14:18.744 9 INFO neutron.wsgi [req-b57fb8a3-8039-4749-94e9-c56892a68978 req-ae7f37a3-cc55-450d-80f2-ce6ee5f5bfd9 6da3f2bf77324f328b51d0a276f19dee f3e79d991d464280b0329d41bf9ea437 - - b621fce73f6d42c4a41bca51a726afc4 b621fce73f6d42c4a41bca51a726afc4] 199.204.45.57 "GET /v2.0/ports?device_id=bddccfdc-c005-4169-85e8-be236c20747e&fields=binding%3Ahost_id&fields=binding%3Avif_type HTTP/1.1" status: 200 len: 265 time: 0.1053221
2026-05-06 06:14:18.762 10 INFO neutron.wsgi [req-08dd2cd0-5e80-4243-b927-0fe2321d7902 req-c2c36449-5615-4e65-959f-4d72d9164a5c cb0ce729ba3b4f2893ae1312bec266d8 033e139a5de64585a2802cabdc36a6f2 - - default default] 10.0.0.205 "GET /v2.0/security-groups?id=56dac393-d751-44e6-8193-7c2c8bc5fec3&fields=id&fields=name HTTP/1.1" status: 200 len: 313 time: 0.0298526
2026-05-06 06:14:18.824 9 INFO neutron.wsgi [req-b30eef8e-9f3f-44b6-965f-80113ecc7210 req-275bb833-7a35-4be4-956e-52723babd23c 6da3f2bf77324f328b51d0a276f19dee f3e79d991d464280b0329d41bf9ea437 - - b621fce73f6d42c4a41bca51a726afc4 b621fce73f6d42c4a41bca51a726afc4] 199.204.45.57 "GET /v2.0/networks/0824c8cd-705f-4de6-a31a-0f880060f4a2?fields=segments HTTP/1.1" status: 200 len: 212 time: 0.0933352
2026-05-06 06:14:18.886 9 INFO neutron.wsgi [req-b57fb8a3-8039-4749-94e9-c56892a68978 req-d9a1d4fe-8ee4-4f59-9b53-bf59c4fafa30 6da3f2bf77324f328b51d0a276f19dee f3e79d991d464280b0329d41bf9ea437 - - b621fce73f6d42c4a41bca51a726afc4 b621fce73f6d42c4a41bca51a726afc4] 199.204.45.57 "GET /v2.0/ports?tenant_id=ba1941f70c0248b291d29b0f7be436af&device_id=bddccfdc-c005-4169-85e8-be236c20747e HTTP/1.1" status: 200 len: 1361 time: 0.0837560
2026-05-06 06:14:18.937 9 INFO neutron.wsgi [req-40f91660-6f29-44ac-a9e6-ab88a58a5c69 req-db0d548a-7e85-480c-9acc-500e467920f7 ee9ae7efaa404d078a64aca1783d48eb 8f965bcbe0554c58a7b13cc5ce3287ea - - default default] 10.0.0.205 "GET /v2.0/ports?device_id=24e97b53-8c0c-4fb0-b40e-4dfd4d8c031a HTTP/1.1" status: 200 len: 1172 time: 0.0895886
2026-05-06 06:14:18.998 10 INFO neutron.wsgi [req-7482cb9e-46fa-4437-98a4-5f45eafaba80 req-e5b3a038-5989-40d7-856d-a3f2a65f0e9a a675ea401eeb4ab28341b0cbb99112a5 ba1941f70c0248b291d29b0f7be436af - - default default] 10.0.0.205 "GET /v2.0/ports?device_id=bddccfdc-c005-4169-85e8-be236c20747e HTTP/1.1" status: 200 len: 1170 time: 0.0541234
2026-05-06 06:14:19.002 9 INFO neutron.wsgi [req-b30eef8e-9f3f-44b6-965f-80113ecc7210 req-a5da4b82-6675-4a5f-b4d4-ddc10602d0a4 6da3f2bf77324f328b51d0a276f19dee f3e79d991d464280b0329d41bf9ea437 - - b621fce73f6d42c4a41bca51a726afc4 b621fce73f6d42c4a41bca51a726afc4] 199.204.45.57 "GET /v2.0/networks/0824c8cd-705f-4de6-a31a-0f880060f4a2?fields=provider%3Aphysical_network&fields=provider%3Anetwork_type HTTP/1.1" status: 200 len: 277 time: 0.1608775
2026-05-06 06:14:19.028 9 INFO neutron.wsgi [req-40f91660-6f29-44ac-a9e6-ab88a58a5c69 req-74900c07-9c81-4ed3-b230-00c8c5dfae40 ee9ae7efaa404d078a64aca1783d48eb 8f965bcbe0554c58a7b13cc5ce3287ea - - default default] 10.0.0.205 "GET /v2.0/security-groups?id=8530db4e-862f-4adf-8034-312c0ed43387&fields=id&fields=name HTTP/1.1" status: 200 len: 313 time: 0.0796607
2026-05-06 06:14:19.031 9 INFO neutron.wsgi [req-b57fb8a3-8039-4749-94e9-c56892a68978 req-2b8c7a69-e063-4fae-8822-da09369cdf85 6da3f2bf77324f328b51d0a276f19dee f3e79d991d464280b0329d41bf9ea437 - - b621fce73f6d42c4a41bca51a726afc4 b621fce73f6d42c4a41bca51a726afc4] 199.204.45.57 "GET /v2.0/networks?id=7ff644b4-b69d-494b-93ae-717a36429275 HTTP/1.1" status: 200 len: 967 time: 0.1094849
2026-05-06 06:14:19.045 10 INFO neutron.wsgi [req-7482cb9e-46fa-4437-98a4-5f45eafaba80 req-6a97dfe2-e898-43b7-be03-695a7c13f53d a675ea401eeb4ab28341b0cbb99112a5 ba1941f70c0248b291d29b0f7be436af - - default default] 10.0.0.205 "GET /v2.0/security-groups?id=da573bee-495c-4740-9af6-052ea32b4023&fields=id&fields=name HTTP/1.1" status: 200 len: 311 time: 0.0374467
2026-05-06 06:14:19.068 9 INFO neutron.wsgi [req-b57fb8a3-8039-4749-94e9-c56892a68978 req-62f27cae-3459-4d66-b9c0-11ade937b085 6da3f2bf77324f328b51d0a276f19dee f3e79d991d464280b0329d41bf9ea437 - - b621fce73f6d42c4a41bca51a726afc4 b621fce73f6d42c4a41bca51a726afc4] 199.204.45.57 "GET /v2.0/floatingips?fixed_ip_address=10.100.0.3&port_id=6a359c8d-a4d5-4221-a7ac-5487affc6aa8 HTTP/1.1" status: 200 len: 217 time: 0.0281098
2026-05-06 06:14:19.132 9 INFO neutron.wsgi [req-b57fb8a3-8039-4749-94e9-c56892a68978 req-ac36b2f9-cc0f-4ad7-9509-41abbf96b24e 6da3f2bf77324f328b51d0a276f19dee f3e79d991d464280b0329d41bf9ea437 - - b621fce73f6d42c4a41bca51a726afc4 b621fce73f6d42c4a41bca51a726afc4] 199.204.45.57 "GET /v2.0/subnets?id=0a810bde-2c96-40f9-8f88-784dcde41fd6 HTTP/1.1" status: 200 len: 862 time: 0.0433681
2026-05-06 06:14:19.175 9 INFO neutron.wsgi [req-b57fb8a3-8039-4749-94e9-c56892a68978 req-bfa680e6-6fe0-4c6d-8ee6-3f685940826a 6da3f2bf77324f328b51d0a276f19dee f3e79d991d464280b0329d41bf9ea437 - - b621fce73f6d42c4a41bca51a726afc4 b621fce73f6d42c4a41bca51a726afc4] 199.204.45.57 "GET /v2.0/ports?network_id=7ff644b4-b69d-494b-93ae-717a36429275&device_owner=network%3Adhcp HTTP/1.1" status: 200 len: 210 time: 0.0336347
2026-05-06 06:14:19.227 9 INFO neutron.db.ovn_revision_numbers_db [None req-b9bb181f-c424-4558-926b-e13d5d606e74 - - - - - -] Successfully bumped revision number for resource 268e23bc-ebcd-4091-98a2-4e95c40ad69d (type: ports) to 4
2026-05-06 06:14:19.297 9 INFO neutron.wsgi [req-c230440a-0f2e-4856-91d3-b4aa4776e436 req-3bdb3ea1-d9c1-4d53-af00-7825b1ef2b89 a675ea401eeb4ab28341b0cbb99112a5 ba1941f70c0248b291d29b0f7be436af - - default default] 10.0.0.205 "GET /v2.0/ports?device_id=bddccfdc-c005-4169-85e8-be236c20747e HTTP/1.1" status: 200 len: 1170 time: 0.1604552
2026-05-06 06:14:19.322 9 INFO neutron.plugins.ml2.drivers.ovn.mech_driver.mech_driver [None req-b9bb181f-c424-4558-926b-e13d5d606e74 - - - - - -] OVN reports status up for port: c2efd94d-2a3b-44ba-bb35-41e2085781ca
2026-05-06 06:14:19.327 9 INFO neutron.wsgi [req-b57fb8a3-8039-4749-94e9-c56892a68978 req-42188a36-34ff-49db-8a6c-93c02cf973d4 6da3f2bf77324f328b51d0a276f19dee f3e79d991d464280b0329d41bf9ea437 - - b621fce73f6d42c4a41bca51a726afc4 b621fce73f6d42c4a41bca51a726afc4] 199.204.45.57 "GET /v2.0/networks/7ff644b4-b69d-494b-93ae-717a36429275?fields=segments HTTP/1.1" status: 200 len: 212 time: 0.1371076 /var/lib/openstack/lib/python3.10/site-packages/pycadf/identifier.py:71: UserWarning: Invalid uuid: neutron. To ensure interoperability, identifiers should be a valid uuid. warnings.warn(('Invalid uuid: %s. To ensure interoperability, '
2026-05-06 06:14:19.343 9 INFO neutron.plugins.ml2.plugin [None req-b9bb181f-c424-4558-926b-e13d5d606e74 - - - - - -] Attempt 1 to provision port c2efd94d-2a3b-44ba-bb35-41e2085781ca
2026-05-06 06:14:19.400 9 INFO neutron.wsgi [req-b57fb8a3-8039-4749-94e9-c56892a68978 req-512d7381-d77f-461b-a96b-90fda0af31e8 6da3f2bf77324f328b51d0a276f19dee f3e79d991d464280b0329d41bf9ea437 - - b621fce73f6d42c4a41bca51a726afc4 b621fce73f6d42c4a41bca51a726afc4] 199.204.45.57 "GET /v2.0/networks/7ff644b4-b69d-494b-93ae-717a36429275?fields=provider%3Aphysical_network&fields=provider%3Anetwork_type HTTP/1.1" status: 200 len: 277 time: 0.0669956
2026-05-06 06:14:19.644 9 INFO neutron.db.ovn_revision_numbers_db [None req-b9bb181f-c424-4558-926b-e13d5d606e74 - - - - - -] Successfully bumped revision number for resource c2efd94d-2a3b-44ba-bb35-41e2085781ca (type: ports) to 4
2026-05-06 06:14:19.674 10 INFO neutron.wsgi [req-7e68f347-3ded-4cc6-b1de-daa5409a5e85 req-6edb9d2a-402f-4fb3-897e-17ac84f5bc89 e01d50c869a6456db263e3c92fd72034 2877192dc7fa404b82bbe4f4000c4e15 - - default default] 10.0.0.205 "GET /v2.0/ports?device_id=4315388d-a331-496c-a0aa-7e3e62e6e422 HTTP/1.1" status: 200 len: 1170 time: 0.2151048
2026-05-06 06:14:19.856 9 INFO neutron.notifiers.nova [-] Nova event matching ['req-acc1cdf3-a213-4905-9930-4573da102381'] response: {'name': 'network-changed', 'server_uuid': '4544dd33-0233-4d9d-ba8d-71cfd2799a92', 'tag': '268e23bc-ebcd-4091-98a2-4e95c40ad69d', 'status': 'completed', 'code': 200}
2026-05-06 06:14:19.856 9 INFO neutron.notifiers.nova [-] Nova event matching ['req-acc1cdf3-a213-4905-9930-4573da102381'] response: {'server_uuid': 'bddccfdc-c005-4169-85e8-be236c20747e', 'name': 'network-vif-plugged', 'status': 'completed', 'tag': '6a359c8d-a4d5-4221-a7ac-5487affc6aa8', 'code': 200}
2026-05-06 06:14:19.856 9 INFO neutron.notifiers.nova [-] Nova event matching ['req-acc1cdf3-a213-4905-9930-4573da102381'] response: {'name': 'network-changed', 'server_uuid': '24e97b53-8c0c-4fb0-b40e-4dfd4d8c031a', 'tag': 'c2efd94d-2a3b-44ba-bb35-41e2085781ca', 'status': 'completed', 'code': 200}
2026-05-06 06:14:19.856 9 INFO neutron.notifiers.nova [-] Nova event matching ['req-acc1cdf3-a213-4905-9930-4573da102381'] response: {'server_uuid': '4544dd33-0233-4d9d-ba8d-71cfd2799a92', 'name': 'network-vif-plugged', 'status': 'completed', 'tag': '268e23bc-ebcd-4091-98a2-4e95c40ad69d', 'code': 200}
2026-05-06 06:14:19.856 9 INFO neutron.notifiers.nova [-] Nova event matching ['req-acc1cdf3-a213-4905-9930-4573da102381'] response: {'server_uuid': '4544dd33-0233-4d9d-ba8d-71cfd2799a92', 'name': 'network-vif-plugged', 'status': 'completed', 'tag': '268e23bc-ebcd-4091-98a2-4e95c40ad69d', 'code': 200}
2026-05-06 06:14:19.857 9 INFO neutron.notifiers.nova [-] Nova event matching ['req-acc1cdf3-a213-4905-9930-4573da102381'] response: {'server_uuid': '24e97b53-8c0c-4fb0-b40e-4dfd4d8c031a', 'name': 'network-vif-plugged', 'status': 'completed', 'tag': 'c2efd94d-2a3b-44ba-bb35-41e2085781ca', 'code': 200}
2026-05-06 06:14:19.885 10 INFO neutron.db.l3_db [None req-23b9d898-ada9-4d13-8577-50b24381280e a675ea401eeb4ab28341b0cbb99112a5 ba1941f70c0248b291d29b0f7be436af - - - -] Floating IP 92210ed6-bcc1-4ce5-a204-67ded9f9e191 associated. External IP: 10.96.250.212, port: 6a359c8d-a4d5-4221-a7ac-5487affc6aa8.
2026-05-06 06:14:19.905 10 INFO neutron.wsgi [req-7e68f347-3ded-4cc6-b1de-daa5409a5e85 req-68eae659-2ade-4f23-806c-07a74dea3eda e01d50c869a6456db263e3c92fd72034 2877192dc7fa404b82bbe4f4000c4e15 - - default default] 10.0.0.205 "GET /v2.0/security-groups?id=9fbc8d04-3986-43bb-b69b-1f9fad6bbc38&fields=id&fields=name HTTP/1.1" status: 200 len: 311 time: 0.2094171
2026-05-06 06:14:19.927 9 INFO neutron.wsgi [req-40021e5d-eb30-44c9-aed5-ad530cc7efd0 req-6cb6ca68-f642-4775-9e28-d768cf6155e8 6da3f2bf77324f328b51d0a276f19dee f3e79d991d464280b0329d41bf9ea437 - - b621fce73f6d42c4a41bca51a726afc4 b621fce73f6d42c4a41bca51a726afc4] 199.204.45.57 "GET /v2.0/ports?tenant_id=033e139a5de64585a2802cabdc36a6f2&device_id=4544dd33-0233-4d9d-ba8d-71cfd2799a92 HTTP/1.1" status: 200 len: 1361 time: 0.0687304 /var/lib/openstack/lib/python3.10/site-packages/pycadf/identifier.py:71: UserWarning: Invalid uuid: neutron. To ensure interoperability, identifiers should be a valid uuid. warnings.warn(('Invalid uuid: %s. To ensure interoperability, '
2026-05-06 06:14:19.982 9 INFO neutron.wsgi [req-611551cd-6fce-4150-80f8-010fd75df8f6 req-786e05c3-9099-49d4-823b-3cc333742bcc cb0ce729ba3b4f2893ae1312bec266d8 033e139a5de64585a2802cabdc36a6f2 - - default default] 10.0.0.205 "GET /v2.0/ports?device_id=4544dd33-0233-4d9d-ba8d-71cfd2799a92 HTTP/1.1" status: 200 len: 1170 time: 0.1233623
2026-05-06 06:14:20.005 9 INFO neutron.wsgi [req-40021e5d-eb30-44c9-aed5-ad530cc7efd0 req-7f8847a0-414c-4a46-8ed8-a7cbbd60beb4 6da3f2bf77324f328b51d0a276f19dee f3e79d991d464280b0329d41bf9ea437 - - b621fce73f6d42c4a41bca51a726afc4 b621fce73f6d42c4a41bca51a726afc4] 199.204.45.57 "GET /v2.0/networks?id=ea379a51-de66-4cb6-9d21-2b937f023056 HTTP/1.1" status: 200 len: 981 time: 0.0713425
2026-05-06 06:14:20.035 9 INFO neutron.wsgi [req-40021e5d-eb30-44c9-aed5-ad530cc7efd0 req-4f563e6e-5a8b-4b95-9bf0-a819ae92b46c 6da3f2bf77324f328b51d0a276f19dee f3e79d991d464280b0329d41bf9ea437 - - b621fce73f6d42c4a41bca51a726afc4 b621fce73f6d42c4a41bca51a726afc4] 199.204.45.57 "GET /v2.0/floatingips?fixed_ip_address=10.100.0.4&port_id=268e23bc-ebcd-4091-98a2-4e95c40ad69d HTTP/1.1" status: 200 len: 217 time: 0.0244477
2026-05-06 06:14:20.037 10 INFO neutron.wsgi [req-6283f82a-a03c-4069-a02a-31717e983c8c req-f3f8e66b-a3cc-48c1-bd82-9c08176d3800 e01d50c869a6456db263e3c92fd72034 2877192dc7fa404b82bbe4f4000c4e15 - - default default] 10.0.0.205 "GET /v2.0/ports?device_id=4315388d-a331-496c-a0aa-7e3e62e6e422 HTTP/1.1" status: 200 len: 1170 time: 0.0305960
2026-05-06 06:14:20.042 9 INFO neutron.wsgi [req-611551cd-6fce-4150-80f8-010fd75df8f6 req-bf1d0487-ad2a-4fd9-90f7-d0f3c2670dd1 cb0ce729ba3b4f2893ae1312bec266d8 033e139a5de64585a2802cabdc36a6f2 - - default default] 10.0.0.205 "GET /v2.0/security-groups?id=56dac393-d751-44e6-8193-7c2c8bc5fec3&fields=id&fields=name HTTP/1.1" status: 200 len: 313 time: 0.0536010
2026-05-06 06:14:20.081 10 INFO neutron.db.ovn_revision_numbers_db [None req-23b9d898-ada9-4d13-8577-50b24381280e a675ea401eeb4ab28341b0cbb99112a5 ba1941f70c0248b291d29b0f7be436af - - - -] Successfully bumped revision number for resource 92210ed6-bcc1-4ce5-a204-67ded9f9e191 (type: floatingips) to 1
2026-05-06 06:14:20.147 9 INFO neutron.wsgi [req-40021e5d-eb30-44c9-aed5-ad530cc7efd0 req-6bd2ceff-8e7b-4042-bfc6-9fb7f565fc4b 6da3f2bf77324f328b51d0a276f19dee f3e79d991d464280b0329d41bf9ea437 - - b621fce73f6d42c4a41bca51a726afc4 b621fce73f6d42c4a41bca51a726afc4] 199.204.45.57 "GET /v2.0/subnets?id=608a3bb9-4c4b-44f6-8d2a-ed89dbfc02fc HTTP/1.1" status: 200 len: 876 time: 0.1045899 /var/lib/openstack/lib/python3.10/site-packages/pycadf/identifier.py:71: UserWarning: Invalid uuid: neutron. To ensure interoperability, identifiers should be a valid uuid. warnings.warn(('Invalid uuid: %s. To ensure interoperability, '
2026-05-06 06:14:20.200 10 INFO neutron.db.ovn_revision_numbers_db [None req-23b9d898-ada9-4d13-8577-50b24381280e a675ea401eeb4ab28341b0cbb99112a5 ba1941f70c0248b291d29b0f7be436af - - - -] Successfully bumped revision number for resource 92210ed6-bcc1-4ce5-a204-67ded9f9e191 (type: floatingips) to 2
2026-05-06 06:14:20.214 9 INFO neutron.wsgi [req-40021e5d-eb30-44c9-aed5-ad530cc7efd0 req-5d7c6604-d23a-4751-a8b6-3974f4f35f5a 6da3f2bf77324f328b51d0a276f19dee f3e79d991d464280b0329d41bf9ea437 - - b621fce73f6d42c4a41bca51a726afc4 b621fce73f6d42c4a41bca51a726afc4] 199.204.45.57 "GET /v2.0/ports?network_id=ea379a51-de66-4cb6-9d21-2b937f023056&device_owner=network%3Adhcp HTTP/1.1" status: 200 len: 210 time: 0.0255945
2026-05-06 06:14:20.226 10 INFO neutron.wsgi [None req-23b9d898-ada9-4d13-8577-50b24381280e a675ea401eeb4ab28341b0cbb99112a5 ba1941f70c0248b291d29b0f7be436af - - - -] 10.0.0.184 "PUT /v2.0/floatingips/92210ed6-bcc1-4ce5-a204-67ded9f9e191 HTTP/1.1" status: 200 len: 1049 time: 0.9174817
2026-05-06 06:14:20.233 10 INFO neutron.wsgi [req-34e9e524-0169-42a7-aeb2-44ba82b3a862 req-99dd3492-e212-4634-87eb-ae249373becf ee9ae7efaa404d078a64aca1783d48eb 8f965bcbe0554c58a7b13cc5ce3287ea - - default default] 10.0.0.205 "GET /v2.0/ports?device_id=24e97b53-8c0c-4fb0-b40e-4dfd4d8c031a HTTP/1.1" status: 200 len: 1174 time: 0.1083124
2026-05-06 06:14:20.276 10 INFO neutron.wsgi [req-34e9e524-0169-42a7-aeb2-44ba82b3a862 req-bd35bd82-4147-4fc6-9d41-f14240fa00db ee9ae7efaa404d078a64aca1783d48eb 8f965bcbe0554c58a7b13cc5ce3287ea - - default default] 10.0.0.205 "GET /v2.0/security-groups?id=8530db4e-862f-4adf-8034-312c0ed43387&fields=id&fields=name HTTP/1.1" status: 200 len: 313 time: 0.0345817
2026-05-06 06:14:20.314 9 INFO neutron.wsgi [req-40021e5d-eb30-44c9-aed5-ad530cc7efd0 req-2efda8b8-167b-4de6-aa46-47689903c032 6da3f2bf77324f328b51d0a276f19dee f3e79d991d464280b0329d41bf9ea437 - - b621fce73f6d42c4a41bca51a726afc4 b621fce73f6d42c4a41bca51a726afc4] 199.204.45.57 "GET /v2.0/networks/ea379a51-de66-4cb6-9d21-2b937f023056?fields=segments HTTP/1.1" status: 200 len: 212 time: 0.0919535
2026-05-06 06:14:20.321 9 INFO neutron.wsgi [req-0acd775b-8cc1-4c28-ae35-f8cdba2986fa req-f49c41e5-c2d5-4528-a680-a4d0d327b70a a675ea401eeb4ab28341b0cbb99112a5 ba1941f70c0248b291d29b0f7be436af - - default default] 10.0.0.205 "GET /v2.0/ports?device_id=bddccfdc-c005-4169-85e8-be236c20747e HTTP/1.1" status: 200 len: 1170 time: 0.0494733
2026-05-06 06:14:20.386 10 INFO neutron.notifiers.nova [-] Nova event matching ['req-14011c29-d969-4a36-a8f0-e9d5d785f228'] response: {'server_uuid': '4315388d-a331-496c-a0aa-7e3e62e6e422', 'name': 'network-vif-plugged', 'status': 'completed', 'tag': '511ade49-c7d8-4c02-8024-fdb2f313d1ba', 'code': 200}
2026-05-06 06:14:20.387 10 INFO neutron.notifiers.nova [-] Nova event matching ['req-14011c29-d969-4a36-a8f0-e9d5d785f228'] response: {'name': 'network-changed', 'server_uuid': 'bddccfdc-c005-4169-85e8-be236c20747e', 'tag': '6a359c8d-a4d5-4221-a7ac-5487affc6aa8', 'status': 'completed', 'code': 200}
2026-05-06 06:14:20.447 9 INFO neutron.wsgi [req-0acd775b-8cc1-4c28-ae35-f8cdba2986fa req-38a31633-a71c-4f66-a9ec-b1d0c3751ace a675ea401eeb4ab28341b0cbb99112a5 ba1941f70c0248b291d29b0f7be436af - - default default] 10.0.0.205 "GET /v2.0/security-groups?id=da573bee-495c-4740-9af6-052ea32b4023&fields=id&fields=name HTTP/1.1" status: 200 len: 311 time: 0.1125367
2026-05-06 06:14:20.495 9 INFO neutron.wsgi [req-b391c1b1-cefb-4684-977c-e890743c99b2 req-cb3e63ed-096e-4d39-a72b-55f79f48c6d0 6da3f2bf77324f328b51d0a276f19dee f3e79d991d464280b0329d41bf9ea437 - - b621fce73f6d42c4a41bca51a726afc4 b621fce73f6d42c4a41bca51a726afc4] 199.204.45.57 "GET /v2.0/ports?tenant_id=ba1941f70c0248b291d29b0f7be436af&device_id=bddccfdc-c005-4169-85e8-be236c20747e HTTP/1.1" status: 200 len: 1361 time: 0.0829763
2026-05-06 06:14:20.499 9 INFO neutron.wsgi [req-40021e5d-eb30-44c9-aed5-ad530cc7efd0 req-269cd850-d2a9-43d9-8e3b-7ec8e5dfa407 6da3f2bf77324f328b51d0a276f19dee f3e79d991d464280b0329d41bf9ea437 - - b621fce73f6d42c4a41bca51a726afc4 b621fce73f6d42c4a41bca51a726afc4] 199.204.45.57 "GET /v2.0/networks/ea379a51-de66-4cb6-9d21-2b937f023056?fields=provider%3Aphysical_network&fields=provider%3Anetwork_type HTTP/1.1" status: 200 len: 277 time: 0.1774557
2026-05-06 06:14:20.572 9 INFO neutron.db.l3_db [None req-5f6ddbab-4604-411b-99f4-26611e7bb3ec e01d50c869a6456db263e3c92fd72034 2877192dc7fa404b82bbe4f4000c4e15 - - - -] Floating IP 40d30a57-d810-4a00-a2ed-7e734076378d associated. External IP: 10.96.250.219, port: 511ade49-c7d8-4c02-8024-fdb2f313d1ba.
2026-05-06 06:14:20.800 9 INFO neutron.wsgi [req-40021e5d-eb30-44c9-aed5-ad530cc7efd0 req-7488b922-6894-47a5-b020-7b714f55f82a 6da3f2bf77324f328b51d0a276f19dee f3e79d991d464280b0329d41bf9ea437 - - b621fce73f6d42c4a41bca51a726afc4 b621fce73f6d42c4a41bca51a726afc4] 199.204.45.57 "GET /v2.0/ports?tenant_id=8f965bcbe0554c58a7b13cc5ce3287ea&device_id=24e97b53-8c0c-4fb0-b40e-4dfd4d8c031a HTTP/1.1" status: 200 len: 1365 time: 0.2577813
2026-05-06 06:14:20.812 9 INFO neutron.plugins.ml2.drivers.ovn.mech_driver.mech_driver [None req-b9bb181f-c424-4558-926b-e13d5d606e74 - - - - - -] OVN reports status down for port: 6a359c8d-a4d5-4221-a7ac-5487affc6aa8
2026-05-06 06:14:20.819 9 INFO neutron.wsgi [req-b391c1b1-cefb-4684-977c-e890743c99b2 req-198c9e45-9d91-4904-9229-68259e686029 6da3f2bf77324f328b51d0a276f19dee f3e79d991d464280b0329d41bf9ea437 - - b621fce73f6d42c4a41bca51a726afc4 b621fce73f6d42c4a41bca51a726afc4] 199.204.45.57 "GET /v2.0/networks?id=7ff644b4-b69d-494b-93ae-717a36429275 HTTP/1.1" status: 200 len: 967 time: 0.3161523
2026-05-06 06:14:20.884 10 INFO neutron.wsgi [req-a6e003b5-a632-41cb-a9e6-3eb4f0ff3173 req-acf08ff4-52dc-4028-af2a-113115fa64f4 a675ea401eeb4ab28341b0cbb99112a5 ba1941f70c0248b291d29b0f7be436af - - default default] 10.0.0.205 "GET /v2.0/ports?device_id=bddccfdc-c005-4169-85e8-be236c20747e HTTP/1.1" status: 200 len: 1170 time: 0.0844107
2026-05-06 06:14:20.912 9 INFO neutron.wsgi [req-b391c1b1-cefb-4684-977c-e890743c99b2 req-bbb8615c-3220-48d5-866f-9364790059ac 6da3f2bf77324f328b51d0a276f19dee f3e79d991d464280b0329d41bf9ea437 - - b621fce73f6d42c4a41bca51a726afc4 b621fce73f6d42c4a41bca51a726afc4] 199.204.45.57 "GET /v2.0/floatingips?fixed_ip_address=10.100.0.3&port_id=6a359c8d-a4d5-4221-a7ac-5487affc6aa8 HTTP/1.1" status: 200 len: 1059 time: 0.0808160
2026-05-06 06:14:20.951 9 INFO neutron.wsgi [req-40021e5d-eb30-44c9-aed5-ad530cc7efd0 req-9fe7f338-3646-4e77-8e69-06e5df473f35 6da3f2bf77324f328b51d0a276f19dee f3e79d991d464280b0329d41bf9ea437 - - b621fce73f6d42c4a41bca51a726afc4 b621fce73f6d42c4a41bca51a726afc4] 199.204.45.57 "GET /v2.0/networks?id=0824c8cd-705f-4de6-a31a-0f880060f4a2 HTTP/1.1" status: 200 len: 973 time: 0.1372845
2026-05-06 06:14:20.975 10 INFO neutron.wsgi [req-a6e003b5-a632-41cb-a9e6-3eb4f0ff3173 req-50482aad-094a-4ab4-bc86-6fd0c81c852a a675ea401eeb4ab28341b0cbb99112a5 ba1941f70c0248b291d29b0f7be436af - - default default] 10.0.0.205 "GET /v2.0/security-groups?id=da573bee-495c-4740-9af6-052ea32b4023&fields=id&fields=name HTTP/1.1" status: 200 len: 311 time: 0.0851839
2026-05-06 06:14:21.011 9 INFO neutron.wsgi [req-40021e5d-eb30-44c9-aed5-ad530cc7efd0 req-dd0a4283-5548-4da9-9408-f53c868b59e7 6da3f2bf77324f328b51d0a276f19dee f3e79d991d464280b0329d41bf9ea437 - - b621fce73f6d42c4a41bca51a726afc4 b621fce73f6d42c4a41bca51a726afc4] 199.204.45.57 "GET /v2.0/floatingips?fixed_ip_address=10.100.0.10&port_id=c2efd94d-2a3b-44ba-bb35-41e2085781ca HTTP/1.1" status: 200 len: 217 time: 0.0391440
2026-05-06 06:14:21.026 9 INFO neutron.wsgi [req-b391c1b1-cefb-4684-977c-e890743c99b2 req-91d1803c-6cb7-4781-bde5-531598d50620 6da3f2bf77324f328b51d0a276f19dee f3e79d991d464280b0329d41bf9ea437 - - b621fce73f6d42c4a41bca51a726afc4 b621fce73f6d42c4a41bca51a726afc4] 199.204.45.57 "GET /v2.0/subnets?id=0a810bde-2c96-40f9-8f88-784dcde41fd6 HTTP/1.1" status: 200 len: 862 time: 0.0973361
2026-05-06 06:14:21.072 9 INFO neutron.wsgi [req-b391c1b1-cefb-4684-977c-e890743c99b2 req-034d04fd-df4c-408e-9f0b-8a3b54313e82 6da3f2bf77324f328b51d0a276f19dee f3e79d991d464280b0329d41bf9ea437 - - b621fce73f6d42c4a41bca51a726afc4 b621fce73f6d42c4a41bca51a726afc4] 199.204.45.57 "GET /v2.0/ports?network_id=7ff644b4-b69d-494b-93ae-717a36429275&device_owner=network%3Adhcp HTTP/1.1" status: 200 len: 210 time: 0.0364828
2026-05-06 06:14:21.083 9 INFO neutron.wsgi [req-40021e5d-eb30-44c9-aed5-ad530cc7efd0 req-2ee6f8d7-8321-4803-99cb-e06a2eee1e15 6da3f2bf77324f328b51d0a276f19dee f3e79d991d464280b0329d41bf9ea437 - - b621fce73f6d42c4a41bca51a726afc4 b621fce73f6d42c4a41bca51a726afc4] 199.204.45.57 "GET /v2.0/subnets?id=7520876d-4de2-4c0a-8b28-bd82e5d03ba7 HTTP/1.1" status: 200 len: 868 time: 0.0665624
2026-05-06 06:14:21.126 9 INFO neutron.wsgi [req-40021e5d-eb30-44c9-aed5-ad530cc7efd0 req-44a949a1-862e-4349-88a7-515fac38e0ee 6da3f2bf77324f328b51d0a276f19dee f3e79d991d464280b0329d41bf9ea437 - - b621fce73f6d42c4a41bca51a726afc4 b621fce73f6d42c4a41bca51a726afc4] 199.204.45.57 "GET /v2.0/ports?network_id=0824c8cd-705f-4de6-a31a-0f880060f4a2&device_owner=network%3Adhcp HTTP/1.1" status: 200 len: 210 time: 0.0349383
2026-05-06 06:14:21.165 10 INFO neutron.wsgi [req-398d0f28-a5de-4d0a-a210-acfd2aaace2b req-bd9c601c-b3f1-47db-beb7-398a4b891863 a675ea401eeb4ab28341b0cbb99112a5 ba1941f70c0248b291d29b0f7be436af - - default default] 199.204.45.57 "GET /v2.0/ports?device_id=bddccfdc-c005-4169-85e8-be236c20747e HTTP/1.1" status: 200 len: 1168 time: 0.0388360
2026-05-06 06:14:21.173 9 INFO neutron.db.ovn_revision_numbers_db [None req-5f6ddbab-4604-411b-99f4-26611e7bb3ec e01d50c869a6456db263e3c92fd72034 2877192dc7fa404b82bbe4f4000c4e15 - - - -] Successfully bumped revision number for resource 40d30a57-d810-4a00-a2ed-7e734076378d (type: floatingips) to 1
2026-05-06 06:14:21.230 9 INFO neutron.wsgi [req-ca0dcc23-bd9a-4418-ab21-4d8f1d297b23 req-80f6cc95-9f81-4298-b352-ec9a0c8050f2 cb0ce729ba3b4f2893ae1312bec266d8 033e139a5de64585a2802cabdc36a6f2 - - default default] 10.0.0.205 "GET /v2.0/ports?device_id=4544dd33-0233-4d9d-ba8d-71cfd2799a92 HTTP/1.1" status: 200 len: 1170 time: 0.1083333
2026-05-06 06:14:21.279 9 INFO neutron.wsgi [req-b391c1b1-cefb-4684-977c-e890743c99b2 req-eb2fbb7b-5123-4971-9cc3-6558f336f93c 6da3f2bf77324f328b51d0a276f19dee f3e79d991d464280b0329d41bf9ea437 - - b621fce73f6d42c4a41bca51a726afc4 b621fce73f6d42c4a41bca51a726afc4] 199.204.45.57 "GET /v2.0/networks/7ff644b4-b69d-494b-93ae-717a36429275?fields=segments HTTP/1.1" status: 200 len: 212 time: 0.2002978
2026-05-06 06:14:21.308 9 INFO neutron.wsgi [req-40021e5d-eb30-44c9-aed5-ad530cc7efd0 req-6b7c5f40-95b2-41fe-949d-2892b15d51fb 6da3f2bf77324f328b51d0a276f19dee f3e79d991d464280b0329d41bf9ea437 - - b621fce73f6d42c4a41bca51a726afc4 b621fce73f6d42c4a41bca51a726afc4] 199.204.45.57 "GET /v2.0/networks/0824c8cd-705f-4de6-a31a-0f880060f4a2?fields=segments HTTP/1.1" status: 200 len: 212 time: 0.1707044
2026-05-06 06:14:21.346 9 INFO neutron.wsgi [req-ca0dcc23-bd9a-4418-ab21-4d8f1d297b23 req-6dc8b0e6-b739-4263-9c99-0aeae17a4c15 cb0ce729ba3b4f2893ae1312bec266d8 033e139a5de64585a2802cabdc36a6f2 - - default default] 10.0.0.205 "GET /v2.0/security-groups?id=56dac393-d751-44e6-8193-7c2c8bc5fec3&fields=id&fields=name HTTP/1.1" status: 200 len: 313 time: 0.0975690
2026-05-06 06:14:21.406 9 INFO neutron.db.ovn_revision_numbers_db [None req-5f6ddbab-4604-411b-99f4-26611e7bb3ec e01d50c869a6456db263e3c92fd72034 2877192dc7fa404b82bbe4f4000c4e15 - - - -] Successfully bumped revision number for resource 40d30a57-d810-4a00-a2ed-7e734076378d (type: floatingips) to 2
