2026-05-06 06:17:29.737 9 INFO neutron.wsgi [req-8163d997-9132-4c88-8b57-b15e559bdc27 req-ae4f400b-e754-49f8-89d6-c48b54ae4ea1 26d5c0d072e546258afcd2d53f04aa59 3256cd77fb314a2194a1ec1d1be9fa0b - - default default] 199.204.45.57 "GET /v2.0/security-groups?fields=id&fields=name&tenant_id=3256cd77fb314a2194a1ec1d1be9fa0b HTTP/1.1" status: 200 len: 472 time: 0.0710413
2026-05-06 06:17:29.800 9 INFO neutron.wsgi [req-272d9d58-9c41-488c-a827-04932bfe21b5 req-713cbcc5-4ab7-4d6c-8ec4-c93894c8f737 8e5c766801194016a35dfcbe05ef5617 1a009fe3683c4df096bc63300d7dcabf - - default default] 10.0.0.205 "GET /v2.0/ports?device_id=02137f5c-8bca-419f-834c-bb45f058552f HTTP/1.1" status: 200 len: 1369 time: 0.0446873
2026-05-06 06:17:29.857 9 INFO neutron.wsgi [req-272d9d58-9c41-488c-a827-04932bfe21b5 req-206ef11c-0e5b-4a8e-bcb3-c2dc2bf0de39 8e5c766801194016a35dfcbe05ef5617 1a009fe3683c4df096bc63300d7dcabf - - default default] 10.0.0.205 "GET /v2.0/security-groups?id=20d01181-e897-45d4-bb64-fbcf416dfba7&fields=id&fields=name HTTP/1.1" status: 200 len: 294 time: 0.0496547
2026-05-06 06:17:29.947 9 INFO neutron.wsgi [req-64be64ae-3348-4020-8378-f42d047470fe req-fce8cb7c-5890-4995-8d3b-fbea4ecb2fd8 26d5c0d072e546258afcd2d53f04aa59 3256cd77fb314a2194a1ec1d1be9fa0b - - default default] 10.0.0.205 "GET /v2.0/ports?device_id=343b7b38-0f6e-4fd3-8c25-ea79484dd3fc HTTP/1.1" status: 200 len: 210 time: 0.0279598
2026-05-06 06:17:29.983 10 INFO neutron.wsgi [req-c3c66408-0e00-4aa7-815a-f685842011fa req-71063151-3e78-4306-9f57-2fab80890176 8e5c766801194016a35dfcbe05ef5617 1a009fe3683c4df096bc63300d7dcabf - - default default] 10.0.0.205 "GET /v2.0/ports?device_id=02137f5c-8bca-419f-834c-bb45f058552f HTTP/1.1" status: 200 len: 1369 time: 0.0306087
2026-05-06 06:17:30.125 9 WARNING neutron.scheduler.dhcp_agent_scheduler [None req-6cd4ddd9-91a2-47a4-9a76-d6014207e830 26d5c0d072e546258afcd2d53f04aa59 3256cd77fb314a2194a1ec1d1be9fa0b - - - -] No more DHCP agents
2026-05-06 06:17:30.129 9 WARNING neutron.api.rpc.agentnotifiers.dhcp_rpc_agent_api [None req-6cd4ddd9-91a2-47a4-9a76-d6014207e830 26d5c0d072e546258afcd2d53f04aa59 3256cd77fb314a2194a1ec1d1be9fa0b - - - -] Unable to schedule network 0d85cf56-75b0-46e1-bcfe-876d582e95a8: no agents available; will retry on subsequent port and subnet creation events.
2026-05-06 06:17:30.547 9 INFO neutron.db.ovn_revision_numbers_db [None req-6cd4ddd9-91a2-47a4-9a76-d6014207e830 26d5c0d072e546258afcd2d53f04aa59 3256cd77fb314a2194a1ec1d1be9fa0b - - - -] Successfully bumped revision number for resource 0fe8549e-3537-434a-9547-b8295a287c9a (type: ports) to 1
2026-05-06 06:17:30.567 9 INFO neutron.wsgi [None req-6cd4ddd9-91a2-47a4-9a76-d6014207e830 26d5c0d072e546258afcd2d53f04aa59 3256cd77fb314a2194a1ec1d1be9fa0b - - - -] 199.204.45.57 "POST /v2.0/ports HTTP/1.1" status: 201 len: 1158 time: 0.8243191 /var/lib/openstack/lib/python3.10/site-packages/pycadf/identifier.py:71: UserWarning: Invalid uuid: neutron. To ensure interoperability, identifiers should be a valid uuid. warnings.warn(('Invalid uuid: %s. To ensure interoperability, '
2026-05-06 06:17:30.712 9 INFO neutron.wsgi [None req-c3681c0d-0f70-4f38-b895-1b61cdadef59 8e5c766801194016a35dfcbe05ef5617 1a009fe3683c4df096bc63300d7dcabf - - default default] 10.0.0.216 "GET /v2.0/ports HTTP/1.1" status: 200 len: 26008 time: 0.1975229
2026-05-06 06:17:30.885 9 INFO neutron.wsgi [None req-dc681cb2-23b5-4388-9003-e0c068e33426 8e5c766801194016a35dfcbe05ef5617 1a009fe3683c4df096bc63300d7dcabf - - default default] 10.0.0.216 "GET /v2.0/routers HTTP/1.1" status: 200 len: 1523 time: 0.1479890
2026-05-06 06:17:30.913 9 INFO neutron.wsgi [None req-0f264087-e5e7-475e-8966-bb29a2810ab7 8e5c766801194016a35dfcbe05ef5617 1a009fe3683c4df096bc63300d7dcabf - - default default] 10.0.0.216 "GET /v2.0/agents?binary=ovn-controller HTTP/1.1" status: 200 len: 591 time: 0.0255666
2026-05-06 06:17:30.997 9 INFO neutron.wsgi [None req-496ff80c-dd07-44f6-b47f-43fcbd9ddbbf 8e5c766801194016a35dfcbe05ef5617 1a009fe3683c4df096bc63300d7dcabf - - default default] 10.0.0.216 "GET /v2.0/floatingips HTTP/1.1" status: 200 len: 2417 time: 0.0794551
2026-05-06 06:17:31.093 10 INFO neutron.wsgi [req-d60cd714-cd24-43a0-b08e-1905ae967fcb req-e760471b-ae43-4aae-923b-57e7b6a60275 26d5c0d072e546258afcd2d53f04aa59 3256cd77fb314a2194a1ec1d1be9fa0b - - default default] 10.0.0.205 "GET /v2.0/ports?device_id=343b7b38-0f6e-4fd3-8c25-ea79484dd3fc HTTP/1.1" status: 200 len: 1168 time: 0.0581770
2026-05-06 06:17:31.135 10 INFO neutron.wsgi [req-d60cd714-cd24-43a0-b08e-1905ae967fcb req-73e36b5c-c990-4609-afc3-197d8d921781 26d5c0d072e546258afcd2d53f04aa59 3256cd77fb314a2194a1ec1d1be9fa0b - - default default] 10.0.0.205 "GET /v2.0/security-groups?id=5a2492b3-ff93-40a3-8b4e-53385a25e0fb&fields=id&fields=name HTTP/1.1" status: 200 len: 313 time: 0.0349917
2026-05-06 06:17:31.174 9 INFO neutron.wsgi [None req-c2ebb325-a300-454f-8e8c-38f7689ec6a1 8e5c766801194016a35dfcbe05ef5617 1a009fe3683c4df096bc63300d7dcabf - - default default] 10.0.0.216 "GET /v2.0/security-groups HTTP/1.1" status: 200 len: 42030 time: 0.1748006 /var/lib/openstack/lib/python3.10/site-packages/pycadf/identifier.py:71: UserWarning: Invalid uuid: neutron. To ensure interoperability, identifiers should be a valid uuid. warnings.warn(('Invalid uuid: %s. To ensure interoperability, '
2026-05-06 06:17:31.223 9 INFO neutron.db.ovn_revision_numbers_db [None req-0c55e70d-8cd2-4831-9895-671700ae722a 6da3f2bf77324f328b51d0a276f19dee f3e79d991d464280b0329d41bf9ea437 - - - -] Successfully bumped revision number for resource 0fe8549e-3537-434a-9547-b8295a287c9a (type: ports) to 2
2026-05-06 06:17:31.250 9 INFO neutron.wsgi [None req-4ea16609-1667-40d5-a4cb-08be3add9c25 8e5c766801194016a35dfcbe05ef5617 1a009fe3683c4df096bc63300d7dcabf - - default default] 10.0.0.216 "GET /v2.0/subnets HTTP/1.1" status: 200 len: 6134 time: 0.0608847
2026-05-06 06:17:31.268 9 INFO neutron.wsgi [None req-51888b34-e3e9-4373-b627-0f4071738284 8e5c766801194016a35dfcbe05ef5617 1a009fe3683c4df096bc63300d7dcabf - - default default] 10.0.0.216 "GET /v2.0/subnetpools HTTP/1.1" status: 200 len: 193 time: 0.0152335
2026-05-06 06:17:31.365 9 INFO neutron.wsgi [None req-597a22ae-0861-4455-88d5-ff67de33883a 8e5c766801194016a35dfcbe05ef5617 1a009fe3683c4df096bc63300d7dcabf - - default default] 10.0.0.216 "GET /v2.0/networks HTTP/1.1" status: 200 len: 5466 time: 0.0943666
2026-05-06 06:17:31.396 9 INFO neutron.wsgi [None req-287eea04-90a7-4ac7-9aee-c8195e931d45 8e5c766801194016a35dfcbe05ef5617 1a009fe3683c4df096bc63300d7dcabf - - default default] 10.0.0.216 "GET /v2.0/agents HTTP/1.1" status: 200 len: 997 time: 0.0270555
2026-05-06 06:17:31.440 9 INFO neutron.wsgi [None req-5a799257-2294-46f5-9e75-5e54f9202335 8e5c766801194016a35dfcbe05ef5617 1a009fe3683c4df096bc63300d7dcabf - - default default] 10.0.0.216 "GET /v2.0/subnets HTTP/1.1" status: 200 len: 6134 time: 0.0417159 /var/lib/openstack/lib/python3.10/site-packages/pycadf/identifier.py:71: UserWarning: Invalid uuid: neutron. To ensure interoperability, identifiers should be a valid uuid. warnings.warn(('Invalid uuid: %s. To ensure interoperability, '
2026-05-06 06:17:31.461 9 INFO neutron.wsgi [None req-0768a02b-a907-49bd-892a-b8c843715b4a 8e5c766801194016a35dfcbe05ef5617 1a009fe3683c4df096bc63300d7dcabf - - default default] 10.0.0.216 "GET /v2.0/network-ip-availabilities HTTP/1.1" status: 200 len: 3806 time: 0.0154874
2026-05-06 06:17:31.500 9 INFO neutron.db.ovn_revision_numbers_db [None req-0c55e70d-8cd2-4831-9895-671700ae722a 6da3f2bf77324f328b51d0a276f19dee f3e79d991d464280b0329d41bf9ea437 - - - -] Successfully bumped revision number for resource 0fe8549e-3537-434a-9547-b8295a287c9a (type: ports) to 2
2026-05-06 06:17:31.514 9 INFO neutron.wsgi [None req-0c55e70d-8cd2-4831-9895-671700ae722a 6da3f2bf77324f328b51d0a276f19dee f3e79d991d464280b0329d41bf9ea437 - - - -] 199.204.45.57 "PUT /v2.0/ports/0fe8549e-3537-434a-9547-b8295a287c9a HTTP/1.1" status: 200 len: 1328 time: 0.9410410
2026-05-06 06:17:31.565 9 INFO neutron.notifiers.nova [-] Nova event matching ['req-0a814658-a1a2-4c7e-b9c2-571b88e1399d'] response: {'name': 'network-changed', 'server_uuid': '343b7b38-0f6e-4fd3-8c25-ea79484dd3fc', 'tag': '0fe8549e-3537-434a-9547-b8295a287c9a', 'status': 'completed', 'code': 200}
2026-05-06 06:17:31.619 9 INFO neutron.wsgi [req-8163d997-9132-4c88-8b57-b15e559bdc27 req-e969b764-cb15-493f-8563-52c5cb14aa46 6da3f2bf77324f328b51d0a276f19dee f3e79d991d464280b0329d41bf9ea437 - - b621fce73f6d42c4a41bca51a726afc4 b621fce73f6d42c4a41bca51a726afc4] 199.204.45.57 "GET /v2.0/ports?tenant_id=3256cd77fb314a2194a1ec1d1be9fa0b&device_id=343b7b38-0f6e-4fd3-8c25-ea79484dd3fc HTTP/1.1" status: 200 len: 1359 time: 0.0371697
2026-05-06 06:17:31.662 9 INFO neutron.wsgi [req-8163d997-9132-4c88-8b57-b15e559bdc27 req-42ae4631-bb89-41ff-8fa2-d2c8eb209c52 6da3f2bf77324f328b51d0a276f19dee f3e79d991d464280b0329d41bf9ea437 - - b621fce73f6d42c4a41bca51a726afc4 b621fce73f6d42c4a41bca51a726afc4] 199.204.45.57 "GET /v2.0/floatingips?fixed_ip_address=10.100.0.7&port_id=0fe8549e-3537-434a-9547-b8295a287c9a HTTP/1.1" status: 200 len: 217 time: 0.0305667
2026-05-06 06:17:31.708 9 INFO neutron.wsgi [req-8163d997-9132-4c88-8b57-b15e559bdc27 req-9ab5d712-f980-43bc-847a-d4d5741fd1ec 6da3f2bf77324f328b51d0a276f19dee f3e79d991d464280b0329d41bf9ea437 - - b621fce73f6d42c4a41bca51a726afc4 b621fce73f6d42c4a41bca51a726afc4] 199.204.45.57 "GET /v2.0/subnets?id=149d07a2-39ae-47d4-9b94-af838e095bd9 HTTP/1.1" status: 200 len: 852 time: 0.0346384
2026-05-06 06:17:31.736 9 INFO neutron.wsgi [req-8163d997-9132-4c88-8b57-b15e559bdc27 req-4cc6724f-d8c9-4039-b358-09b2f32c5389 6da3f2bf77324f328b51d0a276f19dee f3e79d991d464280b0329d41bf9ea437 - - b621fce73f6d42c4a41bca51a726afc4 b621fce73f6d42c4a41bca51a726afc4] 199.204.45.57 "GET /v2.0/ports?network_id=0d85cf56-75b0-46e1-bcfe-876d582e95a8&device_owner=network%3Adhcp HTTP/1.1" status: 200 len: 210 time: 0.0210304
2026-05-06 06:17:31.798 9 INFO neutron.wsgi [req-8163d997-9132-4c88-8b57-b15e559bdc27 req-e763295f-3d66-4684-81a6-9eac7025bfc1 6da3f2bf77324f328b51d0a276f19dee f3e79d991d464280b0329d41bf9ea437 - - b621fce73f6d42c4a41bca51a726afc4 b621fce73f6d42c4a41bca51a726afc4] 199.204.45.57 "GET /v2.0/networks/0d85cf56-75b0-46e1-bcfe-876d582e95a8?fields=segments HTTP/1.1" status: 200 len: 212 time: 0.0565288
2026-05-06 06:17:31.858 9 INFO neutron.wsgi [req-8163d997-9132-4c88-8b57-b15e559bdc27 req-6addab7c-4d6f-404e-b7da-96ee62a22da6 6da3f2bf77324f328b51d0a276f19dee f3e79d991d464280b0329d41bf9ea437 - - b621fce73f6d42c4a41bca51a726afc4 b621fce73f6d42c4a41bca51a726afc4] 199.204.45.57 "GET /v2.0/networks/0d85cf56-75b0-46e1-bcfe-876d582e95a8?fields=provider%3Aphysical_network&fields=provider%3Anetwork_type HTTP/1.1" status: 200 len: 277 time: 0.0537317
2026-05-06 06:17:31.937 9 INFO neutron.wsgi [req-81312719-c071-4ddd-9e6c-50d73ee10248 req-f69d5f9e-1933-4e1c-8444-255cbfe6813e 6da3f2bf77324f328b51d0a276f19dee f3e79d991d464280b0329d41bf9ea437 - - b621fce73f6d42c4a41bca51a726afc4 b621fce73f6d42c4a41bca51a726afc4] 199.204.45.57 "GET /v2.0/ports?tenant_id=3256cd77fb314a2194a1ec1d1be9fa0b&device_id=343b7b38-0f6e-4fd3-8c25-ea79484dd3fc HTTP/1.1" status: 200 len: 1359 time: 0.0480194
2026-05-06 06:17:31.996 9 INFO neutron.wsgi [req-81312719-c071-4ddd-9e6c-50d73ee10248 req-bb63034b-067f-4cc3-9822-dba087bf5539 6da3f2bf77324f328b51d0a276f19dee f3e79d991d464280b0329d41bf9ea437 - - b621fce73f6d42c4a41bca51a726afc4 b621fce73f6d42c4a41bca51a726afc4] 199.204.45.57 "GET /v2.0/networks?id=0d85cf56-75b0-46e1-bcfe-876d582e95a8 HTTP/1.1" status: 200 len: 959 time: 0.0540876
2026-05-06 06:17:32.040 9 INFO neutron.wsgi [req-81312719-c071-4ddd-9e6c-50d73ee10248 req-2a0b9dad-def5-4b7f-a745-775f9800f71d 6da3f2bf77324f328b51d0a276f19dee f3e79d991d464280b0329d41bf9ea437 - - b621fce73f6d42c4a41bca51a726afc4 b621fce73f6d42c4a41bca51a726afc4] 199.204.45.57 "GET /v2.0/floatingips?fixed_ip_address=10.100.0.7&port_id=0fe8549e-3537-434a-9547-b8295a287c9a HTTP/1.1" status: 200 len: 217 time: 0.0385802
2026-05-06 06:17:32.080 9 INFO neutron.wsgi [req-81312719-c071-4ddd-9e6c-50d73ee10248 req-5af35cdf-904f-4672-b7f1-ef6da087fe6d 6da3f2bf77324f328b51d0a276f19dee f3e79d991d464280b0329d41bf9ea437 - - b621fce73f6d42c4a41bca51a726afc4 b621fce73f6d42c4a41bca51a726afc4] 199.204.45.57 "GET /v2.0/subnets?id=149d07a2-39ae-47d4-9b94-af838e095bd9 HTTP/1.1" status: 200 len: 852 time: 0.0350528
2026-05-06 06:17:32.081 10 INFO neutron.plugins.ml2.drivers.ovn.mech_driver.mech_driver [None req-2187529b-8f41-404b-b813-7b46c84006bd - - - - - -] OVN reports status up for port: 0fe8549e-3537-434a-9547-b8295a287c9a
2026-05-06 06:17:32.094 10 INFO neutron.plugins.ml2.plugin [None req-2187529b-8f41-404b-b813-7b46c84006bd - - - - - -] Attempt 1 to provision port 0fe8549e-3537-434a-9547-b8295a287c9a
2026-05-06 06:17:32.110 9 INFO neutron.wsgi [req-81312719-c071-4ddd-9e6c-50d73ee10248 req-122041f2-7b49-4b06-bca1-950599f3dc52 6da3f2bf77324f328b51d0a276f19dee f3e79d991d464280b0329d41bf9ea437 - - b621fce73f6d42c4a41bca51a726afc4 b621fce73f6d42c4a41bca51a726afc4] 199.204.45.57 "GET /v2.0/ports?network_id=0d85cf56-75b0-46e1-bcfe-876d582e95a8&device_owner=network%3Adhcp HTTP/1.1" status: 200 len: 210 time: 0.0226381
2026-05-06 06:17:32.192 9 INFO neutron.wsgi [req-81312719-c071-4ddd-9e6c-50d73ee10248 req-397d8e71-b9af-4a70-94d0-47195bcef44c 6da3f2bf77324f328b51d0a276f19dee f3e79d991d464280b0329d41bf9ea437 - - b621fce73f6d42c4a41bca51a726afc4 b621fce73f6d42c4a41bca51a726afc4] 199.204.45.57 "GET /v2.0/networks/0d85cf56-75b0-46e1-bcfe-876d582e95a8?fields=segments HTTP/1.1" status: 200 len: 212 time: 0.0781345
2026-05-06 06:17:32.237 10 INFO neutron.notifiers.nova [-] Nova event matching ['req-72e37b9e-ed40-4c0e-a4d9-4b2680a1a88d'] response: {'server_uuid': '343b7b38-0f6e-4fd3-8c25-ea79484dd3fc', 'name': 'network-vif-plugged', 'status': 'completed', 'tag': '0fe8549e-3537-434a-9547-b8295a287c9a', 'code': 200}
2026-05-06 06:17:32.252 9 INFO neutron.wsgi [req-81312719-c071-4ddd-9e6c-50d73ee10248 req-d0091016-9f81-462d-8228-0889864367ae 6da3f2bf77324f328b51d0a276f19dee f3e79d991d464280b0329d41bf9ea437 - - b621fce73f6d42c4a41bca51a726afc4 b621fce73f6d42c4a41bca51a726afc4] 199.204.45.57 "GET /v2.0/networks/0d85cf56-75b0-46e1-bcfe-876d582e95a8?fields=provider%3Aphysical_network&fields=provider%3Anetwork_type HTTP/1.1" status: 200 len: 277 time: 0.0546358
2026-05-06 06:17:32.272 10 INFO neutron.wsgi [req-7564e2fd-fc5a-4caa-ac61-531b118fa817 req-4d441add-1b51-4405-a057-f89d519019d9 26d5c0d072e546258afcd2d53f04aa59 3256cd77fb314a2194a1ec1d1be9fa0b - - default default] 10.0.0.205 "GET /v2.0/ports?device_id=343b7b38-0f6e-4fd3-8c25-ea79484dd3fc HTTP/1.1" status: 200 len: 1170 time: 0.0428319
2026-05-06 06:17:32.330 10 INFO neutron.wsgi [req-7564e2fd-fc5a-4caa-ac61-531b118fa817 req-6713001e-ae45-4655-bc1d-143c2b5b3615 26d5c0d072e546258afcd2d53f04aa59 3256cd77fb314a2194a1ec1d1be9fa0b - - default default] 10.0.0.205 "GET /v2.0/security-groups?id=5a2492b3-ff93-40a3-8b4e-53385a25e0fb&fields=id&fields=name HTTP/1.1" status: 200 len: 313 time: 0.0504355
2026-05-06 06:17:32.395 10 INFO neutron.db.ovn_revision_numbers_db [None req-2187529b-8f41-404b-b813-7b46c84006bd - - - - - -] Successfully bumped revision number for resource 0fe8549e-3537-434a-9547-b8295a287c9a (type: ports) to 4
2026-05-06 06:17:33.533 9 INFO neutron.wsgi [req-4e0d8c6d-3dc5-4453-8a49-aa5785ffc657 req-8acd2ac3-7d42-4aaf-ad91-f19681870d79 26d5c0d072e546258afcd2d53f04aa59 3256cd77fb314a2194a1ec1d1be9fa0b - - default default] 10.0.0.205 "GET /v2.0/ports?device_id=343b7b38-0f6e-4fd3-8c25-ea79484dd3fc HTTP/1.1" status: 200 len: 1170 time: 0.1231003
2026-05-06 06:17:33.576 9 INFO neutron.wsgi [req-4e0d8c6d-3dc5-4453-8a49-aa5785ffc657 req-ca112875-ba3e-438c-a33e-206c30a6a36e 26d5c0d072e546258afcd2d53f04aa59 3256cd77fb314a2194a1ec1d1be9fa0b - - default default] 10.0.0.205 "GET /v2.0/security-groups?id=5a2492b3-ff93-40a3-8b4e-53385a25e0fb&fields=id&fields=name HTTP/1.1" status: 200 len: 313 time: 0.0336025 /var/lib/openstack/lib/python3.10/site-packages/pycadf/identifier.py:71: UserWarning: Invalid uuid: neutron. To ensure interoperability, identifiers should be a valid uuid. warnings.warn(('Invalid uuid: %s. To ensure interoperability, '
2026-05-06 06:17:33.738 10 INFO neutron.wsgi [req-ccb4c00f-c1e1-4dd0-bd65-19d441eb6d9c req-bb5a87a7-2333-41e7-a1bd-0f8fbce20d51 26d5c0d072e546258afcd2d53f04aa59 3256cd77fb314a2194a1ec1d1be9fa0b - - default default] 10.0.0.205 "GET /v2.0/ports?device_id=343b7b38-0f6e-4fd3-8c25-ea79484dd3fc HTTP/1.1" status: 200 len: 1170 time: 0.0921223
2026-05-06 06:17:33.810 10 INFO neutron.wsgi [req-ccb4c00f-c1e1-4dd0-bd65-19d441eb6d9c req-d66e2ed2-3841-4212-a7da-f92e8b8e8847 26d5c0d072e546258afcd2d53f04aa59 3256cd77fb314a2194a1ec1d1be9fa0b - - default default] 10.0.0.205 "GET /v2.0/security-groups?id=5a2492b3-ff93-40a3-8b4e-53385a25e0fb&fields=id&fields=name HTTP/1.1" status: 200 len: 313 time: 0.0653565
2026-05-06 06:17:33.885 10 INFO neutron.wsgi [None req-ef7e5845-da6d-4579-b948-bfc5c7c632aa 4ac254bb0ec74c0286be1e8a656e5fc7 59c5dd65db8d4bcc85ce91c20c3e5404 - - default default] 10.0.0.184 "GET /v2.0/ports?device_id=343b7b38-0f6e-4fd3-8c25-ea79484dd3fc HTTP/1.1" status: 200 len: 1356 time: 0.0397561
2026-05-06 06:17:34.470 10 INFO neutron.notifiers.nova [-] Nova event matching ['req-20b761dc-3a19-44ff-9846-f120e0223836'] response: {'server_uuid': '343b7b38-0f6e-4fd3-8c25-ea79484dd3fc', 'name': 'network-vif-plugged', 'status': 'completed', 'tag': '0fe8549e-3537-434a-9547-b8295a287c9a', 'code': 200}
2026-05-06 06:17:34.486 10 INFO neutron.db.l3_db [None req-e7a1bbad-acbd-4e02-86f8-74cd185ebf88 26d5c0d072e546258afcd2d53f04aa59 3256cd77fb314a2194a1ec1d1be9fa0b - - - -] Floating IP 10d6d277-df84-48c0-a546-174356adaf99 associated. External IP: 10.96.250.203, port: 0fe8549e-3537-434a-9547-b8295a287c9a.
2026-05-06 06:17:34.633 10 INFO neutron.db.ovn_revision_numbers_db [None req-e7a1bbad-acbd-4e02-86f8-74cd185ebf88 26d5c0d072e546258afcd2d53f04aa59 3256cd77fb314a2194a1ec1d1be9fa0b - - - -] Successfully bumped revision number for resource 10d6d277-df84-48c0-a546-174356adaf99 (type: floatingips) to 4
2026-05-06 06:17:34.730 10 INFO neutron.db.ovn_revision_numbers_db [None req-e7a1bbad-acbd-4e02-86f8-74cd185ebf88 26d5c0d072e546258afcd2d53f04aa59 3256cd77fb314a2194a1ec1d1be9fa0b - - - -] Successfully bumped revision number for resource 10d6d277-df84-48c0-a546-174356adaf99 (type: floatingips) to 5
2026-05-06 06:17:34.758 10 INFO neutron.wsgi [None req-e7a1bbad-acbd-4e02-86f8-74cd185ebf88 26d5c0d072e546258afcd2d53f04aa59 3256cd77fb314a2194a1ec1d1be9fa0b - - - -] 10.0.0.184 "PUT /v2.0/floatingips/10d6d277-df84-48c0-a546-174356adaf99 HTTP/1.1" status: 200 len: 1049 time: 0.8663621
2026-05-06 06:17:34.802 10 INFO neutron.wsgi [None req-25d3aeeb-cfef-4396-9843-cb0f06ad0f44 26d5c0d072e546258afcd2d53f04aa59 3256cd77fb314a2194a1ec1d1be9fa0b - - default default] 10.0.0.184 "GET /v2.0/floatingips/10d6d277-df84-48c0-a546-174356adaf99 HTTP/1.1" status: 200 len: 1051 time: 0.0384796
2026-05-06 06:17:36.520 10 INFO neutron.notifiers.nova [-] Nova event matching ['req-3ff0c92e-5370-470c-85fa-bcac699844c6'] response: {'name': 'network-changed', 'server_uuid': '343b7b38-0f6e-4fd3-8c25-ea79484dd3fc', 'tag': '0fe8549e-3537-434a-9547-b8295a287c9a', 'status': 'completed', 'code': 200} /var/lib/openstack/lib/python3.10/site-packages/pycadf/identifier.py:71: UserWarning: Invalid uuid: neutron. To ensure interoperability, identifiers should be a valid uuid. warnings.warn(('Invalid uuid: %s. To ensure interoperability, '
2026-05-06 06:17:36.605 9 INFO neutron.wsgi [req-eac0fcbd-b725-4b32-b7be-ceb8e2c070a9 req-4c7d5710-3b1a-4e1c-93ed-9d3893312c54 6da3f2bf77324f328b51d0a276f19dee f3e79d991d464280b0329d41bf9ea437 - - b621fce73f6d42c4a41bca51a726afc4 b621fce73f6d42c4a41bca51a726afc4] 199.204.45.57 "GET /v2.0/ports?tenant_id=3256cd77fb314a2194a1ec1d1be9fa0b&device_id=343b7b38-0f6e-4fd3-8c25-ea79484dd3fc HTTP/1.1" status: 200 len: 1361 time: 0.0570400
2026-05-06 06:17:36.693 9 INFO neutron.wsgi [req-eac0fcbd-b725-4b32-b7be-ceb8e2c070a9 req-b193b312-7961-4492-8fd6-cdf37f416c33 6da3f2bf77324f328b51d0a276f19dee f3e79d991d464280b0329d41bf9ea437 - - b621fce73f6d42c4a41bca51a726afc4 b621fce73f6d42c4a41bca51a726afc4] 199.204.45.57 "GET /v2.0/networks?id=0d85cf56-75b0-46e1-bcfe-876d582e95a8 HTTP/1.1" status: 200 len: 959 time: 0.0758061
2026-05-06 06:17:36.763 9 INFO neutron.wsgi [req-eac0fcbd-b725-4b32-b7be-ceb8e2c070a9 req-6c0e8d2d-22db-4ecb-b4b8-d86eaa61ac31 6da3f2bf77324f328b51d0a276f19dee f3e79d991d464280b0329d41bf9ea437 - - b621fce73f6d42c4a41bca51a726afc4 b621fce73f6d42c4a41bca51a726afc4] 199.204.45.57 "GET /v2.0/floatingips?fixed_ip_address=10.100.0.7&port_id=0fe8549e-3537-434a-9547-b8295a287c9a HTTP/1.1" status: 200 len: 1059 time: 0.0541022
2026-05-06 06:17:36.821 9 INFO neutron.wsgi [req-eac0fcbd-b725-4b32-b7be-ceb8e2c070a9 req-f51643a9-be14-4a34-8ac4-d9624a58c1ba 6da3f2bf77324f328b51d0a276f19dee f3e79d991d464280b0329d41bf9ea437 - - b621fce73f6d42c4a41bca51a726afc4 b621fce73f6d42c4a41bca51a726afc4] 199.204.45.57 "GET /v2.0/subnets?id=149d07a2-39ae-47d4-9b94-af838e095bd9 HTTP/1.1" status: 200 len: 852 time: 0.0440943
2026-05-06 06:17:36.862 9 INFO neutron.wsgi [req-eac0fcbd-b725-4b32-b7be-ceb8e2c070a9 req-67068027-1eb4-4d5f-aa0f-4cae6fc67341 6da3f2bf77324f328b51d0a276f19dee f3e79d991d464280b0329d41bf9ea437 - - b621fce73f6d42c4a41bca51a726afc4 b621fce73f6d42c4a41bca51a726afc4] 199.204.45.57 "GET /v2.0/ports?network_id=0d85cf56-75b0-46e1-bcfe-876d582e95a8&device_owner=network%3Adhcp HTTP/1.1" status: 200 len: 210 time: 0.0313487
2026-05-06 06:17:37.257 9 INFO neutron.wsgi [req-eac0fcbd-b725-4b32-b7be-ceb8e2c070a9 req-8afec80b-2ec0-4b8d-8ebe-df7e7cfdd99f 6da3f2bf77324f328b51d0a276f19dee f3e79d991d464280b0329d41bf9ea437 - - b621fce73f6d42c4a41bca51a726afc4 b621fce73f6d42c4a41bca51a726afc4] 199.204.45.57 "GET /v2.0/networks/0d85cf56-75b0-46e1-bcfe-876d582e95a8?fields=segments HTTP/1.1" status: 200 len: 212 time: 0.3857260
2026-05-06 06:17:37.355 9 INFO neutron.wsgi [req-eac0fcbd-b725-4b32-b7be-ceb8e2c070a9 req-8c0f68fa-a7a0-4dcf-907e-68f236c7c082 6da3f2bf77324f328b51d0a276f19dee f3e79d991d464280b0329d41bf9ea437 - - b621fce73f6d42c4a41bca51a726afc4 b621fce73f6d42c4a41bca51a726afc4] 199.204.45.57 "GET /v2.0/networks/0d85cf56-75b0-46e1-bcfe-876d582e95a8?fields=provider%3Aphysical_network&fields=provider%3Anetwork_type HTTP/1.1" status: 200 len: 277 time: 0.0898089
2026-05-06 06:17:39.154 10 INFO neutron.wsgi [-] 10.0.0.212 "GET / HTTP/1.1" status: 200 len: 246 time: 0.0026126
2026-05-06 06:17:39.154 9 INFO neutron.wsgi [-] 10.0.0.212 "GET / HTTP/1.1" status: 200 len: 246 time: 0.0025840
2026-05-06 06:17:45.385 10 INFO neutron.wsgi [req-3b185ddc-21d2-4643-94ab-81c48b2c2521 req-6409736c-57fc-4a2f-9eb1-c3cb8ecebb9a 6da3f2bf77324f328b51d0a276f19dee f3e79d991d464280b0329d41bf9ea437 - - b621fce73f6d42c4a41bca51a726afc4 b621fce73f6d42c4a41bca51a726afc4] 10.0.0.7 "GET /v2.0/ports?device_id=343b7b38-0f6e-4fd3-8c25-ea79484dd3fc HTTP/1.1" status: 200 len: 1361 time: 0.0317345
2026-05-06 06:17:45.422 10 INFO neutron.wsgi [req-3b185ddc-21d2-4643-94ab-81c48b2c2521 req-0444c0a0-96fe-4653-bef4-7ff51799d4fc 6da3f2bf77324f328b51d0a276f19dee f3e79d991d464280b0329d41bf9ea437 - - b621fce73f6d42c4a41bca51a726afc4 b621fce73f6d42c4a41bca51a726afc4] 10.0.0.7 "GET /v2.0/security-groups?id=5a2492b3-ff93-40a3-8b4e-53385a25e0fb&fields=id&fields=name HTTP/1.1" status: 200 len: 313 time: 0.0312541
2026-05-06 06:17:47.202 10 INFO neutron.plugins.ml2.drivers.ovn.mech_driver.mech_driver [None req-2187529b-8f41-404b-b813-7b46c84006bd - - - - - -] OVN reports status down for port: 0fe8549e-3537-434a-9547-b8295a287c9a
2026-05-06 06:17:47.285 9 INFO neutron.wsgi [req-78b5991a-2a44-4018-bfba-05a24faa8565 req-b717ecad-7e9e-4d6c-83a4-b723e6f14dfb 26d5c0d072e546258afcd2d53f04aa59 3256cd77fb314a2194a1ec1d1be9fa0b - - default default] 10.0.0.205 "GET /v2.0/ports?device_id=343b7b38-0f6e-4fd3-8c25-ea79484dd3fc HTTP/1.1" status: 200 len: 1170 time: 0.0949435
2026-05-06 06:17:47.337 9 INFO neutron.wsgi [req-78b5991a-2a44-4018-bfba-05a24faa8565 req-f4122842-6add-4830-8cb0-aa2654384c4e 26d5c0d072e546258afcd2d53f04aa59 3256cd77fb314a2194a1ec1d1be9fa0b - - default default] 10.0.0.205 "GET /v2.0/security-groups?id=5a2492b3-ff93-40a3-8b4e-53385a25e0fb&fields=id&fields=name HTTP/1.1" status: 200 len: 313 time: 0.0428181
2026-05-06 06:17:47.347 10 INFO neutron.notifiers.nova [-] Nova event matching ['req-82235151-f0ba-4a52-9a38-d6617a49937b'] response: {'server_uuid': '343b7b38-0f6e-4fd3-8c25-ea79484dd3fc', 'name': 'network-vif-unplugged', 'status': 'completed', 'tag': '0fe8549e-3537-434a-9547-b8295a287c9a', 'code': 200}
2026-05-06 06:17:47.493 10 INFO neutron.db.ovn_revision_numbers_db [None req-2187529b-8f41-404b-b813-7b46c84006bd - - - - - -] Successfully bumped revision number for resource 0fe8549e-3537-434a-9547-b8295a287c9a (type: ports) to 5
2026-05-06 06:17:47.545 9 INFO neutron.wsgi [req-35b19549-a56c-4580-8bf2-aba8c928ac3f req-cd26d086-9980-43a9-8a05-529280e37077 26d5c0d072e546258afcd2d53f04aa59 3256cd77fb314a2194a1ec1d1be9fa0b - - default default] 199.204.45.57 "GET /v2.0/ports?device_id=343b7b38-0f6e-4fd3-8c25-ea79484dd3fc HTTP/1.1" status: 200 len: 1168 time: 0.0362685
2026-05-06 06:17:47.911 9 INFO neutron.db.l3_db [None req-77826219-b744-4a7a-a4a8-5f2d0a805165 26d5c0d072e546258afcd2d53f04aa59 3256cd77fb314a2194a1ec1d1be9fa0b - - - -] Floating IP 10d6d277-df84-48c0-a546-174356adaf99 disassociated. External IP: 10.96.250.203, port: 0fe8549e-3537-434a-9547-b8295a287c9a.
2026-05-06 06:17:48.123 9 INFO neutron.wsgi [None req-77826219-b744-4a7a-a4a8-5f2d0a805165 26d5c0d072e546258afcd2d53f04aa59 3256cd77fb314a2194a1ec1d1be9fa0b - - - -] 199.204.45.57 "DELETE /v2.0/ports/0fe8549e-3537-434a-9547-b8295a287c9a HTTP/1.1" status: 204 len: 173 time: 0.5719502
2026-05-06 06:17:48.162 9 INFO neutron.notifiers.nova [-] Nova event matching ['req-d20a1779-590b-4c30-b745-737d2e843533'] response: {'server_uuid': '343b7b38-0f6e-4fd3-8c25-ea79484dd3fc', 'name': 'network-vif-deleted', 'tag': '0fe8549e-3537-434a-9547-b8295a287c9a', 'status': 'completed', 'code': 200} /var/lib/openstack/lib/python3.10/site-packages/pycadf/identifier.py:71: UserWarning: Invalid uuid: neutron. To ensure interoperability, identifiers should be a valid uuid. warnings.warn(('Invalid uuid: %s. To ensure interoperability, '
2026-05-06 06:17:48.448 9 INFO neutron.wsgi [req-a1350cd9-bddb-4cb5-960f-2369d13d6cdb req-33eaa22b-568c-4ae6-8bd9-89df5843806b 26d5c0d072e546258afcd2d53f04aa59 3256cd77fb314a2194a1ec1d1be9fa0b - - default default] 10.0.0.205 "GET /v2.0/ports?device_id=343b7b38-0f6e-4fd3-8c25-ea79484dd3fc HTTP/1.1" status: 200 len: 210 time: 0.0251436
2026-05-06 06:17:49.382 10 INFO neutron.notifiers.nova [-] Nova event matching ['req-4691f429-e7aa-47f8-93dd-52074e037c12'] response: {'server_uuid': '343b7b38-0f6e-4fd3-8c25-ea79484dd3fc', 'name': 'network-vif-plugged', 'status': 'completed', 'tag': '0fe8549e-3537-434a-9547-b8295a287c9a', 'code': 200} /var/lib/openstack/lib/python3.10/site-packages/pycadf/identifier.py:71: UserWarning: Invalid uuid: neutron. To ensure interoperability, identifiers should be a valid uuid. warnings.warn(('Invalid uuid: %s. To ensure interoperability, '
2026-05-06 06:17:49.647 10 INFO neutron.wsgi [None req-399a867c-6887-46cd-b92b-8795ece5d173 26d5c0d072e546258afcd2d53f04aa59 3256cd77fb314a2194a1ec1d1be9fa0b - - - -] 10.0.0.184 "DELETE /v2.0/security-groups/5a2492b3-ff93-40a3-8b4e-53385a25e0fb HTTP/1.1" status: 204 len: 168 time: 0.1380486
2026-05-06 06:17:50.049 10 INFO neutron.wsgi [None req-a063b346-3d3f-4ac6-a200-08418a91448f 26d5c0d072e546258afcd2d53f04aa59 3256cd77fb314a2194a1ec1d1be9fa0b - - - -] 10.0.0.184 "DELETE /v2.0/floatingips/10d6d277-df84-48c0-a546-174356adaf99 HTTP/1.1" status: 204 len: 168 time: 0.3682249
2026-05-06 06:17:50.261 9 INFO neutron.plugins.ml2.drivers.ovn.mech_driver.mech_driver [None req-b9bb181f-c424-4558-926b-e13d5d606e74 - - - - - -] OVN reports status down for port: c8362287-c900-4dbf-83a3-06ea7ba027e6
2026-05-06 06:17:50.274 10 INFO neutron.wsgi [req-1202e2d7-a256-4815-8f66-d2a871a0cdca req-7f4f6dae-47db-4cf7-9c2b-639e6009409d 26d5c0d072e546258afcd2d53f04aa59 3256cd77fb314a2194a1ec1d1be9fa0b - - default default] 10.0.0.205 "GET /v2.0/ports?device_id=8d02aa1e-7d91-4dc9-ab29-1894536bc634 HTTP/1.1" status: 200 len: 1174 time: 0.0972233
2026-05-06 06:17:50.324 10 INFO neutron.wsgi [req-1202e2d7-a256-4815-8f66-d2a871a0cdca req-8f897a20-a3ed-4a0f-9942-3b8839d09d32 26d5c0d072e546258afcd2d53f04aa59 3256cd77fb314a2194a1ec1d1be9fa0b - - default default] 10.0.0.205 "GET /v2.0/security-groups?id=841cb365-89ff-4d4d-8574-79ae5c61f050&fields=id&fields=name HTTP/1.1" status: 200 len: 312 time: 0.0431602
2026-05-06 06:17:50.414 9 INFO neutron.notifiers.nova [-] Nova event matching ['req-94fa7b18-88b0-49ef-879b-ffdb93896627'] response: {'server_uuid': '8d02aa1e-7d91-4dc9-ab29-1894536bc634', 'name': 'network-vif-unplugged', 'status': 'completed', 'tag': 'c8362287-c900-4dbf-83a3-06ea7ba027e6', 'code': 200}
2026-05-06 06:17:50.555 9 INFO neutron.wsgi [req-6af279b0-c649-49d7-a462-c42e0fdb2bea req-6b2b7bfe-5ad8-4a97-9b2e-62ee9beb01cb 26d5c0d072e546258afcd2d53f04aa59 3256cd77fb314a2194a1ec1d1be9fa0b - - default default] 199.204.45.57 "GET /v2.0/ports?device_id=8d02aa1e-7d91-4dc9-ab29-1894536bc634 HTTP/1.1" status: 200 len: 1172 time: 0.0380514
2026-05-06 06:17:50.567 9 INFO neutron.db.ovn_revision_numbers_db [None req-b9bb181f-c424-4558-926b-e13d5d606e74 - - - - - -] Successfully bumped revision number for resource c8362287-c900-4dbf-83a3-06ea7ba027e6 (type: ports) to 5
2026-05-06 06:17:50.868 9 INFO neutron.wsgi [None req-e725dce3-c94e-4224-a05f-8e5d15b262b4 26d5c0d072e546258afcd2d53f04aa59 3256cd77fb314a2194a1ec1d1be9fa0b - - - -] 199.204.45.57 "DELETE /v2.0/ports/c8362287-c900-4dbf-83a3-06ea7ba027e6 HTTP/1.1" status: 204 len: 173 time: 0.3064005
2026-05-06 06:17:51.535 10 INFO neutron.wsgi [None req-5317fc12-b423-47fb-b701-ed7819b364dd 26d5c0d072e546258afcd2d53f04aa59 3256cd77fb314a2194a1ec1d1be9fa0b - - - -] 10.0.0.184 "DELETE /v2.0/security-groups/841cb365-89ff-4d4d-8574-79ae5c61f050 HTTP/1.1" status: 204 len: 168 time: 0.1431370
2026-05-06 06:17:52.452 9 INFO neutron.notifiers.nova [-] Nova event matching ['req-aa775045-ad10-44c7-a6ae-43838e4c49db'] response: {'server_uuid': '8d02aa1e-7d91-4dc9-ab29-1894536bc634', 'name': 'network-vif-plugged', 'status': 'completed', 'tag': 'c8362287-c900-4dbf-83a3-06ea7ba027e6', 'code': 200}
2026-05-06 06:17:52.452 9 INFO neutron.notifiers.nova [-] Nova event matching ['req-aa775045-ad10-44c7-a6ae-43838e4c49db'] response: {'server_uuid': '8d02aa1e-7d91-4dc9-ab29-1894536bc634', 'name': 'network-vif-deleted', 'tag': 'c8362287-c900-4dbf-83a3-06ea7ba027e6', 'status': 'completed', 'code': 200}
2026-05-06 06:17:52.595 10 INFO neutron.wsgi [None req-19c21e5c-95ef-452b-b0c1-1f25a3651049 26d5c0d072e546258afcd2d53f04aa59 3256cd77fb314a2194a1ec1d1be9fa0b - - - -] 10.0.0.184 "PUT /v2.0/routers/d3379630-9a81-481c-b98f-472eb4ee7b65/remove_router_interface HTTP/1.1" status: 200 len: 503 time: 1.0301914 /var/lib/openstack/lib/python3.10/site-packages/pycadf/identifier.py:71: UserWarning: Invalid uuid: neutron. To ensure interoperability, identifiers should be a valid uuid. warnings.warn(('Invalid uuid: %s. To ensure interoperability, '
2026-05-06 06:17:52.878 10 INFO neutron.wsgi [None req-062d9865-6f7d-41c0-99c1-4f23ba36c97d 26d5c0d072e546258afcd2d53f04aa59 3256cd77fb314a2194a1ec1d1be9fa0b - - - -] 10.0.0.184 "DELETE /v2.0/subnets/149d07a2-39ae-47d4-9b94-af838e095bd9 HTTP/1.1" status: 204 len: 168 time: 0.2757726
2026-05-06 06:17:53.879 10 INFO neutron.wsgi [None req-9ac47cd2-cac7-41fd-a5ef-610e50a03402 26d5c0d072e546258afcd2d53f04aa59 3256cd77fb314a2194a1ec1d1be9fa0b - - - -] 10.0.0.184 "DELETE /v2.0/routers/d3379630-9a81-481c-b98f-472eb4ee7b65 HTTP/1.1" status: 204 len: 168 time: 0.9964015
2026-05-06 06:17:54.153 9 INFO neutron.wsgi [-] 10.0.0.212 "GET / HTTP/1.1" status: 200 len: 246 time: 0.0014417
2026-05-06 06:17:54.153 10 INFO neutron.wsgi [-] 10.0.0.212 "GET / HTTP/1.1" status: 200 len: 246 time: 0.0015976
2026-05-06 06:17:54.221 10 INFO neutron.services.segments.plugin [-] Segment 538114af-4caa-44fb-937e-12a33c3e784d resource provider aggregate not found
2026-05-06 06:17:54.238 10 INFO neutron.services.segments.plugin [-] Segment 538114af-4caa-44fb-937e-12a33c3e784d resource provider aggregate not found
2026-05-06 06:17:54.255 10 INFO neutron.services.segments.plugin [-] Segment 538114af-4caa-44fb-937e-12a33c3e784d resource provider not found; error: Placement Client Error (4xx): {"errors": [{"status": 404, "title": "Not Found", "detail": "The resource could not be found.\n\n No resource provider with uuid 538114af-4caa-44fb-937e-12a33c3e784d found for delete ", "request_id": "req-e7eae4b8-5973-4ba8-9472-64fed9a44242"}]}
2026-05-06 06:17:54.257 10 INFO neutron.services.segments.plugin [-] Segment 538114af-4caa-44fb-937e-12a33c3e784d resource provider not found; error: Placement Client Error (4xx): {"errors": [{"status": 404, "title": "Not Found", "detail": "The resource could not be found.\n\n No resource provider with uuid 538114af-4caa-44fb-937e-12a33c3e784d found for delete ", "request_id": "req-b2127105-7e92-4982-826f-06ac9ba94700"}]}
2026-05-06 06:17:54.279 10 INFO neutron.wsgi [None req-463c4a96-cc27-4588-a0a9-01a6ed3b2950 26d5c0d072e546258afcd2d53f04aa59 3256cd77fb314a2194a1ec1d1be9fa0b - - - -] 10.0.0.184 "DELETE /v2.0/networks/0d85cf56-75b0-46e1-bcfe-876d582e95a8 HTTP/1.1" status: 204 len: 168 time: 0.3962564
2026-05-06 06:17:55.049 10 INFO neutron.wsgi [None req-776ed02b-b06d-4681-9985-2b6ee539d8ae 8e5c766801194016a35dfcbe05ef5617 1a009fe3683c4df096bc63300d7dcabf - - default default] 10.0.0.184 "GET /v2.0/security-groups?tenant_id=3256cd77fb314a2194a1ec1d1be9fa0b&name=default HTTP/1.1" status: 200 len: 2996 time: 0.1483138
2026-05-06 06:17:55.242 10 INFO neutron.wsgi [None req-3d00942f-85ab-4a5e-be57-d9268ec64297 8e5c766801194016a35dfcbe05ef5617 1a009fe3683c4df096bc63300d7dcabf - - - -] 10.0.0.184 "DELETE /v2.0/security-groups/bec978d1-747f-4f68-bc85-7b9b0dc7ed15 HTTP/1.1" status: 204 len: 168 time: 0.1864369
2026-05-06 06:17:55.461 10 INFO neutron.db.ovn_revision_numbers_db [None req-c4616669-186f-49f8-b3a9-11db4e09dab7 8e5c766801194016a35dfcbe05ef5617 1a009fe3683c4df096bc63300d7dcabf - - default default] Successfully bumped revision number for resource 329cb107-b8b4-49f9-9c39-70d44804a822 (type: security_groups) to 1
2026-05-06 06:17:55.501 10 INFO neutron.wsgi [None req-c4616669-186f-49f8-b3a9-11db4e09dab7 8e5c766801194016a35dfcbe05ef5617 1a009fe3683c4df096bc63300d7dcabf - - default default] 10.0.0.184 "GET /v2.0/security-groups?tenant_id=59c5dd65db8d4bcc85ce91c20c3e5404&name=default HTTP/1.1" status: 200 len: 2996 time: 0.1362643 /var/lib/openstack/lib/python3.10/site-packages/pycadf/identifier.py:71: UserWarning: Invalid uuid: neutron. To ensure interoperability, identifiers should be a valid uuid. warnings.warn(('Invalid uuid: %s. To ensure interoperability, '
2026-05-06 06:17:55.693 9 INFO neutron.wsgi [None req-8d5e8169-a862-4cd7-a187-577fcd71b5d4 8e5c766801194016a35dfcbe05ef5617 1a009fe3683c4df096bc63300d7dcabf - - - -] 10.0.0.184 "DELETE /v2.0/security-groups/329cb107-b8b4-49f9-9c39-70d44804a822 HTTP/1.1" status: 204 len: 168 time: 0.1868176
2026-05-06 06:18:00.248 10 INFO neutron.db.ovn_revision_numbers_db [None req-c363892b-d223-4a88-b011-00fddd5f5e9c 5ffa5725ded14c78bd07d4ebf1eb1577 1b450f0506214423a65ae3b7e68df7f9 - - - -] Successfully bumped revision number for resource 7c4b1c3a-b7df-4269-a73d-ec693aeccc46 (type: security_groups) to 1
2026-05-06 06:18:00.300 10 INFO neutron.db.segments_db [None req-c363892b-d223-4a88-b011-00fddd5f5e9c 5ffa5725ded14c78bd07d4ebf1eb1577 1b450f0506214423a65ae3b7e68df7f9 - - - -] Added segment c485a640-6aa4-4932-be16-5417b957b746 of type geneve for network 77f1448a-986b-4cee-b7cc-917e2891594c
2026-05-06 06:18:00.449 10 INFO neutron.db.ovn_revision_numbers_db [None req-c363892b-d223-4a88-b011-00fddd5f5e9c 5ffa5725ded14c78bd07d4ebf1eb1577 1b450f0506214423a65ae3b7e68df7f9 - - - -] Successfully bumped revision number for resource 77f1448a-986b-4cee-b7cc-917e2891594c (type: networks) to 1
2026-05-06 06:18:00.629 10 WARNING neutron.scheduler.dhcp_agent_scheduler [None req-c363892b-d223-4a88-b011-00fddd5f5e9c 5ffa5725ded14c78bd07d4ebf1eb1577 1b450f0506214423a65ae3b7e68df7f9 - - - -] No more DHCP agents
2026-05-06 06:18:00.632 10 WARNING neutron.api.rpc.agentnotifiers.dhcp_rpc_agent_api [None req-c363892b-d223-4a88-b011-00fddd5f5e9c 5ffa5725ded14c78bd07d4ebf1eb1577 1b450f0506214423a65ae3b7e68df7f9 - - - -] Unable to schedule network 77f1448a-986b-4cee-b7cc-917e2891594c: no agents available; will retry on subsequent port and subnet creation events.
2026-05-06 06:18:00.697 10 INFO neutron.db.ovn_revision_numbers_db [None req-c363892b-d223-4a88-b011-00fddd5f5e9c 5ffa5725ded14c78bd07d4ebf1eb1577 1b450f0506214423a65ae3b7e68df7f9 - - - -] Successfully bumped revision number for resource 04c73069-bb18-444f-84f4-3c49780692f5 (type: ports) to 1
2026-05-06 06:18:00.719 10 INFO neutron.wsgi [None req-c363892b-d223-4a88-b011-00fddd5f5e9c 5ffa5725ded14c78bd07d4ebf1eb1577 1b450f0506214423a65ae3b7e68df7f9 - - - -] 10.0.0.184 "POST /v2.0/networks HTTP/1.1" status: 201 len: 926 time: 0.8242462
2026-05-06 06:18:00.913 10 WARNING neutron.scheduler.dhcp_agent_scheduler [None req-59f187d9-5bc0-4127-908a-407ef5dd9773 5ffa5725ded14c78bd07d4ebf1eb1577 1b450f0506214423a65ae3b7e68df7f9 - - - -] No more DHCP agents
2026-05-06 06:18:00.915 10 WARNING neutron.api.rpc.agentnotifiers.dhcp_rpc_agent_api [None req-59f187d9-5bc0-4127-908a-407ef5dd9773 5ffa5725ded14c78bd07d4ebf1eb1577 1b450f0506214423a65ae3b7e68df7f9 - - - -] Unable to schedule network 77f1448a-986b-4cee-b7cc-917e2891594c: no agents available; will retry on subsequent port and subnet creation events.
2026-05-06 06:18:01.417 10 INFO neutron.db.ovn_revision_numbers_db [None req-59f187d9-5bc0-4127-908a-407ef5dd9773 5ffa5725ded14c78bd07d4ebf1eb1577 1b450f0506214423a65ae3b7e68df7f9 - - - -] Successfully bumped revision number for resource 04c73069-bb18-444f-84f4-3c49780692f5 (type: ports) to 2
2026-05-06 06:18:01.434 10 INFO neutron.db.ovn_revision_numbers_db [None req-59f187d9-5bc0-4127-908a-407ef5dd9773 5ffa5725ded14c78bd07d4ebf1eb1577 1b450f0506214423a65ae3b7e68df7f9 - - - -] Successfully bumped revision number for resource d1a9d969-d644-46e0-a950-0c489c63b81c (type: subnets) to 0
2026-05-06 06:18:01.452 10 INFO neutron.wsgi [None req-59f187d9-5bc0-4127-908a-407ef5dd9773 5ffa5725ded14c78bd07d4ebf1eb1577 1b450f0506214423a65ae3b7e68df7f9 - - - -] 10.0.0.184 "POST /v2.0/subnets HTTP/1.1" status: 201 len: 819 time: 0.7266095
2026-05-06 06:18:01.463 10 WARNING neutron.api.v2.base [None req-e0a1f04a-1b28-445e-9d75-d89e3a65204e 5ffa5725ded14c78bd07d4ebf1eb1577 1b450f0506214423a65ae3b7e68df7f9 - - - -] An exception happened while processing the request body. The exception message is [Invalid input for target_tenant. Reason: 'None' is not a valid string.].: webob.exc.HTTPBadRequest: Invalid input for target_tenant. Reason: 'None' is not a valid string.
2026-05-06 06:18:01.464 10 INFO neutron.api.v2.resource [None req-e0a1f04a-1b28-445e-9d75-d89e3a65204e 5ffa5725ded14c78bd07d4ebf1eb1577 1b450f0506214423a65ae3b7e68df7f9 - - - -] create failed (client error): Invalid input for target_tenant. Reason: 'None' is not a valid string.
2026-05-06 06:18:01.465 10 INFO neutron.wsgi [None req-e0a1f04a-1b28-445e-9d75-d89e3a65204e 5ffa5725ded14c78bd07d4ebf1eb1577 1b450f0506214423a65ae3b7e68df7f9 - - - -] 10.0.0.184 "POST /v2.0/rbac-policies HTTP/1.1" status: 400 len: 346 time: 0.0076365
2026-05-06 06:18:02.091 10 INFO neutron.services.segments.plugin [-] Segment c485a640-6aa4-4932-be16-5417b957b746 resource provider aggregate not found
2026-05-06 06:18:02.096 10 INFO neutron.services.segments.plugin [-] Segment c485a640-6aa4-4932-be16-5417b957b746 resource provider aggregate not found
2026-05-06 06:18:02.111 10 INFO neutron.services.segments.plugin [-] Segment c485a640-6aa4-4932-be16-5417b957b746 resource provider not found; error: Placement Client Error (4xx): {"errors": [{"status": 404, "title": "Not Found", "detail": "The resource could not be found.\n\n No resource provider with uuid c485a640-6aa4-4932-be16-5417b957b746 found for delete ", "request_id": "req-aa46045f-bbcb-4c71-8b94-bc31bab60a34"}]}
2026-05-06 06:18:02.139 10 INFO neutron.services.segments.plugin [-] Segment c485a640-6aa4-4932-be16-5417b957b746 resource provider not found; error: Placement Client Error (4xx): {"errors": [{"status": 404, "title": "Not Found", "detail": "The resource could not be found.\n\n No resource provider with uuid c485a640-6aa4-4932-be16-5417b957b746 found for delete ", "request_id": "req-a6710357-2785-40e3-8c8b-7b2fea919cf8"}]}
2026-05-06 06:18:02.181 10 INFO neutron.wsgi [None req-c31d4b1f-7e42-479e-9342-7fba85fbe1a4 5ffa5725ded14c78bd07d4ebf1eb1577 1b450f0506214423a65ae3b7e68df7f9 - - - -] 10.0.0.184 "DELETE /v2.0/networks/77f1448a-986b-4cee-b7cc-917e2891594c HTTP/1.1" status: 204 len: 168 time: 0.7103763
2026-05-06 06:18:02.277 9 INFO neutron.db.segments_db [None req-4bfa15a7-6ec7-468d-b19d-37cfa791ad84 5ffa5725ded14c78bd07d4ebf1eb1577 1b450f0506214423a65ae3b7e68df7f9 - - - -] Added segment eebfd3b8-abeb-4c09-85fa-e9cd1a2c4ac5 of type geneve for network 4bca2e12-00ba-479d-a626-1b4f80768f78
2026-05-06 06:18:02.402 9 INFO neutron.db.ovn_revision_numbers_db [None req-4bfa15a7-6ec7-468d-b19d-37cfa791ad84 5ffa5725ded14c78bd07d4ebf1eb1577 1b450f0506214423a65ae3b7e68df7f9 - - - -] Successfully bumped revision number for resource 4bca2e12-00ba-479d-a626-1b4f80768f78 (type: networks) to 1
2026-05-06 06:18:02.613 9 WARNING neutron.scheduler.dhcp_agent_scheduler [None req-4bfa15a7-6ec7-468d-b19d-37cfa791ad84 5ffa5725ded14c78bd07d4ebf1eb1577 1b450f0506214423a65ae3b7e68df7f9 - - - -] No more DHCP agents
2026-05-06 06:18:02.615 9 WARNING neutron.api.rpc.agentnotifiers.dhcp_rpc_agent_api [None req-4bfa15a7-6ec7-468d-b19d-37cfa791ad84 5ffa5725ded14c78bd07d4ebf1eb1577 1b450f0506214423a65ae3b7e68df7f9 - - - -] Unable to schedule network 4bca2e12-00ba-479d-a626-1b4f80768f78: no agents available; will retry on subsequent port and subnet creation events.
2026-05-06 06:18:02.675 9 INFO neutron.db.ovn_revision_numbers_db [None req-4bfa15a7-6ec7-468d-b19d-37cfa791ad84 5ffa5725ded14c78bd07d4ebf1eb1577 1b450f0506214423a65ae3b7e68df7f9 - - - -] Successfully bumped revision number for resource a3e39c83-528c-409d-bf1e-383ba3728bbe (type: ports) to 1
2026-05-06 06:18:02.698 9 INFO neutron.wsgi [None req-4bfa15a7-6ec7-468d-b19d-37cfa791ad84 5ffa5725ded14c78bd07d4ebf1eb1577 1b450f0506214423a65ae3b7e68df7f9 - - - -] 10.0.0.184 "POST /v2.0/networks HTTP/1.1" status: 201 len: 928 time: 0.5115619
2026-05-06 06:18:02.870 9 WARNING neutron.scheduler.dhcp_agent_scheduler [None req-2d245893-1a2d-4553-8a71-48fe5f56c491 5ffa5725ded14c78bd07d4ebf1eb1577 1b450f0506214423a65ae3b7e68df7f9 - - - -] No more DHCP agents
2026-05-06 06:18:02.872 9 WARNING neutron.api.rpc.agentnotifiers.dhcp_rpc_agent_api [None req-2d245893-1a2d-4553-8a71-48fe5f56c491 5ffa5725ded14c78bd07d4ebf1eb1577 1b450f0506214423a65ae3b7e68df7f9 - - - -] Unable to schedule network 4bca2e12-00ba-479d-a626-1b4f80768f78: no agents available; will retry on subsequent port and subnet creation events.
2026-05-06 06:18:03.355 9 INFO neutron.db.ovn_revision_numbers_db [None req-2d245893-1a2d-4553-8a71-48fe5f56c491 5ffa5725ded14c78bd07d4ebf1eb1577 1b450f0506214423a65ae3b7e68df7f9 - - - -] Successfully bumped revision number for resource a3e39c83-528c-409d-bf1e-383ba3728bbe (type: ports) to 2
2026-05-06 06:18:03.366 9 INFO neutron.db.ovn_revision_numbers_db [None req-2d245893-1a2d-4553-8a71-48fe5f56c491 5ffa5725ded14c78bd07d4ebf1eb1577 1b450f0506214423a65ae3b7e68df7f9 - - - -] Successfully bumped revision number for resource 3f4e7766-31a0-483b-b38d-61e78474674a (type: subnets) to 0
2026-05-06 06:18:03.385 9 INFO neutron.wsgi [None req-2d245893-1a2d-4553-8a71-48fe5f56c491 5ffa5725ded14c78bd07d4ebf1eb1577 1b450f0506214423a65ae3b7e68df7f9 - - - -] 10.0.0.184 "POST /v2.0/subnets HTTP/1.1" status: 201 len: 822 time: 0.6807666
2026-05-06 06:18:03.398 10 WARNING neutron.api.v2.base [None req-d64c1788-23ed-4927-9e68-af656da13063 5ffa5725ded14c78bd07d4ebf1eb1577 1b450f0506214423a65ae3b7e68df7f9 - - - -] An exception happened while processing the request body. The exception message is [Invalid input for target_tenant. Reason: '1234123412341234123412341234123412341234123412341234123412341234123412341234123412341234123412341234123412341234123412341234123412341234123412341234123412341234123412341234123412341234123412341234123412341234123412341234123412341234123412341234123412341234123412341234123412341234123412341234123412341234123412341234123412341234123412341234123412341234123412341234123412341234123412341234123412341234' exceeds maximum length of 255.].: webob.exc.HTTPBadRequest: Invalid input for target_tenant. Reason: '1234123412341234123412341234123412341234123412341234123412341234123412341234123412341234123412341234123412341234123412341234123412341234123412341234123412341234123412341234123412341234123412341234123412341234123412341234123412341234123412341234123412341234123412341234123412341234123412341234123412341234123412341234123412341234123412341234123412341234123412341234123412341234123412341234123412341234' exceeds maximum length of 255.
2026-05-06 06:18:03.399 10 INFO neutron.api.v2.resource [None req-d64c1788-23ed-4927-9e68-af656da13063 5ffa5725ded14c78bd07d4ebf1eb1577 1b450f0506214423a65ae3b7e68df7f9 - - - -] create failed (client error): Invalid input for target_tenant. Reason: '1234123412341234123412341234123412341234123412341234123412341234123412341234123412341234123412341234123412341234123412341234123412341234123412341234123412341234123412341234123412341234123412341234123412341234123412341234123412341234123412341234123412341234123412341234123412341234123412341234123412341234123412341234123412341234123412341234123412341234123412341234123412341234123412341234123412341234' exceeds maximum length of 255.
2026-05-06 06:18:03.401 10 INFO neutron.wsgi [None req-d64c1788-23ed-4927-9e68-af656da13063 5ffa5725ded14c78bd07d4ebf1eb1577 1b450f0506214423a65ae3b7e68df7f9 - - - -] 10.0.0.184 "POST /v2.0/rbac-policies HTTP/1.1" status: 400 len: 750 time: 0.0098858
2026-05-06 06:18:04.072 10 INFO neutron.wsgi [None req-fb40a66f-8ed3-4496-9017-944313a557c3 5ffa5725ded14c78bd07d4ebf1eb1577 1b450f0506214423a65ae3b7e68df7f9 - - - -] 10.0.0.184 "DELETE /v2.0/networks/4bca2e12-00ba-479d-a626-1b4f80768f78 HTTP/1.1" status: 204 len: 168 time: 0.6678486
2026-05-06 06:18:04.135 10 INFO neutron.services.segments.plugin [-] Segment eebfd3b8-abeb-4c09-85fa-e9cd1a2c4ac5 resource provider aggregate not found
2026-05-06 06:18:04.163 10 INFO neutron.services.segments.plugin [-] Segment eebfd3b8-abeb-4c09-85fa-e9cd1a2c4ac5 resource provider not found; error: Placement Client Error (4xx): {"errors": [{"status": 404, "title": "Not Found", "detail": "The resource could not be found.\n\n No resource provider with uuid eebfd3b8-abeb-4c09-85fa-e9cd1a2c4ac5 found for delete ", "request_id": "req-d9c830a6-9474-47cb-bf48-c58a8da84364"}]}
2026-05-06 06:18:04.167 10 INFO neutron.services.segments.plugin [-] Segment eebfd3b8-abeb-4c09-85fa-e9cd1a2c4ac5 resource provider aggregate not found
2026-05-06 06:18:04.169 9 INFO neutron.db.segments_db [None req-6f5e5a07-6972-4117-8724-2ca6120ab8ba 5ffa5725ded14c78bd07d4ebf1eb1577 1b450f0506214423a65ae3b7e68df7f9 - - - -] Added segment 1a3f4e9c-9c97-4752-bd00-8862a7a6bce9 of type geneve for network f70f7c1e-55c9-4f99-bc3a-4691986d5f1f
2026-05-06 06:18:04.192 10 INFO neutron.services.segments.plugin [-] Segment eebfd3b8-abeb-4c09-85fa-e9cd1a2c4ac5 resource provider not found; error: Placement Client Error (4xx): {"errors": [{"status": 404, "title": "Not Found", "detail": "The resource could not be found.\n\n No resource provider with uuid eebfd3b8-abeb-4c09-85fa-e9cd1a2c4ac5 found for delete ", "request_id": "req-30f10c90-20cf-4daf-b612-87c54f9b89a8"}]}
2026-05-06 06:18:04.307 9 INFO neutron.db.ovn_revision_numbers_db [None req-6f5e5a07-6972-4117-8724-2ca6120ab8ba 5ffa5725ded14c78bd07d4ebf1eb1577 1b450f0506214423a65ae3b7e68df7f9 - - - -] Successfully bumped revision number for resource f70f7c1e-55c9-4f99-bc3a-4691986d5f1f (type: networks) to 1
2026-05-06 06:18:04.488 9 WARNING neutron.scheduler.dhcp_agent_scheduler [None req-6f5e5a07-6972-4117-8724-2ca6120ab8ba 5ffa5725ded14c78bd07d4ebf1eb1577 1b450f0506214423a65ae3b7e68df7f9 - - - -] No more DHCP agents
2026-05-06 06:18:04.492 9 WARNING neutron.api.rpc.agentnotifiers.dhcp_rpc_agent_api [None req-6f5e5a07-6972-4117-8724-2ca6120ab8ba 5ffa5725ded14c78bd07d4ebf1eb1577 1b450f0506214423a65ae3b7e68df7f9 - - - -] Unable to schedule network f70f7c1e-55c9-4f99-bc3a-4691986d5f1f: no agents available; will retry on subsequent port and subnet creation events.
2026-05-06 06:18:04.566 9 INFO neutron.db.ovn_revision_numbers_db [None req-6f5e5a07-6972-4117-8724-2ca6120ab8ba 5ffa5725ded14c78bd07d4ebf1eb1577 1b450f0506214423a65ae3b7e68df7f9 - - - -] Successfully bumped revision number for resource 2b23c0a5-954c-4169-b93b-c81d6c3e9eb5 (type: ports) to 1
2026-05-06 06:18:04.589 9 INFO neutron.wsgi [None req-6f5e5a07-6972-4117-8724-2ca6120ab8ba 5ffa5725ded14c78bd07d4ebf1eb1577 1b450f0506214423a65ae3b7e68df7f9 - - - -] 10.0.0.184 "POST /v2.0/networks HTTP/1.1" status: 201 len: 929 time: 0.5095077
2026-05-06 06:18:04.796 9 WARNING neutron.scheduler.dhcp_agent_scheduler [None req-0c286e88-1dda-45cc-996c-5da28b7879c7 5ffa5725ded14c78bd07d4ebf1eb1577 1b450f0506214423a65ae3b7e68df7f9 - - - -] No more DHCP agents
