2026-05-06 06:17:07.280 9 INFO neutron.wsgi [None req-9b840763-b01f-4310-96c8-7ebdba8e6c9d 8e5c766801194016a35dfcbe05ef5617 1a009fe3683c4df096bc63300d7dcabf - - - -] 10.0.0.184 "DELETE /v2.0/security-groups/b21ca230-7728-4809-8acf-dcb9a6ba9511 HTTP/1.1" status: 204 len: 168 time: 0.1961856
2026-05-06 06:17:07.454 9 WARNING neutron.plugins.ml2.drivers.ovn.mech_driver.ovsdb.ovn_client [None req-b9bb181f-c424-4558-926b-e13d5d606e74 - - - - - -] No hosting information found for port 71515158-7931-46e8-93e1-8344fbbe10ee: RuntimeError: No hosting information found for port 71515158-7931-46e8-93e1-8344fbbe10ee
2026-05-06 06:17:07.616 9 INFO neutron.wsgi [req-39192b9d-a285-4690-a201-bf2753f64391 req-36e81c97-ba07-4f0f-8cb3-b08afca5bbf1 26d5c0d072e546258afcd2d53f04aa59 3256cd77fb314a2194a1ec1d1be9fa0b - - default default] 199.204.45.57 "GET /v2.0/networks?id=0d85cf56-75b0-46e1-bcfe-876d582e95a8 HTTP/1.1" status: 200 len: 860 time: 0.0677490
2026-05-06 06:17:07.667 9 INFO neutron.wsgi [None req-0252839b-1573-4141-8c65-4ac9b71f703f 6060f2b41e3f4dd1ae5495ba02a576d4 ab5fee5603334d688d1bcfd8f0982003 - - - -] 10.0.0.184 "DELETE /v2.0/networks/5133c41e-cdae-4a55-be38-f750b124896f HTTP/1.1" status: 204 len: 168 time: 0.4394016
2026-05-06 06:17:07.672 9 INFO neutron.wsgi [req-39192b9d-a285-4690-a201-bf2753f64391 req-d71bfc39-6ae8-4b02-983a-757a63cfed71 26d5c0d072e546258afcd2d53f04aa59 3256cd77fb314a2194a1ec1d1be9fa0b - - default default] 199.204.45.57 "GET /v2.0/security-groups?fields=id&fields=name&tenant_id=3256cd77fb314a2194a1ec1d1be9fa0b HTTP/1.1" status: 200 len: 379 time: 0.0410857
2026-05-06 06:17:07.703 10 INFO neutron.services.segments.plugin [-] Segment 900886e9-a735-44a1-b4dd-a6f7645f1ebc resource provider aggregate not found
2026-05-06 06:17:07.715 10 INFO neutron.services.segments.plugin [-] Segment 900886e9-a735-44a1-b4dd-a6f7645f1ebc resource provider aggregate not found
2026-05-06 06:17:07.726 10 INFO neutron.services.segments.plugin [-] Segment 900886e9-a735-44a1-b4dd-a6f7645f1ebc resource provider not found; error: Placement Client Error (4xx): {"errors": [{"status": 404, "title": "Not Found", "detail": "The resource could not be found.\n\n No resource provider with uuid 900886e9-a735-44a1-b4dd-a6f7645f1ebc found for delete ", "request_id": "req-68ca4a8c-bd19-48ff-ae26-69dcf52a42e8"}]}
2026-05-06 06:17:07.733 10 INFO neutron.services.segments.plugin [-] Segment 900886e9-a735-44a1-b4dd-a6f7645f1ebc resource provider not found; error: Placement Client Error (4xx): {"errors": [{"status": 404, "title": "Not Found", "detail": "The resource could not be found.\n\n No resource provider with uuid 900886e9-a735-44a1-b4dd-a6f7645f1ebc found for delete ", "request_id": "req-5661a38a-dff8-4f7c-8d8e-319b23ca532b"}]}
2026-05-06 06:17:07.747 10 INFO neutron.services.segments.plugin [-] Segment edf5b92a-5a82-46cc-8b39-3b2778ea9e1d resource provider aggregate not found
2026-05-06 06:17:07.758 10 INFO neutron.services.segments.plugin [-] Segment edf5b92a-5a82-46cc-8b39-3b2778ea9e1d resource provider aggregate not found
2026-05-06 06:17:07.779 10 INFO neutron.services.segments.plugin [-] Segment edf5b92a-5a82-46cc-8b39-3b2778ea9e1d resource provider not found; error: Placement Client Error (4xx): {"errors": [{"status": 404, "title": "Not Found", "detail": "The resource could not be found.\n\n No resource provider with uuid edf5b92a-5a82-46cc-8b39-3b2778ea9e1d found for delete ", "request_id": "req-b14d6c18-4b09-44f0-a427-7057733c25d5"}]}
2026-05-06 06:17:07.788 10 INFO neutron.services.segments.plugin [-] Segment edf5b92a-5a82-46cc-8b39-3b2778ea9e1d resource provider not found; error: Placement Client Error (4xx): {"errors": [{"status": 404, "title": "Not Found", "detail": "The resource could not be found.\n\n No resource provider with uuid edf5b92a-5a82-46cc-8b39-3b2778ea9e1d found for delete ", "request_id": "req-11812306-4f15-41dd-b3e2-520ae97918a1"}]}
2026-05-06 06:17:07.994 9 INFO neutron.wsgi [req-a29129df-6c54-4644-9ead-7b13b58e494b req-58c45cfa-fdef-49be-bd97-395a18523616 26d5c0d072e546258afcd2d53f04aa59 3256cd77fb314a2194a1ec1d1be9fa0b - - default default] 10.0.0.205 "GET /v2.0/ports?device_id=8d02aa1e-7d91-4dc9-ab29-1894536bc634 HTTP/1.1" status: 200 len: 210 time: 0.0298181
2026-05-06 06:17:08.030 9 WARNING neutron.scheduler.dhcp_agent_scheduler [None req-6f1eceb2-dcd7-4d33-8e54-7688a1030ad5 26d5c0d072e546258afcd2d53f04aa59 3256cd77fb314a2194a1ec1d1be9fa0b - - - -] No more DHCP agents
2026-05-06 06:17:08.032 9 WARNING neutron.api.rpc.agentnotifiers.dhcp_rpc_agent_api [None req-6f1eceb2-dcd7-4d33-8e54-7688a1030ad5 26d5c0d072e546258afcd2d53f04aa59 3256cd77fb314a2194a1ec1d1be9fa0b - - - -] Unable to schedule network 0d85cf56-75b0-46e1-bcfe-876d582e95a8: no agents available; will retry on subsequent port and subnet creation events.
2026-05-06 06:17:08.166 9 INFO neutron.db.ovn_revision_numbers_db [None req-6f1eceb2-dcd7-4d33-8e54-7688a1030ad5 26d5c0d072e546258afcd2d53f04aa59 3256cd77fb314a2194a1ec1d1be9fa0b - - - -] Successfully bumped revision number for resource c8362287-c900-4dbf-83a3-06ea7ba027e6 (type: ports) to 1
2026-05-06 06:17:08.185 9 INFO neutron.wsgi [None req-6f1eceb2-dcd7-4d33-8e54-7688a1030ad5 26d5c0d072e546258afcd2d53f04aa59 3256cd77fb314a2194a1ec1d1be9fa0b - - - -] 199.204.45.57 "POST /v2.0/ports HTTP/1.1" status: 201 len: 1162 time: 0.5065911 /var/lib/openstack/lib/python3.10/site-packages/pycadf/identifier.py:71: UserWarning: Invalid uuid: neutron. To ensure interoperability, identifiers should be a valid uuid. warnings.warn(('Invalid uuid: %s. To ensure interoperability, '
2026-05-06 06:17:08.544 9 INFO neutron.db.ovn_revision_numbers_db [None req-a04cc9d3-8dfd-41e9-9e7b-89e5ed0d51ce 6da3f2bf77324f328b51d0a276f19dee f3e79d991d464280b0329d41bf9ea437 - - - -] Successfully bumped revision number for resource c8362287-c900-4dbf-83a3-06ea7ba027e6 (type: ports) to 2 /var/lib/openstack/lib/python3.10/site-packages/pycadf/identifier.py:71: UserWarning: Invalid uuid: neutron. To ensure interoperability, identifiers should be a valid uuid. warnings.warn(('Invalid uuid: %s. To ensure interoperability, '
2026-05-06 06:17:08.710 9 INFO neutron.services.segments.plugin [-] Segment 4ce38ac3-e420-40f9-b1f1-bf496fb92dfa resource provider aggregate not found
2026-05-06 06:17:08.716 9 INFO neutron.db.ovn_revision_numbers_db [None req-a04cc9d3-8dfd-41e9-9e7b-89e5ed0d51ce 6da3f2bf77324f328b51d0a276f19dee f3e79d991d464280b0329d41bf9ea437 - - - -] Successfully bumped revision number for resource c8362287-c900-4dbf-83a3-06ea7ba027e6 (type: ports) to 2
2026-05-06 06:17:08.719 9 INFO neutron.services.segments.plugin [-] Segment 4ce38ac3-e420-40f9-b1f1-bf496fb92dfa resource provider aggregate not found
2026-05-06 06:17:08.726 9 INFO neutron.services.segments.plugin [-] Segment 4ce38ac3-e420-40f9-b1f1-bf496fb92dfa resource provider not found; error: Placement Client Error (4xx): {"errors": [{"status": 404, "title": "Not Found", "detail": "The resource could not be found.\n\n No resource provider with uuid 4ce38ac3-e420-40f9-b1f1-bf496fb92dfa found for delete ", "request_id": "req-17adcc78-d8b2-417b-b8c1-4f5f3b783f5d"}]}
2026-05-06 06:17:08.735 9 INFO neutron.services.segments.plugin [-] Segment 4ce38ac3-e420-40f9-b1f1-bf496fb92dfa resource provider not found; error: Placement Client Error (4xx): {"errors": [{"status": 404, "title": "Not Found", "detail": "The resource could not be found.\n\n No resource provider with uuid 4ce38ac3-e420-40f9-b1f1-bf496fb92dfa found for delete ", "request_id": "req-3810898e-10bf-4966-ae95-62486da0fd7f"}]}
2026-05-06 06:17:08.739 9 INFO neutron.wsgi [None req-a04cc9d3-8dfd-41e9-9e7b-89e5ed0d51ce 6da3f2bf77324f328b51d0a276f19dee f3e79d991d464280b0329d41bf9ea437 - - - -] 199.204.45.57 "PUT /v2.0/ports/c8362287-c900-4dbf-83a3-06ea7ba027e6 HTTP/1.1" status: 200 len: 1332 time: 0.5450797
2026-05-06 06:17:08.777 9 INFO neutron.notifiers.nova [-] Nova event matching ['req-3e47cf42-4874-4ae3-9382-04e41f1c1309'] response: {'name': 'network-changed', 'server_uuid': '8d02aa1e-7d91-4dc9-ab29-1894536bc634', 'tag': 'c8362287-c900-4dbf-83a3-06ea7ba027e6', 'status': 'completed', 'code': 200}
2026-05-06 06:17:08.813 9 INFO neutron.wsgi [req-39192b9d-a285-4690-a201-bf2753f64391 req-f74529a0-f4a2-4907-931e-e3ca4b9f4ed4 6da3f2bf77324f328b51d0a276f19dee f3e79d991d464280b0329d41bf9ea437 - - b621fce73f6d42c4a41bca51a726afc4 b621fce73f6d42c4a41bca51a726afc4] 199.204.45.57 "GET /v2.0/ports?tenant_id=3256cd77fb314a2194a1ec1d1be9fa0b&device_id=8d02aa1e-7d91-4dc9-ab29-1894536bc634 HTTP/1.1" status: 200 len: 1363 time: 0.0398052
2026-05-06 06:17:08.827 9 INFO neutron.db.ovn_revision_numbers_db [None req-6bda67de-b40c-473c-a324-81c4061d3e46 8e5c766801194016a35dfcbe05ef5617 1a009fe3683c4df096bc63300d7dcabf - - default default] Successfully bumped revision number for resource c8132851-07d0-4754-8ca2-c5630a77f945 (type: security_groups) to 1
2026-05-06 06:17:09.070 9 INFO neutron.wsgi [req-39192b9d-a285-4690-a201-bf2753f64391 req-81912023-7a52-48c6-bc9b-5d31e166c93c 6da3f2bf77324f328b51d0a276f19dee f3e79d991d464280b0329d41bf9ea437 - - b621fce73f6d42c4a41bca51a726afc4 b621fce73f6d42c4a41bca51a726afc4] 199.204.45.57 "GET /v2.0/floatingips?fixed_ip_address=10.100.0.14&port_id=c8362287-c900-4dbf-83a3-06ea7ba027e6 HTTP/1.1" status: 200 len: 217 time: 0.2493062
2026-05-06 06:17:09.081 9 INFO neutron.wsgi [None req-6bda67de-b40c-473c-a324-81c4061d3e46 8e5c766801194016a35dfcbe05ef5617 1a009fe3683c4df096bc63300d7dcabf - - default default] 10.0.0.184 "GET /v2.0/security-groups?tenant_id=d493892c02e4432d8f3883e2f2f4989e&name=default HTTP/1.1" status: 200 len: 2996 time: 0.5236559
2026-05-06 06:17:09.111 9 INFO neutron.wsgi [req-f14dc4aa-6c1c-4f68-9400-41a3de158c32 req-dabc5e74-eee3-400d-aeec-4173d41a8384 26d5c0d072e546258afcd2d53f04aa59 3256cd77fb314a2194a1ec1d1be9fa0b - - default default] 10.0.0.205 "GET /v2.0/ports?device_id=8d02aa1e-7d91-4dc9-ab29-1894536bc634 HTTP/1.1" status: 200 len: 1172 time: 0.0496073
2026-05-06 06:17:09.120 9 INFO neutron.wsgi [req-39192b9d-a285-4690-a201-bf2753f64391 req-d52d632d-9d82-4a37-95a0-902e589428a5 6da3f2bf77324f328b51d0a276f19dee f3e79d991d464280b0329d41bf9ea437 - - b621fce73f6d42c4a41bca51a726afc4 b621fce73f6d42c4a41bca51a726afc4] 199.204.45.57 "GET /v2.0/subnets?id=149d07a2-39ae-47d4-9b94-af838e095bd9 HTTP/1.1" status: 200 len: 852 time: 0.0425749
2026-05-06 06:17:09.155 9 INFO neutron.wsgi [-] 10.0.0.212 "GET / HTTP/1.1" status: 200 len: 246 time: 0.0010982
2026-05-06 06:17:09.156 9 INFO neutron.wsgi [-] 10.0.0.212 "GET / HTTP/1.1" status: 200 len: 246 time: 0.0008593
2026-05-06 06:17:09.162 9 INFO neutron.wsgi [req-39192b9d-a285-4690-a201-bf2753f64391 req-610599e4-2269-418e-aab4-4279239e6ace 6da3f2bf77324f328b51d0a276f19dee f3e79d991d464280b0329d41bf9ea437 - - b621fce73f6d42c4a41bca51a726afc4 b621fce73f6d42c4a41bca51a726afc4] 199.204.45.57 "GET /v2.0/ports?network_id=0d85cf56-75b0-46e1-bcfe-876d582e95a8&device_owner=network%3Adhcp HTTP/1.1" status: 200 len: 210 time: 0.0341816
2026-05-06 06:17:09.193 9 INFO neutron.wsgi [req-f14dc4aa-6c1c-4f68-9400-41a3de158c32 req-9d25fcb3-787d-4b81-9970-e8ec0b43185f 26d5c0d072e546258afcd2d53f04aa59 3256cd77fb314a2194a1ec1d1be9fa0b - - default default] 10.0.0.205 "GET /v2.0/security-groups?id=841cb365-89ff-4d4d-8574-79ae5c61f050&fields=id&fields=name HTTP/1.1" status: 200 len: 312 time: 0.0732369
2026-05-06 06:17:09.227 9 INFO neutron.wsgi [req-39192b9d-a285-4690-a201-bf2753f64391 req-9dd86a14-6601-49d5-8662-9c529d93f05f 6da3f2bf77324f328b51d0a276f19dee f3e79d991d464280b0329d41bf9ea437 - - b621fce73f6d42c4a41bca51a726afc4 b621fce73f6d42c4a41bca51a726afc4] 199.204.45.57 "GET /v2.0/networks/0d85cf56-75b0-46e1-bcfe-876d582e95a8?fields=segments HTTP/1.1" status: 200 len: 212 time: 0.0567956
2026-05-06 06:17:09.274 10 INFO neutron.wsgi [None req-11008034-32d0-495f-b613-859121b40baf 8e5c766801194016a35dfcbe05ef5617 1a009fe3683c4df096bc63300d7dcabf - - - -] 10.0.0.184 "DELETE /v2.0/security-groups/c8132851-07d0-4754-8ca2-c5630a77f945 HTTP/1.1" status: 204 len: 168 time: 0.1884084
2026-05-06 06:17:09.290 9 INFO neutron.wsgi [req-39192b9d-a285-4690-a201-bf2753f64391 req-9a9e0b6d-4504-4ed9-a077-690e58cf1ea3 6da3f2bf77324f328b51d0a276f19dee f3e79d991d464280b0329d41bf9ea437 - - b621fce73f6d42c4a41bca51a726afc4 b621fce73f6d42c4a41bca51a726afc4] 199.204.45.57 "GET /v2.0/networks/0d85cf56-75b0-46e1-bcfe-876d582e95a8?fields=provider%3Aphysical_network&fields=provider%3Anetwork_type HTTP/1.1" status: 200 len: 277 time: 0.0564067
2026-05-06 06:17:09.360 9 INFO neutron.wsgi [req-11d9f645-ca60-41da-bd29-78f36fe3c298 req-d6cfb0cf-d764-4211-b278-eea38aaaa794 6da3f2bf77324f328b51d0a276f19dee f3e79d991d464280b0329d41bf9ea437 - - b621fce73f6d42c4a41bca51a726afc4 b621fce73f6d42c4a41bca51a726afc4] 199.204.45.57 "GET /v2.0/ports?tenant_id=3256cd77fb314a2194a1ec1d1be9fa0b&device_id=8d02aa1e-7d91-4dc9-ab29-1894536bc634 HTTP/1.1" status: 200 len: 1363 time: 0.0286169
2026-05-06 06:17:09.441 9 INFO neutron.wsgi [req-11d9f645-ca60-41da-bd29-78f36fe3c298 req-799fc5fd-028f-49ac-8ab4-8da2d7d9d650 6da3f2bf77324f328b51d0a276f19dee f3e79d991d464280b0329d41bf9ea437 - - b621fce73f6d42c4a41bca51a726afc4 b621fce73f6d42c4a41bca51a726afc4] 199.204.45.57 "GET /v2.0/networks?id=0d85cf56-75b0-46e1-bcfe-876d582e95a8 HTTP/1.1" status: 200 len: 959 time: 0.0747726
2026-05-06 06:17:09.470 9 INFO neutron.plugins.ml2.drivers.ovn.mech_driver.mech_driver [None req-b9bb181f-c424-4558-926b-e13d5d606e74 - - - - - -] OVN reports status up for port: c8362287-c900-4dbf-83a3-06ea7ba027e6
2026-05-06 06:17:09.473 9 INFO neutron.wsgi [req-11d9f645-ca60-41da-bd29-78f36fe3c298 req-43bb0678-3dc7-4db4-aefc-8e227c6ed557 6da3f2bf77324f328b51d0a276f19dee f3e79d991d464280b0329d41bf9ea437 - - b621fce73f6d42c4a41bca51a726afc4 b621fce73f6d42c4a41bca51a726afc4] 199.204.45.57 "GET /v2.0/floatingips?fixed_ip_address=10.100.0.14&port_id=c8362287-c900-4dbf-83a3-06ea7ba027e6 HTTP/1.1" status: 200 len: 217 time: 0.0261145
2026-05-06 06:17:09.497 9 INFO neutron.plugins.ml2.plugin [None req-b9bb181f-c424-4558-926b-e13d5d606e74 - - - - - -] Attempt 1 to provision port c8362287-c900-4dbf-83a3-06ea7ba027e6
2026-05-06 06:17:09.499 10 INFO neutron.db.ovn_revision_numbers_db [None req-f2eb7ea1-a81e-4b5d-8a80-107716726ee1 8e5c766801194016a35dfcbe05ef5617 1a009fe3683c4df096bc63300d7dcabf - - default default] Successfully bumped revision number for resource 440567ed-51e2-4ace-9a4c-04d03a86a589 (type: security_groups) to 1
2026-05-06 06:17:09.515 10 INFO neutron.wsgi [None req-f2eb7ea1-a81e-4b5d-8a80-107716726ee1 8e5c766801194016a35dfcbe05ef5617 1a009fe3683c4df096bc63300d7dcabf - - default default] 10.0.0.184 "GET /v2.0/security-groups?tenant_id=f91da9250e704e28a698fb7f807bad38&name=default HTTP/1.1" status: 200 len: 2996 time: 0.1326675
2026-05-06 06:17:09.521 9 INFO neutron.wsgi [req-11d9f645-ca60-41da-bd29-78f36fe3c298 req-8554340a-e4dd-4e38-8b3e-d75478e7acdf 6da3f2bf77324f328b51d0a276f19dee f3e79d991d464280b0329d41bf9ea437 - - b621fce73f6d42c4a41bca51a726afc4 b621fce73f6d42c4a41bca51a726afc4] 199.204.45.57 "GET /v2.0/subnets?id=149d07a2-39ae-47d4-9b94-af838e095bd9 HTTP/1.1" status: 200 len: 852 time: 0.0439789
2026-05-06 06:17:09.557 9 INFO neutron.wsgi [req-11d9f645-ca60-41da-bd29-78f36fe3c298 req-c153cb06-562c-446d-890a-6c5bd7f9260c 6da3f2bf77324f328b51d0a276f19dee f3e79d991d464280b0329d41bf9ea437 - - b621fce73f6d42c4a41bca51a726afc4 b621fce73f6d42c4a41bca51a726afc4] 199.204.45.57 "GET /v2.0/ports?network_id=0d85cf56-75b0-46e1-bcfe-876d582e95a8&device_owner=network%3Adhcp HTTP/1.1" status: 200 len: 210 time: 0.0264025
2026-05-06 06:17:09.649 9 INFO neutron.wsgi [req-11d9f645-ca60-41da-bd29-78f36fe3c298 req-821146ee-aefd-459b-9c2f-e28704cc78be 6da3f2bf77324f328b51d0a276f19dee f3e79d991d464280b0329d41bf9ea437 - - b621fce73f6d42c4a41bca51a726afc4 b621fce73f6d42c4a41bca51a726afc4] 199.204.45.57 "GET /v2.0/networks/0d85cf56-75b0-46e1-bcfe-876d582e95a8?fields=segments HTTP/1.1" status: 200 len: 212 time: 0.0799839
2026-05-06 06:17:09.740 9 INFO neutron.wsgi [req-11d9f645-ca60-41da-bd29-78f36fe3c298 req-adf63f61-dc53-4312-9ce5-ca67a34a3b06 6da3f2bf77324f328b51d0a276f19dee f3e79d991d464280b0329d41bf9ea437 - - b621fce73f6d42c4a41bca51a726afc4 b621fce73f6d42c4a41bca51a726afc4] 199.204.45.57 "GET /v2.0/networks/0d85cf56-75b0-46e1-bcfe-876d582e95a8?fields=provider%3Aphysical_network&fields=provider%3Anetwork_type HTTP/1.1" status: 200 len: 277 time: 0.0842967
2026-05-06 06:17:09.833 9 INFO neutron.wsgi [None req-7dfb7b4b-23e6-4a4d-bf1c-7268ecb3a63b 8e5c766801194016a35dfcbe05ef5617 1a009fe3683c4df096bc63300d7dcabf - - - -] 10.0.0.184 "DELETE /v2.0/security-groups/440567ed-51e2-4ace-9a4c-04d03a86a589 HTTP/1.1" status: 204 len: 168 time: 0.3107946
2026-05-06 06:17:09.844 9 INFO neutron.db.ovn_revision_numbers_db [None req-b9bb181f-c424-4558-926b-e13d5d606e74 - - - - - -] Successfully bumped revision number for resource c8362287-c900-4dbf-83a3-06ea7ba027e6 (type: ports) to 4
2026-05-06 06:17:10.038 10 INFO neutron.wsgi [None req-f760c6a5-748e-4f11-9c3b-7825bc80d529 8e5c766801194016a35dfcbe05ef5617 1a009fe3683c4df096bc63300d7dcabf - - default default] 10.0.0.184 "GET /v2.0/security-groups?tenant_id=ab5fee5603334d688d1bcfd8f0982003&name=default HTTP/1.1" status: 200 len: 2996 time: 0.0348842
2026-05-06 06:17:10.219 10 INFO neutron.wsgi [None req-4e3e1c3f-e0b6-4b2b-9ab7-943136c57fa5 8e5c766801194016a35dfcbe05ef5617 1a009fe3683c4df096bc63300d7dcabf - - - -] 10.0.0.184 "DELETE /v2.0/security-groups/338255ee-0e1e-4c8c-a390-52fa32a629ac HTTP/1.1" status: 204 len: 168 time: 0.1767747
2026-05-06 06:17:10.339 10 INFO neutron.wsgi [req-23fc6ebd-6267-4a63-a52d-3cb1de88ef7c req-230040be-6cbf-41e7-9fbf-751ad1c062ea 26d5c0d072e546258afcd2d53f04aa59 3256cd77fb314a2194a1ec1d1be9fa0b - - default default] 10.0.0.205 "GET /v2.0/ports?device_id=8d02aa1e-7d91-4dc9-ab29-1894536bc634 HTTP/1.1" status: 200 len: 1174 time: 0.0788405
2026-05-06 06:17:10.375 10 INFO neutron.wsgi [req-23fc6ebd-6267-4a63-a52d-3cb1de88ef7c req-3aa16610-96a3-4987-9e30-e7d47a87c0b8 26d5c0d072e546258afcd2d53f04aa59 3256cd77fb314a2194a1ec1d1be9fa0b - - default default] 10.0.0.205 "GET /v2.0/security-groups?id=841cb365-89ff-4d4d-8574-79ae5c61f050&fields=id&fields=name HTTP/1.1" status: 200 len: 312 time: 0.0274284
2026-05-06 06:17:10.824 9 INFO neutron.notifiers.nova [-] Nova event matching ['req-8c1637b0-28c2-4141-bd5d-b354de3091e2'] response: {'server_uuid': '8d02aa1e-7d91-4dc9-ab29-1894536bc634', 'name': 'network-vif-plugged', 'status': 'completed', 'tag': 'c8362287-c900-4dbf-83a3-06ea7ba027e6', 'code': 200}
2026-05-06 06:17:10.824 9 INFO neutron.notifiers.nova [-] Nova event matching ['req-8c1637b0-28c2-4141-bd5d-b354de3091e2'] response: {'server_uuid': '8d02aa1e-7d91-4dc9-ab29-1894536bc634', 'name': 'network-vif-plugged', 'status': 'completed', 'tag': 'c8362287-c900-4dbf-83a3-06ea7ba027e6', 'code': 200}
2026-05-06 06:17:11.361 10 INFO neutron.wsgi [None req-ce9439bf-6134-4a82-8bd0-4af64de45635 56dd4ced009b4bac8c95f83039e26dee e8eed9c62bf4459793f54d33e4aeaee2 - - default default] 10.0.0.184 "GET /v2.0/subnets/7e7426ae-3f1b-49b4-8305-815d7075a9be HTTP/1.1" status: 200 len: 845 time: 0.0304451
2026-05-06 06:17:11.483 10 INFO neutron.wsgi [req-c615f2f9-5baa-45ff-b163-6dd0dd899051 req-2d7aaf7d-b097-4c2d-bd69-ea239b6b4298 26d5c0d072e546258afcd2d53f04aa59 3256cd77fb314a2194a1ec1d1be9fa0b - - default default] 10.0.0.205 "GET /v2.0/ports?device_id=8d02aa1e-7d91-4dc9-ab29-1894536bc634 HTTP/1.1" status: 200 len: 1174 time: 0.0487826
2026-05-06 06:17:11.527 10 INFO neutron.wsgi [req-c615f2f9-5baa-45ff-b163-6dd0dd899051 req-f6250c44-6cc7-4516-bbcc-ba5a2dbcdcbc 26d5c0d072e546258afcd2d53f04aa59 3256cd77fb314a2194a1ec1d1be9fa0b - - default default] 10.0.0.205 "GET /v2.0/security-groups?id=841cb365-89ff-4d4d-8574-79ae5c61f050&fields=id&fields=name HTTP/1.1" status: 200 len: 312 time: 0.0364614 /var/lib/openstack/lib/python3.10/site-packages/pycadf/identifier.py:71: UserWarning: Invalid uuid: neutron. To ensure interoperability, identifiers should be a valid uuid. warnings.warn(('Invalid uuid: %s. To ensure interoperability, '
2026-05-06 06:17:11.704 9 INFO neutron.wsgi [req-049f050a-c24b-4b38-aaa7-bc3f43dcb0b6 req-f99cdf9f-c5eb-4be2-a373-dcaceb06af1e 26d5c0d072e546258afcd2d53f04aa59 3256cd77fb314a2194a1ec1d1be9fa0b - - default default] 10.0.0.205 "GET /v2.0/ports?device_id=8d02aa1e-7d91-4dc9-ab29-1894536bc634 HTTP/1.1" status: 200 len: 1174 time: 0.1033380
2026-05-06 06:17:11.750 9 INFO neutron.wsgi [req-049f050a-c24b-4b38-aaa7-bc3f43dcb0b6 req-4ef806c2-d693-4f1b-bb66-1342ffffcf10 26d5c0d072e546258afcd2d53f04aa59 3256cd77fb314a2194a1ec1d1be9fa0b - - default default] 10.0.0.205 "GET /v2.0/security-groups?id=841cb365-89ff-4d4d-8574-79ae5c61f050&fields=id&fields=name HTTP/1.1" status: 200 len: 312 time: 0.0373785
2026-05-06 06:17:11.815 10 INFO neutron.wsgi [None req-08cbde1d-5d54-4419-abed-acf0beb5c924 4ac254bb0ec74c0286be1e8a656e5fc7 59c5dd65db8d4bcc85ce91c20c3e5404 - - default default] 10.0.0.184 "GET /v2.0/ports?device_id=8d02aa1e-7d91-4dc9-ab29-1894536bc634 HTTP/1.1" status: 200 len: 1360 time: 0.0316696
2026-05-06 06:17:12.332 10 INFO neutron.wsgi [None req-ce16736c-ee82-4b21-be9a-d4be82aacbd3 8e5c766801194016a35dfcbe05ef5617 1a009fe3683c4df096bc63300d7dcabf - - default default] 10.0.0.163 "GET /v2.0/extensions/security-group HTTP/1.1" status: 200 len: 369 time: 0.4461582
2026-05-06 06:17:12.348 10 INFO neutron.wsgi [None req-6badb368-936c-494c-beb0-77f31565a26e 8e5c766801194016a35dfcbe05ef5617 1a009fe3683c4df096bc63300d7dcabf - - default default] 10.0.0.163 "GET /v2.0/extensions/dns-integration HTTP/1.1" status: 200 len: 371 time: 0.0059214
2026-05-06 06:17:12.356 10 INFO neutron.wsgi [None req-22dc5c41-46bd-4378-822f-3a722122e357 8e5c766801194016a35dfcbe05ef5617 1a009fe3683c4df096bc63300d7dcabf - - default default] 10.0.0.163 "GET /v2.0/extensions/qos HTTP/1.1" status: 200 len: 365 time: 0.0037696
2026-05-06 06:17:12.372 10 INFO neutron.wsgi [None req-e59e225e-772b-422b-bf62-38ef16932f63 8e5c766801194016a35dfcbe05ef5617 1a009fe3683c4df096bc63300d7dcabf - - default default] 10.0.0.163 "GET /v2.0/extensions/allowed-address-pairs HTTP/1.1" status: 200 len: 383 time: 0.0049007
2026-05-06 06:17:12.405 10 WARNING neutron.scheduler.dhcp_agent_scheduler [None req-bef23ff6-90df-45f7-af6f-4b278abe495c 26d5c0d072e546258afcd2d53f04aa59 3256cd77fb314a2194a1ec1d1be9fa0b - - - -] No more DHCP agents
2026-05-06 06:17:12.408 10 WARNING neutron.api.rpc.agentnotifiers.dhcp_rpc_agent_api [None req-bef23ff6-90df-45f7-af6f-4b278abe495c 26d5c0d072e546258afcd2d53f04aa59 3256cd77fb314a2194a1ec1d1be9fa0b - - - -] Unable to schedule network 830aeb48-e604-4bf4-b1f0-c30f0a97948c: no agents available; will retry on subsequent port and subnet creation events.
2026-05-06 06:17:12.907 10 INFO neutron.db.l3_db [None req-bef23ff6-90df-45f7-af6f-4b278abe495c 26d5c0d072e546258afcd2d53f04aa59 3256cd77fb314a2194a1ec1d1be9fa0b - - - -] Floating IP 10d6d277-df84-48c0-a546-174356adaf99 associated. External IP: 10.96.250.203, port: c8362287-c900-4dbf-83a3-06ea7ba027e6.
2026-05-06 06:17:12.966 9 INFO neutron.wsgi [-] 10.0.0.163 "GET / HTTP/1.1" status: 200 len: 284 time: 0.0023930
2026-05-06 06:17:13.027 9 INFO neutron.wsgi [None req-5e5dcd58-3110-41ee-82ab-a8c298e476b2 3a6ac60dbbea4286a64345ce64f2cb11 61e992dcf079458e859bf3fcb7d4243d - - default default] 10.0.0.163 "GET /v2.0/subnets/7e7426ae-3f1b-49b4-8305-815d7075a9be HTTP/1.1" status: 200 len: 832 time: 0.0573246
2026-05-06 06:17:13.041 10 INFO neutron.wsgi [None req-8d3ead81-d7da-4084-9878-17a50a49c1ba 8e5c766801194016a35dfcbe05ef5617 1a009fe3683c4df096bc63300d7dcabf - - default default] 10.0.0.163 "GET /v2.0/extensions/security-group HTTP/1.1" status: 200 len: 369 time: 0.0081356
2026-05-06 06:17:13.062 10 INFO neutron.wsgi [None req-3b502292-585d-40b9-bb23-3d54932f37e9 8e5c766801194016a35dfcbe05ef5617 1a009fe3683c4df096bc63300d7dcabf - - default default] 10.0.0.163 "GET /v2.0/extensions/dns-integration HTTP/1.1" status: 200 len: 371 time: 0.0036120
2026-05-06 06:17:13.073 10 INFO neutron.wsgi [None req-03114ef4-6775-456b-a93d-41cab524c817 8e5c766801194016a35dfcbe05ef5617 1a009fe3683c4df096bc63300d7dcabf - - default default] 10.0.0.163 "GET /v2.0/extensions/qos HTTP/1.1" status: 200 len: 365 time: 0.0067105
2026-05-06 06:17:13.082 10 INFO neutron.wsgi [None req-195ca3aa-0ff5-41f2-8619-2b358218347d 8e5c766801194016a35dfcbe05ef5617 1a009fe3683c4df096bc63300d7dcabf - - default default] 10.0.0.163 "GET /v2.0/extensions/allowed-address-pairs HTTP/1.1" status: 200 len: 383 time: 0.0039372
2026-05-06 06:17:13.131 10 INFO neutron.wsgi [None req-ac309858-2a9c-4bf0-946e-db329e842ec4 8e5c766801194016a35dfcbe05ef5617 1a009fe3683c4df096bc63300d7dcabf - - default default] 10.0.0.163 "GET /v2.0/subnets/7e7426ae-3f1b-49b4-8305-815d7075a9be HTTP/1.1" status: 200 len: 850 time: 0.0417006
2026-05-06 06:17:13.196 10 INFO neutron.db.ovn_revision_numbers_db [None req-bef23ff6-90df-45f7-af6f-4b278abe495c 26d5c0d072e546258afcd2d53f04aa59 3256cd77fb314a2194a1ec1d1be9fa0b - - - -] Successfully bumped revision number for resource 10d6d277-df84-48c0-a546-174356adaf99 (type: floatingips) to 0
2026-05-06 06:17:13.284 10 INFO neutron.db.ovn_revision_numbers_db [None req-bef23ff6-90df-45f7-af6f-4b278abe495c 26d5c0d072e546258afcd2d53f04aa59 3256cd77fb314a2194a1ec1d1be9fa0b - - - -] Successfully bumped revision number for resource 10d6d277-df84-48c0-a546-174356adaf99 (type: floatingips) to 1
2026-05-06 06:17:13.320 10 INFO neutron.wsgi [None req-bef23ff6-90df-45f7-af6f-4b278abe495c 26d5c0d072e546258afcd2d53f04aa59 3256cd77fb314a2194a1ec1d1be9fa0b - - - -] 10.0.0.184 "POST /v2.0/floatingips HTTP/1.1" status: 201 len: 1055 time: 1.4988513 /var/lib/openstack/lib/python3.10/site-packages/pycadf/identifier.py:71: UserWarning: Invalid uuid: neutron. To ensure interoperability, identifiers should be a valid uuid. warnings.warn(('Invalid uuid: %s. To ensure interoperability, '
2026-05-06 06:17:13.356 10 INFO neutron.notifiers.nova [-] Nova event matching ['req-1f0faf2c-9172-4bb3-8429-5ac740c8b4b4'] response: {'name': 'network-changed', 'server_uuid': '8d02aa1e-7d91-4dc9-ab29-1894536bc634', 'tag': 'c8362287-c900-4dbf-83a3-06ea7ba027e6', 'status': 'completed', 'code': 200}
2026-05-06 06:17:13.397 10 INFO neutron.wsgi [None req-feeadd9b-a97d-4eeb-8ecf-6fc49605de51 26d5c0d072e546258afcd2d53f04aa59 3256cd77fb314a2194a1ec1d1be9fa0b - - default default] 10.0.0.184 "GET /v2.0/floatingips/10d6d277-df84-48c0-a546-174356adaf99 HTTP/1.1" status: 200 len: 1052 time: 0.0686853
2026-05-06 06:17:13.422 9 INFO neutron.wsgi [req-b3bf53d9-1339-41fc-96e5-a9f309c0527c req-80201984-efbe-48c2-a977-afc5412d291c 6da3f2bf77324f328b51d0a276f19dee f3e79d991d464280b0329d41bf9ea437 - - b621fce73f6d42c4a41bca51a726afc4 b621fce73f6d42c4a41bca51a726afc4] 199.204.45.57 "GET /v2.0/ports?tenant_id=3256cd77fb314a2194a1ec1d1be9fa0b&device_id=8d02aa1e-7d91-4dc9-ab29-1894536bc634 HTTP/1.1" status: 200 len: 1365 time: 0.0390596
2026-05-06 06:17:13.441 10 INFO neutron.wsgi [None req-e1140214-51f9-4af3-b127-633d7d545fcb 8e5c766801194016a35dfcbe05ef5617 1a009fe3683c4df096bc63300d7dcabf - - default default] 10.0.0.163 "GET /v2.0/extensions/security-group HTTP/1.1" status: 200 len: 369 time: 0.0073526
2026-05-06 06:17:13.452 10 INFO neutron.wsgi [None req-53ae8882-c1e1-402b-9f80-c6e6b9ebd8c3 8e5c766801194016a35dfcbe05ef5617 1a009fe3683c4df096bc63300d7dcabf - - default default] 10.0.0.163 "GET /v2.0/extensions/dns-integration HTTP/1.1" status: 200 len: 371 time: 0.0055907
2026-05-06 06:17:13.461 10 INFO neutron.wsgi [None req-ba48ed5e-5f2e-4670-9680-0fc723cc69b0 8e5c766801194016a35dfcbe05ef5617 1a009fe3683c4df096bc63300d7dcabf - - default default] 10.0.0.163 "GET /v2.0/extensions/qos HTTP/1.1" status: 200 len: 365 time: 0.0039790
2026-05-06 06:17:13.470 10 INFO neutron.wsgi [None req-501f8558-98fc-45f2-afee-2d0f310e89be 8e5c766801194016a35dfcbe05ef5617 1a009fe3683c4df096bc63300d7dcabf - - default default] 10.0.0.163 "GET /v2.0/extensions/allowed-address-pairs HTTP/1.1" status: 200 len: 383 time: 0.0041130
2026-05-06 06:17:13.517 9 INFO neutron.wsgi [req-b3bf53d9-1339-41fc-96e5-a9f309c0527c req-808840ad-7689-49b0-8211-03dde758469e 6da3f2bf77324f328b51d0a276f19dee f3e79d991d464280b0329d41bf9ea437 - - b621fce73f6d42c4a41bca51a726afc4 b621fce73f6d42c4a41bca51a726afc4] 199.204.45.57 "GET /v2.0/networks?id=0d85cf56-75b0-46e1-bcfe-876d582e95a8 HTTP/1.1" status: 200 len: 959 time: 0.0821133
2026-05-06 06:17:13.554 10 INFO neutron.wsgi [None req-25b83b93-47c8-4258-ba45-aa727d7b1150 8e5c766801194016a35dfcbe05ef5617 1a009fe3683c4df096bc63300d7dcabf - - default default] 10.0.0.163 "GET /v2.0/networks/5c03f433-385c-4aea-94eb-edd1e0ce181e HTTP/1.1" status: 200 len: 1001 time: 0.0759234
2026-05-06 06:17:13.565 9 INFO neutron.wsgi [req-b3bf53d9-1339-41fc-96e5-a9f309c0527c req-93d72f62-1b2f-4629-bad7-15195f982030 6da3f2bf77324f328b51d0a276f19dee f3e79d991d464280b0329d41bf9ea437 - - b621fce73f6d42c4a41bca51a726afc4 b621fce73f6d42c4a41bca51a726afc4] 199.204.45.57 "GET /v2.0/floatingips?fixed_ip_address=10.100.0.14&port_id=c8362287-c900-4dbf-83a3-06ea7ba027e6 HTTP/1.1" status: 200 len: 1060 time: 0.0433888
2026-05-06 06:17:13.566 10 INFO neutron.wsgi [None req-04222b17-d096-416e-81d4-f831010624f0 8e5c766801194016a35dfcbe05ef5617 1a009fe3683c4df096bc63300d7dcabf - - default default] 10.0.0.163 "GET /v2.0/extensions/project-id HTTP/1.1" status: 200 len: 403 time: 0.0044155
2026-05-06 06:17:13.622 9 INFO neutron.wsgi [req-b3bf53d9-1339-41fc-96e5-a9f309c0527c req-044ff8fa-ac5a-442d-bb5e-2bf2592fe897 6da3f2bf77324f328b51d0a276f19dee f3e79d991d464280b0329d41bf9ea437 - - b621fce73f6d42c4a41bca51a726afc4 b621fce73f6d42c4a41bca51a726afc4] 199.204.45.57 "GET /v2.0/subnets?id=149d07a2-39ae-47d4-9b94-af838e095bd9 HTTP/1.1" status: 200 len: 852 time: 0.0468147
2026-05-06 06:17:13.657 9 INFO neutron.wsgi [req-b3bf53d9-1339-41fc-96e5-a9f309c0527c req-00a04450-3cd2-4732-97c9-27a35443ffe5 6da3f2bf77324f328b51d0a276f19dee f3e79d991d464280b0329d41bf9ea437 - - b621fce73f6d42c4a41bca51a726afc4 b621fce73f6d42c4a41bca51a726afc4] 199.204.45.57 "GET /v2.0/ports?network_id=0d85cf56-75b0-46e1-bcfe-876d582e95a8&device_owner=network%3Adhcp HTTP/1.1" status: 200 len: 210 time: 0.0262034
2026-05-06 06:17:13.733 9 INFO neutron.db.ovn_revision_numbers_db [None req-d05facb9-4e66-42ca-8594-8626065d5f8c d8a64a32c52a43a2a1280aa491eb4e96 5d87da21346e4548999decb92ccef5a4 - - - -] Successfully bumped revision number for resource f014ad0c-a5e5-4617-b33c-b0cc2dd88081 (type: security_groups) to 1
2026-05-06 06:17:13.740 9 INFO neutron.wsgi [req-b3bf53d9-1339-41fc-96e5-a9f309c0527c req-9c6014d5-51bf-48ed-93a9-92e8c5a64a80 6da3f2bf77324f328b51d0a276f19dee f3e79d991d464280b0329d41bf9ea437 - - b621fce73f6d42c4a41bca51a726afc4 b621fce73f6d42c4a41bca51a726afc4] 199.204.45.57 "GET /v2.0/networks/0d85cf56-75b0-46e1-bcfe-876d582e95a8?fields=segments HTTP/1.1" status: 200 len: 212 time: 0.0756528
2026-05-06 06:17:13.792 9 INFO neutron.db.segments_db [None req-d05facb9-4e66-42ca-8594-8626065d5f8c d8a64a32c52a43a2a1280aa491eb4e96 5d87da21346e4548999decb92ccef5a4 - - - -] Added segment baead315-ac3b-4d4c-9e6c-b3d9b33bdc31 of type geneve for network 1ce7cfa9-3972-4ebf-a6d7-563ad4373a50
2026-05-06 06:17:13.824 9 INFO neutron.wsgi [req-b3bf53d9-1339-41fc-96e5-a9f309c0527c req-9d979c64-6276-4a73-b487-b03572b30d65 6da3f2bf77324f328b51d0a276f19dee f3e79d991d464280b0329d41bf9ea437 - - b621fce73f6d42c4a41bca51a726afc4 b621fce73f6d42c4a41bca51a726afc4] 199.204.45.57 "GET /v2.0/networks/0d85cf56-75b0-46e1-bcfe-876d582e95a8?fields=provider%3Aphysical_network&fields=provider%3Anetwork_type HTTP/1.1" status: 200 len: 277 time: 0.0760894
2026-05-06 06:17:13.883 10 WARNING neutron.scheduler.dhcp_agent_scheduler [None req-3a832183-7c1d-4420-9258-23d8cdef6658 8e5c766801194016a35dfcbe05ef5617 1a009fe3683c4df096bc63300d7dcabf - - - -] No more DHCP agents
2026-05-06 06:17:13.887 10 WARNING neutron.api.rpc.agentnotifiers.dhcp_rpc_agent_api [None req-3a832183-7c1d-4420-9258-23d8cdef6658 8e5c766801194016a35dfcbe05ef5617 1a009fe3683c4df096bc63300d7dcabf - - - -] Unable to schedule network 5c03f433-385c-4aea-94eb-edd1e0ce181e: no agents available; will retry on subsequent port and subnet creation events.
2026-05-06 06:17:13.926 9 INFO neutron.db.ovn_revision_numbers_db [None req-d05facb9-4e66-42ca-8594-8626065d5f8c d8a64a32c52a43a2a1280aa491eb4e96 5d87da21346e4548999decb92ccef5a4 - - - -] Successfully bumped revision number for resource 1ce7cfa9-3972-4ebf-a6d7-563ad4373a50 (type: networks) to 1
2026-05-06 06:17:14.034 10 INFO neutron.db.ovn_revision_numbers_db [None req-3a832183-7c1d-4420-9258-23d8cdef6658 8e5c766801194016a35dfcbe05ef5617 1a009fe3683c4df096bc63300d7dcabf - - - -] Successfully bumped revision number for resource 3dbeee21-720d-4efd-8c8a-3a0a5adebbb1 (type: ports) to 1
2026-05-06 06:17:14.060 10 INFO neutron.wsgi [None req-3a832183-7c1d-4420-9258-23d8cdef6658 8e5c766801194016a35dfcbe05ef5617 1a009fe3683c4df096bc63300d7dcabf - - - -] 10.0.0.163 "POST /v2.0/ports HTTP/1.1" status: 201 len: 1333 time: 0.4906170
2026-05-06 06:17:14.101 9 WARNING neutron.scheduler.dhcp_agent_scheduler [None req-d05facb9-4e66-42ca-8594-8626065d5f8c d8a64a32c52a43a2a1280aa491eb4e96 5d87da21346e4548999decb92ccef5a4 - - - -] No more DHCP agents
2026-05-06 06:17:14.102 9 WARNING neutron.api.rpc.agentnotifiers.dhcp_rpc_agent_api [None req-d05facb9-4e66-42ca-8594-8626065d5f8c d8a64a32c52a43a2a1280aa491eb4e96 5d87da21346e4548999decb92ccef5a4 - - - -] Unable to schedule network 1ce7cfa9-3972-4ebf-a6d7-563ad4373a50: no agents available; will retry on subsequent port and subnet creation events.
2026-05-06 06:17:14.168 9 INFO neutron.db.ovn_revision_numbers_db [None req-d05facb9-4e66-42ca-8594-8626065d5f8c d8a64a32c52a43a2a1280aa491eb4e96 5d87da21346e4548999decb92ccef5a4 - - - -] Successfully bumped revision number for resource 57c08538-fb3e-4dce-8c59-bf681c8d58c9 (type: ports) to 1
2026-05-06 06:17:14.189 9 INFO neutron.wsgi [None req-d05facb9-4e66-42ca-8594-8626065d5f8c d8a64a32c52a43a2a1280aa491eb4e96 5d87da21346e4548999decb92ccef5a4 - - - -] 10.0.0.184 "POST /v2.0/networks HTTP/1.1" status: 201 len: 830 time: 0.7229428
2026-05-06 06:17:14.453 9 WARNING neutron.scheduler.dhcp_agent_scheduler [None req-6c4734ce-41d7-4ccb-a588-f39bc7e9473f d8a64a32c52a43a2a1280aa491eb4e96 5d87da21346e4548999decb92ccef5a4 - - - -] No more DHCP agents
2026-05-06 06:17:14.456 9 WARNING neutron.api.rpc.agentnotifiers.dhcp_rpc_agent_api [None req-6c4734ce-41d7-4ccb-a588-f39bc7e9473f d8a64a32c52a43a2a1280aa491eb4e96 5d87da21346e4548999decb92ccef5a4 - - - -] Unable to schedule network 1ce7cfa9-3972-4ebf-a6d7-563ad4373a50: no agents available; will retry on subsequent port and subnet creation events.
2026-05-06 06:17:14.534 9 INFO neutron.db.ovn_revision_numbers_db [None req-6c4734ce-41d7-4ccb-a588-f39bc7e9473f d8a64a32c52a43a2a1280aa491eb4e96 5d87da21346e4548999decb92ccef5a4 - - - -] Successfully bumped revision number for resource 9f9b942f-a0f7-406d-9aae-769f08f89d6b (type: ports) to 1
2026-05-06 06:17:14.561 9 INFO neutron.wsgi [None req-6c4734ce-41d7-4ccb-a588-f39bc7e9473f d8a64a32c52a43a2a1280aa491eb4e96 5d87da21346e4548999decb92ccef5a4 - - - -] 10.0.0.184 "POST /v2.0/ports HTTP/1.1" status: 201 len: 942 time: 0.3666337 /var/lib/openstack/lib/python3.10/site-packages/pycadf/identifier.py:71: UserWarning: Invalid uuid: neutron. To ensure interoperability, identifiers should be a valid uuid. warnings.warn(('Invalid uuid: %s. To ensure interoperability, '
2026-05-06 06:17:14.604 9 INFO neutron.wsgi [None req-6f8c6f45-5348-4f89-851b-aa0177535034 d8a64a32c52a43a2a1280aa491eb4e96 5d87da21346e4548999decb92ccef5a4 - - - -] 10.0.0.184 "PUT /v2.0/ports/9f9b942f-a0f7-406d-9aae-769f08f89d6b/tags HTTP/1.1" status: 200 len: 218 time: 0.0359471
2026-05-06 06:17:14.646 9 INFO neutron.wsgi [None req-9bd15c84-c4e9-41ea-b312-87a92d757fb5 d8a64a32c52a43a2a1280aa491eb4e96 5d87da21346e4548999decb92ccef5a4 - - default default] 10.0.0.184 "GET /v2.0/ports/9f9b942f-a0f7-406d-9aae-769f08f89d6b/tags HTTP/1.1" status: 200 len: 218 time: 0.0359192
2026-05-06 06:17:14.719 9 INFO neutron.wsgi [None req-12bf5057-3a65-455b-a638-308c1699d419 d8a64a32c52a43a2a1280aa491eb4e96 5d87da21346e4548999decb92ccef5a4 - - - -] 10.0.0.184 "PUT /v2.0/ports/9f9b942f-a0f7-406d-9aae-769f08f89d6b/tags/green HTTP/1.1" status: 201 len: 201 time: 0.0689094 /var/lib/openstack/lib/python3.10/site-packages/pycadf/identifier.py:71: UserWarning: Invalid uuid: neutron. To ensure interoperability, identifiers should be a valid uuid. warnings.warn(('Invalid uuid: %s. To ensure interoperability, '
2026-05-06 06:17:14.762 10 INFO neutron.wsgi [None req-5c823df5-8904-4d66-82d9-0c57799cb832 d8a64a32c52a43a2a1280aa491eb4e96 5d87da21346e4548999decb92ccef5a4 - - default default] 10.0.0.184 "GET /v2.0/ports/9f9b942f-a0f7-406d-9aae-769f08f89d6b/tags HTTP/1.1" status: 200 len: 227 time: 0.0379791
2026-05-06 06:17:14.812 9 INFO neutron.wsgi [None req-05c4ee63-a330-4af6-a471-2830c12fa3cc d8a64a32c52a43a2a1280aa491eb4e96 5d87da21346e4548999decb92ccef5a4 - - - -] 10.0.0.184 "PUT /v2.0/ports/9f9b942f-a0f7-406d-9aae-769f08f89d6b/tags/red HTTP/1.1" status: 201 len: 201 time: 0.0430956
2026-05-06 06:17:14.867 9 INFO neutron.wsgi [None req-f84d3d63-43df-4848-b667-b28b3856df2a d8a64a32c52a43a2a1280aa491eb4e96 5d87da21346e4548999decb92ccef5a4 - - default default] 10.0.0.184 "GET /v2.0/ports/9f9b942f-a0f7-406d-9aae-769f08f89d6b/tags HTTP/1.1" status: 200 len: 227 time: 0.0495076
2026-05-06 06:17:14.918 9 INFO neutron.wsgi [None req-dc3cb959-c8b5-4b8c-a99f-78e939c6b60f d8a64a32c52a43a2a1280aa491eb4e96 5d87da21346e4548999decb92ccef5a4 - - - -] 10.0.0.184 "PUT /v2.0/ports/9f9b942f-a0f7-406d-9aae-769f08f89d6b/tags/black.or.white HTTP/1.1" status: 201 len: 201 time: 0.0447278
2026-05-06 06:17:14.966 9 INFO neutron.wsgi [None req-5db958f7-2b86-43f3-b048-efe9f6be944a d8a64a32c52a43a2a1280aa491eb4e96 5d87da21346e4548999decb92ccef5a4 - - default default] 10.0.0.184 "GET /v2.0/ports/9f9b942f-a0f7-406d-9aae-769f08f89d6b/tags HTTP/1.1" status: 200 len: 245 time: 0.0414259
2026-05-06 06:17:15.015 9 INFO neutron.wsgi [None req-5ce7a1fe-a38d-45f0-9b00-1bccbc7c6e7f d8a64a32c52a43a2a1280aa491eb4e96 5d87da21346e4548999decb92ccef5a4 - - - -] 10.0.0.184 "PUT /v2.0/ports/9f9b942f-a0f7-406d-9aae-769f08f89d6b/tags HTTP/1.1" status: 200 len: 230 time: 0.0438654
2026-05-06 06:17:15.054 9 INFO neutron.wsgi [None req-79445d31-7bd6-4461-a95b-a32487696b5a d8a64a32c52a43a2a1280aa491eb4e96 5d87da21346e4548999decb92ccef5a4 - - default default] 10.0.0.184 "GET /v2.0/ports/9f9b942f-a0f7-406d-9aae-769f08f89d6b/tags HTTP/1.1" status: 200 len: 230 time: 0.0331268
2026-05-06 06:17:15.091 9 INFO neutron.wsgi [None req-b7e1e2a1-6ea8-4be4-b4b2-f3562a080a55 d8a64a32c52a43a2a1280aa491eb4e96 5d87da21346e4548999decb92ccef5a4 - - default default] 10.0.0.184 "GET /v2.0/ports/9f9b942f-a0f7-406d-9aae-769f08f89d6b/tags/red HTTP/1.1" status: 204 len: 168 time: 0.0306540
2026-05-06 06:17:15.132 9 INFO neutron.api.v2.resource [None req-31dc2c79-279d-4033-9c1a-64538b4f2629 d8a64a32c52a43a2a1280aa491eb4e96 5d87da21346e4548999decb92ccef5a4 - - default default] show failed (client error): The resource could not be found.
2026-05-06 06:17:15.134 9 INFO neutron.wsgi [None req-31dc2c79-279d-4033-9c1a-64538b4f2629 d8a64a32c52a43a2a1280aa491eb4e96 5d87da21346e4548999decb92ccef5a4 - - default default] 10.0.0.184 "GET /v2.0/ports/9f9b942f-a0f7-406d-9aae-769f08f89d6b/tags/green HTTP/1.1" status: 404 len: 299 time: 0.0365987
2026-05-06 06:17:15.183 10 INFO neutron.wsgi [None req-ecc79f6b-a954-47a7-ad95-22536ed44469 d8a64a32c52a43a2a1280aa491eb4e96 5d87da21346e4548999decb92ccef5a4 - - - -] 10.0.0.184 "DELETE /v2.0/ports/9f9b942f-a0f7-406d-9aae-769f08f89d6b/tags/red HTTP/1.1" status: 204 len: 168 time: 0.0428348
2026-05-06 06:17:15.226 10 INFO neutron.wsgi [None req-dc0fd33f-b082-4773-bb61-45cc8eb32655 d8a64a32c52a43a2a1280aa491eb4e96 5d87da21346e4548999decb92ccef5a4 - - default default] 10.0.0.184 "GET /v2.0/ports/9f9b942f-a0f7-406d-9aae-769f08f89d6b/tags HTTP/1.1" status: 200 len: 223 time: 0.0361304
2026-05-06 06:17:15.272 10 INFO neutron.api.v2.resource [None req-4bf01837-671e-44fa-853e-98d8972a3f02 d8a64a32c52a43a2a1280aa491eb4e96 5d87da21346e4548999decb92ccef5a4 - - - -] delete failed (client error): The resource could not be found.
2026-05-06 06:17:15.273 10 INFO neutron.wsgi [None req-4bf01837-671e-44fa-853e-98d8972a3f02 d8a64a32c52a43a2a1280aa491eb4e96 5d87da21346e4548999decb92ccef5a4 - - - -] 10.0.0.184 "DELETE /v2.0/ports/9f9b942f-a0f7-406d-9aae-769f08f89d6b/tags/green HTTP/1.1" status: 404 len: 299 time: 0.0430574
2026-05-06 06:17:15.322 10 INFO neutron.wsgi [None req-26b18d8b-097e-4ab6-9c00-6f391e5cc3e9 d8a64a32c52a43a2a1280aa491eb4e96 5d87da21346e4548999decb92ccef5a4 - - - -] 10.0.0.184 "DELETE /v2.0/ports/9f9b942f-a0f7-406d-9aae-769f08f89d6b/tags HTTP/1.1" status: 204 len: 168 time: 0.0435154
2026-05-06 06:17:15.359 10 INFO neutron.wsgi [None req-ee9fc393-67b6-48b7-a796-6ab64648a620 d8a64a32c52a43a2a1280aa491eb4e96 5d87da21346e4548999decb92ccef5a4 - - default default] 10.0.0.184 "GET /v2.0/ports/9f9b942f-a0f7-406d-9aae-769f08f89d6b/tags HTTP/1.1" status: 200 len: 205 time: 0.0306151
2026-05-06 06:17:15.457 9 INFO neutron.wsgi [None req-55dc02a6-6e42-4cab-ab7f-a1c7666d778b 8e5c766801194016a35dfcbe05ef5617 1a009fe3683c4df096bc63300d7dcabf - - default default] 199.204.45.57 "GET /v2.0/extensions/security-group HTTP/1.1" status: 200 len: 369 time: 0.0515928
2026-05-06 06:17:15.475 9 INFO neutron.wsgi [None req-537aedbc-92b1-459f-a295-9dd46575eb41 8e5c766801194016a35dfcbe05ef5617 1a009fe3683c4df096bc63300d7dcabf - - default default] 199.204.45.57 "GET /v2.0/extensions/dns-integration HTTP/1.1" status: 200 len: 371 time: 0.0082431
2026-05-06 06:17:15.485 9 INFO neutron.wsgi [None req-4499f4d6-cbcd-4dee-83b0-a65b1c13e194 8e5c766801194016a35dfcbe05ef5617 1a009fe3683c4df096bc63300d7dcabf - - default default] 199.204.45.57 "GET /v2.0/extensions/qos HTTP/1.1" status: 200 len: 365 time: 0.0050349
2026-05-06 06:17:15.495 9 INFO neutron.wsgi [None req-1a93af22-01e5-46aa-afa9-ac13e540e69c 8e5c766801194016a35dfcbe05ef5617 1a009fe3683c4df096bc63300d7dcabf - - default default] 199.204.45.57 "GET /v2.0/extensions/allowed-address-pairs HTTP/1.1" status: 200 len: 383 time: 0.0051191
2026-05-06 06:17:15.529 9 INFO neutron.wsgi [None req-2a635a95-9591-443b-bfae-c3181241f98e 8e5c766801194016a35dfcbe05ef5617 1a009fe3683c4df096bc63300d7dcabf - - default default] 199.204.45.57 "GET /v2.0/ports/3dbeee21-720d-4efd-8c8a-3a0a5adebbb1 HTTP/1.1" status: 200 len: 1328 time: 0.0262351
2026-05-06 06:17:15.621 10 INFO neutron.wsgi [None req-b8c942c9-e65b-47d1-820e-5f97a4981bcf d8a64a32c52a43a2a1280aa491eb4e96 5d87da21346e4548999decb92ccef5a4 - - - -] 10.0.0.184 "DELETE /v2.0/ports/9f9b942f-a0f7-406d-9aae-769f08f89d6b HTTP/1.1" status: 204 len: 168 time: 0.2566693
2026-05-06 06:17:15.642 9 INFO neutron.wsgi [None req-785c4bff-1569-4bad-82ee-bc474f2b65b9 8e5c766801194016a35dfcbe05ef5617 1a009fe3683c4df096bc63300d7dcabf - - default default] 199.204.45.57 "GET /v2.0/extensions/security-group HTTP/1.1" status: 200 len: 369 time: 0.0062826
2026-05-06 06:17:15.651 9 INFO neutron.wsgi [None req-87b17908-8fc7-4bcb-8513-38eef0e1ed6e 8e5c766801194016a35dfcbe05ef5617 1a009fe3683c4df096bc63300d7dcabf - - default default] 199.204.45.57 "GET /v2.0/extensions/dns-integration HTTP/1.1" status: 200 len: 371 time: 0.0041120
2026-05-06 06:17:15.663 9 INFO neutron.wsgi [None req-112eb007-dc14-43e7-9220-df134b772de9 8e5c766801194016a35dfcbe05ef5617 1a009fe3683c4df096bc63300d7dcabf - - default default] 199.204.45.57 "GET /v2.0/extensions/qos HTTP/1.1" status: 200 len: 365 time: 0.0069840
2026-05-06 06:17:15.678 9 INFO neutron.wsgi [None req-fa1c9a43-5858-43aa-8612-fa366e130d4f 8e5c766801194016a35dfcbe05ef5617 1a009fe3683c4df096bc63300d7dcabf - - default default] 199.204.45.57 "GET /v2.0/extensions/allowed-address-pairs HTTP/1.1" status: 200 len: 383 time: 0.0063765
2026-05-06 06:17:15.709 9 INFO neutron.wsgi [None req-d7dda3f8-affe-4bd8-b822-9b649951e55c 8e5c766801194016a35dfcbe05ef5617 1a009fe3683c4df096bc63300d7dcabf - - default default] 199.204.45.57 "GET /v2.0/security-groups?name=lb-3faf00df-d8df-4214-a603-6c900c4fc97b HTTP/1.1" status: 200 len: 221 time: 0.0228608
2026-05-06 06:17:15.797 9 INFO neutron.db.ovn_revision_numbers_db [None req-329dbe38-1ba3-4a2c-a789-9fb87072ec62 8e5c766801194016a35dfcbe05ef5617 1a009fe3683c4df096bc63300d7dcabf - - - -] Successfully bumped revision number for resource 61fdd793-114c-4995-9ab8-3561bc5d8eb1 (type: security_groups) to 1
2026-05-06 06:17:15.823 9 INFO neutron.wsgi [None req-329dbe38-1ba3-4a2c-a789-9fb87072ec62 8e5c766801194016a35dfcbe05ef5617 1a009fe3683c4df096bc63300d7dcabf - - - -] 199.204.45.57 "POST /v2.0/security-groups HTTP/1.1" status: 201 len: 1777 time: 0.1084023
2026-05-06 06:17:15.860 9 INFO neutron.wsgi [None req-07734370-f7f4-453d-b1b5-a5073a1be2d4 8e5c766801194016a35dfcbe05ef5617 1a009fe3683c4df096bc63300d7dcabf - - default default] 199.204.45.57 "GET /v2.0/security-group-rules?security_group_id=61fdd793-114c-4995-9ab8-3561bc5d8eb1 HTTP/1.1" status: 200 len: 1318 time: 0.0296571
2026-05-06 06:17:15.972 10 INFO neutron.services.segments.plugin [-] Segment baead315-ac3b-4d4c-9e6c-b3d9b33bdc31 resource provider aggregate not found
2026-05-06 06:17:15.996 10 INFO neutron.services.segments.plugin [-] Segment baead315-ac3b-4d4c-9e6c-b3d9b33bdc31 resource provider aggregate not found
2026-05-06 06:17:16.000 10 INFO neutron.services.segments.plugin [-] Segment baead315-ac3b-4d4c-9e6c-b3d9b33bdc31 resource provider not found; error: Placement Client Error (4xx): {"errors": [{"status": 404, "title": "Not Found", "detail": "The resource could not be found.\n\n No resource provider with uuid baead315-ac3b-4d4c-9e6c-b3d9b33bdc31 found for delete ", "request_id": "req-d31e7403-d693-441b-a344-b99720e70118"}]}
2026-05-06 06:17:16.016 10 INFO neutron.services.segments.plugin [-] Segment baead315-ac3b-4d4c-9e6c-b3d9b33bdc31 resource provider not found; error: Placement Client Error (4xx): {"errors": [{"status": 404, "title": "Not Found", "detail": "The resource could not be found.\n\n No resource provider with uuid baead315-ac3b-4d4c-9e6c-b3d9b33bdc31 found for delete ", "request_id": "req-2e501140-d3a9-4e0a-8ea8-07a4e0e9631a"}]}
2026-05-06 06:17:16.029 10 INFO neutron.wsgi [None req-13aefede-b3c5-4c9a-96ce-0778c6609e83 d8a64a32c52a43a2a1280aa491eb4e96 5d87da21346e4548999decb92ccef5a4 - - - -] 10.0.0.184 "DELETE /v2.0/networks/1ce7cfa9-3972-4ebf-a6d7-563ad4373a50 HTTP/1.1" status: 204 len: 168 time: 0.4019156
2026-05-06 06:17:16.182 9 INFO neutron.db.ovn_revision_numbers_db [None req-b80ebc7e-26fe-4917-aa9f-111622ed633a 8e5c766801194016a35dfcbe05ef5617 1a009fe3683c4df096bc63300d7dcabf - - - -] Successfully bumped revision number for resource 3dbeee21-720d-4efd-8c8a-3a0a5adebbb1 (type: ports) to 2
2026-05-06 06:17:16.192 9 INFO neutron.wsgi [None req-b80ebc7e-26fe-4917-aa9f-111622ed633a 8e5c766801194016a35dfcbe05ef5617 1a009fe3683c4df096bc63300d7dcabf - - - -] 199.204.45.57 "PUT /v2.0/ports/3dbeee21-720d-4efd-8c8a-3a0a5adebbb1 HTTP/1.1" status: 200 len: 1328 time: 0.3244429 /var/lib/openstack/lib/python3.10/site-packages/pycadf/identifier.py:71: UserWarning: Invalid uuid: neutron. To ensure interoperability, identifiers should be a valid uuid. warnings.warn(('Invalid uuid: %s. To ensure interoperability, '
2026-05-06 06:17:16.212 9 INFO neutron.wsgi [None req-9c69bd6e-f2d1-4c62-9432-bc0af0ebd6db 8e5c766801194016a35dfcbe05ef5617 1a009fe3683c4df096bc63300d7dcabf - - default default] 199.204.45.57 "GET /v2.0/extensions/security-group HTTP/1.1" status: 200 len: 369 time: 0.0072336
2026-05-06 06:17:16.221 9 INFO neutron.wsgi [None req-ae2d82f2-bc46-477b-b026-e16388eeac13 8e5c766801194016a35dfcbe05ef5617 1a009fe3683c4df096bc63300d7dcabf - - default default] 199.204.45.57 "GET /v2.0/extensions/dns-integration HTTP/1.1" status: 200 len: 371 time: 0.0040736
2026-05-06 06:17:16.229 9 INFO neutron.wsgi [None req-656aed30-8f49-4a58-9775-914391dc7de8 8e5c766801194016a35dfcbe05ef5617 1a009fe3683c4df096bc63300d7dcabf - - default default] 199.204.45.57 "GET /v2.0/extensions/qos HTTP/1.1" status: 200 len: 365 time: 0.0037074
2026-05-06 06:17:16.242 9 INFO neutron.wsgi [None req-eeb239ce-66dc-47ae-8b15-2af45ee0e1ed 8e5c766801194016a35dfcbe05ef5617 1a009fe3683c4df096bc63300d7dcabf - - default default] 199.204.45.57 "GET /v2.0/extensions/allowed-address-pairs HTTP/1.1" status: 200 len: 383 time: 0.0085373
2026-05-06 06:17:16.285 9 INFO neutron.wsgi [None req-cabb8824-f38e-482d-931a-85430d96e93c 8e5c766801194016a35dfcbe05ef5617 1a009fe3683c4df096bc63300d7dcabf - - default default] 199.204.45.57 "GET /v2.0/subnets/7e7426ae-3f1b-49b4-8305-815d7075a9be HTTP/1.1" status: 200 len: 850 time: 0.0352628
2026-05-06 06:17:16.817 10 INFO neutron.db.ovn_revision_numbers_db [None req-9499c93b-34ee-47ed-aafb-fc554bfcaa62 8e5c766801194016a35dfcbe05ef5617 1a009fe3683c4df096bc63300d7dcabf - - default default] Successfully bumped revision number for resource a2c7dec1-2ed1-4750-abd1-7997c0df2b39 (type: security_groups) to 1
2026-05-06 06:17:16.840 10 INFO neutron.wsgi [None req-9499c93b-34ee-47ed-aafb-fc554bfcaa62 8e5c766801194016a35dfcbe05ef5617 1a009fe3683c4df096bc63300d7dcabf - - default default] 10.0.0.184 "GET /v2.0/security-groups?tenant_id=1391661cb8be44258c299b1361d28003&name=default HTTP/1.1" status: 200 len: 2996 time: 0.2182148
2026-05-06 06:17:17.028 10 INFO neutron.wsgi [None req-41d5d7a1-1d74-4615-96e8-1856dea82f74 8e5c766801194016a35dfcbe05ef5617 1a009fe3683c4df096bc63300d7dcabf - - - -] 10.0.0.184 "DELETE /v2.0/security-groups/a2c7dec1-2ed1-4750-abd1-7997c0df2b39 HTTP/1.1" status: 204 len: 168 time: 0.1837206
