Aug 24 15:46:56.032953 np0000190842 devstack@neutron-api.service[101814]: DEBUG neutron.api.extensions [None req-7b97794a-20d0-4449-97ad-bf9819a289a5 None None] Ext name="Pagination support" alias="pagination" description="Extension that indicates that pagination is enabled." updated="2016-06-12T00:00:00-00:00" {{(pid=101814) _check_extension /opt/stack/neutron/neutron/api/extensions.py:415}}
Aug 24 15:46:56.032953 np0000190842 devstack@neutron-api.service[101814]: INFO neutron.api.extensions [None req-7b97794a-20d0-4449-97ad-bf9819a289a5 None None] Loaded extension: pagination
Aug 24 15:46:56.032953 np0000190842 devstack@neutron-api.service[101814]: DEBUG neutron.api.extensions [None req-7b97794a-20d0-4449-97ad-bf9819a289a5 None None] Loading extension file: port_device_profile.py {{(pid=101814) _load_all_extensions_from_path /opt/stack/neutron/neutron/api/extensions.py:449}}
Aug 24 15:46:56.033734 np0000190842 devstack@neutron-api.service[101814]: DEBUG neutron.api.extensions [None req-7b97794a-20d0-4449-97ad-bf9819a289a5 None None] Ext name="Port device profile" alias="port-device-profile" description="Expose the port device profile (Cyborg)" updated="2020-12-17T10:00:00-00:00" {{(pid=101814) _check_extension /opt/stack/neutron/neutron/api/extensions.py:415}}
Aug 24 15:46:56.033734 np0000190842 devstack@neutron-api.service[101814]: INFO neutron.api.extensions [None req-7b97794a-20d0-4449-97ad-bf9819a289a5 None None] Loaded extension: port-device-profile
Aug 24 15:46:56.033734 np0000190842 devstack@neutron-api.service[101814]: DEBUG neutron.api.extensions [None req-7b97794a-20d0-4449-97ad-bf9819a289a5 None None] Loading extension file: port_hardware_offload_type.py {{(pid=101814) _load_all_extensions_from_path /opt/stack/neutron/neutron/api/extensions.py:449}}
Aug 24 15:46:56.033734 np0000190842 devstack@neutron-api.service[101814]: DEBUG neutron.api.extensions [None req-7b97794a-20d0-4449-97ad-bf9819a289a5 None None] Ext name="Port hardware offload" alias="port-hardware-offload-type" description="Expose port hardware offload extension" updated="2023-05-09T10:00:00-00:00" {{(pid=101814) _check_extension /opt/stack/neutron/neutron/api/extensions.py:415}}
Aug 24 15:46:56.034268 np0000190842 devstack@neutron-api.service[101814]: INFO neutron.api.extensions [None req-7b97794a-20d0-4449-97ad-bf9819a289a5 None None] Extension port-hardware-offload-type not supported by any of loaded plugins
Aug 24 15:46:56.034268 np0000190842 devstack@neutron-api.service[101814]: DEBUG neutron.api.extensions [None req-7b97794a-20d0-4449-97ad-bf9819a289a5 None None] Loading extension file: port_hint_ovs_tx_steering.py {{(pid=101814) _load_all_extensions_from_path /opt/stack/neutron/neutron/api/extensions.py:449}}
Aug 24 15:46:56.034466 np0000190842 devstack@neutron-api.service[101814]: DEBUG neutron.api.extensions [None req-7b97794a-20d0-4449-97ad-bf9819a289a5 None None] Ext name="Port hint: Open vSwitch Tx steering" alias="port-hint-ovs-tx-steering" description="Enable Port hint: Open vSwitch Tx steering" updated="2023-01-01T00:00:00-00:00" {{(pid=101814) _check_extension /opt/stack/neutron/neutron/api/extensions.py:415}}
Aug 24 15:46:56.034621 np0000190842 devstack@neutron-api.service[101814]: INFO neutron.api.extensions [None req-7b97794a-20d0-4449-97ad-bf9819a289a5 None None] Extension port-hint-ovs-tx-steering not supported by any of loaded plugins
Aug 24 15:46:56.035058 np0000190842 devstack@neutron-api.service[101814]: DEBUG neutron.api.extensions [None req-7b97794a-20d0-4449-97ad-bf9819a289a5 None None] Loading extension file: port_hints.py {{(pid=101814) _load_all_extensions_from_path /opt/stack/neutron/neutron/api/extensions.py:449}}
Aug 24 15:46:56.035058 np0000190842 devstack@neutron-api.service[101814]: DEBUG neutron.api.extensions [None req-7b97794a-20d0-4449-97ad-bf9819a289a5 None None] Ext name="Port hints" alias="port-hints" description="Backend specific port hints to allow backend specific tuning" updated="2023-01-01T00:00:00-00:00" {{(pid=101814) _check_extension /opt/stack/neutron/neutron/api/extensions.py:415}}
Aug 24 15:46:56.035524 np0000190842 devstack@neutron-api.service[101814]: INFO neutron.api.extensions [None req-7b97794a-20d0-4449-97ad-bf9819a289a5 None None] Extension port-hints not supported by any of loaded plugins
Aug 24 15:46:56.035524 np0000190842 devstack@neutron-api.service[101814]: DEBUG neutron.api.extensions [None req-7b97794a-20d0-4449-97ad-bf9819a289a5 None None] Loading extension file: port_mac_address_override.py {{(pid=101814) _load_all_extensions_from_path /opt/stack/neutron/neutron/api/extensions.py:449}}
Aug 24 15:46:56.035846 np0000190842 devstack@neutron-api.service[101814]: DEBUG neutron.api.extensions [None req-7b97794a-20d0-4449-97ad-bf9819a289a5 None None] Ext name="Neutron Port MAC address override" alias="port-mac-override" description="Allow overriding the MAC address of a direct-physical Port via the active binding profile" updated="2022-03-18T10:00:00-00:00" {{(pid=101814) _check_extension /opt/stack/neutron/neutron/api/extensions.py:415}}
Aug 24 15:46:56.035846 np0000190842 devstack@neutron-api.service[101814]: INFO neutron.api.extensions [None req-7b97794a-20d0-4449-97ad-bf9819a289a5 None None] Extension port-mac-override not supported by any of loaded plugins
Aug 24 15:46:56.035846 np0000190842 devstack@neutron-api.service[101814]: DEBUG neutron.api.extensions [None req-7b97794a-20d0-4449-97ad-bf9819a289a5 None None] Loading extension file: port_mac_address_regenerate.py {{(pid=101814) _load_all_extensions_from_path /opt/stack/neutron/neutron/api/extensions.py:449}}
Aug 24 15:46:56.036187 np0000190842 devstack@neutron-api.service[101814]: DEBUG neutron.api.extensions [None req-7b97794a-20d0-4449-97ad-bf9819a289a5 None None] Ext name="Neutron Port MAC address regenerate" alias="port-mac-address-regenerate" description="Network port MAC address regenerate" updated="2018-05-03T10:00:00-00:00" {{(pid=101814) _check_extension /opt/stack/neutron/neutron/api/extensions.py:415}}
Aug 24 15:46:56.036324 np0000190842 devstack@neutron-api.service[101814]: INFO neutron.api.extensions [None req-7b97794a-20d0-4449-97ad-bf9819a289a5 None None] Loaded extension: port-mac-address-regenerate
Aug 24 15:46:56.036482 np0000190842 devstack@neutron-api.service[101814]: DEBUG neutron.api.extensions [None req-7b97794a-20d0-4449-97ad-bf9819a289a5 None None] Loading extension file: port_numa_affinity_policy.py {{(pid=101814) _load_all_extensions_from_path /opt/stack/neutron/neutron/api/extensions.py:449}}
Aug 24 15:46:56.036972 np0000190842 devstack@neutron-api.service[101814]: DEBUG neutron.api.extensions [None req-7b97794a-20d0-4449-97ad-bf9819a289a5 None None] Ext name="Port NUMA affinity policy" alias="port-numa-affinity-policy" description="Expose the port NUMA affinity policy" updated="2020-07-08T10:00:00-00:00" {{(pid=101814) _check_extension /opt/stack/neutron/neutron/api/extensions.py:415}}
Aug 24 15:46:56.036972 np0000190842 devstack@neutron-api.service[101814]: INFO neutron.api.extensions [None req-7b97794a-20d0-4449-97ad-bf9819a289a5 None None] Loaded extension: port-numa-affinity-policy
Aug 24 15:46:56.036972 np0000190842 devstack@neutron-api.service[101814]: DEBUG neutron.api.extensions [None req-7b97794a-20d0-4449-97ad-bf9819a289a5 None None] Loading extension file: port_numa_affinity_policy_socket.py {{(pid=101814) _load_all_extensions_from_path /opt/stack/neutron/neutron/api/extensions.py:449}}
Aug 24 15:46:56.037207 np0000190842 devstack@neutron-api.service[101814]: DEBUG neutron.api.extensions [None req-7b97794a-20d0-4449-97ad-bf9819a289a5 None None] Ext name="Port NUMA affinity policy "socket"" alias="port-numa-affinity-policy-socket" description="Adds "socket" to the supported port NUMA affinity policies" updated="2024-02-09T10:00:00-00:00" {{(pid=101814) _check_extension /opt/stack/neutron/neutron/api/extensions.py:415}}
Aug 24 15:46:56.037356 np0000190842 devstack@neutron-api.service[101814]: INFO neutron.api.extensions [None req-7b97794a-20d0-4449-97ad-bf9819a289a5 None None] Loaded extension: port-numa-affinity-policy-socket
Aug 24 15:46:56.037356 np0000190842 devstack@neutron-api.service[101814]: DEBUG neutron.api.extensions [None req-7b97794a-20d0-4449-97ad-bf9819a289a5 None None] Loading extension file: port_resource_request.py {{(pid=101814) _load_all_extensions_from_path /opt/stack/neutron/neutron/api/extensions.py:449}}
Aug 24 15:46:56.037668 np0000190842 devstack@neutron-api.service[101814]: DEBUG neutron.api.extensions [None req-7b97794a-20d0-4449-97ad-bf9819a289a5 None None] Ext name="Port Resource Request" alias="port-resource-request" description="Expose resource request to Port" updated="2018-05-08T10:00:00-00:00" {{(pid=101814) _check_extension /opt/stack/neutron/neutron/api/extensions.py:415}}
Aug 24 15:46:56.037834 np0000190842 devstack@neutron-api.service[101814]: INFO neutron.api.extensions [None req-7b97794a-20d0-4449-97ad-bf9819a289a5 None None] Extension port-resource-request not supported by any of loaded plugins
Aug 24 15:46:56.037834 np0000190842 devstack@neutron-api.service[101814]: DEBUG neutron.api.extensions [None req-7b97794a-20d0-4449-97ad-bf9819a289a5 None None] Loading extension file: port_resource_request_groups.py {{(pid=101814) _load_all_extensions_from_path /opt/stack/neutron/neutron/api/extensions.py:449}}
Aug 24 15:46:56.038126 np0000190842 devstack@neutron-api.service[101814]: DEBUG neutron.api.extensions [None req-7b97794a-20d0-4449-97ad-bf9819a289a5 None None] Ext name="Port Resource Request Groups" alias="port-resource-request-groups" description="Support requesting multiple groups of resources and traits from the same RP subtree in resource_request" updated="2021-08-02T10:00:00-00:00" {{(pid=101814) _check_extension /opt/stack/neutron/neutron/api/extensions.py:415}}
Aug 24 15:46:56.038314 np0000190842 devstack@neutron-api.service[101814]: INFO neutron.api.extensions [None req-7b97794a-20d0-4449-97ad-bf9819a289a5 None None] Extension port-resource-request-groups not supported by any of loaded plugins
Aug 24 15:46:56.038314 np0000190842 devstack@neutron-api.service[101814]: DEBUG neutron.api.extensions [None req-7b97794a-20d0-4449-97ad-bf9819a289a5 None None] Loading extension file: port_trusted_vif.py {{(pid=101814) _load_all_extensions_from_path /opt/stack/neutron/neutron/api/extensions.py:449}}
Aug 24 15:46:56.038614 np0000190842 devstack@neutron-api.service[101814]: DEBUG neutron.api.extensions [None req-7b97794a-20d0-4449-97ad-bf9819a289a5 None None] Ext name="Port trusted vif" alias="port-trusted-vif" description="Expose port 'trusted' attribute in the API" updated="2024-07-10T10:00:00-00:00" {{(pid=101814) _check_extension /opt/stack/neutron/neutron/api/extensions.py:415}}
Aug 24 15:46:56.038765 np0000190842 devstack@neutron-api.service[101814]: INFO neutron.api.extensions [None req-7b97794a-20d0-4449-97ad-bf9819a289a5 None None] Extension port-trusted-vif not supported by any of loaded plugins
Aug 24 15:46:56.038765 np0000190842 devstack@neutron-api.service[101814]: DEBUG neutron.api.extensions [None req-7b97794a-20d0-4449-97ad-bf9819a289a5 None None] Loading extension file: portbindings.py {{(pid=101814) _load_all_extensions_from_path /opt/stack/neutron/neutron/api/extensions.py:449}}
Aug 24 15:46:56.039082 np0000190842 devstack@neutron-api.service[101814]: DEBUG neutron.api.extensions [None req-7b97794a-20d0-4449-97ad-bf9819a289a5 None None] Ext name="Port Binding" alias="binding" description="Expose port bindings of a virtual port to external application" updated="2014-02-03T10:00:00-00:00" {{(pid=101814) _check_extension /opt/stack/neutron/neutron/api/extensions.py:415}}
Aug 24 15:46:56.039220 np0000190842 devstack@neutron-api.service[101814]: INFO neutron.api.extensions [None req-7b97794a-20d0-4449-97ad-bf9819a289a5 None None] Loaded extension: binding
Aug 24 15:46:56.039345 np0000190842 devstack@neutron-api.service[101814]: DEBUG neutron.api.extensions [None req-7b97794a-20d0-4449-97ad-bf9819a289a5 None None] Loading extension file: portbindings_extended.py {{(pid=101814) _load_all_extensions_from_path /opt/stack/neutron/neutron/api/extensions.py:449}}
Aug 24 15:46:56.039605 np0000190842 devstack@neutron-api.service[101814]: DEBUG neutron.api.extensions [None req-7b97794a-20d0-4449-97ad-bf9819a289a5 None None] Ext name="Port Bindings Extended" alias="binding-extended" description="Expose port bindings of a virtual port to external application" updated="2017-07-17T10:00:00-00:00" {{(pid=101814) _check_extension /opt/stack/neutron/neutron/api/extensions.py:415}}
Aug 24 15:46:56.039845 np0000190842 devstack@neutron-api.service[101814]: INFO neutron.api.extensions [None req-7b97794a-20d0-4449-97ad-bf9819a289a5 None None] Loaded extension: binding-extended
Aug 24 15:46:56.039845 np0000190842 devstack@neutron-api.service[101814]: DEBUG neutron.api.extensions [None req-7b97794a-20d0-4449-97ad-bf9819a289a5 None None] Loading extension file: portsecurity.py {{(pid=101814) _load_all_extensions_from_path /opt/stack/neutron/neutron/api/extensions.py:449}}
Aug 24 15:46:56.040108 np0000190842 devstack@neutron-api.service[101814]: DEBUG neutron.api.extensions [None req-7b97794a-20d0-4449-97ad-bf9819a289a5 None None] Ext name="Port Security" alias="port-security" description="Provides port security" updated="2012-07-23T10:00:00-00:00" {{(pid=101814) _check_extension /opt/stack/neutron/neutron/api/extensions.py:415}}
Aug 24 15:46:56.040285 np0000190842 devstack@neutron-api.service[101814]: INFO neutron.api.extensions [None req-7b97794a-20d0-4449-97ad-bf9819a289a5 None None] Loaded extension: port-security
Aug 24 15:46:56.040416 np0000190842 devstack@neutron-api.service[101814]: DEBUG neutron.api.extensions [None req-7b97794a-20d0-4449-97ad-bf9819a289a5 None None] Loading extension file: project_id.py {{(pid=101814) _load_all_extensions_from_path /opt/stack/neutron/neutron/api/extensions.py:449}}
Aug 24 15:46:56.040589 np0000190842 devstack@neutron-api.service[101814]: DEBUG neutron.api.extensions [None req-7b97794a-20d0-4449-97ad-bf9819a289a5 None None] Ext name="project_id field enabled" alias="project-id" description="Extension that indicates that project_id field is enabled." updated="2016-09-09T09:09:09-09:09" {{(pid=101814) _check_extension /opt/stack/neutron/neutron/api/extensions.py:415}}
Aug 24 15:46:56.040718 np0000190842 devstack@neutron-api.service[101814]: INFO neutron.api.extensions [None req-7b97794a-20d0-4449-97ad-bf9819a289a5 None None] Loaded extension: project-id
Aug 24 15:46:56.040718 np0000190842 devstack@neutron-api.service[101814]: DEBUG neutron.api.extensions [None req-7b97794a-20d0-4449-97ad-bf9819a289a5 None None] Loading extension file: providernet.py {{(pid=101814) _load_all_extensions_from_path /opt/stack/neutron/neutron/api/extensions.py:449}}
Aug 24 15:46:56.041084 np0000190842 devstack@neutron-api.service[101814]: DEBUG neutron.api.extensions [None req-7b97794a-20d0-4449-97ad-bf9819a289a5 None None] Ext name="Provider Network" alias="provider" description="Expose mapping of virtual networks to physical networks" updated="2012-09-07T10:00:00-00:00" {{(pid=101814) _check_extension /opt/stack/neutron/neutron/api/extensions.py:415}}
Aug 24 15:46:56.041273 np0000190842 devstack@neutron-api.service[101814]: INFO neutron.api.extensions [None req-7b97794a-20d0-4449-97ad-bf9819a289a5 None None] Loaded extension: provider
Aug 24 15:46:56.041273 np0000190842 devstack@neutron-api.service[101814]: DEBUG neutron.api.extensions [None req-7b97794a-20d0-4449-97ad-bf9819a289a5 None None] Loading extension file: pvlan.py {{(pid=101814) _load_all_extensions_from_path /opt/stack/neutron/neutron/api/extensions.py:449}}
Aug 24 15:46:56.041510 np0000190842 devstack@neutron-api.service[101814]: DEBUG neutron.api.extensions [None req-7b97794a-20d0-4449-97ad-bf9819a289a5 None None] Ext name="Private VLAN" alias="pvlan" description="The Private VLAN semantics extension." updated="2026-02-03T10:00:00-00:00" {{(pid=101814) _check_extension /opt/stack/neutron/neutron/api/extensions.py:415}}
Aug 24 15:46:56.041686 np0000190842 devstack@neutron-api.service[101814]: INFO neutron.api.extensions [None req-7b97794a-20d0-4449-97ad-bf9819a289a5 None None] Extension pvlan not supported by any of loaded plugins
Aug 24 15:46:56.041815 np0000190842 devstack@neutron-api.service[101814]: DEBUG neutron.api.extensions [None req-7b97794a-20d0-4449-97ad-bf9819a289a5 None None] Loading extension file: qinq.py {{(pid=101814) _load_all_extensions_from_path /opt/stack/neutron/neutron/api/extensions.py:449}}
Aug 24 15:46:56.042070 np0000190842 devstack@neutron-api.service[101814]: DEBUG neutron.api.extensions [None req-7b97794a-20d0-4449-97ad-bf9819a289a5 None None] Ext name="QinQ networks" alias="qinq" description="Expose network 'qinq' attribute in the API. This allows to configure network to allow vlan in vlan configuration using 0x88a8 ethertype (QinQ)." updated="2024-12-02T10:00:00-00:00" {{(pid=101814) _check_extension /opt/stack/neutron/neutron/api/extensions.py:415}}
Aug 24 15:46:56.042246 np0000190842 devstack@neutron-api.service[101814]: INFO neutron.api.extensions [None req-7b97794a-20d0-4449-97ad-bf9819a289a5 None None] Loaded extension: qinq
Aug 24 15:46:56.042400 np0000190842 devstack@neutron-api.service[101811]: INFO neutron.plugins.ml2.drivers.type_vlan [None req-9588d29e-6c19-47a7-9746-9e105873fd0a None None] VlanTypeDriver initialization complete
Aug 24 15:46:56.042817 np0000190842 devstack@neutron-api.service[101814]: DEBUG neutron.api.extensions [None req-7b97794a-20d0-4449-97ad-bf9819a289a5 None None] Loading extension file: qos.py {{(pid=101814) _load_all_extensions_from_path /opt/stack/neutron/neutron/api/extensions.py:449}}
Aug 24 15:46:56.042972 np0000190842 devstack@neutron-api.service[101811]: INFO neutron.plugins.ml2.managers [None req-9588d29e-6c19-47a7-9746-9e105873fd0a None None] Initializing extension driver 'port_security'
Aug 24 15:46:56.042972 np0000190842 devstack@neutron-api.service[101811]: INFO neutron.plugins.ml2.extensions.port_security [None req-9588d29e-6c19-47a7-9746-9e105873fd0a None None] PortSecurityExtensionDriver initialization complete
Aug 24 15:46:56.042972 np0000190842 devstack@neutron-api.service[101811]: INFO neutron.plugins.ml2.managers [None req-9588d29e-6c19-47a7-9746-9e105873fd0a None None] Initializing extension driver 'qos'
Aug 24 15:46:56.042972 np0000190842 devstack@neutron-api.service[101811]: DEBUG neutron.plugins.ml2.extensions.qos [None req-9588d29e-6c19-47a7-9746-9e105873fd0a None None] QosExtensionDriver initialization complete {{(pid=101811) initialize /opt/stack/neutron/neutron/plugins/ml2/extensions/qos.py:31}}
Aug 24 15:46:56.042972 np0000190842 devstack@neutron-api.service[101811]: INFO neutron.plugins.ml2.managers [None req-9588d29e-6c19-47a7-9746-9e105873fd0a None None] Initializing mechanism driver 'ovn'
Aug 24 15:46:56.042972 np0000190842 devstack@neutron-api.service[101811]: INFO neutron.plugins.ml2.drivers.ovn.mech_driver.mech_driver [None req-9588d29e-6c19-47a7-9746-9e105873fd0a None None] Starting OVNMechanismDriver
Aug 24 15:46:56.043337 np0000190842 devstack@neutron-api.service[101814]: DEBUG neutron.api.extensions [None req-7b97794a-20d0-4449-97ad-bf9819a289a5 None None] Ext name="Quality of Service" alias="qos" description="The Quality of Service extension." updated="2015-06-08T10:00:00-00:00" {{(pid=101814) _check_extension /opt/stack/neutron/neutron/api/extensions.py:415}}
Aug 24 15:46:56.043579 np0000190842 devstack@neutron-api.service[101814]: INFO neutron.api.extensions [None req-7b97794a-20d0-4449-97ad-bf9819a289a5 None None] Extension qos not supported by any of loaded plugins
Aug 24 15:46:56.043579 np0000190842 devstack@neutron-api.service[101814]: DEBUG neutron.api.extensions [None req-7b97794a-20d0-4449-97ad-bf9819a289a5 None None] Loading extension file: qos_bw_limit_direction.py {{(pid=101814) _load_all_extensions_from_path /opt/stack/neutron/neutron/api/extensions.py:449}}
Aug 24 15:46:56.044118 np0000190842 devstack@neutron-api.service[101814]: DEBUG neutron.api.extensions [None req-7b97794a-20d0-4449-97ad-bf9819a289a5 None None] Ext name="Direction for QoS bandwidth limit rule" alias="qos-bw-limit-direction" description="Allow to configure QoS bandwidth limit rule with specific direction: ingress or egress" updated="2017-04-10T10:00:00-00:00" {{(pid=101814) _check_extension /opt/stack/neutron/neutron/api/extensions.py:415}}
Aug 24 15:46:56.044274 np0000190842 devstack@neutron-api.service[101814]: INFO neutron.api.extensions [None req-7b97794a-20d0-4449-97ad-bf9819a289a5 None None] Extension qos-bw-limit-direction not supported by any of loaded plugins
Aug 24 15:46:56.044274 np0000190842 devstack@neutron-api.service[101814]: DEBUG neutron.api.extensions [None req-7b97794a-20d0-4449-97ad-bf9819a289a5 None None] Loading extension file: qos_bw_minimum_ingress.py {{(pid=101814) _load_all_extensions_from_path /opt/stack/neutron/neutron/api/extensions.py:449}}
Aug 24 15:46:56.044547 np0000190842 devstack@neutron-api.service[101814]: DEBUG neutron.api.extensions [None req-7b97794a-20d0-4449-97ad-bf9819a289a5 None None] Ext name="Ingress direction for QoS minimum bandwidth rule" alias="qos-bw-minimum-ingress" description="Allow to configure QoS minumum bandwidth rule with ingress direction." updated="2018-07-09T10:00:00-00:00" {{(pid=101814) _check_extension /opt/stack/neutron/neutron/api/extensions.py:415}}
Aug 24 15:46:56.044699 np0000190842 devstack@neutron-api.service[101811]: DEBUG neutron_lib.callbacks.manager [None req-9588d29e-6c19-47a7-9746-9e105873fd0a None None] Subscribe: > process before_spawn 55550000, False {{(pid=101811) subscribe /opt/stack/data/venv/lib/python3.12/site-packages/neutron_lib/callbacks/manager.py:52}}
Aug 24 15:46:56.044864 np0000190842 devstack@neutron-api.service[101814]: INFO neutron.api.extensions [None req-7b97794a-20d0-4449-97ad-bf9819a289a5 None None] Extension qos-bw-minimum-ingress not supported by any of loaded plugins
Aug 24 15:46:56.044864 np0000190842 devstack@neutron-api.service[101814]: DEBUG neutron.api.extensions [None req-7b97794a-20d0-4449-97ad-bf9819a289a5 None None] Loading extension file: qos_default.py {{(pid=101814) _load_all_extensions_from_path /opt/stack/neutron/neutron/api/extensions.py:449}}
Aug 24 15:46:56.045049 np0000190842 devstack@neutron-api.service[101811]: DEBUG neutron_lib.callbacks.manager [None req-9588d29e-6c19-47a7-9746-9e105873fd0a None None] Subscribe: > process after_init 55550000, True {{(pid=101811) subscribe /opt/stack/data/venv/lib/python3.12/site-packages/neutron_lib/callbacks/manager.py:52}}
Aug 24 15:46:56.045049 np0000190842 devstack@neutron-api.service[101811]: DEBUG neutron_lib.callbacks.manager [None req-9588d29e-6c19-47a7-9746-9e105873fd0a None None] Subscribe: > segment after_create 55550000, False {{(pid=101811) subscribe /opt/stack/data/venv/lib/python3.12/site-packages/neutron_lib/callbacks/manager.py:52}}
Aug 24 15:46:56.045049 np0000190842 devstack@neutron-api.service[101811]: DEBUG neutron_lib.callbacks.manager [None req-9588d29e-6c19-47a7-9746-9e105873fd0a None None] Subscribe: > segment after_create 55550000, False {{(pid=101811) subscribe /opt/stack/data/venv/lib/python3.12/site-packages/neutron_lib/callbacks/manager.py:52}}
Aug 24 15:46:56.045216 np0000190842 devstack@neutron-api.service[101814]: DEBUG neutron.api.extensions [None req-7b97794a-20d0-4449-97ad-bf9819a289a5 None None] Ext name="QoS default policy" alias="qos-default" description="Expose the QoS default policy per project" updated="2017-041-06T10:00:00-00:00" {{(pid=101814) _check_extension /opt/stack/neutron/neutron/api/extensions.py:415}}
Aug 24 15:46:56.045325 np0000190842 devstack@neutron-api.service[101811]: DEBUG neutron_lib.callbacks.manager [None req-9588d29e-6c19-47a7-9746-9e105873fd0a None None] Subscribe: > segment after_delete 55550000, False {{(pid=101811) subscribe /opt/stack/data/venv/lib/python3.12/site-packages/neutron_lib/callbacks/manager.py:52}}
Aug 24 15:46:56.045473 np0000190842 devstack@neutron-api.service[101814]: INFO neutron.api.extensions [None req-7b97794a-20d0-4449-97ad-bf9819a289a5 None None] Extension qos-default not supported by any of loaded plugins
Aug 24 15:46:56.045619 np0000190842 devstack@neutron-api.service[101811]: DEBUG neutron_lib.callbacks.manager [None req-9588d29e-6c19-47a7-9746-9e105873fd0a None None] Subscribe: > allowed_address_pair before_create 55550000, False {{(pid=101811) subscribe /opt/stack/data/venv/lib/python3.12/site-packages/neutron_lib/callbacks/manager.py:52}}
Aug 24 15:46:56.045763 np0000190842 devstack@neutron-api.service[101814]: DEBUG neutron.api.extensions [None req-7b97794a-20d0-4449-97ad-bf9819a289a5 None None] Loading extension file: qos_fip.py {{(pid=101814) _load_all_extensions_from_path /opt/stack/neutron/neutron/api/extensions.py:449}}
Aug 24 15:46:56.045934 np0000190842 devstack@neutron-api.service[101811]: DEBUG neutron_lib.callbacks.manager [None req-9588d29e-6c19-47a7-9746-9e105873fd0a None None] Subscribe: > security_group precommit_create 55550000, False {{(pid=101811) subscribe /opt/stack/data/venv/lib/python3.12/site-packages/neutron_lib/callbacks/manager.py:52}}
Aug 24 15:46:56.045934 np0000190842 devstack@neutron-api.service[101811]: DEBUG neutron_lib.callbacks.manager [None req-9588d29e-6c19-47a7-9746-9e105873fd0a None None] Subscribe: > security_group after_update 55550000, False {{(pid=101811) subscribe /opt/stack/data/venv/lib/python3.12/site-packages/neutron_lib/callbacks/manager.py:52}}
Aug 24 15:46:56.045934 np0000190842 devstack@neutron-api.service[101811]: DEBUG neutron_lib.callbacks.manager [None req-9588d29e-6c19-47a7-9746-9e105873fd0a None None] Subscribe: > security_group after_create 55550000, False {{(pid=101811) subscribe /opt/stack/data/venv/lib/python3.12/site-packages/neutron_lib/callbacks/manager.py:52}}
Aug 24 15:46:56.046156 np0000190842 devstack@neutron-api.service[101814]: DEBUG neutron.api.extensions [None req-7b97794a-20d0-4449-97ad-bf9819a289a5 None None] Ext name="Floating IP QoS" alias="qos-fip" description="The floating IP Quality of Service extension" updated="2017-07-20T00:00:00-00:00" {{(pid=101814) _check_extension /opt/stack/neutron/neutron/api/extensions.py:415}}
Aug 24 15:46:56.046288 np0000190842 devstack@neutron-api.service[101811]: DEBUG neutron_lib.callbacks.manager [None req-9588d29e-6c19-47a7-9746-9e105873fd0a None None] Subscribe: > security_group precommit_delete 55550000, False {{(pid=101811) subscribe /opt/stack/data/venv/lib/python3.12/site-packages/neutron_lib/callbacks/manager.py:52}}
Aug 24 15:46:56.046421 np0000190842 devstack@neutron-api.service[101814]: INFO neutron.api.extensions [None req-7b97794a-20d0-4449-97ad-bf9819a289a5 None None] Extension qos-fip not supported by any of loaded plugins
Aug 24 15:46:56.046567 np0000190842 devstack@neutron-api.service[101811]: DEBUG neutron_lib.callbacks.manager [None req-9588d29e-6c19-47a7-9746-9e105873fd0a None None] Subscribe: > security_group after_delete 55550000, False {{(pid=101811) subscribe /opt/stack/data/venv/lib/python3.12/site-packages/neutron_lib/callbacks/manager.py:52}}
Aug 24 15:46:56.046708 np0000190842 devstack@neutron-api.service[101814]: DEBUG neutron.api.extensions [None req-7b97794a-20d0-4449-97ad-bf9819a289a5 None None] Loading extension file: qos_fip_network_policy.py {{(pid=101814) _load_all_extensions_from_path /opt/stack/neutron/neutron/api/extensions.py:449}}
Aug 24 15:46:56.046865 np0000190842 devstack@neutron-api.service[101811]: DEBUG neutron_lib.callbacks.manager [None req-9588d29e-6c19-47a7-9746-9e105873fd0a None None] Subscribe: > security_group_rule precommit_create 55550000, False {{(pid=101811) subscribe /opt/stack/data/venv/lib/python3.12/site-packages/neutron_lib/callbacks/manager.py:52}}
Aug 24 15:46:56.046865 np0000190842 devstack@neutron-api.service[101811]: DEBUG neutron_lib.callbacks.manager [None req-9588d29e-6c19-47a7-9746-9e105873fd0a None None] Subscribe: > security_group_rule after_create 55550000, False {{(pid=101811) subscribe /opt/stack/data/venv/lib/python3.12/site-packages/neutron_lib/callbacks/manager.py:52}}
Aug 24 15:46:56.046865 np0000190842 devstack@neutron-api.service[101811]: DEBUG neutron_lib.callbacks.manager [None req-9588d29e-6c19-47a7-9746-9e105873fd0a None None] Subscribe: > security_group_rule before_delete 55550000, False {{(pid=101811) subscribe /opt/stack/data/venv/lib/python3.12/site-packages/neutron_lib/callbacks/manager.py:52}}
Aug 24 15:46:56.047102 np0000190842 devstack@neutron-api.service[101814]: DEBUG neutron.api.extensions [None req-7b97794a-20d0-4449-97ad-bf9819a289a5 None None] Ext name="QoS floating IP network policy ID" alias="qos-fip-network-policy" description="Adds a the QoS network ID to the floating IP definition" updated="2021-11-15T10:00:00-00:00" {{(pid=101814) _check_extension /opt/stack/neutron/neutron/api/extensions.py:415}}
Aug 24 15:46:56.047243 np0000190842 devstack@neutron-api.service[101811]: DEBUG neutron_lib.callbacks.manager [None req-9588d29e-6c19-47a7-9746-9e105873fd0a None None] Subscribe: > address_group after_create 55550000, False {{(pid=101811) subscribe /opt/stack/data/venv/lib/python3.12/site-packages/neutron_lib/callbacks/manager.py:52}}
Aug 24 15:46:56.047410 np0000190842 devstack@neutron-api.service[101814]: INFO neutron.api.extensions [None req-7b97794a-20d0-4449-97ad-bf9819a289a5 None None] Extension qos-fip-network-policy not supported by any of loaded plugins
Aug 24 15:46:56.047732 np0000190842 devstack@neutron-api.service[101811]: DEBUG neutron_lib.callbacks.manager [None req-9588d29e-6c19-47a7-9746-9e105873fd0a None None] Subscribe: > address_group after_update 55550000, False {{(pid=101811) subscribe /opt/stack/data/venv/lib/python3.12/site-packages/neutron_lib/callbacks/manager.py:52}}
Aug 24 15:46:56.047903 np0000190842 devstack@neutron-api.service[101814]: DEBUG neutron.api.extensions [None req-7b97794a-20d0-4449-97ad-bf9819a289a5 None None] Loading extension file: qos_gateway_ip.py {{(pid=101814) _load_all_extensions_from_path /opt/stack/neutron/neutron/api/extensions.py:449}}
Aug 24 15:46:56.048049 np0000190842 devstack@neutron-api.service[101811]: DEBUG neutron_lib.callbacks.manager [None req-9588d29e-6c19-47a7-9746-9e105873fd0a None None] Subscribe: > address_group after_delete 55550000, False {{(pid=101811) subscribe /opt/stack/data/venv/lib/python3.12/site-packages/neutron_lib/callbacks/manager.py:52}}
Aug 24 15:46:56.048049 np0000190842 devstack@neutron-api.service[101811]: DEBUG neutron_lib.callbacks.manager [None req-9588d29e-6c19-47a7-9746-9e105873fd0a None None] Subscribe: > qos_plugin after_init 55550000, False {{(pid=101811) subscribe /opt/stack/data/venv/lib/python3.12/site-packages/neutron_lib/callbacks/manager.py:52}}
Aug 24 15:46:56.048249 np0000190842 devstack@neutron-api.service[101814]: DEBUG neutron.api.extensions [None req-7b97794a-20d0-4449-97ad-bf9819a289a5 None None] Ext name="Router gateway IP QoS" alias="qos-gateway-ip" description="The Router gateway IP Quality of Service extension" updated="2018-02-24T00:00:00-00:00" {{(pid=101814) _check_extension /opt/stack/neutron/neutron/api/extensions.py:415}}
Aug 24 15:46:56.048455 np0000190842 devstack@neutron-api.service[101811]: DEBUG neutron_lib.callbacks.manager [None req-9588d29e-6c19-47a7-9746-9e105873fd0a None None] Subscribe: > trunk_plugin after_init 55550000, False {{(pid=101811) subscribe /opt/stack/data/venv/lib/python3.12/site-packages/neutron_lib/callbacks/manager.py:52}}
Aug 24 15:46:56.048653 np0000190842 devstack@neutron-api.service[101814]: INFO neutron.api.extensions [None req-7b97794a-20d0-4449-97ad-bf9819a289a5 None None] Extension qos-gateway-ip not supported by any of loaded plugins
Aug 24 15:46:56.048653 np0000190842 devstack@neutron-api.service[101814]: DEBUG neutron.api.extensions [None req-7b97794a-20d0-4449-97ad-bf9819a289a5 None None] Loading extension file: qos_port_network_policy.py {{(pid=101814) _load_all_extensions_from_path /opt/stack/neutron/neutron/api/extensions.py:449}}
Aug 24 15:46:56.048857 np0000190842 devstack@neutron-api.service[101811]: DEBUG neutron_lib.callbacks.manager [None req-9588d29e-6c19-47a7-9746-9e105873fd0a None None] Subscribe: > logging-plugin after_init 55550000, False {{(pid=101811) subscribe /opt/stack/data/venv/lib/python3.12/site-packages/neutron_lib/callbacks/manager.py:52}}
Aug 24 15:46:56.049013 np0000190842 devstack@neutron-api.service[101814]: DEBUG neutron.api.extensions [None req-7b97794a-20d0-4449-97ad-bf9819a289a5 None None] Ext name="QoS port network policy ID" alias="qos-port-network-policy" description="Adds a the QoS network ID to the port definition" updated="2019-11-01T10:00:00-00:00" {{(pid=101814) _check_extension /opt/stack/neutron/neutron/api/extensions.py:415}}
Aug 24 15:46:56.049013 np0000190842 devstack@neutron-api.service[101814]: INFO neutron.api.extensions [None req-7b97794a-20d0-4449-97ad-bf9819a289a5 None None] Extension qos-port-network-policy not supported by any of loaded plugins
Aug 24 15:46:56.049013 np0000190842 devstack@neutron-api.service[101814]: DEBUG neutron.api.extensions [None req-7b97794a-20d0-4449-97ad-bf9819a289a5 None None] Loading extension file: qos_pps_minimum_rule.py {{(pid=101814) _load_all_extensions_from_path /opt/stack/neutron/neutron/api/extensions.py:449}}
Aug 24 15:46:56.049194 np0000190842 devstack@neutron-api.service[101811]: INFO neutron.services.logapi.drivers.ovn.driver [None req-9588d29e-6c19-47a7-9746-9e105873fd0a None None] OVN logging driver registered
Aug 24 15:46:56.049194 np0000190842 devstack@neutron-api.service[101811]: DEBUG neutron_lib.callbacks.manager [None req-9588d29e-6c19-47a7-9746-9e105873fd0a None None] Subscribe: ._register_pvlan_driver at 0x71c6e54fb600> pvlan_plugin before_spawn 55550000, False {{(pid=101811) subscribe /opt/stack/data/venv/lib/python3.12/site-packages/neutron_lib/callbacks/manager.py:52}}
Aug 24 15:46:56.049392 np0000190842 devstack@neutron-api.service[101814]: DEBUG neutron.api.extensions [None req-7b97794a-20d0-4449-97ad-bf9819a289a5 None None] Ext name="QoS minimum packet rate rule" alias="qos-pps-minimum" description="Allow to configure QoS minimum packet rate rule." updated="2021-07-14T10:00:00-00:00" {{(pid=101814) _check_extension /opt/stack/neutron/neutron/api/extensions.py:415}}
Aug 24 15:46:56.049527 np0000190842 devstack@neutron-api.service[101811]: DEBUG neutron_lib.callbacks.manager [None req-9588d29e-6c19-47a7-9746-9e105873fd0a None None] Subscribe: process after_init 55550000, False {{(pid=101811) subscribe /opt/stack/data/venv/lib/python3.12/site-packages/neutron_lib/callbacks/manager.py:52}}
Aug 24 15:46:56.049667 np0000190842 devstack@neutron-api.service[101814]: INFO neutron.api.extensions [None req-7b97794a-20d0-4449-97ad-bf9819a289a5 None None] Extension qos-pps-minimum not supported by any of loaded plugins
Aug 24 15:46:56.049667 np0000190842 devstack@neutron-api.service[101814]: DEBUG neutron.api.extensions [None req-7b97794a-20d0-4449-97ad-bf9819a289a5 None None] Loading extension file: qos_pps_minimum_rule_alias.py {{(pid=101814) _load_all_extensions_from_path /opt/stack/neutron/neutron/api/extensions.py:449}}
Aug 24 15:46:56.049667 np0000190842 devstack@neutron-api.service[101814]: DEBUG neutron.api.extensions [None req-7b97794a-20d0-4449-97ad-bf9819a289a5 None None] Ext name="QoS minimum packet rate rule alias" alias="qos-pps-minimum-rule-alias" description="API to enable GET, PUT and DELETE operations on QoS minimum packet rate rule without specifying policy ID" updated="2021-10-22T10:00:00-00:00" {{(pid=101814) _check_extension /opt/stack/neutron/neutron/api/extensions.py:415}}
Aug 24 15:46:56.049667 np0000190842 devstack@neutron-api.service[101814]: INFO neutron.api.extensions [None req-7b97794a-20d0-4449-97ad-bf9819a289a5 None None] Extension qos-pps-minimum-rule-alias not supported by any of loaded plugins
Aug 24 15:46:56.049667 np0000190842 devstack@neutron-api.service[101814]: DEBUG neutron.api.extensions [None req-7b97794a-20d0-4449-97ad-bf9819a289a5 None None] Loading extension file: qos_pps_rule.py {{(pid=101814) _load_all_extensions_from_path /opt/stack/neutron/neutron/api/extensions.py:449}}
Aug 24 15:46:56.049667 np0000190842 devstack@neutron-api.service[101814]: DEBUG neutron.api.extensions [None req-7b97794a-20d0-4449-97ad-bf9819a289a5 None None] Ext name="QoS Rule Type Packet per Second Extension" alias="qos-pps" description="Add QoS Rule Type Packet per Second" updated="2021-05-12T10:00:00-00:00" {{(pid=101814) _check_extension /opt/stack/neutron/neutron/api/extensions.py:415}}
Aug 24 15:46:56.049667 np0000190842 devstack@neutron-api.service[101814]: INFO neutron.api.extensions [None req-7b97794a-20d0-4449-97ad-bf9819a289a5 None None] Extension qos-pps not supported by any of loaded plugins
Aug 24 15:46:56.050068 np0000190842 devstack@neutron-api.service[101814]: DEBUG neutron.api.extensions [None req-7b97794a-20d0-4449-97ad-bf9819a289a5 None None] Loading extension file: qos_rule_type_details.py {{(pid=101814) _load_all_extensions_from_path /opt/stack/neutron/neutron/api/extensions.py:449}}
Aug 24 15:46:56.050208 np0000190842 devstack@neutron-api.service[101811]: DEBUG neutron.plugins.ml2.plugin [None req-9588d29e-6c19-47a7-9746-9e105873fd0a None None] neutron.plugins.ml2.plugin.Ml2Plugin method _start_rpc_notifiers called with arguments () {} {{(pid=101811) wrapper /opt/stack/data/venv/lib/python3.12/site-packages/oslo_log/helpers.py:77}}
Aug 24 15:46:56.050352 np0000190842 devstack@neutron-api.service[101814]: DEBUG neutron.api.extensions [None req-7b97794a-20d0-4449-97ad-bf9819a289a5 None None] Ext name="Details of QoS rule types" alias="qos-rule-type-details" description="Expose details about QoS rule types supported by loaded backend drivers" updated="2017-06-22T10:00:00-00:00" {{(pid=101814) _check_extension /opt/stack/neutron/neutron/api/extensions.py:415}}
Aug 24 15:46:56.050483 np0000190842 devstack@neutron-api.service[101811]: DEBUG neutron_lib.callbacks.manager [None req-9588d29e-6c19-47a7-9746-9e105873fd0a None None] Subscribe: > port after_create 55550000, False {{(pid=101811) subscribe /opt/stack/data/venv/lib/python3.12/site-packages/neutron_lib/callbacks/manager.py:52}}
Aug 24 15:46:56.050627 np0000190842 devstack@neutron-api.service[101814]: INFO neutron.api.extensions [None req-7b97794a-20d0-4449-97ad-bf9819a289a5 None None] Extension qos-rule-type-details not supported by any of loaded plugins
Aug 24 15:46:56.050627 np0000190842 devstack@neutron-api.service[101814]: DEBUG neutron.api.extensions [None req-7b97794a-20d0-4449-97ad-bf9819a289a5 None None] Loading extension file: qos_rule_type_filter.py {{(pid=101814) _load_all_extensions_from_path /opt/stack/neutron/neutron/api/extensions.py:449}}
Aug 24 15:46:56.050798 np0000190842 devstack@neutron-api.service[101811]: DEBUG neutron_lib.callbacks.manager [None req-9588d29e-6c19-47a7-9746-9e105873fd0a None None] Subscribe: > port after_update 55550000, False {{(pid=101811) subscribe /opt/stack/data/venv/lib/python3.12/site-packages/neutron_lib/callbacks/manager.py:52}}
Aug 24 15:46:56.050798 np0000190842 devstack@neutron-api.service[101811]: DEBUG neutron_lib.callbacks.manager [None req-9588d29e-6c19-47a7-9746-9e105873fd0a None None] Subscribe: > port after_delete 55550000, False {{(pid=101811) subscribe /opt/stack/data/venv/lib/python3.12/site-packages/neutron_lib/callbacks/manager.py:52}}
Aug 24 15:46:56.050798 np0000190842 devstack@neutron-api.service[101811]: DEBUG neutron_lib.callbacks.manager [None req-9588d29e-6c19-47a7-9746-9e105873fd0a None None] Subscribe: > subnet after_create 55550000, False {{(pid=101811) subscribe /opt/stack/data/venv/lib/python3.12/site-packages/neutron_lib/callbacks/manager.py:52}}
Aug 24 15:46:56.051031 np0000190842 devstack@neutron-api.service[101814]: DEBUG neutron.api.extensions [None req-7b97794a-20d0-4449-97ad-bf9819a289a5 None None] Ext name="Allow to filter the list of QoS rule types" alias="qos-rule-type-filter" description="Allows to filter the QoS rule type list adding two new flags. "all_rules" prints all implemented QoS rule types."all_supported" prints all supported QoS rule types by the loaded mechanism drivers" updated="2022-02-02T10:00:00-00:00" {{(pid=101814) _check_extension /opt/stack/neutron/neutron/api/extensions.py:415}}
Aug 24 15:46:56.051194 np0000190842 devstack@neutron-api.service[101811]: DEBUG neutron_lib.callbacks.manager [None req-9588d29e-6c19-47a7-9746-9e105873fd0a None None] Subscribe: > subnet after_update 55550000, False {{(pid=101811) subscribe /opt/stack/data/venv/lib/python3.12/site-packages/neutron_lib/callbacks/manager.py:52}}
Aug 24 15:46:56.051336 np0000190842 devstack@neutron-api.service[101814]: INFO neutron.api.extensions [None req-7b97794a-20d0-4449-97ad-bf9819a289a5 None None] Extension qos-rule-type-filter not supported by any of loaded plugins
Aug 24 15:46:56.051482 np0000190842 devstack@neutron-api.service[101811]: DEBUG neutron_lib.callbacks.manager [None req-9588d29e-6c19-47a7-9746-9e105873fd0a None None] Subscribe: > subnet after_delete 55550000, False {{(pid=101811) subscribe /opt/stack/data/venv/lib/python3.12/site-packages/neutron_lib/callbacks/manager.py:52}}
Aug 24 15:46:56.052076 np0000190842 devstack@neutron-api.service[101814]: DEBUG neutron.api.extensions [None req-7b97794a-20d0-4449-97ad-bf9819a289a5 None None] Loading extension file: qos_rules_alias.py {{(pid=101814) _load_all_extensions_from_path /opt/stack/neutron/neutron/api/extensions.py:449}}
Aug 24 15:46:56.052318 np0000190842 devstack@neutron-api.service[101811]: DEBUG neutron_lib.callbacks.manager [None req-9588d29e-6c19-47a7-9746-9e105873fd0a None None] Subscribe: > network after_create 55550000, False {{(pid=101811) subscribe /opt/stack/data/venv/lib/python3.12/site-packages/neutron_lib/callbacks/manager.py:52}}
Aug 24 15:46:56.052318 np0000190842 devstack@neutron-api.service[101811]: DEBUG neutron_lib.callbacks.manager [None req-9588d29e-6c19-47a7-9746-9e105873fd0a None None] Subscribe: > network after_update 55550000, False {{(pid=101811) subscribe /opt/stack/data/venv/lib/python3.12/site-packages/neutron_lib/callbacks/manager.py:52}}
Aug 24 15:46:56.052318 np0000190842 devstack@neutron-api.service[101811]: DEBUG neutron_lib.callbacks.manager [None req-9588d29e-6c19-47a7-9746-9e105873fd0a None None] Subscribe: > network after_delete 55550000, False {{(pid=101811) subscribe /opt/stack/data/venv/lib/python3.12/site-packages/neutron_lib/callbacks/manager.py:52}}
Aug 24 15:46:56.052662 np0000190842 devstack@neutron-api.service[101814]: DEBUG neutron.api.extensions [None req-7b97794a-20d0-4449-97ad-bf9819a289a5 None None] Ext name="Quality of Service rules alias API" alias="qos-rules-alias" description="API to enable GET, PUT and DELETE operations on QoS policy rules without specifying policy ID" updated="2018-10-07T10:00:00-00:00" {{(pid=101814) _check_extension /opt/stack/neutron/neutron/api/extensions.py:415}}
Aug 24 15:46:56.052927 np0000190842 devstack@neutron-api.service[101811]: DEBUG neutron_lib.callbacks.manager [None req-9588d29e-6c19-47a7-9746-9e105873fd0a None None] Subscribe: > security_group after_create 55550000, False {{(pid=101811) subscribe /opt/stack/data/venv/lib/python3.12/site-packages/neutron_lib/callbacks/manager.py:52}}
Aug 24 15:46:56.052927 np0000190842 devstack@neutron-api.service[101811]: DEBUG neutron_lib.callbacks.manager [None req-9588d29e-6c19-47a7-9746-9e105873fd0a None None] Subscribe: > security_group after_update 55550000, False {{(pid=101811) subscribe /opt/stack/data/venv/lib/python3.12/site-packages/neutron_lib/callbacks/manager.py:52}}
Aug 24 15:46:56.053188 np0000190842 devstack@neutron-api.service[101814]: INFO neutron.api.extensions [None req-7b97794a-20d0-4449-97ad-bf9819a289a5 None None] Extension qos-rules-alias not supported by any of loaded plugins
Aug 24 15:46:56.053371 np0000190842 devstack@neutron-api.service[101811]: DEBUG neutron_lib.callbacks.manager [None req-9588d29e-6c19-47a7-9746-9e105873fd0a None None] Subscribe: > security_group after_delete 55550000, False {{(pid=101811) subscribe /opt/stack/data/venv/lib/python3.12/site-packages/neutron_lib/callbacks/manager.py:52}}
Aug 24 15:46:56.053563 np0000190842 devstack@neutron-api.service[101814]: DEBUG neutron.api.extensions [None req-7b97794a-20d0-4449-97ad-bf9819a289a5 None None] Loading extension file: quota_check_limit.py {{(pid=101814) _load_all_extensions_from_path /opt/stack/neutron/neutron/api/extensions.py:449}}
Aug 24 15:46:56.053780 np0000190842 devstack@neutron-api.service[101811]: DEBUG neutron_lib.callbacks.manager [None req-9588d29e-6c19-47a7-9746-9e105873fd0a None None] Subscribe: > security_group_rule after_create 55550000, False {{(pid=101811) subscribe /opt/stack/data/venv/lib/python3.12/site-packages/neutron_lib/callbacks/manager.py:52}}
Aug 24 15:46:56.053780 np0000190842 devstack@neutron-api.service[101811]: DEBUG neutron_lib.callbacks.manager [None req-9588d29e-6c19-47a7-9746-9e105873fd0a None None] Subscribe: > security_group_rule after_update 55550000, False {{(pid=101811) subscribe /opt/stack/data/venv/lib/python3.12/site-packages/neutron_lib/callbacks/manager.py:52}}
Aug 24 15:46:56.054080 np0000190842 devstack@neutron-api.service[101814]: DEBUG neutron.api.extensions [None req-7b97794a-20d0-4449-97ad-bf9819a289a5 None None] Ext name="Quota engine limit check" alias="quota-check-limit" description="Support for checking the resource usage before applying a new quota limit" updated="2021-09-08T16:00:00-00:00" {{(pid=101814) _check_extension /opt/stack/neutron/neutron/api/extensions.py:415}}
Aug 24 15:46:56.054286 np0000190842 devstack@neutron-api.service[101811]: DEBUG neutron_lib.callbacks.manager [None req-9588d29e-6c19-47a7-9746-9e105873fd0a None None] Subscribe: > security_group_rule after_delete 55550000, False {{(pid=101811) subscribe /opt/stack/data/venv/lib/python3.12/site-packages/neutron_lib/callbacks/manager.py:52}}
Aug 24 15:46:56.054286 np0000190842 devstack@neutron-api.service[101811]: DEBUG neutron_lib.callbacks.manager [None req-9588d29e-6c19-47a7-9746-9e105873fd0a None None] Subscribe: > address_group after_create 55550000, False {{(pid=101811) subscribe /opt/stack/data/venv/lib/python3.12/site-packages/neutron_lib/callbacks/manager.py:52}}
Aug 24 15:46:56.054629 np0000190842 devstack@neutron-api.service[101814]: INFO neutron.api.extensions [None req-7b97794a-20d0-4449-97ad-bf9819a289a5 None None] Loaded extension: quota-check-limit
Aug 24 15:46:56.054855 np0000190842 devstack@neutron-api.service[101811]: DEBUG neutron_lib.callbacks.manager [None req-9588d29e-6c19-47a7-9746-9e105873fd0a None None] Subscribe: > address_group after_update 55550000, False {{(pid=101811) subscribe /opt/stack/data/venv/lib/python3.12/site-packages/neutron_lib/callbacks/manager.py:52}}
Aug 24 15:46:56.055289 np0000190842 devstack@neutron-api.service[101814]: DEBUG neutron.api.extensions [None req-7b97794a-20d0-4449-97ad-bf9819a289a5 None None] Loading extension file: quota_check_limit_default.py {{(pid=101814) _load_all_extensions_from_path /opt/stack/neutron/neutron/api/extensions.py:449}}
Aug 24 15:46:56.055601 np0000190842 devstack@neutron-api.service[101811]: DEBUG neutron_lib.callbacks.manager [None req-9588d29e-6c19-47a7-9746-9e105873fd0a None None] Subscribe: > address_group after_delete 55550000, False {{(pid=101811) subscribe /opt/stack/data/venv/lib/python3.12/site-packages/neutron_lib/callbacks/manager.py:52}}
Aug 24 15:46:56.055601 np0000190842 devstack@neutron-api.service[101811]: DEBUG neutron.plugins.ml2.ovo_rpc [None req-9588d29e-6c19-47a7-9746-9e105873fd0a None None] ML2 OVO RPC backend initialized. {{(pid=101811) __init__ /opt/stack/neutron/neutron/plugins/ml2/ovo_rpc.py:117}}
Aug 24 15:46:56.056368 np0000190842 devstack@neutron-api.service[101814]: DEBUG neutron.api.extensions [None req-7b97794a-20d0-4449-97ad-bf9819a289a5 None None] Ext name="Quota engine limit check by default" alias="quota-check-limit-default" description="By default, the Neutron quota engine checks the resource usage before applying a new quota limit" updated="2024-08-21T16:00:00-00:00" {{(pid=101814) _check_extension /opt/stack/neutron/neutron/api/extensions.py:415}}
Aug 24 15:46:56.056368 np0000190842 devstack@neutron-api.service[101814]: INFO neutron.api.extensions [None req-7b97794a-20d0-4449-97ad-bf9819a289a5 None None] Loaded extension: quota-check-limit-default
Aug 24 15:46:56.056368 np0000190842 devstack@neutron-api.service[101814]: DEBUG neutron.api.extensions [None req-7b97794a-20d0-4449-97ad-bf9819a289a5 None None] Loading extension file: quotasv2.py {{(pid=101814) _load_all_extensions_from_path /opt/stack/neutron/neutron/api/extensions.py:449}}
Aug 24 15:46:56.057196 np0000190842 devstack@neutron-api.service[101811]: INFO neutron.quota [None req-9588d29e-6c19-47a7-9746-9e105873fd0a None None] Loaded quota_driver: .
Aug 24 15:46:56.057579 np0000190842 devstack@neutron-api.service[101814]: DEBUG neutron.api.extensions [None req-7b97794a-20d0-4449-97ad-bf9819a289a5 None None] Ext name="Quota management support" alias="quotas" description="Expose functions for quotas management per project" updated="2012-07-29T10:00:00-00:00" {{(pid=101814) _check_extension /opt/stack/neutron/neutron/api/extensions.py:415}}
Aug 24 15:46:56.057769 np0000190842 devstack@neutron-api.service[101811]: INFO neutron.plugins.ml2.plugin [None req-9588d29e-6c19-47a7-9746-9e105873fd0a None None] Modular L2 Plugin initialization complete
Aug 24 15:46:56.058345 np0000190842 devstack@neutron-api.service[101814]: INFO neutron.api.extensions [None req-7b97794a-20d0-4449-97ad-bf9819a289a5 None None] Loaded extension: quotas
