2026-06-28 21:10:02.757 7 INFO neutron.plugins.ml2.drivers.ovn.mech_driver.mech_driver [None req-76851c3d-a278-47b8-aa35-c29a77ab7a3c - - - - - -] OVN reports status up for port: 1f542b9a-4261-4e94-b5b1-c4e2027189c7
2026-06-28 21:10:02.766 7 INFO neutron.plugins.ml2.drivers.ovn.mech_driver.ovsdb.ovsdb_monitor [None req-ecccf6ca-865e-49f2-be7e-502baf5a7b9f - - - - - -] Router bb13e50e-e58e-468d-8794-c43383bd486d is bound to host instance
2026-06-28 21:10:02.799 7 INFO neutron.plugins.ml2.plugin [None req-76851c3d-a278-47b8-aa35-c29a77ab7a3c - - - - - -] Attempt 1 to provision port 1f542b9a-4261-4e94-b5b1-c4e2027189c7
2026-06-28 21:10:02.833 7 INFO neutron.db.ovn_revision_numbers_db [None req-f7d4ec93-752a-4f96-ae23-cda7f7d14b37 5cbcceb283be4344b115bb84e71b3127 72df3fadbf5043b89c038aad6ec4a067 - - default default] Successfully bumped revision number for resource 1f542b9a-4261-4e94-b5b1-c4e2027189c7 (type: router_ports) to 1
2026-06-28 21:10:03.012 7 INFO neutron.db.ovn_revision_numbers_db [None req-f7d4ec93-752a-4f96-ae23-cda7f7d14b37 5cbcceb283be4344b115bb84e71b3127 72df3fadbf5043b89c038aad6ec4a067 - - default default] Successfully bumped revision number for resource bb13e50e-e58e-468d-8794-c43383bd486d (type: routers) to 2 [pid: 7|app: 0|req: 949/1952] 10.0.0.127 () {34 vars in 669 bytes} [Sun Jun 28 21:10:01 2026] POST /v2.0/routers => generated 965 bytes in 1512 msecs (HTTP/1.1 201) 4 headers in 162 bytes (1 switches on core 0)
2026-06-28 21:10:03.498 8 WARNING neutron.scheduler.dhcp_agent_scheduler [None req-757e07ab-9b5d-4912-8ef4-aa7376a29cb5 5cbcceb283be4344b115bb84e71b3127 72df3fadbf5043b89c038aad6ec4a067 - - default default] No more DHCP agents
2026-06-28 21:10:03.499 8 WARNING neutron.api.rpc.agentnotifiers.dhcp_rpc_agent_api [None req-757e07ab-9b5d-4912-8ef4-aa7376a29cb5 5cbcceb283be4344b115bb84e71b3127 72df3fadbf5043b89c038aad6ec4a067 - - default default] Unable to schedule network 8b94b641-f5d5-4879-8cca-216e8c3b9a0b: no agents available; will retry on subsequent port and subnet creation events. [pid: 7|app: 0|req: 950/1953] 10.0.0.127 () {34 vars in 677 bytes} [Sun Jun 28 21:10:03 2026] POST /v2.0/subnetpools => generated 549 bytes in 266 msecs (HTTP/1.1 201) 4 headers in 162 bytes (1 switches on core 0) [pid: 7|app: 0|req: 951/1954] 10.0.0.127 () {32 vars in 729 bytes} [Sun Jun 28 21:10:03 2026] GET /v2.0/subnetpools/84a4bbd2-240a-4a63-8c07-53d546d7a3aa => generated 549 bytes in 48 msecs (HTTP/1.1 200) 4 headers in 157 bytes (1 switches on core 0)
2026-06-28 21:10:03.640 8 INFO neutron.db.ovn_revision_numbers_db [None req-757e07ab-9b5d-4912-8ef4-aa7376a29cb5 5cbcceb283be4344b115bb84e71b3127 72df3fadbf5043b89c038aad6ec4a067 - - default default] Successfully bumped revision number for resource f9d0b9b9-4656-44b4-929b-2344260c3e0a (type: ports) to 1 [pid: 7|app: 0|req: 952/1955] 10.0.0.127 () {34 vars in 749 bytes} [Sun Jun 28 21:10:03 2026] PUT /v2.0/subnetpools/84a4bbd2-240a-4a63-8c07-53d546d7a3aa => generated 499 bytes in 95 msecs (HTTP/1.1 200) 4 headers in 157 bytes (1 switches on core 0) [pid: 7|app: 0|req: 953/1956] 10.0.0.127 () {32 vars in 732 bytes} [Sun Jun 28 21:10:03 2026] DELETE /v2.0/subnetpools/84a4bbd2-240a-4a63-8c07-53d546d7a3aa => generated 0 bytes in 112 msecs (HTTP/1.1 204) 2 headers in 112 bytes (1 switches on core 0)
2026-06-28 21:10:03.942 7 INFO neutron.db.ovn_revision_numbers_db [None req-743dbe21-47f5-44bf-b63c-f156b9a19713 - - - - - -] Successfully bumped revision number for resource 1f542b9a-4261-4e94-b5b1-c4e2027189c7 (type: ports) to 4
2026-06-28 21:10:04.128 7 INFO neutron.db.ovn_revision_numbers_db [None req-89bfcccb-c697-4427-82d8-fdc3d0de7dc7 efac0b21298c4083a06a9c2e27422aea 6a8b604ea4f24b2badb50028c75170d5 - - default default] Successfully bumped revision number for resource 04987125-26cd-4699-b542-9ff646b6cf62 (type: security_groups) to 1
2026-06-28 21:10:04.146 7 INFO neutron.db.ovn_revision_numbers_db [None req-89bfcccb-c697-4427-82d8-fdc3d0de7dc7 efac0b21298c4083a06a9c2e27422aea 6a8b604ea4f24b2badb50028c75170d5 - - default default] Successfully bumped revision number for resource 54790996-2153-45dd-88e3-be461a378027 (type: security_group_rules) to 0
2026-06-28 21:10:04.162 7 INFO neutron.db.ovn_revision_numbers_db [None req-89bfcccb-c697-4427-82d8-fdc3d0de7dc7 efac0b21298c4083a06a9c2e27422aea 6a8b604ea4f24b2badb50028c75170d5 - - default default] Successfully bumped revision number for resource 64f4056c-2413-4534-a76c-2c0dae434e50 (type: security_group_rules) to 0
2026-06-28 21:10:04.191 7 INFO neutron.db.ovn_revision_numbers_db [None req-89bfcccb-c697-4427-82d8-fdc3d0de7dc7 efac0b21298c4083a06a9c2e27422aea 6a8b604ea4f24b2badb50028c75170d5 - - default default] Successfully bumped revision number for resource f200dd64-3dc9-407a-b593-26a70c808359 (type: security_group_rules) to 0
2026-06-28 21:10:04.225 7 INFO neutron.db.ovn_revision_numbers_db [None req-89bfcccb-c697-4427-82d8-fdc3d0de7dc7 efac0b21298c4083a06a9c2e27422aea 6a8b604ea4f24b2badb50028c75170d5 - - default default] Successfully bumped revision number for resource f7e278bc-5042-41d3-a371-02ab131213ec (type: security_group_rules) to 0
2026-06-28 21:10:04.290 8 WARNING neutron.scheduler.dhcp_agent_scheduler [None req-757e07ab-9b5d-4912-8ef4-aa7376a29cb5 5cbcceb283be4344b115bb84e71b3127 72df3fadbf5043b89c038aad6ec4a067 - - default default] No more DHCP agents
2026-06-28 21:10:04.291 8 WARNING neutron.api.rpc.agentnotifiers.dhcp_rpc_agent_api [None req-757e07ab-9b5d-4912-8ef4-aa7376a29cb5 5cbcceb283be4344b115bb84e71b3127 72df3fadbf5043b89c038aad6ec4a067 - - default default] Unable to schedule network 8b94b641-f5d5-4879-8cca-216e8c3b9a0b: no agents available; will retry on subsequent port and subnet creation events.
2026-06-28 21:10:04.359 7 INFO neutron.db.segments_db [None req-89bfcccb-c697-4427-82d8-fdc3d0de7dc7 efac0b21298c4083a06a9c2e27422aea 6a8b604ea4f24b2badb50028c75170d5 - - default default] Added segment 520f2cfe-c151-41a9-9deb-35f875246dfa of type geneve for network ef547977-11e8-4dc8-8953-be6f2419335a
2026-06-28 21:10:04.454 7 INFO neutron.db.ovn_revision_numbers_db [None req-743dbe21-47f5-44bf-b63c-f156b9a19713 - - - - - -] Successfully bumped revision number for resource 1f542b9a-4261-4e94-b5b1-c4e2027189c7 (type: ports) to 5
2026-06-28 21:10:04.562 7 INFO neutron.db.ovn_revision_numbers_db [None req-89bfcccb-c697-4427-82d8-fdc3d0de7dc7 efac0b21298c4083a06a9c2e27422aea 6a8b604ea4f24b2badb50028c75170d5 - - default default] Successfully bumped revision number for resource ef547977-11e8-4dc8-8953-be6f2419335a (type: networks) to 1
2026-06-28 21:10:04.686 7 WARNING neutron.scheduler.dhcp_agent_scheduler [None req-89bfcccb-c697-4427-82d8-fdc3d0de7dc7 efac0b21298c4083a06a9c2e27422aea 6a8b604ea4f24b2badb50028c75170d5 - - default default] No more DHCP agents
2026-06-28 21:10:04.687 7 WARNING neutron.api.rpc.agentnotifiers.dhcp_rpc_agent_api [None req-89bfcccb-c697-4427-82d8-fdc3d0de7dc7 efac0b21298c4083a06a9c2e27422aea 6a8b604ea4f24b2badb50028c75170d5 - - default default] Unable to schedule network ef547977-11e8-4dc8-8953-be6f2419335a: no agents available; will retry on subsequent port and subnet creation events.
2026-06-28 21:10:04.778 7 INFO neutron.db.ovn_revision_numbers_db [None req-89bfcccb-c697-4427-82d8-fdc3d0de7dc7 efac0b21298c4083a06a9c2e27422aea 6a8b604ea4f24b2badb50028c75170d5 - - default default] Successfully bumped revision number for resource b3470561-4ed1-47af-85b6-89059b3a5828 (type: ports) to 1 [pid: 7|app: 0|req: 954/1957] 10.0.0.127 () {34 vars in 670 bytes} [Sun Jun 28 21:10:03 2026] POST /v2.0/networks => generated 730 bytes in 975 msecs (HTTP/1.1 201) 4 headers in 162 bytes (1 switches on core 0)
2026-06-28 21:10:04.804 7 INFO neutron.api.v2.resource [None req-85613246-4f5e-470b-8dab-db7176e4a9ef 98e9207f02444189a55024889eec40c5 b3a6b98d8a134a65972bbcd8826fd24c - - default default] show failed (client error): The resource could not be found. [pid: 7|app: 0|req: 955/1958] 10.0.0.127 () {32 vars in 729 bytes} [Sun Jun 28 21:10:04 2026] GET /v2.0/subnetpools/84a4bbd2-240a-4a63-8c07-53d546d7a3aa => generated 145 bytes in 8 msecs (HTTP/1.1 404) 4 headers in 164 bytes (1 switches on core 0)
2026-06-28 21:10:04.812 8 INFO neutron.db.ovn_revision_numbers_db [None req-757e07ab-9b5d-4912-8ef4-aa7376a29cb5 5cbcceb283be4344b115bb84e71b3127 72df3fadbf5043b89c038aad6ec4a067 - - default default] Successfully bumped revision number for resource f9d0b9b9-4656-44b4-929b-2344260c3e0a (type: router_ports) to 1 [pid: 8|app: 0|req: 1004/1959] 10.0.0.127 () {34 vars in 783 bytes} [Sun Jun 28 21:10:03 2026] PUT /v2.0/routers/bb13e50e-e58e-468d-8794-c43383bd486d/add_router_interface => generated 309 bytes in 1779 msecs (HTTP/1.1 200) 4 headers in 157 bytes (1 switches on core 0)
2026-06-28 21:10:04.833 8 INFO neutron.api.v2.resource [None req-0ff3e593-e246-44e9-8b85-ae1d857b27b0 98e9207f02444189a55024889eec40c5 b3a6b98d8a134a65972bbcd8826fd24c - - default default] delete failed (client error): The resource could not be found. [pid: 8|app: 0|req: 1005/1960] 10.0.0.127 () {32 vars in 732 bytes} [Sun Jun 28 21:10:04 2026] DELETE /v2.0/subnetpools/84a4bbd2-240a-4a63-8c07-53d546d7a3aa => generated 145 bytes in 14 msecs (HTTP/1.1 404) 4 headers in 164 bytes (1 switches on core 0)
2026-06-28 21:10:04.940 7 WARNING neutron.scheduler.dhcp_agent_scheduler [None req-c4b4103b-a5d3-4676-b42f-25e9e4c5c834 efac0b21298c4083a06a9c2e27422aea 6a8b604ea4f24b2badb50028c75170d5 - - default default] No more DHCP agents
2026-06-28 21:10:04.942 7 WARNING neutron.api.rpc.agentnotifiers.dhcp_rpc_agent_api [None req-c4b4103b-a5d3-4676-b42f-25e9e4c5c834 efac0b21298c4083a06a9c2e27422aea 6a8b604ea4f24b2badb50028c75170d5 - - default default] Unable to schedule network ef547977-11e8-4dc8-8953-be6f2419335a: no agents available; will retry on subsequent port and subnet creation events. [pid: 8|app: 0|req: 1006/1961] 10.0.0.43 () {34 vars in 989 bytes} [Sun Jun 28 21:10:05 2026] GET /v2.0/ports?device_id=a05a844b-bdab-451b-816e-09b16fb3111d => generated 1213 bytes in 51 msecs (HTTP/1.1 200) 4 headers in 158 bytes (1 switches on core 0)
2026-06-28 21:10:05.197 7 INFO neutron.plugins.ml2.drivers.ovn.mech_driver.mech_driver [None req-76851c3d-a278-47b8-aa35-c29a77ab7a3c - - - - - -] OVN reports status down for port: b3470561-4ed1-47af-85b6-89059b3a5828 [pid: 8|app: 0|req: 1007/1962] 10.0.0.43 () {34 vars in 1039 bytes} [Sun Jun 28 21:10:05 2026] GET /v2.0/security-groups?id=6d2497da-05ef-43e2-93e8-4792d6c4add7&fields=id&fields=name => generated 114 bytes in 30 msecs (HTTP/1.1 200) 4 headers in 157 bytes (1 switches on core 0)
2026-06-28 21:10:05.467 7 INFO neutron.db.ovn_revision_numbers_db [None req-54b4e72b-dbfb-4ade-b6bf-f44772a97a32 - - - - - -] Successfully bumped revision number for resource b3470561-4ed1-47af-85b6-89059b3a5828 (type: ports) to 2
2026-06-28 21:10:05.501 7 INFO neutron.db.ovn_revision_numbers_db [None req-54b4e72b-dbfb-4ade-b6bf-f44772a97a32 - - - - - -] Successfully bumped revision number for resource 4570327a-190c-4cbf-bfa7-7ca3c0aa0bd6 (type: subnets) to 0 [pid: 7|app: 0|req: 956/1963] 10.0.0.127 () {34 vars in 669 bytes} [Sun Jun 28 21:10:04 2026] POST /v2.0/subnets => generated 644 bytes in 715 msecs (HTTP/1.1 201) 4 headers in 162 bytes (1 switches on core 0)
2026-06-28 21:10:05.559 8 INFO neutron.db.ovn_revision_numbers_db [None req-cbbe3cf3-bc95-47e2-b488-cab46d57b8e0 5cbcceb283be4344b115bb84e71b3127 72df3fadbf5043b89c038aad6ec4a067 - - default default] Successfully bumped revision number for resource 52a7e4ee-0cbd-4756-bdd8-5b73b452808b (type: security_groups) to 1
2026-06-28 21:10:05.575 8 INFO neutron.db.ovn_revision_numbers_db [None req-cbbe3cf3-bc95-47e2-b488-cab46d57b8e0 5cbcceb283be4344b115bb84e71b3127 72df3fadbf5043b89c038aad6ec4a067 - - default default] Successfully bumped revision number for resource 134314d5-c2e1-4184-8055-71592ea46e76 (type: security_group_rules) to 0
2026-06-28 21:10:05.586 8 INFO neutron.db.ovn_revision_numbers_db [None req-cbbe3cf3-bc95-47e2-b488-cab46d57b8e0 5cbcceb283be4344b115bb84e71b3127 72df3fadbf5043b89c038aad6ec4a067 - - default default] Successfully bumped revision number for resource a0a6981e-ce3b-447a-8a0c-5b9ba256c3ce (type: security_group_rules) to 0
2026-06-28 21:10:05.599 8 INFO neutron.db.ovn_revision_numbers_db [None req-cbbe3cf3-bc95-47e2-b488-cab46d57b8e0 5cbcceb283be4344b115bb84e71b3127 72df3fadbf5043b89c038aad6ec4a067 - - default default] Successfully bumped revision number for resource b96879f9-ce47-4601-95f2-ceda8c830eb1 (type: security_group_rules) to 0
2026-06-28 21:10:05.607 8 INFO neutron.db.ovn_revision_numbers_db [None req-cbbe3cf3-bc95-47e2-b488-cab46d57b8e0 5cbcceb283be4344b115bb84e71b3127 72df3fadbf5043b89c038aad6ec4a067 - - default default] Successfully bumped revision number for resource bfb23bb7-6531-4894-913d-6aba301f71a0 (type: security_group_rules) to 0
2026-06-28 21:10:05.639 7 INFO neutron.db.ovn_revision_numbers_db [None req-1953e567-e1a4-4fd2-99e8-d915962635b9 ebc9641101d8444aba8715497810c3a3 da736a3b393d4061a9b56d51dce7220c - - default default] Successfully bumped revision number for resource f4f17341-adbb-49b2-affd-480f67d00959 (type: security_groups) to 1
2026-06-28 21:10:05.650 7 INFO neutron.db.ovn_revision_numbers_db [None req-1953e567-e1a4-4fd2-99e8-d915962635b9 ebc9641101d8444aba8715497810c3a3 da736a3b393d4061a9b56d51dce7220c - - default default] Successfully bumped revision number for resource a9235dc6-d049-4066-9ffc-2b7bd2d0c4ac (type: security_group_rules) to 0 [pid: 8|app: 0|req: 1008/1964] 10.0.0.127 () {32 vars in 774 bytes} [Sun Jun 28 21:10:05 2026] GET /v2.0/security-groups?tenant_id=b3a6b98d8a134a65972bbcd8826fd24c&name=default => generated 2925 bytes in 332 msecs (HTTP/1.1 200) 4 headers in 158 bytes (1 switches on core 0)
2026-06-28 21:10:05.661 7 INFO neutron.db.ovn_revision_numbers_db [None req-1953e567-e1a4-4fd2-99e8-d915962635b9 ebc9641101d8444aba8715497810c3a3 da736a3b393d4061a9b56d51dce7220c - - default default] Successfully bumped revision number for resource c5058220-389b-47cf-b309-ee900d9e5ab7 (type: security_group_rules) to 0
2026-06-28 21:10:05.663 8 WARNING neutron.api.v2.base [None req-6b673e72-b42b-4bd9-9db2-d0b7a2c7a94f efac0b21298c4083a06a9c2e27422aea 6a8b604ea4f24b2badb50028c75170d5 - - default default] An exception happened while processing the request body. The exception message is [Invalid input for target_tenant. Reason: 'None' is not a valid string.].: webob.exc.HTTPBadRequest: Invalid input for target_tenant. Reason: 'None' is not a valid string.
2026-06-28 21:10:05.664 8 INFO neutron.api.v2.resource [None req-6b673e72-b42b-4bd9-9db2-d0b7a2c7a94f efac0b21298c4083a06a9c2e27422aea 6a8b604ea4f24b2badb50028c75170d5 - - default default] create failed (client error): Invalid input for target_tenant. Reason: 'None' is not a valid string. [pid: 8|app: 0|req: 1009/1965] 10.0.0.127 () {34 vars in 681 bytes} [Sun Jun 28 21:10:05 2026] POST /v2.0/rbac-policies => generated 143 bytes in 7 msecs (HTTP/1.1 400) 4 headers in 166 bytes (1 switches on core 0) [pid: 7|app: 0|req: 957/1966] 10.0.0.127 () {34 vars in 685 bytes} [Sun Jun 28 21:10:05 2026] POST /v2.0/security-groups => generated 1675 bytes in 178 msecs (HTTP/1.1 201) 4 headers in 163 bytes (1 switches on core 0)
2026-06-28 21:10:05.862 7 INFO neutron_taas.services.taas.taas_plugin [None req-6d7a4b97-52b7-406c-a928-0bf53055db81 efac0b21298c4083a06a9c2e27422aea 6a8b604ea4f24b2badb50028c75170d5 - - default default] TaaS: Handle Delete Port: b3470561-4ed1-47af-85b6-89059b3a5828
2026-06-28 21:10:05.865 7 INFO neutron_taas.services.taas.tap_mirror_plugin [None req-6d7a4b97-52b7-406c-a928-0bf53055db81 efac0b21298c4083a06a9c2e27422aea 6a8b604ea4f24b2badb50028c75170d5 - - default default] Tap Mirror: Handle Delete Port: b3470561-4ed1-47af-85b6-89059b3a5828 [pid: 8|app: 0|req: 1010/1967] 10.0.0.127 () {32 vars in 740 bytes} [Sun Jun 28 21:10:05 2026] DELETE /v2.0/security-groups/52a7e4ee-0cbd-4756-bdd8-5b73b452808b => generated 0 bytes in 258 msecs (HTTP/1.1 204) 2 headers in 112 bytes (1 switches on core 0)
2026-06-28 21:10:06.095 8 WARNING neutron.plugins.ml2.drivers.ovn.mech_driver.ovsdb.ovn_client [None req-a7135e3c-c4a0-4b10-ba98-a7c4b3357fd8 - - - - - -] No hosting information found for port 7e857dc5-69e0-4d32-9e37-51de880a93da: RuntimeError: No hosting information found for port 7e857dc5-69e0-4d32-9e37-51de880a93da
2026-06-28 21:10:06.226 8 INFO neutron.db.ovn_revision_numbers_db [None req-34febb9a-c196-4e62-ae43-c7354188e84b ebc9641101d8444aba8715497810c3a3 da736a3b393d4061a9b56d51dce7220c - - default default] Successfully bumped revision number for resource a1143717-ecb8-4c59-8bc1-7ee665ebb60d (type: security_group_rules) to 0
2026-06-28 21:10:06.283 8 INFO neutron.db.ovn_revision_numbers_db [None req-a7135e3c-c4a0-4b10-ba98-a7c4b3357fd8 - - - - - -] Successfully bumped revision number for resource 7e857dc5-69e0-4d32-9e37-51de880a93da (type: router_ports) to 2
2026-06-28 21:10:06.288 7 INFO neutron.services.segments.plugin [-] Segment 520f2cfe-c151-41a9-9deb-35f875246dfa resource provider aggregate not found [pid: 8|app: 0|req: 1011/1968] 10.0.0.127 () {34 vars in 695 bytes} [Sun Jun 28 21:10:05 2026] POST /v2.0/security-group-rules => generated 597 bytes in 376 msecs (HTTP/1.1 201) 4 headers in 162 bytes (1 switches on core 0)
2026-06-28 21:10:06.307 7 INFO neutron.services.segments.plugin [-] Segment 520f2cfe-c151-41a9-9deb-35f875246dfa resource provider aggregate not found /var/lib/openstack/lib/python3.12/site-packages/pycadf/identifier.py:70: UserWarning: Invalid uuid: neutron. To ensure interoperability, identifiers should be a valid uuid. warnings.warn(('Invalid uuid: %s. To ensure interoperability, '
2026-06-28 21:10:06.316 7 INFO neutron.services.segments.plugin [-] Segment 520f2cfe-c151-41a9-9deb-35f875246dfa resource provider not found; error: Placement Client Error (4xx): {"errors": [{"status": 404, "title": "Not Found", "detail": "The resource could not be found.\n\n No resource provider with uuid 520f2cfe-c151-41a9-9deb-35f875246dfa found for delete ", "request_id": "req-a948ac31-ff56-4831-a803-4ff52af184fc"}]}
2026-06-28 21:10:06.327 7 INFO neutron.services.segments.plugin [-] Segment 520f2cfe-c151-41a9-9deb-35f875246dfa resource provider not found; error: Placement Client Error (4xx): {"errors": [{"status": 404, "title": "Not Found", "detail": "The resource could not be found.\n\n No resource provider with uuid 520f2cfe-c151-41a9-9deb-35f875246dfa found for delete ", "request_id": "req-23b5d873-360c-4232-8fd7-b097d2771bc3"}]} [pid: 7|app: 0|req: 958/1969] 10.0.0.127 () {32 vars in 726 bytes} [Sun Jun 28 21:10:05 2026] DELETE /v2.0/networks/ef547977-11e8-4dc8-8953-be6f2419335a => generated 0 bytes in 651 msecs (HTTP/1.1 204) 3 headers in 131 bytes (1 switches on core 0)
2026-06-28 21:10:06.391 8 INFO neutron.plugins.ml2.drivers.ovn.mech_driver.mech_driver [None req-a7135e3c-c4a0-4b10-ba98-a7c4b3357fd8 - - - - - -] OVN reports status down for port: 401724e2-1d8a-481d-83b3-da37f71c6669
2026-06-28 21:10:06.447 7 INFO neutron.db.segments_db [None req-e3b54a03-fe48-45c5-a0b4-9b869afaeb53 efac0b21298c4083a06a9c2e27422aea 6a8b604ea4f24b2badb50028c75170d5 - - default default] Added segment 666712c7-60ab-4380-b821-1a63be83e5dc of type geneve for network ae1c2a8c-f1f1-4bbd-9863-e61105fad66b
2026-06-28 21:10:06.503 8 INFO neutron.plugins.ml2.drivers.ovn.mech_driver.mech_driver [None req-a7135e3c-c4a0-4b10-ba98-a7c4b3357fd8 - - - - - -] OVN reports status down for port: f9d0b9b9-4656-44b4-929b-2344260c3e0a
2026-06-28 21:10:06.544 8 INFO neutron.db.ovn_revision_numbers_db [None req-66443b68-6e55-466b-b22c-7eaf100973d8 ebc9641101d8444aba8715497810c3a3 da736a3b393d4061a9b56d51dce7220c - - default default] Successfully bumped revision number for resource e2e15a08-f110-4ec0-8e58-cdfec8b0f455 (type: security_group_rules) to 0
2026-06-28 21:10:06.556 7 INFO neutron.db.ovn_revision_numbers_db [None req-e3b54a03-fe48-45c5-a0b4-9b869afaeb53 efac0b21298c4083a06a9c2e27422aea 6a8b604ea4f24b2badb50028c75170d5 - - default default] Successfully bumped revision number for resource ae1c2a8c-f1f1-4bbd-9863-e61105fad66b (type: networks) to 1
2026-06-28 21:10:06.591 8 WARNING neutron.plugins.ml2.drivers.ovn.mech_driver.ovsdb.ovn_client [None req-a7135e3c-c4a0-4b10-ba98-a7c4b3357fd8 - - - - - -] Logical_Switch_Port f9d0b9b9-4656-44b4-929b-2344260c3e0a host information not removed, the port state is up
2026-06-28 21:10:06.591 8 INFO neutron.plugins.ml2.drivers.ovn.mech_driver.mech_driver [None req-a7135e3c-c4a0-4b10-ba98-a7c4b3357fd8 - - - - - -] OVN reports status up for port: f9d0b9b9-4656-44b4-929b-2344260c3e0a [pid: 8|app: 0|req: 1012/1970] 10.0.0.127 () {34 vars in 695 bytes} [Sun Jun 28 21:10:06 2026] POST /v2.0/security-group-rules => generated 596 bytes in 286 msecs (HTTP/1.1 201) 4 headers in 162 bytes (1 switches on core 0)
2026-06-28 21:10:06.608 8 INFO neutron.plugins.ml2.plugin [None req-a7135e3c-c4a0-4b10-ba98-a7c4b3357fd8 - - - - - -] Attempt 1 to provision port f9d0b9b9-4656-44b4-929b-2344260c3e0a
2026-06-28 21:10:06.726 7 WARNING neutron.scheduler.dhcp_agent_scheduler [None req-e3b54a03-fe48-45c5-a0b4-9b869afaeb53 efac0b21298c4083a06a9c2e27422aea 6a8b604ea4f24b2badb50028c75170d5 - - default default] No more DHCP agents
2026-06-28 21:10:06.729 7 WARNING neutron.api.rpc.agentnotifiers.dhcp_rpc_agent_api [None req-e3b54a03-fe48-45c5-a0b4-9b869afaeb53 efac0b21298c4083a06a9c2e27422aea 6a8b604ea4f24b2badb50028c75170d5 - - default default] Unable to schedule network ae1c2a8c-f1f1-4bbd-9863-e61105fad66b: no agents available; will retry on subsequent port and subnet creation events.
2026-06-28 21:10:06.798 7 INFO neutron.db.ovn_revision_numbers_db [None req-e3b54a03-fe48-45c5-a0b4-9b869afaeb53 efac0b21298c4083a06a9c2e27422aea 6a8b604ea4f24b2badb50028c75170d5 - - default default] Successfully bumped revision number for resource 9c3992b9-ca4d-44c7-a307-03ede4da9b7b (type: ports) to 1
2026-06-28 21:10:06.823 8 INFO neutron.db.ovn_revision_numbers_db [None req-9744abd1-d15c-4851-a9a8-72c498b563d1 ebc9641101d8444aba8715497810c3a3 da736a3b393d4061a9b56d51dce7220c - - default default] Successfully bumped revision number for resource 7dbdfe33-3b6d-40eb-a923-01f29434b561 (type: security_group_rules) to 0 [pid: 7|app: 0|req: 959/1971] 10.0.0.127 () {34 vars in 670 bytes} [Sun Jun 28 21:10:06 2026] POST /v2.0/networks => generated 728 bytes in 476 msecs (HTTP/1.1 201) 4 headers in 162 bytes (1 switches on core 0) [pid: 8|app: 0|req: 1013/1972] 10.0.0.127 () {34 vars in 695 bytes} [Sun Jun 28 21:10:06 2026] POST /v2.0/security-group-rules => generated 602 bytes in 276 msecs (HTTP/1.1 201) 4 headers in 162 bytes (1 switches on core 0)
2026-06-28 21:10:06.989 7 WARNING neutron.scheduler.dhcp_agent_scheduler [None req-5fb63339-8c20-456a-aa42-78abb415ab7d efac0b21298c4083a06a9c2e27422aea 6a8b604ea4f24b2badb50028c75170d5 - - default default] No more DHCP agents
2026-06-28 21:10:06.990 7 WARNING neutron.api.rpc.agentnotifiers.dhcp_rpc_agent_api [None req-5fb63339-8c20-456a-aa42-78abb415ab7d efac0b21298c4083a06a9c2e27422aea 6a8b604ea4f24b2badb50028c75170d5 - - default default] Unable to schedule network ae1c2a8c-f1f1-4bbd-9863-e61105fad66b: no agents available; will retry on subsequent port and subnet creation events.
2026-06-28 21:10:07.091 8 INFO neutron.db.ovn_revision_numbers_db [None req-64573804-16a8-45ea-b443-448ae2c9fc56 ebc9641101d8444aba8715497810c3a3 da736a3b393d4061a9b56d51dce7220c - - default default] Successfully bumped revision number for resource 56325b00-54ff-4241-8b69-22dc4d245026 (type: security_group_rules) to 0 [pid: 8|app: 0|req: 1014/1973] 10.0.0.127 () {34 vars in 695 bytes} [Sun Jun 28 21:10:06 2026] POST /v2.0/security-group-rules => generated 601 bytes in 274 msecs (HTTP/1.1 201) 4 headers in 162 bytes (1 switches on core 0)
2026-06-28 21:10:07.202 8 INFO neutron.db.ovn_revision_numbers_db [None req-a7135e3c-c4a0-4b10-ba98-a7c4b3357fd8 - - - - - -] Successfully bumped revision number for resource f9d0b9b9-4656-44b4-929b-2344260c3e0a (type: ports) to 2
2026-06-28 21:10:07.213 8 INFO neutron.db.securitygroups_db [None req-390a51fc-7166-410d-833e-f3277f389857 ebc9641101d8444aba8715497810c3a3 da736a3b393d4061a9b56d51dce7220c - - default default] Project da736a3b393d4061a9b56d51dce7220c added a security group rule with legacy IPv6 ICMP protocol name icmp, ipv6-icmp should be used instead. It was automatically converted.
2026-06-28 21:10:07.388 8 INFO neutron.db.ovn_revision_numbers_db [None req-390a51fc-7166-410d-833e-f3277f389857 ebc9641101d8444aba8715497810c3a3 da736a3b393d4061a9b56d51dce7220c - - default default] Successfully bumped revision number for resource 584aaabb-1889-4e38-abb7-a140fc332920 (type: security_group_rules) to 0 [pid: 8|app: 0|req: 1015/1974] 10.0.0.127 () {34 vars in 695 bytes} [Sun Jun 28 21:10:07 2026] POST /v2.0/security-group-rules => generated 607 bytes in 275 msecs (HTTP/1.1 201) 4 headers in 162 bytes (1 switches on core 0)
2026-06-28 21:10:07.447 7 INFO neutron.db.ovn_revision_numbers_db [None req-c02ad711-0d19-4bdc-9e60-ecdff0dd4546 - - - - - -] Successfully bumped revision number for resource 9c3992b9-ca4d-44c7-a307-03ede4da9b7b (type: ports) to 2
2026-06-28 21:10:07.476 8 INFO neutron.db.securitygroups_db [None req-bb9b964a-98c8-463c-979f-20043a3ce3bd ebc9641101d8444aba8715497810c3a3 da736a3b393d4061a9b56d51dce7220c - - default default] Project da736a3b393d4061a9b56d51dce7220c added a security group rule with legacy IPv6 ICMP protocol name icmp, ipv6-icmp should be used instead. It was automatically converted.
2026-06-28 21:10:07.481 7 INFO neutron.db.ovn_revision_numbers_db [None req-c02ad711-0d19-4bdc-9e60-ecdff0dd4546 - - - - - -] Successfully bumped revision number for resource 88078786-926c-4d47-89d5-bb09fb42fafe (type: subnets) to 0 [pid: 7|app: 0|req: 960/1975] 10.0.0.127 () {34 vars in 669 bytes} [Sun Jun 28 21:10:06 2026] POST /v2.0/subnets => generated 647 bytes in 660 msecs (HTTP/1.1 201) 4 headers in 162 bytes (1 switches on core 0)
2026-06-28 21:10:07.506 7 WARNING neutron.api.v2.base [None req-785ae6be-0f65-4170-8ffd-768c77cc42ac efac0b21298c4083a06a9c2e27422aea 6a8b604ea4f24b2badb50028c75170d5 - - default default] An exception happened while processing the request body. The exception message is [Invalid input for target_tenant. Reason: '1234123412341234123412341234123412341234123412341234123412341234123412341234123412341234123412341234123412341234123412341234123412341234123412341234123412341234123412341234123412341234123412341234123412341234123412341234123412341234123412341234123412341234123412341234123412341234123412341234123412341234123412341234123412341234123412341234123412341234123412341234123412341234123412341234123412341234' exceeds maximum length of 255.].: webob.exc.HTTPBadRequest: Invalid input for target_tenant. Reason: '1234123412341234123412341234123412341234123412341234123412341234123412341234123412341234123412341234123412341234123412341234123412341234123412341234123412341234123412341234123412341234123412341234123412341234123412341234123412341234123412341234123412341234123412341234123412341234123412341234123412341234123412341234123412341234123412341234123412341234123412341234123412341234123412341234123412341234' exceeds maximum length of 255.
2026-06-28 21:10:07.507 7 INFO neutron.api.v2.resource [None req-785ae6be-0f65-4170-8ffd-768c77cc42ac efac0b21298c4083a06a9c2e27422aea 6a8b604ea4f24b2badb50028c75170d5 - - default default] create failed (client error): Invalid input for target_tenant. Reason: '1234123412341234123412341234123412341234123412341234123412341234123412341234123412341234123412341234123412341234123412341234123412341234123412341234123412341234123412341234123412341234123412341234123412341234123412341234123412341234123412341234123412341234123412341234123412341234123412341234123412341234123412341234123412341234123412341234123412341234123412341234123412341234123412341234123412341234' exceeds maximum length of 255. [pid: 7|app: 0|req: 961/1976] 10.0.0.127 () {34 vars in 681 bytes} [Sun Jun 28 21:10:07 2026] POST /v2.0/rbac-policies => generated 547 bytes in 6 msecs (HTTP/1.1 400) 4 headers in 166 bytes (1 switches on core 0)
2026-06-28 21:10:07.597 8 INFO neutron.db.ovn_revision_numbers_db [None req-bb9b964a-98c8-463c-979f-20043a3ce3bd ebc9641101d8444aba8715497810c3a3 da736a3b393d4061a9b56d51dce7220c - - default default] Successfully bumped revision number for resource de088349-bee3-4397-a0f1-9f4588ef8a6a (type: security_group_rules) to 0 [pid: 8|app: 0|req: 1016/1977] 10.0.0.127 () {34 vars in 695 bytes} [Sun Jun 28 21:10:07 2026] POST /v2.0/security-group-rules => generated 606 bytes in 186 msecs (HTTP/1.1 201) 4 headers in 162 bytes (1 switches on core 0)
2026-06-28 21:10:07.660 7 INFO neutron_taas.services.taas.taas_plugin [None req-64883a31-f872-4802-8f05-6151f422d261 efac0b21298c4083a06a9c2e27422aea 6a8b604ea4f24b2badb50028c75170d5 - - default default] TaaS: Handle Delete Port: 9c3992b9-ca4d-44c7-a307-03ede4da9b7b
2026-06-28 21:10:07.662 7 INFO neutron_taas.services.taas.tap_mirror_plugin [None req-64883a31-f872-4802-8f05-6151f422d261 efac0b21298c4083a06a9c2e27422aea 6a8b604ea4f24b2badb50028c75170d5 - - default default] Tap Mirror: Handle Delete Port: 9c3992b9-ca4d-44c7-a307-03ede4da9b7b [pid: 7|app: 0|req: 962/1978] 10.0.0.127 () {32 vars in 726 bytes} [Sun Jun 28 21:10:07 2026] DELETE /v2.0/networks/ae1c2a8c-f1f1-4bbd-9863-e61105fad66b => generated 0 bytes in 471 msecs (HTTP/1.1 204) 3 headers in 131 bytes (1 switches on core 0)
2026-06-28 21:10:08.073 8 INFO neutron.db.segments_db [None req-627f1739-e13d-47fe-ac52-9cfd5673db2e efac0b21298c4083a06a9c2e27422aea 6a8b604ea4f24b2badb50028c75170d5 - - default default] Added segment 919ec139-719b-40d8-9b46-cf7cd938d38c of type geneve for network cfc9aadd-a004-4736-ae52-80e302a0f7bf
2026-06-28 21:10:08.142 7 INFO neutron.db.ovn_revision_numbers_db [None req-bea797bb-c235-4bd2-afdf-f959fd356ed1 ebc9641101d8444aba8715497810c3a3 da736a3b393d4061a9b56d51dce7220c - - default default] Successfully bumped revision number for resource cfe2c077-8c58-432b-a882-8c943cd95fc2 (type: security_groups) to 1
2026-06-28 21:10:08.154 7 INFO neutron.db.ovn_revision_numbers_db [None req-bea797bb-c235-4bd2-afdf-f959fd356ed1 ebc9641101d8444aba8715497810c3a3 da736a3b393d4061a9b56d51dce7220c - - default default] Successfully bumped revision number for resource 31686ee8-f02d-4596-ae4d-ab2256533033 (type: security_group_rules) to 0
2026-06-28 21:10:08.167 7 INFO neutron.db.ovn_revision_numbers_db [None req-bea797bb-c235-4bd2-afdf-f959fd356ed1 ebc9641101d8444aba8715497810c3a3 da736a3b393d4061a9b56d51dce7220c - - default default] Successfully bumped revision number for resource 6efbe9f0-f04f-47b3-b533-883d5321f053 (type: security_group_rules) to 0
2026-06-28 21:10:08.180 8 INFO neutron.db.ovn_revision_numbers_db [None req-627f1739-e13d-47fe-ac52-9cfd5673db2e efac0b21298c4083a06a9c2e27422aea 6a8b604ea4f24b2badb50028c75170d5 - - default default] Successfully bumped revision number for resource cfc9aadd-a004-4736-ae52-80e302a0f7bf (type: networks) to 1 [pid: 7|app: 0|req: 965/1981] 10.0.0.127 () {34 vars in 685 bytes} [Sun Jun 28 21:10:08 2026] POST /v2.0/security-groups => generated 1661 bytes in 183 msecs (HTTP/1.1 201) 4 headers in 163 bytes (1 switches on core 0)
2026-06-28 21:10:08.349 7 INFO neutron.services.segments.plugin [-] Segment 666712c7-60ab-4380-b821-1a63be83e5dc resource provider aggregate not found
2026-06-28 21:10:08.356 7 INFO neutron.services.segments.plugin [-] Segment 666712c7-60ab-4380-b821-1a63be83e5dc resource provider aggregate not found
2026-06-28 21:10:08.357 8 WARNING neutron.scheduler.dhcp_agent_scheduler [None req-627f1739-e13d-47fe-ac52-9cfd5673db2e efac0b21298c4083a06a9c2e27422aea 6a8b604ea4f24b2badb50028c75170d5 - - default default] No more DHCP agents
2026-06-28 21:10:08.358 8 WARNING neutron.api.rpc.agentnotifiers.dhcp_rpc_agent_api [None req-627f1739-e13d-47fe-ac52-9cfd5673db2e efac0b21298c4083a06a9c2e27422aea 6a8b604ea4f24b2badb50028c75170d5 - - default default] Unable to schedule network cfc9aadd-a004-4736-ae52-80e302a0f7bf: no agents available; will retry on subsequent port and subnet creation events.
2026-06-28 21:10:08.372 7 INFO neutron.services.segments.plugin [-] Segment 666712c7-60ab-4380-b821-1a63be83e5dc resource provider not found; error: Placement Client Error (4xx): {"errors": [{"status": 404, "title": "Not Found", "detail": "The resource could not be found.\n\n No resource provider with uuid 666712c7-60ab-4380-b821-1a63be83e5dc found for delete ", "request_id": "req-b7d4c19b-7503-4701-acb1-5756c2bfdf5b"}]}
2026-06-28 21:10:08.380 7 INFO neutron.services.segments.plugin [-] Segment 666712c7-60ab-4380-b821-1a63be83e5dc resource provider not found; error: Placement Client Error (4xx): {"errors": [{"status": 404, "title": "Not Found", "detail": "The resource could not be found.\n\n No resource provider with uuid 666712c7-60ab-4380-b821-1a63be83e5dc found for delete ", "request_id": "req-eb87714c-ad9f-4820-8b7e-ad9166d84a57"}]}
2026-06-28 21:10:08.385 7 INFO neutron.db.ovn_revision_numbers_db [None req-9517d1c1-8a4f-4641-a897-57f75222b78c ebc9641101d8444aba8715497810c3a3 da736a3b393d4061a9b56d51dce7220c - - default default] Successfully bumped revision number for resource 7ad3bcb1-1058-4e47-9f31-64085d174403 (type: security_group_rules) to 0
2026-06-28 21:10:08.410 7 INFO neutron.plugins.ml2.drivers.ovn.mech_driver.mech_driver [None req-76851c3d-a278-47b8-aa35-c29a77ab7a3c - - - - - -] OVN reports status down for port: a4808138-ca0a-4270-8856-7b49189bd795
2026-06-28 21:10:08.430 8 INFO neutron.db.ovn_revision_numbers_db [None req-627f1739-e13d-47fe-ac52-9cfd5673db2e efac0b21298c4083a06a9c2e27422aea 6a8b604ea4f24b2badb50028c75170d5 - - default default] Successfully bumped revision number for resource a4808138-ca0a-4270-8856-7b49189bd795 (type: ports) to 1 [pid: 8|app: 0|req: 1017/1982] 10.0.0.127 () {34 vars in 670 bytes} [Sun Jun 28 21:10:07 2026] POST /v2.0/networks => generated 728 bytes in 459 msecs (HTTP/1.1 201) 4 headers in 162 bytes (1 switches on core 0) [pid: 7|app: 0|req: 966/1983] 10.0.0.127 () {34 vars in 695 bytes} [Sun Jun 28 21:10:08 2026] POST /v2.0/security-group-rules => generated 597 bytes in 246 msecs (HTTP/1.1 201) 4 headers in 162 bytes (1 switches on core 0) [pid: 8|app: 0|req: 1018/1984] 10.0.0.127 () {32 vars in 826 bytes} [Sun Jun 28 21:10:08 2026] GET /v2.0/ports?project_id=2014d05d07834d0688cd1cea012465af&network_id=9c1a76d3-38ca-4033-a899-f1a725286d5b => generated 3319 bytes in 58 msecs (HTTP/1.1 200) 4 headers in 158 bytes (1 switches on core 0)
2026-06-28 21:10:08.621 7 WARNING neutron.scheduler.dhcp_agent_scheduler [None req-6bdfd8af-fc46-4b56-8733-eb3a129ba760 efac0b21298c4083a06a9c2e27422aea 6a8b604ea4f24b2badb50028c75170d5 - - default default] No more DHCP agents
2026-06-28 21:10:08.622 7 WARNING neutron.api.rpc.agentnotifiers.dhcp_rpc_agent_api [None req-6bdfd8af-fc46-4b56-8733-eb3a129ba760 efac0b21298c4083a06a9c2e27422aea 6a8b604ea4f24b2badb50028c75170d5 - - default default] Unable to schedule network cfc9aadd-a004-4736-ae52-80e302a0f7bf: no agents available; will retry on subsequent port and subnet creation events.
2026-06-28 21:10:08.646 8 INFO neutron.db.ovn_revision_numbers_db [None req-bdf4ae20-3c09-4aa0-8386-dcca33edcda7 ebc9641101d8444aba8715497810c3a3 da736a3b393d4061a9b56d51dce7220c - - default default] Successfully bumped revision number for resource d6ab5688-adf3-4a65-bfdc-20f7aac0bb6a (type: security_group_rules) to 0 [pid: 8|app: 0|req: 1019/1985] 10.0.0.127 () {34 vars in 695 bytes} [Sun Jun 28 21:10:08 2026] POST /v2.0/security-group-rules => generated 602 bytes in 184 msecs (HTTP/1.1 201) 4 headers in 162 bytes (1 switches on core 0)
2026-06-28 21:10:08.935 8 WARNING neutron.scheduler.dhcp_agent_scheduler [None req-d8037e65-1604-452d-8b2a-302127f84ac4 ebc9641101d8444aba8715497810c3a3 da736a3b393d4061a9b56d51dce7220c - - default default] No more DHCP agents
2026-06-28 21:10:08.937 8 WARNING neutron.api.rpc.agentnotifiers.dhcp_rpc_agent_api [None req-d8037e65-1604-452d-8b2a-302127f84ac4 ebc9641101d8444aba8715497810c3a3 da736a3b393d4061a9b56d51dce7220c - - default default] Unable to schedule network 2485cc6d-d056-433e-a0c1-af86b7eee944: no agents available; will retry on subsequent port and subnet creation events.
2026-06-28 21:10:09.053 7 INFO neutron.db.ovn_revision_numbers_db [None req-3c319d1b-d682-46bf-a4cb-3206e9c0741a - - - - - -] Successfully bumped revision number for resource a4808138-ca0a-4270-8856-7b49189bd795 (type: ports) to 2
2026-06-28 21:10:09.080 7 INFO neutron.db.ovn_revision_numbers_db [None req-3c319d1b-d682-46bf-a4cb-3206e9c0741a - - - - - -] Successfully bumped revision number for resource 3ccabd0e-a07e-4426-a263-75900d4d8a14 (type: subnets) to 0 [pid: 7|app: 0|req: 967/1986] 10.0.0.127 () {34 vars in 669 bytes} [Sun Jun 28 21:10:08 2026] POST /v2.0/subnets => generated 647 bytes in 646 msecs (HTTP/1.1 201) 4 headers in 162 bytes (1 switches on core 0) [pid: 7|app: 0|req: 968/1987] 10.0.0.127 () {32 vars in 742 bytes} [Sun Jun 28 21:10:09 2026] GET /v2.0/subnets?network_id=2485cc6d-d056-433e-a0c1-af86b7eee944 => generated 667 bytes in 33 msecs (HTTP/1.1 200) 4 headers in 157 bytes (1 switches on core 0) [pid: 8|app: 0|req: 1020/1988] 10.0.0.127 () {34 vars in 676 bytes} [Sun Jun 28 21:10:08 2026] POST /v2.0/floatingips => generated 552 bytes in 545 msecs (HTTP/1.1 201) 4 headers in 162 bytes (1 switches on core 0) [pid: 7|app: 0|req: 969/1989] 10.0.0.127 () {34 vars in 681 bytes} [Sun Jun 28 21:10:09 2026] POST /v2.0/rbac-policies => generated 324 bytes in 232 msecs (HTTP/1.1 201) 4 headers in 162 bytes (1 switches on core 0) [pid: 7|app: 0|req: 970/1990] 10.0.0.60 () {34 vars in 1099 bytes} [Sun Jun 28 21:10:09 2026] GET /v2.0/security-groups?name=tempest-secgroup-smoke-1934018849&fields=id&tenant_id=da736a3b393d4061a9b56d51dce7220c => generated 69 bytes in 23 msecs (HTTP/1.1 200) 4 headers in 156 bytes (1 switches on core 0)
2026-06-28 21:10:09.444 8 INFO neutron.db.ovn_revision_numbers_db [None req-66c3eed2-686b-4182-bc7c-130a05164108 9fa7fb3588b245a793652d9f214ac035 2014d05d07834d0688cd1cea012465af - - default default] Successfully bumped revision number for resource cce8c0d5-a5f3-42dd-9db9-33bdd4d481ac (type: floatingips) to 2
2026-06-28 21:10:09.494 8 INFO neutron.db.l3_db [None req-66c3eed2-686b-4182-bc7c-130a05164108 9fa7fb3588b245a793652d9f214ac035 2014d05d07834d0688cd1cea012465af - - default default] Floating IP cce8c0d5-a5f3-42dd-9db9-33bdd4d481ac disassociated. External IP: 10.96.250.201, port: acd3adac-cda2-41c2-b907-636bfc8597ed. [pid: 8|app: 0|req: 1021/1991] 10.0.0.127 () {34 vars in 749 bytes} [Sun Jun 28 21:10:09 2026] PUT /v2.0/floatingips/cce8c0d5-a5f3-42dd-9db9-33bdd4d481ac => generated 554 bytes in 234 msecs (HTTP/1.1 200) 4 headers in 157 bytes (1 switches on core 0)
2026-06-28 21:10:09.565 8 INFO neutron.notifiers.nova [-] Nova event matching ['req-7cfff21a-5532-41f6-862e-d6e90dbfeb81'] response: {'name': 'network-changed', 'server_uuid': 'a05a844b-bdab-451b-816e-09b16fb3111d', 'tag': 'acd3adac-cda2-41c2-b907-636bfc8597ed', 'status': 'completed', 'code': 200} [pid: 8|app: 0|req: 1022/1992] 10.0.0.60 () {34 vars in 1099 bytes} [Sun Jun 28 21:10:09 2026] GET /v2.0/security-groups?name=tempest-securitygroup--1544419628&fields=id&tenant_id=da736a3b393d4061a9b56d51dce7220c => generated 69 bytes in 53 msecs (HTTP/1.1 200) 4 headers in 156 bytes (1 switches on core 0) [pid: 8|app: 0|req: 1023/1993] 10.0.0.127 () {32 vars in 729 bytes} [Sun Jun 28 21:10:09 2026] GET /v2.0/floatingips/cce8c0d5-a5f3-42dd-9db9-33bdd4d481ac => generated 552 bytes in 27 msecs (HTTP/1.1 200) 4 headers in 157 bytes (1 switches on core 0)
2026-06-28 21:10:09.639 7 INFO neutron.db.ovn_revision_numbers_db [None req-bdd56cdf-3723-4c88-b215-d3ba2dd31ed8 5cbcceb283be4344b115bb84e71b3127 72df3fadbf5043b89c038aad6ec4a067 - - default default] Successfully bumped revision number for resource 449be13f-89ee-4c42-a237-0c254e05fd09 (type: security_groups) to 1 [pid: 8|app: 0|req: 1024/1994] 10.0.0.60 () {34 vars in 981 bytes} [Sun Jun 28 21:10:09 2026] GET /v2.0/networks?id=ddb332b1-a4dd-40f9-95c3-c7e36f97db4a => generated 673 bytes in 42 msecs (HTTP/1.1 200) 4 headers in 157 bytes (1 switches on core 0)
2026-06-28 21:10:09.649 7 INFO neutron.db.ovn_revision_numbers_db [None req-bdd56cdf-3723-4c88-b215-d3ba2dd31ed8 5cbcceb283be4344b115bb84e71b3127 72df3fadbf5043b89c038aad6ec4a067 - - default default] Successfully bumped revision number for resource 20574788-9612-4397-9818-9e5791827572 (type: security_group_rules) to 0 [pid: 8|app: 0|req: 1025/1995] 10.0.0.60 () {34 vars in 964 bytes} [Sun Jun 28 21:10:09 2026] GET /v2.0/quotas/da736a3b393d4061a9b56d51dce7220c => generated 292 bytes in 7 msecs (HTTP/1.1 200) 4 headers in 157 bytes (1 switches on core 0)
2026-06-28 21:10:09.661 7 INFO neutron.db.ovn_revision_numbers_db [None req-bdd56cdf-3723-4c88-b215-d3ba2dd31ed8 5cbcceb283be4344b115bb84e71b3127 72df3fadbf5043b89c038aad6ec4a067 - - default default] Successfully bumped revision number for resource 929a343f-d8fa-4225-98e5-5b5e43773095 (type: security_group_rules) to 0
2026-06-28 21:10:09.676 7 INFO neutron.db.ovn_revision_numbers_db [None req-bdd56cdf-3723-4c88-b215-d3ba2dd31ed8 5cbcceb283be4344b115bb84e71b3127 72df3fadbf5043b89c038aad6ec4a067 - - default default] Successfully bumped revision number for resource ab05e708-1c3f-4671-8383-d924caae621f (type: security_group_rules) to 0
2026-06-28 21:10:09.688 7 INFO neutron.db.ovn_revision_numbers_db [None req-bdd56cdf-3723-4c88-b215-d3ba2dd31ed8 5cbcceb283be4344b115bb84e71b3127 72df3fadbf5043b89c038aad6ec4a067 - - default default] Successfully bumped revision number for resource e4cfc1f3-f6c7-43b2-af51-0fa02292eae0 (type: security_group_rules) to 0 [pid: 7|app: 0|req: 971/1996] 10.0.0.127 () {32 vars in 774 bytes} [Sun Jun 28 21:10:09 2026] GET /v2.0/security-groups?tenant_id=5157a233450f4d1d9a8cf59d85b00d6a&name=default => generated 2925 bytes in 338 msecs (HTTP/1.1 200) 4 headers in 158 bytes (1 switches on core 0) [pid: 8|app: 0|req: 1026/1997] 10.0.0.60 () {34 vars in 1001 bytes} [Sun Jun 28 21:10:09 2026] GET /v2.0/ports?tenant_id=da736a3b393d4061a9b56d51dce7220c&fields=id => generated 103 bytes in 77 msecs (HTTP/1.1 200) 4 headers in 157 bytes (1 switches on core 0) [pid: 8|app: 0|req: 1027/1998] 10.0.0.127 () {32 vars in 723 bytes} [Sun Jun 28 21:10:09 2026] GET /v2.0/networks/cfc9aadd-a004-4736-ae52-80e302a0f7bf => generated 654 bytes in 71 msecs (HTTP/1.1 200) 4 headers in 157 bytes (1 switches on core 0) [pid: 8|app: 0|req: 1028/1999] 10.0.0.60 () {34 vars in 1007 bytes} [Sun Jun 28 21:10:09 2026] GET /v2.0/networks/ddb332b1-a4dd-40f9-95c3-c7e36f97db4a?fields=segments => generated 14 bytes in 47 msecs (HTTP/1.1 200) 4 headers in 156 bytes (1 switches on core 0) [pid: 8|app: 0|req: 1029/2000] 10.0.0.60 () {34 vars in 1107 bytes} [Sun Jun 28 21:10:09 2026] GET /v2.0/networks/ddb332b1-a4dd-40f9-95c3-c7e36f97db4a?fields=provider%3Aphysical_network&fields=provider%3Anetwork_type => generated 79 bytes in 40 msecs (HTTP/1.1 200) 4 headers in 156 bytes (1 switches on core 0) [pid: 7|app: 0|req: 972/2001] 10.0.0.127 () {32 vars in 740 bytes} [Sun Jun 28 21:10:09 2026] DELETE /v2.0/security-groups/449be13f-89ee-4c42-a237-0c254e05fd09 => generated 0 bytes in 207 msecs (HTTP/1.1 204) 2 headers in 112 bytes (1 switches on core 0) [pid: 8|app: 0|req: 1030/2002] 10.0.0.60 () {34 vars in 989 bytes} [Sun Jun 28 21:10:10 2026] GET /v2.0/ports?device_id=9a2ea711-0858-4f17-9268-150be1ebb090 => generated 12 bytes in 20 msecs (HTTP/1.1 200) 4 headers in 156 bytes (1 switches on core 0) [pid: 7|app: 0|req: 973/2003] 199.204.45.205 () {34 vars in 1080 bytes} [Sun Jun 28 21:10:10 2026] GET /v2.0/ports?tenant_id=2014d05d07834d0688cd1cea012465af&device_id=a05a844b-bdab-451b-816e-09b16fb3111d => generated 1213 bytes in 37 msecs (HTTP/1.1 200) 4 headers in 158 bytes (1 switches on core 0) [pid: 8|app: 0|req: 1031/2004] 199.204.45.205 () {34 vars in 986 bytes} [Sun Jun 28 21:10:10 2026] GET /v2.0/networks?id=9c1a76d3-38ca-4033-a899-f1a725286d5b => generated 760 bytes in 38 msecs (HTTP/1.1 200) 4 headers in 157 bytes (1 switches on core 0) [pid: 7|app: 0|req: 974/2005] 199.204.45.205 () {34 vars in 1060 bytes} [Sun Jun 28 21:10:10 2026] GET /v2.0/floatingips?fixed_ip_address=10.100.0.14&port_id=acd3adac-cda2-41c2-b907-636bfc8597ed => generated 19 bytes in 23 msecs (HTTP/1.1 200) 4 headers in 156 bytes (1 switches on core 0) [pid: 7|app: 0|req: 975/2006] 199.204.45.205 () {34 vars in 984 bytes} [Sun Jun 28 21:10:10 2026] GET /v2.0/subnets?id=da05efb5-06c6-4f3f-b8c6-67076ea6010f => generated 678 bytes in 24 msecs (HTTP/1.1 200) 4 headers in 157 bytes (1 switches on core 0) [pid: 7|app: 0|req: 976/2007] 199.204.45.205 () {34 vars in 1052 bytes} [Sun Jun 28 21:10:10 2026] GET /v2.0/ports?network_id=9c1a76d3-38ca-4033-a899-f1a725286d5b&device_owner=network%3Adhcp => generated 12 bytes in 19 msecs (HTTP/1.1 200) 4 headers in 156 bytes (1 switches on core 0) [pid: 7|app: 0|req: 977/2008] 199.204.45.205 () {34 vars in 1012 bytes} [Sun Jun 28 21:10:10 2026] GET /v2.0/networks/9c1a76d3-38ca-4033-a899-f1a725286d5b?fields=segments => generated 14 bytes in 33 msecs (HTTP/1.1 200) 4 headers in 156 bytes (1 switches on core 0)
2026-06-28 21:10:10.311 8 INFO neutron.pecan_wsgi.hooks.translation [None req-f9e2dc8b-16eb-492c-9a78-706c52267d63 0e4d974cdbb549c097a079dc74deab7c 2d885c6cf32c434f8f78e1ccf2334a1f - - default default] GET failed (client error): The resource could not be found. [pid: 8|app: 0|req: 1032/2009] 10.0.0.127 () {32 vars in 723 bytes} [Sun Jun 28 21:10:10 2026] GET /v2.0/networks/cfc9aadd-a004-4736-ae52-80e302a0f7bf => generated 138 bytes in 131 msecs (HTTP/1.1 404) 4 headers in 164 bytes (1 switches on core 0) [pid: 7|app: 0|req: 978/2010] 199.204.45.205 () {34 vars in 1112 bytes} [Sun Jun 28 21:10:10 2026] GET /v2.0/networks/9c1a76d3-38ca-4033-a899-f1a725286d5b?fields=provider%3Aphysical_network&fields=provider%3Anetwork_type => generated 79 bytes in 40 msecs (HTTP/1.1 200) 4 headers in 156 bytes (1 switches on core 0)
2026-06-28 21:10:10.461 8 INFO neutron_taas.services.taas.taas_plugin [None req-23bf4878-f715-4235-a5a0-adfff4cd114f efac0b21298c4083a06a9c2e27422aea 6a8b604ea4f24b2badb50028c75170d5 - - default default] TaaS: Handle Delete Port: a4808138-ca0a-4270-8856-7b49189bd795
2026-06-28 21:10:10.465 8 INFO neutron_taas.services.taas.tap_mirror_plugin [None req-23bf4878-f715-4235-a5a0-adfff4cd114f efac0b21298c4083a06a9c2e27422aea 6a8b604ea4f24b2badb50028c75170d5 - - default default] Tap Mirror: Handle Delete Port: a4808138-ca0a-4270-8856-7b49189bd795
2026-06-28 21:10:10.768 8 INFO neutron.services.segments.plugin [-] Segment 919ec139-719b-40d8-9b46-cf7cd938d38c resource provider aggregate not found
2026-06-28 21:10:10.776 8 INFO neutron.services.segments.plugin [-] Segment 919ec139-719b-40d8-9b46-cf7cd938d38c resource provider aggregate not found
2026-06-28 21:10:10.786 8 INFO neutron.services.segments.plugin [-] Segment 919ec139-719b-40d8-9b46-cf7cd938d38c resource provider not found; error: Placement Client Error (4xx): {"errors": [{"status": 404, "title": "Not Found", "detail": "The resource could not be found.\n\n No resource provider with uuid 919ec139-719b-40d8-9b46-cf7cd938d38c found for delete ", "request_id": "req-334dcb1a-38d6-489f-95b8-551a7957b9a8"}]}
2026-06-28 21:10:10.794 8 INFO neutron.services.segments.plugin [-] Segment 919ec139-719b-40d8-9b46-cf7cd938d38c resource provider not found; error: Placement Client Error (4xx): {"errors": [{"status": 404, "title": "Not Found", "detail": "The resource could not be found.\n\n No resource provider with uuid 919ec139-719b-40d8-9b46-cf7cd938d38c found for delete ", "request_id": "req-575c2bc8-ff4e-42b1-9748-856e8c947c35"}]} [pid: 8|app: 0|req: 1033/2011] 10.0.0.127 () {32 vars in 726 bytes} [Sun Jun 28 21:10:10 2026] DELETE /v2.0/networks/cfc9aadd-a004-4736-ae52-80e302a0f7bf => generated 0 bytes in 502 msecs (HTTP/1.1 204) 3 headers in 131 bytes (1 switches on core 0)
2026-06-28 21:10:10.836 7 INFO neutron.db.ovn_revision_numbers_db [None req-1051ea23-aebb-42cb-b8b0-64cc2b10d461 9fa7fb3588b245a793652d9f214ac035 2014d05d07834d0688cd1cea012465af - - default default] Successfully bumped revision number for resource 7723d181-0f85-4838-bd61-55592708fdfc (type: security_groups) to 1
2026-06-28 21:10:10.845 8 INFO neutron.pecan_wsgi.hooks.translation [None req-9902ed37-5d14-4d4b-868c-c0b9afe1c9ad efac0b21298c4083a06a9c2e27422aea 6a8b604ea4f24b2badb50028c75170d5 - - default default] DELETE failed (client error): The resource could not be found. [pid: 8|app: 0|req: 1034/2012] 10.0.0.127 () {32 vars in 724 bytes} [Sun Jun 28 21:10:10 2026] DELETE /v2.0/subnets/4570327a-190c-4cbf-bfa7-7ca3c0aa0bd6 => generated 136 bytes in 20 msecs (HTTP/1.1 404) 4 headers in 164 bytes (1 switches on core 0)
2026-06-28 21:10:10.864 7 INFO neutron.db.ovn_revision_numbers_db [None req-1051ea23-aebb-42cb-b8b0-64cc2b10d461 9fa7fb3588b245a793652d9f214ac035 2014d05d07834d0688cd1cea012465af - - default default] Successfully bumped revision number for resource 6561ba04-6c23-4664-97a5-1b6679afa3c2 (type: security_group_rules) to 0
2026-06-28 21:10:10.865 8 INFO neutron.pecan_wsgi.hooks.translation [None req-9df32b8a-db3c-4a9c-a7f9-42c1d209df0f efac0b21298c4083a06a9c2e27422aea 6a8b604ea4f24b2badb50028c75170d5 - - default default] DELETE failed (client error): The resource could not be found. [pid: 8|app: 0|req: 1035/2013] 10.0.0.127 () {32 vars in 724 bytes} [Sun Jun 28 21:10:10 2026] DELETE /v2.0/subnets/88078786-926c-4d47-89d5-bb09fb42fafe => generated 136 bytes in 17 msecs (HTTP/1.1 404) 4 headers in 164 bytes (1 switches on core 0)
