2026-06-28 21:09:51.532 7 WARNING neutron.api.rpc.agentnotifiers.dhcp_rpc_agent_api [None req-25f4442f-1a65-43f7-8a75-2f5401401e90 7eb783bbf58c4d64bcee5279db8487ad 25b8b460fe574ebda916554aa122803d - - default default] Unable to schedule network 8049c4be-0042-4cf8-aba6-c1020c5e7d71: no agents available; will retry on subsequent port and subnet creation events.
2026-06-28 21:09:51.634 8 INFO neutron.plugins.ml2.drivers.ovn.mech_driver.mech_driver [None req-d4bdd3e3-c5e1-4c78-9f63-5854edaa4c5d - - - - - -] OVN reports status down for port: 5c1b6faa-4b3a-46fd-af38-991820ce862c [pid: 8|app: 0|req: 976/1878] 10.0.0.127 () {32 vars in 774 bytes} [Sun Jun 28 21:09:51 2026] GET /v2.0/security-groups?tenant_id=9cdbcefcf2be414f81885805ad3de32f&name=default => generated 2925 bytes in 132 msecs (HTTP/1.1 200) 4 headers in 158 bytes (1 switches on core 0) [pid: 8|app: 0|req: 977/1879] 10.0.0.127 () {32 vars in 740 bytes} [Sun Jun 28 21:09:51 2026] DELETE /v2.0/security-groups/7ef1b843-b7c3-4ff2-aa7d-3d4ecd771837 => generated 0 bytes in 224 msecs (HTTP/1.1 204) 2 headers in 112 bytes (1 switches on core 0)
2026-06-28 21:09:52.075 7 INFO neutron.db.ovn_revision_numbers_db [None req-25f4442f-1a65-43f7-8a75-2f5401401e90 7eb783bbf58c4d64bcee5279db8487ad 25b8b460fe574ebda916554aa122803d - - default default] Successfully bumped revision number for resource 5c1b6faa-4b3a-46fd-af38-991820ce862c (type: ports) to 1 [pid: 8|app: 0|req: 978/1880] 10.0.0.24 () {30 vars in 649 bytes} [Sun Jun 28 21:09:52 2026] GET /v2.0/extensions => generated 20118 bytes in 35 msecs (HTTP/1.1 200) 4 headers in 159 bytes (1 switches on core 0) [pid: 8|app: 0|req: 979/1881] 10.0.0.24 () {30 vars in 723 bytes} [Sun Jun 28 21:09:52 2026] GET /v2.0/quotas/acd974f38ca6403c9c20cfb98342cb03/details => generated 847 bytes in 93 msecs (HTTP/1.1 200) 4 headers in 157 bytes (1 switches on core 0)
2026-06-28 21:09:52.563 8 INFO neutron.plugins.ml2.drivers.ovn.mech_driver.mech_driver [None req-d4bdd3e3-c5e1-4c78-9f63-5854edaa4c5d - - - - - -] OVN reports status up for port: 5c1b6faa-4b3a-46fd-af38-991820ce862c
2026-06-28 21:09:52.592 8 INFO neutron.plugins.ml2.plugin [None req-d4bdd3e3-c5e1-4c78-9f63-5854edaa4c5d - - - - - -] Attempt 1 to provision port 5c1b6faa-4b3a-46fd-af38-991820ce862c
2026-06-28 21:09:52.627 7 WARNING neutron.scheduler.dhcp_agent_scheduler [None req-25f4442f-1a65-43f7-8a75-2f5401401e90 7eb783bbf58c4d64bcee5279db8487ad 25b8b460fe574ebda916554aa122803d - - default default] No more DHCP agents
2026-06-28 21:09:52.629 7 WARNING neutron.api.rpc.agentnotifiers.dhcp_rpc_agent_api [None req-25f4442f-1a65-43f7-8a75-2f5401401e90 7eb783bbf58c4d64bcee5279db8487ad 25b8b460fe574ebda916554aa122803d - - default default] Unable to schedule network 8049c4be-0042-4cf8-aba6-c1020c5e7d71: no agents available; will retry on subsequent port and subnet creation events. [pid: 8|app: 0|req: 980/1882] 10.0.0.60 () {34 vars in 989 bytes} [Sun Jun 28 21:09:52 2026] GET /v2.0/ports?device_id=a05a844b-bdab-451b-816e-09b16fb3111d => generated 973 bytes in 144 msecs (HTTP/1.1 200) 4 headers in 157 bytes (1 switches on core 0) [pid: 8|app: 0|req: 981/1883] 10.0.0.60 () {34 vars in 1039 bytes} [Sun Jun 28 21:09:52 2026] GET /v2.0/security-groups?id=6d2497da-05ef-43e2-93e8-4792d6c4add7&fields=id&fields=name => generated 114 bytes in 61 msecs (HTTP/1.1 200) 4 headers in 157 bytes (1 switches on core 0)
2026-06-28 21:09:52.758 7 WARNING neutron.plugins.ml2.drivers.ovn.mech_driver.ovsdb.ovn_client [None req-120ce8e4-c8db-4d1f-a745-90bebdb6649a - - - - - -] No port found with ID 18d6be58-b41c-4430-9cdd-0be35fde0157: RuntimeError: No port found with ID 18d6be58-b41c-4430-9cdd-0be35fde0157
2026-06-28 21:09:52.773 7 INFO neutron.plugins.ml2.drivers.ovn.mech_driver.mech_driver [None req-120ce8e4-c8db-4d1f-a745-90bebdb6649a - - - - - -] OVN reports status up for port: acd3adac-cda2-41c2-b907-636bfc8597ed
2026-06-28 21:09:52.795 7 INFO neutron.plugins.ml2.plugin [None req-120ce8e4-c8db-4d1f-a745-90bebdb6649a - - - - - -] Attempt 1 to provision port acd3adac-cda2-41c2-b907-636bfc8597ed
2026-06-28 21:09:52.883 7 INFO neutron.db.ovn_revision_numbers_db [None req-25f4442f-1a65-43f7-8a75-2f5401401e90 7eb783bbf58c4d64bcee5279db8487ad 25b8b460fe574ebda916554aa122803d - - default default] Successfully bumped revision number for resource 5c1b6faa-4b3a-46fd-af38-991820ce862c (type: router_ports) to 1 [pid: 7|app: 0|req: 903/1884] 10.0.0.127 () {34 vars in 783 bytes} [Sun Jun 28 21:09:51 2026] PUT /v2.0/routers/a14631f1-aa2e-4a83-b717-3c23d6830a82/add_router_interface => generated 309 bytes in 1800 msecs (HTTP/1.1 200) 4 headers in 157 bytes (1 switches on core 0)
2026-06-28 21:09:52.961 7 INFO neutron.notifiers.nova [-] Nova event matching ['req-704a68b2-2a74-4f3b-aee8-a923582a483e'] response: {'server_uuid': 'a05a844b-bdab-451b-816e-09b16fb3111d', 'name': 'network-vif-plugged', 'status': 'completed', 'tag': 'acd3adac-cda2-41c2-b907-636bfc8597ed', 'code': 200} [pid: 8|app: 0|req: 982/1887] 10.0.0.127 () {32 vars in 717 bytes} [Sun Jun 28 21:09:52 2026] GET /v2.0/ports/5c1b6faa-4b3a-46fd-af38-991820ce862c => generated 943 bytes in 162 msecs (HTTP/1.1 200) 4 headers in 157 bytes (1 switches on core 0) [pid: 7|app: 0|req: 906/1888] 10.0.0.127 () {32 vars in 717 bytes} [Sun Jun 28 21:09:53 2026] GET /v2.0/ports/5c1b6faa-4b3a-46fd-af38-991820ce862c => generated 943 bytes in 70 msecs (HTTP/1.1 200) 4 headers in 157 bytes (1 switches on core 0)
2026-06-28 21:09:53.129 7 INFO neutron.db.ovn_revision_numbers_db [None req-120ce8e4-c8db-4d1f-a745-90bebdb6649a - - - - - -] Successfully bumped revision number for resource acd3adac-cda2-41c2-b907-636bfc8597ed (type: ports) to 5
2026-06-28 21:09:53.274 8 INFO neutron.db.ovn_revision_numbers_db [None req-d4bdd3e3-c5e1-4c78-9f63-5854edaa4c5d - - - - - -] Successfully bumped revision number for resource 5c1b6faa-4b3a-46fd-af38-991820ce862c (type: ports) to 2
2026-06-28 21:09:53.553 8 INFO neutron_taas.services.taas.taas_plugin [None req-9b508598-0885-4ae1-8b7e-cfe7a8be43b5 7eb783bbf58c4d64bcee5279db8487ad 25b8b460fe574ebda916554aa122803d - - default default] TaaS: Handle Delete Port: 5c1b6faa-4b3a-46fd-af38-991820ce862c
2026-06-28 21:09:53.558 8 INFO neutron_taas.services.taas.tap_mirror_plugin [None req-9b508598-0885-4ae1-8b7e-cfe7a8be43b5 7eb783bbf58c4d64bcee5279db8487ad 25b8b460fe574ebda916554aa122803d - - default default] Tap Mirror: Handle Delete Port: 5c1b6faa-4b3a-46fd-af38-991820ce862c /var/lib/openstack/lib/python3.12/site-packages/pycadf/identifier.py:70: UserWarning: Invalid uuid: neutron. To ensure interoperability, identifiers should be a valid uuid. warnings.warn(('Invalid uuid: %s. To ensure interoperability, ' [pid: 7|app: 0|req: 907/1889] 10.0.0.60 () {34 vars in 989 bytes} [Sun Jun 28 21:09:53 2026] GET /v2.0/ports?device_id=a05a844b-bdab-451b-816e-09b16fb3111d => generated 975 bytes in 101 msecs (HTTP/1.1 200) 4 headers in 157 bytes (1 switches on core 0) [pid: 8|app: 0|req: 983/1890] 10.0.0.127 () {34 vars in 789 bytes} [Sun Jun 28 21:09:53 2026] PUT /v2.0/routers/a14631f1-aa2e-4a83-b717-3c23d6830a82/remove_router_interface => generated 309 bytes in 787 msecs (HTTP/1.1 200) 4 headers in 157 bytes (1 switches on core 0) /var/lib/openstack/lib/python3.12/site-packages/pycadf/identifier.py:70: UserWarning: Invalid uuid: neutron. To ensure interoperability, identifiers should be a valid uuid. warnings.warn(('Invalid uuid: %s. To ensure interoperability, ' [pid: 8|app: 0|req: 984/1891] 10.0.0.60 () {34 vars in 1039 bytes} [Sun Jun 28 21:09:53 2026] GET /v2.0/security-groups?id=6d2497da-05ef-43e2-93e8-4792d6c4add7&fields=id&fields=name => generated 114 bytes in 26 msecs (HTTP/1.1 200) 4 headers in 157 bytes (1 switches on core 0) [pid: 8|app: 0|req: 985/1892] 10.0.0.127 () {32 vars in 736 bytes} [Sun Jun 28 21:09:53 2026] GET /v2.0/ports?device_id=a14631f1-aa2e-4a83-b717-3c23d6830a82 => generated 12 bytes in 14 msecs (HTTP/1.1 200) 4 headers in 156 bytes (1 switches on core 0) [pid: 8|app: 0|req: 986/1893] 10.0.0.127 () {32 vars in 724 bytes} [Sun Jun 28 21:09:53 2026] DELETE /v2.0/routers/a14631f1-aa2e-4a83-b717-3c23d6830a82 => generated 0 bytes in 176 msecs (HTTP/1.1 204) 2 headers in 112 bytes (1 switches on core 0)
2026-06-28 21:09:54.235 7 INFO neutron.db.ovn_revision_numbers_db [None req-c3334ec9-af2a-4e09-85e4-f65da81db6da 5cbcceb283be4344b115bb84e71b3127 72df3fadbf5043b89c038aad6ec4a067 - - default default] Successfully bumped revision number for resource 5e9a6ac1-bf84-4a03-bbae-13fe360d563d (type: security_groups) to 1
2026-06-28 21:09:54.247 7 INFO neutron.db.ovn_revision_numbers_db [None req-c3334ec9-af2a-4e09-85e4-f65da81db6da 5cbcceb283be4344b115bb84e71b3127 72df3fadbf5043b89c038aad6ec4a067 - - default default] Successfully bumped revision number for resource 45ee7191-b4d2-42d2-aac8-f458a8a261d3 (type: security_group_rules) to 0
2026-06-28 21:09:54.258 7 INFO neutron.db.ovn_revision_numbers_db [None req-c3334ec9-af2a-4e09-85e4-f65da81db6da 5cbcceb283be4344b115bb84e71b3127 72df3fadbf5043b89c038aad6ec4a067 - - default default] Successfully bumped revision number for resource 4b5fb1c3-6599-41cf-8ed0-8fbef11952c0 (type: security_group_rules) to 0
2026-06-28 21:09:54.275 7 INFO neutron.db.ovn_revision_numbers_db [None req-c3334ec9-af2a-4e09-85e4-f65da81db6da 5cbcceb283be4344b115bb84e71b3127 72df3fadbf5043b89c038aad6ec4a067 - - default default] Successfully bumped revision number for resource afcaa5af-32db-4991-9a10-7f731b925819 (type: security_group_rules) to 0
2026-06-28 21:09:54.291 7 INFO neutron.db.ovn_revision_numbers_db [None req-c3334ec9-af2a-4e09-85e4-f65da81db6da 5cbcceb283be4344b115bb84e71b3127 72df3fadbf5043b89c038aad6ec4a067 - - default default] Successfully bumped revision number for resource b2f5f551-a1d5-4b66-a8dd-25101b2e092e (type: security_group_rules) to 0 [pid: 8|app: 0|req: 987/1894] 10.0.0.127 () {32 vars in 724 bytes} [Sun Jun 28 21:09:54 2026] DELETE /v2.0/subnets/04b2bcd0-c0e2-4a50-8aa0-538b45556150 => generated 0 bytes in 216 msecs (HTTP/1.1 204) 3 headers in 131 bytes (1 switches on core 0)
2026-06-28 21:09:54.368 7 INFO neutron.db.segments_db [None req-c3334ec9-af2a-4e09-85e4-f65da81db6da 5cbcceb283be4344b115bb84e71b3127 72df3fadbf5043b89c038aad6ec4a067 - - default default] Added segment 53485947-2929-402e-ab99-0e5510d3f2c2 of type geneve for network ddb332b1-a4dd-40f9-95c3-c7e36f97db4a [pid: 8|app: 0|req: 988/1895] 10.0.0.24 () {30 vars in 649 bytes} [Sun Jun 28 21:09:54 2026] GET /v2.0/extensions => generated 20118 bytes in 5 msecs (HTTP/1.1 200) 4 headers in 159 bytes (1 switches on core 0)
2026-06-28 21:09:54.478 7 INFO neutron.db.ovn_revision_numbers_db [None req-c3334ec9-af2a-4e09-85e4-f65da81db6da 5cbcceb283be4344b115bb84e71b3127 72df3fadbf5043b89c038aad6ec4a067 - - default default] Successfully bumped revision number for resource ddb332b1-a4dd-40f9-95c3-c7e36f97db4a (type: networks) to 1
2026-06-28 21:09:54.500 8 INFO neutron_taas.services.taas.taas_plugin [None req-95eea33f-1cc9-41fa-ab23-df18dcb0c22e 7eb783bbf58c4d64bcee5279db8487ad 25b8b460fe574ebda916554aa122803d - - default default] TaaS: Handle Delete Port: 32c1a04a-7b53-46f7-9de5-7044fa97f264
2026-06-28 21:09:54.503 8 INFO neutron_taas.services.taas.tap_mirror_plugin [None req-95eea33f-1cc9-41fa-ab23-df18dcb0c22e 7eb783bbf58c4d64bcee5279db8487ad 25b8b460fe574ebda916554aa122803d - - default default] Tap Mirror: Handle Delete Port: 32c1a04a-7b53-46f7-9de5-7044fa97f264
2026-06-28 21:09:54.628 7 WARNING neutron.scheduler.dhcp_agent_scheduler [None req-c3334ec9-af2a-4e09-85e4-f65da81db6da 5cbcceb283be4344b115bb84e71b3127 72df3fadbf5043b89c038aad6ec4a067 - - default default] No more DHCP agents
2026-06-28 21:09:54.630 7 WARNING neutron.api.rpc.agentnotifiers.dhcp_rpc_agent_api [None req-c3334ec9-af2a-4e09-85e4-f65da81db6da 5cbcceb283be4344b115bb84e71b3127 72df3fadbf5043b89c038aad6ec4a067 - - default default] Unable to schedule network ddb332b1-a4dd-40f9-95c3-c7e36f97db4a: no agents available; will retry on subsequent port and subnet creation events.
2026-06-28 21:09:54.685 8 INFO neutron.services.segments.plugin [-] Segment 8f4b3ef0-11db-4eda-92d0-6df4328fa5bd resource provider aggregate not found
2026-06-28 21:09:54.689 8 INFO neutron.services.segments.plugin [-] Segment 8f4b3ef0-11db-4eda-92d0-6df4328fa5bd resource provider aggregate not found
2026-06-28 21:09:54.705 8 INFO neutron.services.segments.plugin [-] Segment 8f4b3ef0-11db-4eda-92d0-6df4328fa5bd resource provider not found; error: Placement Client Error (4xx): {"errors": [{"status": 404, "title": "Not Found", "detail": "The resource could not be found.\n\n No resource provider with uuid 8f4b3ef0-11db-4eda-92d0-6df4328fa5bd found for delete ", "request_id": "req-3e19abcc-7e91-4014-9f5b-6f714a6fe6ef"}]}
2026-06-28 21:09:54.711 8 INFO neutron.services.segments.plugin [-] Segment 8f4b3ef0-11db-4eda-92d0-6df4328fa5bd resource provider not found; error: Placement Client Error (4xx): {"errors": [{"status": 404, "title": "Not Found", "detail": "The resource could not be found.\n\n No resource provider with uuid 8f4b3ef0-11db-4eda-92d0-6df4328fa5bd found for delete ", "request_id": "req-72f02b29-b4ed-4426-af09-e4e4da97a78b"}]}
2026-06-28 21:09:54.713 7 INFO neutron.db.ovn_revision_numbers_db [None req-c3334ec9-af2a-4e09-85e4-f65da81db6da 5cbcceb283be4344b115bb84e71b3127 72df3fadbf5043b89c038aad6ec4a067 - - default default] Successfully bumped revision number for resource aadeff0c-9394-4a51-9141-f7bb3525b7c1 (type: ports) to 1 [pid: 7|app: 0|req: 908/1896] 10.0.0.127 () {34 vars in 671 bytes} [Sun Jun 28 21:09:53 2026] POST /v2.0/networks => generated 744 bytes in 864 msecs (HTTP/1.1 201) 4 headers in 162 bytes (1 switches on core 0) [pid: 8|app: 0|req: 989/1897] 10.0.0.127 () {32 vars in 726 bytes} [Sun Jun 28 21:09:54 2026] DELETE /v2.0/networks/8049c4be-0042-4cf8-aba6-c1020c5e7d71 => generated 0 bytes in 391 msecs (HTTP/1.1 204) 3 headers in 131 bytes (1 switches on core 0) [pid: 7|app: 0|req: 909/1898] 10.0.0.24 () {30 vars in 723 bytes} [Sun Jun 28 21:09:54 2026] GET /v2.0/quotas/acd974f38ca6403c9c20cfb98342cb03/details => generated 847 bytes in 95 msecs (HTTP/1.1 200) 4 headers in 157 bytes (1 switches on core 0)
2026-06-28 21:09:54.870 8 WARNING neutron.scheduler.dhcp_agent_scheduler [None req-ee361588-efaf-4488-bc1b-40afb161c704 5cbcceb283be4344b115bb84e71b3127 72df3fadbf5043b89c038aad6ec4a067 - - default default] No more DHCP agents
2026-06-28 21:09:54.871 8 WARNING neutron.api.rpc.agentnotifiers.dhcp_rpc_agent_api [None req-ee361588-efaf-4488-bc1b-40afb161c704 5cbcceb283be4344b115bb84e71b3127 72df3fadbf5043b89c038aad6ec4a067 - - default default] Unable to schedule network ddb332b1-a4dd-40f9-95c3-c7e36f97db4a: no agents available; will retry on subsequent port and subnet creation events.
2026-06-28 21:09:55.004 7 INFO neutron.notifiers.nova [-] Nova event matching ['req-0635fb1a-e37f-4887-885f-44fd5ed83b3b'] response: {'server_uuid': 'a05a844b-bdab-451b-816e-09b16fb3111d', 'name': 'network-vif-plugged', 'status': 'completed', 'tag': 'acd3adac-cda2-41c2-b907-636bfc8597ed', 'code': 200}
2026-06-28 21:09:55.196 7 WARNING neutron.scheduler.dhcp_agent_scheduler [None req-8cfef9e3-d594-4e53-bd45-8b21c0edb1a6 7eb783bbf58c4d64bcee5279db8487ad 25b8b460fe574ebda916554aa122803d - - default default] No more DHCP agents
2026-06-28 21:09:55.197 7 WARNING neutron.api.rpc.agentnotifiers.dhcp_rpc_agent_api [None req-8cfef9e3-d594-4e53-bd45-8b21c0edb1a6 7eb783bbf58c4d64bcee5279db8487ad 25b8b460fe574ebda916554aa122803d - - default default] Unable to schedule network 2485cc6d-d056-433e-a0c1-af86b7eee944: no agents available; will retry on subsequent port and subnet creation events.
2026-06-28 21:09:55.273 8 INFO neutron.db.ovn_revision_numbers_db [None req-8204d85c-9edd-4bba-bf4a-f2209c4a1d27 - - - - - -] Successfully bumped revision number for resource aadeff0c-9394-4a51-9141-f7bb3525b7c1 (type: ports) to 2
2026-06-28 21:09:55.318 8 INFO neutron.db.ovn_revision_numbers_db [None req-8204d85c-9edd-4bba-bf4a-f2209c4a1d27 - - - - - -] Successfully bumped revision number for resource 258adbd0-0b90-46c4-ab76-4e1d880e433a (type: subnets) to 0
2026-06-28 21:09:55.323 7 INFO neutron.plugins.ml2.drivers.ovn.mech_driver.mech_driver [None req-76851c3d-a278-47b8-aa35-c29a77ab7a3c - - - - - -] OVN reports status down for port: 48050beb-5164-4cbf-a27b-750381726f54 [pid: 8|app: 0|req: 990/1899] 10.0.0.127 () {34 vars in 669 bytes} [Sun Jun 28 21:09:54 2026] POST /v2.0/subnets => generated 688 bytes in 573 msecs (HTTP/1.1 201) 4 headers in 162 bytes (1 switches on core 0) [pid: 8|app: 0|req: 991/1900] 10.0.0.60 () {34 vars in 989 bytes} [Sun Jun 28 21:09:55 2026] GET /v2.0/ports?device_id=a05a844b-bdab-451b-816e-09b16fb3111d => generated 975 bytes in 36 msecs (HTTP/1.1 200) 4 headers in 157 bytes (1 switches on core 0)
2026-06-28 21:09:55.373 7 INFO neutron.db.ovn_revision_numbers_db [None req-8cfef9e3-d594-4e53-bd45-8b21c0edb1a6 7eb783bbf58c4d64bcee5279db8487ad 25b8b460fe574ebda916554aa122803d - - default default] Successfully bumped revision number for resource 48050beb-5164-4cbf-a27b-750381726f54 (type: ports) to 1
2026-06-28 21:09:55.729 8 WARNING neutron.scheduler.dhcp_agent_scheduler [None req-faf4f1b3-00bd-4abb-bd15-38f452105fdb 5cbcceb283be4344b115bb84e71b3127 72df3fadbf5043b89c038aad6ec4a067 - - default default] No more DHCP agents
2026-06-28 21:09:55.730 8 WARNING neutron.api.rpc.agentnotifiers.dhcp_rpc_agent_api [None req-faf4f1b3-00bd-4abb-bd15-38f452105fdb 5cbcceb283be4344b115bb84e71b3127 72df3fadbf5043b89c038aad6ec4a067 - - default default] Unable to schedule network 2485cc6d-d056-433e-a0c1-af86b7eee944: no agents available; will retry on subsequent port and subnet creation events.
2026-06-28 21:09:55.869 8 INFO neutron.db.ovn_revision_numbers_db [None req-faf4f1b3-00bd-4abb-bd15-38f452105fdb 5cbcceb283be4344b115bb84e71b3127 72df3fadbf5043b89c038aad6ec4a067 - - default default] Successfully bumped revision number for resource bc4754c2-e7af-4d8d-b888-dfea36cf587d (type: ports) to 1
2026-06-28 21:09:55.946 7 INFO neutron.plugins.ml2.drivers.ovn.mech_driver.ovsdb.commands [None req-2e5fd95f-b0e7-4f84-a9ca-77210b5c8e0c - - - - - -] Schedule LRP lrp-48050beb-5164-4cbf-a27b-750381726f54 on gateway ad1bd6ab-d933-4894-9fb4-6629ded553a9 with priority 1
2026-06-28 21:09:55.980 7 INFO neutron.plugins.ml2.drivers.ovn.mech_driver.mech_driver [None req-76851c3d-a278-47b8-aa35-c29a77ab7a3c - - - - - -] OVN reports status up for port: 48050beb-5164-4cbf-a27b-750381726f54
2026-06-28 21:09:56.007 7 INFO neutron.plugins.ml2.plugin [None req-76851c3d-a278-47b8-aa35-c29a77ab7a3c - - - - - -] Attempt 1 to provision port 48050beb-5164-4cbf-a27b-750381726f54
2026-06-28 21:09:56.018 7 INFO neutron.db.ovn_revision_numbers_db [None req-8cfef9e3-d594-4e53-bd45-8b21c0edb1a6 7eb783bbf58c4d64bcee5279db8487ad 25b8b460fe574ebda916554aa122803d - - default default] Successfully bumped revision number for resource 48050beb-5164-4cbf-a27b-750381726f54 (type: router_ports) to 1
2026-06-28 21:09:56.134 7 INFO neutron.db.ovn_revision_numbers_db [None req-8cfef9e3-d594-4e53-bd45-8b21c0edb1a6 7eb783bbf58c4d64bcee5279db8487ad 25b8b460fe574ebda916554aa122803d - - default default] Successfully bumped revision number for resource 5456bf4d-5cc1-422b-80ff-d4ace89e2f17 (type: routers) to 2 [pid: 7|app: 0|req: 910/1901] 10.0.0.127 () {34 vars in 669 bytes} [Sun Jun 28 21:09:54 2026] POST /v2.0/routers => generated 948 bytes in 1310 msecs (HTTP/1.1 201) 4 headers in 162 bytes (1 switches on core 0) [pid: 7|app: 0|req: 911/1902] 10.0.0.60 () {34 vars in 1039 bytes} [Sun Jun 28 21:09:56 2026] GET /v2.0/security-groups?id=6d2497da-05ef-43e2-93e8-4792d6c4add7&fields=id&fields=name => generated 114 bytes in 28 msecs (HTTP/1.1 200) 4 headers in 157 bytes (1 switches on core 0) [pid: 7|app: 0|req: 912/1903] 10.0.0.127 () {32 vars in 721 bytes} [Sun Jun 28 21:09:56 2026] GET /v2.0/routers/5456bf4d-5cc1-422b-80ff-d4ace89e2f17 => generated 954 bytes in 55 msecs (HTTP/1.1 200) 4 headers in 157 bytes (1 switches on core 0) [pid: 7|app: 0|req: 913/1904] 10.0.0.60 () {34 vars in 989 bytes} [Sun Jun 28 21:09:56 2026] GET /v2.0/ports?device_id=a05a844b-bdab-451b-816e-09b16fb3111d => generated 975 bytes in 27 msecs (HTTP/1.1 200) 4 headers in 157 bytes (1 switches on core 0) [pid: 7|app: 0|req: 914/1905] 10.0.0.127 () {32 vars in 647 bytes} [Sun Jun 28 21:09:56 2026] GET /v2.0/routers => generated 957 bytes in 98 msecs (HTTP/1.1 200) 4 headers in 157 bytes (1 switches on core 0) [pid: 7|app: 0|req: 915/1906] 10.0.0.60 () {34 vars in 1039 bytes} [Sun Jun 28 21:09:56 2026] GET /v2.0/security-groups?id=6d2497da-05ef-43e2-93e8-4792d6c4add7&fields=id&fields=name => generated 114 bytes in 27 msecs (HTTP/1.1 200) 4 headers in 157 bytes (1 switches on core 0)
2026-06-28 21:09:56.422 8 INFO neutron.plugins.ml2.drivers.ovn.mech_driver.ovsdb.commands [None req-0e6a1f11-8b23-4850-ae98-d71be8c9ad3c - - - - - -] Schedule LRP lrp-bc4754c2-e7af-4d8d-b888-dfea36cf587d on gateway ad1bd6ab-d933-4894-9fb4-6629ded553a9 with priority 1
2026-06-28 21:09:56.491 7 INFO neutron.plugins.ml2.drivers.ovn.mech_driver.ovsdb.ovsdb_monitor [None req-b9b24c59-9f63-409d-80e5-2557545843c2 - - - - - -] Router c03f4290-fa9c-4914-af0d-9c72d4dd8a7c is bound to host instance
2026-06-28 21:09:56.519 8 INFO neutron.db.ovn_revision_numbers_db [None req-faf4f1b3-00bd-4abb-bd15-38f452105fdb 5cbcceb283be4344b115bb84e71b3127 72df3fadbf5043b89c038aad6ec4a067 - - default default] Successfully bumped revision number for resource bc4754c2-e7af-4d8d-b888-dfea36cf587d (type: router_ports) to 1
2026-06-28 21:09:56.593 8 INFO neutron.db.ovn_revision_numbers_db [None req-faf4f1b3-00bd-4abb-bd15-38f452105fdb 5cbcceb283be4344b115bb84e71b3127 72df3fadbf5043b89c038aad6ec4a067 - - default default] Successfully bumped revision number for resource c03f4290-fa9c-4914-af0d-9c72d4dd8a7c (type: routers) to 2 [pid: 8|app: 0|req: 992/1907] 10.0.0.127 () {34 vars in 669 bytes} [Sun Jun 28 21:09:55 2026] POST /v2.0/routers => generated 966 bytes in 1233 msecs (HTTP/1.1 201) 4 headers in 162 bytes (1 switches on core 0) [pid: 8|app: 0|req: 993/1908] 10.0.0.127 () {32 vars in 736 bytes} [Sun Jun 28 21:09:56 2026] GET /v2.0/ports?device_id=a05a844b-bdab-451b-816e-09b16fb3111d => generated 1213 bytes in 51 msecs (HTTP/1.1 200) 4 headers in 158 bytes (1 switches on core 0)
2026-06-28 21:09:57.052 8 WARNING neutron.scheduler.dhcp_agent_scheduler [None req-87f1044c-1a4f-4070-9b53-233a51e9b416 5cbcceb283be4344b115bb84e71b3127 72df3fadbf5043b89c038aad6ec4a067 - - default default] No more DHCP agents
2026-06-28 21:09:57.053 8 WARNING neutron.api.rpc.agentnotifiers.dhcp_rpc_agent_api [None req-87f1044c-1a4f-4070-9b53-233a51e9b416 5cbcceb283be4344b115bb84e71b3127 72df3fadbf5043b89c038aad6ec4a067 - - default default] Unable to schedule network ddb332b1-a4dd-40f9-95c3-c7e36f97db4a: no agents available; will retry on subsequent port and subnet creation events.
2026-06-28 21:09:57.176 8 INFO neutron.db.ovn_revision_numbers_db [None req-87f1044c-1a4f-4070-9b53-233a51e9b416 5cbcceb283be4344b115bb84e71b3127 72df3fadbf5043b89c038aad6ec4a067 - - default default] Successfully bumped revision number for resource 7e857dc5-69e0-4d32-9e37-51de880a93da (type: ports) to 1
2026-06-28 21:09:57.199 7 INFO neutron.db.ovn_revision_numbers_db [None req-c735524e-cee9-4e0a-8b71-5f16c37de3d5 7eb783bbf58c4d64bcee5279db8487ad 25b8b460fe574ebda916554aa122803d - - default default] Successfully bumped revision number for resource 5456bf4d-5cc1-422b-80ff-d4ace89e2f17 (type: routers) to 3 [pid: 7|app: 0|req: 916/1909] 10.0.0.127 () {34 vars in 741 bytes} [Sun Jun 28 21:09:56 2026] PUT /v2.0/routers/5456bf4d-5cc1-422b-80ff-d4ace89e2f17 => generated 961 bytes in 825 msecs (HTTP/1.1 200) 4 headers in 157 bytes (1 switches on core 0)
2026-06-28 21:09:57.610 7 WARNING neutron.scheduler.dhcp_agent_scheduler [None req-3c39acf0-272b-452e-bdf9-f7506b7c362f 9fa7fb3588b245a793652d9f214ac035 2014d05d07834d0688cd1cea012465af - - default default] No more DHCP agents
2026-06-28 21:09:57.613 7 WARNING neutron.api.rpc.agentnotifiers.dhcp_rpc_agent_api [None req-3c39acf0-272b-452e-bdf9-f7506b7c362f 9fa7fb3588b245a793652d9f214ac035 2014d05d07834d0688cd1cea012465af - - default default] Unable to schedule network 2485cc6d-d056-433e-a0c1-af86b7eee944: no agents available; will retry on subsequent port and subnet creation events.
2026-06-28 21:09:57.864 8 WARNING neutron.scheduler.dhcp_agent_scheduler [None req-87f1044c-1a4f-4070-9b53-233a51e9b416 5cbcceb283be4344b115bb84e71b3127 72df3fadbf5043b89c038aad6ec4a067 - - default default] No more DHCP agents
2026-06-28 21:09:57.869 8 WARNING neutron.api.rpc.agentnotifiers.dhcp_rpc_agent_api [None req-87f1044c-1a4f-4070-9b53-233a51e9b416 5cbcceb283be4344b115bb84e71b3127 72df3fadbf5043b89c038aad6ec4a067 - - default default] Unable to schedule network ddb332b1-a4dd-40f9-95c3-c7e36f97db4a: no agents available; will retry on subsequent port and subnet creation events.
2026-06-28 21:09:57.913 7 INFO neutron.db.ovn_revision_numbers_db [None req-ecccf6ca-865e-49f2-be7e-502baf5a7b9f - - - - - -] Successfully bumped revision number for resource bc4754c2-e7af-4d8d-b888-dfea36cf587d (type: ports) to 4
2026-06-28 21:09:58.045 8 WARNING neutron.plugins.ml2.drivers.ovn.mech_driver.ovsdb.ovn_client [None req-eecd583d-3fe6-4710-a400-5047bf348a5c - - - - - -] No port found with ID 5c1b6faa-4b3a-46fd-af38-991820ce862c: RuntimeError: No port found with ID 5c1b6faa-4b3a-46fd-af38-991820ce862c
2026-06-28 21:09:58.073 8 INFO neutron.plugins.ml2.drivers.ovn.mech_driver.mech_driver [None req-eecd583d-3fe6-4710-a400-5047bf348a5c - - - - - -] OVN reports status down for port: aadeff0c-9394-4a51-9141-f7bb3525b7c1
2026-06-28 21:09:58.175 8 INFO neutron.plugins.ml2.drivers.ovn.mech_driver.mech_driver [None req-eecd583d-3fe6-4710-a400-5047bf348a5c - - - - - -] OVN reports status down for port: bc4754c2-e7af-4d8d-b888-dfea36cf587d
2026-06-28 21:09:58.552 7 INFO neutron.db.ovn_revision_numbers_db [None req-ecccf6ca-865e-49f2-be7e-502baf5a7b9f - - - - - -] Successfully bumped revision number for resource bc4754c2-e7af-4d8d-b888-dfea36cf587d (type: ports) to 5
2026-06-28 21:09:58.563 8 INFO neutron.db.ovn_revision_numbers_db [None req-87f1044c-1a4f-4070-9b53-233a51e9b416 5cbcceb283be4344b115bb84e71b3127 72df3fadbf5043b89c038aad6ec4a067 - - default default] Successfully bumped revision number for resource 7e857dc5-69e0-4d32-9e37-51de880a93da (type: router_ports) to 1 [pid: 8|app: 0|req: 994/1910] 10.0.0.127 () {34 vars in 783 bytes} [Sun Jun 28 21:09:56 2026] PUT /v2.0/routers/c03f4290-fa9c-4914-af0d-9c72d4dd8a7c/add_router_interface => generated 309 bytes in 1918 msecs (HTTP/1.1 200) 4 headers in 157 bytes (1 switches on core 0)
2026-06-28 21:09:58.760 8 INFO neutron.db.ovn_revision_numbers_db [None req-eecd583d-3fe6-4710-a400-5047bf348a5c - - - - - -] Successfully bumped revision number for resource bc4754c2-e7af-4d8d-b888-dfea36cf587d (type: ports) to 6
2026-06-28 21:09:58.970 8 WARNING neutron.plugins.ml2.drivers.ovn.mech_driver.ovsdb.ovn_client [None req-82a5fc03-a2e6-4f61-8f3b-8af9f538be25 - - - - - -] Logical_Switch_Port bc4754c2-e7af-4d8d-b888-dfea36cf587d host information not removed, the port state is up
2026-06-28 21:09:58.971 8 INFO neutron.plugins.ml2.drivers.ovn.mech_driver.mech_driver [None req-82a5fc03-a2e6-4f61-8f3b-8af9f538be25 - - - - - -] OVN reports status up for port: bc4754c2-e7af-4d8d-b888-dfea36cf587d
2026-06-28 21:09:58.997 8 INFO neutron.plugins.ml2.plugin [None req-82a5fc03-a2e6-4f61-8f3b-8af9f538be25 - - - - - -] Attempt 1 to provision port bc4754c2-e7af-4d8d-b888-dfea36cf587d
2026-06-28 21:09:58.999 8 INFO neutron.db.ovn_revision_numbers_db [None req-03e91618-0562-4d7c-97b0-e3e0f7229e84 5cbcceb283be4344b115bb84e71b3127 72df3fadbf5043b89c038aad6ec4a067 - - default default] Successfully bumped revision number for resource a699156b-4afc-454a-a216-e0e5b5356268 (type: security_groups) to 1
2026-06-28 21:09:59.017 8 INFO neutron.db.ovn_revision_numbers_db [None req-03e91618-0562-4d7c-97b0-e3e0f7229e84 5cbcceb283be4344b115bb84e71b3127 72df3fadbf5043b89c038aad6ec4a067 - - default default] Successfully bumped revision number for resource 521233aa-8f68-4948-a2d0-5c65697b476b (type: security_group_rules) to 0
2026-06-28 21:09:59.022 7 INFO neutron.db.ovn_revision_numbers_db [None req-3c39acf0-272b-452e-bdf9-f7506b7c362f 9fa7fb3588b245a793652d9f214ac035 2014d05d07834d0688cd1cea012465af - - default default] Successfully bumped revision number for resource cce8c0d5-a5f3-42dd-9db9-33bdd4d481ac (type: floatingips) to 1
2026-06-28 21:09:59.023 7 INFO neutron.db.l3_db [None req-3c39acf0-272b-452e-bdf9-f7506b7c362f 9fa7fb3588b245a793652d9f214ac035 2014d05d07834d0688cd1cea012465af - - default default] Floating IP cce8c0d5-a5f3-42dd-9db9-33bdd4d481ac associated. External IP: 10.96.250.201, port: acd3adac-cda2-41c2-b907-636bfc8597ed.
2026-06-28 21:09:59.040 8 INFO neutron.db.ovn_revision_numbers_db [None req-03e91618-0562-4d7c-97b0-e3e0f7229e84 5cbcceb283be4344b115bb84e71b3127 72df3fadbf5043b89c038aad6ec4a067 - - default default] Successfully bumped revision number for resource 99129367-dc0e-45c5-ae80-37ae53c48a6f (type: security_group_rules) to 0
2026-06-28 21:09:59.070 8 INFO neutron.db.ovn_revision_numbers_db [None req-03e91618-0562-4d7c-97b0-e3e0f7229e84 5cbcceb283be4344b115bb84e71b3127 72df3fadbf5043b89c038aad6ec4a067 - - default default] Successfully bumped revision number for resource cd5f8238-4cc9-42bb-a58e-37e40473a986 (type: security_group_rules) to 0 [pid: 7|app: 0|req: 917/1911] 10.0.0.127 () {34 vars in 677 bytes} [Sun Jun 28 21:09:57 2026] POST /v2.0/floatingips => generated 856 bytes in 1860 msecs (HTTP/1.1 201) 4 headers in 162 bytes (1 switches on core 0)
2026-06-28 21:09:59.107 8 INFO neutron.db.ovn_revision_numbers_db [None req-03e91618-0562-4d7c-97b0-e3e0f7229e84 5cbcceb283be4344b115bb84e71b3127 72df3fadbf5043b89c038aad6ec4a067 - - default default] Successfully bumped revision number for resource ef187bd5-2d2b-4bd4-8aaa-364b17ae2be5 (type: security_group_rules) to 0
2026-06-28 21:09:59.122 7 INFO neutron.notifiers.nova [-] Nova event matching ['req-79fcef91-c159-4dae-b6c3-b446a0052041'] response: {'name': 'network-changed', 'server_uuid': 'a05a844b-bdab-451b-816e-09b16fb3111d', 'tag': 'acd3adac-cda2-41c2-b907-636bfc8597ed', 'status': 'completed', 'code': 200} [pid: 7|app: 0|req: 918/1912] 10.0.0.127 () {32 vars in 721 bytes} [Sun Jun 28 21:09:59 2026] GET /v2.0/routers/5456bf4d-5cc1-422b-80ff-d4ace89e2f17 => generated 961 bytes in 78 msecs (HTTP/1.1 200) 4 headers in 157 bytes (1 switches on core 0) [pid: 8|app: 0|req: 995/1913] 10.0.0.127 () {32 vars in 774 bytes} [Sun Jun 28 21:09:58 2026] GET /v2.0/security-groups?tenant_id=acd974f38ca6403c9c20cfb98342cb03&name=default => generated 2925 bytes in 609 msecs (HTTP/1.1 200) 4 headers in 158 bytes (1 switches on core 0) [pid: 8|app: 0|req: 996/1914] 10.0.0.127 () {32 vars in 729 bytes} [Sun Jun 28 21:09:59 2026] GET /v2.0/floatingips/cce8c0d5-a5f3-42dd-9db9-33bdd4d481ac => generated 858 bytes in 68 msecs (HTTP/1.1 200) 4 headers in 157 bytes (1 switches on core 0) [pid: 8|app: 0|req: 997/1915] 10.0.0.127 () {32 vars in 736 bytes} [Sun Jun 28 21:09:59 2026] GET /v2.0/ports?device_id=5456bf4d-5cc1-422b-80ff-d4ace89e2f17 => generated 12 bytes in 31 msecs (HTTP/1.1 200) 4 headers in 156 bytes (1 switches on core 0) [pid: 7|app: 0|req: 919/1916] 10.0.0.12 () {28 vars in 584 bytes} [Sun Jun 28 21:09:59 2026] GET /v2.0/networks => generated 3677 bytes in 171 msecs (HTTP/1.1 200) 4 headers in 158 bytes (1 switches on core 0)
2026-06-28 21:09:59.547 8 INFO neutron.db.ovn_revision_numbers_db [None req-82a5fc03-a2e6-4f61-8f3b-8af9f538be25 - - - - - -] Successfully bumped revision number for resource bc4754c2-e7af-4d8d-b888-dfea36cf587d (type: ports) to 7
2026-06-28 21:09:59.635 7 INFO neutron_taas.services.taas.taas_plugin [None req-98236734-0ef0-433d-8d11-5238627e02eb 7eb783bbf58c4d64bcee5279db8487ad 25b8b460fe574ebda916554aa122803d - - default default] TaaS: Handle Delete Port: 48050beb-5164-4cbf-a27b-750381726f54
2026-06-28 21:09:59.639 7 INFO neutron_taas.services.taas.tap_mirror_plugin [None req-98236734-0ef0-433d-8d11-5238627e02eb 7eb783bbf58c4d64bcee5279db8487ad 25b8b460fe574ebda916554aa122803d - - default default] Tap Mirror: Handle Delete Port: 48050beb-5164-4cbf-a27b-750381726f54 [pid: 8|app: 0|req: 998/1917] 10.0.0.127 () {32 vars in 740 bytes} [Sun Jun 28 21:09:59 2026] DELETE /v2.0/security-groups/a699156b-4afc-454a-a216-e0e5b5356268 => generated 0 bytes in 363 msecs (HTTP/1.1 204) 2 headers in 112 bytes (1 switches on core 0)
2026-06-28 21:09:59.690 8 INFO neutron.plugins.ml2.drivers.ovn.mech_driver.mech_driver [None req-507be76d-b059-41bd-be5a-82addd5ebc75 - - - - - -] OVN reports status down for port: 7e857dc5-69e0-4d32-9e37-51de880a93da [pid: 8|app: 0|req: 999/1918] 10.0.0.12 () {28 vars in 598 bytes} [Sun Jun 28 21:09:59 2026] GET /v2.0/security-groups => generated 31455 bytes in 85 msecs (HTTP/1.1 200) 4 headers in 159 bytes (1 switches on core 0) [pid: 8|app: 0|req: 1000/1919] 199.204.45.205 () {34 vars in 1080 bytes} [Sun Jun 28 21:09:59 2026] GET /v2.0/ports?tenant_id=2014d05d07834d0688cd1cea012465af&device_id=a05a844b-bdab-451b-816e-09b16fb3111d => generated 1213 bytes in 67 msecs (HTTP/1.1 200) 4 headers in 158 bytes (1 switches on core 0)
2026-06-28 21:09:59.840 8 WARNING neutron.plugins.ml2.drivers.ovn.mech_driver.ovsdb.ovn_client [None req-507be76d-b059-41bd-be5a-82addd5ebc75 - - - - - -] Logical_Switch_Port 7e857dc5-69e0-4d32-9e37-51de880a93da host information not removed, the port state is up
2026-06-28 21:09:59.841 8 INFO neutron.plugins.ml2.drivers.ovn.mech_driver.mech_driver [None req-507be76d-b059-41bd-be5a-82addd5ebc75 - - - - - -] OVN reports status up for port: 7e857dc5-69e0-4d32-9e37-51de880a93da
2026-06-28 21:09:59.856 8 INFO neutron.plugins.ml2.plugin [None req-507be76d-b059-41bd-be5a-82addd5ebc75 - - - - - -] Attempt 1 to provision port 7e857dc5-69e0-4d32-9e37-51de880a93da [pid: 7|app: 0|req: 920/1920] 10.0.0.127 () {32 vars in 724 bytes} [Sun Jun 28 21:09:59 2026] DELETE /v2.0/routers/5456bf4d-5cc1-422b-80ff-d4ace89e2f17 => generated 0 bytes in 677 msecs (HTTP/1.1 204) 2 headers in 112 bytes (1 switches on core 0) [pid: 7|app: 0|req: 921/1921] 10.0.0.12 () {28 vars in 580 bytes} [Sun Jun 28 21:10:00 2026] GET /v2.0/agents => generated 1214 bytes in 11 msecs (HTTP/1.1 200) 4 headers in 158 bytes (1 switches on core 0)
2026-06-28 21:10:00.027 8 INFO neutron.db.ovn_revision_numbers_db [None req-a4cbac0d-1de2-4f94-915b-25283c964ae5 5cbcceb283be4344b115bb84e71b3127 72df3fadbf5043b89c038aad6ec4a067 - - default default] Successfully bumped revision number for resource b3b2f1cb-f6b0-424e-bfa0-b482e2583c2e (type: security_groups) to 1
2026-06-28 21:10:00.051 8 INFO neutron.db.ovn_revision_numbers_db [None req-a4cbac0d-1de2-4f94-915b-25283c964ae5 5cbcceb283be4344b115bb84e71b3127 72df3fadbf5043b89c038aad6ec4a067 - - default default] Successfully bumped revision number for resource b1abfdce-687a-4a70-91f9-f97d87f5ba25 (type: security_group_rules) to 0 [pid: 7|app: 0|req: 922/1922] 199.204.45.205 () {34 vars in 986 bytes} [Sun Jun 28 21:10:00 2026] GET /v2.0/networks?id=9c1a76d3-38ca-4033-a899-f1a725286d5b => generated 760 bytes in 39 msecs (HTTP/1.1 200) 4 headers in 157 bytes (1 switches on core 0)
2026-06-28 21:10:00.070 8 INFO neutron.db.ovn_revision_numbers_db [None req-a4cbac0d-1de2-4f94-915b-25283c964ae5 5cbcceb283be4344b115bb84e71b3127 72df3fadbf5043b89c038aad6ec4a067 - - default default] Successfully bumped revision number for resource b966c99d-6830-42ef-8d71-3ccf3ee63810 (type: security_group_rules) to 0 [pid: 7|app: 0|req: 923/1923] 10.0.0.127 () {32 vars in 736 bytes} [Sun Jun 28 21:10:00 2026] GET /v2.0/ports?device_id=5456bf4d-5cc1-422b-80ff-d4ace89e2f17 => generated 12 bytes in 19 msecs (HTTP/1.1 200) 4 headers in 156 bytes (1 switches on core 0)
2026-06-28 21:10:00.091 8 INFO neutron.db.ovn_revision_numbers_db [None req-a4cbac0d-1de2-4f94-915b-25283c964ae5 5cbcceb283be4344b115bb84e71b3127 72df3fadbf5043b89c038aad6ec4a067 - - default default] Successfully bumped revision number for resource bb1edf94-d72c-41ba-8d9d-ad9fa8dc627e (type: security_group_rules) to 0
2026-06-28 21:10:00.118 8 INFO neutron.db.ovn_revision_numbers_db [None req-a4cbac0d-1de2-4f94-915b-25283c964ae5 5cbcceb283be4344b115bb84e71b3127 72df3fadbf5043b89c038aad6ec4a067 - - default default] Successfully bumped revision number for resource c5a3f4e6-bc96-408a-a00e-3d41b16e7270 (type: security_group_rules) to 0 [pid: 7|app: 0|req: 924/1924] 10.0.0.12 () {28 vars in 582 bytes} [Sun Jun 28 21:10:00 2026] GET /v2.0/routers => generated 1936 bytes in 63 msecs (HTTP/1.1 200) 4 headers in 158 bytes (1 switches on core 0) [pid: 7|app: 0|req: 925/1925] 199.204.45.205 () {34 vars in 1060 bytes} [Sun Jun 28 21:10:00 2026] GET /v2.0/floatingips?fixed_ip_address=10.100.0.14&port_id=acd3adac-cda2-41c2-b907-636bfc8597ed => generated 861 bytes in 41 msecs (HTTP/1.1 200) 4 headers in 157 bytes (1 switches on core 0)
2026-06-28 21:10:00.199 7 INFO neutron.api.v2.resource [None req-8ac4afc1-f0c2-409f-ae85-086723a9cd29 7eb783bbf58c4d64bcee5279db8487ad 25b8b460fe574ebda916554aa122803d - - default default] delete failed (client error): The resource could not be found. [pid: 7|app: 0|req: 926/1926] 10.0.0.127 () {32 vars in 724 bytes} [Sun Jun 28 21:10:00 2026] DELETE /v2.0/routers/5456bf4d-5cc1-422b-80ff-d4ace89e2f17 => generated 135 bytes in 18 msecs (HTTP/1.1 404) 4 headers in 164 bytes (1 switches on core 0) [pid: 7|app: 0|req: 927/1927] 10.0.0.12 () {28 vars in 623 bytes} [Sun Jun 28 21:10:00 2026] GET /v2.0/agents?binary=ovn-controller => generated 416 bytes in 11 msecs (HTTP/1.1 200) 4 headers in 157 bytes (1 switches on core 0)
2026-06-28 21:10:00.236 8 INFO neutron.db.segments_db [None req-a4cbac0d-1de2-4f94-915b-25283c964ae5 5cbcceb283be4344b115bb84e71b3127 72df3fadbf5043b89c038aad6ec4a067 - - default default] Added segment fb1085da-b2af-4f34-8807-59a10b0d41b1 of type geneve for network 8b94b641-f5d5-4879-8cca-216e8c3b9a0b [pid: 7|app: 0|req: 928/1928] 199.204.45.205 () {34 vars in 984 bytes} [Sun Jun 28 21:10:00 2026] GET /v2.0/subnets?id=da05efb5-06c6-4f3f-b8c6-67076ea6010f => generated 678 bytes in 22 msecs (HTTP/1.1 200) 4 headers in 157 bytes (1 switches on core 0) [pid: 7|app: 0|req: 929/1929] 10.0.0.127 () {32 vars in 736 bytes} [Sun Jun 28 21:10:00 2026] GET /v2.0/ports?device_id=a14631f1-aa2e-4a83-b717-3c23d6830a82 => generated 12 bytes in 15 msecs (HTTP/1.1 200) 4 headers in 156 bytes (1 switches on core 0) [pid: 7|app: 0|req: 930/1930] 10.0.0.12 () {28 vars in 590 bytes} [Sun Jun 28 21:10:00 2026] GET /v2.0/floatingips => generated 861 bytes in 38 msecs (HTTP/1.1 200) 4 headers in 157 bytes (1 switches on core 0) [pid: 7|app: 0|req: 931/1931] 199.204.45.205 () {34 vars in 1052 bytes} [Sun Jun 28 21:10:00 2026] GET /v2.0/ports?network_id=9c1a76d3-38ca-4033-a899-f1a725286d5b&device_owner=network%3Adhcp => generated 12 bytes in 21 msecs (HTTP/1.1 200) 4 headers in 156 bytes (1 switches on core 0)
2026-06-28 21:10:00.329 7 INFO neutron.api.v2.resource [None req-eebb5427-9c27-4e6a-aac3-8d8a8ede2c80 7eb783bbf58c4d64bcee5279db8487ad 25b8b460fe574ebda916554aa122803d - - default default] delete failed (client error): The resource could not be found. [pid: 7|app: 0|req: 932/1932] 10.0.0.127 () {32 vars in 724 bytes} [Sun Jun 28 21:10:00 2026] DELETE /v2.0/routers/a14631f1-aa2e-4a83-b717-3c23d6830a82 => generated 135 bytes in 18 msecs (HTTP/1.1 404) 4 headers in 164 bytes (1 switches on core 0) [pid: 7|app: 0|req: 933/1933] 10.0.0.12 () {28 vars in 582 bytes} [Sun Jun 28 21:10:00 2026] GET /v2.0/subnets => generated 2651 bytes in 40 msecs (HTTP/1.1 200) 4 headers in 158 bytes (1 switches on core 0) [pid: 7|app: 0|req: 934/1934] 199.204.45.205 () {34 vars in 1012 bytes} [Sun Jun 28 21:10:00 2026] GET /v2.0/networks/9c1a76d3-38ca-4033-a899-f1a725286d5b?fields=segments => generated 14 bytes in 86 msecs (HTTP/1.1 200) 4 headers in 156 bytes (1 switches on core 0)
2026-06-28 21:10:00.466 7 INFO neutron.pecan_wsgi.hooks.translation [None req-80a76ee5-575d-487a-9fb5-19127497a9c5 7eb783bbf58c4d64bcee5279db8487ad 25b8b460fe574ebda916554aa122803d - - default default] DELETE failed (client error): The resource could not be found. [pid: 7|app: 0|req: 935/1935] 10.0.0.127 () {32 vars in 724 bytes} [Sun Jun 28 21:10:00 2026] DELETE /v2.0/subnets/04b2bcd0-c0e2-4a50-8aa0-538b45556150 => generated 136 bytes in 11 msecs (HTTP/1.1 404) 4 headers in 164 bytes (1 switches on core 0) [pid: 7|app: 0|req: 936/1936] 10.0.0.12 () {28 vars in 590 bytes} [Sun Jun 28 21:10:00 2026] GET /v2.0/subnetpools => generated 19 bytes in 8 msecs (HTTP/1.1 200) 4 headers in 156 bytes (1 switches on core 0)
2026-06-28 21:10:00.498 8 INFO neutron.db.ovn_revision_numbers_db [None req-507be76d-b059-41bd-be5a-82addd5ebc75 - - - - - -] Successfully bumped revision number for resource 7e857dc5-69e0-4d32-9e37-51de880a93da (type: ports) to 2
2026-06-28 21:10:00.501 8 INFO neutron.db.ovn_revision_numbers_db [None req-a4cbac0d-1de2-4f94-915b-25283c964ae5 5cbcceb283be4344b115bb84e71b3127 72df3fadbf5043b89c038aad6ec4a067 - - default default] Successfully bumped revision number for resource 8b94b641-f5d5-4879-8cca-216e8c3b9a0b (type: networks) to 1 [pid: 7|app: 0|req: 937/1937] 199.204.45.205 () {34 vars in 1112 bytes} [Sun Jun 28 21:10:00 2026] GET /v2.0/networks/9c1a76d3-38ca-4033-a899-f1a725286d5b?fields=provider%3Aphysical_network&fields=provider%3Anetwork_type => generated 79 bytes in 45 msecs (HTTP/1.1 200) 4 headers in 156 bytes (1 switches on core 0) [pid: 7|app: 0|req: 938/1938] 10.0.0.127 () {32 vars in 736 bytes} [Sun Jun 28 21:10:00 2026] GET /v2.0/ports?device_id=01043dd4-ff0d-4aa9-90d0-5fe5f95abb70 => generated 12 bytes in 16 msecs (HTTP/1.1 200) 4 headers in 156 bytes (1 switches on core 0) [pid: 7|app: 0|req: 939/1939] 10.0.0.12 () {28 vars in 618 bytes} [Sun Jun 28 21:10:00 2026] GET /v2.0/network-ip-availabilities => generated 2303 bytes in 19 msecs (HTTP/1.1 200) 4 headers in 158 bytes (1 switches on core 0)
2026-06-28 21:10:00.572 7 INFO neutron.api.v2.resource [None req-70e63bf0-cb60-4022-8669-67627b077abb 7eb783bbf58c4d64bcee5279db8487ad 25b8b460fe574ebda916554aa122803d - - default default] delete failed (client error): The resource could not be found. [pid: 7|app: 0|req: 940/1940] 10.0.0.127 () {32 vars in 724 bytes} [Sun Jun 28 21:10:00 2026] DELETE /v2.0/routers/01043dd4-ff0d-4aa9-90d0-5fe5f95abb70 => generated 135 bytes in 13 msecs (HTTP/1.1 404) 4 headers in 164 bytes (1 switches on core 0) [pid: 7|app: 0|req: 941/1941] 10.0.0.12 () {28 vars in 582 bytes} [Sun Jun 28 21:10:00 2026] GET /v2.0/subnets => generated 2651 bytes in 30 msecs (HTTP/1.1 200) 4 headers in 158 bytes (1 switches on core 0)
2026-06-28 21:10:00.621 7 INFO neutron.pecan_wsgi.hooks.translation [None req-cafa8625-d316-4ce4-8c21-94a1b3502a27 7eb783bbf58c4d64bcee5279db8487ad 25b8b460fe574ebda916554aa122803d - - default default] DELETE failed (client error): The resource could not be found. [pid: 7|app: 0|req: 942/1942] 10.0.0.127 () {32 vars in 724 bytes} [Sun Jun 28 21:10:00 2026] DELETE /v2.0/subnets/9430a9bc-a070-4e73-9765-8883f935a269 => generated 136 bytes in 20 msecs (HTTP/1.1 404) 4 headers in 164 bytes (1 switches on core 0) [pid: 7|app: 0|req: 943/1943] 10.0.0.12 () {28 vars in 578 bytes} [Sun Jun 28 21:10:00 2026] GET /v2.0/ports => generated 13821 bytes in 78 msecs (HTTP/1.1 200) 4 headers in 159 bytes (1 switches on core 0) [pid: 7|app: 0|req: 944/1944] 10.0.0.127 () {32 vars in 736 bytes} [Sun Jun 28 21:10:00 2026] GET /v2.0/ports?device_id=13f674b5-7dd5-4669-83c3-8a9849f96668 => generated 12 bytes in 15 msecs (HTTP/1.1 200) 4 headers in 156 bytes (1 switches on core 0)
2026-06-28 21:10:00.742 7 INFO neutron.api.v2.resource [None req-c45a2ed9-53d9-414e-a89a-739c2b687e4b 7eb783bbf58c4d64bcee5279db8487ad 25b8b460fe574ebda916554aa122803d - - default default] delete failed (client error): The resource could not be found. [pid: 7|app: 0|req: 945/1945] 10.0.0.127 () {32 vars in 724 bytes} [Sun Jun 28 21:10:00 2026] DELETE /v2.0/routers/13f674b5-7dd5-4669-83c3-8a9849f96668 => generated 135 bytes in 19 msecs (HTTP/1.1 404) 4 headers in 164 bytes (1 switches on core 0)
2026-06-28 21:10:00.755 7 INFO neutron.pecan_wsgi.hooks.translation [None req-c59bd255-20c4-4d9a-a0ff-a0e6db4ead68 7eb783bbf58c4d64bcee5279db8487ad 25b8b460fe574ebda916554aa122803d - - default default] DELETE failed (client error): The resource could not be found.
2026-06-28 21:10:00.757 8 WARNING neutron.scheduler.dhcp_agent_scheduler [None req-a4cbac0d-1de2-4f94-915b-25283c964ae5 5cbcceb283be4344b115bb84e71b3127 72df3fadbf5043b89c038aad6ec4a067 - - default default] No more DHCP agents [pid: 7|app: 0|req: 946/1946] 10.0.0.127 () {32 vars in 724 bytes} [Sun Jun 28 21:10:00 2026] DELETE /v2.0/subnets/8419369a-6088-4e27-a08b-d984f416b597 => generated 136 bytes in 12 msecs (HTTP/1.1 404) 4 headers in 164 bytes (1 switches on core 0)
2026-06-28 21:10:00.759 8 WARNING neutron.api.rpc.agentnotifiers.dhcp_rpc_agent_api [None req-a4cbac0d-1de2-4f94-915b-25283c964ae5 5cbcceb283be4344b115bb84e71b3127 72df3fadbf5043b89c038aad6ec4a067 - - default default] Unable to schedule network 8b94b641-f5d5-4879-8cca-216e8c3b9a0b: no agents available; will retry on subsequent port and subnet creation events.
2026-06-28 21:10:00.768 7 INFO neutron.pecan_wsgi.hooks.translation [None req-236280ea-2b12-4d7c-8cdc-b4d3a552f450 7eb783bbf58c4d64bcee5279db8487ad 25b8b460fe574ebda916554aa122803d - - default default] DELETE failed (client error): The resource could not be found. [pid: 7|app: 0|req: 947/1947] 10.0.0.127 () {32 vars in 724 bytes} [Sun Jun 28 21:10:00 2026] DELETE /v2.0/subnets/856c89a5-559e-4b6d-af35-4402a83d019e => generated 136 bytes in 10 msecs (HTTP/1.1 404) 4 headers in 164 bytes (1 switches on core 0)
2026-06-28 21:10:00.825 8 INFO neutron.db.ovn_revision_numbers_db [None req-a4cbac0d-1de2-4f94-915b-25283c964ae5 5cbcceb283be4344b115bb84e71b3127 72df3fadbf5043b89c038aad6ec4a067 - - default default] Successfully bumped revision number for resource 401724e2-1d8a-481d-83b3-da37f71c6669 (type: ports) to 1 [pid: 8|app: 0|req: 1001/1948] 10.0.0.127 () {34 vars in 671 bytes} [Sun Jun 28 21:09:59 2026] POST /v2.0/networks => generated 742 bytes in 1038 msecs (HTTP/1.1 201) 4 headers in 162 bytes (1 switches on core 0)
2026-06-28 21:10:00.984 7 WARNING neutron.scheduler.dhcp_agent_scheduler [None req-1bdcc73c-a821-4a25-95b5-77a0532a5e3d 5cbcceb283be4344b115bb84e71b3127 72df3fadbf5043b89c038aad6ec4a067 - - default default] No more DHCP agents
2026-06-28 21:10:00.986 7 WARNING neutron.api.rpc.agentnotifiers.dhcp_rpc_agent_api [None req-1bdcc73c-a821-4a25-95b5-77a0532a5e3d 5cbcceb283be4344b115bb84e71b3127 72df3fadbf5043b89c038aad6ec4a067 - - default default] Unable to schedule network 8b94b641-f5d5-4879-8cca-216e8c3b9a0b: no agents available; will retry on subsequent port and subnet creation events. [pid: 8|app: 0|req: 1002/1949] 10.0.0.127 () {32 vars in 774 bytes} [Sun Jun 28 21:10:01 2026] GET /v2.0/security-groups?tenant_id=25b8b460fe574ebda916554aa122803d&name=default => generated 2925 bytes in 165 msecs (HTTP/1.1 200) 4 headers in 158 bytes (1 switches on core 0)
2026-06-28 21:10:01.469 7 INFO neutron.db.ovn_revision_numbers_db [None req-84252f60-fa13-4d38-8d96-11d209701c41 - - - - - -] Successfully bumped revision number for resource 401724e2-1d8a-481d-83b3-da37f71c6669 (type: ports) to 2
2026-06-28 21:10:01.496 7 INFO neutron.db.ovn_revision_numbers_db [None req-84252f60-fa13-4d38-8d96-11d209701c41 - - - - - -] Successfully bumped revision number for resource c9d0015f-8093-45ff-9412-5869e3a22e16 (type: subnets) to 0 [pid: 7|app: 0|req: 948/1950] 10.0.0.127 () {34 vars in 669 bytes} [Sun Jun 28 21:10:00 2026] POST /v2.0/subnets => generated 687 bytes in 671 msecs (HTTP/1.1 201) 4 headers in 162 bytes (1 switches on core 0) [pid: 8|app: 0|req: 1003/1951] 10.0.0.127 () {32 vars in 740 bytes} [Sun Jun 28 21:10:01 2026] DELETE /v2.0/security-groups/d649cc53-333c-4f53-8d52-f1d39935669c => generated 0 bytes in 195 msecs (HTTP/1.1 204) 2 headers in 112 bytes (1 switches on core 0)
2026-06-28 21:10:01.650 7 WARNING neutron.plugins.ml2.drivers.ovn.mech_driver.ovsdb.ovn_client [None req-76851c3d-a278-47b8-aa35-c29a77ab7a3c - - - - - -] No port found with ID 48050beb-5164-4cbf-a27b-750381726f54: RuntimeError: No port found with ID 48050beb-5164-4cbf-a27b-750381726f54
2026-06-28 21:10:01.947 7 WARNING neutron.scheduler.dhcp_agent_scheduler [None req-f7d4ec93-752a-4f96-ae23-cda7f7d14b37 5cbcceb283be4344b115bb84e71b3127 72df3fadbf5043b89c038aad6ec4a067 - - default default] No more DHCP agents
2026-06-28 21:10:01.949 7 WARNING neutron.api.rpc.agentnotifiers.dhcp_rpc_agent_api [None req-f7d4ec93-752a-4f96-ae23-cda7f7d14b37 5cbcceb283be4344b115bb84e71b3127 72df3fadbf5043b89c038aad6ec4a067 - - default default] Unable to schedule network 2485cc6d-d056-433e-a0c1-af86b7eee944: no agents available; will retry on subsequent port and subnet creation events.
2026-06-28 21:10:02.056 7 INFO neutron.plugins.ml2.drivers.ovn.mech_driver.mech_driver [None req-76851c3d-a278-47b8-aa35-c29a77ab7a3c - - - - - -] OVN reports status down for port: 1f542b9a-4261-4e94-b5b1-c4e2027189c7
2026-06-28 21:10:02.105 7 INFO neutron.db.ovn_revision_numbers_db [None req-f7d4ec93-752a-4f96-ae23-cda7f7d14b37 5cbcceb283be4344b115bb84e71b3127 72df3fadbf5043b89c038aad6ec4a067 - - default default] Successfully bumped revision number for resource 1f542b9a-4261-4e94-b5b1-c4e2027189c7 (type: ports) to 1
2026-06-28 21:10:02.731 7 INFO neutron.plugins.ml2.drivers.ovn.mech_driver.ovsdb.commands [None req-2e5fd95f-b0e7-4f84-a9ca-77210b5c8e0c - - - - - -] Schedule LRP lrp-1f542b9a-4261-4e94-b5b1-c4e2027189c7 on gateway ad1bd6ab-d933-4894-9fb4-6629ded553a9 with priority 1
