2026-06-28 21:08:55.801 8 INFO neutron.db.segments_db [None req-71fd9bb9-fe8f-4eb1-95e7-0f9e3e1a5b8e 2407fbda3bac45a4999e084840a28c84 163f28f3a7f34de48b0218a351f927cc - - default default] Added segment 42623f42-a6f5-4d84-a82b-1ac75b2e97da of type geneve for network c38f3209-c694-495e-989f-e725931a43f4
2026-06-28 21:08:55.908 8 INFO neutron.db.ovn_revision_numbers_db [None req-71fd9bb9-fe8f-4eb1-95e7-0f9e3e1a5b8e 2407fbda3bac45a4999e084840a28c84 163f28f3a7f34de48b0218a351f927cc - - default default] Successfully bumped revision number for resource c38f3209-c694-495e-989f-e725931a43f4 (type: networks) to 1
2026-06-28 21:08:56.074 8 WARNING neutron.scheduler.dhcp_agent_scheduler [None req-71fd9bb9-fe8f-4eb1-95e7-0f9e3e1a5b8e 2407fbda3bac45a4999e084840a28c84 163f28f3a7f34de48b0218a351f927cc - - default default] No more DHCP agents
2026-06-28 21:08:56.076 8 WARNING neutron.api.rpc.agentnotifiers.dhcp_rpc_agent_api [None req-71fd9bb9-fe8f-4eb1-95e7-0f9e3e1a5b8e 2407fbda3bac45a4999e084840a28c84 163f28f3a7f34de48b0218a351f927cc - - default default] Unable to schedule network c38f3209-c694-495e-989f-e725931a43f4: no agents available; will retry on subsequent port and subnet creation events.
2026-06-28 21:08:56.099 7 INFO neutron.db.ovn_revision_numbers_db [None req-35b404f5-cb2f-4a92-861e-17db671a4dca - - - - - -] Successfully bumped revision number for resource 1502bf60-d87e-46cf-8e13-06457079da49 (type: ports) to 2
2026-06-28 21:08:56.126 8 INFO neutron.plugins.ml2.drivers.ovn.mech_driver.mech_driver [None req-88dff3cb-0a11-4b59-ac90-c12169ed5267 - - - - - -] OVN reports status down for port: d3c4dd9c-1ac9-46cb-b3a6-a6338489055f
2026-06-28 21:08:56.142 7 INFO neutron.db.ovn_revision_numbers_db [None req-35b404f5-cb2f-4a92-861e-17db671a4dca - - - - - -] Successfully bumped revision number for resource dcbe0389-30eb-4180-b0fe-2e1e703ebf67 (type: subnets) to 0 [pid: 7|app: 0|req: 722/1485] 10.0.0.127 () {34 vars in 669 bytes} [Sun Jun 28 21:08:55 2026] POST /v2.0/subnets => generated 688 bytes in 516 msecs (HTTP/1.1 201) 4 headers in 162 bytes (1 switches on core 0)
2026-06-28 21:08:56.179 8 INFO neutron.db.ovn_revision_numbers_db [None req-71fd9bb9-fe8f-4eb1-95e7-0f9e3e1a5b8e 2407fbda3bac45a4999e084840a28c84 163f28f3a7f34de48b0218a351f927cc - - default default] Successfully bumped revision number for resource d3c4dd9c-1ac9-46cb-b3a6-a6338489055f (type: ports) to 1 [pid: 8|app: 0|req: 764/1486] 10.0.0.127 () {34 vars in 670 bytes} [Sun Jun 28 21:08:55 2026] POST /v2.0/networks => generated 648 bytes in 857 msecs (HTTP/1.1 201) 4 headers in 162 bytes (1 switches on core 0)
2026-06-28 21:08:56.606 8 WARNING neutron.scheduler.dhcp_agent_scheduler [None req-0b072fee-4c57-4595-92ac-2144d5925330 5cbcceb283be4344b115bb84e71b3127 72df3fadbf5043b89c038aad6ec4a067 - - default default] No more DHCP agents
2026-06-28 21:08:56.607 8 WARNING neutron.api.rpc.agentnotifiers.dhcp_rpc_agent_api [None req-0b072fee-4c57-4595-92ac-2144d5925330 5cbcceb283be4344b115bb84e71b3127 72df3fadbf5043b89c038aad6ec4a067 - - default default] Unable to schedule network 2485cc6d-d056-433e-a0c1-af86b7eee944: no agents available; will retry on subsequent port and subnet creation events.
2026-06-28 21:08:56.610 7 WARNING neutron.scheduler.dhcp_agent_scheduler [None req-40a87bc6-1b71-4bb2-990d-a51557e6dfc7 7dc834a09dbe4fa2ad848afe765f1376 cdfb2176144944159ed2cff3478ae311 - - default default] No more DHCP agents
2026-06-28 21:08:56.614 7 WARNING neutron.api.rpc.agentnotifiers.dhcp_rpc_agent_api [None req-40a87bc6-1b71-4bb2-990d-a51557e6dfc7 7dc834a09dbe4fa2ad848afe765f1376 cdfb2176144944159ed2cff3478ae311 - - default default] Unable to schedule network 2485cc6d-d056-433e-a0c1-af86b7eee944: no agents available; will retry on subsequent port and subnet creation events.
2026-06-28 21:08:56.736 7 INFO neutron.plugins.ml2.drivers.ovn.mech_driver.mech_driver [None req-b550f67c-7f7e-4c96-b8f3-1da44e4b5beb - - - - - -] OVN reports status down for port: b7178cf8-60af-4f92-bcbf-9ad8e0a5daf8
2026-06-28 21:08:56.792 8 INFO neutron.db.ovn_revision_numbers_db [None req-0b072fee-4c57-4595-92ac-2144d5925330 5cbcceb283be4344b115bb84e71b3127 72df3fadbf5043b89c038aad6ec4a067 - - default default] Successfully bumped revision number for resource b7178cf8-60af-4f92-bcbf-9ad8e0a5daf8 (type: ports) to 1
2026-06-28 21:08:56.828 8 INFO neutron.plugins.ml2.drivers.ovn.mech_driver.mech_driver [None req-88dff3cb-0a11-4b59-ac90-c12169ed5267 - - - - - -] OVN reports status down for port: 99f05986-40fc-4a5f-9b00-7105224b6d51
2026-06-28 21:08:56.852 7 INFO neutron.db.ovn_revision_numbers_db [None req-40a87bc6-1b71-4bb2-990d-a51557e6dfc7 7dc834a09dbe4fa2ad848afe765f1376 cdfb2176144944159ed2cff3478ae311 - - default default] Successfully bumped revision number for resource 99f05986-40fc-4a5f-9b00-7105224b6d51 (type: ports) to 1
2026-06-28 21:08:57.405 8 INFO neutron.plugins.ml2.drivers.ovn.mech_driver.ovsdb.commands [None req-0e6a1f11-8b23-4850-ae98-d71be8c9ad3c - - - - - -] Schedule LRP lrp-b7178cf8-60af-4f92-bcbf-9ad8e0a5daf8 on gateway ad1bd6ab-d933-4894-9fb4-6629ded553a9 with priority 1
2026-06-28 21:08:57.498 8 INFO neutron.db.ovn_revision_numbers_db [None req-0b072fee-4c57-4595-92ac-2144d5925330 5cbcceb283be4344b115bb84e71b3127 72df3fadbf5043b89c038aad6ec4a067 - - default default] Successfully bumped revision number for resource b7178cf8-60af-4f92-bcbf-9ad8e0a5daf8 (type: router_ports) to 1
2026-06-28 21:08:57.502 7 INFO neutron.plugins.ml2.drivers.ovn.mech_driver.ovsdb.ovsdb_monitor [None req-644f1568-67f3-4749-bba1-0a671ef3668a - - - - - -] Router d77f536a-5947-469a-86d5-5cda8b04f354 is bound to host instance
2026-06-28 21:08:57.576 7 INFO neutron.plugins.ml2.drivers.ovn.mech_driver.mech_driver [None req-b550f67c-7f7e-4c96-b8f3-1da44e4b5beb - - - - - -] OVN reports status up for port: b7178cf8-60af-4f92-bcbf-9ad8e0a5daf8
2026-06-28 21:08:57.585 8 INFO neutron.db.ovn_revision_numbers_db [None req-0b072fee-4c57-4595-92ac-2144d5925330 5cbcceb283be4344b115bb84e71b3127 72df3fadbf5043b89c038aad6ec4a067 - - default default] Successfully bumped revision number for resource d77f536a-5947-469a-86d5-5cda8b04f354 (type: routers) to 2 [pid: 8|app: 0|req: 765/1487] 10.0.0.127 () {34 vars in 669 bytes} [Sun Jun 28 21:08:56 2026] POST /v2.0/routers => generated 966 bytes in 1380 msecs (HTTP/1.1 201) 4 headers in 162 bytes (1 switches on core 0)
2026-06-28 21:08:57.631 7 INFO neutron.plugins.ml2.plugin [None req-b550f67c-7f7e-4c96-b8f3-1da44e4b5beb - - - - - -] Attempt 1 to provision port b7178cf8-60af-4f92-bcbf-9ad8e0a5daf8
2026-06-28 21:08:57.803 8 WARNING neutron.scheduler.dhcp_agent_scheduler [None req-175e81bf-d2dc-4091-9b4f-b12c155fece5 2407fbda3bac45a4999e084840a28c84 163f28f3a7f34de48b0218a351f927cc - - default default] No more DHCP agents
2026-06-28 21:08:57.804 8 WARNING neutron.api.rpc.agentnotifiers.dhcp_rpc_agent_api [None req-175e81bf-d2dc-4091-9b4f-b12c155fece5 2407fbda3bac45a4999e084840a28c84 163f28f3a7f34de48b0218a351f927cc - - default default] Unable to schedule network c38f3209-c694-495e-989f-e725931a43f4: no agents available; will retry on subsequent port and subnet creation events.
2026-06-28 21:08:57.842 8 INFO neutron.db.ovn_revision_numbers_db [None req-175e81bf-d2dc-4091-9b4f-b12c155fece5 2407fbda3bac45a4999e084840a28c84 163f28f3a7f34de48b0218a351f927cc - - default default] Successfully bumped revision number for resource d805c9a9-8cc6-4444-a1e8-20989644720c (type: subnets) to 0 [pid: 8|app: 0|req: 766/1488] 10.0.0.127 () {34 vars in 669 bytes} [Sun Jun 28 21:08:57 2026] POST /v2.0/subnets => generated 673 bytes in 257 msecs (HTTP/1.1 201) 4 headers in 162 bytes (1 switches on core 0)
2026-06-28 21:08:58.183 8 INFO neutron.db.ovn_revision_numbers_db [None req-d92997e5-6805-40a6-9b59-a1ce431a52d8 5cbcceb283be4344b115bb84e71b3127 72df3fadbf5043b89c038aad6ec4a067 - - default default] Successfully bumped revision number for resource 1517e897-c5fc-4d3b-a31a-91ff70a92072 (type: security_groups) to 1
2026-06-28 21:08:58.193 8 INFO neutron.db.ovn_revision_numbers_db [None req-d92997e5-6805-40a6-9b59-a1ce431a52d8 5cbcceb283be4344b115bb84e71b3127 72df3fadbf5043b89c038aad6ec4a067 - - default default] Successfully bumped revision number for resource 69faaa47-2ce7-4656-bca6-abf9aa2744a4 (type: security_group_rules) to 0
2026-06-28 21:08:58.214 8 INFO neutron.db.ovn_revision_numbers_db [None req-d92997e5-6805-40a6-9b59-a1ce431a52d8 5cbcceb283be4344b115bb84e71b3127 72df3fadbf5043b89c038aad6ec4a067 - - default default] Successfully bumped revision number for resource a331681c-c39f-415e-8a89-ab52e16ee990 (type: security_group_rules) to 0
2026-06-28 21:08:58.225 8 INFO neutron.db.ovn_revision_numbers_db [None req-d92997e5-6805-40a6-9b59-a1ce431a52d8 5cbcceb283be4344b115bb84e71b3127 72df3fadbf5043b89c038aad6ec4a067 - - default default] Successfully bumped revision number for resource d5e3bd6c-1b9d-4a64-84c0-fda68cb1a5a1 (type: security_group_rules) to 0
2026-06-28 21:08:58.236 8 INFO neutron.db.ovn_revision_numbers_db [None req-d92997e5-6805-40a6-9b59-a1ce431a52d8 5cbcceb283be4344b115bb84e71b3127 72df3fadbf5043b89c038aad6ec4a067 - - default default] Successfully bumped revision number for resource e3fcd61e-252c-4a7e-80f9-520e09f004ac (type: security_group_rules) to 0 [pid: 8|app: 0|req: 767/1489] 10.0.0.127 () {32 vars in 774 bytes} [Sun Jun 28 21:08:57 2026] GET /v2.0/security-groups?tenant_id=be4255387a574feaa72fd3250744149f&name=default => generated 2925 bytes in 412 msecs (HTTP/1.1 200) 4 headers in 158 bytes (1 switches on core 0)
2026-06-28 21:08:58.508 7 INFO neutron.plugins.ml2.drivers.ovn.mech_driver.ovsdb.commands [None req-2e5fd95f-b0e7-4f84-a9ca-77210b5c8e0c - - - - - -] Schedule LRP lrp-99f05986-40fc-4a5f-9b00-7105224b6d51 on gateway ad1bd6ab-d933-4894-9fb4-6629ded553a9 with priority 1
2026-06-28 21:08:58.586 8 INFO neutron.plugins.ml2.drivers.ovn.mech_driver.mech_driver [None req-88dff3cb-0a11-4b59-ac90-c12169ed5267 - - - - - -] OVN reports status up for port: 99f05986-40fc-4a5f-9b00-7105224b6d51
2026-06-28 21:08:58.600 7 INFO neutron.db.ovn_revision_numbers_db [None req-40a87bc6-1b71-4bb2-990d-a51557e6dfc7 7dc834a09dbe4fa2ad848afe765f1376 cdfb2176144944159ed2cff3478ae311 - - default default] Successfully bumped revision number for resource 99f05986-40fc-4a5f-9b00-7105224b6d51 (type: router_ports) to 1
2026-06-28 21:08:58.606 8 INFO neutron.plugins.ml2.plugin [None req-88dff3cb-0a11-4b59-ac90-c12169ed5267 - - - - - -] Attempt 1 to provision port 99f05986-40fc-4a5f-9b00-7105224b6d51
2026-06-28 21:08:58.756 7 INFO neutron.db.ovn_revision_numbers_db [None req-40a87bc6-1b71-4bb2-990d-a51557e6dfc7 7dc834a09dbe4fa2ad848afe765f1376 cdfb2176144944159ed2cff3478ae311 - - default default] Successfully bumped revision number for resource 33fb0bda-11fd-4d41-ad99-7dc20461b37d (type: routers) to 2 [pid: 7|app: 0|req: 723/1490] 10.0.0.127 () {34 vars in 669 bytes} [Sun Jun 28 21:08:56 2026] POST /v2.0/routers => generated 954 bytes in 2631 msecs (HTTP/1.1 201) 4 headers in 162 bytes (1 switches on core 0)
2026-06-28 21:08:58.801 8 WARNING neutron.scheduler.dhcp_agent_scheduler [None req-51c5bafc-27cc-424d-8d62-d3316fe53d4f 5cbcceb283be4344b115bb84e71b3127 72df3fadbf5043b89c038aad6ec4a067 - - default default] No more DHCP agents
2026-06-28 21:08:58.802 8 WARNING neutron.api.rpc.agentnotifiers.dhcp_rpc_agent_api [None req-51c5bafc-27cc-424d-8d62-d3316fe53d4f 5cbcceb283be4344b115bb84e71b3127 72df3fadbf5043b89c038aad6ec4a067 - - default default] Unable to schedule network e7bb7e49-28c1-43f8-b43d-f3f770668930: no agents available; will retry on subsequent port and subnet creation events.
2026-06-28 21:08:58.922 7 INFO neutron.db.segments_db [None req-2ab73bf2-cae7-4ae8-84e7-085f2fbcadfa 2407fbda3bac45a4999e084840a28c84 163f28f3a7f34de48b0218a351f927cc - - default default] Added segment 3170d482-a984-491f-b174-1ef8621abee7 of type geneve for network b71f9ae9-fa28-4f04-9374-85072efa3764
2026-06-28 21:08:58.946 8 INFO neutron.db.ovn_revision_numbers_db [None req-51c5bafc-27cc-424d-8d62-d3316fe53d4f 5cbcceb283be4344b115bb84e71b3127 72df3fadbf5043b89c038aad6ec4a067 - - default default] Successfully bumped revision number for resource b936caff-fe06-4af9-9af2-edf0fcbb02fb (type: ports) to 1
2026-06-28 21:08:59.083 7 INFO neutron.db.ovn_revision_numbers_db [None req-2ab73bf2-cae7-4ae8-84e7-085f2fbcadfa 2407fbda3bac45a4999e084840a28c84 163f28f3a7f34de48b0218a351f927cc - - default default] Successfully bumped revision number for resource b71f9ae9-fa28-4f04-9374-85072efa3764 (type: networks) to 1
2026-06-28 21:08:59.167 7 INFO neutron.db.ovn_revision_numbers_db [None req-b9b24c59-9f63-409d-80e5-2557545843c2 - - - - - -] Successfully bumped revision number for resource b7178cf8-60af-4f92-bcbf-9ad8e0a5daf8 (type: ports) to 4
2026-06-28 21:08:59.333 7 WARNING neutron.scheduler.dhcp_agent_scheduler [None req-2ab73bf2-cae7-4ae8-84e7-085f2fbcadfa 2407fbda3bac45a4999e084840a28c84 163f28f3a7f34de48b0218a351f927cc - - default default] No more DHCP agents
2026-06-28 21:08:59.336 7 WARNING neutron.api.rpc.agentnotifiers.dhcp_rpc_agent_api [None req-2ab73bf2-cae7-4ae8-84e7-085f2fbcadfa 2407fbda3bac45a4999e084840a28c84 163f28f3a7f34de48b0218a351f927cc - - default default] Unable to schedule network b71f9ae9-fa28-4f04-9374-85072efa3764: no agents available; will retry on subsequent port and subnet creation events.
2026-06-28 21:08:59.443 7 INFO neutron.db.ovn_revision_numbers_db [None req-2ab73bf2-cae7-4ae8-84e7-085f2fbcadfa 2407fbda3bac45a4999e084840a28c84 163f28f3a7f34de48b0218a351f927cc - - default default] Successfully bumped revision number for resource fb72ff95-3da9-4a05-921e-03a225e6a27b (type: ports) to 1 [pid: 7|app: 0|req: 724/1491] 10.0.0.127 () {34 vars in 670 bytes} [Sun Jun 28 21:08:58 2026] POST /v2.0/networks => generated 648 bytes in 698 msecs (HTTP/1.1 201) 4 headers in 162 bytes (1 switches on core 0)
2026-06-28 21:08:59.545 8 WARNING neutron.scheduler.dhcp_agent_scheduler [None req-51c5bafc-27cc-424d-8d62-d3316fe53d4f 5cbcceb283be4344b115bb84e71b3127 72df3fadbf5043b89c038aad6ec4a067 - - default default] No more DHCP agents
2026-06-28 21:08:59.546 8 WARNING neutron.api.rpc.agentnotifiers.dhcp_rpc_agent_api [None req-51c5bafc-27cc-424d-8d62-d3316fe53d4f 5cbcceb283be4344b115bb84e71b3127 72df3fadbf5043b89c038aad6ec4a067 - - default default] Unable to schedule network e7bb7e49-28c1-43f8-b43d-f3f770668930: no agents available; will retry on subsequent port and subnet creation events.
2026-06-28 21:08:59.738 7 INFO neutron.db.ovn_revision_numbers_db [None req-b9b24c59-9f63-409d-80e5-2557545843c2 - - - - - -] Successfully bumped revision number for resource b7178cf8-60af-4f92-bcbf-9ad8e0a5daf8 (type: ports) to 5 [pid: 7|app: 0|req: 725/1492] 10.0.0.127 () {32 vars in 740 bytes} [Sun Jun 28 21:08:59 2026] DELETE /v2.0/security-groups/1517e897-c5fc-4d3b-a31a-91ff70a92072 => generated 0 bytes in 361 msecs (HTTP/1.1 204) 2 headers in 112 bytes (1 switches on core 0)
2026-06-28 21:09:00.023 8 INFO neutron.db.ovn_revision_numbers_db [None req-51c5bafc-27cc-424d-8d62-d3316fe53d4f 5cbcceb283be4344b115bb84e71b3127 72df3fadbf5043b89c038aad6ec4a067 - - default default] Successfully bumped revision number for resource b936caff-fe06-4af9-9af2-edf0fcbb02fb (type: router_ports) to 1 [pid: 8|app: 0|req: 768/1493] 10.0.0.127 () {34 vars in 783 bytes} [Sun Jun 28 21:08:58 2026] PUT /v2.0/routers/d77f536a-5947-469a-86d5-5cda8b04f354/add_router_interface => generated 309 bytes in 1754 msecs (HTTP/1.1 200) 4 headers in 157 bytes (1 switches on core 0)
2026-06-28 21:09:00.135 7 INFO neutron.plugins.ml2.drivers.ovn.mech_driver.mech_driver [None req-b550f67c-7f7e-4c96-b8f3-1da44e4b5beb - - - - - -] OVN reports status down for port: fb72ff95-3da9-4a05-921e-03a225e6a27b [pid: 8|app: 0|req: 769/1494] 10.0.0.12 () {28 vars in 582 bytes} [Sun Jun 28 21:09:00 2026] GET /v2.0/subnets => generated 3302 bytes in 245 msecs (HTTP/1.1 200) 4 headers in 158 bytes (1 switches on core 0)
2026-06-28 21:09:00.394 8 INFO neutron.db.ovn_revision_numbers_db [None req-5986774d-965e-411f-a099-9107f4e82b1d 2407fbda3bac45a4999e084840a28c84 163f28f3a7f34de48b0218a351f927cc - - default default] Successfully bumped revision number for resource b71f9ae9-fa28-4f04-9374-85072efa3764 (type: networks) to 2 [pid: 8|app: 0|req: 770/1495] 10.0.0.127 () {34 vars in 743 bytes} [Sun Jun 28 21:09:00 2026] PUT /v2.0/networks/b71f9ae9-fa28-4f04-9374-85072efa3764 => generated 598 bytes in 123 msecs (HTTP/1.1 200) 4 headers in 157 bytes (1 switches on core 0)
2026-06-28 21:09:00.458 7 WARNING neutron.scheduler.dhcp_agent_scheduler [None req-c88dda2d-ffad-44e9-bf64-d46e594aa435 7dc834a09dbe4fa2ad848afe765f1376 cdfb2176144944159ed2cff3478ae311 - - default default] No more DHCP agents
2026-06-28 21:09:00.459 7 WARNING neutron.api.rpc.agentnotifiers.dhcp_rpc_agent_api [None req-c88dda2d-ffad-44e9-bf64-d46e594aa435 7dc834a09dbe4fa2ad848afe765f1376 cdfb2176144944159ed2cff3478ae311 - - default default] Unable to schedule network 6678c2ff-db28-4628-945b-cb695faa80df: no agents available; will retry on subsequent port and subnet creation events. [pid: 8|app: 0|req: 771/1496] 10.0.0.12 () {28 vars in 578 bytes} [Sun Jun 28 21:09:00 2026] GET /v2.0/ports => generated 12025 bytes in 66 msecs (HTTP/1.1 200) 4 headers in 159 bytes (1 switches on core 0)
2026-06-28 21:09:00.601 7 INFO neutron.db.ovn_revision_numbers_db [None req-c88dda2d-ffad-44e9-bf64-d46e594aa435 7dc834a09dbe4fa2ad848afe765f1376 cdfb2176144944159ed2cff3478ae311 - - default default] Successfully bumped revision number for resource 0c47ede8-d41a-4aa2-b618-296c5ae34fed (type: ports) to 1
2026-06-28 21:09:00.667 8 WARNING neutron.scheduler.dhcp_agent_scheduler [None req-768c505a-309e-473c-9cec-be69abcf8eee 2407fbda3bac45a4999e084840a28c84 163f28f3a7f34de48b0218a351f927cc - - default default] No more DHCP agents
2026-06-28 21:09:00.668 8 WARNING neutron.api.rpc.agentnotifiers.dhcp_rpc_agent_api [None req-768c505a-309e-473c-9cec-be69abcf8eee 2407fbda3bac45a4999e084840a28c84 163f28f3a7f34de48b0218a351f927cc - - default default] Unable to schedule network b71f9ae9-fa28-4f04-9374-85072efa3764: no agents available; will retry on subsequent port and subnet creation events.
2026-06-28 21:09:00.694 8 INFO neutron.db.ovn_revision_numbers_db [None req-768c505a-309e-473c-9cec-be69abcf8eee 2407fbda3bac45a4999e084840a28c84 163f28f3a7f34de48b0218a351f927cc - - default default] Successfully bumped revision number for resource 931c07be-9fc9-4c5d-ab00-0e1bfeb1d22e (type: subnets) to 0 [pid: 8|app: 0|req: 772/1497] 10.0.0.127 () {34 vars in 669 bytes} [Sun Jun 28 21:09:00 2026] POST /v2.0/subnets => generated 646 bytes in 249 msecs (HTTP/1.1 201) 4 headers in 162 bytes (1 switches on core 0) [pid: 8|app: 0|req: 773/1498] 10.0.0.12 () {28 vars in 618 bytes} [Sun Jun 28 21:09:00 2026] GET /v2.0/network-ip-availabilities => generated 2913 bytes in 19 msecs (HTTP/1.1 200) 4 headers in 158 bytes (1 switches on core 0)
2026-06-28 21:09:01.320 8 INFO neutron.db.ovn_revision_numbers_db [None req-6f9364e8-799c-41a7-80d4-033f5fa10adf - - - - - -] Successfully bumped revision number for resource fb72ff95-3da9-4a05-921e-03a225e6a27b (type: ports) to 2
2026-06-28 21:09:01.324 7 WARNING neutron.scheduler.dhcp_agent_scheduler [None req-c88dda2d-ffad-44e9-bf64-d46e594aa435 7dc834a09dbe4fa2ad848afe765f1376 cdfb2176144944159ed2cff3478ae311 - - default default] No more DHCP agents
2026-06-28 21:09:01.325 7 WARNING neutron.api.rpc.agentnotifiers.dhcp_rpc_agent_api [None req-c88dda2d-ffad-44e9-bf64-d46e594aa435 7dc834a09dbe4fa2ad848afe765f1376 cdfb2176144944159ed2cff3478ae311 - - default default] Unable to schedule network 6678c2ff-db28-4628-945b-cb695faa80df: no agents available; will retry on subsequent port and subnet creation events.
2026-06-28 21:09:01.352 8 INFO neutron.db.ovn_revision_numbers_db [None req-6f9364e8-799c-41a7-80d4-033f5fa10adf - - - - - -] Successfully bumped revision number for resource 931c07be-9fc9-4c5d-ab00-0e1bfeb1d22e (type: subnets) to 1 [pid: 8|app: 0|req: 774/1499] 10.0.0.127 () {34 vars in 741 bytes} [Sun Jun 28 21:09:00 2026] PUT /v2.0/subnets/931c07be-9fc9-4c5d-ab00-0e1bfeb1d22e => generated 656 bytes in 622 msecs (HTTP/1.1 200) 4 headers in 157 bytes (1 switches on core 0) [pid: 8|app: 0|req: 775/1500] 10.0.0.12 () {28 vars in 584 bytes} [Sun Jun 28 21:09:01 2026] GET /v2.0/networks => generated 5178 bytes in 50 msecs (HTTP/1.1 200) 4 headers in 158 bytes (1 switches on core 0)
2026-06-28 21:09:01.517 8 INFO neutron_taas.services.taas.taas_plugin [None req-fa554fba-2dd4-4c9b-8900-48854773c2db 2407fbda3bac45a4999e084840a28c84 163f28f3a7f34de48b0218a351f927cc - - default default] TaaS: Handle Delete Port: fb72ff95-3da9-4a05-921e-03a225e6a27b
2026-06-28 21:09:01.519 8 INFO neutron_taas.services.taas.tap_mirror_plugin [None req-fa554fba-2dd4-4c9b-8900-48854773c2db 2407fbda3bac45a4999e084840a28c84 163f28f3a7f34de48b0218a351f927cc - - default default] Tap Mirror: Handle Delete Port: fb72ff95-3da9-4a05-921e-03a225e6a27b
2026-06-28 21:09:01.635 7 INFO neutron.db.ovn_revision_numbers_db [None req-c88dda2d-ffad-44e9-bf64-d46e594aa435 7dc834a09dbe4fa2ad848afe765f1376 cdfb2176144944159ed2cff3478ae311 - - default default] Successfully bumped revision number for resource 0c47ede8-d41a-4aa2-b618-296c5ae34fed (type: router_ports) to 1 [pid: 7|app: 0|req: 726/1501] 10.0.0.127 () {34 vars in 783 bytes} [Sun Jun 28 21:08:59 2026] PUT /v2.0/routers/33fb0bda-11fd-4d41-ad99-7dc20461b37d/add_router_interface => generated 309 bytes in 1793 msecs (HTTP/1.1 200) 4 headers in 157 bytes (1 switches on core 0) [pid: 7|app: 0|req: 727/1502] 10.0.0.12 () {28 vars in 590 bytes} [Sun Jun 28 21:09:01 2026] GET /v2.0/floatingips => generated 19 bytes in 14 msecs (HTTP/1.1 200) 4 headers in 156 bytes (1 switches on core 0)
2026-06-28 21:09:01.884 8 INFO neutron.services.segments.plugin [-] Segment 3170d482-a984-491f-b174-1ef8621abee7 resource provider aggregate not found
2026-06-28 21:09:01.898 8 INFO neutron.services.segments.plugin [-] Segment 3170d482-a984-491f-b174-1ef8621abee7 resource provider not found; error: Placement Client Error (4xx): {"errors": [{"status": 404, "title": "Not Found", "detail": "The resource could not be found.\n\n No resource provider with uuid 3170d482-a984-491f-b174-1ef8621abee7 found for delete ", "request_id": "req-6d5b4389-61e5-4950-a28e-ef531865dbc4"}]}
2026-06-28 21:09:01.899 8 INFO neutron.services.segments.plugin [-] Segment 3170d482-a984-491f-b174-1ef8621abee7 resource provider aggregate not found
2026-06-28 21:09:01.913 8 INFO neutron.services.segments.plugin [-] Segment 3170d482-a984-491f-b174-1ef8621abee7 resource provider not found; error: Placement Client Error (4xx): {"errors": [{"status": 404, "title": "Not Found", "detail": "The resource could not be found.\n\n No resource provider with uuid 3170d482-a984-491f-b174-1ef8621abee7 found for delete ", "request_id": "req-27a69c97-4903-40a5-a644-5f75028572a3"}]} [pid: 8|app: 0|req: 776/1503] 10.0.0.127 () {32 vars in 726 bytes} [Sun Jun 28 21:09:01 2026] DELETE /v2.0/networks/b71f9ae9-fa28-4f04-9374-85072efa3764 => generated 0 bytes in 532 msecs (HTTP/1.1 204) 3 headers in 131 bytes (1 switches on core 0)
2026-06-28 21:09:01.945 7 INFO neutron.db.ovn_revision_numbers_db [None req-d21cb1b1-9480-4612-916c-2580a9053b64 9b0e226daf5240cd869f03dd0331a6f3 9490690c3726401495b7fe3feea0897e - - default default] Successfully bumped revision number for resource b37eaf58-af32-4ea4-badf-264053a5c8fd (type: security_groups) to 1
2026-06-28 21:09:01.956 7 INFO neutron.db.ovn_revision_numbers_db [None req-d21cb1b1-9480-4612-916c-2580a9053b64 9b0e226daf5240cd869f03dd0331a6f3 9490690c3726401495b7fe3feea0897e - - default default] Successfully bumped revision number for resource 0c61c20b-1fd0-4173-8542-9b2f29054311 (type: security_group_rules) to 0
2026-06-28 21:09:01.964 7 INFO neutron.db.ovn_revision_numbers_db [None req-d21cb1b1-9480-4612-916c-2580a9053b64 9b0e226daf5240cd869f03dd0331a6f3 9490690c3726401495b7fe3feea0897e - - default default] Successfully bumped revision number for resource 739fdeb0-dfbc-4e6a-a703-ad77cda17381 (type: security_group_rules) to 0
2026-06-28 21:09:01.977 7 INFO neutron.db.ovn_revision_numbers_db [None req-d21cb1b1-9480-4612-916c-2580a9053b64 9b0e226daf5240cd869f03dd0331a6f3 9490690c3726401495b7fe3feea0897e - - default default] Successfully bumped revision number for resource 81027b88-8682-4886-ac80-b544a5407d6f (type: security_group_rules) to 0
2026-06-28 21:09:01.986 7 INFO neutron.db.ovn_revision_numbers_db [None req-d21cb1b1-9480-4612-916c-2580a9053b64 9b0e226daf5240cd869f03dd0331a6f3 9490690c3726401495b7fe3feea0897e - - default default] Successfully bumped revision number for resource af4114f1-5b4c-4990-85e2-09addbb0906a (type: security_group_rules) to 0
2026-06-28 21:09:02.042 7 INFO neutron.db.segments_db [None req-d21cb1b1-9480-4612-916c-2580a9053b64 9b0e226daf5240cd869f03dd0331a6f3 9490690c3726401495b7fe3feea0897e - - default default] Added segment ace42fc6-7499-4b14-9da3-22a769e2d774 of type geneve for network c7dcf391-feaa-4c95-8373-d9d08f14d799
2026-06-28 21:09:02.124 7 INFO neutron.db.ovn_revision_numbers_db [None req-d21cb1b1-9480-4612-916c-2580a9053b64 9b0e226daf5240cd869f03dd0331a6f3 9490690c3726401495b7fe3feea0897e - - default default] Successfully bumped revision number for resource c7dcf391-feaa-4c95-8373-d9d08f14d799 (type: networks) to 1
2026-06-28 21:09:02.160 8 WARNING neutron.scheduler.dhcp_agent_scheduler [None req-1d13484e-5a81-4895-852d-f33cdb2e8a41 7dc834a09dbe4fa2ad848afe765f1376 cdfb2176144944159ed2cff3478ae311 - - default default] No more DHCP agents
2026-06-28 21:09:02.161 8 WARNING neutron.api.rpc.agentnotifiers.dhcp_rpc_agent_api [None req-1d13484e-5a81-4895-852d-f33cdb2e8a41 7dc834a09dbe4fa2ad848afe765f1376 cdfb2176144944159ed2cff3478ae311 - - default default] Unable to schedule network 6678c2ff-db28-4628-945b-cb695faa80df: no agents available; will retry on subsequent port and subnet creation events.
2026-06-28 21:09:02.258 7 INFO neutron.plugins.ml2.drivers.ovn.mech_driver.mech_driver [None req-b550f67c-7f7e-4c96-b8f3-1da44e4b5beb - - - - - -] OVN reports status down for port: 203f0353-0b10-4394-9b6d-07e4cae7169a
2026-06-28 21:09:02.282 8 INFO neutron.db.ovn_revision_numbers_db [None req-1d13484e-5a81-4895-852d-f33cdb2e8a41 7dc834a09dbe4fa2ad848afe765f1376 cdfb2176144944159ed2cff3478ae311 - - default default] Successfully bumped revision number for resource 203f0353-0b10-4394-9b6d-07e4cae7169a (type: ports) to 1
2026-06-28 21:09:02.330 7 WARNING neutron.scheduler.dhcp_agent_scheduler [None req-d21cb1b1-9480-4612-916c-2580a9053b64 9b0e226daf5240cd869f03dd0331a6f3 9490690c3726401495b7fe3feea0897e - - default default] No more DHCP agents
2026-06-28 21:09:02.331 7 WARNING neutron.api.rpc.agentnotifiers.dhcp_rpc_agent_api [None req-d21cb1b1-9480-4612-916c-2580a9053b64 9b0e226daf5240cd869f03dd0331a6f3 9490690c3726401495b7fe3feea0897e - - default default] Unable to schedule network c7dcf391-feaa-4c95-8373-d9d08f14d799: no agents available; will retry on subsequent port and subnet creation events. [pid: 8|app: 0|req: 777/1504] 10.0.0.127 () {34 vars in 665 bytes} [Sun Jun 28 21:09:01 2026] POST /v2.0/ports => generated 955 bytes in 391 msecs (HTTP/1.1 201) 4 headers in 162 bytes (1 switches on core 0) /var/lib/openstack/lib/python3.12/site-packages/pycadf/identifier.py:70: UserWarning: Invalid uuid: neutron. To ensure interoperability, identifiers should be a valid uuid. warnings.warn(('Invalid uuid: %s. To ensure interoperability, ' [pid: 8|app: 0|req: 778/1505] 10.0.0.12 () {28 vars in 598 bytes} [Sun Jun 28 21:09:02 2026] GET /v2.0/security-groups => generated 29017 bytes in 32 msecs (HTTP/1.1 200) 4 headers in 159 bytes (1 switches on core 0)
2026-06-28 21:09:02.373 8 INFO neutron.pecan_wsgi.hooks.translation [None req-5c82e65f-aa60-4848-917a-427a804c7eb7 2407fbda3bac45a4999e084840a28c84 163f28f3a7f34de48b0218a351f927cc - - default default] DELETE failed (client error): The resource could not be found. [pid: 8|app: 0|req: 779/1506] 10.0.0.127 () {32 vars in 726 bytes} [Sun Jun 28 21:09:02 2026] DELETE /v2.0/networks/b71f9ae9-fa28-4f04-9374-85072efa3764 => generated 138 bytes in 9 msecs (HTTP/1.1 404) 4 headers in 164 bytes (1 switches on core 0)
2026-06-28 21:09:02.421 7 INFO neutron.db.ovn_revision_numbers_db [None req-d21cb1b1-9480-4612-916c-2580a9053b64 9b0e226daf5240cd869f03dd0331a6f3 9490690c3726401495b7fe3feea0897e - - default default] Successfully bumped revision number for resource abbab887-2955-4374-99cb-532fdae5fdc5 (type: ports) to 1 [pid: 8|app: 0|req: 780/1507] 10.0.0.60 () {34 vars in 981 bytes} [Sun Jun 28 21:09:02 2026] GET /v2.0/networks?id=e7bb7e49-28c1-43f8-b43d-f3f770668930 => generated 673 bytes in 53 msecs (HTTP/1.1 200) 4 headers in 157 bytes (1 switches on core 0) [pid: 7|app: 0|req: 728/1508] 10.0.0.127 () {34 vars in 670 bytes} [Sun Jun 28 21:09:01 2026] POST /v2.0/networks => generated 648 bytes in 784 msecs (HTTP/1.1 201) 4 headers in 162 bytes (1 switches on core 0) [pid: 7|app: 0|req: 729/1509] 10.0.0.12 () {28 vars in 582 bytes} [Sun Jun 28 21:09:02 2026] GET /v2.0/routers => generated 1937 bytes in 48 msecs (HTTP/1.1 200) 4 headers in 158 bytes (1 switches on core 0) [pid: 7|app: 0|req: 730/1510] 10.0.0.127 () {32 vars in 694 bytes} [Sun Jun 28 21:09:02 2026] GET /v2.0/networks?router%3Aexternal=True => generated 651 bytes in 44 msecs (HTTP/1.1 200) 4 headers in 157 bytes (1 switches on core 0) [pid: 7|app: 0|req: 731/1511] 10.0.0.60 () {34 vars in 964 bytes} [Sun Jun 28 21:09:02 2026] GET /v2.0/quotas/bc9ff8baf4374c1a83242077dc7afba0 => generated 292 bytes in 8 msecs (HTTP/1.1 200) 4 headers in 157 bytes (1 switches on core 0)
2026-06-28 21:09:02.670 8 WARNING neutron.scheduler.dhcp_agent_scheduler [None req-c10aeacc-ea25-44d7-a8c1-32c984d922de 7dc834a09dbe4fa2ad848afe765f1376 cdfb2176144944159ed2cff3478ae311 - - default default] No more DHCP agents
2026-06-28 21:09:02.671 8 WARNING neutron.api.rpc.agentnotifiers.dhcp_rpc_agent_api [None req-c10aeacc-ea25-44d7-a8c1-32c984d922de 7dc834a09dbe4fa2ad848afe765f1376 cdfb2176144944159ed2cff3478ae311 - - default default] Unable to schedule network 6678c2ff-db28-4628-945b-cb695faa80df: no agents available; will retry on subsequent port and subnet creation events.
2026-06-28 21:09:02.744 7 WARNING neutron.scheduler.dhcp_agent_scheduler [None req-0ecb859e-4a51-4300-8b67-49cecf32c7cb 9b0e226daf5240cd869f03dd0331a6f3 9490690c3726401495b7fe3feea0897e - - default default] No more DHCP agents
2026-06-28 21:09:02.745 7 WARNING neutron.api.rpc.agentnotifiers.dhcp_rpc_agent_api [None req-0ecb859e-4a51-4300-8b67-49cecf32c7cb 9b0e226daf5240cd869f03dd0331a6f3 9490690c3726401495b7fe3feea0897e - - default default] Unable to schedule network c7dcf391-feaa-4c95-8373-d9d08f14d799: no agents available; will retry on subsequent port and subnet creation events.
2026-06-28 21:09:02.828 8 INFO neutron.db.ovn_revision_numbers_db [None req-c10aeacc-ea25-44d7-a8c1-32c984d922de 7dc834a09dbe4fa2ad848afe765f1376 cdfb2176144944159ed2cff3478ae311 - - default default] Successfully bumped revision number for resource 3e64392a-b2f2-496d-befe-7db4b827839a (type: ports) to 1
2026-06-28 21:09:02.831 7 INFO neutron.db.ovn_revision_numbers_db [None req-0ecb859e-4a51-4300-8b67-49cecf32c7cb 9b0e226daf5240cd869f03dd0331a6f3 9490690c3726401495b7fe3feea0897e - - default default] Successfully bumped revision number for resource f733561a-288e-4fa0-b122-de44cea7b32d (type: ports) to 1 [pid: 8|app: 0|req: 781/1512] 10.0.0.127 () {34 vars in 665 bytes} [Sun Jun 28 21:09:02 2026] POST /v2.0/ports => generated 954 bytes in 419 msecs (HTTP/1.1 201) 4 headers in 162 bytes (1 switches on core 0) /var/lib/openstack/lib/python3.12/site-packages/pycadf/identifier.py:70: UserWarning: Invalid uuid: neutron. To ensure interoperability, identifiers should be a valid uuid. warnings.warn(('Invalid uuid: %s. To ensure interoperability, ' [pid: 8|app: 0|req: 782/1513] 10.0.0.12 () {28 vars in 623 bytes} [Sun Jun 28 21:09:02 2026] GET /v2.0/agents?binary=ovn-controller => generated 416 bytes in 10 msecs (HTTP/1.1 200) 4 headers in 157 bytes (1 switches on core 0) [pid: 7|app: 0|req: 732/1514] 10.0.0.127 () {34 vars in 665 bytes} [Sun Jun 28 21:09:02 2026] POST /v2.0/ports => generated 778 bytes in 327 msecs (HTTP/1.1 201) 4 headers in 162 bytes (1 switches on core 0) /var/lib/openstack/lib/python3.12/site-packages/pycadf/identifier.py:70: UserWarning: Invalid uuid: neutron. To ensure interoperability, identifiers should be a valid uuid. warnings.warn(('Invalid uuid: %s. To ensure interoperability, ' [pid: 8|app: 0|req: 783/1515] 10.0.0.127 () {32 vars in 742 bytes} [Sun Jun 28 21:09:02 2026] GET /v2.0/subnets?network_id=2485cc6d-d056-433e-a0c1-af86b7eee944 => generated 649 bytes in 28 msecs (HTTP/1.1 200) 4 headers in 157 bytes (1 switches on core 0) [pid: 7|app: 0|req: 733/1516] 10.0.0.60 () {34 vars in 1001 bytes} [Sun Jun 28 21:09:02 2026] GET /v2.0/ports?tenant_id=bc9ff8baf4374c1a83242077dc7afba0&fields=id => generated 103 bytes in 58 msecs (HTTP/1.1 200) 4 headers in 157 bytes (1 switches on core 0) [pid: 7|app: 0|req: 734/1517] 10.0.0.12 () {28 vars in 582 bytes} [Sun Jun 28 21:09:02 2026] GET /v2.0/subnets => generated 3302 bytes in 28 msecs (HTTP/1.1 200) 4 headers in 158 bytes (1 switches on core 0)
2026-06-28 21:09:03.049 7 INFO neutron.db.segments_db [None req-f683f013-95f4-4816-ba06-a1714cea5cd0 9b0e226daf5240cd869f03dd0331a6f3 9490690c3726401495b7fe3feea0897e - - default default] Added segment db18cb5f-df60-463d-a2cc-632aadcfee16 of type geneve for network 51095dc1-98ad-4aab-855c-4d6aed3f5056
2026-06-28 21:09:03.118 8 WARNING neutron.scheduler.dhcp_agent_scheduler [None req-eb0916bb-96d0-4d48-9a1a-a426eafadfd8 7dc834a09dbe4fa2ad848afe765f1376 cdfb2176144944159ed2cff3478ae311 - - default default] No more DHCP agents
2026-06-28 21:09:03.120 8 WARNING neutron.api.rpc.agentnotifiers.dhcp_rpc_agent_api [None req-eb0916bb-96d0-4d48-9a1a-a426eafadfd8 7dc834a09dbe4fa2ad848afe765f1376 cdfb2176144944159ed2cff3478ae311 - - default default] Unable to schedule network 2485cc6d-d056-433e-a0c1-af86b7eee944: no agents available; will retry on subsequent port and subnet creation events.
2026-06-28 21:09:03.166 7 INFO neutron.db.ovn_revision_numbers_db [None req-f683f013-95f4-4816-ba06-a1714cea5cd0 9b0e226daf5240cd869f03dd0331a6f3 9490690c3726401495b7fe3feea0897e - - default default] Successfully bumped revision number for resource 51095dc1-98ad-4aab-855c-4d6aed3f5056 (type: networks) to 1
2026-06-28 21:09:03.339 7 WARNING neutron.scheduler.dhcp_agent_scheduler [None req-f683f013-95f4-4816-ba06-a1714cea5cd0 9b0e226daf5240cd869f03dd0331a6f3 9490690c3726401495b7fe3feea0897e - - default default] No more DHCP agents
2026-06-28 21:09:03.340 7 WARNING neutron.api.rpc.agentnotifiers.dhcp_rpc_agent_api [None req-f683f013-95f4-4816-ba06-a1714cea5cd0 9b0e226daf5240cd869f03dd0331a6f3 9490690c3726401495b7fe3feea0897e - - default default] Unable to schedule network 51095dc1-98ad-4aab-855c-4d6aed3f5056: no agents available; will retry on subsequent port and subnet creation events.
2026-06-28 21:09:03.408 7 INFO neutron.db.ovn_revision_numbers_db [None req-f683f013-95f4-4816-ba06-a1714cea5cd0 9b0e226daf5240cd869f03dd0331a6f3 9490690c3726401495b7fe3feea0897e - - default default] Successfully bumped revision number for resource 5c18fead-21f1-402f-a58c-8ce831a599ca (type: ports) to 1 [pid: 7|app: 0|req: 735/1518] 10.0.0.127 () {34 vars in 670 bytes} [Sun Jun 28 21:09:02 2026] POST /v2.0/networks => generated 635 bytes in 473 msecs (HTTP/1.1 201) 4 headers in 162 bytes (1 switches on core 0) [pid: 7|app: 0|req: 736/1519] 10.0.0.127 () {32 vars in 653 bytes} [Sun Jun 28 21:09:03 2026] GET /v2.0/extensions => generated 20118 bytes in 5 msecs (HTTP/1.1 200) 4 headers in 159 bytes (1 switches on core 0) [pid: 7|app: 0|req: 737/1520] 10.0.0.60 () {34 vars in 1007 bytes} [Sun Jun 28 21:09:03 2026] GET /v2.0/networks/e7bb7e49-28c1-43f8-b43d-f3f770668930?fields=segments => generated 14 bytes in 32 msecs (HTTP/1.1 200) 4 headers in 156 bytes (1 switches on core 0) [pid: 7|app: 0|req: 738/1521] 10.0.0.12 () {28 vars in 590 bytes} [Sun Jun 28 21:09:03 2026] GET /v2.0/subnetpools => generated 19 bytes in 7 msecs (HTTP/1.1 200) 4 headers in 156 bytes (1 switches on core 0)
2026-06-28 21:09:03.643 7 WARNING neutron.scheduler.dhcp_agent_scheduler [None req-1e8705cd-eccc-413c-844a-6705f0ab9b8c 9b0e226daf5240cd869f03dd0331a6f3 9490690c3726401495b7fe3feea0897e - - default default] No more DHCP agents
2026-06-28 21:09:03.644 7 WARNING neutron.api.rpc.agentnotifiers.dhcp_rpc_agent_api [None req-1e8705cd-eccc-413c-844a-6705f0ab9b8c 9b0e226daf5240cd869f03dd0331a6f3 9490690c3726401495b7fe3feea0897e - - default default] Unable to schedule network 51095dc1-98ad-4aab-855c-4d6aed3f5056: no agents available; will retry on subsequent port and subnet creation events.
2026-06-28 21:09:03.677 7 INFO neutron.db.ovn_revision_numbers_db [None req-1e8705cd-eccc-413c-844a-6705f0ab9b8c 9b0e226daf5240cd869f03dd0331a6f3 9490690c3726401495b7fe3feea0897e - - default default] Successfully bumped revision number for resource 23eef5c9-21ce-4669-9016-720501ebed05 (type: subnets) to 0 [pid: 7|app: 0|req: 739/1522] 10.0.0.127 () {34 vars in 669 bytes} [Sun Jun 28 21:09:03 2026] POST /v2.0/subnets => generated 646 bytes in 230 msecs (HTTP/1.1 201) 4 headers in 162 bytes (1 switches on core 0) [pid: 7|app: 0|req: 740/1523] 10.0.0.127 () {32 vars in 649 bytes} [Sun Jun 28 21:09:03 2026] GET /v2.0/networks => generated 1313 bytes in 78 msecs (HTTP/1.1 200) 4 headers in 158 bytes (1 switches on core 0) [pid: 7|app: 0|req: 741/1524] 10.0.0.60 () {34 vars in 1107 bytes} [Sun Jun 28 21:09:03 2026] GET /v2.0/networks/e7bb7e49-28c1-43f8-b43d-f3f770668930?fields=provider%3Aphysical_network&fields=provider%3Anetwork_type => generated 79 bytes in 42 msecs (HTTP/1.1 200) 4 headers in 156 bytes (1 switches on core 0) [pid: 7|app: 0|req: 742/1525] 10.0.0.12 () {28 vars in 580 bytes} [Sun Jun 28 21:09:03 2026] GET /v2.0/agents => generated 1214 bytes in 11 msecs (HTTP/1.1 200) 4 headers in 158 bytes (1 switches on core 0)
2026-06-28 21:09:03.852 8 INFO neutron.db.ovn_revision_numbers_db [None req-eb0916bb-96d0-4d48-9a1a-a426eafadfd8 7dc834a09dbe4fa2ad848afe765f1376 cdfb2176144944159ed2cff3478ae311 - - default default] Successfully bumped revision number for resource a327224f-f240-4de2-9fe7-5dffdfb125cc (type: floatingips) to 1
2026-06-28 21:09:03.853 8 INFO neutron.db.l3_db [None req-eb0916bb-96d0-4d48-9a1a-a426eafadfd8 7dc834a09dbe4fa2ad848afe765f1376 cdfb2176144944159ed2cff3478ae311 - - default default] Floating IP a327224f-f240-4de2-9fe7-5dffdfb125cc associated. External IP: 10.96.250.205, port: 3e64392a-b2f2-496d-befe-7db4b827839a. [pid: 8|app: 0|req: 784/1526] 10.0.0.127 () {34 vars in 677 bytes} [Sun Jun 28 21:09:02 2026] POST /v2.0/floatingips => generated 841 bytes in 1007 msecs (HTTP/1.1 201) 4 headers in 162 bytes (1 switches on core 0) [pid: 8|app: 0|req: 785/1527] 10.0.0.127 () {32 vars in 647 bytes} [Sun Jun 28 21:09:03 2026] GET /v2.0/subnets => generated 1312 bytes in 24 msecs (HTTP/1.1 200) 4 headers in 158 bytes (1 switches on core 0)
2026-06-28 21:09:04.040 8 INFO neutron.db.ovn_revision_numbers_db [None req-c5e361cf-6369-400a-8300-e448277eb3d0 7dc834a09dbe4fa2ad848afe765f1376 cdfb2176144944159ed2cff3478ae311 - - default default] Successfully bumped revision number for resource a327224f-f240-4de2-9fe7-5dffdfb125cc (type: floatingips) to 2
2026-06-28 21:09:04.081 8 INFO neutron.db.l3_db [None req-c5e361cf-6369-400a-8300-e448277eb3d0 7dc834a09dbe4fa2ad848afe765f1376 cdfb2176144944159ed2cff3478ae311 - - default default] Floating IP a327224f-f240-4de2-9fe7-5dffdfb125cc disassociated. External IP: 10.96.250.205, port: 3e64392a-b2f2-496d-befe-7db4b827839a. [pid: 8|app: 0|req: 786/1528] 10.0.0.127 () {34 vars in 749 bytes} [Sun Jun 28 21:09:03 2026] PUT /v2.0/floatingips/a327224f-f240-4de2-9fe7-5dffdfb125cc => generated 554 bytes in 184 msecs (HTTP/1.1 200) 4 headers in 157 bytes (1 switches on core 0)
2026-06-28 21:09:04.122 7 WARNING neutron.scheduler.dhcp_agent_scheduler [None req-040f8750-ef00-46f2-98a1-3c31fd74a3d1 9b0e226daf5240cd869f03dd0331a6f3 9490690c3726401495b7fe3feea0897e - - default default] No more DHCP agents
2026-06-28 21:09:04.123 7 WARNING neutron.api.rpc.agentnotifiers.dhcp_rpc_agent_api [None req-040f8750-ef00-46f2-98a1-3c31fd74a3d1 9b0e226daf5240cd869f03dd0331a6f3 9490690c3726401495b7fe3feea0897e - - default default] Unable to schedule network 51095dc1-98ad-4aab-855c-4d6aed3f5056: no agents available; will retry on subsequent port and subnet creation events. [pid: 8|app: 0|req: 787/1529] 10.0.0.127 () {32 vars in 723 bytes} [Sun Jun 28 21:09:04 2026] GET /v2.0/networks/c38f3209-c694-495e-989f-e725931a43f4 => generated 673 bytes in 39 msecs (HTTP/1.1 200) 4 headers in 157 bytes (1 switches on core 0) [pid: 8|app: 0|req: 788/1530] 10.0.0.60 () {34 vars in 989 bytes} [Sun Jun 28 21:09:04 2026] GET /v2.0/ports?device_id=f81aec20-1466-4355-9ba6-1653c98c092e => generated 12 bytes in 18 msecs (HTTP/1.1 200) 4 headers in 156 bytes (1 switches on core 0)
2026-06-28 21:09:04.192 7 INFO neutron.plugins.ml2.drivers.ovn.mech_driver.mech_driver [None req-b550f67c-7f7e-4c96-b8f3-1da44e4b5beb - - - - - -] OVN reports status down for port: e18d2da8-b489-4e44-b29c-65c18deac276
2026-06-28 21:09:04.251 7 INFO neutron.db.ovn_revision_numbers_db [None req-040f8750-ef00-46f2-98a1-3c31fd74a3d1 9b0e226daf5240cd869f03dd0331a6f3 9490690c3726401495b7fe3feea0897e - - default default] Successfully bumped revision number for resource e18d2da8-b489-4e44-b29c-65c18deac276 (type: ports) to 1
2026-06-28 21:09:04.287 8 INFO neutron_taas.services.taas.taas_plugin [None req-4ae64b16-373b-4c3f-a3f0-c312fc5bbf01 7dc834a09dbe4fa2ad848afe765f1376 cdfb2176144944159ed2cff3478ae311 - - default default] TaaS: Handle Delete Port: 2f72162d-0b88-4cab-a411-0531af29eb1d
2026-06-28 21:09:04.289 8 INFO neutron_taas.services.taas.tap_mirror_plugin [None req-4ae64b16-373b-4c3f-a3f0-c312fc5bbf01 7dc834a09dbe4fa2ad848afe765f1376 cdfb2176144944159ed2cff3478ae311 - - default default] Tap Mirror: Handle Delete Port: 2f72162d-0b88-4cab-a411-0531af29eb1d [pid: 7|app: 0|req: 743/1531] 10.0.0.127 () {34 vars in 665 bytes} [Sun Jun 28 21:09:03 2026] POST /v2.0/ports => generated 965 bytes in 461 msecs (HTTP/1.1 201) 4 headers in 162 bytes (1 switches on core 0) /var/lib/openstack/lib/python3.12/site-packages/pycadf/identifier.py:70: UserWarning: Invalid uuid: neutron. To ensure interoperability, identifiers should be a valid uuid. warnings.warn(('Invalid uuid: %s. To ensure interoperability, ' [pid: 7|app: 0|req: 744/1532] 10.0.0.127 () {32 vars in 721 bytes} [Sun Jun 28 21:09:04 2026] GET /v2.0/subnets/d805c9a9-8cc6-4444-a1e8-20989644720c => generated 673 bytes in 30 msecs (HTTP/1.1 200) 4 headers in 157 bytes (1 switches on core 0) [pid: 8|app: 0|req: 789/1533] 10.0.0.127 () {32 vars in 732 bytes} [Sun Jun 28 21:09:04 2026] DELETE /v2.0/floatingips/a327224f-f240-4de2-9fe7-5dffdfb125cc => generated 0 bytes in 261 msecs (HTTP/1.1 204) 2 headers in 112 bytes (1 switches on core 0)
2026-06-28 21:09:04.445 8 INFO neutron.pecan_wsgi.hooks.translation [None req-bac58469-68d0-430f-ba6f-a5bb9e022311 2407fbda3bac45a4999e084840a28c84 163f28f3a7f34de48b0218a351f927cc - - default default] DELETE failed (client error): The resource could not be found. [pid: 8|app: 0|req: 790/1534] 10.0.0.127 () {32 vars in 724 bytes} [Sun Jun 28 21:09:04 2026] DELETE /v2.0/subnets/931c07be-9fc9-4c5d-ab00-0e1bfeb1d22e => generated 136 bytes in 24 msecs (HTTP/1.1 404) 4 headers in 164 bytes (1 switches on core 0)
2026-06-28 21:09:04.449 7 INFO neutron_taas.services.taas.taas_plugin [None req-b4b55134-aef4-4641-b5f8-047b32330bf6 9b0e226daf5240cd869f03dd0331a6f3 9490690c3726401495b7fe3feea0897e - - default default] TaaS: Handle Delete Port: e18d2da8-b489-4e44-b29c-65c18deac276
2026-06-28 21:09:04.452 7 INFO neutron_taas.services.taas.tap_mirror_plugin [None req-b4b55134-aef4-4641-b5f8-047b32330bf6 9b0e226daf5240cd869f03dd0331a6f3 9490690c3726401495b7fe3feea0897e - - default default] Tap Mirror: Handle Delete Port: e18d2da8-b489-4e44-b29c-65c18deac276
2026-06-28 21:09:04.464 8 WARNING neutron.plugins.ml2.drivers.ovn.mech_driver.ovsdb.ovn_client [None req-88dff3cb-0a11-4b59-ac90-c12169ed5267 - - - - - -] No hosting information found for port 99f05986-40fc-4a5f-9b00-7105224b6d51: RuntimeError: No hosting information found for port 99f05986-40fc-4a5f-9b00-7105224b6d51
2026-06-28 21:09:04.464 8 INFO neutron.plugins.ml2.drivers.ovn.mech_driver.mech_driver [None req-88dff3cb-0a11-4b59-ac90-c12169ed5267 - - - - - -] OVN reports status down for port: b936caff-fe06-4af9-9af2-edf0fcbb02fb [pid: 7|app: 0|req: 745/1535] 10.0.0.127 () {32 vars in 720 bytes} [Sun Jun 28 21:09:04 2026] DELETE /v2.0/ports/e18d2da8-b489-4e44-b29c-65c18deac276 => generated 0 bytes in 216 msecs (HTTP/1.1 204) 3 headers in 131 bytes (1 switches on core 0)
2026-06-28 21:09:04.558 7 INFO neutron.pecan_wsgi.hooks.translation [None req-0c95299a-d3ba-4926-be63-01e6376a1cf5 2407fbda3bac45a4999e084840a28c84 163f28f3a7f34de48b0218a351f927cc - - default default] DELETE failed (client error): The resource could not be found. [pid: 7|app: 0|req: 746/1536] 10.0.0.127 () {32 vars in 726 bytes} [Sun Jun 28 21:09:04 2026] DELETE /v2.0/networks/b71f9ae9-fa28-4f04-9374-85072efa3764 => generated 138 bytes in 11 msecs (HTTP/1.1 404) 4 headers in 164 bytes (1 switches on core 0)
2026-06-28 21:09:04.570 7 INFO neutron.pecan_wsgi.hooks.translation [None req-bf80b5e3-85ca-4a88-8d56-60dde63e3f63 9b0e226daf5240cd869f03dd0331a6f3 9490690c3726401495b7fe3feea0897e - - default default] DELETE failed (client error): The resource could not be found. [pid: 7|app: 0|req: 747/1537] 10.0.0.127 () {32 vars in 720 bytes} [Sun Jun 28 21:09:04 2026] DELETE /v2.0/ports/e18d2da8-b489-4e44-b29c-65c18deac276 => generated 132 bytes in 12 msecs (HTTP/1.1 404) 4 headers in 164 bytes (1 switches on core 0)
2026-06-28 21:09:04.589 8 WARNING neutron.plugins.ml2.drivers.ovn.mech_driver.ovsdb.ovn_client [None req-88dff3cb-0a11-4b59-ac90-c12169ed5267 - - - - - -] Logical_Switch_Port b936caff-fe06-4af9-9af2-edf0fcbb02fb host information not removed, the port state is up
2026-06-28 21:09:04.590 8 INFO neutron.plugins.ml2.drivers.ovn.mech_driver.mech_driver [None req-88dff3cb-0a11-4b59-ac90-c12169ed5267 - - - - - -] OVN reports status up for port: b936caff-fe06-4af9-9af2-edf0fcbb02fb
2026-06-28 21:09:04.607 8 INFO neutron.plugins.ml2.plugin [None req-88dff3cb-0a11-4b59-ac90-c12169ed5267 - - - - - -] Attempt 1 to provision port b936caff-fe06-4af9-9af2-edf0fcbb02fb [pid: 7|app: 0|req: 748/1538] 10.0.0.127 () {32 vars in 724 bytes} [Sun Jun 28 21:09:04 2026] DELETE /v2.0/subnets/d805c9a9-8cc6-4444-a1e8-20989644720c => generated 0 bytes in 123 msecs (HTTP/1.1 204) 3 headers in 131 bytes (1 switches on core 0)
2026-06-28 21:09:04.720 7 INFO neutron.pecan_wsgi.hooks.translation [None req-514826b9-cdfc-48a1-b311-20a50f2ae6ff 9b0e226daf5240cd869f03dd0331a6f3 9490690c3726401495b7fe3feea0897e - - default default] GET failed (client error): The resource could not be found. [pid: 7|app: 0|req: 749/1539] 10.0.0.127 () {32 vars in 717 bytes} [Sun Jun 28 21:09:04 2026] GET /v2.0/ports/e18d2da8-b489-4e44-b29c-65c18deac276 => generated 132 bytes in 26 msecs (HTTP/1.1 404) 4 headers in 164 bytes (1 switches on core 0)
2026-06-28 21:09:04.822 7 INFO neutron_taas.services.taas.taas_plugin [None req-d45ecbf9-0727-44bb-84eb-2ec4c4403b5f 2407fbda3bac45a4999e084840a28c84 163f28f3a7f34de48b0218a351f927cc - - default default] TaaS: Handle Delete Port: d3c4dd9c-1ac9-46cb-b3a6-a6338489055f
2026-06-28 21:09:04.824 7 INFO neutron_taas.services.taas.tap_mirror_plugin [None req-d45ecbf9-0727-44bb-84eb-2ec4c4403b5f 2407fbda3bac45a4999e084840a28c84 163f28f3a7f34de48b0218a351f927cc - - default default] Tap Mirror: Handle Delete Port: d3c4dd9c-1ac9-46cb-b3a6-a6338489055f
2026-06-28 21:09:04.835 8 WARNING neutron.scheduler.dhcp_agent_scheduler [None req-4322111d-7063-4495-ada5-ea6692727f8f 7dc834a09dbe4fa2ad848afe765f1376 cdfb2176144944159ed2cff3478ae311 - - default default] No more DHCP agents
2026-06-28 21:09:04.836 8 WARNING neutron.api.rpc.agentnotifiers.dhcp_rpc_agent_api [None req-4322111d-7063-4495-ada5-ea6692727f8f 7dc834a09dbe4fa2ad848afe765f1376 cdfb2176144944159ed2cff3478ae311 - - default default] Unable to schedule network 2485cc6d-d056-433e-a0c1-af86b7eee944: no agents available; will retry on subsequent port and subnet creation events.
2026-06-28 21:09:04.975 7 INFO neutron.services.segments.plugin [-] Segment 42623f42-a6f5-4d84-a82b-1ac75b2e97da resource provider aggregate not found
2026-06-28 21:09:04.980 7 INFO neutron.services.segments.plugin [-] Segment 42623f42-a6f5-4d84-a82b-1ac75b2e97da resource provider aggregate not found
2026-06-28 21:09:04.989 7 INFO neutron.services.segments.plugin [-] Segment 42623f42-a6f5-4d84-a82b-1ac75b2e97da resource provider not found; error: Placement Client Error (4xx): {"errors": [{"status": 404, "title": "Not Found", "detail": "The resource could not be found.\n\n No resource provider with uuid 42623f42-a6f5-4d84-a82b-1ac75b2e97da found for delete ", "request_id": "req-1b55444b-331b-45ef-aaec-e82b88443e41"}]}
