Jul 02 00:39:09.480988 np0000183833 devstack@neutron-api.service[102410]: DEBUG neutron.plugins.ml2.drivers.ovn.mech_driver.ovsdb.ovsdb_monitor [-] Hash Ring: Node 1aa1f6874b52577b97a151108fcedfb0 (host: np0000183833) handling event "update" for row bed0c57c-8ddf-476b-9e14-98d7de52b409 (table: Connection) {{(pid=102410) notify /opt/stack/neutron/neutron/plugins/ml2/drivers/ovn/mech_driver/ovsdb/ovsdb_monitor.py:1015}}
Jul 02 00:39:11.302168 np0000183833 devstack@neutron-api.service[102409]: DEBUG neutron.api.wsgi [None req-83bedb8a-374c-495b-a303-684afabfbc12 admin admin] Missing Content-Type {{(pid=102409) get_content_type /opt/stack/neutron/neutron/api/wsgi.py:80}}
Jul 02 00:39:11.302780 np0000183833 devstack@neutron-api.service[102409]: DEBUG neutron.api.wsgi [None req-83bedb8a-374c-495b-a303-684afabfbc12 admin admin] https://199.19.213.65/networking/v2.0/extensions returned with HTTP 200 {{(pid=102409) __call__ /opt/stack/neutron/neutron/api/wsgi.py:540}}
Jul 02 00:39:11.302904 np0000183833 devstack@neutron-api.service[102409]: [pid: 102409|app: 0|req: 2/2] 199.19.213.65 () {64 vars in 1316 bytes} [Thu Jul 2 00:39:10 2026] GET /networking/v2.0/extensions => generated 16171 bytes in 446 msecs (HTTP/1.1 200) 4 headers in 159 bytes (1 switches on core 0)
Jul 02 00:39:11.719711 np0000183833 devstack@neutron-api.service[102411]: DEBUG neutron.api.v2.base [None req-0f85d877-74ab-4d55-ab02-e135030ce512 admin admin] Request body: {'subnetpool': {'prefixes': ['10.1.0.0/20'], 'default_prefixlen': 26, 'shared': True, 'is_default': True, 'name': 'shared-default-subnetpool-v4'}} {{(pid=102411) prepare_request_body /opt/stack/neutron/neutron/api/v2/base.py:727}}
Jul 02 00:39:11.930523 np0000183833 devstack@neutron-api.service[102411]: DEBUG neutron.policy [None req-0f85d877-74ab-4d55-ab02-e135030ce512 admin admin] Loaded default policies from ['neutron'] under neutron.policies entry points {{(pid=102411) register_rules /opt/stack/neutron/neutron/policy.py:65}}
Jul 02 00:39:12.080715 np0000183833 devstack@neutron-api.service[102411]: DEBUG neutron_lib.callbacks.manager [None req-0f85d877-74ab-4d55-ab02-e135030ce512 admin admin] Publish callbacks ['neutron.objects.securitygroup.RbacNeutronDbObjectMixin.validate_rbac_policy_change-1136865332105', 'neutron.objects.address_group.RbacNeutronDbObjectMixin.validate_rbac_policy_change-1136864669653', 'neutron.objects.network.RbacNeutronDbObjectMixin.validate_rbac_policy_change-1136865325495', 'neutron.objects.qos.policy.RbacNeutronDbObjectMixin.validate_rbac_policy_change-1136865365759', 'neutron.objects.subnetpool.RbacNeutronDbObjectMixin.validate_rbac_policy_change-1136865528732', 'neutron.objects.address_scope.RbacNeutronDbObjectMixin.validate_rbac_policy_change-1136865365312', 'neutron.plugins.ml2.plugin.External_net_db_mixin._process_ext_policy_create-1005477', 'neutron.plugins.ml2.plugin.NeutronDbPluginV2.validate_network_rbac_policy_change-1014861'] for rbac-policy (None), before_create {{(pid=102411) _notify_loop /opt/stack/data/venv/lib/python3.12/site-packages/neutron_lib/callbacks/manager.py:184}}
Jul 02 00:39:12.140142 np0000183833 devstack@neutron-api.service[102411]: DEBUG neutron_lib.callbacks.manager [None req-0f85d877-74ab-4d55-ab02-e135030ce512 admin admin] Publish callbacks [] for subnetpool (None), before_response {{(pid=102411) _notify_loop /opt/stack/data/venv/lib/python3.12/site-packages/neutron_lib/callbacks/manager.py:184}}
Jul 02 00:39:12.141221 np0000183833 devstack@neutron-api.service[102411]: [pid: 102411|app: 0|req: 1/3] 199.19.213.65 () {68 vars in 1360 bytes} [Thu Jul 2 00:39:11 2026] POST /networking/v2.0/subnetpools => generated 533 bytes in 541 msecs (HTTP/1.1 201) 4 headers in 162 bytes (1 switches on core 0)
Jul 02 00:39:12.460365 np0000183833 devstack@neutron-api.service[102408]: DEBUG neutron.api.v2.base [None req-8e140d4f-f7cf-476a-abdf-9a3c8b89e56d admin admin] Request body: {'subnetpool': {'prefixes': ['fda9:f204:ef72::/56'], 'default_prefixlen': 64, 'shared': True, 'is_default': True, 'name': 'shared-default-subnetpool-v6'}} {{(pid=102408) prepare_request_body /opt/stack/neutron/neutron/api/v2/base.py:727}}
Jul 02 00:39:12.645367 np0000183833 devstack@neutron-api.service[102408]: DEBUG neutron.policy [None req-8e140d4f-f7cf-476a-abdf-9a3c8b89e56d admin admin] Loaded default policies from ['neutron'] under neutron.policies entry points {{(pid=102408) register_rules /opt/stack/neutron/neutron/policy.py:65}}
Jul 02 00:39:12.794041 np0000183833 devstack@neutron-api.service[102408]: DEBUG neutron_lib.callbacks.manager [None req-8e140d4f-f7cf-476a-abdf-9a3c8b89e56d admin admin] Publish callbacks ['neutron.objects.securitygroup.RbacNeutronDbObjectMixin.validate_rbac_policy_change-1136865415292', 'neutron.objects.address_group.RbacNeutronDbObjectMixin.validate_rbac_policy_change-1136864670960', 'neutron.objects.network.RbacNeutronDbObjectMixin.validate_rbac_policy_change-1136865319285', 'neutron.objects.qos.policy.RbacNeutronDbObjectMixin.validate_rbac_policy_change-1136865370175', 'neutron.objects.subnetpool.RbacNeutronDbObjectMixin.validate_rbac_policy_change-1136865347306', 'neutron.objects.address_scope.RbacNeutronDbObjectMixin.validate_rbac_policy_change-1136865370540', 'neutron.plugins.ml2.plugin.External_net_db_mixin._process_ext_policy_create-65139872', 'neutron.plugins.ml2.plugin.NeutronDbPluginV2.validate_network_rbac_policy_change-65138552'] for rbac-policy (None), before_create {{(pid=102408) _notify_loop /opt/stack/data/venv/lib/python3.12/site-packages/neutron_lib/callbacks/manager.py:184}}
Jul 02 00:39:12.839045 np0000183833 devstack@neutron-api.service[102408]: DEBUG neutron_lib.callbacks.manager [None req-8e140d4f-f7cf-476a-abdf-9a3c8b89e56d admin admin] Publish callbacks [] for subnetpool (None), before_response {{(pid=102408) _notify_loop /opt/stack/data/venv/lib/python3.12/site-packages/neutron_lib/callbacks/manager.py:184}}
Jul 02 00:39:12.839920 np0000183833 devstack@neutron-api.service[102408]: [pid: 102408|app: 0|req: 1/4] 199.19.213.65 () {68 vars in 1360 bytes} [Thu Jul 2 00:39:12 2026] POST /networking/v2.0/subnetpools => generated 543 bytes in 498 msecs (HTTP/1.1 201) 4 headers in 162 bytes (1 switches on core 0)
Jul 02 00:39:13.250199 np0000183833 devstack@neutron-api.service[102410]: DEBUG neutron.api.v2.base [None req-c7c13ca9-10a8-49e6-9739-36e7e1f91280 admin admin] Request body: {'network': {'admin_state_up': True, 'name': 'private'}} {{(pid=102410) prepare_request_body /opt/stack/neutron/neutron/api/v2/base.py:727}}
Jul 02 00:39:13.285961 np0000183833 devstack@neutron-api.service[102410]: DEBUG neutron.pecan_wsgi.hooks.quota_enforcement [None req-c7c13ca9-10a8-49e6-9739-36e7e1f91280 admin admin] Made reservation on behalf of db366bae03c94e2da77cc4679cc0523f for: {'network': 1} {{(pid=102410) before /opt/stack/neutron/neutron/pecan_wsgi/hooks/quota_enforcement.py:66}}
Jul 02 00:39:13.461090 np0000183833 devstack@neutron-api.service[102410]: DEBUG neutron.policy [None req-c7c13ca9-10a8-49e6-9739-36e7e1f91280 admin admin] Loaded default policies from ['neutron'] under neutron.policies entry points {{(pid=102410) register_rules /opt/stack/neutron/neutron/policy.py:65}}
Jul 02 00:39:13.564436 np0000183833 devstack@neutron-api.service[102410]: DEBUG neutron_lib.callbacks.manager [None req-c7c13ca9-10a8-49e6-9739-36e7e1f91280 admin admin] Publish callbacks ['neutron.plugins.ml2.plugin.SecurityGroupDbMixin._ensure_default_security_group_handler-905922'] for network (None), before_create {{(pid=102410) _notify_loop /opt/stack/data/venv/lib/python3.12/site-packages/neutron_lib/callbacks/manager.py:184}}
Jul 02 00:39:13.585864 np0000183833 devstack@neutron-api.service[102410]: DEBUG neutron_lib.callbacks.manager [None req-c7c13ca9-10a8-49e6-9739-36e7e1f91280 admin admin] Publish callbacks [] for security_group (None), before_create {{(pid=102410) _notify_loop /opt/stack/data/venv/lib/python3.12/site-packages/neutron_lib/callbacks/manager.py:184}}
Jul 02 00:39:13.682089 np0000183833 devstack@neutron-api.service[102410]: DEBUG neutron_lib.callbacks.manager [None req-c7c13ca9-10a8-49e6-9739-36e7e1f91280 admin admin] Publish callbacks ['neutron.plugins.ml2.drivers.ovn.mech_driver.mech_driver.OVNMechanismDriver._create_security_group_precommit-213750'] for security_group (3e871466-f82b-4236-9b2f-80a0b5b6ad7c), precommit_create {{(pid=102410) _notify_loop /opt/stack/data/venv/lib/python3.12/site-packages/neutron_lib/callbacks/manager.py:184}}
Jul 02 00:39:13.682304 np0000183833 devstack@neutron-api.service[102410]: DEBUG neutron.db.ovn_revision_numbers_db [None req-c7c13ca9-10a8-49e6-9739-36e7e1f91280 admin admin] create_initial_revision uuid=3e871466-f82b-4236-9b2f-80a0b5b6ad7c, type=security_groups, rev=-1 {{(pid=102410) create_initial_revision /opt/stack/neutron/neutron/db/ovn_revision_numbers_db.py:98}}
Jul 02 00:39:13.684550 np0000183833 devstack@neutron-api.service[102410]: DEBUG neutron.db.ovn_revision_numbers_db [None req-c7c13ca9-10a8-49e6-9739-36e7e1f91280 admin admin] create_initial_revision uuid=0046e851-928d-4513-a80b-b7edfe5d540c, type=security_group_rules, rev=-1 {{(pid=102410) create_initial_revision /opt/stack/neutron/neutron/db/ovn_revision_numbers_db.py:98}}
Jul 02 00:39:13.685592 np0000183833 devstack@neutron-api.service[102410]: DEBUG neutron.db.ovn_revision_numbers_db [None req-c7c13ca9-10a8-49e6-9739-36e7e1f91280 admin admin] create_initial_revision uuid=199a3dcb-9f74-4f5d-967c-37fd3f064cad, type=security_group_rules, rev=-1 {{(pid=102410) create_initial_revision /opt/stack/neutron/neutron/db/ovn_revision_numbers_db.py:98}}
Jul 02 00:39:13.686659 np0000183833 devstack@neutron-api.service[102410]: DEBUG neutron.db.ovn_revision_numbers_db [None req-c7c13ca9-10a8-49e6-9739-36e7e1f91280 admin admin] create_initial_revision uuid=75f2e03b-cb71-4224-b2ab-64e789960a5c, type=security_group_rules, rev=-1 {{(pid=102410) create_initial_revision /opt/stack/neutron/neutron/db/ovn_revision_numbers_db.py:98}}
Jul 02 00:39:13.687702 np0000183833 devstack@neutron-api.service[102410]: DEBUG neutron.db.ovn_revision_numbers_db [None req-c7c13ca9-10a8-49e6-9739-36e7e1f91280 admin admin] create_initial_revision uuid=b0dce5f0-4819-48a9-a097-293d86b5ab91, type=security_group_rules, rev=-1 {{(pid=102410) create_initial_revision /opt/stack/neutron/neutron/db/ovn_revision_numbers_db.py:98}}
Jul 02 00:39:13.694511 np0000183833 devstack@neutron-api.service[102410]: DEBUG neutron_lib.callbacks.manager [None req-c7c13ca9-10a8-49e6-9739-36e7e1f91280 admin admin] Publish callbacks ['neutron.plugins.ml2.drivers.ovn.mech_driver.mech_driver.OVNMechanismDriver._create_security_group-213756', 'neutron.plugins.ml2.ovo_rpc._ObjectChangeHandler.handle_event-2786271'] for security_group (3e871466-f82b-4236-9b2f-80a0b5b6ad7c), after_create {{(pid=102410) _notify_loop /opt/stack/data/venv/lib/python3.12/site-packages/neutron_lib/callbacks/manager.py:184}}
Jul 02 00:39:13.694899 np0000183833 devstack@neutron-api.service[102410]: INFO neutron.plugins.ml2.drivers.ovn.mech_driver.ovsdb.extensions.qos [None req-c7c13ca9-10a8-49e6-9739-36e7e1f91280 admin admin] Starting OVNClientQosExtension
Jul 02 00:39:13.694899 np0000183833 devstack@neutron-api.service[102410]: INFO neutron.plugins.ml2.drivers.ovn.mech_driver.ovsdb.extensions.placement [None req-c7c13ca9-10a8-49e6-9739-36e7e1f91280 admin admin] Starting OVNClientPlacementExtension
Jul 02 00:39:13.696770 np0000183833 devstack@neutron-api.service[102410]: DEBUG ovsdbapp.backend.ovs_idl.transaction [-] Running txn n=1 command(idx=0): PgAddCommand(_result=None, name=pg_3e871466_f82b_4236_9b2f_80a0b5b6ad7c, may_exist=False, columns={'acls': [], 'external_ids': {'neutron:security_group_id': '3e871466-f82b-4236-9b2f-80a0b5b6ad7c'}}) {{(pid=102410) do_commit /opt/stack/data/venv/lib/python3.12/site-packages/ovsdbapp/backend/ovs_idl/transaction.py:89}}
Jul 02 00:39:13.699069 np0000183833 devstack@neutron-api.service[102410]: DEBUG ovsdbapp.backend.ovs_idl.transaction [-] Running txn n=1 command(idx=1): PgAclAddCommand(_result=None, entity=pg_3e871466_f82b_4236_9b2f_80a0b5b6ad7c, direction=to-lport, priority=1002, match=outport == @pg_3e871466_f82b_4236_9b2f_80a0b5b6ad7c && ip4 && ip4.src == $pg_3e871466_f82b_4236_9b2f_80a0b5b6ad7c_ip4, action=allow-related, log=False, may_exist=True, severity=[], name=[], meter=[], external_ids={'neutron:security_group_rule_id': '0046e851-928d-4513-a80b-b7edfe5d540c'}) {{(pid=102410) do_commit /opt/stack/data/venv/lib/python3.12/site-packages/ovsdbapp/backend/ovs_idl/transaction.py:89}}
Jul 02 00:39:13.699863 np0000183833 devstack@neutron-api.service[102410]: DEBUG ovsdbapp.backend.ovs_idl.transaction [-] Running txn n=1 command(idx=2): PgAclAddCommand(_result=None, entity=pg_3e871466_f82b_4236_9b2f_80a0b5b6ad7c, direction=to-lport, priority=1002, match=outport == @pg_3e871466_f82b_4236_9b2f_80a0b5b6ad7c && ip6 && ip6.src == $pg_3e871466_f82b_4236_9b2f_80a0b5b6ad7c_ip6, action=allow-related, log=False, may_exist=True, severity=[], name=[], meter=[], external_ids={'neutron:security_group_rule_id': '199a3dcb-9f74-4f5d-967c-37fd3f064cad'}) {{(pid=102410) do_commit /opt/stack/data/venv/lib/python3.12/site-packages/ovsdbapp/backend/ovs_idl/transaction.py:89}}
Jul 02 00:39:13.700365 np0000183833 devstack@neutron-api.service[102410]: DEBUG ovsdbapp.backend.ovs_idl.transaction [-] Running txn n=1 command(idx=3): PgAclAddCommand(_result=None, entity=pg_3e871466_f82b_4236_9b2f_80a0b5b6ad7c, direction=from-lport, priority=1002, match=inport == @pg_3e871466_f82b_4236_9b2f_80a0b5b6ad7c && ip4, action=allow-related, log=False, may_exist=True, severity=[], name=[], meter=[], external_ids={'neutron:security_group_rule_id': '75f2e03b-cb71-4224-b2ab-64e789960a5c'}) {{(pid=102410) do_commit /opt/stack/data/venv/lib/python3.12/site-packages/ovsdbapp/backend/ovs_idl/transaction.py:89}}
Jul 02 00:39:13.700834 np0000183833 devstack@neutron-api.service[102410]: DEBUG ovsdbapp.backend.ovs_idl.transaction [-] Running txn n=1 command(idx=4): PgAclAddCommand(_result=None, entity=pg_3e871466_f82b_4236_9b2f_80a0b5b6ad7c, direction=from-lport, priority=1002, match=inport == @pg_3e871466_f82b_4236_9b2f_80a0b5b6ad7c && ip6, action=allow-related, log=False, may_exist=True, severity=[], name=[], meter=[], external_ids={'neutron:security_group_rule_id': 'b0dce5f0-4819-48a9-a097-293d86b5ab91'}) {{(pid=102410) do_commit /opt/stack/data/venv/lib/python3.12/site-packages/ovsdbapp/backend/ovs_idl/transaction.py:89}}
Jul 02 00:39:13.708334 np0000183833 devstack@neutron-api.service[102410]: DEBUG neutron.plugins.ml2.drivers.ovn.mech_driver.ovsdb.ovsdb_monitor [-] Hash Ring: Node 1aa1f6874b52577b97a151108fcedfb0 (host: np0000183833) handling event "create" for row bc5afd87-22e2-41a5-a915-e3181a26692e (table: ACL) {{(pid=102410) notify /opt/stack/neutron/neutron/plugins/ml2/drivers/ovn/mech_driver/ovsdb/ovsdb_monitor.py:1015}}
Jul 02 00:39:13.708334 np0000183833 devstack@neutron-api.service[102410]: DEBUG neutron.plugins.ml2.drivers.ovn.mech_driver.ovsdb.ovsdb_monitor [-] Hash Ring: Node 1aa1f6874b52577b97a151108fcedfb0 (host: np0000183833) handling event "create" for row 6dfcaab3-25c7-435c-afd6-32070e197be4 (table: Port_Group) {{(pid=102410) notify /opt/stack/neutron/neutron/plugins/ml2/drivers/ovn/mech_driver/ovsdb/ovsdb_monitor.py:1015}}
Jul 02 00:39:13.709386 np0000183833 devstack@neutron-api.service[102409]: DEBUG neutron.plugins.ml2.drivers.ovn.mech_driver.ovsdb.ovsdb_monitor [-] Hash Ring: Node 661a9e26571958d6b97c39dacd305f8e (host: np0000183833) handling event "create" for row 136f1682-5078-4bcd-b081-f37bdd8ada36 (table: ACL) {{(pid=102409) notify /opt/stack/neutron/neutron/plugins/ml2/drivers/ovn/mech_driver/ovsdb/ovsdb_monitor.py:1015}}
Jul 02 00:39:13.710200 np0000183833 devstack@neutron-api.service[102409]: DEBUG neutron.plugins.ml2.drivers.ovn.mech_driver.ovsdb.ovsdb_monitor [-] Hash Ring: Node 661a9e26571958d6b97c39dacd305f8e (host: np0000183833) handling event "create" for row 5c1e09c5-bd5c-412e-8e17-4f59726f7e52 (table: ACL) {{(pid=102409) notify /opt/stack/neutron/neutron/plugins/ml2/drivers/ovn/mech_driver/ovsdb/ovsdb_monitor.py:1015}}
Jul 02 00:39:13.710200 np0000183833 devstack@neutron-api.service[102409]: DEBUG neutron.plugins.ml2.drivers.ovn.mech_driver.ovsdb.ovsdb_monitor [-] Hash Ring: Node 661a9e26571958d6b97c39dacd305f8e (host: np0000183833) handling event "create" for row b88c5f4a-d7d3-4341-8c5f-2144f80778a7 (table: ACL) {{(pid=102409) notify /opt/stack/neutron/neutron/plugins/ml2/drivers/ovn/mech_driver/ovsdb/ovsdb_monitor.py:1015}}
Jul 02 00:39:13.710200 np0000183833 devstack@neutron-api.service[102409]: DEBUG neutron.plugins.ml2.drivers.ovn.mech_driver.ovsdb.ovsdb_monitor [-] Hash Ring: Node 661a9e26571958d6b97c39dacd305f8e (host: np0000183833) handling event "create" for row bc5afd87-22e2-41a5-a915-e3181a26692e (table: ACL) {{(pid=102409) notify /opt/stack/neutron/neutron/plugins/ml2/drivers/ovn/mech_driver/ovsdb/ovsdb_monitor.py:1015}}
Jul 02 00:39:13.710783 np0000183833 devstack@neutron-api.service[102409]: DEBUG neutron.plugins.ml2.drivers.ovn.mech_driver.ovsdb.ovsdb_monitor [-] Hash Ring: Node 661a9e26571958d6b97c39dacd305f8e (host: np0000183833) handling event "create" for row 6dfcaab3-25c7-435c-afd6-32070e197be4 (table: Port_Group) {{(pid=102409) notify /opt/stack/neutron/neutron/plugins/ml2/drivers/ovn/mech_driver/ovsdb/ovsdb_monitor.py:1015}}
Jul 02 00:39:13.711964 np0000183833 devstack@neutron-api.service[102408]: DEBUG neutron.plugins.ml2.drivers.ovn.mech_driver.ovsdb.ovsdb_monitor [-] Hash Ring: Node 697d47bb21185d49a59b612601e16670 (host: np0000183833) handling event "create" for row 136f1682-5078-4bcd-b081-f37bdd8ada36 (table: ACL) {{(pid=102408) notify /opt/stack/neutron/neutron/plugins/ml2/drivers/ovn/mech_driver/ovsdb/ovsdb_monitor.py:1015}}
Jul 02 00:39:13.711964 np0000183833 devstack@neutron-api.service[102408]: DEBUG neutron.plugins.ml2.drivers.ovn.mech_driver.ovsdb.ovsdb_monitor [-] Hash Ring: Node 697d47bb21185d49a59b612601e16670 (host: np0000183833) handling event "create" for row 5c1e09c5-bd5c-412e-8e17-4f59726f7e52 (table: ACL) {{(pid=102408) notify /opt/stack/neutron/neutron/plugins/ml2/drivers/ovn/mech_driver/ovsdb/ovsdb_monitor.py:1015}}
Jul 02 00:39:13.713791 np0000183833 devstack@neutron-api.service[102408]: DEBUG neutron.plugins.ml2.drivers.ovn.mech_driver.ovsdb.ovsdb_monitor [-] Hash Ring: Node 697d47bb21185d49a59b612601e16670 (host: np0000183833) handling event "create" for row b88c5f4a-d7d3-4341-8c5f-2144f80778a7 (table: ACL) {{(pid=102408) notify /opt/stack/neutron/neutron/plugins/ml2/drivers/ovn/mech_driver/ovsdb/ovsdb_monitor.py:1015}}
Jul 02 00:39:13.738546 np0000183833 devstack@neutron-api.service[102410]: INFO neutron.db.ovn_revision_numbers_db [None req-c7c13ca9-10a8-49e6-9739-36e7e1f91280 admin admin] Successfully bumped revision number for resource 3e871466-f82b-4236-9b2f-80a0b5b6ad7c (type: security_groups) to 1
Jul 02 00:39:13.754206 np0000183833 devstack@neutron-api.service[102410]: INFO neutron.db.ovn_revision_numbers_db [None req-c7c13ca9-10a8-49e6-9739-36e7e1f91280 admin admin] Successfully bumped revision number for resource 0046e851-928d-4513-a80b-b7edfe5d540c (type: security_group_rules) to 0
Jul 02 00:39:13.765187 np0000183833 devstack@neutron-api.service[102410]: INFO neutron.db.ovn_revision_numbers_db [None req-c7c13ca9-10a8-49e6-9739-36e7e1f91280 admin admin] Successfully bumped revision number for resource 199a3dcb-9f74-4f5d-967c-37fd3f064cad (type: security_group_rules) to 0
Jul 02 00:39:13.774778 np0000183833 devstack@neutron-api.service[102410]: INFO neutron.db.ovn_revision_numbers_db [None req-c7c13ca9-10a8-49e6-9739-36e7e1f91280 admin admin] Successfully bumped revision number for resource 75f2e03b-cb71-4224-b2ab-64e789960a5c (type: security_group_rules) to 0
Jul 02 00:39:13.786783 np0000183833 devstack@neutron-api.service[102410]: INFO neutron.db.ovn_revision_numbers_db [None req-c7c13ca9-10a8-49e6-9739-36e7e1f91280 admin admin] Successfully bumped revision number for resource b0dce5f0-4819-48a9-a097-293d86b5ab91 (type: security_group_rules) to 0
Jul 02 00:39:13.808497 np0000183833 devstack@neutron-api.service[102410]: DEBUG neutron.api.rpc.handlers.resources_rpc [None req-c7c13ca9-10a8-49e6-9739-36e7e1f91280 admin admin] Pushing event updated for resources: {'SecurityGroup': ['ID=3e871466-f82b-4236-9b2f-80a0b5b6ad7c,revision_number=1']} {{(pid=102410) push /opt/stack/neutron/neutron/api/rpc/handlers/resources_rpc.py:237}}
Jul 02 00:39:13.815242 np0000183833 devstack@neutron-api.service[102410]: DEBUG ovsdbapp.backend.ovs_idl.transaction [-] Running txn n=1 command(idx=0): CheckLivenessCommand(_result=None) {{(pid=102410) do_commit /opt/stack/data/venv/lib/python3.12/site-packages/ovsdbapp/backend/ovs_idl/transaction.py:89}}
Jul 02 00:39:13.818464 np0000183833 devstack@neutron-api.service[102409]: DEBUG neutron.plugins.ml2.drivers.ovn.mech_driver.ovsdb.ovsdb_monitor [-] Hash Ring: Node 661a9e26571958d6b97c39dacd305f8e (host: np0000183833) handling event "update" for row 1020e885-43c8-4ddb-8203-3da2990c18cc (table: NB_Global) {{(pid=102409) notify /opt/stack/neutron/neutron/plugins/ml2/drivers/ovn/mech_driver/ovsdb/ovsdb_monitor.py:1015}}
Jul 02 00:39:13.822465 np0000183833 devstack@neutron-api.service[102408]: DEBUG neutron.plugins.ml2.drivers.ovn.mech_driver.ovsdb.ovsdb_monitor [-] ChassisAgentWriteEvent : Matched Chassis_Private, update, None None {{(pid=102408) matches /opt/stack/neutron/neutron/plugins/ml2/drivers/ovn/mech_driver/ovsdb/ovsdb_monitor.py:64}}
Jul 02 00:39:13.824811 np0000183833 devstack@neutron-api.service[102409]: DEBUG neutron.plugins.ml2.drivers.ovn.mech_driver.ovsdb.ovsdb_monitor [-] ChassisAgentWriteEvent : Matched Chassis_Private, update, None None {{(pid=102409) matches /opt/stack/neutron/neutron/plugins/ml2/drivers/ovn/mech_driver/ovsdb/ovsdb_monitor.py:64}}
Jul 02 00:39:13.825547 np0000183833 devstack@neutron-api.service[102408]: DEBUG neutron.plugins.ml2.drivers.ovn.mech_driver.ovsdb.ovsdb_monitor [-] Hash Ring: Node 697d47bb21185d49a59b612601e16670 (host: np0000183833) handling event "update" for row 1020e885-43c8-4ddb-8203-3da2990c18cc (table: NB_Global) {{(pid=102408) notify /opt/stack/neutron/neutron/plugins/ml2/drivers/ovn/mech_driver/ovsdb/ovsdb_monitor.py:1015}}
Jul 02 00:39:13.827051 np0000183833 devstack@neutron-api.service[102408]: DEBUG neutron.plugins.ml2.drivers.ovn.mech_driver.ovsdb.ovsdb_monitor [-] Hash Ring: Node 697d47bb21185d49a59b612601e16670 (host: np0000183833) handling event "update" for row 1020e885-43c8-4ddb-8203-3da2990c18cc (table: NB_Global) {{(pid=102408) notify /opt/stack/neutron/neutron/plugins/ml2/drivers/ovn/mech_driver/ovsdb/ovsdb_monitor.py:1015}}
Jul 02 00:39:13.829926 np0000183833 devstack@neutron-api.service[102411]: DEBUG neutron.plugins.ml2.drivers.ovn.mech_driver.ovsdb.ovsdb_monitor [-] ChassisAgentWriteEvent : Matched Chassis_Private, update, None None {{(pid=102411) matches /opt/stack/neutron/neutron/plugins/ml2/drivers/ovn/mech_driver/ovsdb/ovsdb_monitor.py:64}}
Jul 02 00:39:13.830286 np0000183833 devstack@neutron-api.service[102410]: DEBUG neutron.plugins.ml2.drivers.ovn.mech_driver.ovsdb.ovsdb_monitor [-] ChassisAgentWriteEvent : Matched Chassis_Private, update, None None {{(pid=102410) matches /opt/stack/neutron/neutron/plugins/ml2/drivers/ovn/mech_driver/ovsdb/ovsdb_monitor.py:64}}
Jul 02 00:39:13.830848 np0000183833 devstack@neutron-api.service[102408]: DEBUG neutron.plugins.ml2.drivers.ovn.mech_driver.ovsdb.ovsdb_monitor [-] Hash Ring: Node 697d47bb21185d49a59b612601e16670 (host: np0000183833) handling event "update" for row 1020e885-43c8-4ddb-8203-3da2990c18cc (table: NB_Global) {{(pid=102408) notify /opt/stack/neutron/neutron/plugins/ml2/drivers/ovn/mech_driver/ovsdb/ovsdb_monitor.py:1015}}
Jul 02 00:39:13.830848 np0000183833 devstack@neutron-api.service[102408]: DEBUG neutron.plugins.ml2.drivers.ovn.mech_driver.ovsdb.ovsdb_monitor [-] Hash Ring: Node 697d47bb21185d49a59b612601e16670 (host: np0000183833) handling event "update" for row 1020e885-43c8-4ddb-8203-3da2990c18cc (table: NB_Global) {{(pid=102408) notify /opt/stack/neutron/neutron/plugins/ml2/drivers/ovn/mech_driver/ovsdb/ovsdb_monitor.py:1015}}
Jul 02 00:39:13.831011 np0000183833 devstack@neutron-api.service[102409]: DEBUG neutron.plugins.ml2.drivers.ovn.mech_driver.ovsdb.ovsdb_monitor [-] Hash Ring: Node 661a9e26571958d6b97c39dacd305f8e (host: np0000183833) handling event "update" for row 1020e885-43c8-4ddb-8203-3da2990c18cc (table: NB_Global) {{(pid=102409) notify /opt/stack/neutron/neutron/plugins/ml2/drivers/ovn/mech_driver/ovsdb/ovsdb_monitor.py:1015}}
Jul 02 00:39:13.831011 np0000183833 devstack@neutron-api.service[102409]: DEBUG neutron.plugins.ml2.drivers.ovn.mech_driver.ovsdb.ovsdb_monitor [-] Hash Ring: Node 661a9e26571958d6b97c39dacd305f8e (host: np0000183833) handling event "update" for row 1020e885-43c8-4ddb-8203-3da2990c18cc (table: NB_Global) {{(pid=102409) notify /opt/stack/neutron/neutron/plugins/ml2/drivers/ovn/mech_driver/ovsdb/ovsdb_monitor.py:1015}}
Jul 02 00:39:13.832051 np0000183833 devstack@neutron-api.service[102409]: DEBUG neutron.plugins.ml2.drivers.ovn.mech_driver.ovsdb.ovsdb_monitor [-] Hash Ring: Node 661a9e26571958d6b97c39dacd305f8e (host: np0000183833) handling event "update" for row 1020e885-43c8-4ddb-8203-3da2990c18cc (table: NB_Global) {{(pid=102409) notify /opt/stack/neutron/neutron/plugins/ml2/drivers/ovn/mech_driver/ovsdb/ovsdb_monitor.py:1015}}
Jul 02 00:39:13.833286 np0000183833 devstack@neutron-api.service[102409]: DEBUG neutron.common.ovn.hash_ring_manager [-] Allow caching, nodes 4>=4 {{(pid=102409) _wait_startup_before_caching /opt/stack/neutron/neutron/common/ovn/hash_ring_manager.py:71}}
Jul 02 00:39:13.833421 np0000183833 devstack@neutron-api.service[102409]: DEBUG neutron.plugins.ml2.drivers.ovn.mech_driver.ovsdb.ovsdb_monitor [-] Hash Ring: Node 661a9e26571958d6b97c39dacd305f8e (host: np0000183833) handling event "update" for row 1edfbc56-b4a6-4dda-8eb4-cb14e92d6afa (table: Chassis_Private) {{(pid=102409) notify /opt/stack/neutron/neutron/plugins/ml2/drivers/ovn/mech_driver/ovsdb/ovsdb_monitor.py:1015}}
Jul 02 00:39:13.834929 np0000183833 devstack@neutron-api.service[102409]: DEBUG neutron.plugins.ml2.drivers.ovn.mech_driver.ovsdb.ovsdb_monitor [-] ChassisOVNAgentWriteEvent : Matched Chassis_Private, update, None None {{(pid=102409) matches /opt/stack/neutron/neutron/plugins/ml2/drivers/ovn/mech_driver/ovsdb/ovsdb_monitor.py:64}}
Jul 02 00:39:13.835729 np0000183833 devstack@neutron-api.service[102409]: DEBUG neutron.plugins.ml2.drivers.ovn.mech_driver.ovsdb.ovsdb_monitor [-] Hash Ring: Node 661a9e26571958d6b97c39dacd305f8e (host: np0000183833) handling event "update" for row 1edfbc56-b4a6-4dda-8eb4-cb14e92d6afa (table: Chassis_Private) {{(pid=102409) notify /opt/stack/neutron/neutron/plugins/ml2/drivers/ovn/mech_driver/ovsdb/ovsdb_monitor.py:1015}}
Jul 02 00:39:13.837215 np0000183833 devstack@neutron-api.service[102410]: DEBUG neutron.api.rpc.callbacks.version_manager [None req-c7c13ca9-10a8-49e6-9739-36e7e1f91280 admin admin] Tracked resource versions report:
Jul 02 00:39:13.837215 np0000183833 devstack@neutron-api.service[102410]: pushed versions:
Jul 02 00:39:13.837215 np0000183833 devstack@neutron-api.service[102410]: { 'AddressGroup': {'1.2'},
Jul 02 00:39:13.837215 np0000183833 devstack@neutron-api.service[102410]: 'Agent': {'1.1'},
Jul 02 00:39:13.837215 np0000183833 devstack@neutron-api.service[102410]: 'ConntrackHelper': {'1.0'},
Jul 02 00:39:13.837215 np0000183833 devstack@neutron-api.service[102410]: 'LocalIPAssociation': {'1.0'},
Jul 02 00:39:13.837215 np0000183833 devstack@neutron-api.service[102410]: 'Log': {'1.0'},
Jul 02 00:39:13.837215 np0000183833 devstack@neutron-api.service[102410]: 'NDPProxy': {'1.0'},
Jul 02 00:39:13.837215 np0000183833 devstack@neutron-api.service[102410]: 'Network': {'1.3'},
Jul 02 00:39:13.837215 np0000183833 devstack@neutron-api.service[102410]: 'Port': {'1.11'},
Jul 02 00:39:13.837215 np0000183833 devstack@neutron-api.service[102410]: 'PortForwarding': {'1.3'},
Jul 02 00:39:13.837215 np0000183833 devstack@neutron-api.service[102410]: 'QosPolicy': {'1.10'},
Jul 02 00:39:13.837215 np0000183833 devstack@neutron-api.service[102410]: 'SecurityGroup': {'1.6'},
Jul 02 00:39:13.837215 np0000183833 devstack@neutron-api.service[102410]: 'SecurityGroupRule': {'1.3'},
Jul 02 00:39:13.837215 np0000183833 devstack@neutron-api.service[102410]: 'SubPort': {'1.0'},
Jul 02 00:39:13.837215 np0000183833 devstack@neutron-api.service[102410]: 'Subnet': {'1.2'},
Jul 02 00:39:13.837215 np0000183833 devstack@neutron-api.service[102410]: 'Trunk': {'1.1'}}
Jul 02 00:39:13.837215 np0000183833 devstack@neutron-api.service[102410]: consumer versions:
Jul 02 00:39:13.837215 np0000183833 devstack@neutron-api.service[102410]: {OVN Controller Gateway agent@np0000183833: {}}
Jul 02 00:39:13.837215 np0000183833 devstack@neutron-api.service[102410]: {{(pid=102410) report /opt/stack/neutron/neutron/api/rpc/callbacks/version_manager.py:183}}
Jul 02 00:39:13.837995 np0000183833 devstack@neutron-api.service[102408]: DEBUG neutron.plugins.ml2.drivers.ovn.mech_driver.ovsdb.ovsdb_monitor [-] ChassisOVNAgentWriteEvent : Matched Chassis_Private, update, None None {{(pid=102408) matches /opt/stack/neutron/neutron/plugins/ml2/drivers/ovn/mech_driver/ovsdb/ovsdb_monitor.py:64}}
Jul 02 00:39:13.838313 np0000183833 devstack@neutron-api.service[102411]: DEBUG neutron.plugins.ml2.drivers.ovn.mech_driver.ovsdb.ovsdb_monitor [-] ChassisOVNAgentWriteEvent : Matched Chassis_Private, update, None None {{(pid=102411) matches /opt/stack/neutron/neutron/plugins/ml2/drivers/ovn/mech_driver/ovsdb/ovsdb_monitor.py:64}}
Jul 02 00:39:13.841880 np0000183833 devstack@neutron-api.service[102410]: DEBUG neutron.plugins.ml2.drivers.ovn.mech_driver.ovsdb.ovsdb_monitor [-] ChassisOVNAgentWriteEvent : Matched Chassis_Private, update, None None {{(pid=102410) matches /opt/stack/neutron/neutron/plugins/ml2/drivers/ovn/mech_driver/ovsdb/ovsdb_monitor.py:64}}
Jul 02 00:39:13.902779 np0000183833 devstack@neutron-api.service[102410]: DEBUG neutron.plugins.ml2.drivers.helpers [None req-c7c13ca9-10a8-49e6-9739-36e7e1f91280 admin admin] geneve segment allocate from pool success with {'geneve_vni': 60716} {{(pid=102410) allocate_partially_specified_segment /opt/stack/neutron/neutron/plugins/ml2/drivers/helpers.py:142}}
Jul 02 00:39:13.914952 np0000183833 devstack@neutron-api.service[102410]: DEBUG neutron_lib.callbacks.manager [None req-c7c13ca9-10a8-49e6-9739-36e7e1f91280 admin admin] Publish callbacks ['neutron.services.segments.db._add_segment_host_mapping_for_segment-8093965919606', 'neutron.plugins.ml2.plugin.Ml2Plugin._handle_segment_change-641106'] for segment (4aa8bf39-92db-4ef3-9f5c-85b727a0a4db), precommit_create {{(pid=102410) _notify_loop /opt/stack/data/venv/lib/python3.12/site-packages/neutron_lib/callbacks/manager.py:184}}
Jul 02 00:39:13.915158 np0000183833 devstack@neutron-api.service[102410]: INFO neutron.db.segments_db [None req-c7c13ca9-10a8-49e6-9739-36e7e1f91280 admin admin] Added segment 4aa8bf39-92db-4ef3-9f5c-85b727a0a4db of type geneve for network 4a030f29-10e1-48a5-9d8d-c884b7ba46bf
Jul 02 00:39:13.965053 np0000183833 devstack@neutron-api.service[102410]: DEBUG neutron_lib.callbacks.manager [None req-c7c13ca9-10a8-49e6-9739-36e7e1f91280 admin admin] Publish callbacks ['neutron.services.auto_allocate.db._ensure_external_network_default_value_callback-8093964696660'] for network (4a030f29-10e1-48a5-9d8d-c884b7ba46bf), precommit_create {{(pid=102410) _notify_loop /opt/stack/data/venv/lib/python3.12/site-packages/neutron_lib/callbacks/manager.py:184}}
Jul 02 00:39:13.980804 np0000183833 devstack@neutron-api.service[102410]: DEBUG neutron.plugins.ml2.drivers.ovn.mech_driver.mech_driver [None req-c7c13ca9-10a8-49e6-9739-36e7e1f91280 admin admin] Validating network segment with type geneve, segmentation ID 60716, physical network None {{(pid=102410) _validate_network_segments /opt/stack/neutron/neutron/plugins/ml2/drivers/ovn/mech_driver/mech_driver.py:646}}
Jul 02 00:39:13.980959 np0000183833 devstack@neutron-api.service[102410]: DEBUG neutron.db.ovn_revision_numbers_db [None req-c7c13ca9-10a8-49e6-9739-36e7e1f91280 admin admin] create_initial_revision uuid=4a030f29-10e1-48a5-9d8d-c884b7ba46bf, type=networks, rev=-1 {{(pid=102410) create_initial_revision /opt/stack/neutron/neutron/db/ovn_revision_numbers_db.py:98}}
Jul 02 00:39:14.005003 np0000183833 devstack@neutron-api.service[102410]: DEBUG neutron_lib.callbacks.manager [None req-c7c13ca9-10a8-49e6-9739-36e7e1f91280 admin admin] Publish callbacks ['neutron.plugins.ml2.ovo_rpc._ObjectChangeHandler.handle_event-2786283'] for network (4a030f29-10e1-48a5-9d8d-c884b7ba46bf), after_create {{(pid=102410) _notify_loop /opt/stack/data/venv/lib/python3.12/site-packages/neutron_lib/callbacks/manager.py:184}}
Jul 02 00:39:14.054517 np0000183833 devstack@neutron-api.service[102410]: DEBUG neutron.api.rpc.handlers.resources_rpc [None req-c7c13ca9-10a8-49e6-9739-36e7e1f91280 admin admin] Pushing event updated for resources: {'Network': ['ID=4a030f29-10e1-48a5-9d8d-c884b7ba46bf,revision_number=1']} {{(pid=102410) push /opt/stack/neutron/neutron/api/rpc/handlers/resources_rpc.py:237}}
Jul 02 00:39:14.062789 np0000183833 devstack@neutron-api.service[102410]: DEBUG ovsdbapp.backend.ovs_idl.transaction [-] Running txn n=1 command(idx=0): AddNetworkCommand(_result=None, network_uuid=4a030f29-10e1-48a5-9d8d-c884b7ba46bf, may_exist=True, columns={'external_ids': {'neutron:network_name': 'private', 'neutron:mtu': '1372', 'neutron:revision_number': '1', 'neutron:availability_zone_hints': '', 'neutron:provnet-network-type': 'geneve'}, 'other_config': {'mcast_snoop': 'false', 'mcast_flood_unregistered': 'false', 'vlan-passthru': 'false'}}) {{(pid=102410) do_commit /opt/stack/data/venv/lib/python3.12/site-packages/ovsdbapp/backend/ovs_idl/transaction.py:89}}
Jul 02 00:39:14.063441 np0000183833 devstack@neutron-api.service[102410]: DEBUG neutron.common.ovn.utils [-] OVS persist_uuid supported=True {{(pid=102410) ovs_persist_uuid_supported /opt/stack/neutron/neutron/common/ovn/utils.py:1562}}
Jul 02 00:39:14.103133 np0000183833 devstack@neutron-api.service[102409]: DEBUG neutron.plugins.ml2.drivers.ovn.mech_driver.ovsdb.ovsdb_monitor [-] Hash Ring: Node 661a9e26571958d6b97c39dacd305f8e (host: np0000183833) handling event "create" for row 4a030f29-10e1-48a5-9d8d-c884b7ba46bf (table: Logical_Switch) {{(pid=102409) notify /opt/stack/neutron/neutron/plugins/ml2/drivers/ovn/mech_driver/ovsdb/ovsdb_monitor.py:1015}}
Jul 02 00:39:14.110400 np0000183833 devstack@neutron-api.service[102409]: DEBUG neutron.plugins.ml2.drivers.ovn.mech_driver.ovsdb.ovsdb_monitor [-] Hash Ring: Node 661a9e26571958d6b97c39dacd305f8e (host: np0000183833) handling event "create" for row d17a58e8-fb85-4d38-86f8-07ee65861efc (table: Datapath_Binding) {{(pid=102409) notify /opt/stack/neutron/neutron/plugins/ml2/drivers/ovn/mech_driver/ovsdb/ovsdb_monitor.py:1015}}
Jul 02 00:39:14.111549 np0000183833 devstack@neutron-api.service[102411]: DEBUG neutron.plugins.ml2.drivers.ovn.mech_driver.ovsdb.ovsdb_monitor [-] Hash Ring: Node ba2ad5de847d587aabc1862c36dd4165 (host: np0000183833) handling event "create" for row d17a58e8-fb85-4d38-86f8-07ee65861efc (table: Datapath_Binding) {{(pid=102411) notify /opt/stack/neutron/neutron/plugins/ml2/drivers/ovn/mech_driver/ovsdb/ovsdb_monitor.py:1015}}
Jul 02 00:39:14.144144 np0000183833 devstack@neutron-api.service[102410]: INFO neutron.db.ovn_revision_numbers_db [None req-c7c13ca9-10a8-49e6-9739-36e7e1f91280 admin admin] Successfully bumped revision number for resource 4a030f29-10e1-48a5-9d8d-c884b7ba46bf (type: networks) to 1
Jul 02 00:39:14.208642 np0000183833 devstack@neutron-api.service[102410]: DEBUG neutron_lib.callbacks.manager [None req-c7c13ca9-10a8-49e6-9739-36e7e1f91280 admin admin] Publish callbacks ['neutron.plugins.ml2.plugin.SecurityGroupDbMixin._ensure_default_security_group_handler-905922'] for port (None), before_create {{(pid=102410) _notify_loop /opt/stack/data/venv/lib/python3.12/site-packages/neutron_lib/callbacks/manager.py:184}}
Jul 02 00:39:14.532557 np0000183833 devstack@neutron-api.service[102410]: DEBUG neutron_lib.callbacks.manager [None req-c7c13ca9-10a8-49e6-9739-36e7e1f91280 admin admin] Publish callbacks ['neutron.plugins.ml2.drivers.ovn.mech_driver.mech_driver.OVNMechanismDriver._validate_allowed_address_pairs-220522'] for allowed_address_pair (7b5bb930-9bb8-4b49-a098-2756266908e8), before_create {{(pid=102410) _notify_loop /opt/stack/data/venv/lib/python3.12/site-packages/neutron_lib/callbacks/manager.py:184}}
Jul 02 00:39:14.533399 np0000183833 devstack@neutron-api.service[102410]: DEBUG neutron_lib.callbacks.manager [None req-c7c13ca9-10a8-49e6-9739-36e7e1f91280 admin admin] Publish callbacks [] for port (7b5bb930-9bb8-4b49-a098-2756266908e8), precommit_create {{(pid=102410) _notify_loop /opt/stack/data/venv/lib/python3.12/site-packages/neutron_lib/callbacks/manager.py:184}}
Jul 02 00:39:14.533399 np0000183833 devstack@neutron-api.service[102410]: DEBUG neutron.plugins.ml2.drivers.ovn.mech_driver.mech_driver [None req-c7c13ca9-10a8-49e6-9739-36e7e1f91280 admin admin] No provisioning block for port 7b5bb930-9bb8-4b49-a098-2756266908e8 since it does not have a host {{(pid=102410) _is_port_provisioning_required /opt/stack/neutron/neutron/plugins/ml2/drivers/ovn/mech_driver/mech_driver.py:899}}
Jul 02 00:39:14.533399 np0000183833 devstack@neutron-api.service[102410]: DEBUG neutron.db.ovn_revision_numbers_db [None req-c7c13ca9-10a8-49e6-9739-36e7e1f91280 admin admin] create_initial_revision uuid=7b5bb930-9bb8-4b49-a098-2756266908e8, type=ports, rev=-1 {{(pid=102410) create_initial_revision /opt/stack/neutron/neutron/db/ovn_revision_numbers_db.py:98}}
Jul 02 00:39:14.588509 np0000183833 devstack@neutron-api.service[102410]: DEBUG neutron_lib.callbacks.manager [None req-c7c13ca9-10a8-49e6-9739-36e7e1f91280 admin admin] Publish callbacks ['neutron.plugins.ml2.ovo_rpc._ObjectChangeHandler.handle_event-2786295'] for port (7b5bb930-9bb8-4b49-a098-2756266908e8), after_create {{(pid=102410) _notify_loop /opt/stack/data/venv/lib/python3.12/site-packages/neutron_lib/callbacks/manager.py:184}}
Jul 02 00:39:14.641647 np0000183833 devstack@neutron-api.service[102410]: DEBUG neutron.api.rpc.handlers.resources_rpc [None req-c7c13ca9-10a8-49e6-9739-36e7e1f91280 admin admin] Pushing event updated for resources: {'Port': ['ID=7b5bb930-9bb8-4b49-a098-2756266908e8,revision_number=1']} {{(pid=102410) push /opt/stack/neutron/neutron/api/rpc/handlers/resources_rpc.py:237}}
Jul 02 00:39:14.677399 np0000183833 devstack@neutron-api.service[102410]: DEBUG neutron.plugins.ml2.drivers.ovn.mech_driver.ovsdb.commands [None req-c7c13ca9-10a8-49e6-9739-36e7e1f91280 admin admin] Converting tag [] to a tag_request {{(pid=102410) _tag_column_to_tag_request /opt/stack/neutron/neutron/plugins/ml2/drivers/ovn/mech_driver/ovsdb/commands.py:205}}
Jul 02 00:39:14.678495 np0000183833 devstack@neutron-api.service[102410]: DEBUG ovsdbapp.backend.ovs_idl.transaction [-] Running txn n=1 command(idx=0): AddLSwitchPortCommand(_result=None, lport=7b5bb930-9bb8-4b49-a098-2756266908e8, lswitch=neutron-4a030f29-10e1-48a5-9d8d-c884b7ba46bf, may_exist=True, network_uuid=4a030f29-10e1-48a5-9d8d-c884b7ba46bf, columns={'addresses': ['fa:16:3e:47:88:84'], 'external_ids': {'neutron:port_name': '', 'neutron:device_id': 'ovnmeta-4a030f29-10e1-48a5-9d8d-c884b7ba46bf', 'neutron:project_id': 'db366bae03c94e2da77cc4679cc0523f', 'neutron:cidrs': '', 'neutron:device_owner': 'network:distributed', 'neutron:subnet_pool_addr_scope4': '', 'neutron:subnet_pool_addr_scope6': '', 'neutron:network_name': 'neutron-4a030f29-10e1-48a5-9d8d-c884b7ba46bf', 'neutron:security_group_ids': '', 'neutron:revision_number': '1', 'neutron:vnic_type': 'normal', 'neutron:port_capabilities': '', 'neutron:mtu': '1372'}, 'parent_name': [], 'enabled': True, 'options': {}, 'type': 'localport', 'port_security': [], 'dhcpv4_options': [], 'dhcpv6_options': [], 'tag_request': []}) {{(pid=102410) do_commit /opt/stack/data/venv/lib/python3.12/site-packages/ovsdbapp/backend/ovs_idl/transaction.py:89}}
Jul 02 00:39:14.679460 np0000183833 devstack@neutron-api.service[102410]: DEBUG ovsdbapp.backend.ovs_idl.transaction [-] Running txn n=1 command(idx=1): QoSDelCommand(_result=None, switch=neutron-4a030f29-10e1-48a5-9d8d-c884b7ba46bf, conditions=[('direction', '=', 'to-lport'), ('priority', '=', 2002), ('match', '=', 'outport == "7b5bb930-9bb8-4b49-a098-2756266908e8"')], if_exists=True) {{(pid=102410) do_commit /opt/stack/data/venv/lib/python3.12/site-packages/ovsdbapp/backend/ovs_idl/transaction.py:89}}
Jul 02 00:39:14.679802 np0000183833 devstack@neutron-api.service[102410]: DEBUG ovsdbapp.backend.ovs_idl.transaction [-] Running txn n=1 command(idx=2): QoSDelCommand(_result=None, switch=neutron-4a030f29-10e1-48a5-9d8d-c884b7ba46bf, conditions=[('direction', '=', 'from-lport'), ('priority', '=', 2002), ('match', '=', 'inport == "7b5bb930-9bb8-4b49-a098-2756266908e8"')], if_exists=True) {{(pid=102410) do_commit /opt/stack/data/venv/lib/python3.12/site-packages/ovsdbapp/backend/ovs_idl/transaction.py:89}}
Jul 02 00:39:14.686922 np0000183833 devstack@neutron-api.service[102409]: DEBUG neutron.plugins.ml2.drivers.ovn.mech_driver.ovsdb.ovsdb_monitor [-] Hash Ring: Node 661a9e26571958d6b97c39dacd305f8e (host: np0000183833) handling event "update" for row 4a030f29-10e1-48a5-9d8d-c884b7ba46bf (table: Logical_Switch) {{(pid=102409) notify /opt/stack/neutron/neutron/plugins/ml2/drivers/ovn/mech_driver/ovsdb/ovsdb_monitor.py:1015}}
Jul 02 00:39:14.687219 np0000183833 devstack@neutron-api.service[102409]: DEBUG neutron.plugins.ml2.drivers.ovn.mech_driver.ovsdb.ovsdb_monitor [-] Hash Ring: Node 661a9e26571958d6b97c39dacd305f8e (host: np0000183833) handling event "create" for row c36fb4ce-a665-496e-9eac-0f25dbd30e62 (table: Logical_Switch_Port) {{(pid=102409) notify /opt/stack/neutron/neutron/plugins/ml2/drivers/ovn/mech_driver/ovsdb/ovsdb_monitor.py:1015}}
Jul 02 00:39:14.688230 np0000183833 devstack@neutron-api.service[102411]: DEBUG neutron.plugins.ml2.drivers.ovn.mech_driver.ovsdb.ovsdb_monitor [-] Hash Ring: Node ba2ad5de847d587aabc1862c36dd4165 (host: np0000183833) handling event "create" for row c36fb4ce-a665-496e-9eac-0f25dbd30e62 (table: Logical_Switch_Port) {{(pid=102411) notify /opt/stack/neutron/neutron/plugins/ml2/drivers/ovn/mech_driver/ovsdb/ovsdb_monitor.py:1015}}
Jul 02 00:39:14.689754 np0000183833 devstack@neutron-api.service[102409]: DEBUG ovsdbapp.backend.ovs_idl.event [-] Matched CREATE: LogicalSwitchPortCreateEvent(events=('create',), table='Logical_Switch_Port', conditions=[], old_conditions=None), priority=20 to row=Logical_Switch_Port(uuid=c36fb4ce-a665-496e-9eac-0f25dbd30e62, addresses=['fa:16:3e:47:88:84'], dhcpv4_options=[], dhcpv6_options=[], dynamic_addresses=[], enabled=True, external_ids={'neutron:cidrs': '', 'neutron:device_id': 'ovnmeta-4a030f29-10e1-48a5-9d8d-c884b7ba46bf', 'neutron:device_owner': 'network:distributed', 'neutron:mtu': '1372', 'neutron:network_name': 'neutron-4a030f29-10e1-48a5-9d8d-c884b7ba46bf', 'neutron:port_capabilities': '', 'neutron:port_name': '', 'neutron:project_id': 'db366bae03c94e2da77cc4679cc0523f', 'neutron:revision_number': '1', 'neutron:security_group_ids': '', 'neutron:subnet_pool_addr_scope4': '', 'neutron:subnet_pool_addr_scope6': '', 'neutron:vnic_type': 'normal'}, ha_chassis_group=[], mirror_rules=[], name='7b5bb930-9bb8-4b49-a098-2756266908e8', options={}, parent_name=[], port_security=[], tag=[], tag_request=[], type='localport', up=[]) old= {{(pid=102409) matches /opt/stack/data/venv/lib/python3.12/site-packages/ovsdbapp/backend/ovs_idl/event.py:55}}
Jul 02 00:39:14.690403 np0000183833 devstack@neutron-api.service[102411]: DEBUG ovsdbapp.backend.ovs_idl.event [-] Matched CREATE: LogicalSwitchPortCreateEvent(events=('create',), table='Logical_Switch_Port', conditions=[], old_conditions=None), priority=20 to row=Logical_Switch_Port(uuid=c36fb4ce-a665-496e-9eac-0f25dbd30e62, addresses=['fa:16:3e:47:88:84'], dhcpv4_options=[], dhcpv6_options=[], dynamic_addresses=[], enabled=True, external_ids={'neutron:cidrs': '', 'neutron:device_id': 'ovnmeta-4a030f29-10e1-48a5-9d8d-c884b7ba46bf', 'neutron:device_owner': 'network:distributed', 'neutron:mtu': '1372', 'neutron:network_name': 'neutron-4a030f29-10e1-48a5-9d8d-c884b7ba46bf', 'neutron:port_capabilities': '', 'neutron:port_name': '', 'neutron:project_id': 'db366bae03c94e2da77cc4679cc0523f', 'neutron:revision_number': '1', 'neutron:security_group_ids': '', 'neutron:subnet_pool_addr_scope4': '', 'neutron:subnet_pool_addr_scope6': '', 'neutron:vnic_type': 'normal'}, ha_chassis_group=[], mirror_rules=[], name='7b5bb930-9bb8-4b49-a098-2756266908e8', options={}, parent_name=[], port_security=[], tag=[], tag_request=[], type='localport', up=[]) old= {{(pid=102411) matches /opt/stack/data/venv/lib/python3.12/site-packages/ovsdbapp/backend/ovs_idl/event.py:55}}
Jul 02 00:39:14.691218 np0000183833 devstack@neutron-api.service[102411]: DEBUG neutron.plugins.ml2.drivers.ovn.mech_driver.ovsdb.ovsdb_monitor [-] Hash Ring: Node ba2ad5de847d587aabc1862c36dd4165 (host: np0000183833) handling event "update" for row c36fb4ce-a665-496e-9eac-0f25dbd30e62 (table: Logical_Switch_Port) {{(pid=102411) notify /opt/stack/neutron/neutron/plugins/ml2/drivers/ovn/mech_driver/ovsdb/ovsdb_monitor.py:1015}}
Jul 02 00:39:14.693740 np0000183833 devstack@neutron-api.service[102409]: DEBUG neutron.plugins.ml2.drivers.ovn.mech_driver.ovsdb.ovsdb_monitor [-] Hash Ring: Node 661a9e26571958d6b97c39dacd305f8e (host: np0000183833) handling event "update" for row c36fb4ce-a665-496e-9eac-0f25dbd30e62 (table: Logical_Switch_Port) {{(pid=102409) notify /opt/stack/neutron/neutron/plugins/ml2/drivers/ovn/mech_driver/ovsdb/ovsdb_monitor.py:1015}}
Jul 02 00:39:14.693886 np0000183833 devstack@neutron-api.service[102411]: INFO neutron.plugins.ml2.drivers.ovn.mech_driver.mech_driver [-] OVN reports status down for port: 7b5bb930-9bb8-4b49-a098-2756266908e8
Jul 02 00:39:14.694503 np0000183833 devstack@neutron-api.service[102409]: INFO neutron.plugins.ml2.drivers.ovn.mech_driver.mech_driver [-] OVN reports status down for port: 7b5bb930-9bb8-4b49-a098-2756266908e8
Jul 02 00:39:14.697708 np0000183833 devstack@neutron-api.service[102409]: DEBUG neutron.plugins.ml2.drivers.ovn.mech_driver.ovsdb.ovsdb_monitor [-] Hash Ring: Node 661a9e26571958d6b97c39dacd305f8e (host: np0000183833) handling event "create" for row 3c035053-8f98-4356-a1ee-2329da53728c (table: Port_Binding) {{(pid=102409) notify /opt/stack/neutron/neutron/plugins/ml2/drivers/ovn/mech_driver/ovsdb/ovsdb_monitor.py:1015}}
Jul 02 00:39:14.733653 np0000183833 devstack@neutron-api.service[102410]: INFO neutron.db.ovn_revision_numbers_db [None req-c7c13ca9-10a8-49e6-9739-36e7e1f91280 admin admin] Successfully bumped revision number for resource 7b5bb930-9bb8-4b49-a098-2756266908e8 (type: ports) to 1
Jul 02 00:39:14.740064 np0000183833 devstack@neutron-api.service[102410]: DEBUG neutron.pecan_wsgi.hooks.policy_enforcement [None req-c7c13ca9-10a8-49e6-9739-36e7e1f91280 admin admin] Attributes excluded by policy engine: ['standard_attr_id'] {{(pid=102410) _exclude_attributes_by_policy /opt/stack/neutron/neutron/pecan_wsgi/hooks/policy_enforcement.py:259}}
Jul 02 00:39:14.740323 np0000183833 devstack@neutron-api.service[102410]: DEBUG neutron_lib.callbacks.manager [None req-c7c13ca9-10a8-49e6-9739-36e7e1f91280 admin admin] Publish callbacks [] for network (None), before_response {{(pid=102410) _notify_loop /opt/stack/data/venv/lib/python3.12/site-packages/neutron_lib/callbacks/manager.py:184}}
Jul 02 00:39:14.755248 np0000183833 devstack@neutron-api.service[102410]: [pid: 102410|app: 0|req: 1/5] 199.19.213.65 () {68 vars in 1350 bytes} [Thu Jul 2 00:39:13 2026] POST /networking/v2.0/networks => generated 681 bytes in 1632 msecs (HTTP/1.1 201) 4 headers in 162 bytes (1 switches on core 0)
Jul 02 00:39:14.766530 np0000183833 devstack@neutron-api.service[102409]: DEBUG neutron.db.provisioning_blocks [None req-4167d58c-4ea0-4e33-bd01-f32602c260ec None None] Transition to ACTIVE for port object 7b5bb930-9bb8-4b49-a098-2756266908e8 will not be triggered until provisioned by entity L2. {{(pid=102409) add_provisioning_component /opt/stack/neutron/neutron/db/provisioning_blocks.py:74}}
Jul 02 00:39:14.774260 np0000183833 devstack@neutron-api.service[102411]: DEBUG neutron_lib.db.api [None req-bb85ca6e-2c29-45b6-8565-268f45d7f7a9 None None] Retry wrapper got retriable exception: Failed to create a duplicate ProvisioningBlock: for attribute(s) ['provisioningblocks.PRIMARY'] with value(s) 14-L2 {{(pid=102411) wrapped /opt/stack/data/venv/lib/python3.12/site-packages/neutron_lib/db/api.py:185}}
Jul 02 00:39:14.774464 np0000183833 devstack@neutron-api.service[102411]: DEBUG oslo_db.api [None req-bb85ca6e-2c29-45b6-8565-268f45d7f7a9 None None] Performing DB retry for function neutron.db.provisioning_blocks.add_provisioning_component {{(pid=102411) wrapper /opt/stack/data/venv/lib/python3.12/site-packages/oslo_db/api.py:155}}
Jul 02 00:39:14.808884 np0000183833 devstack@neutron-api.service[102409]: DEBUG neutron.plugins.ml2.plugin [None req-4167d58c-4ea0-4e33-bd01-f32602c260ec None None] Current status of the port 7b5bb930-9bb8-4b49-a098-2756266908e8 is: DOWN; New status is: DOWN {{(pid=102409) _update_individual_port_db_status /opt/stack/neutron/neutron/plugins/ml2/plugin.py:2473}}
