Jul 02 00:39:04.700497 np0000183833 devstack@neutron-api.service[102410]: DEBUG neutron.api.extensions [None req-df0a6839-bc11-4916-9bde-d9cf8214de3b None None] Ext name="Resource timestamps" alias="standard-attr-timestamp" description="Adds created_at and updated_at fields to all Neutron resources that have Neutron standard attributes." updated="2016-09-12T10:00:00-00:00" {{(pid=102410) _check_extension /opt/stack/neutron/neutron/api/extensions.py:415}}
Jul 02 00:39:04.700497 np0000183833 devstack@neutron-api.service[102410]: INFO neutron.api.extensions [None req-df0a6839-bc11-4916-9bde-d9cf8214de3b None None] Loaded extension: standard-attr-timestamp
Jul 02 00:39:04.700497 np0000183833 devstack@neutron-api.service[102410]: DEBUG neutron.api.extensions [None req-df0a6839-bc11-4916-9bde-d9cf8214de3b None None] Loading extension file: trunk.py {{(pid=102410) _load_all_extensions_from_path /opt/stack/neutron/neutron/api/extensions.py:449}}
Jul 02 00:39:04.700617 np0000183833 devstack@neutron-api.service[102411]: DEBUG neutron.api.extensions [None req-23f331db-551c-48f5-ae99-9ad82ef777d6 None None] Extended resource: security-groups-default-statefulness {{(pid=102411) __init__ /opt/stack/neutron/neutron/api/extensions.py:156}}
Jul 02 00:39:04.700697 np0000183833 devstack@neutron-api.service[102408]: DEBUG neutron.api.extensions [None req-d1e264ec-5e3e-4972-abd1-131cc82e4f29 None None] Extended resource: service_profiles {{(pid=102408) __init__ /opt/stack/neutron/neutron/api/extensions.py:156}}
Jul 02 00:39:04.700762 np0000183833 devstack@neutron-api.service[102410]: DEBUG neutron.api.extensions [None req-df0a6839-bc11-4916-9bde-d9cf8214de3b None None] Ext name="Trunk Extension" alias="trunk" description="Provides support for trunk ports" updated="2016-01-01T10:00:00-00:00" {{(pid=102410) _check_extension /opt/stack/neutron/neutron/api/extensions.py:415}}
Jul 02 00:39:04.700762 np0000183833 devstack@neutron-api.service[102410]: INFO neutron.api.extensions [None req-df0a6839-bc11-4916-9bde-d9cf8214de3b None None] Extension trunk not supported by any of loaded plugins
Jul 02 00:39:04.700762 np0000183833 devstack@neutron-api.service[102410]: DEBUG neutron.api.extensions [None req-df0a6839-bc11-4916-9bde-d9cf8214de3b None None] Loading extension file: trunk_details.py {{(pid=102410) _load_all_extensions_from_path /opt/stack/neutron/neutron/api/extensions.py:449}}
Jul 02 00:39:04.700762 np0000183833 devstack@neutron-api.service[102410]: DEBUG neutron.api.extensions [None req-df0a6839-bc11-4916-9bde-d9cf8214de3b None None] Ext name="Trunk port details" alias="trunk-details" description="Expose trunk port details" updated="2016-01-01T10:00:00-00:00" {{(pid=102410) _check_extension /opt/stack/neutron/neutron/api/extensions.py:415}}
Jul 02 00:39:04.700924 np0000183833 devstack@neutron-api.service[102411]: DEBUG neutron.api.extensions [None req-23f331db-551c-48f5-ae99-9ad82ef777d6 None None] Extended resource: security-groups {{(pid=102411) __init__ /opt/stack/neutron/neutron/api/extensions.py:156}}
Jul 02 00:39:04.701028 np0000183833 devstack@neutron-api.service[102410]: INFO neutron.api.extensions [None req-df0a6839-bc11-4916-9bde-d9cf8214de3b None None] Extension trunk-details not supported by any of loaded plugins
Jul 02 00:39:04.701108 np0000183833 devstack@neutron-api.service[102408]: DEBUG neutron.api.extensions [None req-d1e264ec-5e3e-4972-abd1-131cc82e4f29 None None] Extended resource: floatingip-pools {{(pid=102408) __init__ /opt/stack/neutron/neutron/api/extensions.py:156}}
Jul 02 00:39:04.701175 np0000183833 devstack@neutron-api.service[102410]: DEBUG neutron.api.extensions [None req-df0a6839-bc11-4916-9bde-d9cf8214de3b None None] Loading extension file: uplink_status_propagation.py {{(pid=102410) _load_all_extensions_from_path /opt/stack/neutron/neutron/api/extensions.py:449}}
Jul 02 00:39:04.701175 np0000183833 devstack@neutron-api.service[102410]: DEBUG neutron.api.extensions [None req-df0a6839-bc11-4916-9bde-d9cf8214de3b None None] Ext name="Uplink status propagation extension" alias="uplink-status-propagation" description="Provides ability to propagate port uplink status." updated="2018-05-31T18:00:00-00:00" {{(pid=102410) _check_extension /opt/stack/neutron/neutron/api/extensions.py:415}}
Jul 02 00:39:04.701546 np0000183833 devstack@neutron-api.service[102411]: DEBUG neutron.api.extensions [None req-23f331db-551c-48f5-ae99-9ad82ef777d6 None None] Extended resource: security-group-rules {{(pid=102411) __init__ /opt/stack/neutron/neutron/api/extensions.py:156}}
Jul 02 00:39:04.701686 np0000183833 devstack@neutron-api.service[102410]: INFO neutron.api.extensions [None req-df0a6839-bc11-4916-9bde-d9cf8214de3b None None] Extension uplink-status-propagation not supported by any of loaded plugins
Jul 02 00:39:04.701686 np0000183833 devstack@neutron-api.service[102410]: DEBUG neutron.api.extensions [None req-df0a6839-bc11-4916-9bde-d9cf8214de3b None None] Loading extension file: uplink_status_propagation_updatable.py {{(pid=102410) _load_all_extensions_from_path /opt/stack/neutron/neutron/api/extensions.py:449}}
Jul 02 00:39:04.701775 np0000183833 devstack@neutron-api.service[102408]: DEBUG neutron.api.extensions [None req-d1e264ec-5e3e-4972-abd1-131cc82e4f29 None None] Extended resource: routers {{(pid=102408) __init__ /opt/stack/neutron/neutron/api/extensions.py:156}}
Jul 02 00:39:04.701843 np0000183833 devstack@neutron-api.service[102410]: DEBUG neutron.api.extensions [None req-df0a6839-bc11-4916-9bde-d9cf8214de3b None None] Ext name="Uplink status propagation updatable extension" alias="uplink-status-propagation-updatable" description="Provides ability to update the port uplink status." updated="2024-09-03T18:00:00-00:00" {{(pid=102410) _check_extension /opt/stack/neutron/neutron/api/extensions.py:415}}
Jul 02 00:39:04.702209 np0000183833 devstack@neutron-api.service[102411]: DEBUG neutron.api.extensions [None req-23f331db-551c-48f5-ae99-9ad82ef777d6 None None] Extended resource: service-providers {{(pid=102411) __init__ /opt/stack/neutron/neutron/api/extensions.py:156}}
Jul 02 00:39:04.702329 np0000183833 devstack@neutron-api.service[102410]: INFO neutron.api.extensions [None req-df0a6839-bc11-4916-9bde-d9cf8214de3b None None] Extension uplink-status-propagation-updatable not supported by any of loaded plugins
Jul 02 00:39:04.702329 np0000183833 devstack@neutron-api.service[102410]: DEBUG neutron.api.extensions [None req-df0a6839-bc11-4916-9bde-d9cf8214de3b None None] Loading extension file: vlantransparent.py {{(pid=102410) _load_all_extensions_from_path /opt/stack/neutron/neutron/api/extensions.py:449}}
Jul 02 00:39:04.702425 np0000183833 devstack@neutron-api.service[102411]: DEBUG neutron.api.extensions [None req-23f331db-551c-48f5-ae99-9ad82ef777d6 None None] Extended resource: subnetpools {{(pid=102411) __init__ /opt/stack/neutron/neutron/api/extensions.py:156}}
Jul 02 00:39:04.702797 np0000183833 devstack@neutron-api.service[102408]: DEBUG neutron.api.extensions [None req-d1e264ec-5e3e-4972-abd1-131cc82e4f29 None None] Extended resource: floatingips {{(pid=102408) __init__ /opt/stack/neutron/neutron/api/extensions.py:156}}
Jul 02 00:39:04.702914 np0000183833 devstack@neutron-api.service[102410]: DEBUG neutron.api.extensions [None req-df0a6839-bc11-4916-9bde-d9cf8214de3b None None] Ext name="Vlantransparent" alias="vlan-transparent" description="Provides Vlan Transparent Networks" updated="2015-03-23T09:00:00-00:00" {{(pid=102410) _check_extension /opt/stack/neutron/neutron/api/extensions.py:415}}
Jul 02 00:39:04.702981 np0000183833 devstack@neutron-api.service[102411]: DEBUG neutron.api.extensions [None req-23f331db-551c-48f5-ae99-9ad82ef777d6 None None] Extended resource: subnetpools {{(pid=102411) __init__ /opt/stack/neutron/neutron/api/extensions.py:156}}
Jul 02 00:39:04.703315 np0000183833 devstack@neutron-api.service[102410]: INFO neutron.api.extensions [None req-df0a6839-bc11-4916-9bde-d9cf8214de3b None None] Loaded extension: vlan-transparent
Jul 02 00:39:04.703435 np0000183833 devstack@neutron-api.service[102411]: DEBUG neutron.api.extensions [None req-23f331db-551c-48f5-ae99-9ad82ef777d6 None None] Extended resource: tags {{(pid=102411) __init__ /opt/stack/neutron/neutron/api/extensions.py:156}}
Jul 02 00:39:04.703506 np0000183833 devstack@neutron-api.service[102408]: DEBUG neutron.api.extensions [None req-d1e264ec-5e3e-4972-abd1-131cc82e4f29 None None] Extended resource: l3-routers {{(pid=102408) __init__ /opt/stack/neutron/neutron/api/extensions.py:156}}
Jul 02 00:39:04.703862 np0000183833 devstack@neutron-api.service[102411]: DEBUG neutron.api.extensions [None req-23f331db-551c-48f5-ae99-9ad82ef777d6 None None] Extended resource: tags {{(pid=102411) __init__ /opt/stack/neutron/neutron/api/extensions.py:156}}
Jul 02 00:39:04.704040 np0000183833 devstack@neutron-api.service[102408]: DEBUG neutron.api.extensions [None req-d1e264ec-5e3e-4972-abd1-131cc82e4f29 None None] Extended resource: l3-agents {{(pid=102408) __init__ /opt/stack/neutron/neutron/api/extensions.py:156}}
Jul 02 00:39:04.704476 np0000183833 devstack@neutron-api.service[102408]: DEBUG neutron.api.extensions [None req-d1e264ec-5e3e-4972-abd1-131cc82e4f29 None None] Extended resource: network-ip-availabilities {{(pid=102408) __init__ /opt/stack/neutron/neutron/api/extensions.py:156}}
Jul 02 00:39:04.704848 np0000183833 devstack@neutron-api.service[102410]: INFO neutron.quota.resource_registry [None req-df0a6839-bc11-4916-9bde-d9cf8214de3b None None] Creating instance of TrackedResource for resource:network
Jul 02 00:39:04.705021 np0000183833 devstack@neutron-api.service[102411]: DEBUG neutron.api.extensions [None req-23f331db-551c-48f5-ae99-9ad82ef777d6 None None] Extended resource: tags {{(pid=102411) __init__ /opt/stack/neutron/neutron/api/extensions.py:156}}
Jul 02 00:39:04.705123 np0000183833 devstack@neutron-api.service[102410]: INFO neutron.quota.resource_registry [None req-df0a6839-bc11-4916-9bde-d9cf8214de3b None None] Creating instance of TrackedResource for resource:subnet
Jul 02 00:39:04.705123 np0000183833 devstack@neutron-api.service[102410]: INFO neutron.quota.resource_registry [None req-df0a6839-bc11-4916-9bde-d9cf8214de3b None None] Creating instance of TrackedResource for resource:subnetpool
Jul 02 00:39:04.705123 np0000183833 devstack@neutron-api.service[102410]: INFO neutron.quota.resource_registry [None req-df0a6839-bc11-4916-9bde-d9cf8214de3b None None] Creating instance of TrackedResource for resource:port
Jul 02 00:39:04.705508 np0000183833 devstack@neutron-api.service[102408]: DEBUG neutron.api.extensions [None req-d1e264ec-5e3e-4972-abd1-131cc82e4f29 None None] Extended resource: network-ip-availabilities {{(pid=102408) __init__ /opt/stack/neutron/neutron/api/extensions.py:156}}
Jul 02 00:39:04.705637 np0000183833 devstack@neutron-api.service[102411]: DEBUG neutron.api.extensions [None req-23f331db-551c-48f5-ae99-9ad82ef777d6 None None] Extended resource: tags {{(pid=102411) __init__ /opt/stack/neutron/neutron/api/extensions.py:156}}
Jul 02 00:39:04.705705 np0000183833 devstack@neutron-api.service[102408]: DEBUG neutron.api.extensions [None req-d1e264ec-5e3e-4972-abd1-131cc82e4f29 None None] Extended resource: bindings {{(pid=102408) __init__ /opt/stack/neutron/neutron/api/extensions.py:156}}
Jul 02 00:39:04.706085 np0000183833 devstack@neutron-api.service[102411]: DEBUG neutron.api.extensions [None req-23f331db-551c-48f5-ae99-9ad82ef777d6 None None] Extended resource: tags {{(pid=102411) __init__ /opt/stack/neutron/neutron/api/extensions.py:156}}
Jul 02 00:39:04.706178 np0000183833 devstack@neutron-api.service[102410]: INFO neutron.quota.resource_registry [None req-df0a6839-bc11-4916-9bde-d9cf8214de3b None None] Creating instance of CountableResource for resource:router_route
Jul 02 00:39:04.706539 np0000183833 devstack@neutron-api.service[102408]: DEBUG neutron.api.extensions [None req-d1e264ec-5e3e-4972-abd1-131cc82e4f29 None None] Extended resource: quotas {{(pid=102408) __init__ /opt/stack/neutron/neutron/api/extensions.py:156}}
Jul 02 00:39:04.706909 np0000183833 devstack@neutron-api.service[102410]: DEBUG neutron.api.v2.resource_helper [None req-df0a6839-bc11-4916-9bde-d9cf8214de3b None None] Service L3_ROUTER_NAT assigned prefix: {{(pid=102410) build_resource_info /opt/stack/neutron/neutron/api/v2/resource_helper.py:77}}
Jul 02 00:39:04.706909 np0000183833 devstack@neutron-api.service[102410]: DEBUG neutron.api.v2.resource_helper [None req-df0a6839-bc11-4916-9bde-d9cf8214de3b None None] Service FLAVORS assigned prefix: {{(pid=102410) build_resource_info /opt/stack/neutron/neutron/api/v2/resource_helper.py:77}}
Jul 02 00:39:04.707108 np0000183833 devstack@neutron-api.service[102411]: DEBUG neutron.api.extensions [None req-23f331db-551c-48f5-ae99-9ad82ef777d6 None None] Extended resource: tags {{(pid=102411) __init__ /opt/stack/neutron/neutron/api/extensions.py:156}}
Jul 02 00:39:04.707213 np0000183833 devstack@neutron-api.service[102408]: DEBUG neutron.api.extensions [None req-d1e264ec-5e3e-4972-abd1-131cc82e4f29 None None] Extended resource: quotas {{(pid=102408) __init__ /opt/stack/neutron/neutron/api/extensions.py:156}}
Jul 02 00:39:04.707880 np0000183833 devstack@neutron-api.service[102411]: DEBUG neutron.api.extensions [None req-23f331db-551c-48f5-ae99-9ad82ef777d6 None None] Extended resource: tags {{(pid=102411) __init__ /opt/stack/neutron/neutron/api/extensions.py:156}}
Jul 02 00:39:04.708034 np0000183833 devstack@neutron-api.service[102408]: DEBUG neutron.api.extensions [None req-d1e264ec-5e3e-4972-abd1-131cc82e4f29 None None] Extended resource: rbac-policies {{(pid=102408) __init__ /opt/stack/neutron/neutron/api/extensions.py:156}}
Jul 02 00:39:04.708099 np0000183833 devstack@neutron-api.service[102410]: DEBUG neutron.api.v2.resource_helper [None req-df0a6839-bc11-4916-9bde-d9cf8214de3b None None] Service L3_ROUTER_NAT assigned prefix: {{(pid=102410) build_resource_info /opt/stack/neutron/neutron/api/v2/resource_helper.py:77}}
Jul 02 00:39:04.708165 np0000183833 devstack@neutron-api.service[102410]: DEBUG neutron.api.v2.resource_helper [None req-df0a6839-bc11-4916-9bde-d9cf8214de3b None None] Service L3_ROUTER_NAT assigned prefix: {{(pid=102410) build_resource_info /opt/stack/neutron/neutron/api/v2/resource_helper.py:77}}
Jul 02 00:39:04.708228 np0000183833 devstack@neutron-api.service[102408]: DEBUG neutron.api.extensions [None req-d1e264ec-5e3e-4972-abd1-131cc82e4f29 None None] Extended resource: default-security-group-rules {{(pid=102408) __init__ /opt/stack/neutron/neutron/api/extensions.py:156}}
Jul 02 00:39:04.708305 np0000183833 devstack@neutron-api.service[102410]: INFO neutron.quota.resource_registry [None req-df0a6839-bc11-4916-9bde-d9cf8214de3b None None] Creating instance of TrackedResource for resource:router
Jul 02 00:39:04.708465 np0000183833 devstack@neutron-api.service[102411]: DEBUG neutron.api.extensions [None req-23f331db-551c-48f5-ae99-9ad82ef777d6 None None] Extended resource: tags {{(pid=102411) __init__ /opt/stack/neutron/neutron/api/extensions.py:156}}
Jul 02 00:39:04.708796 np0000183833 devstack@neutron-api.service[102408]: DEBUG neutron.api.extensions [None req-d1e264ec-5e3e-4972-abd1-131cc82e4f29 None None] Extended resource: security-groups-default-statefulness {{(pid=102408) __init__ /opt/stack/neutron/neutron/api/extensions.py:156}}
Jul 02 00:39:04.708910 np0000183833 devstack@neutron-api.service[102410]: INFO neutron.quota.resource_registry [None req-df0a6839-bc11-4916-9bde-d9cf8214de3b None None] Creating instance of TrackedResource for resource:floatingip
Jul 02 00:39:04.709224 np0000183833 devstack@neutron-api.service[102411]: DEBUG neutron.api.extensions [None req-23f331db-551c-48f5-ae99-9ad82ef777d6 None None] Extended resource: tags {{(pid=102411) __init__ /opt/stack/neutron/neutron/api/extensions.py:156}}
Jul 02 00:39:04.709378 np0000183833 devstack@neutron-api.service[102408]: DEBUG neutron.api.extensions [None req-d1e264ec-5e3e-4972-abd1-131cc82e4f29 None None] Extended resource: security-groups {{(pid=102408) __init__ /opt/stack/neutron/neutron/api/extensions.py:156}}
Jul 02 00:39:04.709894 np0000183833 devstack@neutron-api.service[102408]: DEBUG neutron.api.extensions [None req-d1e264ec-5e3e-4972-abd1-131cc82e4f29 None None] Extended resource: security-group-rules {{(pid=102408) __init__ /opt/stack/neutron/neutron/api/extensions.py:156}}
Jul 02 00:39:04.709964 np0000183833 devstack@neutron-api.service[102410]: INFO neutron.quota.resource_registry [None req-df0a6839-bc11-4916-9bde-d9cf8214de3b None None] Creating instance of CountableResource for resource:rbac_policy
Jul 02 00:39:04.710059 np0000183833 devstack@neutron-api.service[102411]: DEBUG neutron.api.extensions [None req-23f331db-551c-48f5-ae99-9ad82ef777d6 None None] Extended resource: tags {{(pid=102411) __init__ /opt/stack/neutron/neutron/api/extensions.py:156}}
Jul 02 00:39:04.711129 np0000183833 devstack@neutron-api.service[102408]: DEBUG neutron.api.extensions [None req-d1e264ec-5e3e-4972-abd1-131cc82e4f29 None None] Extended resource: service-providers {{(pid=102408) __init__ /opt/stack/neutron/neutron/api/extensions.py:156}}
Jul 02 00:39:04.711432 np0000183833 devstack@neutron-api.service[102410]: INFO neutron.quota.resource_registry [None req-df0a6839-bc11-4916-9bde-d9cf8214de3b None None] Creating instance of TrackedResource for resource:security_group
Jul 02 00:39:04.712038 np0000183833 devstack@neutron-api.service[102408]: DEBUG neutron.api.extensions [None req-d1e264ec-5e3e-4972-abd1-131cc82e4f29 None None] Extended resource: subnetpools {{(pid=102408) __init__ /opt/stack/neutron/neutron/api/extensions.py:156}}
Jul 02 00:39:04.712345 np0000183833 devstack@neutron-api.service[102410]: INFO neutron.quota.resource_registry [None req-df0a6839-bc11-4916-9bde-d9cf8214de3b None None] Creating instance of TrackedResource for resource:security_group_rule
Jul 02 00:39:04.712345 np0000183833 devstack@neutron-api.service[102410]: DEBUG neutron.api.v2.resource_helper [None req-df0a6839-bc11-4916-9bde-d9cf8214de3b None None] Service CORE assigned prefix: {{(pid=102410) build_resource_info /opt/stack/neutron/neutron/api/v2/resource_helper.py:77}}
Jul 02 00:39:04.712557 np0000183833 devstack@neutron-api.service[102408]: DEBUG neutron.api.extensions [None req-d1e264ec-5e3e-4972-abd1-131cc82e4f29 None None] Extended resource: subnetpools {{(pid=102408) __init__ /opt/stack/neutron/neutron/api/extensions.py:156}}
Jul 02 00:39:04.712615 np0000183833 devstack@neutron-api.service[102410]: INFO neutron.quota.resource_registry [None req-df0a6839-bc11-4916-9bde-d9cf8214de3b None None] Creating instance of TrackedResource for resource:subnetpool
Jul 02 00:39:04.712615 np0000183833 devstack@neutron-api.service[102410]: WARNING neutron.quota.resource_registry [None req-df0a6839-bc11-4916-9bde-d9cf8214de3b None None] subnetpool is already registered
Jul 02 00:39:04.712708 np0000183833 devstack@neutron-api.service[102408]: DEBUG neutron.api.extensions [None req-d1e264ec-5e3e-4972-abd1-131cc82e4f29 None None] Extended resource: tags {{(pid=102408) __init__ /opt/stack/neutron/neutron/api/extensions.py:156}}
Jul 02 00:39:04.712764 np0000183833 devstack@neutron-api.service[102410]: DEBUG neutron.api.v2.resource_helper [None req-df0a6839-bc11-4916-9bde-d9cf8214de3b None None] Service CORE assigned prefix: {{(pid=102410) build_resource_info /opt/stack/neutron/neutron/api/v2/resource_helper.py:77}}
Jul 02 00:39:04.712764 np0000183833 devstack@neutron-api.service[102410]: INFO neutron.quota.resource_registry [None req-df0a6839-bc11-4916-9bde-d9cf8214de3b None None] Creating instance of TrackedResource for resource:subnetpool
Jul 02 00:39:04.712764 np0000183833 devstack@neutron-api.service[102410]: WARNING neutron.quota.resource_registry [None req-df0a6839-bc11-4916-9bde-d9cf8214de3b None None] subnetpool is already registered
Jul 02 00:39:04.713089 np0000183833 devstack@neutron-api.service[102408]: DEBUG neutron.api.extensions [None req-d1e264ec-5e3e-4972-abd1-131cc82e4f29 None None] Extended resource: tags {{(pid=102408) __init__ /opt/stack/neutron/neutron/api/extensions.py:156}}
Jul 02 00:39:04.713853 np0000183833 devstack@neutron-api.service[102408]: DEBUG neutron.api.extensions [None req-d1e264ec-5e3e-4972-abd1-131cc82e4f29 None None] Extended resource: tags {{(pid=102408) __init__ /opt/stack/neutron/neutron/api/extensions.py:156}}
Jul 02 00:39:04.714760 np0000183833 devstack@neutron-api.service[102410]: INFO neutron.quota.resource_registry [None req-df0a6839-bc11-4916-9bde-d9cf8214de3b None None] Creating instance of CountableResource for resource:router_route
Jul 02 00:39:04.714824 np0000183833 devstack@neutron-api.service[102408]: DEBUG neutron.api.extensions [None req-d1e264ec-5e3e-4972-abd1-131cc82e4f29 None None] Extended resource: tags {{(pid=102408) __init__ /opt/stack/neutron/neutron/api/extensions.py:156}}
Jul 02 00:39:04.714895 np0000183833 devstack@neutron-api.service[102410]: WARNING neutron.quota.resource_registry [None req-df0a6839-bc11-4916-9bde-d9cf8214de3b None None] router_route is already registered
Jul 02 00:39:04.714974 np0000183833 devstack@neutron-api.service[102410]: DEBUG neutron.api.v2.resource_helper [None req-df0a6839-bc11-4916-9bde-d9cf8214de3b None None] Service L3_ROUTER_NAT assigned prefix: {{(pid=102410) build_resource_info /opt/stack/neutron/neutron/api/v2/resource_helper.py:77}}
Jul 02 00:39:04.715460 np0000183833 devstack@neutron-api.service[102410]: DEBUG neutron.api.v2.resource_helper [None req-df0a6839-bc11-4916-9bde-d9cf8214de3b None None] Service FLAVORS assigned prefix: {{(pid=102410) build_resource_info /opt/stack/neutron/neutron/api/v2/resource_helper.py:77}}
Jul 02 00:39:04.715571 np0000183833 devstack@neutron-api.service[102408]: DEBUG neutron.api.extensions [None req-d1e264ec-5e3e-4972-abd1-131cc82e4f29 None None] Extended resource: tags {{(pid=102408) __init__ /opt/stack/neutron/neutron/api/extensions.py:156}}
Jul 02 00:39:04.716447 np0000183833 devstack@neutron-api.service[102410]: DEBUG neutron.api.v2.resource_helper [None req-df0a6839-bc11-4916-9bde-d9cf8214de3b None None] Service L3_ROUTER_NAT assigned prefix: {{(pid=102410) build_resource_info /opt/stack/neutron/neutron/api/v2/resource_helper.py:77}}
Jul 02 00:39:04.716572 np0000183833 devstack@neutron-api.service[102408]: DEBUG neutron.api.extensions [None req-d1e264ec-5e3e-4972-abd1-131cc82e4f29 None None] Extended resource: tags {{(pid=102408) __init__ /opt/stack/neutron/neutron/api/extensions.py:156}}
Jul 02 00:39:04.716695 np0000183833 devstack@neutron-api.service[102410]: DEBUG neutron.api.v2.resource_helper [None req-df0a6839-bc11-4916-9bde-d9cf8214de3b None None] Service L3_ROUTER_NAT assigned prefix: {{(pid=102410) build_resource_info /opt/stack/neutron/neutron/api/v2/resource_helper.py:77}}
Jul 02 00:39:04.716695 np0000183833 devstack@neutron-api.service[102410]: INFO neutron.quota.resource_registry [None req-df0a6839-bc11-4916-9bde-d9cf8214de3b None None] Creating instance of TrackedResource for resource:router
Jul 02 00:39:04.716827 np0000183833 devstack@neutron-api.service[102410]: WARNING neutron.quota.resource_registry [None req-df0a6839-bc11-4916-9bde-d9cf8214de3b None None] router is already registered
Jul 02 00:39:04.717176 np0000183833 devstack@neutron-api.service[102408]: DEBUG neutron.api.extensions [None req-d1e264ec-5e3e-4972-abd1-131cc82e4f29 None None] Extended resource: tags {{(pid=102408) __init__ /opt/stack/neutron/neutron/api/extensions.py:156}}
Jul 02 00:39:04.717315 np0000183833 devstack@neutron-api.service[102410]: INFO neutron.quota.resource_registry [None req-df0a6839-bc11-4916-9bde-d9cf8214de3b None None] Creating instance of TrackedResource for resource:floatingip
Jul 02 00:39:04.717549 np0000183833 devstack@neutron-api.service[102410]: WARNING neutron.quota.resource_registry [None req-df0a6839-bc11-4916-9bde-d9cf8214de3b None None] floatingip is already registered
Jul 02 00:39:04.717989 np0000183833 devstack@neutron-api.service[102408]: DEBUG neutron.api.extensions [None req-d1e264ec-5e3e-4972-abd1-131cc82e4f29 None None] Extended resource: tags {{(pid=102408) __init__ /opt/stack/neutron/neutron/api/extensions.py:156}}
Jul 02 00:39:04.718558 np0000183833 devstack@neutron-api.service[102410]: INFO neutron.quota.resource_registry [None req-df0a6839-bc11-4916-9bde-d9cf8214de3b None None] Creating instance of CountableResource for resource:rbac_policy
Jul 02 00:39:04.718673 np0000183833 devstack@neutron-api.service[102410]: WARNING neutron.quota.resource_registry [None req-df0a6839-bc11-4916-9bde-d9cf8214de3b None None] rbac_policy is already registered
Jul 02 00:39:04.718825 np0000183833 devstack@neutron-api.service[102408]: DEBUG neutron.api.extensions [None req-d1e264ec-5e3e-4972-abd1-131cc82e4f29 None None] Extended resource: tags {{(pid=102408) __init__ /opt/stack/neutron/neutron/api/extensions.py:156}}
Jul 02 00:39:04.719786 np0000183833 devstack@neutron-api.service[102408]: DEBUG neutron.api.extensions [None req-d1e264ec-5e3e-4972-abd1-131cc82e4f29 None None] Extended resource: tags {{(pid=102408) __init__ /opt/stack/neutron/neutron/api/extensions.py:156}}
Jul 02 00:39:04.719935 np0000183833 devstack@neutron-api.service[102410]: INFO neutron.quota.resource_registry [None req-df0a6839-bc11-4916-9bde-d9cf8214de3b None None] Creating instance of TrackedResource for resource:security_group
Jul 02 00:39:04.720080 np0000183833 devstack@neutron-api.service[102411]: DEBUG neutron_lib.callbacks.manager [None req-23f331db-551c-48f5-ae99-9ad82ef777d6 None None] Publish callbacks ['neutron.plugins.ml2.drivers.ovn.mech_driver.mech_driver.OVNMechanismDriver.pre_fork_initialize-202783'] for process (None), before_spawn {{(pid=102411) _notify_loop /opt/stack/data/venv/lib/python3.12/site-packages/neutron_lib/callbacks/manager.py:184}}
Jul 02 00:39:04.720158 np0000183833 devstack@neutron-api.service[102410]: WARNING neutron.quota.resource_registry [None req-df0a6839-bc11-4916-9bde-d9cf8214de3b None None] security_group is already registered
Jul 02 00:39:04.720404 np0000183833 devstack@neutron-api.service[102411]: DEBUG oslo_concurrency.processutils [None req-23f331db-551c-48f5-ae99-9ad82ef777d6 None None] Running cmd (subprocess): ovsdb-client transact ssl:199.19.213.65:6641 --timeout 180 -p /opt/stack/data/CA/int-ca/private/devstack-cert.key -c /opt/stack/data/CA/int-ca/devstack-cert.crt -C /opt/stack/data/CA/int-ca/ca-chain.pem ["OVN_Northbound", {"op": "wait", "timeout": 0, "table": "Port_Group", "where": [["name", "==", "neutron_pg_drop"]], "until": "==", "rows": []}, {"op": "insert", "table": "ACL", "row": {"action": "drop", "direction": "to-lport", "match": "outport == @neutron_pg_drop && ip", "priority": 1001}, "uuid-name": "droptoport"}, {"op": "insert", "table": "ACL", "row": {"action": "drop", "direction": "from-lport", "match": "inport == @neutron_pg_drop && ip", "priority": 1001}, "uuid-name": "dropfromport"}, {"op": "insert", "table": "Port_Group", "row": {"name": "neutron_pg_drop", "acls": ["set", [["named-uuid", "droptoport"], ["named-uuid", "dropfromport"]]]}}] {{(pid=102411) execute /opt/stack/data/venv/lib/python3.12/site-packages/oslo_concurrency/processutils.py:440}}
Jul 02 00:39:04.720502 np0000183833 devstack@neutron-api.service[102410]: INFO neutron.quota.resource_registry [None req-df0a6839-bc11-4916-9bde-d9cf8214de3b None None] Creating instance of TrackedResource for resource:security_group_rule
Jul 02 00:39:04.720502 np0000183833 devstack@neutron-api.service[102410]: WARNING neutron.quota.resource_registry [None req-df0a6839-bc11-4916-9bde-d9cf8214de3b None None] security_group_rule is already registered
Jul 02 00:39:04.721124 np0000183833 devstack@neutron-api.service[102410]: DEBUG neutron.api.v2.resource_helper [None req-df0a6839-bc11-4916-9bde-d9cf8214de3b None None] Service CORE assigned prefix: {{(pid=102410) build_resource_info /opt/stack/neutron/neutron/api/v2/resource_helper.py:77}}
Jul 02 00:39:04.721124 np0000183833 devstack@neutron-api.service[102410]: INFO neutron.quota.resource_registry [None req-df0a6839-bc11-4916-9bde-d9cf8214de3b None None] Creating instance of TrackedResource for resource:subnetpool
Jul 02 00:39:04.721306 np0000183833 devstack@neutron-api.service[102410]: WARNING neutron.quota.resource_registry [None req-df0a6839-bc11-4916-9bde-d9cf8214de3b None None] subnetpool is already registered
Jul 02 00:39:04.721690 np0000183833 devstack@neutron-api.service[102410]: DEBUG neutron.api.v2.resource_helper [None req-df0a6839-bc11-4916-9bde-d9cf8214de3b None None] Service CORE assigned prefix: {{(pid=102410) build_resource_info /opt/stack/neutron/neutron/api/v2/resource_helper.py:77}}
Jul 02 00:39:04.721949 np0000183833 devstack@neutron-api.service[102410]: INFO neutron.quota.resource_registry [None req-df0a6839-bc11-4916-9bde-d9cf8214de3b None None] Creating instance of TrackedResource for resource:subnetpool
Jul 02 00:39:04.721949 np0000183833 devstack@neutron-api.service[102410]: WARNING neutron.quota.resource_registry [None req-df0a6839-bc11-4916-9bde-d9cf8214de3b None None] subnetpool is already registered
Jul 02 00:39:04.722407 np0000183833 devstack@neutron-api.service[102410]: DEBUG neutron.api.extensions [None req-df0a6839-bc11-4916-9bde-d9cf8214de3b None None] Extended resource: extensions {{(pid=102410) __init__ /opt/stack/neutron/neutron/api/extensions.py:156}}
Jul 02 00:39:04.723115 np0000183833 devstack@neutron-api.service[102410]: DEBUG neutron.api.extensions [None req-df0a6839-bc11-4916-9bde-d9cf8214de3b None None] Extended resource: address-groups {{(pid=102410) __init__ /opt/stack/neutron/neutron/api/extensions.py:156}}
Jul 02 00:39:04.724020 np0000183833 devstack@neutron-api.service[102410]: DEBUG neutron.api.extensions [None req-df0a6839-bc11-4916-9bde-d9cf8214de3b None None] Extended resource: address-scopes {{(pid=102410) __init__ /opt/stack/neutron/neutron/api/extensions.py:156}}
Jul 02 00:39:04.724483 np0000183833 devstack@neutron-api.service[102410]: DEBUG neutron.api.extensions [None req-df0a6839-bc11-4916-9bde-d9cf8214de3b None None] Extended resource: agents {{(pid=102410) __init__ /opt/stack/neutron/neutron/api/extensions.py:156}}
Jul 02 00:39:04.725327 np0000183833 devstack@neutron-api.service[102410]: DEBUG neutron.api.extensions [None req-df0a6839-bc11-4916-9bde-d9cf8214de3b None None] Extended resource: auto-allocated-topology {{(pid=102410) __init__ /opt/stack/neutron/neutron/api/extensions.py:156}}
Jul 02 00:39:04.726414 np0000183833 devstack@neutron-api.service[102410]: DEBUG neutron.api.extensions [None req-df0a6839-bc11-4916-9bde-d9cf8214de3b None None] Extended resource: availability_zones {{(pid=102410) __init__ /opt/stack/neutron/neutron/api/extensions.py:156}}
Jul 02 00:39:04.727522 np0000183833 devstack@neutron-api.service[102410]: DEBUG neutron.api.extensions [None req-df0a6839-bc11-4916-9bde-d9cf8214de3b None None] Extended resource: dhcp-networks {{(pid=102410) __init__ /opt/stack/neutron/neutron/api/extensions.py:156}}
Jul 02 00:39:04.728122 np0000183833 devstack@neutron-api.service[102410]: DEBUG neutron.api.extensions [None req-df0a6839-bc11-4916-9bde-d9cf8214de3b None None] Extended resource: dhcp-agents {{(pid=102410) __init__ /opt/stack/neutron/neutron/api/extensions.py:156}}
Jul 02 00:39:04.728695 np0000183833 devstack@neutron-api.service[102410]: DEBUG neutron.api.extensions [None req-df0a6839-bc11-4916-9bde-d9cf8214de3b None None] Extended resource: routers {{(pid=102410) __init__ /opt/stack/neutron/neutron/api/extensions.py:156}}
Jul 02 00:39:04.729609 np0000183833 devstack@neutron-api.service[102408]: DEBUG neutron_lib.callbacks.manager [None req-d1e264ec-5e3e-4972-abd1-131cc82e4f29 None None] Publish callbacks ['neutron.plugins.ml2.drivers.ovn.mech_driver.mech_driver.OVNMechanismDriver.pre_fork_initialize-202829'] for process (None), before_spawn {{(pid=102408) _notify_loop /opt/stack/data/venv/lib/python3.12/site-packages/neutron_lib/callbacks/manager.py:184}}
Jul 02 00:39:04.729832 np0000183833 devstack@neutron-api.service[102410]: DEBUG neutron.api.extensions [None req-df0a6839-bc11-4916-9bde-d9cf8214de3b None None] Extended resource: flavors {{(pid=102410) __init__ /opt/stack/neutron/neutron/api/extensions.py:156}}
Jul 02 00:39:04.730192 np0000183833 devstack@neutron-api.service[102408]: DEBUG oslo_concurrency.processutils [None req-d1e264ec-5e3e-4972-abd1-131cc82e4f29 None None] Running cmd (subprocess): ovsdb-client transact ssl:199.19.213.65:6641 --timeout 180 -p /opt/stack/data/CA/int-ca/private/devstack-cert.key -c /opt/stack/data/CA/int-ca/devstack-cert.crt -C /opt/stack/data/CA/int-ca/ca-chain.pem ["OVN_Northbound", {"op": "wait", "timeout": 0, "table": "Port_Group", "where": [["name", "==", "neutron_pg_drop"]], "until": "==", "rows": []}, {"op": "insert", "table": "ACL", "row": {"action": "drop", "direction": "to-lport", "match": "outport == @neutron_pg_drop && ip", "priority": 1001}, "uuid-name": "droptoport"}, {"op": "insert", "table": "ACL", "row": {"action": "drop", "direction": "from-lport", "match": "inport == @neutron_pg_drop && ip", "priority": 1001}, "uuid-name": "dropfromport"}, {"op": "insert", "table": "Port_Group", "row": {"name": "neutron_pg_drop", "acls": ["set", [["named-uuid", "droptoport"], ["named-uuid", "dropfromport"]]]}}] {{(pid=102408) execute /opt/stack/data/venv/lib/python3.12/site-packages/oslo_concurrency/processutils.py:440}}
Jul 02 00:39:04.730585 np0000183833 devstack@neutron-api.service[102410]: DEBUG neutron.api.extensions [None req-df0a6839-bc11-4916-9bde-d9cf8214de3b None None] Extended resource: service_profiles {{(pid=102410) __init__ /opt/stack/neutron/neutron/api/extensions.py:156}}
Jul 02 00:39:04.731072 np0000183833 devstack@neutron-api.service[102410]: DEBUG neutron.api.extensions [None req-df0a6839-bc11-4916-9bde-d9cf8214de3b None None] Extended resource: next_providers {{(pid=102410) __init__ /opt/stack/neutron/neutron/api/extensions.py:156}}
Jul 02 00:39:04.731659 np0000183833 devstack@neutron-api.service[102410]: DEBUG neutron.api.extensions [None req-df0a6839-bc11-4916-9bde-d9cf8214de3b None None] Extended resource: service_profiles {{(pid=102410) __init__ /opt/stack/neutron/neutron/api/extensions.py:156}}
Jul 02 00:39:04.732424 np0000183833 devstack@neutron-api.service[102410]: DEBUG neutron.api.extensions [None req-df0a6839-bc11-4916-9bde-d9cf8214de3b None None] Extended resource: floatingip-pools {{(pid=102410) __init__ /opt/stack/neutron/neutron/api/extensions.py:156}}
Jul 02 00:39:04.732776 np0000183833 devstack@neutron-api.service[102410]: DEBUG neutron.api.extensions [None req-df0a6839-bc11-4916-9bde-d9cf8214de3b None None] Extended resource: routers {{(pid=102410) __init__ /opt/stack/neutron/neutron/api/extensions.py:156}}
Jul 02 00:39:04.734225 np0000183833 devstack@neutron-api.service[102410]: DEBUG neutron.api.extensions [None req-df0a6839-bc11-4916-9bde-d9cf8214de3b None None] Extended resource: floatingips {{(pid=102410) __init__ /opt/stack/neutron/neutron/api/extensions.py:156}}
Jul 02 00:39:04.734773 np0000183833 devstack@neutron-api.service[102410]: DEBUG neutron.api.extensions [None req-df0a6839-bc11-4916-9bde-d9cf8214de3b None None] Extended resource: l3-routers {{(pid=102410) __init__ /opt/stack/neutron/neutron/api/extensions.py:156}}
Jul 02 00:39:04.735456 np0000183833 devstack@neutron-api.service[102410]: DEBUG neutron.api.extensions [None req-df0a6839-bc11-4916-9bde-d9cf8214de3b None None] Extended resource: l3-agents {{(pid=102410) __init__ /opt/stack/neutron/neutron/api/extensions.py:156}}
Jul 02 00:39:04.736203 np0000183833 devstack@neutron-api.service[102410]: DEBUG neutron.api.extensions [None req-df0a6839-bc11-4916-9bde-d9cf8214de3b None None] Extended resource: network-ip-availabilities {{(pid=102410) __init__ /opt/stack/neutron/neutron/api/extensions.py:156}}
Jul 02 00:39:04.736994 np0000183833 devstack@neutron-api.service[102410]: DEBUG neutron.api.extensions [None req-df0a6839-bc11-4916-9bde-d9cf8214de3b None None] Extended resource: network-ip-availabilities {{(pid=102410) __init__ /opt/stack/neutron/neutron/api/extensions.py:156}}
Jul 02 00:39:04.737508 np0000183833 devstack@neutron-api.service[102410]: DEBUG neutron.api.extensions [None req-df0a6839-bc11-4916-9bde-d9cf8214de3b None None] Extended resource: bindings {{(pid=102410) __init__ /opt/stack/neutron/neutron/api/extensions.py:156}}
Jul 02 00:39:04.738239 np0000183833 devstack@neutron-api.service[102410]: DEBUG neutron.api.extensions [None req-df0a6839-bc11-4916-9bde-d9cf8214de3b None None] Extended resource: quotas {{(pid=102410) __init__ /opt/stack/neutron/neutron/api/extensions.py:156}}
Jul 02 00:39:04.739040 np0000183833 devstack@neutron-api.service[102410]: DEBUG neutron.api.extensions [None req-df0a6839-bc11-4916-9bde-d9cf8214de3b None None] Extended resource: quotas {{(pid=102410) __init__ /opt/stack/neutron/neutron/api/extensions.py:156}}
Jul 02 00:39:04.739824 np0000183833 devstack@neutron-api.service[102410]: DEBUG neutron.api.extensions [None req-df0a6839-bc11-4916-9bde-d9cf8214de3b None None] Extended resource: rbac-policies {{(pid=102410) __init__ /opt/stack/neutron/neutron/api/extensions.py:156}}
Jul 02 00:39:04.740296 np0000183833 devstack@neutron-api.service[102410]: DEBUG neutron.api.extensions [None req-df0a6839-bc11-4916-9bde-d9cf8214de3b None None] Extended resource: default-security-group-rules {{(pid=102410) __init__ /opt/stack/neutron/neutron/api/extensions.py:156}}
Jul 02 00:39:04.740934 np0000183833 devstack@neutron-api.service[102410]: DEBUG neutron.api.extensions [None req-df0a6839-bc11-4916-9bde-d9cf8214de3b None None] Extended resource: security-groups-default-statefulness {{(pid=102410) __init__ /opt/stack/neutron/neutron/api/extensions.py:156}}
Jul 02 00:39:04.741559 np0000183833 devstack@neutron-api.service[102410]: DEBUG neutron.api.extensions [None req-df0a6839-bc11-4916-9bde-d9cf8214de3b None None] Extended resource: security-groups {{(pid=102410) __init__ /opt/stack/neutron/neutron/api/extensions.py:156}}
Jul 02 00:39:04.741924 np0000183833 devstack@neutron-api.service[102410]: DEBUG neutron.api.extensions [None req-df0a6839-bc11-4916-9bde-d9cf8214de3b None None] Extended resource: security-group-rules {{(pid=102410) __init__ /opt/stack/neutron/neutron/api/extensions.py:156}}
Jul 02 00:39:04.742451 np0000183833 devstack@neutron-api.service[102410]: DEBUG neutron.api.extensions [None req-df0a6839-bc11-4916-9bde-d9cf8214de3b None None] Extended resource: service-providers {{(pid=102410) __init__ /opt/stack/neutron/neutron/api/extensions.py:156}}
Jul 02 00:39:04.743001 np0000183833 devstack@neutron-api.service[102410]: DEBUG neutron.api.extensions [None req-df0a6839-bc11-4916-9bde-d9cf8214de3b None None] Extended resource: subnetpools {{(pid=102410) __init__ /opt/stack/neutron/neutron/api/extensions.py:156}}
Jul 02 00:39:04.743553 np0000183833 devstack@neutron-api.service[102410]: DEBUG neutron.api.extensions [None req-df0a6839-bc11-4916-9bde-d9cf8214de3b None None] Extended resource: subnetpools {{(pid=102410) __init__ /opt/stack/neutron/neutron/api/extensions.py:156}}
Jul 02 00:39:04.744232 np0000183833 devstack@neutron-api.service[102410]: DEBUG neutron.api.extensions [None req-df0a6839-bc11-4916-9bde-d9cf8214de3b None None] Extended resource: tags {{(pid=102410) __init__ /opt/stack/neutron/neutron/api/extensions.py:156}}
Jul 02 00:39:04.745030 np0000183833 devstack@neutron-api.service[102410]: DEBUG neutron.api.extensions [None req-df0a6839-bc11-4916-9bde-d9cf8214de3b None None] Extended resource: tags {{(pid=102410) __init__ /opt/stack/neutron/neutron/api/extensions.py:156}}
Jul 02 00:39:04.745976 np0000183833 devstack@neutron-api.service[102410]: DEBUG neutron.api.extensions [None req-df0a6839-bc11-4916-9bde-d9cf8214de3b None None] Extended resource: tags {{(pid=102410) __init__ /opt/stack/neutron/neutron/api/extensions.py:156}}
Jul 02 00:39:04.747078 np0000183833 devstack@neutron-api.service[102410]: DEBUG neutron.api.extensions [None req-df0a6839-bc11-4916-9bde-d9cf8214de3b None None] Extended resource: tags {{(pid=102410) __init__ /opt/stack/neutron/neutron/api/extensions.py:156}}
Jul 02 00:39:04.747991 np0000183833 devstack@neutron-api.service[102410]: DEBUG neutron.api.extensions [None req-df0a6839-bc11-4916-9bde-d9cf8214de3b None None] Extended resource: tags {{(pid=102410) __init__ /opt/stack/neutron/neutron/api/extensions.py:156}}
Jul 02 00:39:04.749007 np0000183833 devstack@neutron-api.service[102410]: DEBUG neutron.api.extensions [None req-df0a6839-bc11-4916-9bde-d9cf8214de3b None None] Extended resource: tags {{(pid=102410) __init__ /opt/stack/neutron/neutron/api/extensions.py:156}}
Jul 02 00:39:04.749813 np0000183833 devstack@neutron-api.service[102410]: DEBUG neutron.api.extensions [None req-df0a6839-bc11-4916-9bde-d9cf8214de3b None None] Extended resource: tags {{(pid=102410) __init__ /opt/stack/neutron/neutron/api/extensions.py:156}}
Jul 02 00:39:04.750762 np0000183833 devstack@neutron-api.service[102410]: DEBUG neutron.api.extensions [None req-df0a6839-bc11-4916-9bde-d9cf8214de3b None None] Extended resource: tags {{(pid=102410) __init__ /opt/stack/neutron/neutron/api/extensions.py:156}}
Jul 02 00:39:04.751657 np0000183833 devstack@neutron-api.service[102410]: DEBUG neutron.api.extensions [None req-df0a6839-bc11-4916-9bde-d9cf8214de3b None None] Extended resource: tags {{(pid=102410) __init__ /opt/stack/neutron/neutron/api/extensions.py:156}}
Jul 02 00:39:04.752843 np0000183833 devstack@neutron-api.service[102410]: DEBUG neutron.api.extensions [None req-df0a6839-bc11-4916-9bde-d9cf8214de3b None None] Extended resource: tags {{(pid=102410) __init__ /opt/stack/neutron/neutron/api/extensions.py:156}}
Jul 02 00:39:04.762969 np0000183833 devstack@neutron-api.service[102410]: DEBUG neutron_lib.callbacks.manager [None req-df0a6839-bc11-4916-9bde-d9cf8214de3b None None] Publish callbacks ['neutron.plugins.ml2.drivers.ovn.mech_driver.mech_driver.OVNMechanismDriver.pre_fork_initialize-213894'] for process (None), before_spawn {{(pid=102410) _notify_loop /opt/stack/data/venv/lib/python3.12/site-packages/neutron_lib/callbacks/manager.py:184}}
Jul 02 00:39:04.763363 np0000183833 devstack@neutron-api.service[102410]: DEBUG oslo_concurrency.processutils [None req-df0a6839-bc11-4916-9bde-d9cf8214de3b None None] Running cmd (subprocess): ovsdb-client transact ssl:199.19.213.65:6641 --timeout 180 -p /opt/stack/data/CA/int-ca/private/devstack-cert.key -c /opt/stack/data/CA/int-ca/devstack-cert.crt -C /opt/stack/data/CA/int-ca/ca-chain.pem ["OVN_Northbound", {"op": "wait", "timeout": 0, "table": "Port_Group", "where": [["name", "==", "neutron_pg_drop"]], "until": "==", "rows": []}, {"op": "insert", "table": "ACL", "row": {"action": "drop", "direction": "to-lport", "match": "outport == @neutron_pg_drop && ip", "priority": 1001}, "uuid-name": "droptoport"}, {"op": "insert", "table": "ACL", "row": {"action": "drop", "direction": "from-lport", "match": "inport == @neutron_pg_drop && ip", "priority": 1001}, "uuid-name": "dropfromport"}, {"op": "insert", "table": "Port_Group", "row": {"name": "neutron_pg_drop", "acls": ["set", [["named-uuid", "droptoport"], ["named-uuid", "dropfromport"]]]}}] {{(pid=102410) execute /opt/stack/data/venv/lib/python3.12/site-packages/oslo_concurrency/processutils.py:440}}
Jul 02 00:39:04.764034 np0000183833 devstack@neutron-api.service[102411]: DEBUG oslo_concurrency.processutils [None req-23f331db-551c-48f5-ae99-9ad82ef777d6 None None] CMD "ovsdb-client transact ssl:199.19.213.65:6641 --timeout 180 -p /opt/stack/data/CA/int-ca/private/devstack-cert.key -c /opt/stack/data/CA/int-ca/devstack-cert.crt -C /opt/stack/data/CA/int-ca/ca-chain.pem ["OVN_Northbound", {"op": "wait", "timeout": 0, "table": "Port_Group", "where": [["name", "==", "neutron_pg_drop"]], "until": "==", "rows": []}, {"op": "insert", "table": "ACL", "row": {"action": "drop", "direction": "to-lport", "match": "outport == @neutron_pg_drop && ip", "priority": 1001}, "uuid-name": "droptoport"}, {"op": "insert", "table": "ACL", "row": {"action": "drop", "direction": "from-lport", "match": "inport == @neutron_pg_drop && ip", "priority": 1001}, "uuid-name": "dropfromport"}, {"op": "insert", "table": "Port_Group", "row": {"name": "neutron_pg_drop", "acls": ["set", [["named-uuid", "droptoport"], ["named-uuid", "dropfromport"]]]}}]" returned: 0 in 0.043s {{(pid=102411) execute /opt/stack/data/venv/lib/python3.12/site-packages/oslo_concurrency/processutils.py:468}}
Jul 02 00:39:04.764427 np0000183833 devstack@neutron-api.service[102411]: DEBUG neutron_lib.callbacks.manager [None req-23f331db-551c-48f5-ae99-9ad82ef777d6 None None] Publish callbacks ['neutron.plugins.ml2.drivers.ovn.mech_driver.mech_driver.OVNMechanismDriver.post_fork_initialize-202823', 'neutron.services.pvlan.drivers.ovn.driver._initialize_pvlan_pg_drop-8093965536530', 'neutron.services.ovn_l3.plugin.OVNL3RouterPlugin._post_fork_initialize-2524'] for process (None), after_init {{(pid=102411) _notify_loop /opt/stack/data/venv/lib/python3.12/site-packages/neutron_lib/callbacks/manager.py:184}}
Jul 02 00:39:04.764723 np0000183833 devstack@neutron-api.service[102411]: DEBUG oslo_concurrency.lockutils [None req-23f331db-551c-48f5-ae99-9ad82ef777d6 None None] Acquiring lock "singleton_lock" {{(pid=102411) lock /opt/stack/data/venv/lib/python3.12/site-packages/oslo_concurrency/lockutils.py:395}}
Jul 02 00:39:04.764810 np0000183833 devstack@neutron-api.service[102411]: DEBUG oslo_concurrency.lockutils [None req-23f331db-551c-48f5-ae99-9ad82ef777d6 None None] Acquired lock "singleton_lock" {{(pid=102411) lock /opt/stack/data/venv/lib/python3.12/site-packages/oslo_concurrency/lockutils.py:398}}
Jul 02 00:39:04.764953 np0000183833 devstack@neutron-api.service[102408]: DEBUG oslo_concurrency.processutils [None req-d1e264ec-5e3e-4972-abd1-131cc82e4f29 None None] CMD "ovsdb-client transact ssl:199.19.213.65:6641 --timeout 180 -p /opt/stack/data/CA/int-ca/private/devstack-cert.key -c /opt/stack/data/CA/int-ca/devstack-cert.crt -C /opt/stack/data/CA/int-ca/ca-chain.pem ["OVN_Northbound", {"op": "wait", "timeout": 0, "table": "Port_Group", "where": [["name", "==", "neutron_pg_drop"]], "until": "==", "rows": []}, {"op": "insert", "table": "ACL", "row": {"action": "drop", "direction": "to-lport", "match": "outport == @neutron_pg_drop && ip", "priority": 1001}, "uuid-name": "droptoport"}, {"op": "insert", "table": "ACL", "row": {"action": "drop", "direction": "from-lport", "match": "inport == @neutron_pg_drop && ip", "priority": 1001}, "uuid-name": "dropfromport"}, {"op": "insert", "table": "Port_Group", "row": {"name": "neutron_pg_drop", "acls": ["set", [["named-uuid", "droptoport"], ["named-uuid", "dropfromport"]]]}}]" returned: 0 in 0.034s {{(pid=102408) execute /opt/stack/data/venv/lib/python3.12/site-packages/oslo_concurrency/processutils.py:468}}
Jul 02 00:39:04.765039 np0000183833 devstack@neutron-api.service[102411]: DEBUG oslo_concurrency.lockutils [None req-23f331db-551c-48f5-ae99-9ad82ef777d6 None None] Releasing lock "singleton_lock" {{(pid=102411) lock /opt/stack/data/venv/lib/python3.12/site-packages/oslo_concurrency/lockutils.py:418}}
Jul 02 00:39:04.765479 np0000183833 devstack@neutron-api.service[102408]: DEBUG neutron_lib.callbacks.manager [None req-d1e264ec-5e3e-4972-abd1-131cc82e4f29 None None] Publish callbacks ['neutron.plugins.ml2.drivers.ovn.mech_driver.mech_driver.OVNMechanismDriver.post_fork_initialize-202805', 'neutron.services.pvlan.drivers.ovn.driver._initialize_pvlan_pg_drop-8093965533568', 'neutron.services.ovn_l3.plugin.OVNL3RouterPlugin._post_fork_initialize-7493'] for process (None), after_init {{(pid=102408) _notify_loop /opt/stack/data/venv/lib/python3.12/site-packages/neutron_lib/callbacks/manager.py:184}}
Jul 02 00:39:04.765934 np0000183833 devstack@neutron-api.service[102408]: DEBUG oslo_concurrency.lockutils [None req-d1e264ec-5e3e-4972-abd1-131cc82e4f29 None None] Acquiring lock "singleton_lock" {{(pid=102408) lock /opt/stack/data/venv/lib/python3.12/site-packages/oslo_concurrency/lockutils.py:395}}
Jul 02 00:39:04.766271 np0000183833 devstack@neutron-api.service[102408]: DEBUG oslo_concurrency.lockutils [None req-d1e264ec-5e3e-4972-abd1-131cc82e4f29 None None] Acquired lock "singleton_lock" {{(pid=102408) lock /opt/stack/data/venv/lib/python3.12/site-packages/oslo_concurrency/lockutils.py:398}}
Jul 02 00:39:04.766405 np0000183833 devstack@neutron-api.service[102408]: DEBUG oslo_concurrency.lockutils [None req-d1e264ec-5e3e-4972-abd1-131cc82e4f29 None None] Releasing lock "singleton_lock" {{(pid=102408) lock /opt/stack/data/venv/lib/python3.12/site-packages/oslo_concurrency/lockutils.py:418}}
Jul 02 00:39:04.766866 np0000183833 devstack@neutron-api.service[102411]: DEBUG neutron.plugins.ml2.drivers.ovn.mech_driver.mech_driver [None req-23f331db-551c-48f5-ae99-9ad82ef777d6 None None] Hash Ring setup using WSGI start time 2026-07-02 00:38:57+00:00 {{(pid=102411) _init_hash_ring /opt/stack/neutron/neutron/plugins/ml2/drivers/ovn/mech_driver/mech_driver.py:404}}
Jul 02 00:39:04.769352 np0000183833 devstack@neutron-api.service[102408]: DEBUG neutron.plugins.ml2.drivers.ovn.mech_driver.mech_driver [None req-d1e264ec-5e3e-4972-abd1-131cc82e4f29 None None] Hash Ring setup using WSGI start time 2026-07-02 00:38:57+00:00 {{(pid=102408) _init_hash_ring /opt/stack/neutron/neutron/plugins/ml2/drivers/ovn/mech_driver/mech_driver.py:404}}
Jul 02 00:39:04.777093 np0000183833 devstack@neutron-api.service[102411]: INFO neutron.db.ovn_hash_ring_db [None req-23f331db-551c-48f5-ae99-9ad82ef777d6 None None] Nodes from host "np0000183833" and group "mechanism_driver" removed from the Hash Ring created at 2026-07-02 00:38:57+00:00
