2026-07-01 08:38:48.358 8 INFO placement.requestlog [None req-eb16375c-bb7c-42fa-9b2b-7c824b224c1d 05a7a10ab07b49bca11d351207844b74 e41a9e6e66d94234b25e655f3df8395b - - 3a65b27de5874df28411113e10856e6e 3a65b27de5874df28411113e10856e6e] 10.0.0.156 "GET /resource_providers/891a754a-e460-4757-b8f5-efd054e881ed/aggregates" status: 404 len: 235 microversion: 1.1 [pid: 8|app: 0|req: 511/1031] 10.0.0.156 () {32 vars in 825 bytes} [Wed Jul 1 08:38:48 2026] GET /resource_providers/891a754a-e460-4757-b8f5-efd054e881ed/aggregates => generated 235 bytes in 12 msecs (HTTP/1.1 404) 5 headers in 202 bytes (1 switches on core 0)
2026-07-01 08:38:48.367 7 INFO placement.requestlog [None req-0f41212c-8875-4d35-a3d2-eb0ada4d6eba 05a7a10ab07b49bca11d351207844b74 e41a9e6e66d94234b25e655f3df8395b - - 3a65b27de5874df28411113e10856e6e 3a65b27de5874df28411113e10856e6e] 10.0.0.156 "GET /resource_providers/891a754a-e460-4757-b8f5-efd054e881ed/aggregates" status: 404 len: 235 microversion: 1.1 [pid: 7|app: 0|req: 521/1032] 10.0.0.156 () {32 vars in 825 bytes} [Wed Jul 1 08:38:48 2026] GET /resource_providers/891a754a-e460-4757-b8f5-efd054e881ed/aggregates => generated 235 bytes in 15 msecs (HTTP/1.1 404) 5 headers in 202 bytes (1 switches on core 0)
2026-07-01 08:38:48.376 8 INFO placement.requestlog [None req-2491b2aa-beed-434e-9c04-b55175f11d39 05a7a10ab07b49bca11d351207844b74 e41a9e6e66d94234b25e655f3df8395b - - 3a65b27de5874df28411113e10856e6e 3a65b27de5874df28411113e10856e6e] 10.0.0.156 "DELETE /resource_providers/891a754a-e460-4757-b8f5-efd054e881ed" status: 404 len: 246 microversion: 1.1 [pid: 8|app: 0|req: 512/1033] 10.0.0.156 () {34 vars in 825 bytes} [Wed Jul 1 08:38:48 2026] DELETE /resource_providers/891a754a-e460-4757-b8f5-efd054e881ed => generated 246 bytes in 10 msecs (HTTP/1.1 404) 6 headers in 231 bytes (1 switches on core 0)
2026-07-01 08:38:48.380 7 INFO placement.requestlog [None req-73af34d1-f23f-4fb2-b0e5-de51ca9b2052 05a7a10ab07b49bca11d351207844b74 e41a9e6e66d94234b25e655f3df8395b - - 3a65b27de5874df28411113e10856e6e 3a65b27de5874df28411113e10856e6e] 10.0.0.156 "DELETE /resource_providers/891a754a-e460-4757-b8f5-efd054e881ed" status: 404 len: 246 microversion: 1.1 [pid: 7|app: 0|req: 522/1034] 10.0.0.156 () {34 vars in 825 bytes} [Wed Jul 1 08:38:48 2026] DELETE /resource_providers/891a754a-e460-4757-b8f5-efd054e881ed => generated 246 bytes in 8 msecs (HTTP/1.1 404) 6 headers in 231 bytes (1 switches on core 0)
2026-07-01 08:38:48.397 7 INFO placement.requestlog [None req-55ea3c1f-4d8c-4245-803c-38d56771c671 05a7a10ab07b49bca11d351207844b74 e41a9e6e66d94234b25e655f3df8395b - - 3a65b27de5874df28411113e10856e6e 3a65b27de5874df28411113e10856e6e] 10.0.0.156 "GET /resource_providers/547ba452-ea2a-49f0-855b-4cea55e8befd/aggregates" status: 404 len: 235 microversion: 1.1 [pid: 7|app: 0|req: 523/1035] 10.0.0.156 () {32 vars in 825 bytes} [Wed Jul 1 08:38:48 2026] GET /resource_providers/547ba452-ea2a-49f0-855b-4cea55e8befd/aggregates => generated 235 bytes in 8 msecs (HTTP/1.1 404) 5 headers in 202 bytes (1 switches on core 0)
2026-07-01 08:38:48.402 8 INFO placement.requestlog [None req-7dd44e14-1405-4570-acad-70cf828b9c05 05a7a10ab07b49bca11d351207844b74 e41a9e6e66d94234b25e655f3df8395b - - 3a65b27de5874df28411113e10856e6e 3a65b27de5874df28411113e10856e6e] 10.0.0.156 "GET /resource_providers/547ba452-ea2a-49f0-855b-4cea55e8befd/aggregates" status: 404 len: 235 microversion: 1.1 [pid: 8|app: 0|req: 513/1036] 10.0.0.156 () {32 vars in 825 bytes} [Wed Jul 1 08:38:48 2026] GET /resource_providers/547ba452-ea2a-49f0-855b-4cea55e8befd/aggregates => generated 235 bytes in 14 msecs (HTTP/1.1 404) 5 headers in 202 bytes (1 switches on core 0)
2026-07-01 08:38:48.414 7 INFO placement.requestlog [None req-e78bc30c-2d71-4060-b145-e40b4667786f 05a7a10ab07b49bca11d351207844b74 e41a9e6e66d94234b25e655f3df8395b - - 3a65b27de5874df28411113e10856e6e 3a65b27de5874df28411113e10856e6e] 10.0.0.156 "DELETE /resource_providers/547ba452-ea2a-49f0-855b-4cea55e8befd" status: 404 len: 246 microversion: 1.1 [pid: 7|app: 0|req: 524/1037] 10.0.0.156 () {34 vars in 825 bytes} [Wed Jul 1 08:38:48 2026] DELETE /resource_providers/547ba452-ea2a-49f0-855b-4cea55e8befd => generated 246 bytes in 8 msecs (HTTP/1.1 404) 6 headers in 231 bytes (1 switches on core 0)
2026-07-01 08:38:48.427 8 INFO placement.requestlog [None req-54d6deb0-6cd4-460e-a419-df28c15e116b 05a7a10ab07b49bca11d351207844b74 e41a9e6e66d94234b25e655f3df8395b - - 3a65b27de5874df28411113e10856e6e 3a65b27de5874df28411113e10856e6e] 10.0.0.156 "DELETE /resource_providers/547ba452-ea2a-49f0-855b-4cea55e8befd" status: 404 len: 246 microversion: 1.1 [pid: 8|app: 0|req: 514/1038] 10.0.0.156 () {34 vars in 825 bytes} [Wed Jul 1 08:38:48 2026] DELETE /resource_providers/547ba452-ea2a-49f0-855b-4cea55e8befd => generated 246 bytes in 11 msecs (HTTP/1.1 404) 6 headers in 231 bytes (1 switches on core 0)
2026-07-01 08:38:48.430 7 INFO placement.requestlog [None req-dd7eb58e-fd51-4846-aae9-9066b6a8dd21 05a7a10ab07b49bca11d351207844b74 e41a9e6e66d94234b25e655f3df8395b - - 3a65b27de5874df28411113e10856e6e 3a65b27de5874df28411113e10856e6e] 10.0.0.156 "GET /resource_providers/ddc5cf3c-19aa-475b-8d2a-9e0dd6484f88/aggregates" status: 404 len: 235 microversion: 1.1 [pid: 7|app: 0|req: 525/1039] 10.0.0.156 () {32 vars in 825 bytes} [Wed Jul 1 08:38:48 2026] GET /resource_providers/ddc5cf3c-19aa-475b-8d2a-9e0dd6484f88/aggregates => generated 235 bytes in 10 msecs (HTTP/1.1 404) 5 headers in 202 bytes (1 switches on core 0)
2026-07-01 08:38:48.450 7 INFO placement.requestlog [None req-7b938224-64ba-4064-b380-f79b483ce023 05a7a10ab07b49bca11d351207844b74 e41a9e6e66d94234b25e655f3df8395b - - 3a65b27de5874df28411113e10856e6e 3a65b27de5874df28411113e10856e6e] 10.0.0.156 "DELETE /resource_providers/ddc5cf3c-19aa-475b-8d2a-9e0dd6484f88" status: 404 len: 246 microversion: 1.1 [pid: 7|app: 0|req: 526/1040] 10.0.0.156 () {34 vars in 825 bytes} [Wed Jul 1 08:38:48 2026] DELETE /resource_providers/ddc5cf3c-19aa-475b-8d2a-9e0dd6484f88 => generated 246 bytes in 9 msecs (HTTP/1.1 404) 6 headers in 231 bytes (1 switches on core 0)
2026-07-01 08:38:48.458 8 INFO placement.requestlog [None req-cb672ea7-5336-4c29-a8fb-10236b7fdf7e 05a7a10ab07b49bca11d351207844b74 e41a9e6e66d94234b25e655f3df8395b - - 3a65b27de5874df28411113e10856e6e 3a65b27de5874df28411113e10856e6e] 10.0.0.156 "GET /resource_providers/ddc5cf3c-19aa-475b-8d2a-9e0dd6484f88/aggregates" status: 404 len: 235 microversion: 1.1 [pid: 8|app: 0|req: 515/1041] 10.0.0.156 () {32 vars in 825 bytes} [Wed Jul 1 08:38:48 2026] GET /resource_providers/ddc5cf3c-19aa-475b-8d2a-9e0dd6484f88/aggregates => generated 235 bytes in 16 msecs (HTTP/1.1 404) 5 headers in 202 bytes (1 switches on core 0)
2026-07-01 08:38:48.482 7 INFO placement.requestlog [None req-e3264440-f2d5-49c7-966f-557e69714f1b 05a7a10ab07b49bca11d351207844b74 e41a9e6e66d94234b25e655f3df8395b - - 3a65b27de5874df28411113e10856e6e 3a65b27de5874df28411113e10856e6e] 10.0.0.156 "DELETE /resource_providers/ddc5cf3c-19aa-475b-8d2a-9e0dd6484f88" status: 404 len: 246 microversion: 1.1 [pid: 7|app: 0|req: 527/1042] 10.0.0.156 () {34 vars in 825 bytes} [Wed Jul 1 08:38:48 2026] DELETE /resource_providers/ddc5cf3c-19aa-475b-8d2a-9e0dd6484f88 => generated 246 bytes in 14 msecs (HTTP/1.1 404) 6 headers in 231 bytes (1 switches on core 0)
2026-07-01 08:38:53.508 8 INFO placement.requestlog [None req-bb9d4652-ee64-4299-bdb3-88d1cde58a59 - - - - - -] 10.0.0.111 "GET /" status: 200 len: 136 microversion: 1.0
2026-07-01 08:38:53.509 7 INFO placement.requestlog [None req-bc97f606-dc30-49da-a83a-e95a7a53741f - - - - - -] 10.0.0.111 "GET /" status: 200 len: 136 microversion: 1.0
2026-07-01 08:39:03.509 8 INFO placement.requestlog [None req-0ae9d266-e48c-40d8-b05a-0b2a1b61471c - - - - - -] 10.0.0.111 "GET /" status: 200 len: 136 microversion: 1.0
2026-07-01 08:39:03.510 7 INFO placement.requestlog [None req-0cd9883c-c15f-463b-bda3-8915de8977c9 - - - - - -] 10.0.0.111 "GET /" status: 200 len: 136 microversion: 1.0
2026-07-01 08:39:09.474 8 INFO placement.requestlog [None req-e1e76672-14fd-4d9e-a246-632952b3c2f2 05a7a10ab07b49bca11d351207844b74 e41a9e6e66d94234b25e655f3df8395b - - 3a65b27de5874df28411113e10856e6e 3a65b27de5874df28411113e10856e6e] 10.0.0.156 "GET /resource_providers/42f429c8-11bd-4a5b-957e-77cd92165f9c/aggregates" status: 404 len: 235 microversion: 1.1 [pid: 8|app: 0|req: 518/1047] 10.0.0.156 () {32 vars in 825 bytes} [Wed Jul 1 08:39:09 2026] GET /resource_providers/42f429c8-11bd-4a5b-957e-77cd92165f9c/aggregates => generated 235 bytes in 14 msecs (HTTP/1.1 404) 5 headers in 202 bytes (1 switches on core 0)
2026-07-01 08:39:09.478 7 INFO placement.requestlog [None req-4d3eb0f2-7c91-4c0a-96f1-eb457492e503 05a7a10ab07b49bca11d351207844b74 e41a9e6e66d94234b25e655f3df8395b - - 3a65b27de5874df28411113e10856e6e 3a65b27de5874df28411113e10856e6e] 10.0.0.156 "GET /resource_providers/42f429c8-11bd-4a5b-957e-77cd92165f9c/aggregates" status: 404 len: 235 microversion: 1.1 [pid: 7|app: 0|req: 530/1048] 10.0.0.156 () {32 vars in 825 bytes} [Wed Jul 1 08:39:09 2026] GET /resource_providers/42f429c8-11bd-4a5b-957e-77cd92165f9c/aggregates => generated 235 bytes in 18 msecs (HTTP/1.1 404) 5 headers in 202 bytes (1 switches on core 0)
2026-07-01 08:39:09.489 8 INFO placement.requestlog [None req-64f59ce0-c150-4e5d-9054-b6656eded8b0 05a7a10ab07b49bca11d351207844b74 e41a9e6e66d94234b25e655f3df8395b - - 3a65b27de5874df28411113e10856e6e 3a65b27de5874df28411113e10856e6e] 10.0.0.156 "DELETE /resource_providers/42f429c8-11bd-4a5b-957e-77cd92165f9c" status: 404 len: 246 microversion: 1.1 [pid: 8|app: 0|req: 519/1049] 10.0.0.156 () {34 vars in 825 bytes} [Wed Jul 1 08:39:09 2026] DELETE /resource_providers/42f429c8-11bd-4a5b-957e-77cd92165f9c => generated 246 bytes in 7 msecs (HTTP/1.1 404) 6 headers in 231 bytes (1 switches on core 0)
2026-07-01 08:39:09.494 7 INFO placement.requestlog [None req-e8cac6f5-1dfe-45b7-bbfc-f54b95ce788e 05a7a10ab07b49bca11d351207844b74 e41a9e6e66d94234b25e655f3df8395b - - 3a65b27de5874df28411113e10856e6e 3a65b27de5874df28411113e10856e6e] 10.0.0.156 "DELETE /resource_providers/42f429c8-11bd-4a5b-957e-77cd92165f9c" status: 404 len: 246 microversion: 1.1 [pid: 7|app: 0|req: 531/1050] 10.0.0.156 () {34 vars in 825 bytes} [Wed Jul 1 08:39:09 2026] DELETE /resource_providers/42f429c8-11bd-4a5b-957e-77cd92165f9c => generated 246 bytes in 8 msecs (HTTP/1.1 404) 6 headers in 231 bytes (1 switches on core 0)
2026-07-01 08:39:12.767 8 INFO placement.requestlog [req-8607bfe0-ed9f-44ff-b5c1-4d52ed2e5f2f req-f6de2055-2e95-4b2a-8cf3-44b2e81aadec 76ef1b7300ef474ea1909b8150d99f3f e41a9e6e66d94234b25e655f3df8395b - - 3a65b27de5874df28411113e10856e6e 3a65b27de5874df28411113e10856e6e] 199.204.45.157 "GET /resource_providers/7cdf9260-b5ab-4f9f-a21a-641067296421/allocations" status: 200 len: 340 microversion: 1.0 [pid: 8|app: 0|req: 520/1051] 199.204.45.157 () {32 vars in 857 bytes} [Wed Jul 1 08:39:12 2026] GET /resource_providers/7cdf9260-b5ab-4f9f-a21a-641067296421/allocations => generated 340 bytes in 23 msecs (HTTP/1.1 200) 6 headers in 224 bytes (1 switches on core 0)
2026-07-01 08:39:12.806 7 INFO placement.requestlog [req-8607bfe0-ed9f-44ff-b5c1-4d52ed2e5f2f req-0a589b06-2eff-4ef7-bb1d-b1c00d0bbfda 76ef1b7300ef474ea1909b8150d99f3f e41a9e6e66d94234b25e655f3df8395b - - 3a65b27de5874df28411113e10856e6e 3a65b27de5874df28411113e10856e6e] 199.204.45.157 "GET /resource_providers/7cdf9260-b5ab-4f9f-a21a-641067296421/allocations" status: 200 len: 340 microversion: 1.0 [pid: 7|app: 0|req: 532/1052] 199.204.45.157 () {32 vars in 857 bytes} [Wed Jul 1 08:39:12 2026] GET /resource_providers/7cdf9260-b5ab-4f9f-a21a-641067296421/allocations => generated 340 bytes in 28 msecs (HTTP/1.1 200) 6 headers in 224 bytes (1 switches on core 0)
2026-07-01 08:39:12.838 8 INFO placement.requestlog [req-8607bfe0-ed9f-44ff-b5c1-4d52ed2e5f2f req-bcbcdd53-58d8-47f3-bbca-ef5adea59c84 76ef1b7300ef474ea1909b8150d99f3f e41a9e6e66d94234b25e655f3df8395b - - 3a65b27de5874df28411113e10856e6e 3a65b27de5874df28411113e10856e6e] 199.204.45.157 "GET /allocations/0c1a4522-04a5-4bd7-a0e4-6c6429fa1ff8" status: 200 len: 258 microversion: 1.28 [pid: 8|app: 0|req: 521/1053] 199.204.45.157 () {34 vars in 863 bytes} [Wed Jul 1 08:39:12 2026] GET /allocations/0c1a4522-04a5-4bd7-a0e4-6c6429fa1ff8 => generated 258 bytes in 23 msecs (HTTP/1.1 200) 8 headers in 296 bytes (1 switches on core 0)
2026-07-01 08:39:12.867 7 INFO placement.requestlog [req-8607bfe0-ed9f-44ff-b5c1-4d52ed2e5f2f req-259c9fdf-4c85-4fcf-84f4-9c1313105cc5 76ef1b7300ef474ea1909b8150d99f3f e41a9e6e66d94234b25e655f3df8395b - - 3a65b27de5874df28411113e10856e6e 3a65b27de5874df28411113e10856e6e] 199.204.45.157 "GET /allocations/49a64adb-8cfc-4f4d-a72b-98436f93d192" status: 200 len: 245 microversion: 1.28 [pid: 7|app: 0|req: 533/1054] 199.204.45.157 () {34 vars in 863 bytes} [Wed Jul 1 08:39:12 2026] GET /allocations/49a64adb-8cfc-4f4d-a72b-98436f93d192 => generated 245 bytes in 16 msecs (HTTP/1.1 200) 8 headers in 296 bytes (1 switches on core 0)
2026-07-01 08:39:12.894 8 INFO placement.requestlog [req-8607bfe0-ed9f-44ff-b5c1-4d52ed2e5f2f req-38ba8d16-ce33-435e-8fec-036fc6dfec6d 76ef1b7300ef474ea1909b8150d99f3f e41a9e6e66d94234b25e655f3df8395b - - 3a65b27de5874df28411113e10856e6e 3a65b27de5874df28411113e10856e6e] 199.204.45.157 "GET /allocations/c53f7d23-8c5a-4f20-9992-717e4a766dea" status: 200 len: 258 microversion: 1.28 [pid: 8|app: 0|req: 522/1055] 199.204.45.157 () {34 vars in 863 bytes} [Wed Jul 1 08:39:12 2026] GET /allocations/c53f7d23-8c5a-4f20-9992-717e4a766dea => generated 258 bytes in 16 msecs (HTTP/1.1 200) 8 headers in 296 bytes (1 switches on core 0)
2026-07-01 08:39:13.508 7 INFO placement.requestlog [None req-98c658b8-4f5e-495c-8497-44d1ffa8904f - - - - - -] 10.0.0.111 "GET /" status: 200 len: 136 microversion: 1.0
2026-07-01 08:39:13.510 8 INFO placement.requestlog [None req-3a7f5b8c-0571-4b8c-b0f6-e0ac7a8027fa - - - - - -] 10.0.0.111 "GET /" status: 200 len: 136 microversion: 1.0
2026-07-01 08:39:23.509 7 INFO placement.requestlog [None req-21fefd1e-15b1-4620-bd6e-061a531aa390 - - - - - -] 10.0.0.111 "GET /" status: 200 len: 136 microversion: 1.0
2026-07-01 08:39:23.509 8 INFO placement.requestlog [None req-5082c209-1951-4182-a809-03f940fb2edb - - - - - -] 10.0.0.111 "GET /" status: 200 len: 136 microversion: 1.0
2026-07-01 08:39:33.509 7 INFO placement.requestlog [None req-caf4833d-e028-433c-a710-ce5bbb1dbbe3 - - - - - -] 10.0.0.111 "GET /" status: 200 len: 136 microversion: 1.0
2026-07-01 08:39:33.510 8 INFO placement.requestlog [None req-6f16b912-bd7c-4802-8b0e-d0580479020a - - - - - -] 10.0.0.111 "GET /" status: 200 len: 136 microversion: 1.0
2026-07-01 08:39:43.509 8 INFO placement.requestlog [None req-1b11453c-f7f1-4fd5-a64c-d068f47847b0 - - - - - -] 10.0.0.111 "GET /" status: 200 len: 136 microversion: 1.0
2026-07-01 08:39:43.510 7 INFO placement.requestlog [None req-e7b1a7d5-c3de-433f-8f02-b3ac1d9db4e7 - - - - - -] 10.0.0.111 "GET /" status: 200 len: 136 microversion: 1.0
2026-07-01 08:39:53.509 8 INFO placement.requestlog [None req-11bb04ad-5893-4361-b6be-49e4254644e7 - - - - - -] 10.0.0.111 "GET /" status: 200 len: 136 microversion: 1.0
2026-07-01 08:39:53.509 7 INFO placement.requestlog [None req-e216833a-21fd-4c61-b8de-2f0085577237 - - - - - -] 10.0.0.111 "GET /" status: 200 len: 136 microversion: 1.0
2026-07-01 08:40:03.509 8 INFO placement.requestlog [None req-a3074eab-430c-4a47-b7d0-532fe58a8f79 - - - - - -] 10.0.0.111 "GET /" status: 200 len: 136 microversion: 1.0
2026-07-01 08:40:03.510 7 INFO placement.requestlog [None req-6b27ae49-bf32-4dc8-a8a7-76edc2763a32 - - - - - -] 10.0.0.111 "GET /" status: 200 len: 136 microversion: 1.0
2026-07-01 08:40:12.751 8 INFO placement.requestlog [req-1d93bc56-bc59-41cd-8402-3b6dab136dfc req-02786a9f-2164-48e6-bbbe-a490d38e6f00 76ef1b7300ef474ea1909b8150d99f3f e41a9e6e66d94234b25e655f3df8395b - - 3a65b27de5874df28411113e10856e6e 3a65b27de5874df28411113e10856e6e] 199.204.45.157 "GET /resource_providers/7cdf9260-b5ab-4f9f-a21a-641067296421/allocations" status: 200 len: 340 microversion: 1.0 [pid: 8|app: 0|req: 529/1068] 199.204.45.157 () {32 vars in 857 bytes} [Wed Jul 1 08:40:12 2026] GET /resource_providers/7cdf9260-b5ab-4f9f-a21a-641067296421/allocations => generated 340 bytes in 16 msecs (HTTP/1.1 200) 6 headers in 224 bytes (1 switches on core 0)
2026-07-01 08:40:12.781 7 INFO placement.requestlog [req-1d93bc56-bc59-41cd-8402-3b6dab136dfc req-66206309-325f-48db-a462-f38ea02063f3 76ef1b7300ef474ea1909b8150d99f3f e41a9e6e66d94234b25e655f3df8395b - - 3a65b27de5874df28411113e10856e6e 3a65b27de5874df28411113e10856e6e] 199.204.45.157 "GET /resource_providers/7cdf9260-b5ab-4f9f-a21a-641067296421/allocations" status: 200 len: 340 microversion: 1.0 [pid: 7|app: 0|req: 540/1069] 199.204.45.157 () {32 vars in 857 bytes} [Wed Jul 1 08:40:12 2026] GET /resource_providers/7cdf9260-b5ab-4f9f-a21a-641067296421/allocations => generated 340 bytes in 19 msecs (HTTP/1.1 200) 6 headers in 224 bytes (1 switches on core 0)
2026-07-01 08:40:12.810 8 INFO placement.requestlog [req-1d93bc56-bc59-41cd-8402-3b6dab136dfc req-3a8ef921-8dee-4971-940b-65b615406697 76ef1b7300ef474ea1909b8150d99f3f e41a9e6e66d94234b25e655f3df8395b - - 3a65b27de5874df28411113e10856e6e 3a65b27de5874df28411113e10856e6e] 199.204.45.157 "GET /allocations/0c1a4522-04a5-4bd7-a0e4-6c6429fa1ff8" status: 200 len: 258 microversion: 1.28 [pid: 8|app: 0|req: 530/1070] 199.204.45.157 () {34 vars in 863 bytes} [Wed Jul 1 08:40:12 2026] GET /allocations/0c1a4522-04a5-4bd7-a0e4-6c6429fa1ff8 => generated 258 bytes in 20 msecs (HTTP/1.1 200) 8 headers in 296 bytes (1 switches on core 0)
2026-07-01 08:40:12.834 7 INFO placement.requestlog [req-1d93bc56-bc59-41cd-8402-3b6dab136dfc req-56d77166-bd98-4996-9b76-bd5e19ba7388 76ef1b7300ef474ea1909b8150d99f3f e41a9e6e66d94234b25e655f3df8395b - - 3a65b27de5874df28411113e10856e6e 3a65b27de5874df28411113e10856e6e] 199.204.45.157 "GET /allocations/49a64adb-8cfc-4f4d-a72b-98436f93d192" status: 200 len: 245 microversion: 1.28 [pid: 7|app: 0|req: 541/1071] 199.204.45.157 () {34 vars in 863 bytes} [Wed Jul 1 08:40:12 2026] GET /allocations/49a64adb-8cfc-4f4d-a72b-98436f93d192 => generated 245 bytes in 15 msecs (HTTP/1.1 200) 8 headers in 296 bytes (1 switches on core 0)
2026-07-01 08:40:12.858 8 INFO placement.requestlog [req-1d93bc56-bc59-41cd-8402-3b6dab136dfc req-fef08252-5f94-4fe6-b0b2-688f272bf953 76ef1b7300ef474ea1909b8150d99f3f e41a9e6e66d94234b25e655f3df8395b - - 3a65b27de5874df28411113e10856e6e 3a65b27de5874df28411113e10856e6e] 199.204.45.157 "GET /allocations/c53f7d23-8c5a-4f20-9992-717e4a766dea" status: 200 len: 258 microversion: 1.28 [pid: 8|app: 0|req: 531/1072] 199.204.45.157 () {34 vars in 863 bytes} [Wed Jul 1 08:40:12 2026] GET /allocations/c53f7d23-8c5a-4f20-9992-717e4a766dea => generated 258 bytes in 14 msecs (HTTP/1.1 200) 8 headers in 296 bytes (1 switches on core 0)
2026-07-01 08:40:13.509 7 INFO placement.requestlog [None req-9d949e0e-2fdc-4787-a739-1d4244208da1 - - - - - -] 10.0.0.111 "GET /" status: 200 len: 136 microversion: 1.0
2026-07-01 08:40:13.509 8 INFO placement.requestlog [None req-45034387-a209-4c45-87d9-1d03b851f370 - - - - - -] 10.0.0.111 "GET /" status: 200 len: 136 microversion: 1.0
2026-07-01 08:40:23.510 7 INFO placement.requestlog [None req-b8456cc8-bb1f-4df5-9a23-d73279dbbcf4 - - - - - -] 10.0.0.111 "GET /" status: 200 len: 136 microversion: 1.0
2026-07-01 08:40:23.510 8 INFO placement.requestlog [None req-bef15842-cc96-4ca8-9319-9f6fe924b357 - - - - - -] 10.0.0.111 "GET /" status: 200 len: 136 microversion: 1.0
2026-07-01 08:40:28.607 7 INFO placement.requestlog [req-e1524d0e-c943-403e-9fe4-a240438699de req-641b6fa6-1013-403b-896a-e5ff97c23b57 76ef1b7300ef474ea1909b8150d99f3f e41a9e6e66d94234b25e655f3df8395b - - 3a65b27de5874df28411113e10856e6e 3a65b27de5874df28411113e10856e6e] 199.204.45.157 "GET /resource_providers/7cdf9260-b5ab-4f9f-a21a-641067296421/allocations" status: 200 len: 340 microversion: 1.0 [pid: 7|app: 0|req: 544/1077] 199.204.45.157 () {32 vars in 857 bytes} [Wed Jul 1 08:40:28 2026] GET /resource_providers/7cdf9260-b5ab-4f9f-a21a-641067296421/allocations => generated 340 bytes in 25 msecs (HTTP/1.1 200) 6 headers in 224 bytes (1 switches on core 0)
2026-07-01 08:40:28.631 8 INFO placement.requestlog [req-e1524d0e-c943-403e-9fe4-a240438699de req-36c8cff0-d94b-43e7-bb11-16a429d94142 76ef1b7300ef474ea1909b8150d99f3f e41a9e6e66d94234b25e655f3df8395b - - 3a65b27de5874df28411113e10856e6e 3a65b27de5874df28411113e10856e6e] 199.204.45.157 "GET /allocations/0c1a4522-04a5-4bd7-a0e4-6c6429fa1ff8" status: 200 len: 258 microversion: 1.28 [pid: 8|app: 0|req: 534/1078] 199.204.45.157 () {34 vars in 863 bytes} [Wed Jul 1 08:40:28 2026] GET /allocations/0c1a4522-04a5-4bd7-a0e4-6c6429fa1ff8 => generated 258 bytes in 14 msecs (HTTP/1.1 200) 8 headers in 296 bytes (1 switches on core 0)
2026-07-01 08:40:28.657 7 INFO placement.requestlog [req-e1524d0e-c943-403e-9fe4-a240438699de req-f2e5066b-3671-4e9b-998f-94e62c32d74a 76ef1b7300ef474ea1909b8150d99f3f e41a9e6e66d94234b25e655f3df8395b - - 3a65b27de5874df28411113e10856e6e 3a65b27de5874df28411113e10856e6e] 199.204.45.157 "GET /allocations/49a64adb-8cfc-4f4d-a72b-98436f93d192" status: 200 len: 245 microversion: 1.28 [pid: 7|app: 0|req: 545/1079] 199.204.45.157 () {34 vars in 863 bytes} [Wed Jul 1 08:40:28 2026] GET /allocations/49a64adb-8cfc-4f4d-a72b-98436f93d192 => generated 245 bytes in 18 msecs (HTTP/1.1 200) 8 headers in 296 bytes (1 switches on core 0)
2026-07-01 08:40:28.686 8 INFO placement.requestlog [req-e1524d0e-c943-403e-9fe4-a240438699de req-ebf309f3-61d5-4b88-930d-40842e0c8106 76ef1b7300ef474ea1909b8150d99f3f e41a9e6e66d94234b25e655f3df8395b - - 3a65b27de5874df28411113e10856e6e 3a65b27de5874df28411113e10856e6e] 199.204.45.157 "GET /allocations/c53f7d23-8c5a-4f20-9992-717e4a766dea" status: 200 len: 258 microversion: 1.28 [pid: 8|app: 0|req: 535/1080] 199.204.45.157 () {34 vars in 863 bytes} [Wed Jul 1 08:40:28 2026] GET /allocations/c53f7d23-8c5a-4f20-9992-717e4a766dea => generated 258 bytes in 16 msecs (HTTP/1.1 200) 8 headers in 296 bytes (1 switches on core 0)
2026-07-01 08:40:28.771 7 INFO placement.requestlog [req-e1524d0e-c943-403e-9fe4-a240438699de req-31a7092d-8df7-4a61-8e0d-744e46fc9474 76ef1b7300ef474ea1909b8150d99f3f e41a9e6e66d94234b25e655f3df8395b - - 3a65b27de5874df28411113e10856e6e 3a65b27de5874df28411113e10856e6e] 199.204.45.157 "DELETE /allocations/49a64adb-8cfc-4f4d-a72b-98436f93d192" status: 204 len: 0 microversion: 1.0 [pid: 7|app: 0|req: 546/1081] 199.204.45.157 () {34 vars in 841 bytes} [Wed Jul 1 08:40:28 2026] DELETE /allocations/49a64adb-8cfc-4f4d-a72b-98436f93d192 => generated 0 bytes in 29 msecs (HTTP/1.1 204) 5 headers in 198 bytes (1 switches on core 0)
2026-07-01 08:40:30.282 8 INFO placement.requestlog [req-d90d93b8-8f19-499f-9fb6-5be84ace18ba req-46515294-64e9-41a5-90c0-a947313cde52 76ef1b7300ef474ea1909b8150d99f3f e41a9e6e66d94234b25e655f3df8395b - - 3a65b27de5874df28411113e10856e6e 3a65b27de5874df28411113e10856e6e] 199.204.45.157 "GET /resource_providers/7cdf9260-b5ab-4f9f-a21a-641067296421/allocations" status: 200 len: 253 microversion: 1.0 [pid: 8|app: 0|req: 536/1082] 199.204.45.157 () {32 vars in 857 bytes} [Wed Jul 1 08:40:30 2026] GET /resource_providers/7cdf9260-b5ab-4f9f-a21a-641067296421/allocations => generated 253 bytes in 19 msecs (HTTP/1.1 200) 6 headers in 224 bytes (1 switches on core 0)
2026-07-01 08:40:30.306 7 INFO placement.requestlog [req-d90d93b8-8f19-499f-9fb6-5be84ace18ba req-6f99ca35-551c-4a89-9cea-2744e6dddf52 76ef1b7300ef474ea1909b8150d99f3f e41a9e6e66d94234b25e655f3df8395b - - 3a65b27de5874df28411113e10856e6e 3a65b27de5874df28411113e10856e6e] 199.204.45.157 "GET /allocations/0c1a4522-04a5-4bd7-a0e4-6c6429fa1ff8" status: 200 len: 258 microversion: 1.28 [pid: 7|app: 0|req: 547/1083] 199.204.45.157 () {34 vars in 863 bytes} [Wed Jul 1 08:40:30 2026] GET /allocations/0c1a4522-04a5-4bd7-a0e4-6c6429fa1ff8 => generated 258 bytes in 17 msecs (HTTP/1.1 200) 8 headers in 296 bytes (1 switches on core 0)
2026-07-01 08:40:30.335 8 INFO placement.requestlog [req-d90d93b8-8f19-499f-9fb6-5be84ace18ba req-dc783feb-83eb-43d1-ba2f-aa454acd0cb2 76ef1b7300ef474ea1909b8150d99f3f e41a9e6e66d94234b25e655f3df8395b - - 3a65b27de5874df28411113e10856e6e 3a65b27de5874df28411113e10856e6e] 199.204.45.157 "GET /allocations/c53f7d23-8c5a-4f20-9992-717e4a766dea" status: 200 len: 258 microversion: 1.28 [pid: 8|app: 0|req: 537/1084] 199.204.45.157 () {34 vars in 863 bytes} [Wed Jul 1 08:40:30 2026] GET /allocations/c53f7d23-8c5a-4f20-9992-717e4a766dea => generated 258 bytes in 19 msecs (HTTP/1.1 200) 8 headers in 296 bytes (1 switches on core 0)
2026-07-01 08:40:30.411 7 INFO placement.requestlog [req-d90d93b8-8f19-499f-9fb6-5be84ace18ba req-e73b3368-1af7-4a24-b6de-e035decf6dd8 76ef1b7300ef474ea1909b8150d99f3f e41a9e6e66d94234b25e655f3df8395b - - 3a65b27de5874df28411113e10856e6e 3a65b27de5874df28411113e10856e6e] 199.204.45.157 "DELETE /allocations/0c1a4522-04a5-4bd7-a0e4-6c6429fa1ff8" status: 204 len: 0 microversion: 1.0 [pid: 7|app: 0|req: 548/1085] 199.204.45.157 () {34 vars in 841 bytes} [Wed Jul 1 08:40:30 2026] DELETE /allocations/0c1a4522-04a5-4bd7-a0e4-6c6429fa1ff8 => generated 0 bytes in 22 msecs (HTTP/1.1 204) 5 headers in 198 bytes (1 switches on core 0)
2026-07-01 08:40:33.510 7 INFO placement.requestlog [None req-3a3e8de3-66ba-454d-9959-de8b16f99398 - - - - - -] 10.0.0.111 "GET /" status: 200 len: 136 microversion: 1.0
2026-07-01 08:40:33.510 8 INFO placement.requestlog [None req-2fcbb6e2-6ef0-472b-8d06-a4516eeedaf2 - - - - - -] 10.0.0.111 "GET /" status: 200 len: 136 microversion: 1.0
2026-07-01 08:40:36.276 7 INFO placement.requestlog [req-8926b5c7-9826-4f61-873a-5ea4cf08291b req-c90f2da4-1937-41b9-8537-09a97501908a 76ef1b7300ef474ea1909b8150d99f3f e41a9e6e66d94234b25e655f3df8395b - - 3a65b27de5874df28411113e10856e6e 3a65b27de5874df28411113e10856e6e] 199.204.45.157 "GET /resource_providers/7cdf9260-b5ab-4f9f-a21a-641067296421/allocations" status: 200 len: 153 microversion: 1.0 [pid: 7|app: 0|req: 550/1088] 199.204.45.157 () {32 vars in 857 bytes} [Wed Jul 1 08:40:36 2026] GET /resource_providers/7cdf9260-b5ab-4f9f-a21a-641067296421/allocations => generated 153 bytes in 15 msecs (HTTP/1.1 200) 6 headers in 224 bytes (1 switches on core 0)
2026-07-01 08:40:36.299 8 INFO placement.requestlog [req-8926b5c7-9826-4f61-873a-5ea4cf08291b req-d1285ede-785b-476f-ae59-38026cd9f3fd 76ef1b7300ef474ea1909b8150d99f3f e41a9e6e66d94234b25e655f3df8395b - - 3a65b27de5874df28411113e10856e6e 3a65b27de5874df28411113e10856e6e] 199.204.45.157 "GET /allocations/c53f7d23-8c5a-4f20-9992-717e4a766dea" status: 200 len: 258 microversion: 1.28 [pid: 8|app: 0|req: 539/1089] 199.204.45.157 () {34 vars in 863 bytes} [Wed Jul 1 08:40:36 2026] GET /allocations/c53f7d23-8c5a-4f20-9992-717e4a766dea => generated 258 bytes in 15 msecs (HTTP/1.1 200) 8 headers in 296 bytes (1 switches on core 0)
2026-07-01 08:40:36.381 7 INFO placement.requestlog [req-8926b5c7-9826-4f61-873a-5ea4cf08291b req-876cebec-fbf9-48ad-8d6c-b85a276b6ae2 76ef1b7300ef474ea1909b8150d99f3f e41a9e6e66d94234b25e655f3df8395b - - 3a65b27de5874df28411113e10856e6e 3a65b27de5874df28411113e10856e6e] 199.204.45.157 "DELETE /allocations/c53f7d23-8c5a-4f20-9992-717e4a766dea" status: 204 len: 0 microversion: 1.0 [pid: 7|app: 0|req: 551/1090] 199.204.45.157 () {34 vars in 841 bytes} [Wed Jul 1 08:40:36 2026] DELETE /allocations/c53f7d23-8c5a-4f20-9992-717e4a766dea => generated 0 bytes in 27 msecs (HTTP/1.1 204) 5 headers in 198 bytes (1 switches on core 0)
2026-07-01 08:40:43.509 7 INFO placement.requestlog [None req-b4351c9f-40c3-4b57-95a3-5520b5c54c96 - - - - - -] 10.0.0.111 "GET /" status: 200 len: 136 microversion: 1.0
2026-07-01 08:40:43.510 8 INFO placement.requestlog [None req-2b302b9d-cae2-4bd3-a0f9-8687e7e89405 - - - - - -] 10.0.0.111 "GET /" status: 200 len: 136 microversion: 1.0
2026-07-01 08:40:47.143 7 INFO placement.requestlog [None req-1fbb9c8b-bbb7-430c-9442-29b99b0b1e75 05a7a10ab07b49bca11d351207844b74 e41a9e6e66d94234b25e655f3df8395b - - 3a65b27de5874df28411113e10856e6e 3a65b27de5874df28411113e10856e6e] 10.0.0.156 "GET /resource_providers/8e036fa0-d80c-45b5-ad59-42e4c405595d/aggregates" status: 404 len: 235 microversion: 1.1 [pid: 7|app: 0|req: 553/1093] 10.0.0.156 () {32 vars in 825 bytes} [Wed Jul 1 08:40:47 2026] GET /resource_providers/8e036fa0-d80c-45b5-ad59-42e4c405595d/aggregates => generated 235 bytes in 127 msecs (HTTP/1.1 404) 5 headers in 202 bytes (1 switches on core 0)
2026-07-01 08:40:47.150 8 INFO placement.requestlog [None req-09ddf5b1-40f1-40be-91d7-e5b828d89367 05a7a10ab07b49bca11d351207844b74 e41a9e6e66d94234b25e655f3df8395b - - 3a65b27de5874df28411113e10856e6e 3a65b27de5874df28411113e10856e6e] 10.0.0.156 "GET /resource_providers/8e036fa0-d80c-45b5-ad59-42e4c405595d/aggregates" status: 404 len: 235 microversion: 1.1 [pid: 8|app: 0|req: 541/1094] 10.0.0.156 () {32 vars in 825 bytes} [Wed Jul 1 08:40:47 2026] GET /resource_providers/8e036fa0-d80c-45b5-ad59-42e4c405595d/aggregates => generated 235 bytes in 134 msecs (HTTP/1.1 404) 5 headers in 202 bytes (1 switches on core 0)
2026-07-01 08:40:47.166 7 INFO placement.requestlog [None req-cf6b8690-b392-42b0-8df8-c19d4515f5bd 05a7a10ab07b49bca11d351207844b74 e41a9e6e66d94234b25e655f3df8395b - - 3a65b27de5874df28411113e10856e6e 3a65b27de5874df28411113e10856e6e] 10.0.0.156 "DELETE /resource_providers/8e036fa0-d80c-45b5-ad59-42e4c405595d" status: 404 len: 246 microversion: 1.1 [pid: 7|app: 0|req: 554/1095] 10.0.0.156 () {34 vars in 825 bytes} [Wed Jul 1 08:40:47 2026] DELETE /resource_providers/8e036fa0-d80c-45b5-ad59-42e4c405595d => generated 246 bytes in 11 msecs (HTTP/1.1 404) 6 headers in 231 bytes (1 switches on core 0)
2026-07-01 08:40:47.176 8 INFO placement.requestlog [None req-8cda9cc8-ce2f-40ae-9cff-3694056399ce 05a7a10ab07b49bca11d351207844b74 e41a9e6e66d94234b25e655f3df8395b - - 3a65b27de5874df28411113e10856e6e 3a65b27de5874df28411113e10856e6e] 10.0.0.156 "DELETE /resource_providers/8e036fa0-d80c-45b5-ad59-42e4c405595d" status: 404 len: 246 microversion: 1.1 [pid: 8|app: 0|req: 542/1096] 10.0.0.156 () {34 vars in 825 bytes} [Wed Jul 1 08:40:47 2026] DELETE /resource_providers/8e036fa0-d80c-45b5-ad59-42e4c405595d => generated 246 bytes in 10 msecs (HTTP/1.1 404) 6 headers in 231 bytes (1 switches on core 0)
2026-07-01 08:40:47.945 7 INFO placement.requestlog [None req-a6d8de94-01d1-4905-a807-cbc3319110ed 05a7a10ab07b49bca11d351207844b74 e41a9e6e66d94234b25e655f3df8395b - - 3a65b27de5874df28411113e10856e6e 3a65b27de5874df28411113e10856e6e] 10.0.0.156 "GET /resource_providers/8fa7bb9c-378a-4e87-a858-e9fa469a5560/aggregates" status: 404 len: 235 microversion: 1.1 [pid: 7|app: 0|req: 555/1097] 10.0.0.156 () {32 vars in 825 bytes} [Wed Jul 1 08:40:47 2026] GET /resource_providers/8fa7bb9c-378a-4e87-a858-e9fa469a5560/aggregates => generated 235 bytes in 48 msecs (HTTP/1.1 404) 5 headers in 202 bytes (1 switches on core 0)
2026-07-01 08:40:47.953 8 INFO placement.requestlog [None req-1e169ad9-624a-44d8-ab14-e006d084fa2e 05a7a10ab07b49bca11d351207844b74 e41a9e6e66d94234b25e655f3df8395b - - 3a65b27de5874df28411113e10856e6e 3a65b27de5874df28411113e10856e6e] 10.0.0.156 "GET /resource_providers/8fa7bb9c-378a-4e87-a858-e9fa469a5560/aggregates" status: 404 len: 235 microversion: 1.1 [pid: 8|app: 0|req: 543/1098] 10.0.0.156 () {32 vars in 825 bytes} [Wed Jul 1 08:40:47 2026] GET /resource_providers/8fa7bb9c-378a-4e87-a858-e9fa469a5560/aggregates => generated 235 bytes in 56 msecs (HTTP/1.1 404) 5 headers in 202 bytes (1 switches on core 0)
2026-07-01 08:40:47.961 7 INFO placement.requestlog [None req-35c7ad80-a9c8-42ce-b5a4-1c1d29943178 05a7a10ab07b49bca11d351207844b74 e41a9e6e66d94234b25e655f3df8395b - - 3a65b27de5874df28411113e10856e6e 3a65b27de5874df28411113e10856e6e] 10.0.0.156 "DELETE /resource_providers/8fa7bb9c-378a-4e87-a858-e9fa469a5560" status: 404 len: 246 microversion: 1.1 [pid: 7|app: 0|req: 556/1099] 10.0.0.156 () {34 vars in 825 bytes} [Wed Jul 1 08:40:47 2026] DELETE /resource_providers/8fa7bb9c-378a-4e87-a858-e9fa469a5560 => generated 246 bytes in 8 msecs (HTTP/1.1 404) 6 headers in 231 bytes (1 switches on core 0)
2026-07-01 08:40:47.994 8 INFO placement.requestlog [None req-31603ddb-ccec-4ec1-9a50-04fe80cef0c3 05a7a10ab07b49bca11d351207844b74 e41a9e6e66d94234b25e655f3df8395b - - 3a65b27de5874df28411113e10856e6e 3a65b27de5874df28411113e10856e6e] 10.0.0.156 "DELETE /resource_providers/8fa7bb9c-378a-4e87-a858-e9fa469a5560" status: 404 len: 246 microversion: 1.1 [pid: 8|app: 0|req: 544/1100] 10.0.0.156 () {34 vars in 825 bytes} [Wed Jul 1 08:40:47 2026] DELETE /resource_providers/8fa7bb9c-378a-4e87-a858-e9fa469a5560 => generated 246 bytes in 27 msecs (HTTP/1.1 404) 6 headers in 231 bytes (1 switches on core 0)
2026-07-01 08:40:49.987 7 INFO placement.requestlog [None req-09667ea7-8745-4b9e-bde5-29a8e3a5082c 05a7a10ab07b49bca11d351207844b74 e41a9e6e66d94234b25e655f3df8395b - - 3a65b27de5874df28411113e10856e6e 3a65b27de5874df28411113e10856e6e] 10.0.0.156 "GET /resource_providers/c1ddc86e-561f-4f2e-a7c1-608c8783ef62/aggregates" status: 404 len: 235 microversion: 1.1 [pid: 7|app: 0|req: 557/1101] 10.0.0.156 () {32 vars in 825 bytes} [Wed Jul 1 08:40:49 2026] GET /resource_providers/c1ddc86e-561f-4f2e-a7c1-608c8783ef62/aggregates => generated 235 bytes in 11 msecs (HTTP/1.1 404) 5 headers in 202 bytes (1 switches on core 0)
2026-07-01 08:40:50.007 8 INFO placement.requestlog [None req-f959ca9c-d017-46dc-9af1-d5b8633fe6ea 05a7a10ab07b49bca11d351207844b74 e41a9e6e66d94234b25e655f3df8395b - - 3a65b27de5874df28411113e10856e6e 3a65b27de5874df28411113e10856e6e] 10.0.0.156 "DELETE /resource_providers/c1ddc86e-561f-4f2e-a7c1-608c8783ef62" status: 404 len: 246 microversion: 1.1 [pid: 8|app: 0|req: 545/1102] 10.0.0.156 () {34 vars in 825 bytes} [Wed Jul 1 08:40:49 2026] DELETE /resource_providers/c1ddc86e-561f-4f2e-a7c1-608c8783ef62 => generated 246 bytes in 12 msecs (HTTP/1.1 404) 6 headers in 231 bytes (1 switches on core 0)
2026-07-01 08:40:50.011 7 INFO placement.requestlog [None req-4eede6dc-8b3b-4e25-9123-d32a50039665 05a7a10ab07b49bca11d351207844b74 e41a9e6e66d94234b25e655f3df8395b - - 3a65b27de5874df28411113e10856e6e 3a65b27de5874df28411113e10856e6e] 10.0.0.156 "GET /resource_providers/c1ddc86e-561f-4f2e-a7c1-608c8783ef62/aggregates" status: 404 len: 235 microversion: 1.1 [pid: 7|app: 0|req: 558/1103] 10.0.0.156 () {32 vars in 825 bytes} [Wed Jul 1 08:40:50 2026] GET /resource_providers/c1ddc86e-561f-4f2e-a7c1-608c8783ef62/aggregates => generated 235 bytes in 8 msecs (HTTP/1.1 404) 5 headers in 202 bytes (1 switches on core 0)
2026-07-01 08:40:50.027 8 INFO placement.requestlog [None req-834e977e-8bf7-4e2f-a18d-91442c2058ee 05a7a10ab07b49bca11d351207844b74 e41a9e6e66d94234b25e655f3df8395b - - 3a65b27de5874df28411113e10856e6e 3a65b27de5874df28411113e10856e6e] 10.0.0.156 "DELETE /resource_providers/c1ddc86e-561f-4f2e-a7c1-608c8783ef62" status: 404 len: 246 microversion: 1.1 [pid: 8|app: 0|req: 546/1104] 10.0.0.156 () {34 vars in 825 bytes} [Wed Jul 1 08:40:50 2026] DELETE /resource_providers/c1ddc86e-561f-4f2e-a7c1-608c8783ef62 => generated 246 bytes in 9 msecs (HTTP/1.1 404) 6 headers in 231 bytes (1 switches on core 0)
2026-07-01 08:40:53.508 7 INFO placement.requestlog [None req-50b60b1b-2c9c-4df6-b7c0-6f926de33306 - - - - - -] 10.0.0.111 "GET /" status: 200 len: 136 microversion: 1.0
2026-07-01 08:40:53.509 8 INFO placement.requestlog [None req-05dc4012-b554-497e-9894-5ab3573aa528 - - - - - -] 10.0.0.111 "GET /" status: 200 len: 136 microversion: 1.0
2026-07-01 08:41:03.509 7 INFO placement.requestlog [None req-7b1e6f1d-b25e-498f-ad68-3959c8d0652f - - - - - -] 10.0.0.111 "GET /" status: 200 len: 136 microversion: 1.0
2026-07-01 08:41:03.510 8 INFO placement.requestlog [None req-b5908a4f-9a60-4445-968a-0bd0dd684827 - - - - - -] 10.0.0.111 "GET /" status: 200 len: 136 microversion: 1.0
2026-07-01 08:41:12.476 7 INFO placement.requestlog [req-99e2e2a7-ac0e-4bd3-bd3e-332e540e9359 req-c5a93ba0-eeae-467f-9439-bf11cd72243b 76ef1b7300ef474ea1909b8150d99f3f e41a9e6e66d94234b25e655f3df8395b - - 3a65b27de5874df28411113e10856e6e 3a65b27de5874df28411113e10856e6e] 199.204.45.157 "GET /resource_providers/7cdf9260-b5ab-4f9f-a21a-641067296421/allocations" status: 200 len: 55 microversion: 1.0 [pid: 7|app: 0|req: 561/1109] 199.204.45.157 () {32 vars in 857 bytes} [Wed Jul 1 08:41:12 2026] GET /resource_providers/7cdf9260-b5ab-4f9f-a21a-641067296421/allocations => generated 55 bytes in 18 msecs (HTTP/1.1 200) 6 headers in 223 bytes (1 switches on core 0)
2026-07-01 08:41:12.499 8 INFO placement.requestlog [req-99e2e2a7-ac0e-4bd3-bd3e-332e540e9359 req-3db93a7a-2035-42d6-8ded-5af248815049 76ef1b7300ef474ea1909b8150d99f3f e41a9e6e66d94234b25e655f3df8395b - - 3a65b27de5874df28411113e10856e6e 3a65b27de5874df28411113e10856e6e] 199.204.45.157 "GET /resource_providers/7cdf9260-b5ab-4f9f-a21a-641067296421/allocations" status: 200 len: 55 microversion: 1.0 [pid: 8|app: 0|req: 549/1110] 199.204.45.157 () {32 vars in 857 bytes} [Wed Jul 1 08:41:12 2026] GET /resource_providers/7cdf9260-b5ab-4f9f-a21a-641067296421/allocations => generated 55 bytes in 15 msecs (HTTP/1.1 200) 6 headers in 223 bytes (1 switches on core 0)
2026-07-01 08:41:13.509 8 INFO placement.requestlog [None req-97194806-6e1d-4bfe-874f-6db451092266 - - - - - -] 10.0.0.111 "GET /" status: 200 len: 136 microversion: 1.0
2026-07-01 08:41:13.509 7 INFO placement.requestlog [None req-411f0e17-5041-435e-8dd2-d4a296be9911 - - - - - -] 10.0.0.111 "GET /" status: 200 len: 136 microversion: 1.0
2026-07-01 08:41:16.584 8 INFO placement.requestlog [None req-f6377b92-4ed5-4f6a-a076-c6ae7842577f 05a7a10ab07b49bca11d351207844b74 e41a9e6e66d94234b25e655f3df8395b - - 3a65b27de5874df28411113e10856e6e 3a65b27de5874df28411113e10856e6e] 10.0.0.156 "GET /resource_providers/3e7ade12-db9a-4325-bdf3-e505aa3cb1bc/aggregates" status: 404 len: 235 microversion: 1.1
2026-07-01 08:41:16.584 7 INFO placement.requestlog [None req-db7e099a-af18-45d3-812a-e76f0117e612 05a7a10ab07b49bca11d351207844b74 e41a9e6e66d94234b25e655f3df8395b - - 3a65b27de5874df28411113e10856e6e 3a65b27de5874df28411113e10856e6e] 10.0.0.156 "GET /resource_providers/3e7ade12-db9a-4325-bdf3-e505aa3cb1bc/aggregates" status: 404 len: 235 microversion: 1.1 [pid: 8|app: 0|req: 551/1113] 10.0.0.156 () {32 vars in 825 bytes} [Wed Jul 1 08:41:16 2026] GET /resource_providers/3e7ade12-db9a-4325-bdf3-e505aa3cb1bc/aggregates => generated 235 bytes in 14 msecs (HTTP/1.1 404) 5 headers in 202 bytes (1 switches on core 0) [pid: 7|app: 0|req: 563/1114] 10.0.0.156 () {32 vars in 825 bytes} [Wed Jul 1 08:41:16 2026] GET /resource_providers/3e7ade12-db9a-4325-bdf3-e505aa3cb1bc/aggregates => generated 235 bytes in 14 msecs (HTTP/1.1 404) 5 headers in 202 bytes (1 switches on core 0)
2026-07-01 08:41:16.615 8 INFO placement.requestlog [None req-e2ae07cf-bac4-4b5f-93d3-0239127727ee 05a7a10ab07b49bca11d351207844b74 e41a9e6e66d94234b25e655f3df8395b - - 3a65b27de5874df28411113e10856e6e 3a65b27de5874df28411113e10856e6e] 10.0.0.156 "DELETE /resource_providers/3e7ade12-db9a-4325-bdf3-e505aa3cb1bc" status: 404 len: 246 microversion: 1.1 [pid: 8|app: 0|req: 552/1115] 10.0.0.156 () {34 vars in 825 bytes} [Wed Jul 1 08:41:16 2026] DELETE /resource_providers/3e7ade12-db9a-4325-bdf3-e505aa3cb1bc => generated 246 bytes in 8 msecs (HTTP/1.1 404) 6 headers in 231 bytes (1 switches on core 0)
2026-07-01 08:41:16.616 7 INFO placement.requestlog [None req-ff7023eb-ff47-4e15-9a69-66893af65b8a 05a7a10ab07b49bca11d351207844b74 e41a9e6e66d94234b25e655f3df8395b - - 3a65b27de5874df28411113e10856e6e 3a65b27de5874df28411113e10856e6e] 10.0.0.156 "DELETE /resource_providers/3e7ade12-db9a-4325-bdf3-e505aa3cb1bc" status: 404 len: 246 microversion: 1.1 [pid: 7|app: 0|req: 564/1116] 10.0.0.156 () {34 vars in 825 bytes} [Wed Jul 1 08:41:16 2026] DELETE /resource_providers/3e7ade12-db9a-4325-bdf3-e505aa3cb1bc => generated 246 bytes in 9 msecs (HTTP/1.1 404) 6 headers in 231 bytes (1 switches on core 0)
2026-07-01 08:41:16.992 8 INFO placement.requestlog [None req-ad614905-1c4a-4769-8012-b27db99da9d9 05a7a10ab07b49bca11d351207844b74 e41a9e6e66d94234b25e655f3df8395b - - 3a65b27de5874df28411113e10856e6e 3a65b27de5874df28411113e10856e6e] 10.0.0.156 "GET /resource_providers/e9d0f291-3fc0-4ade-8a03-163bd4a8138b/aggregates" status: 404 len: 235 microversion: 1.1 [pid: 8|app: 0|req: 553/1117] 10.0.0.156 () {32 vars in 825 bytes} [Wed Jul 1 08:41:16 2026] GET /resource_providers/e9d0f291-3fc0-4ade-8a03-163bd4a8138b/aggregates => generated 235 bytes in 14 msecs (HTTP/1.1 404) 5 headers in 202 bytes (1 switches on core 0)
2026-07-01 08:41:17.002 7 INFO placement.requestlog [None req-4ff0fedf-395a-4117-aa43-b4c9934a5aac 05a7a10ab07b49bca11d351207844b74 e41a9e6e66d94234b25e655f3df8395b - - 3a65b27de5874df28411113e10856e6e 3a65b27de5874df28411113e10856e6e] 10.0.0.156 "GET /resource_providers/e9d0f291-3fc0-4ade-8a03-163bd4a8138b/aggregates" status: 404 len: 235 microversion: 1.1 [pid: 7|app: 0|req: 565/1118] 10.0.0.156 () {32 vars in 825 bytes} [Wed Jul 1 08:41:16 2026] GET /resource_providers/e9d0f291-3fc0-4ade-8a03-163bd4a8138b/aggregates => generated 235 bytes in 16 msecs (HTTP/1.1 404) 5 headers in 202 bytes (1 switches on core 0)
2026-07-01 08:41:17.019 8 INFO placement.requestlog [None req-9f9244c0-1051-4b2d-adde-0a8a58111a82 05a7a10ab07b49bca11d351207844b74 e41a9e6e66d94234b25e655f3df8395b - - 3a65b27de5874df28411113e10856e6e 3a65b27de5874df28411113e10856e6e] 10.0.0.156 "DELETE /resource_providers/e9d0f291-3fc0-4ade-8a03-163bd4a8138b" status: 404 len: 246 microversion: 1.1 [pid: 8|app: 0|req: 554/1119] 10.0.0.156 () {34 vars in 825 bytes} [Wed Jul 1 08:41:17 2026] DELETE /resource_providers/e9d0f291-3fc0-4ade-8a03-163bd4a8138b => generated 246 bytes in 13 msecs (HTTP/1.1 404) 6 headers in 231 bytes (1 switches on core 0)
2026-07-01 08:41:17.022 7 INFO placement.requestlog [None req-6f98b57b-087a-410e-88b2-afd8b05ec80f 05a7a10ab07b49bca11d351207844b74 e41a9e6e66d94234b25e655f3df8395b - - 3a65b27de5874df28411113e10856e6e 3a65b27de5874df28411113e10856e6e] 10.0.0.156 "DELETE /resource_providers/e9d0f291-3fc0-4ade-8a03-163bd4a8138b" status: 404 len: 246 microversion: 1.1 [pid: 7|app: 0|req: 566/1120] 10.0.0.156 () {34 vars in 825 bytes} [Wed Jul 1 08:41:17 2026] DELETE /resource_providers/e9d0f291-3fc0-4ade-8a03-163bd4a8138b => generated 246 bytes in 11 msecs (HTTP/1.1 404) 6 headers in 231 bytes (1 switches on core 0)
2026-07-01 08:41:18.641 8 INFO placement.requestlog [None req-0158cad8-2a11-4e7a-915c-44107e472b7e 05a7a10ab07b49bca11d351207844b74 e41a9e6e66d94234b25e655f3df8395b - - 3a65b27de5874df28411113e10856e6e 3a65b27de5874df28411113e10856e6e] 10.0.0.156 "GET /resource_providers/38204060-2b57-4fcd-a788-161b7c15dffb/aggregates" status: 404 len: 235 microversion: 1.1 [pid: 8|app: 0|req: 555/1121] 10.0.0.156 () {32 vars in 825 bytes} [Wed Jul 1 08:41:18 2026] GET /resource_providers/38204060-2b57-4fcd-a788-161b7c15dffb/aggregates => generated 235 bytes in 18 msecs (HTTP/1.1 404) 5 headers in 202 bytes (1 switches on core 0)
2026-07-01 08:41:18.646 7 INFO placement.requestlog [None req-33fd6192-873e-4b17-bfc3-dc066ad02f2e 05a7a10ab07b49bca11d351207844b74 e41a9e6e66d94234b25e655f3df8395b - - 3a65b27de5874df28411113e10856e6e 3a65b27de5874df28411113e10856e6e] 10.0.0.156 "GET /resource_providers/38204060-2b57-4fcd-a788-161b7c15dffb/aggregates" status: 404 len: 235 microversion: 1.1 [pid: 7|app: 0|req: 567/1122] 10.0.0.156 () {32 vars in 825 bytes} [Wed Jul 1 08:41:18 2026] GET /resource_providers/38204060-2b57-4fcd-a788-161b7c15dffb/aggregates => generated 235 bytes in 17 msecs (HTTP/1.1 404) 5 headers in 202 bytes (1 switches on core 0)
2026-07-01 08:41:18.665 8 INFO placement.requestlog [None req-7fae8a2e-d3ab-4d3a-b3c9-d8efd899fbfb 05a7a10ab07b49bca11d351207844b74 e41a9e6e66d94234b25e655f3df8395b - - 3a65b27de5874df28411113e10856e6e 3a65b27de5874df28411113e10856e6e] 10.0.0.156 "DELETE /resource_providers/38204060-2b57-4fcd-a788-161b7c15dffb" status: 404 len: 246 microversion: 1.1 [pid: 8|app: 0|req: 556/1123] 10.0.0.156 () {34 vars in 825 bytes} [Wed Jul 1 08:41:18 2026] DELETE /resource_providers/38204060-2b57-4fcd-a788-161b7c15dffb => generated 246 bytes in 11 msecs (HTTP/1.1 404) 6 headers in 231 bytes (1 switches on core 0)
2026-07-01 08:41:18.671 7 INFO placement.requestlog [None req-0fdcc397-9547-4ba9-b206-7b9af2c38414 05a7a10ab07b49bca11d351207844b74 e41a9e6e66d94234b25e655f3df8395b - - 3a65b27de5874df28411113e10856e6e 3a65b27de5874df28411113e10856e6e] 10.0.0.156 "DELETE /resource_providers/38204060-2b57-4fcd-a788-161b7c15dffb" status: 404 len: 246 microversion: 1.1 [pid: 7|app: 0|req: 568/1124] 10.0.0.156 () {34 vars in 825 bytes} [Wed Jul 1 08:41:18 2026] DELETE /resource_providers/38204060-2b57-4fcd-a788-161b7c15dffb => generated 246 bytes in 10 msecs (HTTP/1.1 404) 6 headers in 231 bytes (1 switches on core 0)
2026-07-01 08:41:19.039 8 INFO placement.requestlog [None req-829480b4-1eed-4c79-8919-8ee275219be1 05a7a10ab07b49bca11d351207844b74 e41a9e6e66d94234b25e655f3df8395b - - 3a65b27de5874df28411113e10856e6e 3a65b27de5874df28411113e10856e6e] 10.0.0.156 "GET /resource_providers/22f66f91-c956-4bf6-93f1-3392df1821d8/aggregates" status: 404 len: 235 microversion: 1.1 [pid: 8|app: 0|req: 557/1125] 10.0.0.156 () {32 vars in 825 bytes} [Wed Jul 1 08:41:19 2026] GET /resource_providers/22f66f91-c956-4bf6-93f1-3392df1821d8/aggregates => generated 235 bytes in 11 msecs (HTTP/1.1 404) 5 headers in 202 bytes (1 switches on core 0)
2026-07-01 08:41:19.044 7 INFO placement.requestlog [None req-742e21e5-1840-4032-8a09-8dea0f324c2f 05a7a10ab07b49bca11d351207844b74 e41a9e6e66d94234b25e655f3df8395b - - 3a65b27de5874df28411113e10856e6e 3a65b27de5874df28411113e10856e6e] 10.0.0.156 "GET /resource_providers/22f66f91-c956-4bf6-93f1-3392df1821d8/aggregates" status: 404 len: 235 microversion: 1.1 [pid: 7|app: 0|req: 569/1126] 10.0.0.156 () {32 vars in 825 bytes} [Wed Jul 1 08:41:19 2026] GET /resource_providers/22f66f91-c956-4bf6-93f1-3392df1821d8/aggregates => generated 235 bytes in 11 msecs (HTTP/1.1 404) 5 headers in 202 bytes (1 switches on core 0)
2026-07-01 08:41:19.053 8 INFO placement.requestlog [None req-d9101304-bd06-499d-87fe-89ca980a8eb2 05a7a10ab07b49bca11d351207844b74 e41a9e6e66d94234b25e655f3df8395b - - 3a65b27de5874df28411113e10856e6e 3a65b27de5874df28411113e10856e6e] 10.0.0.156 "DELETE /resource_providers/22f66f91-c956-4bf6-93f1-3392df1821d8" status: 404 len: 246 microversion: 1.1 [pid: 8|app: 0|req: 558/1127] 10.0.0.156 () {34 vars in 825 bytes} [Wed Jul 1 08:41:19 2026] DELETE /resource_providers/22f66f91-c956-4bf6-93f1-3392df1821d8 => generated 246 bytes in 8 msecs (HTTP/1.1 404) 6 headers in 231 bytes (1 switches on core 0)
2026-07-01 08:41:19.058 7 INFO placement.requestlog [None req-d9c780f6-92e4-4c4c-82b6-121810c59f5f 05a7a10ab07b49bca11d351207844b74 e41a9e6e66d94234b25e655f3df8395b - - 3a65b27de5874df28411113e10856e6e 3a65b27de5874df28411113e10856e6e] 10.0.0.156 "DELETE /resource_providers/22f66f91-c956-4bf6-93f1-3392df1821d8" status: 404 len: 246 microversion: 1.1 [pid: 7|app: 0|req: 570/1128] 10.0.0.156 () {34 vars in 825 bytes} [Wed Jul 1 08:41:19 2026] DELETE /resource_providers/22f66f91-c956-4bf6-93f1-3392df1821d8 => generated 246 bytes in 8 msecs (HTTP/1.1 404) 6 headers in 231 bytes (1 switches on core 0)
2026-07-01 08:41:19.067 8 INFO placement.requestlog [None req-174807eb-8ff6-463c-8b54-b1a9a347f283 05a7a10ab07b49bca11d351207844b74 e41a9e6e66d94234b25e655f3df8395b - - 3a65b27de5874df28411113e10856e6e 3a65b27de5874df28411113e10856e6e] 10.0.0.156 "GET /resource_providers/6a664495-ad74-4fb1-ab34-0b1a37b7dcf4/aggregates" status: 404 len: 235 microversion: 1.1 [pid: 8|app: 0|req: 559/1129] 10.0.0.156 () {32 vars in 825 bytes} [Wed Jul 1 08:41:19 2026] GET /resource_providers/6a664495-ad74-4fb1-ab34-0b1a37b7dcf4/aggregates => generated 235 bytes in 9 msecs (HTTP/1.1 404) 5 headers in 202 bytes (1 switches on core 0)
2026-07-01 08:41:19.068 7 INFO placement.requestlog [None req-0a617712-3eb6-4ffc-a702-7b360f692690 05a7a10ab07b49bca11d351207844b74 e41a9e6e66d94234b25e655f3df8395b - - 3a65b27de5874df28411113e10856e6e 3a65b27de5874df28411113e10856e6e] 10.0.0.156 "GET /resource_providers/6a664495-ad74-4fb1-ab34-0b1a37b7dcf4/aggregates" status: 404 len: 235 microversion: 1.1 [pid: 7|app: 0|req: 571/1130] 10.0.0.156 () {32 vars in 825 bytes} [Wed Jul 1 08:41:19 2026] GET /resource_providers/6a664495-ad74-4fb1-ab34-0b1a37b7dcf4/aggregates => generated 235 bytes in 5 msecs (HTTP/1.1 404) 5 headers in 202 bytes (1 switches on core 0)
2026-07-01 08:41:19.083 8 INFO placement.requestlog [None req-64953777-ed51-46c9-9da9-133dedce1634 05a7a10ab07b49bca11d351207844b74 e41a9e6e66d94234b25e655f3df8395b - - 3a65b27de5874df28411113e10856e6e 3a65b27de5874df28411113e10856e6e] 10.0.0.156 "DELETE /resource_providers/6a664495-ad74-4fb1-ab34-0b1a37b7dcf4" status: 404 len: 246 microversion: 1.1 [pid: 8|app: 0|req: 560/1131] 10.0.0.156 () {34 vars in 825 bytes} [Wed Jul 1 08:41:19 2026] DELETE /resource_providers/6a664495-ad74-4fb1-ab34-0b1a37b7dcf4 => generated 246 bytes in 8 msecs (HTTP/1.1 404) 6 headers in 231 bytes (1 switches on core 0)
2026-07-01 08:41:19.083 7 INFO placement.requestlog [None req-b5017b17-f5af-46e6-9fea-b77053a0cd44 05a7a10ab07b49bca11d351207844b74 e41a9e6e66d94234b25e655f3df8395b - - 3a65b27de5874df28411113e10856e6e 3a65b27de5874df28411113e10856e6e] 10.0.0.156 "DELETE /resource_providers/6a664495-ad74-4fb1-ab34-0b1a37b7dcf4" status: 404 len: 246 microversion: 1.1 [pid: 7|app: 0|req: 572/1132] 10.0.0.156 () {34 vars in 825 bytes} [Wed Jul 1 08:41:19 2026] DELETE /resource_providers/6a664495-ad74-4fb1-ab34-0b1a37b7dcf4 => generated 246 bytes in 8 msecs (HTTP/1.1 404) 6 headers in 231 bytes (1 switches on core 0)
