2026-07-01 08:37:43.421 9 INFO neutron.db.ovn_revision_numbers_db [None req-79a8c326-1423-432d-90e1-f2911866759b 275305560ff2488aa0068b872cabd664 70f7ffc7c4e345cd9129a4b9282b0f5f - - default default] Successfully bumped revision number for resource 0d052bc9-0bb5-4d04-bcd0-2b43fbf7030f (type: security_group_rules) to 0
2026-07-01 08:37:43.436 10 INFO neutron.wsgi [req-081cc7f4-a964-4ae6-928b-2dd36a5f48ea req-d4820e90-6a67-40c1-87de-652520ce1426 05a7a10ab07b49bca11d351207844b74 e41a9e6e66d94234b25e655f3df8395b - - 3a65b27de5874df28411113e10856e6e 3a65b27de5874df28411113e10856e6e] 10.0.0.93 "GET /v2.0/networks/8823a79f-b599-4c16-b221-a3001f7e1351?fields=segments HTTP/1.1" status: 200 len: 212 time: 0.0455010
2026-07-01 08:37:43.445 9 INFO neutron.db.ovn_revision_numbers_db [None req-79a8c326-1423-432d-90e1-f2911866759b 275305560ff2488aa0068b872cabd664 70f7ffc7c4e345cd9129a4b9282b0f5f - - default default] Successfully bumped revision number for resource 17c574a8-461c-466a-bbfd-c5427999f7bb (type: security_group_rules) to 0
2026-07-01 08:37:43.471 9 INFO neutron.db.ovn_revision_numbers_db [None req-79a8c326-1423-432d-90e1-f2911866759b 275305560ff2488aa0068b872cabd664 70f7ffc7c4e345cd9129a4b9282b0f5f - - default default] Successfully bumped revision number for resource 9985ff98-5f5e-4cea-909b-7a8483bacabc (type: security_group_rules) to 0
2026-07-01 08:37:43.490 10 INFO neutron.wsgi [req-081cc7f4-a964-4ae6-928b-2dd36a5f48ea req-d428567e-428d-44f4-9f40-afb419844cee 05a7a10ab07b49bca11d351207844b74 e41a9e6e66d94234b25e655f3df8395b - - 3a65b27de5874df28411113e10856e6e 3a65b27de5874df28411113e10856e6e] 10.0.0.93 "GET /v2.0/networks/8823a79f-b599-4c16-b221-a3001f7e1351?fields=provider%3Aphysical_network&fields=provider%3Anetwork_type HTTP/1.1" status: 200 len: 277 time: 0.0456564
2026-07-01 08:37:43.501 9 INFO neutron.db.ovn_revision_numbers_db [None req-79a8c326-1423-432d-90e1-f2911866759b 275305560ff2488aa0068b872cabd664 70f7ffc7c4e345cd9129a4b9282b0f5f - - default default] Successfully bumped revision number for resource f6f5b613-4415-47f8-a093-5d23f93abbe0 (type: security_group_rules) to 0
2026-07-01 08:37:43.536 9 INFO neutron.wsgi [None req-79a8c326-1423-432d-90e1-f2911866759b 275305560ff2488aa0068b872cabd664 70f7ffc7c4e345cd9129a4b9282b0f5f - - default default] 10.0.0.170 "GET /v2.0/security-groups?tenant_id=698e7c1973fe458682549a86e46cbf90&name=default HTTP/1.1" status: 200 len: 2996 time: 0.2908456
2026-07-01 08:37:43.642 10 INFO neutron.wsgi [req-cd3b23e8-cf3f-45cd-996e-bd307c1167e4 req-c3fee73e-fe30-426e-b0c5-312917211c7b de1cfe1f5adf48c18c52a0cc98359758 ff7fd8c1d7ad44609fd883396b00b2a9 - - default default] 10.0.0.93 "GET /v2.0/ports?device_id=c53f7d23-8c5a-4f20-9992-717e4a766dea HTTP/1.1" status: 200 len: 210 time: 0.0271962
2026-07-01 08:37:43.846 9 INFO neutron.wsgi [None req-c4f8a73b-fa98-4123-8139-a75859d6b080 275305560ff2488aa0068b872cabd664 70f7ffc7c4e345cd9129a4b9282b0f5f - - default default] 10.0.0.170 "DELETE /v2.0/security-groups/44038861-7aa3-4dbe-b890-d1850161cc20 HTTP/1.1" status: 204 len: 168 time: 0.3036940
2026-07-01 08:37:43.936 9 INFO neutron.db.ovn_revision_numbers_db [None req-810063f1-9891-4880-8991-8d8aaa04e2ce 275305560ff2488aa0068b872cabd664 70f7ffc7c4e345cd9129a4b9282b0f5f - - default default] Successfully bumped revision number for resource f3476133-5150-415f-a717-38ab0dd70420 (type: ports) to 2
2026-07-01 08:37:43.974 9 INFO neutron.db.ovn_revision_numbers_db [None req-810063f1-9891-4880-8991-8d8aaa04e2ce 275305560ff2488aa0068b872cabd664 70f7ffc7c4e345cd9129a4b9282b0f5f - - default default] Successfully bumped revision number for resource 75934ba5-3b65-480f-850f-8f4a3bb7f2b4 (type: subnets) to 0
2026-07-01 08:37:43.988 9 INFO neutron.wsgi [None req-810063f1-9891-4880-8991-8d8aaa04e2ce 275305560ff2488aa0068b872cabd664 70f7ffc7c4e345cd9129a4b9282b0f5f - - default default] 10.0.0.170 "POST /v2.0/subnets HTTP/1.1" status: 201 len: 862 time: 0.7693093
2026-07-01 08:37:44.318 9 INFO neutron.wsgi [req-081cc7f4-a964-4ae6-928b-2dd36a5f48ea req-e1d8b08a-379a-4b8d-9416-cbac5168c639 de1cfe1f5adf48c18c52a0cc98359758 ff7fd8c1d7ad44609fd883396b00b2a9 - - default default] 199.204.45.157 "GET /v2.0/networks?id=8823a79f-b599-4c16-b221-a3001f7e1351 HTTP/1.1" status: 200 len: 904 time: 0.0904939
2026-07-01 08:37:44.383 9 INFO neutron.wsgi [req-081cc7f4-a964-4ae6-928b-2dd36a5f48ea req-9f596c35-e204-4a9e-8596-7b2022af2aed de1cfe1f5adf48c18c52a0cc98359758 ff7fd8c1d7ad44609fd883396b00b2a9 - - default default] 199.204.45.157 "GET /v2.0/security-groups?fields=id&fields=name&tenant_id=ff7fd8c1d7ad44609fd883396b00b2a9 HTTP/1.1" status: 200 len: 378 time: 0.0580740
2026-07-01 08:37:44.518 9 WARNING neutron.scheduler.dhcp_agent_scheduler [None req-f277394b-6755-4374-a175-1aac82040bba 275305560ff2488aa0068b872cabd664 70f7ffc7c4e345cd9129a4b9282b0f5f - - default default] No more DHCP agents
2026-07-01 08:37:44.523 9 WARNING neutron.api.rpc.agentnotifiers.dhcp_rpc_agent_api [None req-f277394b-6755-4374-a175-1aac82040bba 275305560ff2488aa0068b872cabd664 70f7ffc7c4e345cd9129a4b9282b0f5f - - default default] Unable to schedule network 71be9c22-9137-46f4-bb67-4045b8ca23fa: no agents available; will retry on subsequent port and subnet creation events.
2026-07-01 08:37:44.646 9 WARNING neutron.plugins.ml2.drivers.ovn.mech_driver.ovsdb.ovn_client [None req-17ab10d5-9439-411f-8745-9887d4c5b955 - - - - - -] No hosting information found for port 3a0f7f75-e2a7-4ba0-ac07-eee8e70d5310: RuntimeError: No hosting information found for port 3a0f7f75-e2a7-4ba0-ac07-eee8e70d5310
2026-07-01 08:37:44.762 9 INFO neutron.db.ovn_revision_numbers_db [None req-f277394b-6755-4374-a175-1aac82040bba 275305560ff2488aa0068b872cabd664 70f7ffc7c4e345cd9129a4b9282b0f5f - - default default] Successfully bumped revision number for resource ad026a0e-a3ad-4f0b-b5db-9676810028bd (type: ports) to 1
2026-07-01 08:37:45.167 9 WARNING neutron.scheduler.dhcp_agent_scheduler [req-081cc7f4-a964-4ae6-928b-2dd36a5f48ea req-4cdc593e-85a2-4119-822b-6cc1e4d6facd de1cfe1f5adf48c18c52a0cc98359758 ff7fd8c1d7ad44609fd883396b00b2a9 - - default default] No more DHCP agents
2026-07-01 08:37:45.178 9 WARNING neutron.api.rpc.agentnotifiers.dhcp_rpc_agent_api [req-081cc7f4-a964-4ae6-928b-2dd36a5f48ea req-4cdc593e-85a2-4119-822b-6cc1e4d6facd de1cfe1f5adf48c18c52a0cc98359758 ff7fd8c1d7ad44609fd883396b00b2a9 - - default default] Unable to schedule network 8823a79f-b599-4c16-b221-a3001f7e1351: no agents available; will retry on subsequent port and subnet creation events.
2026-07-01 08:37:45.423 9 INFO neutron.db.ovn_revision_numbers_db [req-081cc7f4-a964-4ae6-928b-2dd36a5f48ea req-4cdc593e-85a2-4119-822b-6cc1e4d6facd de1cfe1f5adf48c18c52a0cc98359758 ff7fd8c1d7ad44609fd883396b00b2a9 - - default default] Successfully bumped revision number for resource 6879fb70-89d6-437e-b32d-13328c34a636 (type: ports) to 1
2026-07-01 08:37:45.462 9 INFO neutron.wsgi [req-081cc7f4-a964-4ae6-928b-2dd36a5f48ea req-4cdc593e-85a2-4119-822b-6cc1e4d6facd de1cfe1f5adf48c18c52a0cc98359758 ff7fd8c1d7ad44609fd883396b00b2a9 - - default default] 199.204.45.157 "POST /v2.0/ports HTTP/1.1" status: 201 len: 1388 time: 1.0634682 /var/lib/openstack/lib/python3.10/site-packages/pycadf/identifier.py:71: UserWarning: Invalid uuid: neutron. To ensure interoperability, identifiers should be a valid uuid. warnings.warn(('Invalid uuid: %s. To ensure interoperability, '
2026-07-01 08:37:45.743 10 INFO neutron.plugins.ml2.drivers.ovn.mech_driver.mech_driver [None req-082ab5e4-522b-4889-97e6-daa04ebc9f95 - - - - - -] OVN reports status up for port: ad026a0e-a3ad-4f0b-b5db-9676810028bd
2026-07-01 08:37:45.748 10 INFO neutron.plugins.ml2.drivers.ovn.mech_driver.ovsdb.ovsdb_monitor [None req-c713b5be-e23c-49b9-9775-07aa384bf050 - - - - - -] Router c5c96c42-71cc-40e4-9694-4859a7d5f7ad is bound to host instance
2026-07-01 08:37:45.767 10 INFO neutron.plugins.ml2.plugin [None req-082ab5e4-522b-4889-97e6-daa04ebc9f95 - - - - - -] Attempt 1 to provision port ad026a0e-a3ad-4f0b-b5db-9676810028bd
2026-07-01 08:37:45.796 9 INFO neutron.db.ovn_revision_numbers_db [None req-f277394b-6755-4374-a175-1aac82040bba 275305560ff2488aa0068b872cabd664 70f7ffc7c4e345cd9129a4b9282b0f5f - - default default] Successfully bumped revision number for resource ad026a0e-a3ad-4f0b-b5db-9676810028bd (type: router_ports) to 1
2026-07-01 08:37:45.895 9 INFO neutron.db.ovn_revision_numbers_db [None req-f277394b-6755-4374-a175-1aac82040bba 275305560ff2488aa0068b872cabd664 70f7ffc7c4e345cd9129a4b9282b0f5f - - default default] Successfully bumped revision number for resource c5c96c42-71cc-40e4-9694-4859a7d5f7ad (type: routers) to 2
2026-07-01 08:37:45.914 9 INFO neutron.wsgi [None req-f277394b-6755-4374-a175-1aac82040bba 275305560ff2488aa0068b872cabd664 70f7ffc7c4e345cd9129a4b9282b0f5f - - default default] 10.0.0.170 "POST /v2.0/routers HTTP/1.1" status: 201 len: 873 time: 1.9212062 /var/lib/openstack/lib/python3.10/site-packages/pycadf/identifier.py:71: UserWarning: Invalid uuid: neutron. To ensure interoperability, identifiers should be a valid uuid. warnings.warn(('Invalid uuid: %s. To ensure interoperability, '
2026-07-01 08:37:46.095 9 INFO neutron.db.ovn_revision_numbers_db [req-081cc7f4-a964-4ae6-928b-2dd36a5f48ea req-15a66316-738e-40ea-ac42-b1cbdfc1bd26 05a7a10ab07b49bca11d351207844b74 e41a9e6e66d94234b25e655f3df8395b - - 3a65b27de5874df28411113e10856e6e 3a65b27de5874df28411113e10856e6e] Successfully bumped revision number for resource 6879fb70-89d6-437e-b32d-13328c34a636 (type: ports) to 2
2026-07-01 08:37:46.335 10 INFO neutron.db.ovn_revision_numbers_db [None req-c713b5be-e23c-49b9-9775-07aa384bf050 - - - - - -] Successfully bumped revision number for resource ad026a0e-a3ad-4f0b-b5db-9676810028bd (type: ports) to 1
2026-07-01 08:37:46.364 9 INFO neutron.db.ovn_revision_numbers_db [req-081cc7f4-a964-4ae6-928b-2dd36a5f48ea req-15a66316-738e-40ea-ac42-b1cbdfc1bd26 05a7a10ab07b49bca11d351207844b74 e41a9e6e66d94234b25e655f3df8395b - - 3a65b27de5874df28411113e10856e6e 3a65b27de5874df28411113e10856e6e] Successfully bumped revision number for resource 6879fb70-89d6-437e-b32d-13328c34a636 (type: ports) to 2
2026-07-01 08:37:46.392 9 INFO neutron.wsgi [req-081cc7f4-a964-4ae6-928b-2dd36a5f48ea req-15a66316-738e-40ea-ac42-b1cbdfc1bd26 05a7a10ab07b49bca11d351207844b74 e41a9e6e66d94234b25e655f3df8395b - - 3a65b27de5874df28411113e10856e6e 3a65b27de5874df28411113e10856e6e] 199.204.45.157 "PUT /v2.0/ports/6879fb70-89d6-437e-b32d-13328c34a636 HTTP/1.1" status: 200 len: 1605 time: 0.9230499 /var/lib/openstack/lib/python3.10/site-packages/pycadf/identifier.py:71: UserWarning: Invalid uuid: neutron. To ensure interoperability, identifiers should be a valid uuid. warnings.warn(('Invalid uuid: %s. To ensure interoperability, '
2026-07-01 08:37:46.455 9 INFO neutron.notifiers.nova [-] Nova event matching ['req-9f12c00a-c9f0-4b91-a7f5-6bb8707854d0'] response: {'name': 'network-changed', 'server_uuid': 'c53f7d23-8c5a-4f20-9992-717e4a766dea', 'tag': '6879fb70-89d6-437e-b32d-13328c34a636', 'status': 'completed', 'code': 200}
2026-07-01 08:37:46.457 9 INFO neutron.wsgi [req-081cc7f4-a964-4ae6-928b-2dd36a5f48ea req-ff160537-8f52-4267-bad8-281dcd4909f9 05a7a10ab07b49bca11d351207844b74 e41a9e6e66d94234b25e655f3df8395b - - 3a65b27de5874df28411113e10856e6e 3a65b27de5874df28411113e10856e6e] 199.204.45.157 "GET /v2.0/ports?tenant_id=ff7fd8c1d7ad44609fd883396b00b2a9&device_id=c53f7d23-8c5a-4f20-9992-717e4a766dea HTTP/1.1" status: 200 len: 1636 time: 0.0321801
2026-07-01 08:37:46.495 9 WARNING neutron.scheduler.dhcp_agent_scheduler [None req-2c044f06-9ec6-46d5-a757-91f56cb49fe5 275305560ff2488aa0068b872cabd664 70f7ffc7c4e345cd9129a4b9282b0f5f - - default default] No more DHCP agents
2026-07-01 08:37:46.498 9 INFO neutron.wsgi [req-081cc7f4-a964-4ae6-928b-2dd36a5f48ea req-06b782ed-f600-45ca-8261-cd5749c87c8a 05a7a10ab07b49bca11d351207844b74 e41a9e6e66d94234b25e655f3df8395b - - 3a65b27de5874df28411113e10856e6e 3a65b27de5874df28411113e10856e6e] 199.204.45.157 "GET /v2.0/floatingips?fixed_ip_address=10.2.1.242&port_id=6879fb70-89d6-437e-b32d-13328c34a636 HTTP/1.1" status: 200 len: 217 time: 0.0318365
2026-07-01 08:37:46.499 9 WARNING neutron.api.rpc.agentnotifiers.dhcp_rpc_agent_api [None req-2c044f06-9ec6-46d5-a757-91f56cb49fe5 275305560ff2488aa0068b872cabd664 70f7ffc7c4e345cd9129a4b9282b0f5f - - default default] Unable to schedule network 4ade676d-42e4-496e-87a5-9a6daf1361ad: no agents available; will retry on subsequent port and subnet creation events.
2026-07-01 08:37:46.536 9 INFO neutron.wsgi [req-081cc7f4-a964-4ae6-928b-2dd36a5f48ea req-8b12e184-ec85-44c4-b334-791a02cac4c9 05a7a10ab07b49bca11d351207844b74 e41a9e6e66d94234b25e655f3df8395b - - 3a65b27de5874df28411113e10856e6e 3a65b27de5874df28411113e10856e6e] 199.204.45.157 "GET /v2.0/floatingips?fixed_ip_address=fd7b%3Af9f7%3Afff%3A4eca%3A%3A199&port_id=6879fb70-89d6-437e-b32d-13328c34a636 HTTP/1.1" status: 200 len: 217 time: 0.0289226
2026-07-01 08:37:46.583 9 INFO neutron.wsgi [req-081cc7f4-a964-4ae6-928b-2dd36a5f48ea req-83561d17-7597-42e8-b915-9ff40657fa7d 05a7a10ab07b49bca11d351207844b74 e41a9e6e66d94234b25e655f3df8395b - - 3a65b27de5874df28411113e10856e6e 3a65b27de5874df28411113e10856e6e] 199.204.45.157 "GET /v2.0/subnets?id=8a65f6b2-f652-4dda-9f38-85ef07746284&id=6c72cdb5-4d8a-444f-a58a-83b32dc33f07 HTTP/1.1" status: 200 len: 1562 time: 0.0413539
2026-07-01 08:37:46.619 9 INFO neutron.wsgi [req-081cc7f4-a964-4ae6-928b-2dd36a5f48ea req-7c59dd4c-0827-4347-936f-50d63b8ae0d4 05a7a10ab07b49bca11d351207844b74 e41a9e6e66d94234b25e655f3df8395b - - 3a65b27de5874df28411113e10856e6e 3a65b27de5874df28411113e10856e6e] 199.204.45.157 "GET /v2.0/ports?network_id=8823a79f-b599-4c16-b221-a3001f7e1351&device_owner=network%3Adhcp HTTP/1.1" status: 200 len: 210 time: 0.0268965
2026-07-01 08:37:46.623 10 INFO neutron.db.ovn_revision_numbers_db [None req-c713b5be-e23c-49b9-9775-07aa384bf050 - - - - - -] Successfully bumped revision number for resource ad026a0e-a3ad-4f0b-b5db-9676810028bd (type: router_ports) to 3
2026-07-01 08:37:46.657 9 INFO neutron.wsgi [req-081cc7f4-a964-4ae6-928b-2dd36a5f48ea req-3f04fe2a-3988-4d27-9bc0-81a43942139b 05a7a10ab07b49bca11d351207844b74 e41a9e6e66d94234b25e655f3df8395b - - 3a65b27de5874df28411113e10856e6e 3a65b27de5874df28411113e10856e6e] 199.204.45.157 "GET /v2.0/ports?network_id=8823a79f-b599-4c16-b221-a3001f7e1351&device_owner=network%3Adhcp HTTP/1.1" status: 200 len: 210 time: 0.0301759
2026-07-01 08:37:46.787 10 INFO neutron.db.ovn_revision_numbers_db [None req-c713b5be-e23c-49b9-9775-07aa384bf050 - - - - - -] Successfully bumped revision number for resource ad026a0e-a3ad-4f0b-b5db-9676810028bd (type: ports) to 2
2026-07-01 08:37:47.004 9 INFO neutron.wsgi [req-081cc7f4-a964-4ae6-928b-2dd36a5f48ea req-e857f2d8-b5fb-43ec-97d4-1bf3037e3518 05a7a10ab07b49bca11d351207844b74 e41a9e6e66d94234b25e655f3df8395b - - 3a65b27de5874df28411113e10856e6e 3a65b27de5874df28411113e10856e6e] 199.204.45.157 "GET /v2.0/networks/8823a79f-b599-4c16-b221-a3001f7e1351?fields=segments HTTP/1.1" status: 200 len: 212 time: 0.3329854
2026-07-01 08:37:47.015 10 INFO neutron.db.ovn_revision_numbers_db [None req-c713b5be-e23c-49b9-9775-07aa384bf050 - - - - - -] Successfully bumped revision number for resource ad026a0e-a3ad-4f0b-b5db-9676810028bd (type: ports) to 4
2026-07-01 08:37:47.019 9 INFO neutron.db.ovn_revision_numbers_db [None req-2c044f06-9ec6-46d5-a757-91f56cb49fe5 275305560ff2488aa0068b872cabd664 70f7ffc7c4e345cd9129a4b9282b0f5f - - default default] Successfully bumped revision number for resource de620ee1-5862-475d-89d7-bd94cc52adf5 (type: ports) to 1
2026-07-01 08:37:47.103 9 INFO neutron.wsgi [req-081cc7f4-a964-4ae6-928b-2dd36a5f48ea req-695d7dc1-a0bd-4d7d-b7ef-4816ee509e7e 05a7a10ab07b49bca11d351207844b74 e41a9e6e66d94234b25e655f3df8395b - - 3a65b27de5874df28411113e10856e6e 3a65b27de5874df28411113e10856e6e] 199.204.45.157 "GET /v2.0/networks/8823a79f-b599-4c16-b221-a3001f7e1351?fields=provider%3Aphysical_network&fields=provider%3Anetwork_type HTTP/1.1" status: 200 len: 277 time: 0.0921960
2026-07-01 08:37:47.187 9 INFO neutron.wsgi [req-e2a71da9-c065-47ee-a026-075241ef1f07 req-b0a6a73f-2078-402c-8a73-38160d41e34b 05a7a10ab07b49bca11d351207844b74 e41a9e6e66d94234b25e655f3df8395b - - 3a65b27de5874df28411113e10856e6e 3a65b27de5874df28411113e10856e6e] 199.204.45.157 "GET /v2.0/ports?tenant_id=ff7fd8c1d7ad44609fd883396b00b2a9&device_id=c53f7d23-8c5a-4f20-9992-717e4a766dea HTTP/1.1" status: 200 len: 1636 time: 0.0363860
2026-07-01 08:37:47.274 9 INFO neutron.wsgi [req-e2a71da9-c065-47ee-a026-075241ef1f07 req-ebd56c3d-9fef-4b3a-92d9-e20cb5d52710 05a7a10ab07b49bca11d351207844b74 e41a9e6e66d94234b25e655f3df8395b - - 3a65b27de5874df28411113e10856e6e 3a65b27de5874df28411113e10856e6e] 199.204.45.157 "GET /v2.0/networks?id=8823a79f-b599-4c16-b221-a3001f7e1351 HTTP/1.1" status: 200 len: 1003 time: 0.0746520
2026-07-01 08:37:47.312 9 INFO neutron.wsgi [req-e2a71da9-c065-47ee-a026-075241ef1f07 req-14308b44-6dca-4696-95db-ca85af24b536 05a7a10ab07b49bca11d351207844b74 e41a9e6e66d94234b25e655f3df8395b - - 3a65b27de5874df28411113e10856e6e 3a65b27de5874df28411113e10856e6e] 199.204.45.157 "GET /v2.0/floatingips?fixed_ip_address=10.2.1.242&port_id=6879fb70-89d6-437e-b32d-13328c34a636 HTTP/1.1" status: 200 len: 217 time: 0.0294600
2026-07-01 08:37:47.319 10 INFO neutron.db.ovn_revision_numbers_db [None req-c713b5be-e23c-49b9-9775-07aa384bf050 - - - - - -] Successfully bumped revision number for resource ad026a0e-a3ad-4f0b-b5db-9676810028bd (type: router_ports) to 4
2026-07-01 08:37:47.357 9 INFO neutron.wsgi [req-e2a71da9-c065-47ee-a026-075241ef1f07 req-6b703a7f-d6a8-4b5f-ae61-a720f634cea2 05a7a10ab07b49bca11d351207844b74 e41a9e6e66d94234b25e655f3df8395b - - 3a65b27de5874df28411113e10856e6e 3a65b27de5874df28411113e10856e6e] 199.204.45.157 "GET /v2.0/floatingips?fixed_ip_address=fd7b%3Af9f7%3Afff%3A4eca%3A%3A199&port_id=6879fb70-89d6-437e-b32d-13328c34a636 HTTP/1.1" status: 200 len: 217 time: 0.0383065
2026-07-01 08:37:47.421 9 INFO neutron.wsgi [req-e2a71da9-c065-47ee-a026-075241ef1f07 req-51ee35f0-3120-43c3-a85d-f2bc2e4c898c 05a7a10ab07b49bca11d351207844b74 e41a9e6e66d94234b25e655f3df8395b - - 3a65b27de5874df28411113e10856e6e 3a65b27de5874df28411113e10856e6e] 199.204.45.157 "GET /v2.0/subnets?id=8a65f6b2-f652-4dda-9f38-85ef07746284&id=6c72cdb5-4d8a-444f-a58a-83b32dc33f07 HTTP/1.1" status: 200 len: 1562 time: 0.0568779
2026-07-01 08:37:47.453 9 INFO neutron.wsgi [req-e2a71da9-c065-47ee-a026-075241ef1f07 req-d80513af-eaff-4c93-be0a-94599cf4fa24 05a7a10ab07b49bca11d351207844b74 e41a9e6e66d94234b25e655f3df8395b - - 3a65b27de5874df28411113e10856e6e 3a65b27de5874df28411113e10856e6e] 199.204.45.157 "GET /v2.0/ports?network_id=8823a79f-b599-4c16-b221-a3001f7e1351&device_owner=network%3Adhcp HTTP/1.1" status: 200 len: 210 time: 0.0243566
2026-07-01 08:37:47.490 9 INFO neutron.wsgi [req-e2a71da9-c065-47ee-a026-075241ef1f07 req-c3160979-3c68-47b5-a852-2bf3b1eed48e 05a7a10ab07b49bca11d351207844b74 e41a9e6e66d94234b25e655f3df8395b - - 3a65b27de5874df28411113e10856e6e 3a65b27de5874df28411113e10856e6e] 199.204.45.157 "GET /v2.0/ports?network_id=8823a79f-b599-4c16-b221-a3001f7e1351&device_owner=network%3Adhcp HTTP/1.1" status: 200 len: 210 time: 0.0322568
2026-07-01 08:37:47.600 9 INFO neutron.wsgi [req-e2a71da9-c065-47ee-a026-075241ef1f07 req-8b91f0ca-0789-4295-9224-9c70b02ad3a4 05a7a10ab07b49bca11d351207844b74 e41a9e6e66d94234b25e655f3df8395b - - 3a65b27de5874df28411113e10856e6e 3a65b27de5874df28411113e10856e6e] 199.204.45.157 "GET /v2.0/networks/8823a79f-b599-4c16-b221-a3001f7e1351?fields=segments HTTP/1.1" status: 200 len: 212 time: 0.1005895
2026-07-01 08:37:47.642 9 INFO neutron.db.ovn_revision_numbers_db [None req-2bb2942b-ce52-4ccc-8192-98da0dcbe6cd b2416f8ece204c38be83cbee3bc16eed 0d4acbffbf1046c6b06e283388839eac - - default default] Successfully bumped revision number for resource 79b84d79-3b07-4441-8ce1-6958d38a9a20 (type: security_groups) to 1
2026-07-01 08:37:47.662 9 INFO neutron.plugins.ml2.drivers.ovn.mech_driver.mech_driver [None req-17ab10d5-9439-411f-8745-9887d4c5b955 - - - - - -] OVN reports status up for port: de620ee1-5862-475d-89d7-bd94cc52adf5
2026-07-01 08:37:47.679 9 INFO neutron.plugins.ml2.plugin [None req-17ab10d5-9439-411f-8745-9887d4c5b955 - - - - - -] Attempt 1 to provision port de620ee1-5862-475d-89d7-bd94cc52adf5
2026-07-01 08:37:47.692 9 INFO neutron.db.ovn_revision_numbers_db [None req-2bb2942b-ce52-4ccc-8192-98da0dcbe6cd b2416f8ece204c38be83cbee3bc16eed 0d4acbffbf1046c6b06e283388839eac - - default default] Successfully bumped revision number for resource 02023d70-b91b-416c-8e77-7e12c158627b (type: security_group_rules) to 0
2026-07-01 08:37:47.707 9 INFO neutron.db.ovn_revision_numbers_db [None req-2c044f06-9ec6-46d5-a757-91f56cb49fe5 275305560ff2488aa0068b872cabd664 70f7ffc7c4e345cd9129a4b9282b0f5f - - default default] Successfully bumped revision number for resource de620ee1-5862-475d-89d7-bd94cc52adf5 (type: router_ports) to 1
2026-07-01 08:37:47.723 9 INFO neutron.wsgi [req-e2a71da9-c065-47ee-a026-075241ef1f07 req-6035b374-f456-43cf-baa9-f74066a71f60 05a7a10ab07b49bca11d351207844b74 e41a9e6e66d94234b25e655f3df8395b - - 3a65b27de5874df28411113e10856e6e 3a65b27de5874df28411113e10856e6e] 199.204.45.157 "GET /v2.0/networks/8823a79f-b599-4c16-b221-a3001f7e1351?fields=provider%3Aphysical_network&fields=provider%3Anetwork_type HTTP/1.1" status: 200 len: 277 time: 0.1122210
2026-07-01 08:37:47.729 9 INFO neutron.db.ovn_revision_numbers_db [None req-2bb2942b-ce52-4ccc-8192-98da0dcbe6cd b2416f8ece204c38be83cbee3bc16eed 0d4acbffbf1046c6b06e283388839eac - - default default] Successfully bumped revision number for resource 24553ede-1ccf-4f66-a672-b990de5e941b (type: security_group_rules) to 0
2026-07-01 08:37:47.758 9 INFO neutron.db.ovn_revision_numbers_db [None req-2bb2942b-ce52-4ccc-8192-98da0dcbe6cd b2416f8ece204c38be83cbee3bc16eed 0d4acbffbf1046c6b06e283388839eac - - default default] Successfully bumped revision number for resource 667c028d-d81a-475a-8019-ed6b81d53509 (type: security_group_rules) to 0
2026-07-01 08:37:47.783 9 INFO neutron.db.ovn_revision_numbers_db [None req-2bb2942b-ce52-4ccc-8192-98da0dcbe6cd b2416f8ece204c38be83cbee3bc16eed 0d4acbffbf1046c6b06e283388839eac - - default default] Successfully bumped revision number for resource 6f35ffc4-487c-4a98-82ee-7a7d2c698920 (type: security_group_rules) to 0
2026-07-01 08:37:47.881 9 INFO neutron.db.segments_db [None req-2bb2942b-ce52-4ccc-8192-98da0dcbe6cd b2416f8ece204c38be83cbee3bc16eed 0d4acbffbf1046c6b06e283388839eac - - default default] Added segment c66ab092-8f66-4846-9b8a-26f2adbb45cd of type geneve for network 50cf3fd1-cb1b-4631-9474-da66fd2725fc
2026-07-01 08:37:47.990 9 INFO neutron.db.ovn_revision_numbers_db [None req-2c044f06-9ec6-46d5-a757-91f56cb49fe5 275305560ff2488aa0068b872cabd664 70f7ffc7c4e345cd9129a4b9282b0f5f - - default default] Successfully bumped revision number for resource de620ee1-5862-475d-89d7-bd94cc52adf5 (type: ports) to 1
2026-07-01 08:37:48.115 9 INFO neutron.db.ovn_revision_numbers_db [None req-2bb2942b-ce52-4ccc-8192-98da0dcbe6cd b2416f8ece204c38be83cbee3bc16eed 0d4acbffbf1046c6b06e283388839eac - - default default] Successfully bumped revision number for resource 50cf3fd1-cb1b-4631-9474-da66fd2725fc (type: networks) to 1
2026-07-01 08:37:48.162 9 WARNING neutron.scheduler.dhcp_agent_scheduler [None req-2c044f06-9ec6-46d5-a757-91f56cb49fe5 275305560ff2488aa0068b872cabd664 70f7ffc7c4e345cd9129a4b9282b0f5f - - default default] No more DHCP agents
2026-07-01 08:37:48.165 9 WARNING neutron.api.rpc.agentnotifiers.dhcp_rpc_agent_api [None req-2c044f06-9ec6-46d5-a757-91f56cb49fe5 275305560ff2488aa0068b872cabd664 70f7ffc7c4e345cd9129a4b9282b0f5f - - default default] Unable to schedule network 4ade676d-42e4-496e-87a5-9a6daf1361ad: no agents available; will retry on subsequent port and subnet creation events.
2026-07-01 08:37:48.183 9 INFO neutron.db.ovn_revision_numbers_db [None req-17ab10d5-9439-411f-8745-9887d4c5b955 - - - - - -] Successfully bumped revision number for resource de620ee1-5862-475d-89d7-bd94cc52adf5 (type: ports) to 2
2026-07-01 08:37:48.436 10 INFO neutron.plugins.ml2.drivers.ovn.mech_driver.mech_driver [None req-082ab5e4-522b-4889-97e6-daa04ebc9f95 - - - - - -] OVN reports status up for port: 6879fb70-89d6-437e-b32d-13328c34a636
2026-07-01 08:37:48.449 10 INFO neutron.plugins.ml2.plugin [None req-082ab5e4-522b-4889-97e6-daa04ebc9f95 - - - - - -] Attempt 1 to provision port 6879fb70-89d6-437e-b32d-13328c34a636
2026-07-01 08:37:48.450 9 INFO neutron.db.ovn_revision_numbers_db [None req-17ab10d5-9439-411f-8745-9887d4c5b955 - - - - - -] Successfully bumped revision number for resource de620ee1-5862-475d-89d7-bd94cc52adf5 (type: router_ports) to 2
2026-07-01 08:37:48.451 9 WARNING neutron.scheduler.dhcp_agent_scheduler [None req-2bb2942b-ce52-4ccc-8192-98da0dcbe6cd b2416f8ece204c38be83cbee3bc16eed 0d4acbffbf1046c6b06e283388839eac - - default default] No more DHCP agents
2026-07-01 08:37:48.456 9 WARNING neutron.api.rpc.agentnotifiers.dhcp_rpc_agent_api [None req-2bb2942b-ce52-4ccc-8192-98da0dcbe6cd b2416f8ece204c38be83cbee3bc16eed 0d4acbffbf1046c6b06e283388839eac - - default default] Unable to schedule network 50cf3fd1-cb1b-4631-9474-da66fd2725fc: no agents available; will retry on subsequent port and subnet creation events.
2026-07-01 08:37:48.481 10 INFO neutron.wsgi [-] 10.0.0.111 "GET / HTTP/1.1" status: 200 len: 247 time: 0.0015554
2026-07-01 08:37:48.483 10 INFO neutron.wsgi [-] 10.0.0.111 "GET / HTTP/1.1" status: 200 len: 247 time: 0.0013824
2026-07-01 08:37:48.591 10 INFO neutron.notifiers.nova [-] Nova event matching ['req-6c562f36-b978-4711-9922-f83b7be390e0'] response: {'server_uuid': 'c53f7d23-8c5a-4f20-9992-717e4a766dea', 'name': 'network-vif-plugged', 'status': 'completed', 'tag': '6879fb70-89d6-437e-b32d-13328c34a636', 'code': 200}
2026-07-01 08:37:48.597 9 INFO neutron.db.ovn_revision_numbers_db [None req-2bb2942b-ce52-4ccc-8192-98da0dcbe6cd b2416f8ece204c38be83cbee3bc16eed 0d4acbffbf1046c6b06e283388839eac - - default default] Successfully bumped revision number for resource e38d2f7c-0e18-4508-bad6-d7c6d1702ca9 (type: ports) to 1
2026-07-01 08:37:48.648 9 INFO neutron.wsgi [None req-2bb2942b-ce52-4ccc-8192-98da0dcbe6cd b2416f8ece204c38be83cbee3bc16eed 0d4acbffbf1046c6b06e283388839eac - - default default] 10.0.0.170 "POST /v2.0/networks HTTP/1.1" status: 201 len: 830 time: 1.5318301
2026-07-01 08:37:48.823 10 INFO neutron.db.ovn_revision_numbers_db [None req-082ab5e4-522b-4889-97e6-daa04ebc9f95 - - - - - -] Successfully bumped revision number for resource 6879fb70-89d6-437e-b32d-13328c34a636 (type: ports) to 4
2026-07-01 08:37:48.856 10 INFO neutron.wsgi [req-1c49c2e2-c521-47b6-9832-a7d2ceee282c req-15127447-e739-46d9-9ccc-b23a90c788f8 de1cfe1f5adf48c18c52a0cc98359758 ff7fd8c1d7ad44609fd883396b00b2a9 - - default default] 10.0.0.93 "GET /v2.0/ports?device_id=c53f7d23-8c5a-4f20-9992-717e4a766dea HTTP/1.1" status: 200 len: 1400 time: 0.1196642
2026-07-01 08:37:48.907 10 INFO neutron.wsgi [req-1c49c2e2-c521-47b6-9832-a7d2ceee282c req-a279c658-e688-437e-91e3-241f91197bed de1cfe1f5adf48c18c52a0cc98359758 ff7fd8c1d7ad44609fd883396b00b2a9 - - default default] 10.0.0.93 "GET /v2.0/security-groups?id=56f89aeb-8bc8-4c29-87fa-d9348962326e&fields=id&fields=name HTTP/1.1" status: 200 len: 311 time: 0.0444722
2026-07-01 08:37:49.035 9 WARNING neutron.scheduler.dhcp_agent_scheduler [None req-9ad7f41b-140c-4f46-b760-08d1fbced3e3 b2416f8ece204c38be83cbee3bc16eed 0d4acbffbf1046c6b06e283388839eac - - default default] No more DHCP agents
2026-07-01 08:37:49.040 9 WARNING neutron.api.rpc.agentnotifiers.dhcp_rpc_agent_api [None req-9ad7f41b-140c-4f46-b760-08d1fbced3e3 b2416f8ece204c38be83cbee3bc16eed 0d4acbffbf1046c6b06e283388839eac - - default default] Unable to schedule network 50cf3fd1-cb1b-4631-9474-da66fd2725fc: no agents available; will retry on subsequent port and subnet creation events.
2026-07-01 08:37:49.346 9 INFO neutron.db.ovn_revision_numbers_db [None req-2c044f06-9ec6-46d5-a757-91f56cb49fe5 275305560ff2488aa0068b872cabd664 70f7ffc7c4e345cd9129a4b9282b0f5f - - default default] Successfully bumped revision number for resource de620ee1-5862-475d-89d7-bd94cc52adf5 (type: router_ports) to 2
2026-07-01 08:37:49.349 9 INFO neutron.wsgi [None req-2c044f06-9ec6-46d5-a757-91f56cb49fe5 275305560ff2488aa0068b872cabd664 70f7ffc7c4e345cd9129a4b9282b0f5f - - default default] 10.0.0.170 "PUT /v2.0/routers/c5c96c42-71cc-40e4-9694-4859a7d5f7ad/add_router_interface HTTP/1.1" status: 200 len: 503 time: 3.4303112
2026-07-01 08:37:49.361 9 INFO neutron.db.ovn_revision_numbers_db [None req-9ad7f41b-140c-4f46-b760-08d1fbced3e3 b2416f8ece204c38be83cbee3bc16eed 0d4acbffbf1046c6b06e283388839eac - - default default] Successfully bumped revision number for resource e3f5df7c-1cdf-4a82-aaad-f37cf22d3a33 (type: ports) to 1
2026-07-01 08:37:49.387 9 INFO neutron.wsgi [None req-9ad7f41b-140c-4f46-b760-08d1fbced3e3 b2416f8ece204c38be83cbee3bc16eed 0d4acbffbf1046c6b06e283388839eac - - default default] 10.0.0.170 "POST /v2.0/ports HTTP/1.1" status: 201 len: 942 time: 0.7348118 /var/lib/openstack/lib/python3.10/site-packages/pycadf/identifier.py:71: UserWarning: Invalid uuid: neutron. To ensure interoperability, identifiers should be a valid uuid. warnings.warn(('Invalid uuid: %s. To ensure interoperability, '
2026-07-01 08:37:49.428 9 INFO neutron.wsgi [None req-e5e4e049-2b8b-41f0-a19c-b4cdf46b0140 b2416f8ece204c38be83cbee3bc16eed 0d4acbffbf1046c6b06e283388839eac - - default default] 10.0.0.170 "PUT /v2.0/ports/e3f5df7c-1cdf-4a82-aaad-f37cf22d3a33/tags HTTP/1.1" status: 200 len: 218 time: 0.0344083
2026-07-01 08:37:49.460 9 INFO neutron.wsgi [None req-a363fe81-8a03-4e08-9776-0850566eac44 b2416f8ece204c38be83cbee3bc16eed 0d4acbffbf1046c6b06e283388839eac - - default default] 10.0.0.170 "GET /v2.0/ports/e3f5df7c-1cdf-4a82-aaad-f37cf22d3a33/tags HTTP/1.1" status: 200 len: 218 time: 0.0271215
2026-07-01 08:37:49.501 9 INFO neutron.wsgi [None req-a34125ff-eb65-4405-8dd1-2fe457d03024 b2416f8ece204c38be83cbee3bc16eed 0d4acbffbf1046c6b06e283388839eac - - default default] 10.0.0.170 "PUT /v2.0/ports/e3f5df7c-1cdf-4a82-aaad-f37cf22d3a33/tags/green HTTP/1.1" status: 201 len: 201 time: 0.0371833
2026-07-01 08:37:49.537 9 INFO neutron.wsgi [None req-b12e683c-213c-4e5b-9bca-fe7c22c94e0b b2416f8ece204c38be83cbee3bc16eed 0d4acbffbf1046c6b06e283388839eac - - default default] 10.0.0.170 "GET /v2.0/ports/e3f5df7c-1cdf-4a82-aaad-f37cf22d3a33/tags HTTP/1.1" status: 200 len: 227 time: 0.0286782 /var/lib/openstack/lib/python3.10/site-packages/pycadf/identifier.py:71: UserWarning: Invalid uuid: neutron. To ensure interoperability, identifiers should be a valid uuid. warnings.warn(('Invalid uuid: %s. To ensure interoperability, '
2026-07-01 08:37:49.591 10 INFO neutron.wsgi [None req-7864ef5a-2ada-4d9f-b51d-1189e8d5e0fa b2416f8ece204c38be83cbee3bc16eed 0d4acbffbf1046c6b06e283388839eac - - default default] 10.0.0.170 "PUT /v2.0/ports/e3f5df7c-1cdf-4a82-aaad-f37cf22d3a33/tags/red HTTP/1.1" status: 201 len: 201 time: 0.0434844
2026-07-01 08:37:49.641 10 INFO neutron.wsgi [None req-2daa9df2-bbaa-4585-8d70-0e091152f185 b2416f8ece204c38be83cbee3bc16eed 0d4acbffbf1046c6b06e283388839eac - - default default] 10.0.0.170 "GET /v2.0/ports/e3f5df7c-1cdf-4a82-aaad-f37cf22d3a33/tags HTTP/1.1" status: 200 len: 227 time: 0.0419385
2026-07-01 08:37:49.690 10 INFO neutron.wsgi [None req-e9a1857e-9734-45a5-8722-94827f30b400 b2416f8ece204c38be83cbee3bc16eed 0d4acbffbf1046c6b06e283388839eac - - default default] 10.0.0.170 "PUT /v2.0/ports/e3f5df7c-1cdf-4a82-aaad-f37cf22d3a33/tags/black.or.white HTTP/1.1" status: 201 len: 201 time: 0.0384288
2026-07-01 08:37:49.733 10 INFO neutron.wsgi [None req-4ca02429-6417-492f-b596-4f43ba31e394 b2416f8ece204c38be83cbee3bc16eed 0d4acbffbf1046c6b06e283388839eac - - default default] 10.0.0.170 "GET /v2.0/ports/e3f5df7c-1cdf-4a82-aaad-f37cf22d3a33/tags HTTP/1.1" status: 200 len: 245 time: 0.0386138
2026-07-01 08:37:49.780 10 INFO neutron.wsgi [None req-ddc6bf57-ef3c-4f7e-96fa-4bbd37cf726a b2416f8ece204c38be83cbee3bc16eed 0d4acbffbf1046c6b06e283388839eac - - default default] 10.0.0.170 "PUT /v2.0/ports/e3f5df7c-1cdf-4a82-aaad-f37cf22d3a33/tags HTTP/1.1" status: 200 len: 230 time: 0.0397902
2026-07-01 08:37:49.814 10 INFO neutron.wsgi [None req-e8847971-8671-48f8-9b26-486fedfd933f b2416f8ece204c38be83cbee3bc16eed 0d4acbffbf1046c6b06e283388839eac - - default default] 10.0.0.170 "GET /v2.0/ports/e3f5df7c-1cdf-4a82-aaad-f37cf22d3a33/tags HTTP/1.1" status: 200 len: 230 time: 0.0284913
2026-07-01 08:37:49.845 10 INFO neutron.wsgi [None req-950120c6-2b9b-4b1c-bafe-e3f14f920840 b2416f8ece204c38be83cbee3bc16eed 0d4acbffbf1046c6b06e283388839eac - - default default] 10.0.0.170 "GET /v2.0/ports/e3f5df7c-1cdf-4a82-aaad-f37cf22d3a33/tags/red HTTP/1.1" status: 204 len: 168 time: 0.0254908
2026-07-01 08:37:49.887 9 INFO neutron.api.v2.resource [None req-fd716db9-155e-4599-843e-40123f383f87 b2416f8ece204c38be83cbee3bc16eed 0d4acbffbf1046c6b06e283388839eac - - default default] show failed (client error): The resource could not be found.
2026-07-01 08:37:49.889 9 INFO neutron.wsgi [None req-fd716db9-155e-4599-843e-40123f383f87 b2416f8ece204c38be83cbee3bc16eed 0d4acbffbf1046c6b06e283388839eac - - default default] 10.0.0.170 "GET /v2.0/ports/e3f5df7c-1cdf-4a82-aaad-f37cf22d3a33/tags/green HTTP/1.1" status: 404 len: 299 time: 0.0389032
2026-07-01 08:37:49.950 9 INFO neutron.wsgi [None req-7e588775-794f-4000-a4b9-aeaba86f7707 b2416f8ece204c38be83cbee3bc16eed 0d4acbffbf1046c6b06e283388839eac - - default default] 10.0.0.170 "DELETE /v2.0/ports/e3f5df7c-1cdf-4a82-aaad-f37cf22d3a33/tags/red HTTP/1.1" status: 204 len: 168 time: 0.0564377
2026-07-01 08:37:49.989 9 INFO neutron.wsgi [None req-78e262b4-f9f4-49ee-a08e-24e803c93c1b b2416f8ece204c38be83cbee3bc16eed 0d4acbffbf1046c6b06e283388839eac - - default default] 10.0.0.170 "GET /v2.0/ports/e3f5df7c-1cdf-4a82-aaad-f37cf22d3a33/tags HTTP/1.1" status: 200 len: 223 time: 0.0345454
2026-07-01 08:37:50.023 9 INFO neutron.api.v2.resource [None req-1b32a398-77aa-4c48-acf6-76c3294b4cdd b2416f8ece204c38be83cbee3bc16eed 0d4acbffbf1046c6b06e283388839eac - - default default] delete failed (client error): The resource could not be found.
2026-07-01 08:37:50.024 9 INFO neutron.wsgi [None req-1b32a398-77aa-4c48-acf6-76c3294b4cdd b2416f8ece204c38be83cbee3bc16eed 0d4acbffbf1046c6b06e283388839eac - - default default] 10.0.0.170 "DELETE /v2.0/ports/e3f5df7c-1cdf-4a82-aaad-f37cf22d3a33/tags/green HTTP/1.1" status: 404 len: 299 time: 0.0307171
2026-07-01 08:37:50.067 9 INFO neutron.wsgi [None req-5719003f-a73b-4d91-9ea6-a83df93a22f9 b2416f8ece204c38be83cbee3bc16eed 0d4acbffbf1046c6b06e283388839eac - - default default] 10.0.0.170 "DELETE /v2.0/ports/e3f5df7c-1cdf-4a82-aaad-f37cf22d3a33/tags HTTP/1.1" status: 204 len: 168 time: 0.0381720
2026-07-01 08:37:50.095 9 INFO neutron.wsgi [None req-fd96f286-feba-4f0c-9b9d-de8eee12c62b b2416f8ece204c38be83cbee3bc16eed 0d4acbffbf1046c6b06e283388839eac - - default default] 10.0.0.170 "GET /v2.0/ports/e3f5df7c-1cdf-4a82-aaad-f37cf22d3a33/tags HTTP/1.1" status: 200 len: 205 time: 0.0246308
2026-07-01 08:37:50.310 9 INFO neutron.wsgi [None req-fb506125-5485-4f95-805e-10e1261c6bd8 b2416f8ece204c38be83cbee3bc16eed 0d4acbffbf1046c6b06e283388839eac - - default default] 10.0.0.170 "DELETE /v2.0/ports/e3f5df7c-1cdf-4a82-aaad-f37cf22d3a33 HTTP/1.1" status: 204 len: 168 time: 0.2086024
2026-07-01 08:37:50.627 10 INFO neutron.db.ovn_revision_numbers_db [None req-8ce57983-d778-4425-8483-35faa44fce42 275305560ff2488aa0068b872cabd664 70f7ffc7c4e345cd9129a4b9282b0f5f - - default default] Successfully bumped revision number for resource 07cdef48-f496-4449-8db9-81963fabeefa (type: security_groups) to 1
2026-07-01 08:37:50.638 10 INFO neutron.notifiers.nova [-] Nova event matching ['req-dfbfe3bd-6593-4dbe-be5b-83b8986b4924'] response: {'server_uuid': 'c53f7d23-8c5a-4f20-9992-717e4a766dea', 'name': 'network-vif-plugged', 'status': 'completed', 'tag': '6879fb70-89d6-437e-b32d-13328c34a636', 'code': 200}
2026-07-01 08:37:50.647 10 INFO neutron.db.ovn_revision_numbers_db [None req-8ce57983-d778-4425-8483-35faa44fce42 275305560ff2488aa0068b872cabd664 70f7ffc7c4e345cd9129a4b9282b0f5f - - default default] Successfully bumped revision number for resource 2bc24796-dc1f-4670-b647-1648aabfe3ac (type: security_group_rules) to 0
2026-07-01 08:37:50.664 10 INFO neutron.db.ovn_revision_numbers_db [None req-8ce57983-d778-4425-8483-35faa44fce42 275305560ff2488aa0068b872cabd664 70f7ffc7c4e345cd9129a4b9282b0f5f - - default default] Successfully bumped revision number for resource 4777dd36-35a9-41f1-817b-66e2ac63a39e (type: security_group_rules) to 0
2026-07-01 08:37:50.684 10 INFO neutron.db.ovn_revision_numbers_db [None req-8ce57983-d778-4425-8483-35faa44fce42 275305560ff2488aa0068b872cabd664 70f7ffc7c4e345cd9129a4b9282b0f5f - - default default] Successfully bumped revision number for resource e003b8a3-6c81-482d-ac88-c50632c4d4b0 (type: security_group_rules) to 0
2026-07-01 08:37:50.702 9 INFO neutron.services.segments.plugin [-] Segment c66ab092-8f66-4846-9b8a-26f2adbb45cd resource provider aggregate not found
2026-07-01 08:37:50.707 10 INFO neutron.db.ovn_revision_numbers_db [None req-8ce57983-d778-4425-8483-35faa44fce42 275305560ff2488aa0068b872cabd664 70f7ffc7c4e345cd9129a4b9282b0f5f - - default default] Successfully bumped revision number for resource f135bca1-915b-484d-825a-e6ae98d165bf (type: security_group_rules) to 0
2026-07-01 08:37:50.707 9 INFO neutron.services.segments.plugin [-] Segment c66ab092-8f66-4846-9b8a-26f2adbb45cd resource provider aggregate not found
2026-07-01 08:37:50.735 9 INFO neutron.services.segments.plugin [-] Segment c66ab092-8f66-4846-9b8a-26f2adbb45cd resource provider not found; error: Placement Client Error (4xx): {"errors": [{"status": 404, "title": "Not Found", "detail": "The resource could not be found.\n\n No resource provider with uuid c66ab092-8f66-4846-9b8a-26f2adbb45cd found for delete ", "request_id": "req-987c4339-2118-4742-a98a-25d4d8f59bb6"}]}
2026-07-01 08:37:50.736 9 INFO neutron.services.segments.plugin [-] Segment c66ab092-8f66-4846-9b8a-26f2adbb45cd resource provider not found; error: Placement Client Error (4xx): {"errors": [{"status": 404, "title": "Not Found", "detail": "The resource could not be found.\n\n No resource provider with uuid c66ab092-8f66-4846-9b8a-26f2adbb45cd found for delete ", "request_id": "req-d2e0f3ef-c1f1-422c-ac45-928fd6c704df"}]}
2026-07-01 08:37:50.765 9 INFO neutron.wsgi [None req-4d53c9c4-daff-4357-80c5-705b44e1c5b6 b2416f8ece204c38be83cbee3bc16eed 0d4acbffbf1046c6b06e283388839eac - - default default] 10.0.0.170 "DELETE /v2.0/networks/50cf3fd1-cb1b-4631-9474-da66fd2725fc HTTP/1.1" status: 204 len: 168 time: 0.4504235
2026-07-01 08:37:50.791 10 INFO neutron.db.segments_db [None req-8ce57983-d778-4425-8483-35faa44fce42 275305560ff2488aa0068b872cabd664 70f7ffc7c4e345cd9129a4b9282b0f5f - - default default] Added segment cb8461d7-0903-47c1-b38d-a973a3ff1c31 of type geneve for network cc305bdf-28cb-45bc-8e65-1065cc81b49d
2026-07-01 08:37:50.938 10 INFO neutron.db.ovn_revision_numbers_db [None req-8ce57983-d778-4425-8483-35faa44fce42 275305560ff2488aa0068b872cabd664 70f7ffc7c4e345cd9129a4b9282b0f5f - - default default] Successfully bumped revision number for resource cc305bdf-28cb-45bc-8e65-1065cc81b49d (type: networks) to 1
2026-07-01 08:37:51.127 10 WARNING neutron.scheduler.dhcp_agent_scheduler [None req-8ce57983-d778-4425-8483-35faa44fce42 275305560ff2488aa0068b872cabd664 70f7ffc7c4e345cd9129a4b9282b0f5f - - default default] No more DHCP agents
2026-07-01 08:37:51.130 10 WARNING neutron.api.rpc.agentnotifiers.dhcp_rpc_agent_api [None req-8ce57983-d778-4425-8483-35faa44fce42 275305560ff2488aa0068b872cabd664 70f7ffc7c4e345cd9129a4b9282b0f5f - - default default] Unable to schedule network cc305bdf-28cb-45bc-8e65-1065cc81b49d: no agents available; will retry on subsequent port and subnet creation events.
2026-07-01 08:37:51.221 10 INFO neutron.db.ovn_revision_numbers_db [None req-8ce57983-d778-4425-8483-35faa44fce42 275305560ff2488aa0068b872cabd664 70f7ffc7c4e345cd9129a4b9282b0f5f - - default default] Successfully bumped revision number for resource ac776fc4-edf1-4dc9-abb8-b53af9f7f010 (type: ports) to 1
2026-07-01 08:37:51.241 10 INFO neutron.wsgi [None req-8ce57983-d778-4425-8483-35faa44fce42 275305560ff2488aa0068b872cabd664 70f7ffc7c4e345cd9129a4b9282b0f5f - - default default] 10.0.0.170 "POST /v2.0/networks HTTP/1.1" status: 201 len: 943 time: 0.7748044
2026-07-01 08:37:51.424 10 WARNING neutron.scheduler.dhcp_agent_scheduler [None req-8b178556-d184-46d5-afc4-c590b609994d 275305560ff2488aa0068b872cabd664 70f7ffc7c4e345cd9129a4b9282b0f5f - - default default] No more DHCP agents
2026-07-01 08:37:51.426 10 WARNING neutron.api.rpc.agentnotifiers.dhcp_rpc_agent_api [None req-8b178556-d184-46d5-afc4-c590b609994d 275305560ff2488aa0068b872cabd664 70f7ffc7c4e345cd9129a4b9282b0f5f - - default default] Unable to schedule network cc305bdf-28cb-45bc-8e65-1065cc81b49d: no agents available; will retry on subsequent port and subnet creation events.
2026-07-01 08:37:51.743 9 INFO neutron.wsgi [None req-b8f3076f-276f-4bd9-9c28-a2e4e72c8a3a 275305560ff2488aa0068b872cabd664 70f7ffc7c4e345cd9129a4b9282b0f5f - - default default] 10.0.0.170 "GET /v2.0/security-groups?tenant_id=0d4acbffbf1046c6b06e283388839eac&name=default HTTP/1.1" status: 200 len: 2996 time: 0.2689581
2026-07-01 08:37:51.894 10 INFO neutron.db.ovn_revision_numbers_db [None req-8b178556-d184-46d5-afc4-c590b609994d 275305560ff2488aa0068b872cabd664 70f7ffc7c4e345cd9129a4b9282b0f5f - - default default] Successfully bumped revision number for resource ac776fc4-edf1-4dc9-abb8-b53af9f7f010 (type: ports) to 2
2026-07-01 08:37:51.929 10 INFO neutron.db.ovn_revision_numbers_db [None req-8b178556-d184-46d5-afc4-c590b609994d 275305560ff2488aa0068b872cabd664 70f7ffc7c4e345cd9129a4b9282b0f5f - - default default] Successfully bumped revision number for resource 308e32f6-e1b9-42ee-8d28-947daaba1a5f (type: subnets) to 0
2026-07-01 08:37:51.944 10 INFO neutron.wsgi [None req-8b178556-d184-46d5-afc4-c590b609994d 275305560ff2488aa0068b872cabd664 70f7ffc7c4e345cd9129a4b9282b0f5f - - default default] 10.0.0.170 "POST /v2.0/subnets HTTP/1.1" status: 201 len: 863 time: 0.6972382
2026-07-01 08:37:51.946 9 INFO neutron.wsgi [None req-c96a49dc-b1d9-4f05-8256-81fee8814cfb 275305560ff2488aa0068b872cabd664 70f7ffc7c4e345cd9129a4b9282b0f5f - - default default] 10.0.0.170 "DELETE /v2.0/security-groups/79b84d79-3b07-4441-8ce1-6958d38a9a20 HTTP/1.1" status: 204 len: 168 time: 0.1984978
2026-07-01 08:37:52.141 10 INFO neutron.db.ovn_revision_numbers_db [None req-9ab564ca-8aa2-4e81-be0a-69e0b3e6d619 275305560ff2488aa0068b872cabd664 70f7ffc7c4e345cd9129a4b9282b0f5f - - default default] Successfully bumped revision number for resource ad929add-e42d-464c-8e40-a1e3f1d2c612 (type: security_groups) to 1
2026-07-01 08:37:52.153 10 INFO neutron.db.ovn_revision_numbers_db [None req-9ab564ca-8aa2-4e81-be0a-69e0b3e6d619 275305560ff2488aa0068b872cabd664 70f7ffc7c4e345cd9129a4b9282b0f5f - - default default] Successfully bumped revision number for resource 4db6bf1f-e526-43a8-b0cd-66380fb035d3 (type: security_group_rules) to 0
2026-07-01 08:37:52.166 10 INFO neutron.db.ovn_revision_numbers_db [None req-9ab564ca-8aa2-4e81-be0a-69e0b3e6d619 275305560ff2488aa0068b872cabd664 70f7ffc7c4e345cd9129a4b9282b0f5f - - default default] Successfully bumped revision number for resource 998bcd00-c194-4816-b2aa-a89922805216 (type: security_group_rules) to 0
2026-07-01 08:37:52.181 10 INFO neutron.db.ovn_revision_numbers_db [None req-9ab564ca-8aa2-4e81-be0a-69e0b3e6d619 275305560ff2488aa0068b872cabd664 70f7ffc7c4e345cd9129a4b9282b0f5f - - default default] Successfully bumped revision number for resource b269f6a0-a40b-4218-8812-17deac6f26f6 (type: security_group_rules) to 0
2026-07-01 08:37:52.194 10 INFO neutron.db.ovn_revision_numbers_db [None req-9ab564ca-8aa2-4e81-be0a-69e0b3e6d619 275305560ff2488aa0068b872cabd664 70f7ffc7c4e345cd9129a4b9282b0f5f - - default default] Successfully bumped revision number for resource ff1f9a3d-ebab-409c-95fe-b5cab22e4d6f (type: security_group_rules) to 0
2026-07-01 08:37:52.218 10 INFO neutron.wsgi [None req-9ab564ca-8aa2-4e81-be0a-69e0b3e6d619 275305560ff2488aa0068b872cabd664 70f7ffc7c4e345cd9129a4b9282b0f5f - - default default] 10.0.0.170 "GET /v2.0/security-groups?tenant_id=398beae9d3454c878f94c6d41d8b23ac&name=default HTTP/1.1" status: 200 len: 2996 time: 0.1745937
2026-07-01 08:37:52.437 10 INFO neutron.wsgi [None req-3d23bb59-41da-40af-85e4-ff459c18d122 275305560ff2488aa0068b872cabd664 70f7ffc7c4e345cd9129a4b9282b0f5f - - default default] 10.0.0.170 "DELETE /v2.0/security-groups/ad929add-e42d-464c-8e40-a1e3f1d2c612 HTTP/1.1" status: 204 len: 168 time: 0.2140238
2026-07-01 08:37:52.469 9 WARNING neutron.scheduler.dhcp_agent_scheduler [None req-7aafbeb2-9860-4f94-b219-d302deffe1b7 275305560ff2488aa0068b872cabd664 70f7ffc7c4e345cd9129a4b9282b0f5f - - default default] No more DHCP agents
2026-07-01 08:37:52.478 9 WARNING neutron.api.rpc.agentnotifiers.dhcp_rpc_agent_api [None req-7aafbeb2-9860-4f94-b219-d302deffe1b7 275305560ff2488aa0068b872cabd664 70f7ffc7c4e345cd9129a4b9282b0f5f - - default default] Unable to schedule network 71be9c22-9137-46f4-bb67-4045b8ca23fa: no agents available; will retry on subsequent port and subnet creation events.
2026-07-01 08:37:52.665 9 INFO neutron.db.ovn_revision_numbers_db [None req-7aafbeb2-9860-4f94-b219-d302deffe1b7 275305560ff2488aa0068b872cabd664 70f7ffc7c4e345cd9129a4b9282b0f5f - - default default] Successfully bumped revision number for resource 80a09eb2-3ebb-4d3b-ad67-310ab7e36d06 (type: ports) to 1
2026-07-01 08:37:53.034 9 WARNING neutron.plugins.ml2.drivers.ovn.mech_driver.ovsdb.ovn_client [None req-17ab10d5-9439-411f-8745-9887d4c5b955 - - - - - -] No hosting information found for port de620ee1-5862-475d-89d7-bd94cc52adf5: RuntimeError: No hosting information found for port de620ee1-5862-475d-89d7-bd94cc52adf5
2026-07-01 08:37:53.229 10 INFO neutron.plugins.ml2.drivers.ovn.mech_driver.mech_driver [None req-082ab5e4-522b-4889-97e6-daa04ebc9f95 - - - - - -] OVN reports status up for port: 80a09eb2-3ebb-4d3b-ad67-310ab7e36d06
2026-07-01 08:37:53.241 10 INFO neutron.plugins.ml2.plugin [None req-082ab5e4-522b-4889-97e6-daa04ebc9f95 - - - - - -] Attempt 1 to provision port 80a09eb2-3ebb-4d3b-ad67-310ab7e36d06
2026-07-01 08:37:53.241 9 INFO neutron.plugins.ml2.drivers.ovn.mech_driver.ovsdb.ovsdb_monitor [None req-b15ab757-b9da-4a36-872f-c91698e63cc3 - - - - - -] Router cf5027f4-3f4a-4570-9f0b-8872766612ae is bound to host instance
2026-07-01 08:37:53.265 9 INFO neutron.db.ovn_revision_numbers_db [None req-7aafbeb2-9860-4f94-b219-d302deffe1b7 275305560ff2488aa0068b872cabd664 70f7ffc7c4e345cd9129a4b9282b0f5f - - default default] Successfully bumped revision number for resource 80a09eb2-3ebb-4d3b-ad67-310ab7e36d06 (type: router_ports) to 1
2026-07-01 08:37:53.342 9 INFO neutron.db.ovn_revision_numbers_db [None req-7aafbeb2-9860-4f94-b219-d302deffe1b7 275305560ff2488aa0068b872cabd664 70f7ffc7c4e345cd9129a4b9282b0f5f - - default default] Successfully bumped revision number for resource cf5027f4-3f4a-4570-9f0b-8872766612ae (type: routers) to 2
2026-07-01 08:37:53.358 9 INFO neutron.wsgi [None req-7aafbeb2-9860-4f94-b219-d302deffe1b7 275305560ff2488aa0068b872cabd664 70f7ffc7c4e345cd9129a4b9282b0f5f - - default default] 10.0.0.170 "POST /v2.0/routers HTTP/1.1" status: 201 len: 874 time: 1.4088652
2026-07-01 08:37:53.754 9 INFO neutron.db.ovn_revision_numbers_db [None req-b15ab757-b9da-4a36-872f-c91698e63cc3 - - - - - -] Successfully bumped revision number for resource 80a09eb2-3ebb-4d3b-ad67-310ab7e36d06 (type: ports) to 1
2026-07-01 08:37:53.775 10 WARNING neutron.scheduler.dhcp_agent_scheduler [None req-add56cb7-74b7-4300-945c-d4769b6a1037 275305560ff2488aa0068b872cabd664 70f7ffc7c4e345cd9129a4b9282b0f5f - - default default] No more DHCP agents
2026-07-01 08:37:53.777 10 WARNING neutron.api.rpc.agentnotifiers.dhcp_rpc_agent_api [None req-add56cb7-74b7-4300-945c-d4769b6a1037 275305560ff2488aa0068b872cabd664 70f7ffc7c4e345cd9129a4b9282b0f5f - - default default] Unable to schedule network cc305bdf-28cb-45bc-8e65-1065cc81b49d: no agents available; will retry on subsequent port and subnet creation events.
2026-07-01 08:37:53.919 10 INFO neutron.db.ovn_revision_numbers_db [None req-add56cb7-74b7-4300-945c-d4769b6a1037 275305560ff2488aa0068b872cabd664 70f7ffc7c4e345cd9129a4b9282b0f5f - - default default] Successfully bumped revision number for resource 24f4e343-584b-4ce1-94f6-2439c0d39fe1 (type: ports) to 1
2026-07-01 08:37:54.005 9 INFO neutron.db.ovn_revision_numbers_db [None req-b15ab757-b9da-4a36-872f-c91698e63cc3 - - - - - -] Successfully bumped revision number for resource 80a09eb2-3ebb-4d3b-ad67-310ab7e36d06 (type: router_ports) to 3
2026-07-01 08:37:54.147 9 INFO neutron.db.ovn_revision_numbers_db [None req-b15ab757-b9da-4a36-872f-c91698e63cc3 - - - - - -] Successfully bumped revision number for resource 80a09eb2-3ebb-4d3b-ad67-310ab7e36d06 (type: ports) to 2
2026-07-01 08:37:54.272 10 INFO neutron.wsgi [req-0b8ce701-f161-4bf4-9f4c-445308ca34fd req-1334fd78-6d31-424e-895e-b18f54a5cd3f de1cfe1f5adf48c18c52a0cc98359758 ff7fd8c1d7ad44609fd883396b00b2a9 - - default default] 10.0.0.93 "GET /v2.0/ports?device_id=c53f7d23-8c5a-4f20-9992-717e4a766dea HTTP/1.1" status: 200 len: 1400 time: 0.0994697
2026-07-01 08:37:54.327 10 INFO neutron.wsgi [req-0b8ce701-f161-4bf4-9f4c-445308ca34fd req-66250757-68fd-4015-8a36-260c7733e276 de1cfe1f5adf48c18c52a0cc98359758 ff7fd8c1d7ad44609fd883396b00b2a9 - - default default] 10.0.0.93 "GET /v2.0/security-groups?id=56f89aeb-8bc8-4c29-87fa-d9348962326e&fields=id&fields=name HTTP/1.1" status: 200 len: 311 time: 0.0448711
