2026-07-01 08:35:02.683 9 INFO neutron.services.segments.plugin [-] Segment 8a31cf51-c4a6-4862-857c-12c5b5faef5d resource provider not found; error: Placement Client Error (4xx): {"errors": [{"status": 404, "title": "Not Found", "detail": "The resource could not be found.\n\n No resource provider with uuid 8a31cf51-c4a6-4862-857c-12c5b5faef5d found for delete ", "request_id": "req-d2737c3d-0291-4508-b5e3-a5c58b849d34"}]}
2026-07-01 08:35:02.685 9 INFO neutron.services.segments.plugin [-] Segment 8a31cf51-c4a6-4862-857c-12c5b5faef5d resource provider not found; error: Placement Client Error (4xx): {"errors": [{"status": 404, "title": "Not Found", "detail": "The resource could not be found.\n\n No resource provider with uuid 8a31cf51-c4a6-4862-857c-12c5b5faef5d found for delete ", "request_id": "req-bbfd2802-d85f-47f5-89bd-aa13387e64ca"}]}
2026-07-01 08:35:02.688 10 INFO neutron.wsgi [req-274ee66a-07dc-46a4-8c9f-ee5649b954da req-a25ee2d8-46a8-4590-9f07-a48ae2ee0bce 05a7a10ab07b49bca11d351207844b74 e41a9e6e66d94234b25e655f3df8395b - - 3a65b27de5874df28411113e10856e6e 3a65b27de5874df28411113e10856e6e] 199.204.45.157 "PUT /v2.0/ports/cc89690e-0847-463e-9212-4f80d5c7c437 HTTP/1.1" status: 200 len: 1376 time: 0.8516090
2026-07-01 08:35:02.693 9 INFO neutron.db.ovn_revision_numbers_db [None req-374dfeb0-e989-41be-9765-b43a0fe377f9 275305560ff2488aa0068b872cabd664 70f7ffc7c4e345cd9129a4b9282b0f5f - - default default] Successfully bumped revision number for resource cd1aefdd-0740-4d37-aa10-8b99e50f939e (type: security_group_rules) to 0
2026-07-01 08:35:02.726 10 INFO neutron.notifiers.nova [-] Nova event matching ['req-3c366fe7-c72e-4388-8a64-bb16643d068d'] response: {'name': 'network-changed', 'server_uuid': 'e5bce653-f501-4ba2-97cb-862c6aae11bd', 'tag': 'cc89690e-0847-463e-9212-4f80d5c7c437', 'status': 'completed', 'code': 200}
2026-07-01 08:35:02.729 9 INFO neutron.wsgi [None req-e64ebf32-67be-4d3f-a22b-a7a870f746e2 275305560ff2488aa0068b872cabd664 70f7ffc7c4e345cd9129a4b9282b0f5f - - default default] 10.0.0.170 "DELETE /v2.0/networks/c925f17e-84b6-4c70-a4a8-e15173efcc96 HTTP/1.1" status: 204 len: 168 time: 0.5457671 /var/lib/openstack/lib/python3.10/site-packages/pycadf/identifier.py:71: UserWarning: Invalid uuid: neutron. To ensure interoperability, identifiers should be a valid uuid. warnings.warn(('Invalid uuid: %s. To ensure interoperability, '
2026-07-01 08:35:02.739 9 INFO neutron.wsgi [None req-374dfeb0-e989-41be-9765-b43a0fe377f9 275305560ff2488aa0068b872cabd664 70f7ffc7c4e345cd9129a4b9282b0f5f - - default default] 10.0.0.170 "GET /v2.0/security-groups?tenant_id=3420409df74d4d779d5d14c698270009&name=default HTTP/1.1" status: 200 len: 2996 time: 0.2969396
2026-07-01 08:35:02.770 10 INFO neutron.wsgi [req-274ee66a-07dc-46a4-8c9f-ee5649b954da req-a726ae1d-6793-4d51-99da-403f26cc5bb5 05a7a10ab07b49bca11d351207844b74 e41a9e6e66d94234b25e655f3df8395b - - 3a65b27de5874df28411113e10856e6e 3a65b27de5874df28411113e10856e6e] 199.204.45.157 "GET /v2.0/ports?tenant_id=41d28d305c964b0abf7cf5939c6e606a&device_id=e5bce653-f501-4ba2-97cb-862c6aae11bd HTTP/1.1" status: 200 len: 1407 time: 0.0398197
2026-07-01 08:35:02.799 10 INFO neutron.wsgi [req-274ee66a-07dc-46a4-8c9f-ee5649b954da req-740deb94-20f0-4361-b29e-e0deb5dcf8eb 05a7a10ab07b49bca11d351207844b74 e41a9e6e66d94234b25e655f3df8395b - - 3a65b27de5874df28411113e10856e6e 3a65b27de5874df28411113e10856e6e] 199.204.45.157 "GET /v2.0/floatingips?fixed_ip_address=10.100.0.3&port_id=cc89690e-0847-463e-9212-4f80d5c7c437 HTTP/1.1" status: 200 len: 217 time: 0.0218692
2026-07-01 08:35:02.835 10 INFO neutron.wsgi [req-274ee66a-07dc-46a4-8c9f-ee5649b954da req-35ee0463-7f95-40c2-aa7e-449bbadb00d0 05a7a10ab07b49bca11d351207844b74 e41a9e6e66d94234b25e655f3df8395b - - 3a65b27de5874df28411113e10856e6e 3a65b27de5874df28411113e10856e6e] 199.204.45.157 "GET /v2.0/subnets?id=81218bc2-06d7-457b-a147-0b0a6397da9f HTTP/1.1" status: 200 len: 868 time: 0.0287287
2026-07-01 08:35:02.858 10 INFO neutron.wsgi [req-274ee66a-07dc-46a4-8c9f-ee5649b954da req-e3723f1b-3925-4f8f-a2de-80a0fb4a6b31 05a7a10ab07b49bca11d351207844b74 e41a9e6e66d94234b25e655f3df8395b - - 3a65b27de5874df28411113e10856e6e 3a65b27de5874df28411113e10856e6e] 199.204.45.157 "GET /v2.0/ports?network_id=9bde1b96-76c9-4d58-a244-9edcc0397a3e&device_owner=network%3Adhcp HTTP/1.1" status: 200 len: 210 time: 0.0159883
2026-07-01 08:35:02.918 10 INFO neutron.wsgi [req-274ee66a-07dc-46a4-8c9f-ee5649b954da req-719db9ad-ae32-465d-939b-0a3b7bc015fd 05a7a10ab07b49bca11d351207844b74 e41a9e6e66d94234b25e655f3df8395b - - 3a65b27de5874df28411113e10856e6e 3a65b27de5874df28411113e10856e6e] 199.204.45.157 "GET /v2.0/networks/9bde1b96-76c9-4d58-a244-9edcc0397a3e?fields=segments HTTP/1.1" status: 200 len: 212 time: 0.0534658
2026-07-01 08:35:02.929 9 INFO neutron.wsgi [None req-a33dafae-1b8a-4955-a6f2-3d15560cdd61 275305560ff2488aa0068b872cabd664 70f7ffc7c4e345cd9129a4b9282b0f5f - - default default] 10.0.0.170 "GET /v2.0/security-groups?tenant_id=8763862bcb114223857e503e2619da62&name=default HTTP/1.1" status: 200 len: 2992 time: 0.0368414
2026-07-01 08:35:02.958 9 INFO neutron.wsgi [None req-12c62399-2efc-4fd6-9107-ca07fc374a45 275305560ff2488aa0068b872cabd664 70f7ffc7c4e345cd9129a4b9282b0f5f - - default default] 10.0.0.170 "DELETE /v2.0/security-groups/fc2e210b-f64f-47bd-af89-2768cea0c7ea HTTP/1.1" status: 204 len: 168 time: 0.2119668
2026-07-01 08:35:02.976 10 INFO neutron.wsgi [req-274ee66a-07dc-46a4-8c9f-ee5649b954da req-f1de3a7d-5a2c-455c-b2ba-c99ed7f33809 05a7a10ab07b49bca11d351207844b74 e41a9e6e66d94234b25e655f3df8395b - - 3a65b27de5874df28411113e10856e6e 3a65b27de5874df28411113e10856e6e] 199.204.45.157 "GET /v2.0/networks/9bde1b96-76c9-4d58-a244-9edcc0397a3e?fields=provider%3Aphysical_network&fields=provider%3Anetwork_type HTTP/1.1" status: 200 len: 277 time: 0.0516887
2026-07-01 08:35:03.047 10 INFO neutron.wsgi [req-9e366883-64fe-4cd0-82b7-7eecb46fc606 req-6fbee1fd-973f-46a7-96d4-5a2b2334fddd 05a7a10ab07b49bca11d351207844b74 e41a9e6e66d94234b25e655f3df8395b - - 3a65b27de5874df28411113e10856e6e 3a65b27de5874df28411113e10856e6e] 199.204.45.157 "GET /v2.0/ports?tenant_id=41d28d305c964b0abf7cf5939c6e606a&device_id=e5bce653-f501-4ba2-97cb-862c6aae11bd HTTP/1.1" status: 200 len: 1407 time: 0.0299137
2026-07-01 08:35:03.127 10 INFO neutron.wsgi [req-9e366883-64fe-4cd0-82b7-7eecb46fc606 req-3d172bea-0647-42c1-b4cc-29415bdfb133 05a7a10ab07b49bca11d351207844b74 e41a9e6e66d94234b25e655f3df8395b - - 3a65b27de5874df28411113e10856e6e 3a65b27de5874df28411113e10856e6e] 199.204.45.157 "GET /v2.0/networks?id=9bde1b96-76c9-4d58-a244-9edcc0397a3e HTTP/1.1" status: 200 len: 973 time: 0.0739846
2026-07-01 08:35:03.160 10 INFO neutron.wsgi [req-9e366883-64fe-4cd0-82b7-7eecb46fc606 req-2ec90578-5b15-45c5-ad50-ce362ec2aa01 05a7a10ab07b49bca11d351207844b74 e41a9e6e66d94234b25e655f3df8395b - - 3a65b27de5874df28411113e10856e6e 3a65b27de5874df28411113e10856e6e] 199.204.45.157 "GET /v2.0/floatingips?fixed_ip_address=10.100.0.3&port_id=cc89690e-0847-463e-9212-4f80d5c7c437 HTTP/1.1" status: 200 len: 217 time: 0.0249462
2026-07-01 08:35:03.165 10 INFO neutron.plugins.ml2.drivers.ovn.mech_driver.mech_driver [None req-082ab5e4-522b-4889-97e6-daa04ebc9f95 - - - - - -] OVN reports status up for port: cc89690e-0847-463e-9212-4f80d5c7c437
2026-07-01 08:35:03.172 9 INFO neutron.wsgi [None req-fbb2b62b-2146-458f-9e51-9b227ec34b47 275305560ff2488aa0068b872cabd664 70f7ffc7c4e345cd9129a4b9282b0f5f - - default default] 10.0.0.170 "DELETE /v2.0/security-groups/fb7e1cd4-2fbf-4d02-aac2-902cd2f698b8 HTTP/1.1" status: 204 len: 168 time: 0.2369752
2026-07-01 08:35:03.196 10 INFO neutron.wsgi [req-9e366883-64fe-4cd0-82b7-7eecb46fc606 req-ad286cec-f1bd-4535-8ba4-ebd49c698445 05a7a10ab07b49bca11d351207844b74 e41a9e6e66d94234b25e655f3df8395b - - 3a65b27de5874df28411113e10856e6e 3a65b27de5874df28411113e10856e6e] 199.204.45.157 "GET /v2.0/subnets?id=81218bc2-06d7-457b-a147-0b0a6397da9f HTTP/1.1" status: 200 len: 868 time: 0.0292408
2026-07-01 08:35:03.210 10 INFO neutron.plugins.ml2.plugin [None req-082ab5e4-522b-4889-97e6-daa04ebc9f95 - - - - - -] Attempt 1 to provision port cc89690e-0847-463e-9212-4f80d5c7c437
2026-07-01 08:35:03.225 10 INFO neutron.wsgi [req-9e366883-64fe-4cd0-82b7-7eecb46fc606 req-6d36adc9-1674-4f99-8aad-644402be4f65 05a7a10ab07b49bca11d351207844b74 e41a9e6e66d94234b25e655f3df8395b - - 3a65b27de5874df28411113e10856e6e 3a65b27de5874df28411113e10856e6e] 199.204.45.157 "GET /v2.0/ports?network_id=9bde1b96-76c9-4d58-a244-9edcc0397a3e&device_owner=network%3Adhcp HTTP/1.1" status: 200 len: 210 time: 0.0239635
2026-07-01 08:35:03.324 10 INFO neutron.wsgi [req-9e366883-64fe-4cd0-82b7-7eecb46fc606 req-23e46e3d-b1ff-42ed-9143-87bdf401024b 05a7a10ab07b49bca11d351207844b74 e41a9e6e66d94234b25e655f3df8395b - - 3a65b27de5874df28411113e10856e6e 3a65b27de5874df28411113e10856e6e] 199.204.45.157 "GET /v2.0/networks/9bde1b96-76c9-4d58-a244-9edcc0397a3e?fields=segments HTTP/1.1" status: 200 len: 212 time: 0.0911837
2026-07-01 08:35:03.422 10 INFO neutron.wsgi [req-9e366883-64fe-4cd0-82b7-7eecb46fc606 req-9ebc6ea9-2cad-4bf8-a800-0123904c507f 05a7a10ab07b49bca11d351207844b74 e41a9e6e66d94234b25e655f3df8395b - - 3a65b27de5874df28411113e10856e6e 3a65b27de5874df28411113e10856e6e] 199.204.45.157 "GET /v2.0/networks/9bde1b96-76c9-4d58-a244-9edcc0397a3e?fields=provider%3Aphysical_network&fields=provider%3Anetwork_type HTTP/1.1" status: 200 len: 277 time: 0.0888569
2026-07-01 08:35:03.482 9 INFO neutron.wsgi [-] 10.0.0.111 "GET / HTTP/1.1" status: 200 len: 247 time: 0.0023885
2026-07-01 08:35:03.485 9 INFO neutron.wsgi [-] 10.0.0.111 "GET / HTTP/1.1" status: 200 len: 247 time: 0.0019944
2026-07-01 08:35:03.567 10 INFO neutron.db.ovn_revision_numbers_db [None req-082ab5e4-522b-4889-97e6-daa04ebc9f95 - - - - - -] Successfully bumped revision number for resource cc89690e-0847-463e-9212-4f80d5c7c437 (type: ports) to 4 /var/lib/openstack/lib/python3.10/site-packages/pycadf/identifier.py:71: UserWarning: Invalid uuid: neutron. To ensure interoperability, identifiers should be a valid uuid. warnings.warn(('Invalid uuid: %s. To ensure interoperability, '
2026-07-01 08:35:03.752 10 INFO neutron.wsgi [req-439e9756-7739-4b50-ad2a-7009d98e4eb7 req-322846b3-37c9-450f-b570-166017f78d5f cf03bbc8f0134f61bd5adfacab86159b 41d28d305c964b0abf7cf5939c6e606a - - default default] 10.0.0.93 "GET /v2.0/ports?device_id=e5bce653-f501-4ba2-97cb-862c6aae11bd HTTP/1.1" status: 200 len: 1170 time: 0.0669837
2026-07-01 08:35:03.816 10 INFO neutron.wsgi [req-439e9756-7739-4b50-ad2a-7009d98e4eb7 req-1d1c568a-fbb4-40bd-9c6a-4ce085c087c3 cf03bbc8f0134f61bd5adfacab86159b 41d28d305c964b0abf7cf5939c6e606a - - default default] 10.0.0.93 "GET /v2.0/security-groups?id=c4ee17d8-7bcd-498e-88d8-a09edf4e5283&fields=id&fields=name HTTP/1.1" status: 200 len: 313 time: 0.0454676
2026-07-01 08:35:03.962 10 INFO neutron.wsgi [req-975d8529-3fd7-4dad-bf36-bad830f8280c req-d34a5e46-56ae-4503-adc6-826189f3ae15 05a7a10ab07b49bca11d351207844b74 e41a9e6e66d94234b25e655f3df8395b - - 3a65b27de5874df28411113e10856e6e 3a65b27de5874df28411113e10856e6e] 10.0.0.216 "GET /v2.0/ports?device_id=e850fea6-e258-400e-a86e-6e197ca87ac4 HTTP/1.1" status: 200 len: 1413 time: 0.2021155
2026-07-01 08:35:04.003 10 INFO neutron.wsgi [req-975d8529-3fd7-4dad-bf36-bad830f8280c req-fd5a7204-891e-404a-82fe-1a16924b6b1a 05a7a10ab07b49bca11d351207844b74 e41a9e6e66d94234b25e655f3df8395b - - 3a65b27de5874df28411113e10856e6e 3a65b27de5874df28411113e10856e6e] 10.0.0.216 "GET /v2.0/security-groups?id=90ef861a-4461-4795-8c62-55554826724e&fields=id&fields=name HTTP/1.1" status: 200 len: 312 time: 0.0351079
2026-07-01 08:35:04.760 10 INFO neutron.notifiers.nova [-] Nova event matching ['req-ca91cfdf-8930-49d8-869d-db3c4709e799'] response: {'server_uuid': 'e5bce653-f501-4ba2-97cb-862c6aae11bd', 'name': 'network-vif-plugged', 'status': 'completed', 'tag': 'cc89690e-0847-463e-9212-4f80d5c7c437', 'code': 200}
2026-07-01 08:35:04.760 10 INFO neutron.notifiers.nova [-] Nova event matching ['req-ca91cfdf-8930-49d8-869d-db3c4709e799'] response: {'server_uuid': 'e5bce653-f501-4ba2-97cb-862c6aae11bd', 'name': 'network-vif-plugged', 'status': 'completed', 'tag': 'cc89690e-0847-463e-9212-4f80d5c7c437', 'code': 200}
2026-07-01 08:35:05.011 10 INFO neutron.wsgi [req-26b33fd3-569e-4343-87e2-87fe84f9d47f req-73eee5a1-17e6-40d9-9fb3-4a87d1de6fba cf03bbc8f0134f61bd5adfacab86159b 41d28d305c964b0abf7cf5939c6e606a - - default default] 10.0.0.93 "GET /v2.0/ports?device_id=e5bce653-f501-4ba2-97cb-862c6aae11bd HTTP/1.1" status: 200 len: 1170 time: 0.1279743
2026-07-01 08:35:05.055 10 INFO neutron.wsgi [req-26b33fd3-569e-4343-87e2-87fe84f9d47f req-0c8ef0b0-a243-4db9-ab78-1f5b2f4b87de cf03bbc8f0134f61bd5adfacab86159b 41d28d305c964b0abf7cf5939c6e606a - - default default] 10.0.0.93 "GET /v2.0/security-groups?id=c4ee17d8-7bcd-498e-88d8-a09edf4e5283&fields=id&fields=name HTTP/1.1" status: 200 len: 313 time: 0.0365281
2026-07-01 08:35:05.287 9 INFO neutron.db.ovn_revision_numbers_db [None req-267e7f9b-8691-495a-b05d-f107aeaa4db9 3485a4b2df2a4fc48d5a27a808caeecd e9e25aa3810844a2b8634b02190ea738 - - default default] Successfully bumped revision number for resource 3fa2eebf-533d-405e-8b83-e1a696cf4978 (type: security_groups) to 1
2026-07-01 08:35:05.304 9 INFO neutron.db.ovn_revision_numbers_db [None req-267e7f9b-8691-495a-b05d-f107aeaa4db9 3485a4b2df2a4fc48d5a27a808caeecd e9e25aa3810844a2b8634b02190ea738 - - default default] Successfully bumped revision number for resource 74661b72-d286-45f2-be84-67a485c69562 (type: security_group_rules) to 0
2026-07-01 08:35:05.318 9 INFO neutron.db.ovn_revision_numbers_db [None req-267e7f9b-8691-495a-b05d-f107aeaa4db9 3485a4b2df2a4fc48d5a27a808caeecd e9e25aa3810844a2b8634b02190ea738 - - default default] Successfully bumped revision number for resource a87d21d0-c6df-41d3-bd9b-a108cf212e4f (type: security_group_rules) to 0
2026-07-01 08:35:05.335 9 INFO neutron.db.ovn_revision_numbers_db [None req-267e7f9b-8691-495a-b05d-f107aeaa4db9 3485a4b2df2a4fc48d5a27a808caeecd e9e25aa3810844a2b8634b02190ea738 - - default default] Successfully bumped revision number for resource ae28f25a-b4e5-40ed-85cd-0ce7da75f930 (type: security_group_rules) to 0
2026-07-01 08:35:05.356 9 INFO neutron.db.ovn_revision_numbers_db [None req-267e7f9b-8691-495a-b05d-f107aeaa4db9 3485a4b2df2a4fc48d5a27a808caeecd e9e25aa3810844a2b8634b02190ea738 - - default default] Successfully bumped revision number for resource d3405c0f-871a-4af8-8b23-5a79ff0cf902 (type: security_group_rules) to 0
2026-07-01 08:35:05.407 10 INFO neutron.db.ovn_revision_numbers_db [None req-ee234c5c-fc88-4005-b981-b7fd4fc88ceb 275305560ff2488aa0068b872cabd664 70f7ffc7c4e345cd9129a4b9282b0f5f - - default default] Successfully bumped revision number for resource 5210a270-eca8-47fd-a3f3-8f274d01f8f2 (type: security_groups) to 1
2026-07-01 08:35:05.427 9 INFO neutron.db.segments_db [None req-267e7f9b-8691-495a-b05d-f107aeaa4db9 3485a4b2df2a4fc48d5a27a808caeecd e9e25aa3810844a2b8634b02190ea738 - - default default] Added segment 585f0ae8-43e2-43d4-b1df-f75f0dec1063 of type geneve for network 47b44c46-7a35-4b1c-9076-57db3f1bf426
2026-07-01 08:35:05.431 10 INFO neutron.db.ovn_revision_numbers_db [None req-ee234c5c-fc88-4005-b981-b7fd4fc88ceb 275305560ff2488aa0068b872cabd664 70f7ffc7c4e345cd9129a4b9282b0f5f - - default default] Successfully bumped revision number for resource 15f7c70d-422d-49ec-9c71-9ed5c7109270 (type: security_group_rules) to 0
2026-07-01 08:35:05.455 10 INFO neutron.db.ovn_revision_numbers_db [None req-ee234c5c-fc88-4005-b981-b7fd4fc88ceb 275305560ff2488aa0068b872cabd664 70f7ffc7c4e345cd9129a4b9282b0f5f - - default default] Successfully bumped revision number for resource 1b1f5db8-82fd-4a09-bf51-ff21b3bbdc06 (type: security_group_rules) to 0
2026-07-01 08:35:05.469 10 INFO neutron.db.ovn_revision_numbers_db [None req-ee234c5c-fc88-4005-b981-b7fd4fc88ceb 275305560ff2488aa0068b872cabd664 70f7ffc7c4e345cd9129a4b9282b0f5f - - default default] Successfully bumped revision number for resource 5d3e637b-3242-4d84-87c8-b5184b7ae4ce (type: security_group_rules) to 0
2026-07-01 08:35:05.503 10 INFO neutron.db.ovn_revision_numbers_db [None req-ee234c5c-fc88-4005-b981-b7fd4fc88ceb 275305560ff2488aa0068b872cabd664 70f7ffc7c4e345cd9129a4b9282b0f5f - - default default] Successfully bumped revision number for resource 60da24ba-13c8-48b5-af1e-d181e4f33657 (type: security_group_rules) to 0
2026-07-01 08:35:05.576 10 INFO neutron.db.segments_db [None req-ee234c5c-fc88-4005-b981-b7fd4fc88ceb 275305560ff2488aa0068b872cabd664 70f7ffc7c4e345cd9129a4b9282b0f5f - - default default] Added segment 830a494a-481c-40f7-b758-48509d64b5a6 of type geneve for network 613f8cfa-6616-4cd3-b04f-3eed3378a7c2
2026-07-01 08:35:05.770 10 INFO neutron.db.ovn_revision_numbers_db [None req-ee234c5c-fc88-4005-b981-b7fd4fc88ceb 275305560ff2488aa0068b872cabd664 70f7ffc7c4e345cd9129a4b9282b0f5f - - default default] Successfully bumped revision number for resource 613f8cfa-6616-4cd3-b04f-3eed3378a7c2 (type: networks) to 1
2026-07-01 08:35:05.784 9 INFO neutron.db.ovn_revision_numbers_db [None req-267e7f9b-8691-495a-b05d-f107aeaa4db9 3485a4b2df2a4fc48d5a27a808caeecd e9e25aa3810844a2b8634b02190ea738 - - default default] Successfully bumped revision number for resource 47b44c46-7a35-4b1c-9076-57db3f1bf426 (type: networks) to 1
2026-07-01 08:35:05.945 10 WARNING neutron.scheduler.dhcp_agent_scheduler [None req-ee234c5c-fc88-4005-b981-b7fd4fc88ceb 275305560ff2488aa0068b872cabd664 70f7ffc7c4e345cd9129a4b9282b0f5f - - default default] No more DHCP agents
2026-07-01 08:35:05.947 10 WARNING neutron.api.rpc.agentnotifiers.dhcp_rpc_agent_api [None req-ee234c5c-fc88-4005-b981-b7fd4fc88ceb 275305560ff2488aa0068b872cabd664 70f7ffc7c4e345cd9129a4b9282b0f5f - - default default] Unable to schedule network 613f8cfa-6616-4cd3-b04f-3eed3378a7c2: no agents available; will retry on subsequent port and subnet creation events.
2026-07-01 08:35:06.009 9 WARNING neutron.scheduler.dhcp_agent_scheduler [None req-267e7f9b-8691-495a-b05d-f107aeaa4db9 3485a4b2df2a4fc48d5a27a808caeecd e9e25aa3810844a2b8634b02190ea738 - - default default] No more DHCP agents
2026-07-01 08:35:06.012 9 WARNING neutron.api.rpc.agentnotifiers.dhcp_rpc_agent_api [None req-267e7f9b-8691-495a-b05d-f107aeaa4db9 3485a4b2df2a4fc48d5a27a808caeecd e9e25aa3810844a2b8634b02190ea738 - - default default] Unable to schedule network 47b44c46-7a35-4b1c-9076-57db3f1bf426: no agents available; will retry on subsequent port and subnet creation events.
2026-07-01 08:35:06.029 10 INFO neutron.db.ovn_revision_numbers_db [None req-ee234c5c-fc88-4005-b981-b7fd4fc88ceb 275305560ff2488aa0068b872cabd664 70f7ffc7c4e345cd9129a4b9282b0f5f - - default default] Successfully bumped revision number for resource f7d82db6-0f0a-4477-b6c7-ddf5e3674b51 (type: ports) to 1
2026-07-01 08:35:06.047 10 INFO neutron.wsgi [None req-ee234c5c-fc88-4005-b981-b7fd4fc88ceb 275305560ff2488aa0068b872cabd664 70f7ffc7c4e345cd9129a4b9282b0f5f - - default default] 10.0.0.170 "POST /v2.0/networks HTTP/1.1" status: 201 len: 945 time: 0.8347034
2026-07-01 08:35:06.100 9 INFO neutron.db.ovn_revision_numbers_db [None req-267e7f9b-8691-495a-b05d-f107aeaa4db9 3485a4b2df2a4fc48d5a27a808caeecd e9e25aa3810844a2b8634b02190ea738 - - default default] Successfully bumped revision number for resource 2831fc04-bd71-4489-8be2-6c18d31c4060 (type: ports) to 1
2026-07-01 08:35:06.127 9 INFO neutron.wsgi [None req-267e7f9b-8691-495a-b05d-f107aeaa4db9 3485a4b2df2a4fc48d5a27a808caeecd e9e25aa3810844a2b8634b02190ea738 - - default default] 10.0.0.170 "POST /v2.0/networks HTTP/1.1" status: 201 len: 848 time: 1.2046885
2026-07-01 08:35:06.170 10 INFO neutron.wsgi [req-348ec881-fe9e-45ab-ac28-686683366c42 req-e0ab7803-1b19-4a14-8360-526b5a1af1a5 cf03bbc8f0134f61bd5adfacab86159b 41d28d305c964b0abf7cf5939c6e606a - - default default] 10.0.0.93 "GET /v2.0/ports?device_id=e5bce653-f501-4ba2-97cb-862c6aae11bd HTTP/1.1" status: 200 len: 1170 time: 0.0412242
2026-07-01 08:35:06.226 10 INFO neutron.wsgi [req-348ec881-fe9e-45ab-ac28-686683366c42 req-6a03153c-7986-43dd-bc65-1ec803ed5890 cf03bbc8f0134f61bd5adfacab86159b 41d28d305c964b0abf7cf5939c6e606a - - default default] 10.0.0.93 "GET /v2.0/security-groups?id=c4ee17d8-7bcd-498e-88d8-a09edf4e5283&fields=id&fields=name HTTP/1.1" status: 200 len: 313 time: 0.0497141
2026-07-01 08:35:06.283 10 WARNING neutron.scheduler.dhcp_agent_scheduler [None req-77cec152-51c0-4505-a8cd-9a1d8717f4da 275305560ff2488aa0068b872cabd664 70f7ffc7c4e345cd9129a4b9282b0f5f - - default default] No more DHCP agents
2026-07-01 08:35:06.285 10 WARNING neutron.api.rpc.agentnotifiers.dhcp_rpc_agent_api [None req-77cec152-51c0-4505-a8cd-9a1d8717f4da 275305560ff2488aa0068b872cabd664 70f7ffc7c4e345cd9129a4b9282b0f5f - - default default] Unable to schedule network 613f8cfa-6616-4cd3-b04f-3eed3378a7c2: no agents available; will retry on subsequent port and subnet creation events.
2026-07-01 08:35:06.330 10 INFO neutron.wsgi [req-5ab61bcc-2b99-4dee-88a4-e9d6cfebb1bf req-a2771ca3-5575-4d1e-8760-5f8b0b64c533 cf03bbc8f0134f61bd5adfacab86159b 41d28d305c964b0abf7cf5939c6e606a - - default default] 10.0.0.93 "GET /v2.0/ports?device_id=e5bce653-f501-4ba2-97cb-862c6aae11bd HTTP/1.1" status: 200 len: 1170 time: 0.0413635
2026-07-01 08:35:06.416 9 WARNING neutron.scheduler.dhcp_agent_scheduler [None req-ea72a84b-02ef-4f60-aa0d-deb511d72fad 3485a4b2df2a4fc48d5a27a808caeecd e9e25aa3810844a2b8634b02190ea738 - - default default] No more DHCP agents
2026-07-01 08:35:06.421 9 WARNING neutron.api.rpc.agentnotifiers.dhcp_rpc_agent_api [None req-ea72a84b-02ef-4f60-aa0d-deb511d72fad 3485a4b2df2a4fc48d5a27a808caeecd e9e25aa3810844a2b8634b02190ea738 - - default default] Unable to schedule network 47b44c46-7a35-4b1c-9076-57db3f1bf426: no agents available; will retry on subsequent port and subnet creation events.
2026-07-01 08:35:06.469 9 INFO neutron.db.ovn_revision_numbers_db [None req-ea72a84b-02ef-4f60-aa0d-deb511d72fad 3485a4b2df2a4fc48d5a27a808caeecd e9e25aa3810844a2b8634b02190ea738 - - default default] Successfully bumped revision number for resource 8fe4f1d6-641a-47a7-a667-a32d7ddd6ff9 (type: subnets) to 0
2026-07-01 08:35:06.494 9 INFO neutron.wsgi [None req-ea72a84b-02ef-4f60-aa0d-deb511d72fad 3485a4b2df2a4fc48d5a27a808caeecd e9e25aa3810844a2b8634b02190ea738 - - default default] 10.0.0.170 "POST /v2.0/subnets HTTP/1.1" status: 201 len: 802 time: 0.3614774
2026-07-01 08:35:06.592 9 INFO neutron.db.l3_db [None req-344982de-a4ea-4a90-b782-fc3e572f716f cf03bbc8f0134f61bd5adfacab86159b 41d28d305c964b0abf7cf5939c6e606a - - default default] Floating IP c9bd1ded-08f1-444a-88d6-6f9150f040ff associated. External IP: 10.96.250.202, port: cc89690e-0847-463e-9212-4f80d5c7c437.
2026-07-01 08:35:06.772 9 INFO neutron.db.ovn_revision_numbers_db [None req-344982de-a4ea-4a90-b782-fc3e572f716f cf03bbc8f0134f61bd5adfacab86159b 41d28d305c964b0abf7cf5939c6e606a - - default default] Successfully bumped revision number for resource c9bd1ded-08f1-444a-88d6-6f9150f040ff (type: floatingips) to 1
2026-07-01 08:35:06.876 9 INFO neutron.db.ovn_revision_numbers_db [None req-344982de-a4ea-4a90-b782-fc3e572f716f cf03bbc8f0134f61bd5adfacab86159b 41d28d305c964b0abf7cf5939c6e606a - - default default] Successfully bumped revision number for resource c9bd1ded-08f1-444a-88d6-6f9150f040ff (type: floatingips) to 2
2026-07-01 08:35:06.906 9 INFO neutron.wsgi [None req-344982de-a4ea-4a90-b782-fc3e572f716f cf03bbc8f0134f61bd5adfacab86159b 41d28d305c964b0abf7cf5939c6e606a - - default default] 10.0.0.170 "PUT /v2.0/floatingips/c9bd1ded-08f1-444a-88d6-6f9150f040ff HTTP/1.1" status: 200 len: 1049 time: 0.5634515
2026-07-01 08:35:06.944 9 INFO neutron.notifiers.nova [-] Nova event matching ['req-887e70c1-5747-436d-832c-3f840670ef38'] response: {'name': 'network-changed', 'server_uuid': 'e5bce653-f501-4ba2-97cb-862c6aae11bd', 'tag': 'cc89690e-0847-463e-9212-4f80d5c7c437', 'status': 'completed', 'code': 200} /var/lib/openstack/lib/python3.10/site-packages/pycadf/identifier.py:71: UserWarning: Invalid uuid: neutron. To ensure interoperability, identifiers should be a valid uuid. warnings.warn(('Invalid uuid: %s. To ensure interoperability, '
2026-07-01 08:35:07.214 10 INFO neutron.wsgi [req-f6c5c0c3-45e4-4234-b5f6-3be86a5a036b req-5fe32952-e255-42d9-8efc-de01a51a494c 05a7a10ab07b49bca11d351207844b74 e41a9e6e66d94234b25e655f3df8395b - - 3a65b27de5874df28411113e10856e6e 3a65b27de5874df28411113e10856e6e] 199.204.45.157 "GET /v2.0/ports?tenant_id=41d28d305c964b0abf7cf5939c6e606a&device_id=e5bce653-f501-4ba2-97cb-862c6aae11bd HTTP/1.1" status: 200 len: 1409 time: 0.0768147
2026-07-01 08:35:07.225 10 INFO neutron.wsgi [req-8bef0728-2a6c-4116-bf6c-a8ec57e78f2b req-361c9332-bed9-42a8-b676-f293d31ac19a cf03bbc8f0134f61bd5adfacab86159b 41d28d305c964b0abf7cf5939c6e606a - - default default] 10.0.0.93 "GET /v2.0/ports?device_id=e5bce653-f501-4ba2-97cb-862c6aae11bd HTTP/1.1" status: 200 len: 1170 time: 0.0884502
2026-07-01 08:35:07.330 10 INFO neutron.wsgi [req-8bef0728-2a6c-4116-bf6c-a8ec57e78f2b req-16a7c6b8-aee2-4d21-aee3-811ccbaa0c7d cf03bbc8f0134f61bd5adfacab86159b 41d28d305c964b0abf7cf5939c6e606a - - default default] 10.0.0.93 "GET /v2.0/security-groups?id=c4ee17d8-7bcd-498e-88d8-a09edf4e5283&fields=id&fields=name HTTP/1.1" status: 200 len: 313 time: 0.0957515
2026-07-01 08:35:07.356 10 INFO neutron.wsgi [req-f6c5c0c3-45e4-4234-b5f6-3be86a5a036b req-bbc25471-9e03-4226-b494-1382f34e7657 05a7a10ab07b49bca11d351207844b74 e41a9e6e66d94234b25e655f3df8395b - - 3a65b27de5874df28411113e10856e6e 3a65b27de5874df28411113e10856e6e] 199.204.45.157 "GET /v2.0/networks?id=9bde1b96-76c9-4d58-a244-9edcc0397a3e HTTP/1.1" status: 200 len: 973 time: 0.1308401
2026-07-01 08:35:07.366 10 INFO neutron.db.ovn_revision_numbers_db [None req-77cec152-51c0-4505-a8cd-9a1d8717f4da 275305560ff2488aa0068b872cabd664 70f7ffc7c4e345cd9129a4b9282b0f5f - - default default] Successfully bumped revision number for resource f7d82db6-0f0a-4477-b6c7-ddf5e3674b51 (type: ports) to 2
2026-07-01 08:35:07.439 10 INFO neutron.wsgi [req-f6c5c0c3-45e4-4234-b5f6-3be86a5a036b req-fcf97218-5c70-450c-b09c-8396a0f4bc74 05a7a10ab07b49bca11d351207844b74 e41a9e6e66d94234b25e655f3df8395b - - 3a65b27de5874df28411113e10856e6e 3a65b27de5874df28411113e10856e6e] 199.204.45.157 "GET /v2.0/floatingips?fixed_ip_address=10.100.0.3&port_id=cc89690e-0847-463e-9212-4f80d5c7c437 HTTP/1.1" status: 200 len: 1059 time: 0.0746887
2026-07-01 08:35:07.445 10 INFO neutron.db.ovn_revision_numbers_db [None req-77cec152-51c0-4505-a8cd-9a1d8717f4da 275305560ff2488aa0068b872cabd664 70f7ffc7c4e345cd9129a4b9282b0f5f - - default default] Successfully bumped revision number for resource ae5660e5-f0c3-4265-9b21-0c70c749df24 (type: subnets) to 0
2026-07-01 08:35:07.489 10 INFO neutron.wsgi [None req-77cec152-51c0-4505-a8cd-9a1d8717f4da 275305560ff2488aa0068b872cabd664 70f7ffc7c4e345cd9129a4b9282b0f5f - - default default] 10.0.0.170 "POST /v2.0/subnets HTTP/1.1" status: 201 len: 865 time: 1.4375362
2026-07-01 08:35:07.501 10 INFO neutron.wsgi [req-f6c5c0c3-45e4-4234-b5f6-3be86a5a036b req-452a4279-c5e7-4547-a8ad-1ace0991fada 05a7a10ab07b49bca11d351207844b74 e41a9e6e66d94234b25e655f3df8395b - - 3a65b27de5874df28411113e10856e6e 3a65b27de5874df28411113e10856e6e] 199.204.45.157 "GET /v2.0/subnets?id=81218bc2-06d7-457b-a147-0b0a6397da9f HTTP/1.1" status: 200 len: 868 time: 0.0519912
2026-07-01 08:35:07.507 10 WARNING neutron.scheduler.dhcp_agent_scheduler [None req-05409951-1a0b-4ae7-8cfa-7aac136954a6 3485a4b2df2a4fc48d5a27a808caeecd e9e25aa3810844a2b8634b02190ea738 - - default default] No more DHCP agents
2026-07-01 08:35:07.511 10 WARNING neutron.api.rpc.agentnotifiers.dhcp_rpc_agent_api [None req-05409951-1a0b-4ae7-8cfa-7aac136954a6 3485a4b2df2a4fc48d5a27a808caeecd e9e25aa3810844a2b8634b02190ea738 - - default default] Unable to schedule network 71be9c22-9137-46f4-bb67-4045b8ca23fa: no agents available; will retry on subsequent port and subnet creation events.
2026-07-01 08:35:07.546 10 INFO neutron.wsgi [req-f6c5c0c3-45e4-4234-b5f6-3be86a5a036b req-ad1afe9b-7790-4013-ac95-05771182f149 05a7a10ab07b49bca11d351207844b74 e41a9e6e66d94234b25e655f3df8395b - - 3a65b27de5874df28411113e10856e6e 3a65b27de5874df28411113e10856e6e] 199.204.45.157 "GET /v2.0/ports?network_id=9bde1b96-76c9-4d58-a244-9edcc0397a3e&device_owner=network%3Adhcp HTTP/1.1" status: 200 len: 210 time: 0.0383911
2026-07-01 08:35:07.697 10 INFO neutron.plugins.ml2.drivers.ovn.mech_driver.mech_driver [None req-082ab5e4-522b-4889-97e6-daa04ebc9f95 - - - - - -] OVN reports status down for port: cc89690e-0847-463e-9212-4f80d5c7c437
2026-07-01 08:35:07.723 10 INFO neutron.wsgi [req-f6c5c0c3-45e4-4234-b5f6-3be86a5a036b req-8b3e24a8-e4a8-4bae-b5fc-04f36bda62fc 05a7a10ab07b49bca11d351207844b74 e41a9e6e66d94234b25e655f3df8395b - - 3a65b27de5874df28411113e10856e6e 3a65b27de5874df28411113e10856e6e] 199.204.45.157 "GET /v2.0/networks/9bde1b96-76c9-4d58-a244-9edcc0397a3e?fields=segments HTTP/1.1" status: 200 len: 212 time: 0.1648400
2026-07-01 08:35:07.759 10 INFO neutron.wsgi [req-092c359f-4759-4f43-a4d6-37272e0bc456 req-00837367-86bf-4fb4-b722-b51787071ec0 cf03bbc8f0134f61bd5adfacab86159b 41d28d305c964b0abf7cf5939c6e606a - - default default] 10.0.0.93 "GET /v2.0/ports?device_id=e5bce653-f501-4ba2-97cb-862c6aae11bd HTTP/1.1" status: 200 len: 1170 time: 0.0942006
2026-07-01 08:35:07.844 10 INFO neutron.wsgi [req-092c359f-4759-4f43-a4d6-37272e0bc456 req-58cb2251-d27d-41bf-87d5-d20c767ff7d1 cf03bbc8f0134f61bd5adfacab86159b 41d28d305c964b0abf7cf5939c6e606a - - default default] 10.0.0.93 "GET /v2.0/security-groups?id=c4ee17d8-7bcd-498e-88d8-a09edf4e5283&fields=id&fields=name HTTP/1.1" status: 200 len: 313 time: 0.0761592
2026-07-01 08:35:07.860 10 INFO neutron.wsgi [req-f6c5c0c3-45e4-4234-b5f6-3be86a5a036b req-8f4b60ff-52ea-4d57-a8d3-6db5f2bcd4c8 05a7a10ab07b49bca11d351207844b74 e41a9e6e66d94234b25e655f3df8395b - - 3a65b27de5874df28411113e10856e6e 3a65b27de5874df28411113e10856e6e] 199.204.45.157 "GET /v2.0/networks/9bde1b96-76c9-4d58-a244-9edcc0397a3e?fields=provider%3Aphysical_network&fields=provider%3Anetwork_type HTTP/1.1" status: 200 len: 277 time: 0.1262095
2026-07-01 08:35:07.874 10 INFO neutron.db.ovn_revision_numbers_db [None req-05409951-1a0b-4ae7-8cfa-7aac136954a6 3485a4b2df2a4fc48d5a27a808caeecd e9e25aa3810844a2b8634b02190ea738 - - default default] Successfully bumped revision number for resource 568dd565-6e3c-49b0-82b1-228316e6b0dc (type: ports) to 1
2026-07-01 08:35:07.925 10 INFO neutron.notifiers.nova [-] Nova event matching ['req-1baaf51c-a937-4a65-be58-91e31c91751d'] response: {'server_uuid': 'e5bce653-f501-4ba2-97cb-862c6aae11bd', 'name': 'network-vif-unplugged', 'status': 'completed', 'tag': 'cc89690e-0847-463e-9212-4f80d5c7c437', 'code': 200}
2026-07-01 08:35:08.071 9 WARNING neutron.scheduler.dhcp_agent_scheduler [None req-b54a50e0-d740-48fe-8b13-46b012de5e5f 275305560ff2488aa0068b872cabd664 70f7ffc7c4e345cd9129a4b9282b0f5f - - default default] No more DHCP agents
2026-07-01 08:35:08.072 9 WARNING neutron.api.rpc.agentnotifiers.dhcp_rpc_agent_api [None req-b54a50e0-d740-48fe-8b13-46b012de5e5f 275305560ff2488aa0068b872cabd664 70f7ffc7c4e345cd9129a4b9282b0f5f - - default default] Unable to schedule network 71be9c22-9137-46f4-bb67-4045b8ca23fa: no agents available; will retry on subsequent port and subnet creation events.
2026-07-01 08:35:08.083 10 INFO neutron.wsgi [req-70401672-d580-4e93-8637-633e5e3418f2 req-5c9ee84d-d976-4112-8f45-40a70f68867e cf03bbc8f0134f61bd5adfacab86159b 41d28d305c964b0abf7cf5939c6e606a - - default default] 199.204.45.157 "GET /v2.0/ports?device_id=e5bce653-f501-4ba2-97cb-862c6aae11bd HTTP/1.1" status: 200 len: 1168 time: 0.0895731
2026-07-01 08:35:08.235 9 INFO neutron.db.ovn_revision_numbers_db [None req-b54a50e0-d740-48fe-8b13-46b012de5e5f 275305560ff2488aa0068b872cabd664 70f7ffc7c4e345cd9129a4b9282b0f5f - - default default] Successfully bumped revision number for resource 2e1182f4-7c2b-4bc8-8aa2-0edb25560e74 (type: ports) to 1
2026-07-01 08:35:08.344 10 INFO neutron.db.ovn_revision_numbers_db [None req-082ab5e4-522b-4889-97e6-daa04ebc9f95 - - - - - -] Successfully bumped revision number for resource cc89690e-0847-463e-9212-4f80d5c7c437 (type: ports) to 5
2026-07-01 08:35:08.780 10 INFO neutron.db.l3_db [req-70401672-d580-4e93-8637-633e5e3418f2 req-10925640-4a51-4120-9385-6c1f63f4f5c5 cf03bbc8f0134f61bd5adfacab86159b 41d28d305c964b0abf7cf5939c6e606a - - default default] Floating IP c9bd1ded-08f1-444a-88d6-6f9150f040ff disassociated. External IP: 10.96.250.202, port: cc89690e-0847-463e-9212-4f80d5c7c437.
2026-07-01 08:35:08.865 10 INFO neutron.plugins.ml2.drivers.ovn.mech_driver.mech_driver [None req-082ab5e4-522b-4889-97e6-daa04ebc9f95 - - - - - -] OVN reports status up for port: 2e1182f4-7c2b-4bc8-8aa2-0edb25560e74
2026-07-01 08:35:08.866 10 INFO neutron.plugins.ml2.drivers.ovn.mech_driver.ovsdb.ovsdb_monitor [None req-c713b5be-e23c-49b9-9775-07aa384bf050 - - - - - -] Router 5396dd87-8782-4b6a-a230-9d71c536edcd is bound to host instance
2026-07-01 08:35:08.886 9 INFO neutron.db.ovn_revision_numbers_db [None req-b54a50e0-d740-48fe-8b13-46b012de5e5f 275305560ff2488aa0068b872cabd664 70f7ffc7c4e345cd9129a4b9282b0f5f - - default default] Successfully bumped revision number for resource 2e1182f4-7c2b-4bc8-8aa2-0edb25560e74 (type: router_ports) to 1
2026-07-01 08:35:08.987 10 INFO neutron.plugins.ml2.plugin [None req-082ab5e4-522b-4889-97e6-daa04ebc9f95 - - - - - -] Attempt 1 to provision port 2e1182f4-7c2b-4bc8-8aa2-0edb25560e74
2026-07-01 08:35:09.016 9 INFO neutron.db.ovn_revision_numbers_db [None req-b54a50e0-d740-48fe-8b13-46b012de5e5f 275305560ff2488aa0068b872cabd664 70f7ffc7c4e345cd9129a4b9282b0f5f - - default default] Successfully bumped revision number for resource 5396dd87-8782-4b6a-a230-9d71c536edcd (type: routers) to 2 /var/lib/openstack/lib/python3.10/site-packages/pycadf/identifier.py:71: UserWarning: Invalid uuid: neutron. To ensure interoperability, identifiers should be a valid uuid. warnings.warn(('Invalid uuid: %s. To ensure interoperability, '
2026-07-01 08:35:09.030 9 INFO neutron.wsgi [None req-b54a50e0-d740-48fe-8b13-46b012de5e5f 275305560ff2488aa0068b872cabd664 70f7ffc7c4e345cd9129a4b9282b0f5f - - default default] 10.0.0.170 "POST /v2.0/routers HTTP/1.1" status: 201 len: 876 time: 1.5341079
2026-07-01 08:35:09.099 10 INFO neutron.wsgi [req-fa82a195-83fb-4d7a-8fff-04e1ccc2597b req-ba856c77-d003-487b-ae9f-c10ef01167e5 cf03bbc8f0134f61bd5adfacab86159b 41d28d305c964b0abf7cf5939c6e606a - - default default] 10.0.0.93 "GET /v2.0/ports?device_id=e5bce653-f501-4ba2-97cb-862c6aae11bd HTTP/1.1" status: 200 len: 1168 time: 0.0939074
2026-07-01 08:35:09.267 10 INFO neutron.wsgi [req-fa82a195-83fb-4d7a-8fff-04e1ccc2597b req-302ce55c-6d97-4c51-ab28-46d6934f43c4 cf03bbc8f0134f61bd5adfacab86159b 41d28d305c964b0abf7cf5939c6e606a - - default default] 10.0.0.93 "GET /v2.0/security-groups?id=c4ee17d8-7bcd-498e-88d8-a09edf4e5283&fields=id&fields=name HTTP/1.1" status: 200 len: 313 time: 0.1438091
2026-07-01 08:35:09.348 9 INFO neutron.plugins.ml2.drivers.ovn.mech_driver.mech_driver [None req-17ab10d5-9439-411f-8745-9887d4c5b955 - - - - - -] OVN reports status up for port: 568dd565-6e3c-49b0-82b1-228316e6b0dc
2026-07-01 08:35:09.354 9 INFO neutron.plugins.ml2.plugin [None req-17ab10d5-9439-411f-8745-9887d4c5b955 - - - - - -] Attempt 1 to provision port 568dd565-6e3c-49b0-82b1-228316e6b0dc
2026-07-01 08:35:09.389 10 INFO neutron.wsgi [req-70401672-d580-4e93-8637-633e5e3418f2 req-10925640-4a51-4120-9385-6c1f63f4f5c5 cf03bbc8f0134f61bd5adfacab86159b 41d28d305c964b0abf7cf5939c6e606a - - default default] 199.204.45.157 "DELETE /v2.0/ports/cc89690e-0847-463e-9212-4f80d5c7c437 HTTP/1.1" status: 204 len: 173 time: 1.3003628
2026-07-01 08:35:09.404 10 INFO neutron.db.ovn_revision_numbers_db [None req-05409951-1a0b-4ae7-8cfa-7aac136954a6 3485a4b2df2a4fc48d5a27a808caeecd e9e25aa3810844a2b8634b02190ea738 - - default default] Successfully bumped revision number for resource 568dd565-6e3c-49b0-82b1-228316e6b0dc (type: router_ports) to 1
2026-07-01 08:35:09.523 10 INFO neutron.db.ovn_revision_numbers_db [None req-05409951-1a0b-4ae7-8cfa-7aac136954a6 3485a4b2df2a4fc48d5a27a808caeecd e9e25aa3810844a2b8634b02190ea738 - - default default] Successfully bumped revision number for resource ed6ed092-8865-471d-9db6-1286e91068b8 (type: routers) to 2
2026-07-01 08:35:09.561 10 INFO neutron.wsgi [None req-05409951-1a0b-4ae7-8cfa-7aac136954a6 3485a4b2df2a4fc48d5a27a808caeecd e9e25aa3810844a2b8634b02190ea738 - - default default] 10.0.0.170 "POST /v2.0/routers HTTP/1.1" status: 201 len: 875 time: 3.0619853
2026-07-01 08:35:09.887 10 WARNING neutron.scheduler.dhcp_agent_scheduler [None req-10321842-5c78-4e96-9b71-ed59f20c7348 275305560ff2488aa0068b872cabd664 70f7ffc7c4e345cd9129a4b9282b0f5f - - default default] No more DHCP agents
2026-07-01 08:35:09.891 10 WARNING neutron.api.rpc.agentnotifiers.dhcp_rpc_agent_api [None req-10321842-5c78-4e96-9b71-ed59f20c7348 275305560ff2488aa0068b872cabd664 70f7ffc7c4e345cd9129a4b9282b0f5f - - default default] Unable to schedule network 613f8cfa-6616-4cd3-b04f-3eed3378a7c2: no agents available; will retry on subsequent port and subnet creation events.
2026-07-01 08:35:09.974 10 INFO neutron.notifiers.nova [-] Nova event matching ['req-2a093259-3eec-4175-9603-c7e21ee05d48'] response: {'server_uuid': 'e5bce653-f501-4ba2-97cb-862c6aae11bd', 'name': 'network-vif-plugged', 'status': 'completed', 'tag': 'cc89690e-0847-463e-9212-4f80d5c7c437', 'code': 200}
2026-07-01 08:35:09.975 10 INFO neutron.notifiers.nova [-] Nova event matching ['req-2a093259-3eec-4175-9603-c7e21ee05d48'] response: {'server_uuid': 'e5bce653-f501-4ba2-97cb-862c6aae11bd', 'name': 'network-vif-deleted', 'tag': 'cc89690e-0847-463e-9212-4f80d5c7c437', 'status': 'completed', 'code': 200}
2026-07-01 08:35:09.981 10 INFO neutron.db.ovn_revision_numbers_db [None req-c713b5be-e23c-49b9-9775-07aa384bf050 - - - - - -] Successfully bumped revision number for resource 2e1182f4-7c2b-4bc8-8aa2-0edb25560e74 (type: ports) to 1
2026-07-01 08:35:10.098 10 INFO neutron.db.ovn_revision_numbers_db [None req-10321842-5c78-4e96-9b71-ed59f20c7348 275305560ff2488aa0068b872cabd664 70f7ffc7c4e345cd9129a4b9282b0f5f - - default default] Successfully bumped revision number for resource a620c427-c3c5-42e5-9ba6-ae014d6e7a19 (type: ports) to 1
2026-07-01 08:35:10.447 9 WARNING neutron.scheduler.dhcp_agent_scheduler [None req-ff61f248-4bcd-4e2a-ac33-af9022883a49 3485a4b2df2a4fc48d5a27a808caeecd e9e25aa3810844a2b8634b02190ea738 - - default default] No more DHCP agents
2026-07-01 08:35:10.452 9 WARNING neutron.api.rpc.agentnotifiers.dhcp_rpc_agent_api [None req-ff61f248-4bcd-4e2a-ac33-af9022883a49 3485a4b2df2a4fc48d5a27a808caeecd e9e25aa3810844a2b8634b02190ea738 - - default default] Unable to schedule network 47b44c46-7a35-4b1c-9076-57db3f1bf426: no agents available; will retry on subsequent port and subnet creation events.
2026-07-01 08:35:10.593 9 INFO neutron.wsgi [None req-3b6f6f99-a02a-42e6-9c7e-945db5e0a96d cf03bbc8f0134f61bd5adfacab86159b 41d28d305c964b0abf7cf5939c6e606a - - default default] 10.0.0.170 "DELETE /v2.0/security-groups/c4ee17d8-7bcd-498e-88d8-a09edf4e5283 HTTP/1.1" status: 204 len: 168 time: 0.2149110
2026-07-01 08:35:10.608 10 INFO neutron.db.ovn_revision_numbers_db [None req-c713b5be-e23c-49b9-9775-07aa384bf050 - - - - - -] Successfully bumped revision number for resource 2e1182f4-7c2b-4bc8-8aa2-0edb25560e74 (type: router_ports) to 3
2026-07-01 08:35:10.609 10 INFO neutron.api.v2.resource [None req-301ddfa6-2659-4cc7-8f37-7ec6009902c8 cf03bbc8f0134f61bd5adfacab86159b 41d28d305c964b0abf7cf5939c6e606a - - default default] show failed (client error): The resource could not be found.
2026-07-01 08:35:10.610 10 INFO neutron.wsgi [None req-301ddfa6-2659-4cc7-8f37-7ec6009902c8 cf03bbc8f0134f61bd5adfacab86159b 41d28d305c964b0abf7cf5939c6e606a - - default default] 10.0.0.170 "GET /v2.0/security-groups/c4ee17d8-7bcd-498e-88d8-a09edf4e5283 HTTP/1.1" status: 404 len: 347 time: 0.0113354
2026-07-01 08:35:10.697 9 INFO neutron.db.ovn_revision_numbers_db [None req-ff61f248-4bcd-4e2a-ac33-af9022883a49 3485a4b2df2a4fc48d5a27a808caeecd e9e25aa3810844a2b8634b02190ea738 - - default default] Successfully bumped revision number for resource e48c1340-f709-4f47-a8ec-e3d68e61d17b (type: ports) to 1
2026-07-01 08:35:10.921 10 INFO neutron.wsgi [req-d52d1d50-500e-4800-a4ec-9dcd51cd4850 req-9fe315f6-b073-4cb6-b9c1-1faeef2b011a 669a4c067ea4461f898bd34bb526f5cf 0eefd157e5fa4c769a3aefdfdb6e99a2 - - default default] 10.0.0.93 "GET /v2.0/ports?device_id=e850fea6-e258-400e-a86e-6e197ca87ac4 HTTP/1.1" status: 200 len: 1174 time: 0.1553607
2026-07-01 08:35:10.922 10 INFO neutron.db.ovn_revision_numbers_db [None req-c713b5be-e23c-49b9-9775-07aa384bf050 - - - - - -] Successfully bumped revision number for resource 2e1182f4-7c2b-4bc8-8aa2-0edb25560e74 (type: ports) to 2
2026-07-01 08:35:10.995 10 INFO neutron.db.ovn_revision_numbers_db [None req-10321842-5c78-4e96-9b71-ed59f20c7348 275305560ff2488aa0068b872cabd664 70f7ffc7c4e345cd9129a4b9282b0f5f - - default default] Successfully bumped revision number for resource a620c427-c3c5-42e5-9ba6-ae014d6e7a19 (type: router_ports) to 1
2026-07-01 08:35:11.010 10 INFO neutron.wsgi [req-8a39d9cd-201a-4fe8-a0ab-ed9e95519914 req-77f60e02-94a0-4461-b686-bd549604132b 669a4c067ea4461f898bd34bb526f5cf 0eefd157e5fa4c769a3aefdfdb6e99a2 - - default default] 10.0.0.93 "GET /v2.0/ports/58043948-186e-44f7-9da3-21a3f8971153 HTTP/1.1" status: 200 len: 1171 time: 0.0444379
2026-07-01 08:35:11.075 9 INFO neutron.wsgi [None req-e81c07b5-aff1-4fea-8364-ddcb8a7188ae cf03bbc8f0134f61bd5adfacab86159b 41d28d305c964b0abf7cf5939c6e606a - - default default] 10.0.0.170 "DELETE /v2.0/floatingips/c9bd1ded-08f1-444a-88d6-6f9150f040ff HTTP/1.1" status: 204 len: 168 time: 0.4604321
2026-07-01 08:35:11.216 10 INFO neutron.wsgi [req-70f8da68-7407-4a67-b3aa-28d16f33fb57 req-ae847689-6230-413b-8fa5-9015cdc94979 669a4c067ea4461f898bd34bb526f5cf 0eefd157e5fa4c769a3aefdfdb6e99a2 - - default default] 199.204.45.157 "GET /v2.0/subnets?network_id=df850c0d-6763-46cc-99bb-b527fc47fb74 HTTP/1.1" status: 200 len: 859 time: 0.0718801
2026-07-01 08:35:11.276 10 INFO neutron.db.ovn_revision_numbers_db [None req-10321842-5c78-4e96-9b71-ed59f20c7348 275305560ff2488aa0068b872cabd664 70f7ffc7c4e345cd9129a4b9282b0f5f - - default default] Successfully bumped revision number for resource a620c427-c3c5-42e5-9ba6-ae014d6e7a19 (type: ports) to 1
2026-07-01 08:35:11.299 10 INFO neutron.wsgi [req-70f8da68-7407-4a67-b3aa-28d16f33fb57 req-821385cc-2c71-4df2-bf20-94ac5b433dfe 669a4c067ea4461f898bd34bb526f5cf 0eefd157e5fa4c769a3aefdfdb6e99a2 - - default default] 199.204.45.157 "GET /v2.0/ports?device_id=e850fea6-e258-400e-a86e-6e197ca87ac4&device_owner=compute%3Anova&network_id=df850c0d-6763-46cc-99bb-b527fc47fb74 HTTP/1.1" status: 200 len: 1174 time: 0.0717866
2026-07-01 08:35:11.371 10 INFO neutron.db.ovn_revision_numbers_db [None req-c713b5be-e23c-49b9-9775-07aa384bf050 - - - - - -] Successfully bumped revision number for resource 2e1182f4-7c2b-4bc8-8aa2-0edb25560e74 (type: ports) to 4
2026-07-01 08:35:11.411 10 WARNING neutron.scheduler.dhcp_agent_scheduler [None req-10321842-5c78-4e96-9b71-ed59f20c7348 275305560ff2488aa0068b872cabd664 70f7ffc7c4e345cd9129a4b9282b0f5f - - default default] No more DHCP agents
2026-07-01 08:35:11.417 10 WARNING neutron.api.rpc.agentnotifiers.dhcp_rpc_agent_api [None req-10321842-5c78-4e96-9b71-ed59f20c7348 275305560ff2488aa0068b872cabd664 70f7ffc7c4e345cd9129a4b9282b0f5f - - default default] Unable to schedule network 613f8cfa-6616-4cd3-b04f-3eed3378a7c2: no agents available; will retry on subsequent port and subnet creation events.
2026-07-01 08:35:11.433 9 INFO neutron.db.ovn_revision_numbers_db [None req-ff61f248-4bcd-4e2a-ac33-af9022883a49 3485a4b2df2a4fc48d5a27a808caeecd e9e25aa3810844a2b8634b02190ea738 - - default default] Successfully bumped revision number for resource e48c1340-f709-4f47-a8ec-e3d68e61d17b (type: router_ports) to 1
2026-07-01 08:35:11.640 9 INFO neutron.db.ovn_revision_numbers_db [None req-ff61f248-4bcd-4e2a-ac33-af9022883a49 3485a4b2df2a4fc48d5a27a808caeecd e9e25aa3810844a2b8634b02190ea738 - - default default] Successfully bumped revision number for resource e48c1340-f709-4f47-a8ec-e3d68e61d17b (type: ports) to 1
2026-07-01 08:35:11.727 9 WARNING neutron.scheduler.dhcp_agent_scheduler [None req-ff61f248-4bcd-4e2a-ac33-af9022883a49 3485a4b2df2a4fc48d5a27a808caeecd e9e25aa3810844a2b8634b02190ea738 - - default default] No more DHCP agents
2026-07-01 08:35:11.728 9 WARNING neutron.api.rpc.agentnotifiers.dhcp_rpc_agent_api [None req-ff61f248-4bcd-4e2a-ac33-af9022883a49 3485a4b2df2a4fc48d5a27a808caeecd e9e25aa3810844a2b8634b02190ea738 - - default default] Unable to schedule network 47b44c46-7a35-4b1c-9076-57db3f1bf426: no agents available; will retry on subsequent port and subnet creation events.
2026-07-01 08:35:11.865 10 INFO neutron.db.ovn_revision_numbers_db [None req-c713b5be-e23c-49b9-9775-07aa384bf050 - - - - - -] Successfully bumped revision number for resource 2e1182f4-7c2b-4bc8-8aa2-0edb25560e74 (type: router_ports) to 4
2026-07-01 08:35:12.245 10 INFO neutron.db.ovn_revision_numbers_db [req-70f8da68-7407-4a67-b3aa-28d16f33fb57 req-6172358a-0b44-4f04-890b-3e16f87b4af8 669a4c067ea4461f898bd34bb526f5cf 0eefd157e5fa4c769a3aefdfdb6e99a2 - - default default] Successfully bumped revision number for resource 58043948-186e-44f7-9da3-21a3f8971153 (type: ports) to 5
2026-07-01 08:35:12.248 10 INFO neutron.plugins.ml2.drivers.ovn.mech_driver.mech_driver [None req-082ab5e4-522b-4889-97e6-daa04ebc9f95 - - - - - -] OVN reports status up for port: e48c1340-f709-4f47-a8ec-e3d68e61d17b
2026-07-01 08:35:12.261 10 INFO neutron.wsgi [req-70f8da68-7407-4a67-b3aa-28d16f33fb57 req-6172358a-0b44-4f04-890b-3e16f87b4af8 669a4c067ea4461f898bd34bb526f5cf 0eefd157e5fa4c769a3aefdfdb6e99a2 - - default default] 199.204.45.157 "PUT /v2.0/ports/58043948-186e-44f7-9da3-21a3f8971153 HTTP/1.1" status: 200 len: 1349 time: 0.9546213
2026-07-01 08:35:12.269 10 INFO neutron.plugins.ml2.plugin [None req-082ab5e4-522b-4889-97e6-daa04ebc9f95 - - - - - -] Attempt 1 to provision port e48c1340-f709-4f47-a8ec-e3d68e61d17b /var/lib/openstack/lib/python3.10/site-packages/pycadf/identifier.py:71: UserWarning: Invalid uuid: neutron. To ensure interoperability, identifiers should be a valid uuid. warnings.warn(('Invalid uuid: %s. To ensure interoperability, '
2026-07-01 08:35:12.302 10 INFO neutron.notifiers.nova [-] Nova event matching ['req-f14a8dd6-ab29-45cd-85fe-727a3ad19d1b'] response: {'name': 'network-changed', 'server_uuid': 'e850fea6-e258-400e-a86e-6e197ca87ac4', 'tag': '58043948-186e-44f7-9da3-21a3f8971153', 'status': 'completed', 'code': 200}
2026-07-01 08:35:12.314 9 INFO neutron.db.ovn_revision_numbers_db [None req-ff61f248-4bcd-4e2a-ac33-af9022883a49 3485a4b2df2a4fc48d5a27a808caeecd e9e25aa3810844a2b8634b02190ea738 - - default default] Successfully bumped revision number for resource e48c1340-f709-4f47-a8ec-e3d68e61d17b (type: router_ports) to 1
2026-07-01 08:35:12.317 9 INFO neutron.wsgi [None req-ff61f248-4bcd-4e2a-ac33-af9022883a49 3485a4b2df2a4fc48d5a27a808caeecd e9e25aa3810844a2b8634b02190ea738 - - default default] 10.0.0.170 "PUT /v2.0/routers/ed6ed092-8865-471d-9db6-1286e91068b8/add_router_interface HTTP/1.1" status: 200 len: 503 time: 2.7481792
2026-07-01 08:35:12.337 10 INFO neutron.wsgi [req-70f8da68-7407-4a67-b3aa-28d16f33fb57 req-3f1ab04b-0112-4af5-a1e7-54b53acfe157 05a7a10ab07b49bca11d351207844b74 e41a9e6e66d94234b25e655f3df8395b - - 3a65b27de5874df28411113e10856e6e 3a65b27de5874df28411113e10856e6e] 199.204.45.157 "GET /v2.0/ports?tenant_id=0eefd157e5fa4c769a3aefdfdb6e99a2&device_id=e850fea6-e258-400e-a86e-6e197ca87ac4 HTTP/1.1" status: 200 len: 1590 time: 0.0561759
2026-07-01 08:35:12.451 10 INFO neutron.wsgi [req-70f8da68-7407-4a67-b3aa-28d16f33fb57 req-a23b1669-05fa-4259-a27c-c3b011750de7 05a7a10ab07b49bca11d351207844b74 e41a9e6e66d94234b25e655f3df8395b - - 3a65b27de5874df28411113e10856e6e 3a65b27de5874df28411113e10856e6e] 199.204.45.157 "GET /v2.0/networks?id=df850c0d-6763-46cc-99bb-b527fc47fb74 HTTP/1.1" status: 200 len: 982 time: 0.1015849
2026-07-01 08:35:12.529 10 INFO neutron.wsgi [req-70f8da68-7407-4a67-b3aa-28d16f33fb57 req-6c5924c0-5478-43ac-b129-24bbd5289736 05a7a10ab07b49bca11d351207844b74 e41a9e6e66d94234b25e655f3df8395b - - 3a65b27de5874df28411113e10856e6e 3a65b27de5874df28411113e10856e6e] 199.204.45.157 "GET /v2.0/floatingips?fixed_ip_address=10.100.0.14&port_id=58043948-186e-44f7-9da3-21a3f8971153 HTTP/1.1" status: 200 len: 1060 time: 0.0659394
2026-07-01 08:35:12.572 10 INFO neutron.wsgi [req-70f8da68-7407-4a67-b3aa-28d16f33fb57 req-2f51e052-0bcc-4009-8840-e54f5bb350c1 05a7a10ab07b49bca11d351207844b74 e41a9e6e66d94234b25e655f3df8395b - - 3a65b27de5874df28411113e10856e6e 3a65b27de5874df28411113e10856e6e] 199.204.45.157 "GET /v2.0/floatingips?fixed_ip_address=10.100.0.5&port_id=58043948-186e-44f7-9da3-21a3f8971153 HTTP/1.1" status: 200 len: 217 time: 0.0290926
2026-07-01 08:35:12.627 10 INFO neutron.wsgi [req-70f8da68-7407-4a67-b3aa-28d16f33fb57 req-9e92fbe4-8090-4cfa-88ff-1f3172de3dd4 05a7a10ab07b49bca11d351207844b74 e41a9e6e66d94234b25e655f3df8395b - - 3a65b27de5874df28411113e10856e6e 3a65b27de5874df28411113e10856e6e] 199.204.45.157 "GET /v2.0/subnets?id=8efa1f43-9e84-43d9-a2ff-4ad37033c1ec HTTP/1.1" status: 200 len: 877 time: 0.0483704
2026-07-01 08:35:12.667 10 INFO neutron.wsgi [req-70f8da68-7407-4a67-b3aa-28d16f33fb57 req-a1f33234-eab0-48c7-9ddb-ff536e72f767 05a7a10ab07b49bca11d351207844b74 e41a9e6e66d94234b25e655f3df8395b - - 3a65b27de5874df28411113e10856e6e 3a65b27de5874df28411113e10856e6e] 199.204.45.157 "GET /v2.0/ports?network_id=df850c0d-6763-46cc-99bb-b527fc47fb74&device_owner=network%3Adhcp HTTP/1.1" status: 200 len: 210 time: 0.0325983
