2026-07-01 08:35:12.772 9 WARNING neutron.scheduler.dhcp_agent_scheduler [None req-b09355cc-162e-4427-8aa6-90f20d11b523 3485a4b2df2a4fc48d5a27a808caeecd e9e25aa3810844a2b8634b02190ea738 - - default default] No more DHCP agents
2026-07-01 08:35:12.779 9 WARNING neutron.api.rpc.agentnotifiers.dhcp_rpc_agent_api [None req-b09355cc-162e-4427-8aa6-90f20d11b523 3485a4b2df2a4fc48d5a27a808caeecd e9e25aa3810844a2b8634b02190ea738 - - default default] Unable to schedule network 47b44c46-7a35-4b1c-9076-57db3f1bf426: no agents available; will retry on subsequent port and subnet creation events.
2026-07-01 08:35:12.787 10 INFO neutron.wsgi [req-70f8da68-7407-4a67-b3aa-28d16f33fb57 req-b853f612-c4a1-4d36-a713-08840e95b084 05a7a10ab07b49bca11d351207844b74 e41a9e6e66d94234b25e655f3df8395b - - 3a65b27de5874df28411113e10856e6e 3a65b27de5874df28411113e10856e6e] 199.204.45.157 "GET /v2.0/networks/df850c0d-6763-46cc-99bb-b527fc47fb74?fields=segments HTTP/1.1" status: 200 len: 212 time: 0.1061654
2026-07-01 08:35:12.803 10 INFO neutron.db.ovn_revision_numbers_db [None req-082ab5e4-522b-4889-97e6-daa04ebc9f95 - - - - - -] Successfully bumped revision number for resource e48c1340-f709-4f47-a8ec-e3d68e61d17b (type: ports) to 2
2026-07-01 08:35:12.845 9 INFO neutron.wsgi [None req-97e5869b-c45f-4160-ad63-68fb3157332b 275305560ff2488aa0068b872cabd664 70f7ffc7c4e345cd9129a4b9282b0f5f - - default default] 10.0.0.170 "PUT /v2.0/routers/496d17e0-3b83-429c-b533-ed6be0c4d92c/remove_router_interface HTTP/1.1" status: 200 len: 503 time: 1.7599514 /var/lib/openstack/lib/python3.10/site-packages/pycadf/identifier.py:71: UserWarning: Invalid uuid: neutron. To ensure interoperability, identifiers should be a valid uuid. warnings.warn(('Invalid uuid: %s. To ensure interoperability, '
2026-07-01 08:35:12.914 10 INFO neutron.wsgi [req-70f8da68-7407-4a67-b3aa-28d16f33fb57 req-8a7fdd86-331d-4bd4-905a-6247df4efec2 05a7a10ab07b49bca11d351207844b74 e41a9e6e66d94234b25e655f3df8395b - - 3a65b27de5874df28411113e10856e6e 3a65b27de5874df28411113e10856e6e] 199.204.45.157 "GET /v2.0/networks/df850c0d-6763-46cc-99bb-b527fc47fb74?fields=provider%3Aphysical_network&fields=provider%3Anetwork_type HTTP/1.1" status: 200 len: 277 time: 0.1190650
2026-07-01 08:35:12.926 10 INFO neutron.db.ovn_revision_numbers_db [None req-10321842-5c78-4e96-9b71-ed59f20c7348 275305560ff2488aa0068b872cabd664 70f7ffc7c4e345cd9129a4b9282b0f5f - - default default] Successfully bumped revision number for resource a620c427-c3c5-42e5-9ba6-ae014d6e7a19 (type: router_ports) to 1
2026-07-01 08:35:12.928 10 INFO neutron.wsgi [None req-10321842-5c78-4e96-9b71-ed59f20c7348 275305560ff2488aa0068b872cabd664 70f7ffc7c4e345cd9129a4b9282b0f5f - - default default] 10.0.0.170 "PUT /v2.0/routers/5396dd87-8782-4b6a-a230-9d71c536edcd/add_router_interface HTTP/1.1" status: 200 len: 503 time: 3.8824990
2026-07-01 08:35:12.980 10 INFO neutron.db.ovn_revision_numbers_db [None req-082ab5e4-522b-4889-97e6-daa04ebc9f95 - - - - - -] Successfully bumped revision number for resource e48c1340-f709-4f47-a8ec-e3d68e61d17b (type: router_ports) to 2
2026-07-01 08:35:12.982 10 INFO neutron.wsgi [req-8f7a3e66-4a50-4af3-b58d-84d336f0ef45 req-fba279d8-98eb-4be6-a9b8-4efeabb28025 05a7a10ab07b49bca11d351207844b74 e41a9e6e66d94234b25e655f3df8395b - - 3a65b27de5874df28411113e10856e6e 3a65b27de5874df28411113e10856e6e] 199.204.45.157 "GET /v2.0/ports?tenant_id=0eefd157e5fa4c769a3aefdfdb6e99a2&device_id=e850fea6-e258-400e-a86e-6e197ca87ac4 HTTP/1.1" status: 200 len: 1590 time: 0.0271554
2026-07-01 08:35:13.074 9 INFO neutron.db.ovn_revision_numbers_db [None req-b09355cc-162e-4427-8aa6-90f20d11b523 3485a4b2df2a4fc48d5a27a808caeecd e9e25aa3810844a2b8634b02190ea738 - - default default] Successfully bumped revision number for resource 97b3aeaa-4350-4b41-90cd-4d9722fd5a91 (type: ports) to 1
2026-07-01 08:35:13.081 10 INFO neutron.wsgi [req-8f7a3e66-4a50-4af3-b58d-84d336f0ef45 req-e43fb077-7a9d-40b5-9e00-6dc563cf07f2 05a7a10ab07b49bca11d351207844b74 e41a9e6e66d94234b25e655f3df8395b - - 3a65b27de5874df28411113e10856e6e 3a65b27de5874df28411113e10856e6e] 199.204.45.157 "GET /v2.0/networks?id=df850c0d-6763-46cc-99bb-b527fc47fb74 HTTP/1.1" status: 200 len: 982 time: 0.0893099
2026-07-01 08:35:13.100 9 INFO neutron.wsgi [None req-b09355cc-162e-4427-8aa6-90f20d11b523 3485a4b2df2a4fc48d5a27a808caeecd e9e25aa3810844a2b8634b02190ea738 - - default default] 10.0.0.170 "POST /v2.0/ports HTTP/1.1" status: 201 len: 1154 time: 0.7783453
2026-07-01 08:35:13.125 10 INFO neutron.wsgi [req-8f7a3e66-4a50-4af3-b58d-84d336f0ef45 req-e42cd471-2367-48af-a0dc-634aaa0ee393 05a7a10ab07b49bca11d351207844b74 e41a9e6e66d94234b25e655f3df8395b - - 3a65b27de5874df28411113e10856e6e 3a65b27de5874df28411113e10856e6e] 199.204.45.157 "GET /v2.0/floatingips?fixed_ip_address=10.100.0.14&port_id=58043948-186e-44f7-9da3-21a3f8971153 HTTP/1.1" status: 200 len: 1060 time: 0.0360718
2026-07-01 08:35:13.155 10 INFO neutron.wsgi [req-8f7a3e66-4a50-4af3-b58d-84d336f0ef45 req-9331aaa2-caa4-4746-a921-98657083ba73 05a7a10ab07b49bca11d351207844b74 e41a9e6e66d94234b25e655f3df8395b - - 3a65b27de5874df28411113e10856e6e 3a65b27de5874df28411113e10856e6e] 199.204.45.157 "GET /v2.0/floatingips?fixed_ip_address=10.100.0.5&port_id=58043948-186e-44f7-9da3-21a3f8971153 HTTP/1.1" status: 200 len: 217 time: 0.0220349
2026-07-01 08:35:13.194 10 INFO neutron.wsgi [req-8f7a3e66-4a50-4af3-b58d-84d336f0ef45 req-8e6108b6-d160-4b3e-9715-35f16ceca7d4 05a7a10ab07b49bca11d351207844b74 e41a9e6e66d94234b25e655f3df8395b - - 3a65b27de5874df28411113e10856e6e 3a65b27de5874df28411113e10856e6e] 199.204.45.157 "GET /v2.0/subnets?id=8efa1f43-9e84-43d9-a2ff-4ad37033c1ec HTTP/1.1" status: 200 len: 877 time: 0.0309401
2026-07-01 08:35:13.223 10 INFO neutron.wsgi [req-8f7a3e66-4a50-4af3-b58d-84d336f0ef45 req-8f6008a9-3681-4cac-b2bc-5dd58582aad4 05a7a10ab07b49bca11d351207844b74 e41a9e6e66d94234b25e655f3df8395b - - 3a65b27de5874df28411113e10856e6e 3a65b27de5874df28411113e10856e6e] 199.204.45.157 "GET /v2.0/ports?network_id=df850c0d-6763-46cc-99bb-b527fc47fb74&device_owner=network%3Adhcp HTTP/1.1" status: 200 len: 210 time: 0.0199540
2026-07-01 08:35:13.281 10 INFO neutron.wsgi [req-1b72bc8a-4d3f-418f-9db5-98a597a78304 req-3036e968-3651-47fb-9359-aec622bc1db3 669a4c067ea4461f898bd34bb526f5cf 0eefd157e5fa4c769a3aefdfdb6e99a2 - - default default] 10.0.0.93 "GET /v2.0/ports?device_id=e850fea6-e258-400e-a86e-6e197ca87ac4 HTTP/1.1" status: 200 len: 1352 time: 0.0419092
2026-07-01 08:35:13.340 10 INFO neutron.wsgi [req-1b72bc8a-4d3f-418f-9db5-98a597a78304 req-3332ac76-43fa-436a-aafe-b254eb864862 669a4c067ea4461f898bd34bb526f5cf 0eefd157e5fa4c769a3aefdfdb6e99a2 - - default default] 10.0.0.93 "GET /v2.0/security-groups?id=90ef861a-4461-4795-8c62-55554826724e&fields=id&fields=name HTTP/1.1" status: 200 len: 312 time: 0.0520964
2026-07-01 08:35:13.342 10 INFO neutron.wsgi [req-8f7a3e66-4a50-4af3-b58d-84d336f0ef45 req-0eabe13f-c86d-4b1d-82a7-373366ef654a 05a7a10ab07b49bca11d351207844b74 e41a9e6e66d94234b25e655f3df8395b - - 3a65b27de5874df28411113e10856e6e 3a65b27de5874df28411113e10856e6e] 199.204.45.157 "GET /v2.0/networks/df850c0d-6763-46cc-99bb-b527fc47fb74?fields=segments HTTP/1.1" status: 200 len: 212 time: 0.1127331
2026-07-01 08:35:13.412 10 INFO neutron.wsgi [req-8f7a3e66-4a50-4af3-b58d-84d336f0ef45 req-db616b25-0072-44a9-9a42-4b91e5e611ea 05a7a10ab07b49bca11d351207844b74 e41a9e6e66d94234b25e655f3df8395b - - 3a65b27de5874df28411113e10856e6e 3a65b27de5874df28411113e10856e6e] 199.204.45.157 "GET /v2.0/networks/df850c0d-6763-46cc-99bb-b527fc47fb74?fields=provider%3Aphysical_network&fields=provider%3Anetwork_type HTTP/1.1" status: 200 len: 277 time: 0.0632966
2026-07-01 08:35:13.506 10 INFO neutron.wsgi [req-fe7ba5c9-40f1-421e-aec4-f21e75b999c3 req-bfdd65c5-6e64-487e-bd2d-348d64cc1904 669a4c067ea4461f898bd34bb526f5cf 0eefd157e5fa4c769a3aefdfdb6e99a2 - - default default] 199.204.45.157 "GET /v2.0/ports?device_id=e850fea6-e258-400e-a86e-6e197ca87ac4&device_owner=compute%3Anova&fixed_ips=ip_address%3D10.100.0.5 HTTP/1.1" status: 200 len: 1352 time: 0.0661724
2026-07-01 08:35:13.744 9 WARNING neutron.scheduler.dhcp_agent_scheduler [None req-74b09ed3-4c20-4281-88ab-e34dd0c0bfed 3485a4b2df2a4fc48d5a27a808caeecd e9e25aa3810844a2b8634b02190ea738 - - default default] No more DHCP agents
2026-07-01 08:35:13.748 9 WARNING neutron.api.rpc.agentnotifiers.dhcp_rpc_agent_api [None req-74b09ed3-4c20-4281-88ab-e34dd0c0bfed 3485a4b2df2a4fc48d5a27a808caeecd e9e25aa3810844a2b8634b02190ea738 - - default default] Unable to schedule network 47b44c46-7a35-4b1c-9076-57db3f1bf426: no agents available; will retry on subsequent port and subnet creation events.
2026-07-01 08:35:13.794 10 INFO neutron.db.ovn_revision_numbers_db [None req-7ce870f5-9ad4-4770-829f-a47d3c60f4a4 5d3ab5b251704902be7352a7d5fdaae7 5e6283bbe1544c0faa55172ed7e851df - - default default] Successfully bumped revision number for resource 593a446b-947d-41f6-97ea-5302a7472cec (type: security_groups) to 1
2026-07-01 08:35:13.817 9 INFO neutron.wsgi [None req-44b70e46-a112-4dc2-84fb-75fce793603e 275305560ff2488aa0068b872cabd664 70f7ffc7c4e345cd9129a4b9282b0f5f - - default default] 10.0.0.170 "DELETE /v2.0/routers/496d17e0-3b83-429c-b533-ed6be0c4d92c HTTP/1.1" status: 204 len: 168 time: 0.9637494
2026-07-01 08:35:13.826 10 INFO neutron.db.ovn_revision_numbers_db [None req-7ce870f5-9ad4-4770-829f-a47d3c60f4a4 5d3ab5b251704902be7352a7d5fdaae7 5e6283bbe1544c0faa55172ed7e851df - - default default] Successfully bumped revision number for resource 35681d29-1f9d-49af-9c6b-52eb188efb7d (type: security_group_rules) to 0 /var/lib/openstack/lib/python3.10/site-packages/pycadf/identifier.py:71: UserWarning: Invalid uuid: neutron. To ensure interoperability, identifiers should be a valid uuid. warnings.warn(('Invalid uuid: %s. To ensure interoperability, '
2026-07-01 08:35:13.839 10 INFO neutron.db.ovn_revision_numbers_db [None req-7ce870f5-9ad4-4770-829f-a47d3c60f4a4 5d3ab5b251704902be7352a7d5fdaae7 5e6283bbe1544c0faa55172ed7e851df - - default default] Successfully bumped revision number for resource 6ed8e3e6-d698-403e-ba49-f2f09987590a (type: security_group_rules) to 0
2026-07-01 08:35:13.858 10 INFO neutron.wsgi [None req-7ce870f5-9ad4-4770-829f-a47d3c60f4a4 5d3ab5b251704902be7352a7d5fdaae7 5e6283bbe1544c0faa55172ed7e851df - - default default] 10.0.0.170 "POST /v2.0/security-groups HTTP/1.1" status: 201 len: 1796 time: 0.2389708
2026-07-01 08:35:13.952 9 INFO neutron.db.ovn_revision_numbers_db [None req-74b09ed3-4c20-4281-88ab-e34dd0c0bfed 3485a4b2df2a4fc48d5a27a808caeecd e9e25aa3810844a2b8634b02190ea738 - - default default] Successfully bumped revision number for resource be304e07-ed7f-460b-aaaf-865e99db0af8 (type: ports) to 1
2026-07-01 08:35:13.981 9 INFO neutron.wsgi [None req-74b09ed3-4c20-4281-88ab-e34dd0c0bfed 3485a4b2df2a4fc48d5a27a808caeecd e9e25aa3810844a2b8634b02190ea738 - - default default] 10.0.0.170 "POST /v2.0/ports HTTP/1.1" status: 201 len: 1154 time: 0.8744268
2026-07-01 08:35:14.059 10 INFO neutron.db.ovn_revision_numbers_db [None req-5436cd46-094a-43a6-8b1b-ecd8de348761 5d3ab5b251704902be7352a7d5fdaae7 5e6283bbe1544c0faa55172ed7e851df - - default default] Successfully bumped revision number for resource b2c884ff-67c6-4cb7-9adb-14e029c485e7 (type: security_group_rules) to 0
2026-07-01 08:35:14.074 9 INFO neutron.wsgi [None req-6c80ff63-5d6c-431a-a6c5-1bff37815a89 275305560ff2488aa0068b872cabd664 70f7ffc7c4e345cd9129a4b9282b0f5f - - default default] 10.0.0.170 "DELETE /v2.0/subnets/81218bc2-06d7-457b-a147-0b0a6397da9f HTTP/1.1" status: 204 len: 168 time: 0.2485731
2026-07-01 08:35:14.083 10 INFO neutron.db.ovn_revision_numbers_db [req-fe7ba5c9-40f1-421e-aec4-f21e75b999c3 req-8a214d9b-4fb9-452d-81fa-f07cedf5ee29 669a4c067ea4461f898bd34bb526f5cf 0eefd157e5fa4c769a3aefdfdb6e99a2 - - default default] Successfully bumped revision number for resource 58043948-186e-44f7-9da3-21a3f8971153 (type: ports) to 6
2026-07-01 08:35:14.087 10 INFO neutron.wsgi [None req-5436cd46-094a-43a6-8b1b-ecd8de348761 5d3ab5b251704902be7352a7d5fdaae7 5e6283bbe1544c0faa55172ed7e851df - - default default] 10.0.0.170 "POST /v2.0/security-group-rules HTTP/1.1" status: 201 len: 764 time: 0.2228010 /var/lib/openstack/lib/python3.10/site-packages/pycadf/identifier.py:71: UserWarning: Invalid uuid: neutron. To ensure interoperability, identifiers should be a valid uuid. warnings.warn(('Invalid uuid: %s. To ensure interoperability, '
2026-07-01 08:35:14.103 10 INFO neutron.wsgi [req-fe7ba5c9-40f1-421e-aec4-f21e75b999c3 req-8a214d9b-4fb9-452d-81fa-f07cedf5ee29 669a4c067ea4461f898bd34bb526f5cf 0eefd157e5fa4c769a3aefdfdb6e99a2 - - default default] 199.204.45.157 "PUT /v2.0/ports/58043948-186e-44f7-9da3-21a3f8971153 HTTP/1.1" status: 200 len: 1171 time: 0.5918994
2026-07-01 08:35:14.155 10 INFO neutron.wsgi [req-fe7ba5c9-40f1-421e-aec4-f21e75b999c3 req-541cf2c5-e70b-435b-b563-de1b5381b200 05a7a10ab07b49bca11d351207844b74 e41a9e6e66d94234b25e655f3df8395b - - 3a65b27de5874df28411113e10856e6e 3a65b27de5874df28411113e10856e6e] 199.204.45.157 "GET /v2.0/ports?tenant_id=0eefd157e5fa4c769a3aefdfdb6e99a2&device_id=e850fea6-e258-400e-a86e-6e197ca87ac4 HTTP/1.1" status: 200 len: 1413 time: 0.0342624
2026-07-01 08:35:14.319 9 WARNING neutron.scheduler.dhcp_agent_scheduler [None req-e78e1277-f2b0-4616-b8ec-a37c5c06e39a 3485a4b2df2a4fc48d5a27a808caeecd e9e25aa3810844a2b8634b02190ea738 - - default default] No more DHCP agents
2026-07-01 08:35:14.323 9 WARNING neutron.api.rpc.agentnotifiers.dhcp_rpc_agent_api [None req-e78e1277-f2b0-4616-b8ec-a37c5c06e39a 3485a4b2df2a4fc48d5a27a808caeecd e9e25aa3810844a2b8634b02190ea738 - - default default] Unable to schedule network 71be9c22-9137-46f4-bb67-4045b8ca23fa: no agents available; will retry on subsequent port and subnet creation events.
2026-07-01 08:35:14.428 10 INFO neutron.wsgi [req-fe7ba5c9-40f1-421e-aec4-f21e75b999c3 req-fe3f281d-351a-44b8-904c-37618641223e 05a7a10ab07b49bca11d351207844b74 e41a9e6e66d94234b25e655f3df8395b - - 3a65b27de5874df28411113e10856e6e 3a65b27de5874df28411113e10856e6e] 199.204.45.157 "GET /v2.0/networks?id=df850c0d-6763-46cc-99bb-b527fc47fb74 HTTP/1.1" status: 200 len: 982 time: 0.2671447
2026-07-01 08:35:14.457 10 INFO neutron.notifiers.nova [-] Nova event matching ['req-81d5c935-8a38-457d-a7d0-b6689f65caeb'] response: {'name': 'network-changed', 'server_uuid': 'e850fea6-e258-400e-a86e-6e197ca87ac4', 'tag': '58043948-186e-44f7-9da3-21a3f8971153', 'status': 'completed', 'code': 200}
2026-07-01 08:35:14.466 10 INFO neutron.db.ovn_revision_numbers_db [None req-6f46c939-e06c-4c73-9c17-7c288afb2d95 5d3ab5b251704902be7352a7d5fdaae7 5e6283bbe1544c0faa55172ed7e851df - - default default] Successfully bumped revision number for resource 21756693-4c2e-409b-a13b-7cc2b1c7cbc7 (type: security_group_rules) to 0
2026-07-01 08:35:14.484 10 INFO neutron.wsgi [req-fe7ba5c9-40f1-421e-aec4-f21e75b999c3 req-74d78184-f76b-47d9-aa53-5a45567dfb50 05a7a10ab07b49bca11d351207844b74 e41a9e6e66d94234b25e655f3df8395b - - 3a65b27de5874df28411113e10856e6e 3a65b27de5874df28411113e10856e6e] 199.204.45.157 "GET /v2.0/floatingips?fixed_ip_address=10.100.0.14&port_id=58043948-186e-44f7-9da3-21a3f8971153 HTTP/1.1" status: 200 len: 1060 time: 0.0479901
2026-07-01 08:35:14.507 10 INFO neutron.wsgi [None req-6f46c939-e06c-4c73-9c17-7c288afb2d95 5d3ab5b251704902be7352a7d5fdaae7 5e6283bbe1544c0faa55172ed7e851df - - default default] 10.0.0.170 "POST /v2.0/security-group-rules HTTP/1.1" status: 201 len: 769 time: 0.4155838
2026-07-01 08:35:14.527 9 WARNING neutron.plugins.ml2.drivers.ovn.mech_driver.ovsdb.ovn_client [None req-17ab10d5-9439-411f-8745-9887d4c5b955 - - - - - -] No hosting information found for port 568dd565-6e3c-49b0-82b1-228316e6b0dc: RuntimeError: No hosting information found for port 568dd565-6e3c-49b0-82b1-228316e6b0dc
2026-07-01 08:35:14.528 9 INFO neutron.plugins.ml2.drivers.ovn.mech_driver.mech_driver [None req-17ab10d5-9439-411f-8745-9887d4c5b955 - - - - - -] OVN reports status up for port: a620c427-c3c5-42e5-9ba6-ae014d6e7a19
2026-07-01 08:35:14.529 10 INFO neutron.wsgi [req-fe7ba5c9-40f1-421e-aec4-f21e75b999c3 req-c2f13d2c-e2cd-4d07-bc7f-45bd172b4fed 05a7a10ab07b49bca11d351207844b74 e41a9e6e66d94234b25e655f3df8395b - - 3a65b27de5874df28411113e10856e6e 3a65b27de5874df28411113e10856e6e] 199.204.45.157 "GET /v2.0/subnets?id=8efa1f43-9e84-43d9-a2ff-4ad37033c1ec HTTP/1.1" status: 200 len: 877 time: 0.0401685
2026-07-01 08:35:14.558 9 INFO neutron.plugins.ml2.plugin [None req-17ab10d5-9439-411f-8745-9887d4c5b955 - - - - - -] Attempt 1 to provision port a620c427-c3c5-42e5-9ba6-ae014d6e7a19
2026-07-01 08:35:14.559 10 INFO neutron.wsgi [req-fe7ba5c9-40f1-421e-aec4-f21e75b999c3 req-3ceddb9a-260a-46a8-ae44-9feb3e8f684e 05a7a10ab07b49bca11d351207844b74 e41a9e6e66d94234b25e655f3df8395b - - 3a65b27de5874df28411113e10856e6e 3a65b27de5874df28411113e10856e6e] 199.204.45.157 "GET /v2.0/ports?network_id=df850c0d-6763-46cc-99bb-b527fc47fb74&device_owner=network%3Adhcp HTTP/1.1" status: 200 len: 210 time: 0.0215943
2026-07-01 08:35:14.570 9 INFO neutron.services.segments.plugin [-] Segment 64a37d72-bdb9-4284-9d33-0a28f83bf5a1 resource provider aggregate not found
2026-07-01 08:35:14.574 9 INFO neutron.services.segments.plugin [-] Segment 64a37d72-bdb9-4284-9d33-0a28f83bf5a1 resource provider aggregate not found
2026-07-01 08:35:14.603 9 INFO neutron.services.segments.plugin [-] Segment 64a37d72-bdb9-4284-9d33-0a28f83bf5a1 resource provider not found; error: Placement Client Error (4xx): {"errors": [{"status": 404, "title": "Not Found", "detail": "The resource could not be found.\n\n No resource provider with uuid 64a37d72-bdb9-4284-9d33-0a28f83bf5a1 found for delete ", "request_id": "req-8014e02e-b90d-45ab-9645-53f949cf4ce1"}]}
2026-07-01 08:35:14.603 9 INFO neutron.services.segments.plugin [-] Segment 64a37d72-bdb9-4284-9d33-0a28f83bf5a1 resource provider not found; error: Placement Client Error (4xx): {"errors": [{"status": 404, "title": "Not Found", "detail": "The resource could not be found.\n\n No resource provider with uuid 64a37d72-bdb9-4284-9d33-0a28f83bf5a1 found for delete ", "request_id": "req-903bebef-dd4f-497d-a75d-534ba19517d7"}]}
2026-07-01 08:35:14.646 9 INFO neutron.wsgi [None req-5fa845de-13f1-463f-b0f8-c3955f1bd897 275305560ff2488aa0068b872cabd664 70f7ffc7c4e345cd9129a4b9282b0f5f - - default default] 10.0.0.170 "DELETE /v2.0/networks/9bde1b96-76c9-4d58-a244-9edcc0397a3e HTTP/1.1" status: 204 len: 168 time: 0.5621130
2026-07-01 08:35:14.655 10 INFO neutron.wsgi [req-fe7ba5c9-40f1-421e-aec4-f21e75b999c3 req-77f32a3d-3bcc-4685-9b38-b8d72c39aa2b 05a7a10ab07b49bca11d351207844b74 e41a9e6e66d94234b25e655f3df8395b - - 3a65b27de5874df28411113e10856e6e 3a65b27de5874df28411113e10856e6e] 199.204.45.157 "GET /v2.0/networks/df850c0d-6763-46cc-99bb-b527fc47fb74?fields=segments HTTP/1.1" status: 200 len: 212 time: 0.0887854
2026-07-01 08:35:14.759 10 INFO neutron.wsgi [req-fe7ba5c9-40f1-421e-aec4-f21e75b999c3 req-83d448ed-5500-46e3-88a2-f15d507c581f 05a7a10ab07b49bca11d351207844b74 e41a9e6e66d94234b25e655f3df8395b - - 3a65b27de5874df28411113e10856e6e 3a65b27de5874df28411113e10856e6e] 199.204.45.157 "GET /v2.0/networks/df850c0d-6763-46cc-99bb-b527fc47fb74?fields=provider%3Aphysical_network&fields=provider%3Anetwork_type HTTP/1.1" status: 200 len: 277 time: 0.0939715
2026-07-01 08:35:14.855 10 INFO neutron.wsgi [req-dafa0e78-3b4d-4b68-8d30-453ed7da1908 req-fba82e17-5b87-436b-828c-76ff07c40226 05a7a10ab07b49bca11d351207844b74 e41a9e6e66d94234b25e655f3df8395b - - 3a65b27de5874df28411113e10856e6e 3a65b27de5874df28411113e10856e6e] 199.204.45.157 "GET /v2.0/ports?tenant_id=0eefd157e5fa4c769a3aefdfdb6e99a2&device_id=e850fea6-e258-400e-a86e-6e197ca87ac4 HTTP/1.1" status: 200 len: 1413 time: 0.0426023
2026-07-01 08:35:14.859 10 INFO neutron.wsgi [None req-a2f3a82c-4971-493b-96cb-46c959eb77f3 275305560ff2488aa0068b872cabd664 70f7ffc7c4e345cd9129a4b9282b0f5f - - default default] 10.0.0.170 "GET /v2.0/security-groups?tenant_id=41d28d305c964b0abf7cf5939c6e606a&name=default HTTP/1.1" status: 200 len: 2996 time: 0.0708776
2026-07-01 08:35:14.887 9 INFO neutron.db.l3_db [None req-e78e1277-f2b0-4616-b8ec-a37c5c06e39a 3485a4b2df2a4fc48d5a27a808caeecd e9e25aa3810844a2b8634b02190ea738 - - default default] Floating IP c41dea44-77a5-410b-901e-7b58d575958a associated. External IP: 10.96.250.203, port: be304e07-ed7f-460b-aaaf-865e99db0af8.
2026-07-01 08:35:14.977 10 WARNING neutron.scheduler.dhcp_agent_scheduler [None req-38c8abb6-ffb5-444e-949f-fd8ea1c4577a 5d3ab5b251704902be7352a7d5fdaae7 5e6283bbe1544c0faa55172ed7e851df - - default default] No more DHCP agents
2026-07-01 08:35:14.979 10 WARNING neutron.api.rpc.agentnotifiers.dhcp_rpc_agent_api [None req-38c8abb6-ffb5-444e-949f-fd8ea1c4577a 5d3ab5b251704902be7352a7d5fdaae7 5e6283bbe1544c0faa55172ed7e851df - - default default] Unable to schedule network 71be9c22-9137-46f4-bb67-4045b8ca23fa: no agents available; will retry on subsequent port and subnet creation events.
2026-07-01 08:35:14.984 10 INFO neutron.wsgi [req-dafa0e78-3b4d-4b68-8d30-453ed7da1908 req-cbceb045-cc98-414d-ae75-4bc82bc30e88 05a7a10ab07b49bca11d351207844b74 e41a9e6e66d94234b25e655f3df8395b - - 3a65b27de5874df28411113e10856e6e 3a65b27de5874df28411113e10856e6e] 199.204.45.157 "GET /v2.0/networks?id=df850c0d-6763-46cc-99bb-b527fc47fb74 HTTP/1.1" status: 200 len: 982 time: 0.1221266
2026-07-01 08:35:15.020 9 INFO neutron.db.ovn_revision_numbers_db [None req-17ab10d5-9439-411f-8745-9887d4c5b955 - - - - - -] Successfully bumped revision number for resource a620c427-c3c5-42e5-9ba6-ae014d6e7a19 (type: ports) to 2
2026-07-01 08:35:15.060 10 INFO neutron.wsgi [req-dafa0e78-3b4d-4b68-8d30-453ed7da1908 req-0d374108-1758-434f-b736-4e371c755302 05a7a10ab07b49bca11d351207844b74 e41a9e6e66d94234b25e655f3df8395b - - 3a65b27de5874df28411113e10856e6e 3a65b27de5874df28411113e10856e6e] 199.204.45.157 "GET /v2.0/floatingips?fixed_ip_address=10.100.0.14&port_id=58043948-186e-44f7-9da3-21a3f8971153 HTTP/1.1" status: 200 len: 1060 time: 0.0639212
2026-07-01 08:35:15.108 10 INFO neutron.wsgi [req-dafa0e78-3b4d-4b68-8d30-453ed7da1908 req-b8aa864d-5cee-4ee8-bc8b-c62ac8ce4a08 05a7a10ab07b49bca11d351207844b74 e41a9e6e66d94234b25e655f3df8395b - - 3a65b27de5874df28411113e10856e6e 3a65b27de5874df28411113e10856e6e] 199.204.45.157 "GET /v2.0/subnets?id=8efa1f43-9e84-43d9-a2ff-4ad37033c1ec HTTP/1.1" status: 200 len: 877 time: 0.0395408
2026-07-01 08:35:15.143 10 INFO neutron.wsgi [req-dafa0e78-3b4d-4b68-8d30-453ed7da1908 req-82fca623-c1e1-4af6-81e4-a031ba0b8a44 05a7a10ab07b49bca11d351207844b74 e41a9e6e66d94234b25e655f3df8395b - - 3a65b27de5874df28411113e10856e6e 3a65b27de5874df28411113e10856e6e] 199.204.45.157 "GET /v2.0/ports?network_id=df850c0d-6763-46cc-99bb-b527fc47fb74&device_owner=network%3Adhcp HTTP/1.1" status: 200 len: 210 time: 0.0256088
2026-07-01 08:35:15.158 9 INFO neutron.db.ovn_revision_numbers_db [None req-e78e1277-f2b0-4616-b8ec-a37c5c06e39a 3485a4b2df2a4fc48d5a27a808caeecd e9e25aa3810844a2b8634b02190ea738 - - default default] Successfully bumped revision number for resource c41dea44-77a5-410b-901e-7b58d575958a (type: floatingips) to 0
2026-07-01 08:35:15.186 9 INFO neutron.db.ovn_revision_numbers_db [None req-17ab10d5-9439-411f-8745-9887d4c5b955 - - - - - -] Successfully bumped revision number for resource a620c427-c3c5-42e5-9ba6-ae014d6e7a19 (type: router_ports) to 2
2026-07-01 08:35:15.241 10 INFO neutron.wsgi [req-dafa0e78-3b4d-4b68-8d30-453ed7da1908 req-adb6ad4e-716d-4886-9077-bc169768ab24 05a7a10ab07b49bca11d351207844b74 e41a9e6e66d94234b25e655f3df8395b - - 3a65b27de5874df28411113e10856e6e 3a65b27de5874df28411113e10856e6e] 199.204.45.157 "GET /v2.0/networks/df850c0d-6763-46cc-99bb-b527fc47fb74?fields=segments HTTP/1.1" status: 200 len: 212 time: 0.0899177
2026-07-01 08:35:15.282 9 INFO neutron.db.ovn_revision_numbers_db [None req-e78e1277-f2b0-4616-b8ec-a37c5c06e39a 3485a4b2df2a4fc48d5a27a808caeecd e9e25aa3810844a2b8634b02190ea738 - - default default] Successfully bumped revision number for resource c41dea44-77a5-410b-901e-7b58d575958a (type: floatingips) to 1
2026-07-01 08:35:15.326 9 INFO neutron.wsgi [None req-e78e1277-f2b0-4616-b8ec-a37c5c06e39a 3485a4b2df2a4fc48d5a27a808caeecd e9e25aa3810844a2b8634b02190ea738 - - default default] 10.0.0.170 "POST /v2.0/floatingips HTTP/1.1" status: 201 len: 1041 time: 1.3410988
2026-07-01 08:35:15.328 10 INFO neutron.wsgi [None req-45df1c31-9c5f-4f92-ae31-d631ed089b9f 275305560ff2488aa0068b872cabd664 70f7ffc7c4e345cd9129a4b9282b0f5f - - default default] 10.0.0.170 "DELETE /v2.0/security-groups/0006a225-ad3f-48cb-8267-17d5210247bd HTTP/1.1" status: 204 len: 168 time: 0.4619458
2026-07-01 08:35:15.336 10 INFO neutron.wsgi [req-dafa0e78-3b4d-4b68-8d30-453ed7da1908 req-0ce1b15a-cc0a-46e1-83c3-96c4824830f7 05a7a10ab07b49bca11d351207844b74 e41a9e6e66d94234b25e655f3df8395b - - 3a65b27de5874df28411113e10856e6e 3a65b27de5874df28411113e10856e6e] 199.204.45.157 "GET /v2.0/networks/df850c0d-6763-46cc-99bb-b527fc47fb74?fields=provider%3Aphysical_network&fields=provider%3Anetwork_type HTTP/1.1" status: 200 len: 277 time: 0.0859797
2026-07-01 08:35:15.438 10 INFO neutron.db.ovn_revision_numbers_db [None req-38c8abb6-ffb5-444e-949f-fd8ea1c4577a 5d3ab5b251704902be7352a7d5fdaae7 5e6283bbe1544c0faa55172ed7e851df - - default default] Successfully bumped revision number for resource c4e1b497-a8b5-4cd8-a5a1-1923548758e7 (type: floatingips) to 0
2026-07-01 08:35:15.456 10 INFO neutron.wsgi [None req-38c8abb6-ffb5-444e-949f-fd8ea1c4577a 5d3ab5b251704902be7352a7d5fdaae7 5e6283bbe1544c0faa55172ed7e851df - - default default] 10.0.0.170 "POST /v2.0/floatingips HTTP/1.1" status: 201 len: 751 time: 0.9439919
2026-07-01 08:35:15.469 9 INFO neutron.db.l3_db [None req-3dfcf86d-6d88-403c-a13d-ff82ff039c71 3485a4b2df2a4fc48d5a27a808caeecd e9e25aa3810844a2b8634b02190ea738 - - default default] Floating IP c41dea44-77a5-410b-901e-7b58d575958a disassociated. External IP: 10.96.250.203, port: be304e07-ed7f-460b-aaaf-865e99db0af8.
2026-07-01 08:35:15.509 9 INFO neutron.db.ovn_revision_numbers_db [None req-3dfcf86d-6d88-403c-a13d-ff82ff039c71 3485a4b2df2a4fc48d5a27a808caeecd e9e25aa3810844a2b8634b02190ea738 - - default default] Successfully bumped revision number for resource c41dea44-77a5-410b-901e-7b58d575958a (type: floatingips) to 2
2026-07-01 08:35:15.603 9 INFO neutron.wsgi [None req-3dfcf86d-6d88-403c-a13d-ff82ff039c71 3485a4b2df2a4fc48d5a27a808caeecd e9e25aa3810844a2b8634b02190ea738 - - default default] 10.0.0.170 "PUT /v2.0/floatingips/c41dea44-77a5-410b-901e-7b58d575958a HTTP/1.1" status: 200 len: 748 time: 0.2709410
2026-07-01 08:35:15.768 10 INFO neutron.wsgi [req-42b586ed-0f38-4c59-80c6-827c67bcc660 req-a596e94e-e76b-486f-beff-12d10468b19e 669a4c067ea4461f898bd34bb526f5cf 0eefd157e5fa4c769a3aefdfdb6e99a2 - - default default] 10.0.0.93 "GET /v2.0/ports?device_id=e850fea6-e258-400e-a86e-6e197ca87ac4 HTTP/1.1" status: 200 len: 1174 time: 0.0459032
2026-07-01 08:35:15.828 10 INFO neutron.wsgi [req-42b586ed-0f38-4c59-80c6-827c67bcc660 req-5d8d98d4-b15d-40d4-89ef-401515b92053 669a4c067ea4461f898bd34bb526f5cf 0eefd157e5fa4c769a3aefdfdb6e99a2 - - default default] 10.0.0.93 "GET /v2.0/security-groups?id=90ef861a-4461-4795-8c62-55554826724e&fields=id&fields=name HTTP/1.1" status: 200 len: 312 time: 0.0509324
2026-07-01 08:35:15.995 9 INFO neutron.wsgi [None req-f70d7c1b-0c8a-4d04-bb50-7af668c398a5 3485a4b2df2a4fc48d5a27a808caeecd e9e25aa3810844a2b8634b02190ea738 - - default default] 10.0.0.170 "DELETE /v2.0/floatingips/c41dea44-77a5-410b-901e-7b58d575958a HTTP/1.1" status: 204 len: 168 time: 0.3871229
2026-07-01 08:35:16.050 10 INFO neutron.wsgi [req-8106a284-70a4-4d4f-b22c-7e24f84cb22a req-747bb1e3-040e-404b-aec1-f658817ab0cf 5d3ab5b251704902be7352a7d5fdaae7 5e6283bbe1544c0faa55172ed7e851df - - default default] 10.0.0.93 "GET /v2.0/security-groups?name=tempest-securitygroup--882095144&fields=id&tenant_id=5e6283bbe1544c0faa55172ed7e851df HTTP/1.1" status: 200 len: 267 time: 0.0492401
2026-07-01 08:35:16.162 10 INFO neutron.wsgi [req-8106a284-70a4-4d4f-b22c-7e24f84cb22a req-0b00d893-139d-486c-8d76-3c1ce5b71996 5d3ab5b251704902be7352a7d5fdaae7 5e6283bbe1544c0faa55172ed7e851df - - default default] 10.0.0.93 "GET /v2.0/networks?id=613f8cfa-6616-4cd3-b04f-3eed3378a7c2 HTTP/1.1" status: 200 len: 874 time: 0.1026995
2026-07-01 08:35:16.187 10 INFO neutron.wsgi [req-e0f0f0c4-44b4-438d-b78f-4fe0189339a0 req-991c9149-0bdb-4be5-b472-f032088c8043 669a4c067ea4461f898bd34bb526f5cf 0eefd157e5fa4c769a3aefdfdb6e99a2 - - default default] 199.204.45.157 "GET /v2.0/ports?device_id=e850fea6-e258-400e-a86e-6e197ca87ac4 HTTP/1.1" status: 200 len: 1174 time: 0.1328900
2026-07-01 08:35:16.189 10 INFO neutron.wsgi [req-8106a284-70a4-4d4f-b22c-7e24f84cb22a req-e56006bc-b338-42a3-af08-9a47b17b6eb8 5d3ab5b251704902be7352a7d5fdaae7 5e6283bbe1544c0faa55172ed7e851df - - default default] 10.0.0.93 "GET /v2.0/quotas/5e6283bbe1544c0faa55172ed7e851df HTTP/1.1" status: 200 len: 386 time: 0.0209541
2026-07-01 08:35:16.249 9 WARNING neutron.scheduler.dhcp_agent_scheduler [None req-24551e2a-94ff-482e-9efc-c194ecaeba10 3485a4b2df2a4fc48d5a27a808caeecd e9e25aa3810844a2b8634b02190ea738 - - default default] No more DHCP agents
2026-07-01 08:35:16.253 9 WARNING neutron.api.rpc.agentnotifiers.dhcp_rpc_agent_api [None req-24551e2a-94ff-482e-9efc-c194ecaeba10 3485a4b2df2a4fc48d5a27a808caeecd e9e25aa3810844a2b8634b02190ea738 - - default default] Unable to schedule network 71be9c22-9137-46f4-bb67-4045b8ca23fa: no agents available; will retry on subsequent port and subnet creation events.
2026-07-01 08:35:16.299 10 INFO neutron.wsgi [req-8106a284-70a4-4d4f-b22c-7e24f84cb22a req-804ff611-26d6-4b9b-adf9-c751a59bbd9a 5d3ab5b251704902be7352a7d5fdaae7 5e6283bbe1544c0faa55172ed7e851df - - default default] 10.0.0.93 "GET /v2.0/ports?tenant_id=5e6283bbe1544c0faa55172ed7e851df&fields=id HTTP/1.1" status: 200 len: 302 time: 0.0995605
2026-07-01 08:35:16.394 10 INFO neutron.wsgi [req-8106a284-70a4-4d4f-b22c-7e24f84cb22a req-a736017c-44ba-4c99-babd-6b2e3cce71f3 05a7a10ab07b49bca11d351207844b74 e41a9e6e66d94234b25e655f3df8395b - - 3a65b27de5874df28411113e10856e6e 3a65b27de5874df28411113e10856e6e] 10.0.0.93 "GET /v2.0/networks/613f8cfa-6616-4cd3-b04f-3eed3378a7c2?fields=segments HTTP/1.1" status: 200 len: 212 time: 0.0706465
2026-07-01 08:35:16.483 10 INFO neutron.wsgi [req-8106a284-70a4-4d4f-b22c-7e24f84cb22a req-2349d228-ba28-4128-82e7-039ed38aceda 05a7a10ab07b49bca11d351207844b74 e41a9e6e66d94234b25e655f3df8395b - - 3a65b27de5874df28411113e10856e6e 3a65b27de5874df28411113e10856e6e] 10.0.0.93 "GET /v2.0/networks/613f8cfa-6616-4cd3-b04f-3eed3378a7c2?fields=provider%3Aphysical_network&fields=provider%3Anetwork_type HTTP/1.1" status: 200 len: 277 time: 0.0812299
2026-07-01 08:35:16.559 10 INFO neutron.db.l3_db [req-e0f0f0c4-44b4-438d-b78f-4fe0189339a0 req-3bbd7ed0-8a42-4055-8520-adf1b4f3c823 669a4c067ea4461f898bd34bb526f5cf 0eefd157e5fa4c769a3aefdfdb6e99a2 - - default default] Floating IP cc0f00f4-a4a7-43b3-aea2-e5815a9eb64a disassociated. External IP: 10.96.250.210, port: 58043948-186e-44f7-9da3-21a3f8971153.
2026-07-01 08:35:16.668 10 INFO neutron.wsgi [req-48473573-b405-431e-93b3-3b7cd45918af req-73298382-f0e7-4ccc-b089-9c61bacc5f4b 5d3ab5b251704902be7352a7d5fdaae7 5e6283bbe1544c0faa55172ed7e851df - - default default] 10.0.0.93 "GET /v2.0/ports?device_id=b21d07d2-3899-4c09-b603-0755f62fe647 HTTP/1.1" status: 200 len: 210 time: 0.0398247
2026-07-01 08:35:16.686 9 INFO neutron.db.l3_db [None req-24551e2a-94ff-482e-9efc-c194ecaeba10 3485a4b2df2a4fc48d5a27a808caeecd e9e25aa3810844a2b8634b02190ea738 - - default default] Floating IP cfcc6ef1-c34b-4c39-a53e-cd21be5eb5a8 associated. External IP: 10.96.250.203, port: 97b3aeaa-4350-4b41-90cd-4d9722fd5a91.
2026-07-01 08:35:16.768 10 INFO neutron.wsgi [req-e0f0f0c4-44b4-438d-b78f-4fe0189339a0 req-3bbd7ed0-8a42-4055-8520-adf1b4f3c823 669a4c067ea4461f898bd34bb526f5cf 0eefd157e5fa4c769a3aefdfdb6e99a2 - - default default] 199.204.45.157 "DELETE /v2.0/ports/58043948-186e-44f7-9da3-21a3f8971153 HTTP/1.1" status: 204 len: 173 time: 0.5747068
2026-07-01 08:35:16.810 10 INFO neutron.notifiers.nova [-] Nova event matching ['req-fa01af7b-fce6-43c5-bf32-be6a3ba820cc'] response: {'server_uuid': 'e850fea6-e258-400e-a86e-6e197ca87ac4', 'name': 'network-vif-deleted', 'tag': '58043948-186e-44f7-9da3-21a3f8971153', 'status': 'completed', 'code': 200}
2026-07-01 08:35:16.934 10 INFO neutron.wsgi [req-f6eeb991-4768-465a-99c6-5ff26b3f7d8a req-d1354846-0e6d-4736-844c-7d882a537e87 669a4c067ea4461f898bd34bb526f5cf 0eefd157e5fa4c769a3aefdfdb6e99a2 - - default default] 10.0.0.93 "GET /v2.0/ports?device_id=e850fea6-e258-400e-a86e-6e197ca87ac4 HTTP/1.1" status: 200 len: 210 time: 0.0288863
2026-07-01 08:35:17.065 9 INFO neutron.db.ovn_revision_numbers_db [None req-24551e2a-94ff-482e-9efc-c194ecaeba10 3485a4b2df2a4fc48d5a27a808caeecd e9e25aa3810844a2b8634b02190ea738 - - default default] Successfully bumped revision number for resource cfcc6ef1-c34b-4c39-a53e-cd21be5eb5a8 (type: floatingips) to 0
2026-07-01 08:35:17.185 9 INFO neutron.db.ovn_revision_numbers_db [None req-24551e2a-94ff-482e-9efc-c194ecaeba10 3485a4b2df2a4fc48d5a27a808caeecd e9e25aa3810844a2b8634b02190ea738 - - default default] Successfully bumped revision number for resource cfcc6ef1-c34b-4c39-a53e-cd21be5eb5a8 (type: floatingips) to 1
2026-07-01 08:35:17.223 9 INFO neutron.wsgi [None req-24551e2a-94ff-482e-9efc-c194ecaeba10 3485a4b2df2a4fc48d5a27a808caeecd e9e25aa3810844a2b8634b02190ea738 - - default default] 10.0.0.170 "POST /v2.0/floatingips HTTP/1.1" status: 201 len: 1041 time: 1.2238579
2026-07-01 08:35:17.273 9 INFO neutron.wsgi [None req-6a5d67d4-3c58-4479-b0fb-dc8df2c97777 3485a4b2df2a4fc48d5a27a808caeecd e9e25aa3810844a2b8634b02190ea738 - - default default] 10.0.0.170 "GET /v2.0/floatingips/cfcc6ef1-c34b-4c39-a53e-cd21be5eb5a8 HTTP/1.1" status: 200 len: 1038 time: 0.0430446
2026-07-01 08:35:17.332 9 INFO neutron.wsgi [None req-81a37335-b028-42d9-9767-9303c18ef08d 3485a4b2df2a4fc48d5a27a808caeecd e9e25aa3810844a2b8634b02190ea738 - - default default] 10.0.0.170 "GET /v2.0/floatingips HTTP/1.1" status: 200 len: 1041 time: 0.0539877
2026-07-01 08:35:17.449 10 INFO neutron.wsgi [req-8106a284-70a4-4d4f-b22c-7e24f84cb22a req-3ee035b6-93aa-4346-b6f1-113e0c516b7e 5d3ab5b251704902be7352a7d5fdaae7 5e6283bbe1544c0faa55172ed7e851df - - default default] 199.204.45.157 "GET /v2.0/networks?id=613f8cfa-6616-4cd3-b04f-3eed3378a7c2 HTTP/1.1" status: 200 len: 874 time: 0.0863853
2026-07-01 08:35:17.514 10 INFO neutron.wsgi [req-8106a284-70a4-4d4f-b22c-7e24f84cb22a req-b13c8c00-54f5-43d5-9d3e-3cf4260f0c6d 5d3ab5b251704902be7352a7d5fdaae7 5e6283bbe1544c0faa55172ed7e851df - - default default] 199.204.45.157 "GET /v2.0/security-groups?fields=id&fields=name&tenant_id=5e6283bbe1544c0faa55172ed7e851df HTTP/1.1" status: 200 len: 379 time: 0.0580175
2026-07-01 08:35:17.621 9 INFO neutron.db.l3_db [None req-8d5c1674-2413-4c35-99bf-534d33ed960e 3485a4b2df2a4fc48d5a27a808caeecd e9e25aa3810844a2b8634b02190ea738 - - default default] Floating IP cfcc6ef1-c34b-4c39-a53e-cd21be5eb5a8 associated. External IP: 10.96.250.203, port: 97b3aeaa-4350-4b41-90cd-4d9722fd5a91.
2026-07-01 08:35:17.763 10 INFO neutron.wsgi [req-0a5ded95-9c12-49b3-a66b-2f093a2519d6 req-0e84a412-adc3-4ced-bf26-08d3b46f8888 5d3ab5b251704902be7352a7d5fdaae7 5e6283bbe1544c0faa55172ed7e851df - - default default] 10.0.0.93 "GET /v2.0/ports?device_id=b21d07d2-3899-4c09-b603-0755f62fe647 HTTP/1.1" status: 200 len: 210 time: 0.0292408
2026-07-01 08:35:17.845 9 INFO neutron.db.ovn_revision_numbers_db [None req-8d5c1674-2413-4c35-99bf-534d33ed960e 3485a4b2df2a4fc48d5a27a808caeecd e9e25aa3810844a2b8634b02190ea738 - - default default] Successfully bumped revision number for resource cfcc6ef1-c34b-4c39-a53e-cd21be5eb5a8 (type: floatingips) to 2
2026-07-01 08:35:17.912 10 WARNING neutron.scheduler.dhcp_agent_scheduler [req-8106a284-70a4-4d4f-b22c-7e24f84cb22a req-360d3af7-0cf0-49a3-b7c9-df752a1f6dc5 5d3ab5b251704902be7352a7d5fdaae7 5e6283bbe1544c0faa55172ed7e851df - - default default] No more DHCP agents
2026-07-01 08:35:17.915 10 WARNING neutron.api.rpc.agentnotifiers.dhcp_rpc_agent_api [req-8106a284-70a4-4d4f-b22c-7e24f84cb22a req-360d3af7-0cf0-49a3-b7c9-df752a1f6dc5 5d3ab5b251704902be7352a7d5fdaae7 5e6283bbe1544c0faa55172ed7e851df - - default default] Unable to schedule network 613f8cfa-6616-4cd3-b04f-3eed3378a7c2: no agents available; will retry on subsequent port and subnet creation events.
2026-07-01 08:35:17.972 9 INFO neutron.db.ovn_revision_numbers_db [None req-8d5c1674-2413-4c35-99bf-534d33ed960e 3485a4b2df2a4fc48d5a27a808caeecd e9e25aa3810844a2b8634b02190ea738 - - default default] Successfully bumped revision number for resource cfcc6ef1-c34b-4c39-a53e-cd21be5eb5a8 (type: floatingips) to 2
2026-07-01 08:35:18.018 9 INFO neutron.wsgi [None req-8d5c1674-2413-4c35-99bf-534d33ed960e 3485a4b2df2a4fc48d5a27a808caeecd e9e25aa3810844a2b8634b02190ea738 - - default default] 10.0.0.170 "PUT /v2.0/floatingips/cfcc6ef1-c34b-4c39-a53e-cd21be5eb5a8 HTTP/1.1" status: 200 len: 1038 time: 0.6797032
2026-07-01 08:35:18.191 9 INFO neutron.db.l3_db [None req-8204b8b6-5dc7-49fd-8d3a-259ef6581bd7 3485a4b2df2a4fc48d5a27a808caeecd e9e25aa3810844a2b8634b02190ea738 - - default default] Floating IP cfcc6ef1-c34b-4c39-a53e-cd21be5eb5a8 disassociated. External IP: 10.96.250.203, port: be304e07-ed7f-460b-aaaf-865e99db0af8.
2026-07-01 08:35:18.260 9 INFO neutron.db.ovn_revision_numbers_db [None req-8204b8b6-5dc7-49fd-8d3a-259ef6581bd7 3485a4b2df2a4fc48d5a27a808caeecd e9e25aa3810844a2b8634b02190ea738 - - default default] Successfully bumped revision number for resource cfcc6ef1-c34b-4c39-a53e-cd21be5eb5a8 (type: floatingips) to 3
2026-07-01 08:35:18.277 9 INFO neutron.wsgi [None req-aee70a27-8124-447b-bcd4-1278c777770e 669a4c067ea4461f898bd34bb526f5cf 0eefd157e5fa4c769a3aefdfdb6e99a2 - - default default] 10.0.0.170 "DELETE /v2.0/security-groups/90ef861a-4461-4795-8c62-55554826724e HTTP/1.1" status: 204 len: 168 time: 0.2376027
2026-07-01 08:35:18.289 10 WARNING neutron.plugins.ml2.drivers.ovn.mech_driver.ovsdb.ovn_client [None req-082ab5e4-522b-4889-97e6-daa04ebc9f95 - - - - - -] No hosting information found for port e48c1340-f709-4f47-a8ec-e3d68e61d17b: RuntimeError: No hosting information found for port e48c1340-f709-4f47-a8ec-e3d68e61d17b
2026-07-01 08:35:18.290 10 INFO neutron.plugins.ml2.drivers.ovn.mech_driver.mech_driver [None req-082ab5e4-522b-4889-97e6-daa04ebc9f95 - - - - - -] OVN reports status down for port: 58043948-186e-44f7-9da3-21a3f8971153
2026-07-01 08:35:18.310 9 INFO neutron.api.v2.resource [None req-6e77b859-5202-49f3-a3b2-6bf5357aa960 669a4c067ea4461f898bd34bb526f5cf 0eefd157e5fa4c769a3aefdfdb6e99a2 - - default default] show failed (client error): The resource could not be found.
2026-07-01 08:35:18.311 9 INFO neutron.wsgi [None req-6e77b859-5202-49f3-a3b2-6bf5357aa960 669a4c067ea4461f898bd34bb526f5cf 0eefd157e5fa4c769a3aefdfdb6e99a2 - - default default] 10.0.0.170 "GET /v2.0/security-groups/90ef861a-4461-4795-8c62-55554826724e HTTP/1.1" status: 404 len: 347 time: 0.0287042
2026-07-01 08:35:18.368 9 INFO neutron.wsgi [None req-8204b8b6-5dc7-49fd-8d3a-259ef6581bd7 3485a4b2df2a4fc48d5a27a808caeecd e9e25aa3810844a2b8634b02190ea738 - - default default] 10.0.0.170 "PUT /v2.0/floatingips/cfcc6ef1-c34b-4c39-a53e-cd21be5eb5a8 HTTP/1.1" status: 200 len: 748 time: 0.3386188
2026-07-01 08:35:18.455 10 INFO neutron.db.ovn_revision_numbers_db [req-8106a284-70a4-4d4f-b22c-7e24f84cb22a req-360d3af7-0cf0-49a3-b7c9-df752a1f6dc5 5d3ab5b251704902be7352a7d5fdaae7 5e6283bbe1544c0faa55172ed7e851df - - default default] Successfully bumped revision number for resource 5cc63b82-9b94-410b-8ba2-bdd3a642afd0 (type: ports) to 1
2026-07-01 08:35:18.481 10 INFO neutron.wsgi [-] 10.0.0.111 "GET / HTTP/1.1" status: 200 len: 247 time: 0.0016992
2026-07-01 08:35:18.483 10 INFO neutron.wsgi [-] 10.0.0.111 "GET / HTTP/1.1" status: 200 len: 247 time: 0.0010715
2026-07-01 08:35:18.500 10 INFO neutron.wsgi [req-8106a284-70a4-4d4f-b22c-7e24f84cb22a req-360d3af7-0cf0-49a3-b7c9-df752a1f6dc5 5d3ab5b251704902be7352a7d5fdaae7 5e6283bbe1544c0faa55172ed7e851df - - default default] 199.204.45.157 "POST /v2.0/ports HTTP/1.1" status: 201 len: 1158 time: 0.9827225 /var/lib/openstack/lib/python3.10/site-packages/pycadf/identifier.py:71: UserWarning: Invalid uuid: neutron. To ensure interoperability, identifiers should be a valid uuid. warnings.warn(('Invalid uuid: %s. To ensure interoperability, '
2026-07-01 08:35:18.814 9 INFO neutron.wsgi [None req-cd29f895-5cd8-4ed4-bdfa-69c0da4ad5d5 669a4c067ea4461f898bd34bb526f5cf 0eefd157e5fa4c769a3aefdfdb6e99a2 - - default default] 10.0.0.170 "DELETE /v2.0/floatingips/cc0f00f4-a4a7-43b3-aea2-e5815a9eb64a HTTP/1.1" status: 204 len: 168 time: 0.4976664
2026-07-01 08:35:18.843 9 INFO neutron.wsgi [None req-c33f12fc-297f-41b7-ae78-6fe7701c3601 3485a4b2df2a4fc48d5a27a808caeecd e9e25aa3810844a2b8634b02190ea738 - - default default] 10.0.0.170 "DELETE /v2.0/floatingips/cfcc6ef1-c34b-4c39-a53e-cd21be5eb5a8 HTTP/1.1" status: 204 len: 168 time: 0.4670615 /var/lib/openstack/lib/python3.10/site-packages/pycadf/identifier.py:71: UserWarning: Invalid uuid: neutron. To ensure interoperability, identifiers should be a valid uuid. warnings.warn(('Invalid uuid: %s. To ensure interoperability, '
2026-07-01 08:35:18.870 9 INFO neutron.api.v2.resource [None req-46f22d7b-d952-4b9f-8f78-ea212fe2b108 3485a4b2df2a4fc48d5a27a808caeecd e9e25aa3810844a2b8634b02190ea738 - - default default] delete failed (client error): The resource could not be found.
2026-07-01 08:35:18.871 9 INFO neutron.wsgi [None req-46f22d7b-d952-4b9f-8f78-ea212fe2b108 3485a4b2df2a4fc48d5a27a808caeecd e9e25aa3810844a2b8634b02190ea738 - - default default] 10.0.0.170 "DELETE /v2.0/floatingips/cfcc6ef1-c34b-4c39-a53e-cd21be5eb5a8 HTTP/1.1" status: 404 len: 345 time: 0.0230060
2026-07-01 08:35:18.882 10 INFO neutron.wsgi [req-833507a2-cebe-4ac7-bb60-10d6ae4cc95f req-aaeb74d1-345f-4d86-8e36-43e8eca8becc 5d3ab5b251704902be7352a7d5fdaae7 5e6283bbe1544c0faa55172ed7e851df - - default default] 10.0.0.93 "GET /v2.0/ports?device_id=b21d07d2-3899-4c09-b603-0755f62fe647 HTTP/1.1" status: 200 len: 1168 time: 0.0468483
2026-07-01 08:35:18.938 10 INFO neutron.wsgi [req-833507a2-cebe-4ac7-bb60-10d6ae4cc95f req-674be44b-b4cc-4d1c-bb3e-e4c0de96478d 5d3ab5b251704902be7352a7d5fdaae7 5e6283bbe1544c0faa55172ed7e851df - - default default] 10.0.0.93 "GET /v2.0/security-groups?id=593a446b-947d-41f6-97ea-5302a7472cec&fields=id&fields=name HTTP/1.1" status: 200 len: 312 time: 0.0465989
2026-07-01 08:35:19.019 10 INFO neutron.db.ovn_revision_numbers_db [req-8106a284-70a4-4d4f-b22c-7e24f84cb22a req-aa9131e1-9af7-4759-923b-12870ae9e291 05a7a10ab07b49bca11d351207844b74 e41a9e6e66d94234b25e655f3df8395b - - 3a65b27de5874df28411113e10856e6e 3a65b27de5874df28411113e10856e6e] Successfully bumped revision number for resource 5cc63b82-9b94-410b-8ba2-bdd3a642afd0 (type: ports) to 2
2026-07-01 08:35:19.221 10 INFO neutron.db.ovn_revision_numbers_db [req-8106a284-70a4-4d4f-b22c-7e24f84cb22a req-aa9131e1-9af7-4759-923b-12870ae9e291 05a7a10ab07b49bca11d351207844b74 e41a9e6e66d94234b25e655f3df8395b - - 3a65b27de5874df28411113e10856e6e 3a65b27de5874df28411113e10856e6e] Successfully bumped revision number for resource 5cc63b82-9b94-410b-8ba2-bdd3a642afd0 (type: ports) to 2
2026-07-01 08:35:19.238 10 INFO neutron.wsgi [req-8106a284-70a4-4d4f-b22c-7e24f84cb22a req-aa9131e1-9af7-4759-923b-12870ae9e291 05a7a10ab07b49bca11d351207844b74 e41a9e6e66d94234b25e655f3df8395b - - 3a65b27de5874df28411113e10856e6e 3a65b27de5874df28411113e10856e6e] 199.204.45.157 "PUT /v2.0/ports/5cc63b82-9b94-410b-8ba2-bdd3a642afd0 HTTP/1.1" status: 200 len: 1376 time: 0.7255943
2026-07-01 08:35:19.285 9 INFO neutron.wsgi [None req-6a767314-bf26-4986-99f0-66bc5635720e 3485a4b2df2a4fc48d5a27a808caeecd e9e25aa3810844a2b8634b02190ea738 - - default default] 10.0.0.170 "DELETE /v2.0/ports/be304e07-ed7f-460b-aaaf-865e99db0af8 HTTP/1.1" status: 204 len: 168 time: 0.4081352
2026-07-01 08:35:19.289 10 INFO neutron.notifiers.nova [-] Nova event matching ['req-d9002c5d-e15e-4a8d-adbf-16b677d9e91e'] response: {'name': 'network-changed', 'server_uuid': 'b21d07d2-3899-4c09-b603-0755f62fe647', 'tag': '5cc63b82-9b94-410b-8ba2-bdd3a642afd0', 'status': 'completed', 'code': 200} /var/lib/openstack/lib/python3.10/site-packages/pycadf/identifier.py:71: UserWarning: Invalid uuid: neutron. To ensure interoperability, identifiers should be a valid uuid. warnings.warn(('Invalid uuid: %s. To ensure interoperability, '
2026-07-01 08:35:19.336 10 INFO neutron.wsgi [req-8106a284-70a4-4d4f-b22c-7e24f84cb22a req-7ffd5866-3a33-4bdd-ae68-82a45a8099a4 05a7a10ab07b49bca11d351207844b74 e41a9e6e66d94234b25e655f3df8395b - - 3a65b27de5874df28411113e10856e6e 3a65b27de5874df28411113e10856e6e] 199.204.45.157 "GET /v2.0/ports?tenant_id=5e6283bbe1544c0faa55172ed7e851df&device_id=b21d07d2-3899-4c09-b603-0755f62fe647 HTTP/1.1" status: 200 len: 1407 time: 0.0437441
2026-07-01 08:35:19.369 10 INFO neutron.wsgi [req-8106a284-70a4-4d4f-b22c-7e24f84cb22a req-79c46821-5bc2-4cf1-baa2-784819250689 05a7a10ab07b49bca11d351207844b74 e41a9e6e66d94234b25e655f3df8395b - - 3a65b27de5874df28411113e10856e6e 3a65b27de5874df28411113e10856e6e] 199.204.45.157 "GET /v2.0/floatingips?fixed_ip_address=10.100.0.4&port_id=5cc63b82-9b94-410b-8ba2-bdd3a642afd0 HTTP/1.1" status: 200 len: 217 time: 0.0270872
2026-07-01 08:35:19.417 10 INFO neutron.wsgi [req-8106a284-70a4-4d4f-b22c-7e24f84cb22a req-b406fdf3-2f46-4673-8cc3-925e92103eb6 05a7a10ab07b49bca11d351207844b74 e41a9e6e66d94234b25e655f3df8395b - - 3a65b27de5874df28411113e10856e6e 3a65b27de5874df28411113e10856e6e] 199.204.45.157 "GET /v2.0/subnets?id=ae5660e5-f0c3-4265-9b21-0c70c749df24 HTTP/1.1" status: 200 len: 868 time: 0.0408070
2026-07-01 08:35:19.456 10 INFO neutron.wsgi [req-8106a284-70a4-4d4f-b22c-7e24f84cb22a req-ade93736-dfc7-4204-ad48-efb158baaa45 05a7a10ab07b49bca11d351207844b74 e41a9e6e66d94234b25e655f3df8395b - - 3a65b27de5874df28411113e10856e6e 3a65b27de5874df28411113e10856e6e] 199.204.45.157 "GET /v2.0/ports?network_id=613f8cfa-6616-4cd3-b04f-3eed3378a7c2&device_owner=network%3Adhcp HTTP/1.1" status: 200 len: 210 time: 0.0238979
2026-07-01 08:35:19.586 10 INFO neutron.wsgi [req-8106a284-70a4-4d4f-b22c-7e24f84cb22a req-59817953-421f-4928-bbde-3de6c85d796a 05a7a10ab07b49bca11d351207844b74 e41a9e6e66d94234b25e655f3df8395b - - 3a65b27de5874df28411113e10856e6e 3a65b27de5874df28411113e10856e6e] 199.204.45.157 "GET /v2.0/networks/613f8cfa-6616-4cd3-b04f-3eed3378a7c2?fields=segments HTTP/1.1" status: 200 len: 212 time: 0.1176159
2026-07-01 08:35:19.675 10 INFO neutron.wsgi [req-8106a284-70a4-4d4f-b22c-7e24f84cb22a req-2a14c6cf-37ec-4652-980c-d046c573a578 05a7a10ab07b49bca11d351207844b74 e41a9e6e66d94234b25e655f3df8395b - - 3a65b27de5874df28411113e10856e6e 3a65b27de5874df28411113e10856e6e] 199.204.45.157 "GET /v2.0/networks/613f8cfa-6616-4cd3-b04f-3eed3378a7c2?fields=provider%3Aphysical_network&fields=provider%3Anetwork_type HTTP/1.1" status: 200 len: 277 time: 0.0812752
2026-07-01 08:35:19.689 9 WARNING neutron.plugins.ml2.drivers.ovn.mech_driver.ovsdb.ovn_client [None req-17ab10d5-9439-411f-8745-9887d4c5b955 - - - - - -] No hosting information found for port a620c427-c3c5-42e5-9ba6-ae014d6e7a19: RuntimeError: No hosting information found for port a620c427-c3c5-42e5-9ba6-ae014d6e7a19
2026-07-01 08:35:19.755 10 INFO neutron.wsgi [req-a761ff06-75f8-40ee-8ca5-16ad7f2bcb70 req-4a023dd0-fc93-43d9-b288-87d2a6a4a319 05a7a10ab07b49bca11d351207844b74 e41a9e6e66d94234b25e655f3df8395b - - 3a65b27de5874df28411113e10856e6e 3a65b27de5874df28411113e10856e6e] 199.204.45.157 "GET /v2.0/ports?tenant_id=5e6283bbe1544c0faa55172ed7e851df&device_id=b21d07d2-3899-4c09-b603-0755f62fe647 HTTP/1.1" status: 200 len: 1407 time: 0.0355716
2026-07-01 08:35:19.768 10 INFO neutron.wsgi [None req-7078be01-4547-4a6a-8c05-8fcd43ff5619 3485a4b2df2a4fc48d5a27a808caeecd e9e25aa3810844a2b8634b02190ea738 - - default default] 10.0.0.170 "DELETE /v2.0/ports/97b3aeaa-4350-4b41-90cd-4d9722fd5a91 HTTP/1.1" status: 204 len: 168 time: 0.4742088 /var/lib/openstack/lib/python3.10/site-packages/pycadf/identifier.py:71: UserWarning: Invalid uuid: neutron. To ensure interoperability, identifiers should be a valid uuid. warnings.warn(('Invalid uuid: %s. To ensure interoperability, '
2026-07-01 08:35:19.834 10 INFO neutron.wsgi [req-a761ff06-75f8-40ee-8ca5-16ad7f2bcb70 req-d17cd65e-fcef-45a0-bf1c-14ffd21dd4ee 05a7a10ab07b49bca11d351207844b74 e41a9e6e66d94234b25e655f3df8395b - - 3a65b27de5874df28411113e10856e6e 3a65b27de5874df28411113e10856e6e] 199.204.45.157 "GET /v2.0/networks?id=613f8cfa-6616-4cd3-b04f-3eed3378a7c2 HTTP/1.1" status: 200 len: 973 time: 0.0754285
2026-07-01 08:35:19.878 10 INFO neutron.wsgi [req-a761ff06-75f8-40ee-8ca5-16ad7f2bcb70 req-fff0b8ea-b8a4-4b2c-987d-fc334c8caca1 05a7a10ab07b49bca11d351207844b74 e41a9e6e66d94234b25e655f3df8395b - - 3a65b27de5874df28411113e10856e6e 3a65b27de5874df28411113e10856e6e] 199.204.45.157 "GET /v2.0/floatingips?fixed_ip_address=10.100.0.4&port_id=5cc63b82-9b94-410b-8ba2-bdd3a642afd0 HTTP/1.1" status: 200 len: 217 time: 0.0371487
2026-07-01 08:35:19.917 10 INFO neutron.wsgi [req-a761ff06-75f8-40ee-8ca5-16ad7f2bcb70 req-3065465d-4c09-4502-aa10-b4f2c632248e 05a7a10ab07b49bca11d351207844b74 e41a9e6e66d94234b25e655f3df8395b - - 3a65b27de5874df28411113e10856e6e 3a65b27de5874df28411113e10856e6e] 199.204.45.157 "GET /v2.0/subnets?id=ae5660e5-f0c3-4265-9b21-0c70c749df24 HTTP/1.1" status: 200 len: 868 time: 0.0353320
