2026-07-01 08:37:01.035 9 INFO neutron.db.ovn_revision_numbers_db [None req-160cece2-fa1f-4534-943c-d28bc5125e19 790ba8dcb458419598f8a6631de83dc6 981a824e304a494c97eea8340f4db4e4 - - default default] Successfully bumped revision number for resource 0dc9bee1-d347-48e1-bf0b-1a467c5167e3 (type: security_group_rules) to 0
2026-07-01 08:37:01.046 10 INFO neutron.db.segments_db [None req-29cfeef6-b82b-4d1a-aa6e-3ca0c7c35e59 193532f6b1044d179954b194b05f8f6f bf1a0e71bdc74806926e5ce0ef83fe0e - - default default] Added segment 0cc58233-e196-41aa-bbfb-bc09e934d785 of type geneve for network 657f01a8-3bfa-4aac-a7ee-01bccb029db9
2026-07-01 08:37:01.068 9 INFO neutron.wsgi [None req-160cece2-fa1f-4534-943c-d28bc5125e19 790ba8dcb458419598f8a6631de83dc6 981a824e304a494c97eea8340f4db4e4 - - default default] 10.0.0.170 "POST /v2.0/security-group-rules HTTP/1.1" status: 201 len: 768 time: 0.1601694
2026-07-01 08:37:01.087 9 INFO neutron.wsgi [None req-e5118e99-3598-4516-8a8b-c1a65189ff72 790ba8dcb458419598f8a6631de83dc6 981a824e304a494c97eea8340f4db4e4 - - default default] 10.0.0.170 "GET /v2.0/security-group-rules/0dc9bee1-d347-48e1-bf0b-1a467c5167e3 HTTP/1.1" status: 200 len: 763 time: 0.0151660
2026-07-01 08:37:01.131 9 INFO neutron.wsgi [None req-7c2cd94e-e3dc-4272-b40e-dc1eb0b4890c 790ba8dcb458419598f8a6631de83dc6 981a824e304a494c97eea8340f4db4e4 - - default default] 10.0.0.170 "GET /v2.0/security-group-rules HTTP/1.1" status: 200 len: 4113 time: 0.0404439
2026-07-01 08:37:01.199 10 INFO neutron.db.ovn_revision_numbers_db [None req-29cfeef6-b82b-4d1a-aa6e-3ca0c7c35e59 193532f6b1044d179954b194b05f8f6f bf1a0e71bdc74806926e5ce0ef83fe0e - - default default] Successfully bumped revision number for resource 657f01a8-3bfa-4aac-a7ee-01bccb029db9 (type: networks) to 1
2026-07-01 08:37:01.277 9 INFO neutron.wsgi [None req-feb07454-2a69-4c02-8718-72857ac111ea 790ba8dcb458419598f8a6631de83dc6 981a824e304a494c97eea8340f4db4e4 - - default default] 10.0.0.170 "DELETE /v2.0/security-group-rules/0dc9bee1-d347-48e1-bf0b-1a467c5167e3 HTTP/1.1" status: 204 len: 168 time: 0.1413987
2026-07-01 08:37:01.320 9 INFO neutron.wsgi [None req-eb39cb95-8113-417f-adc0-3ba748c67fdb 790ba8dcb458419598f8a6631de83dc6 981a824e304a494c97eea8340f4db4e4 - - default default] 10.0.0.170 "GET /v2.0/security-group-rules HTTP/1.1" status: 200 len: 3567 time: 0.0359797
2026-07-01 08:37:01.375 10 WARNING neutron.scheduler.dhcp_agent_scheduler [None req-29cfeef6-b82b-4d1a-aa6e-3ca0c7c35e59 193532f6b1044d179954b194b05f8f6f bf1a0e71bdc74806926e5ce0ef83fe0e - - default default] No more DHCP agents
2026-07-01 08:37:01.379 10 WARNING neutron.api.rpc.agentnotifiers.dhcp_rpc_agent_api [None req-29cfeef6-b82b-4d1a-aa6e-3ca0c7c35e59 193532f6b1044d179954b194b05f8f6f bf1a0e71bdc74806926e5ce0ef83fe0e - - default default] Unable to schedule network 657f01a8-3bfa-4aac-a7ee-01bccb029db9: no agents available; will retry on subsequent port and subnet creation events.
2026-07-01 08:37:01.475 10 INFO neutron.db.ovn_revision_numbers_db [None req-29cfeef6-b82b-4d1a-aa6e-3ca0c7c35e59 193532f6b1044d179954b194b05f8f6f bf1a0e71bdc74806926e5ce0ef83fe0e - - default default] Successfully bumped revision number for resource 2e7a0a58-76f6-47d3-b251-b074551b42c5 (type: ports) to 1
2026-07-01 08:37:01.497 10 INFO neutron.wsgi [None req-29cfeef6-b82b-4d1a-aa6e-3ca0c7c35e59 193532f6b1044d179954b194b05f8f6f bf1a0e71bdc74806926e5ce0ef83fe0e - - default default] 10.0.0.170 "POST /v2.0/networks HTTP/1.1" status: 201 len: 929 time: 0.8023903
2026-07-01 08:37:01.498 10 INFO neutron.db.ovn_revision_numbers_db [None req-a251608f-df96-46a8-a9fa-7e2f4fe7e06d 790ba8dcb458419598f8a6631de83dc6 981a824e304a494c97eea8340f4db4e4 - - default default] Successfully bumped revision number for resource 2ad46528-f6ae-4401-843d-9d726085eb9b (type: security_group_rules) to 0
2026-07-01 08:37:01.520 10 INFO neutron.wsgi [None req-a251608f-df96-46a8-a9fa-7e2f4fe7e06d 790ba8dcb458419598f8a6631de83dc6 981a824e304a494c97eea8340f4db4e4 - - default default] 10.0.0.170 "POST /v2.0/security-group-rules HTTP/1.1" status: 201 len: 768 time: 0.1949198
2026-07-01 08:37:01.548 9 INFO neutron.wsgi [None req-3db6a42a-74d1-46a7-89f9-36f886b4bb44 790ba8dcb458419598f8a6631de83dc6 981a824e304a494c97eea8340f4db4e4 - - default default] 10.0.0.170 "GET /v2.0/security-group-rules/2ad46528-f6ae-4401-843d-9d726085eb9b HTTP/1.1" status: 200 len: 763 time: 0.0202758
2026-07-01 08:37:01.598 9 INFO neutron.wsgi [None req-2b3f8117-3260-44b8-82ca-d98f83ef944d 790ba8dcb458419598f8a6631de83dc6 981a824e304a494c97eea8340f4db4e4 - - default default] 10.0.0.170 "GET /v2.0/security-group-rules HTTP/1.1" status: 200 len: 4113 time: 0.0396659
2026-07-01 08:37:01.601 10 INFO neutron.wsgi [req-65088995-f04d-4bf8-8293-d47f9e7059aa req-bfa606d4-1edb-4faa-9bc8-8e38d300b70c 05eba09dc29b4902af147252cc8e2ab4 35641863b341430a98371b38ea12d018 - - default default] 10.0.0.93 "GET /v2.0/networks?id=a398ddeb-2c48-4adf-a736-ef9462501aa5 HTTP/1.1" status: 200 len: 872 time: 0.0801675
2026-07-01 08:37:01.628 10 INFO neutron.wsgi [req-65088995-f04d-4bf8-8293-d47f9e7059aa req-0ddfa6f3-8b74-46ff-8dce-58c2e8d60b32 05eba09dc29b4902af147252cc8e2ab4 35641863b341430a98371b38ea12d018 - - default default] 10.0.0.93 "GET /v2.0/quotas/35641863b341430a98371b38ea12d018 HTTP/1.1" status: 200 len: 386 time: 0.0193396
2026-07-01 08:37:01.701 9 WARNING neutron.scheduler.dhcp_agent_scheduler [None req-23e736d0-54c7-4758-a90a-d43a1714d754 193532f6b1044d179954b194b05f8f6f bf1a0e71bdc74806926e5ce0ef83fe0e - - default default] No more DHCP agents
2026-07-01 08:37:01.703 9 WARNING neutron.api.rpc.agentnotifiers.dhcp_rpc_agent_api [None req-23e736d0-54c7-4758-a90a-d43a1714d754 193532f6b1044d179954b194b05f8f6f bf1a0e71bdc74806926e5ce0ef83fe0e - - default default] Unable to schedule network 657f01a8-3bfa-4aac-a7ee-01bccb029db9: no agents available; will retry on subsequent port and subnet creation events.
2026-07-01 08:37:01.741 10 INFO neutron.wsgi [req-65088995-f04d-4bf8-8293-d47f9e7059aa req-8057381d-044a-4e2b-b55d-8818cb75d5de 05eba09dc29b4902af147252cc8e2ab4 35641863b341430a98371b38ea12d018 - - default default] 10.0.0.93 "GET /v2.0/ports?tenant_id=35641863b341430a98371b38ea12d018&fields=id HTTP/1.1" status: 200 len: 302 time: 0.1071348
2026-07-01 08:37:01.794 10 INFO neutron.wsgi [None req-f0796a9d-10a1-4e65-999b-618bce1a3757 790ba8dcb458419598f8a6631de83dc6 981a824e304a494c97eea8340f4db4e4 - - default default] 10.0.0.170 "DELETE /v2.0/security-group-rules/2ad46528-f6ae-4401-843d-9d726085eb9b HTTP/1.1" status: 204 len: 168 time: 0.1903086
2026-07-01 08:37:01.817 10 INFO neutron.wsgi [req-65088995-f04d-4bf8-8293-d47f9e7059aa req-deed12ab-9073-42d8-b92e-4bad552f8c13 05a7a10ab07b49bca11d351207844b74 e41a9e6e66d94234b25e655f3df8395b - - 3a65b27de5874df28411113e10856e6e 3a65b27de5874df28411113e10856e6e] 10.0.0.93 "GET /v2.0/networks/a398ddeb-2c48-4adf-a736-ef9462501aa5?fields=segments HTTP/1.1" status: 200 len: 212 time: 0.0624740
2026-07-01 08:37:01.869 10 INFO neutron.wsgi [None req-d143f94a-f997-4d23-addf-6e7d5c91a01b 790ba8dcb458419598f8a6631de83dc6 981a824e304a494c97eea8340f4db4e4 - - default default] 10.0.0.170 "GET /v2.0/security-group-rules HTTP/1.1" status: 200 len: 3567 time: 0.0709729
2026-07-01 08:37:01.906 10 INFO neutron.db.securitygroups_db [None req-45873903-565b-44ec-a0fa-68c347485104 790ba8dcb458419598f8a6631de83dc6 981a824e304a494c97eea8340f4db4e4 - - default default] Project 981a824e304a494c97eea8340f4db4e4 added a security group rule with legacy IPv6 ICMP protocol name icmp, ipv6-icmp should be used instead. It was automatically converted.
2026-07-01 08:37:01.919 10 INFO neutron.wsgi [req-65088995-f04d-4bf8-8293-d47f9e7059aa req-5ec48f7d-cff8-42a7-97cb-7e0b7769424c 05a7a10ab07b49bca11d351207844b74 e41a9e6e66d94234b25e655f3df8395b - - 3a65b27de5874df28411113e10856e6e 3a65b27de5874df28411113e10856e6e] 10.0.0.93 "GET /v2.0/networks/a398ddeb-2c48-4adf-a736-ef9462501aa5?fields=provider%3Aphysical_network&fields=provider%3Anetwork_type HTTP/1.1" status: 200 len: 277 time: 0.0962248
2026-07-01 08:37:02.018 10 INFO neutron.db.ovn_revision_numbers_db [None req-45873903-565b-44ec-a0fa-68c347485104 790ba8dcb458419598f8a6631de83dc6 981a824e304a494c97eea8340f4db4e4 - - default default] Successfully bumped revision number for resource 335e29c8-2adb-4767-a0ba-116e87625f33 (type: security_group_rules) to 0
2026-07-01 08:37:02.049 10 INFO neutron.wsgi [req-961baaea-bb87-412c-b56e-f9114eb04015 req-3ba647ae-8ef4-4345-a543-63999fbd1a27 05eba09dc29b4902af147252cc8e2ab4 35641863b341430a98371b38ea12d018 - - default default] 10.0.0.93 "GET /v2.0/ports?device_id=c9818f01-afbb-4936-b2b5-14709b466882 HTTP/1.1" status: 200 len: 210 time: 0.0205007
2026-07-01 08:37:02.056 10 INFO neutron.wsgi [None req-45873903-565b-44ec-a0fa-68c347485104 790ba8dcb458419598f8a6631de83dc6 981a824e304a494c97eea8340f4db4e4 - - default default] 10.0.0.170 "POST /v2.0/security-group-rules HTTP/1.1" status: 201 len: 774 time: 0.1818035
2026-07-01 08:37:02.075 10 INFO neutron.wsgi [None req-b1af95f4-3a8b-4e68-b113-6bb0dfba85ff 790ba8dcb458419598f8a6631de83dc6 981a824e304a494c97eea8340f4db4e4 - - default default] 10.0.0.170 "GET /v2.0/security-group-rules/335e29c8-2adb-4767-a0ba-116e87625f33 HTTP/1.1" status: 200 len: 769 time: 0.0152617
2026-07-01 08:37:02.124 10 INFO neutron.wsgi [None req-dd5c07b1-72bd-4787-b740-74fdde8741a1 790ba8dcb458419598f8a6631de83dc6 981a824e304a494c97eea8340f4db4e4 - - default default] 10.0.0.170 "GET /v2.0/security-group-rules HTTP/1.1" status: 200 len: 4119 time: 0.0440068
2026-07-01 08:37:02.153 9 INFO neutron.db.ovn_revision_numbers_db [None req-23e736d0-54c7-4758-a90a-d43a1714d754 193532f6b1044d179954b194b05f8f6f bf1a0e71bdc74806926e5ce0ef83fe0e - - default default] Successfully bumped revision number for resource 2e7a0a58-76f6-47d3-b251-b074551b42c5 (type: ports) to 2
2026-07-01 08:37:02.182 9 INFO neutron.db.ovn_revision_numbers_db [None req-23e736d0-54c7-4758-a90a-d43a1714d754 193532f6b1044d179954b194b05f8f6f bf1a0e71bdc74806926e5ce0ef83fe0e - - default default] Successfully bumped revision number for resource c212b614-1a3f-4cc4-a81e-f69e93f61850 (type: subnets) to 0
2026-07-01 08:37:02.199 9 INFO neutron.wsgi [None req-23e736d0-54c7-4758-a90a-d43a1714d754 193532f6b1044d179954b194b05f8f6f bf1a0e71bdc74806926e5ce0ef83fe0e - - default default] 10.0.0.170 "POST /v2.0/subnets HTTP/1.1" status: 201 len: 819 time: 0.6954303
2026-07-01 08:37:02.217 9 WARNING neutron.api.v2.base [None req-0f50ab09-058d-4c6b-be38-d06ecfdc4d26 193532f6b1044d179954b194b05f8f6f bf1a0e71bdc74806926e5ce0ef83fe0e - - default default] An exception happened while processing the request body. The exception message is [Invalid input for target_tenant. Reason: 'None' is not a valid string.].: webob.exc.HTTPBadRequest: Invalid input for target_tenant. Reason: 'None' is not a valid string.
2026-07-01 08:37:02.218 9 INFO neutron.api.v2.resource [None req-0f50ab09-058d-4c6b-be38-d06ecfdc4d26 193532f6b1044d179954b194b05f8f6f bf1a0e71bdc74806926e5ce0ef83fe0e - - default default] create failed (client error): Invalid input for target_tenant. Reason: 'None' is not a valid string.
2026-07-01 08:37:02.220 9 INFO neutron.wsgi [None req-0f50ab09-058d-4c6b-be38-d06ecfdc4d26 193532f6b1044d179954b194b05f8f6f bf1a0e71bdc74806926e5ce0ef83fe0e - - default default] 10.0.0.170 "POST /v2.0/rbac-policies HTTP/1.1" status: 400 len: 346 time: 0.0146155
2026-07-01 08:37:02.246 10 INFO neutron.wsgi [None req-93052c4d-43df-496d-9200-19a19504780c 790ba8dcb458419598f8a6631de83dc6 981a824e304a494c97eea8340f4db4e4 - - default default] 10.0.0.170 "DELETE /v2.0/security-group-rules/335e29c8-2adb-4767-a0ba-116e87625f33 HTTP/1.1" status: 204 len: 168 time: 0.1157343
2026-07-01 08:37:02.309 9 INFO neutron.wsgi [None req-158a22c4-de3b-4c65-ac09-1ef0a4374fd7 790ba8dcb458419598f8a6631de83dc6 981a824e304a494c97eea8340f4db4e4 - - default default] 10.0.0.170 "GET /v2.0/security-group-rules HTTP/1.1" status: 200 len: 3567 time: 0.0529819
2026-07-01 08:37:02.435 9 INFO neutron.wsgi [None req-e22fe3cd-25b4-487c-a626-fa39969ed311 790ba8dcb458419598f8a6631de83dc6 981a824e304a494c97eea8340f4db4e4 - - default default] 10.0.0.170 "DELETE /v2.0/security-groups/4328a08f-f8c4-476a-9660-39faf97ef5fc HTTP/1.1" status: 204 len: 168 time: 0.1200988
2026-07-01 08:37:02.477 9 INFO neutron.wsgi [None req-254acea6-a953-4ffc-9994-ebaba39d8116 790ba8dcb458419598f8a6631de83dc6 981a824e304a494c97eea8340f4db4e4 - - default default] 10.0.0.170 "GET /v2.0/security-groups HTTP/1.1" status: 200 len: 2996 time: 0.0372066
2026-07-01 08:37:02.519 9 INFO neutron.wsgi [None req-c42cf551-dd83-4fe6-b904-c3b8976bd287 790ba8dcb458419598f8a6631de83dc6 981a824e304a494c97eea8340f4db4e4 - - default default] 10.0.0.170 "GET /v2.0/security-groups HTTP/1.1" status: 200 len: 2996 time: 0.0358937
2026-07-01 08:37:02.791 10 INFO neutron.wsgi [req-65088995-f04d-4bf8-8293-d47f9e7059aa req-83c6bb60-9104-4d98-9360-a88ef963a64e 05eba09dc29b4902af147252cc8e2ab4 35641863b341430a98371b38ea12d018 - - default default] 199.204.45.157 "GET /v2.0/networks?id=a398ddeb-2c48-4adf-a736-ef9462501aa5 HTTP/1.1" status: 200 len: 872 time: 0.0837317
2026-07-01 08:37:02.917 10 INFO neutron.services.segments.plugin [-] Segment 0cc58233-e196-41aa-bbfb-bc09e934d785 resource provider aggregate not found
2026-07-01 08:37:02.936 10 INFO neutron.services.segments.plugin [-] Segment 0cc58233-e196-41aa-bbfb-bc09e934d785 resource provider not found; error: Placement Client Error (4xx): {"errors": [{"status": 404, "title": "Not Found", "detail": "The resource could not be found.\n\n No resource provider with uuid 0cc58233-e196-41aa-bbfb-bc09e934d785 found for delete ", "request_id": "req-fb1bd435-9377-4e69-9a0d-dd0d9e292044"}]}
2026-07-01 08:37:02.975 10 INFO neutron.wsgi [None req-a2989126-d1f0-4928-be73-18e68d855a46 193532f6b1044d179954b194b05f8f6f bf1a0e71bdc74806926e5ce0ef83fe0e - - default default] 10.0.0.170 "DELETE /v2.0/networks/657f01a8-3bfa-4aac-a7ee-01bccb029db9 HTTP/1.1" status: 204 len: 168 time: 0.7495515
2026-07-01 08:37:02.992 10 INFO neutron.services.segments.plugin [-] Segment 0cc58233-e196-41aa-bbfb-bc09e934d785 resource provider aggregate not found
2026-07-01 08:37:03.012 10 INFO neutron.services.segments.plugin [-] Segment 0cc58233-e196-41aa-bbfb-bc09e934d785 resource provider not found; error: Placement Client Error (4xx): {"errors": [{"status": 404, "title": "Not Found", "detail": "The resource could not be found.\n\n No resource provider with uuid 0cc58233-e196-41aa-bbfb-bc09e934d785 found for delete ", "request_id": "req-a809a6a9-0a01-4fee-90b7-b5d005ca7d53"}]}
2026-07-01 08:37:03.064 9 INFO neutron.db.segments_db [None req-7c3d4ee9-944a-4037-8e26-3a42a2b33ad5 193532f6b1044d179954b194b05f8f6f bf1a0e71bdc74806926e5ce0ef83fe0e - - default default] Added segment 4f503766-cbb6-4bf4-879d-c99e9e37a4bc of type geneve for network 4dee217b-86c3-408c-8acf-a7c231653934
2026-07-01 08:37:03.141 10 INFO neutron.wsgi [req-b5e166f6-6ef0-45e1-8551-ec7d3758e8d0 req-194e2879-670c-48e1-a6be-b562c5caab0e 05eba09dc29b4902af147252cc8e2ab4 35641863b341430a98371b38ea12d018 - - default default] 10.0.0.93 "GET /v2.0/ports?device_id=c9818f01-afbb-4936-b2b5-14709b466882 HTTP/1.1" status: 200 len: 210 time: 0.0242312
2026-07-01 08:37:03.202 10 INFO neutron.wsgi [None req-73d0593f-ca41-45be-bd68-390fd4723ec1 275305560ff2488aa0068b872cabd664 70f7ffc7c4e345cd9129a4b9282b0f5f - - default default] 10.0.0.170 "GET /v2.0/security-groups?tenant_id=981a824e304a494c97eea8340f4db4e4&name=default HTTP/1.1" status: 200 len: 2996 time: 0.1481361 /var/lib/openstack/lib/python3.10/site-packages/pycadf/identifier.py:71: UserWarning: Invalid uuid: neutron. To ensure interoperability, identifiers should be a valid uuid. warnings.warn(('Invalid uuid: %s. To ensure interoperability, '
2026-07-01 08:37:03.222 9 INFO neutron.db.ovn_revision_numbers_db [None req-7c3d4ee9-944a-4037-8e26-3a42a2b33ad5 193532f6b1044d179954b194b05f8f6f bf1a0e71bdc74806926e5ce0ef83fe0e - - default default] Successfully bumped revision number for resource 4dee217b-86c3-408c-8acf-a7c231653934 (type: networks) to 1
2026-07-01 08:37:03.244 10 WARNING neutron.scheduler.dhcp_agent_scheduler [req-65088995-f04d-4bf8-8293-d47f9e7059aa req-1d7b07b3-d454-4704-8da9-c4a7082a6ba9 05eba09dc29b4902af147252cc8e2ab4 35641863b341430a98371b38ea12d018 - - default default] No more DHCP agents
2026-07-01 08:37:03.250 10 WARNING neutron.api.rpc.agentnotifiers.dhcp_rpc_agent_api [req-65088995-f04d-4bf8-8293-d47f9e7059aa req-1d7b07b3-d454-4704-8da9-c4a7082a6ba9 05eba09dc29b4902af147252cc8e2ab4 35641863b341430a98371b38ea12d018 - - default default] Unable to schedule network a398ddeb-2c48-4adf-a736-ef9462501aa5: no agents available; will retry on subsequent port and subnet creation events.
2026-07-01 08:37:03.436 9 WARNING neutron.scheduler.dhcp_agent_scheduler [None req-7c3d4ee9-944a-4037-8e26-3a42a2b33ad5 193532f6b1044d179954b194b05f8f6f bf1a0e71bdc74806926e5ce0ef83fe0e - - default default] No more DHCP agents
2026-07-01 08:37:03.438 9 WARNING neutron.api.rpc.agentnotifiers.dhcp_rpc_agent_api [None req-7c3d4ee9-944a-4037-8e26-3a42a2b33ad5 193532f6b1044d179954b194b05f8f6f bf1a0e71bdc74806926e5ce0ef83fe0e - - default default] Unable to schedule network 4dee217b-86c3-408c-8acf-a7c231653934: no agents available; will retry on subsequent port and subnet creation events.
2026-07-01 08:37:03.440 10 INFO neutron.db.ovn_revision_numbers_db [req-65088995-f04d-4bf8-8293-d47f9e7059aa req-1d7b07b3-d454-4704-8da9-c4a7082a6ba9 05eba09dc29b4902af147252cc8e2ab4 35641863b341430a98371b38ea12d018 - - default default] Successfully bumped revision number for resource d2af59d4-441c-4c99-8601-2624c7de5067 (type: ports) to 1
2026-07-01 08:37:03.468 10 INFO neutron.wsgi [req-65088995-f04d-4bf8-8293-d47f9e7059aa req-1d7b07b3-d454-4704-8da9-c4a7082a6ba9 05eba09dc29b4902af147252cc8e2ab4 35641863b341430a98371b38ea12d018 - - default default] 199.204.45.157 "POST /v2.0/ports HTTP/1.1" status: 201 len: 1158 time: 0.6659155 /var/lib/openstack/lib/python3.10/site-packages/pycadf/identifier.py:71: UserWarning: Invalid uuid: neutron. To ensure interoperability, identifiers should be a valid uuid. warnings.warn(('Invalid uuid: %s. To ensure interoperability, '
2026-07-01 08:37:03.480 9 INFO neutron.wsgi [-] 10.0.0.111 "GET / HTTP/1.1" status: 200 len: 247 time: 0.0014386
2026-07-01 08:37:03.482 9 INFO neutron.wsgi [-] 10.0.0.111 "GET / HTTP/1.1" status: 200 len: 247 time: 0.0009220
2026-07-01 08:37:03.529 10 INFO neutron.wsgi [None req-9e0145ca-3c9f-4c4f-8228-c9191e555e36 275305560ff2488aa0068b872cabd664 70f7ffc7c4e345cd9129a4b9282b0f5f - - default default] 10.0.0.170 "DELETE /v2.0/security-groups/8f4a0f59-718d-4483-bcfe-012b0a3e2755 HTTP/1.1" status: 204 len: 168 time: 0.3221414
2026-07-01 08:37:03.549 9 INFO neutron.db.ovn_revision_numbers_db [None req-7c3d4ee9-944a-4037-8e26-3a42a2b33ad5 193532f6b1044d179954b194b05f8f6f bf1a0e71bdc74806926e5ce0ef83fe0e - - default default] Successfully bumped revision number for resource f03f4f64-0ded-49ce-b8f6-6a81376afef0 (type: ports) to 1
2026-07-01 08:37:03.573 9 INFO neutron.wsgi [None req-7c3d4ee9-944a-4037-8e26-3a42a2b33ad5 193532f6b1044d179954b194b05f8f6f bf1a0e71bdc74806926e5ce0ef83fe0e - - default default] 10.0.0.170 "POST /v2.0/networks HTTP/1.1" status: 201 len: 927 time: 0.5907893
2026-07-01 08:37:03.763 9 WARNING neutron.scheduler.dhcp_agent_scheduler [None req-e2c7cc5b-40a5-4de1-8c0c-78f721f0fe43 193532f6b1044d179954b194b05f8f6f bf1a0e71bdc74806926e5ce0ef83fe0e - - default default] No more DHCP agents
2026-07-01 08:37:03.765 9 WARNING neutron.api.rpc.agentnotifiers.dhcp_rpc_agent_api [None req-e2c7cc5b-40a5-4de1-8c0c-78f721f0fe43 193532f6b1044d179954b194b05f8f6f bf1a0e71bdc74806926e5ce0ef83fe0e - - default default] Unable to schedule network 4dee217b-86c3-408c-8acf-a7c231653934: no agents available; will retry on subsequent port and subnet creation events.
2026-07-01 08:37:03.899 10 INFO neutron.db.ovn_revision_numbers_db [req-65088995-f04d-4bf8-8293-d47f9e7059aa req-cb863479-6ec3-45c1-b925-965c3aed23f4 05a7a10ab07b49bca11d351207844b74 e41a9e6e66d94234b25e655f3df8395b - - 3a65b27de5874df28411113e10856e6e 3a65b27de5874df28411113e10856e6e] Successfully bumped revision number for resource d2af59d4-441c-4c99-8601-2624c7de5067 (type: ports) to 2
2026-07-01 08:37:04.005 9 WARNING neutron.plugins.ml2.drivers.ovn.mech_driver.ovsdb.ovn_client [None req-17ab10d5-9439-411f-8745-9887d4c5b955 - - - - - -] No hosting information found for port 90bb7514-a282-46d6-852e-0be2a2febe7a: RuntimeError: No hosting information found for port 90bb7514-a282-46d6-852e-0be2a2febe7a
2026-07-01 08:37:04.088 10 INFO neutron.db.ovn_revision_numbers_db [req-65088995-f04d-4bf8-8293-d47f9e7059aa req-cb863479-6ec3-45c1-b925-965c3aed23f4 05a7a10ab07b49bca11d351207844b74 e41a9e6e66d94234b25e655f3df8395b - - 3a65b27de5874df28411113e10856e6e 3a65b27de5874df28411113e10856e6e] Successfully bumped revision number for resource d2af59d4-441c-4c99-8601-2624c7de5067 (type: ports) to 2
2026-07-01 08:37:04.102 10 INFO neutron.wsgi [req-65088995-f04d-4bf8-8293-d47f9e7059aa req-cb863479-6ec3-45c1-b925-965c3aed23f4 05a7a10ab07b49bca11d351207844b74 e41a9e6e66d94234b25e655f3df8395b - - 3a65b27de5874df28411113e10856e6e 3a65b27de5874df28411113e10856e6e] 199.204.45.157 "PUT /v2.0/ports/d2af59d4-441c-4c99-8601-2624c7de5067 HTTP/1.1" status: 200 len: 1376 time: 0.6275539
2026-07-01 08:37:04.141 10 INFO neutron.notifiers.nova [-] Nova event matching ['req-f5f15c47-4bd1-4977-b8bd-ed767ed20043'] response: {'name': 'network-changed', 'server_uuid': 'c9818f01-afbb-4936-b2b5-14709b466882', 'tag': 'd2af59d4-441c-4c99-8601-2624c7de5067', 'status': 'completed', 'code': 200} /var/lib/openstack/lib/python3.10/site-packages/pycadf/identifier.py:71: UserWarning: Invalid uuid: neutron. To ensure interoperability, identifiers should be a valid uuid. warnings.warn(('Invalid uuid: %s. To ensure interoperability, '
2026-07-01 08:37:04.176 10 INFO neutron.wsgi [req-65088995-f04d-4bf8-8293-d47f9e7059aa req-f53014fd-5257-4f36-b200-0fdcca0abdd8 05a7a10ab07b49bca11d351207844b74 e41a9e6e66d94234b25e655f3df8395b - - 3a65b27de5874df28411113e10856e6e 3a65b27de5874df28411113e10856e6e] 199.204.45.157 "GET /v2.0/ports?tenant_id=35641863b341430a98371b38ea12d018&device_id=c9818f01-afbb-4936-b2b5-14709b466882 HTTP/1.1" status: 200 len: 1407 time: 0.0322990
2026-07-01 08:37:04.208 10 INFO neutron.wsgi [req-65088995-f04d-4bf8-8293-d47f9e7059aa req-99da408d-924c-4eb0-92f9-a7f85d98dfce 05a7a10ab07b49bca11d351207844b74 e41a9e6e66d94234b25e655f3df8395b - - 3a65b27de5874df28411113e10856e6e 3a65b27de5874df28411113e10856e6e] 199.204.45.157 "GET /v2.0/floatingips?fixed_ip_address=10.100.0.7&port_id=d2af59d4-441c-4c99-8601-2624c7de5067 HTTP/1.1" status: 200 len: 217 time: 0.0255814
2026-07-01 08:37:04.254 10 INFO neutron.wsgi [req-52893ec2-1e71-4699-8ffc-5716391532c5 req-6c4d8856-2bb4-4c38-9323-ef8b74361ab4 05eba09dc29b4902af147252cc8e2ab4 35641863b341430a98371b38ea12d018 - - default default] 10.0.0.93 "GET /v2.0/ports?device_id=c9818f01-afbb-4936-b2b5-14709b466882 HTTP/1.1" status: 200 len: 1168 time: 0.0428605
2026-07-01 08:37:04.261 10 INFO neutron.wsgi [req-65088995-f04d-4bf8-8293-d47f9e7059aa req-4709c6c1-9b3e-4c35-a7a1-21d8131a5d73 05a7a10ab07b49bca11d351207844b74 e41a9e6e66d94234b25e655f3df8395b - - 3a65b27de5874df28411113e10856e6e 3a65b27de5874df28411113e10856e6e] 199.204.45.157 "GET /v2.0/subnets?id=3d0b1071-b362-479b-805d-caeff733cace HTTP/1.1" status: 200 len: 866 time: 0.0418072
2026-07-01 08:37:04.277 9 INFO neutron.db.ovn_revision_numbers_db [None req-e2c7cc5b-40a5-4de1-8c0c-78f721f0fe43 193532f6b1044d179954b194b05f8f6f bf1a0e71bdc74806926e5ce0ef83fe0e - - default default] Successfully bumped revision number for resource f03f4f64-0ded-49ce-b8f6-6a81376afef0 (type: ports) to 2
2026-07-01 08:37:04.289 10 INFO neutron.wsgi [req-65088995-f04d-4bf8-8293-d47f9e7059aa req-a749a52e-9b50-43a6-96a0-0473dccd9f3f 05a7a10ab07b49bca11d351207844b74 e41a9e6e66d94234b25e655f3df8395b - - 3a65b27de5874df28411113e10856e6e 3a65b27de5874df28411113e10856e6e] 199.204.45.157 "GET /v2.0/ports?network_id=a398ddeb-2c48-4adf-a736-ef9462501aa5&device_owner=network%3Adhcp HTTP/1.1" status: 200 len: 210 time: 0.0199561
2026-07-01 08:37:04.315 9 INFO neutron.db.ovn_revision_numbers_db [None req-e2c7cc5b-40a5-4de1-8c0c-78f721f0fe43 193532f6b1044d179954b194b05f8f6f bf1a0e71bdc74806926e5ce0ef83fe0e - - default default] Successfully bumped revision number for resource 3e3a5761-8b17-49d6-8eaa-b0786d126284 (type: subnets) to 0
2026-07-01 08:37:04.326 10 INFO neutron.wsgi [req-52893ec2-1e71-4699-8ffc-5716391532c5 req-582be6d8-9032-48e7-984d-4f8ac7cd3c16 05eba09dc29b4902af147252cc8e2ab4 35641863b341430a98371b38ea12d018 - - default default] 10.0.0.93 "GET /v2.0/security-groups?id=ef7e60a8-c2f9-4590-857b-615ffae32656&fields=id&fields=name HTTP/1.1" status: 200 len: 286 time: 0.0634892
2026-07-01 08:37:04.330 9 INFO neutron.wsgi [None req-e2c7cc5b-40a5-4de1-8c0c-78f721f0fe43 193532f6b1044d179954b194b05f8f6f bf1a0e71bdc74806926e5ce0ef83fe0e - - default default] 10.0.0.170 "POST /v2.0/subnets HTTP/1.1" status: 201 len: 822 time: 0.7528663
2026-07-01 08:37:04.341 9 WARNING neutron.api.v2.base [None req-77ebff3a-8115-4114-be1d-18403c2122ca 193532f6b1044d179954b194b05f8f6f bf1a0e71bdc74806926e5ce0ef83fe0e - - default default] An exception happened while processing the request body. The exception message is [Invalid input for target_tenant. Reason: '1234123412341234123412341234123412341234123412341234123412341234123412341234123412341234123412341234123412341234123412341234123412341234123412341234123412341234123412341234123412341234123412341234123412341234123412341234123412341234123412341234123412341234123412341234123412341234123412341234123412341234123412341234123412341234123412341234123412341234123412341234123412341234123412341234123412341234' exceeds maximum length of 255.].: webob.exc.HTTPBadRequest: Invalid input for target_tenant. Reason: '1234123412341234123412341234123412341234123412341234123412341234123412341234123412341234123412341234123412341234123412341234123412341234123412341234123412341234123412341234123412341234123412341234123412341234123412341234123412341234123412341234123412341234123412341234123412341234123412341234123412341234123412341234123412341234123412341234123412341234123412341234123412341234123412341234123412341234' exceeds maximum length of 255.
2026-07-01 08:37:04.341 9 INFO neutron.api.v2.resource [None req-77ebff3a-8115-4114-be1d-18403c2122ca 193532f6b1044d179954b194b05f8f6f bf1a0e71bdc74806926e5ce0ef83fe0e - - default default] create failed (client error): Invalid input for target_tenant. Reason: '1234123412341234123412341234123412341234123412341234123412341234123412341234123412341234123412341234123412341234123412341234123412341234123412341234123412341234123412341234123412341234123412341234123412341234123412341234123412341234123412341234123412341234123412341234123412341234123412341234123412341234123412341234123412341234123412341234123412341234123412341234123412341234123412341234123412341234' exceeds maximum length of 255.
2026-07-01 08:37:04.342 9 INFO neutron.wsgi [None req-77ebff3a-8115-4114-be1d-18403c2122ca 193532f6b1044d179954b194b05f8f6f bf1a0e71bdc74806926e5ce0ef83fe0e - - default default] 10.0.0.170 "POST /v2.0/rbac-policies HTTP/1.1" status: 400 len: 750 time: 0.0064697
2026-07-01 08:37:04.365 10 INFO neutron.wsgi [req-65088995-f04d-4bf8-8293-d47f9e7059aa req-c5ef2de7-893b-4f6f-89da-fc125a62a9a9 05a7a10ab07b49bca11d351207844b74 e41a9e6e66d94234b25e655f3df8395b - - 3a65b27de5874df28411113e10856e6e 3a65b27de5874df28411113e10856e6e] 199.204.45.157 "GET /v2.0/networks/a398ddeb-2c48-4adf-a736-ef9462501aa5?fields=segments HTTP/1.1" status: 200 len: 212 time: 0.0665541
2026-07-01 08:37:04.431 10 INFO neutron.wsgi [req-65088995-f04d-4bf8-8293-d47f9e7059aa req-ee4bef8b-006a-4bec-91fd-b7369998a507 05a7a10ab07b49bca11d351207844b74 e41a9e6e66d94234b25e655f3df8395b - - 3a65b27de5874df28411113e10856e6e 3a65b27de5874df28411113e10856e6e] 199.204.45.157 "GET /v2.0/networks/a398ddeb-2c48-4adf-a736-ef9462501aa5?fields=provider%3Aphysical_network&fields=provider%3Anetwork_type HTTP/1.1" status: 200 len: 277 time: 0.0585024
2026-07-01 08:37:04.502 10 INFO neutron.wsgi [req-42e9282a-aeac-4d14-b0a9-7898ff29b9af req-7dd65be3-5990-4b3e-9b4d-380a65c2067b 05a7a10ab07b49bca11d351207844b74 e41a9e6e66d94234b25e655f3df8395b - - 3a65b27de5874df28411113e10856e6e 3a65b27de5874df28411113e10856e6e] 199.204.45.157 "GET /v2.0/ports?tenant_id=35641863b341430a98371b38ea12d018&device_id=c9818f01-afbb-4936-b2b5-14709b466882 HTTP/1.1" status: 200 len: 1407 time: 0.0353501
2026-07-01 08:37:04.604 10 INFO neutron.wsgi [req-42e9282a-aeac-4d14-b0a9-7898ff29b9af req-0b24f0f3-0520-4707-b9fa-c255bddb373f 05a7a10ab07b49bca11d351207844b74 e41a9e6e66d94234b25e655f3df8395b - - 3a65b27de5874df28411113e10856e6e 3a65b27de5874df28411113e10856e6e] 199.204.45.157 "GET /v2.0/networks?id=a398ddeb-2c48-4adf-a736-ef9462501aa5 HTTP/1.1" status: 200 len: 971 time: 0.0969770
2026-07-01 08:37:04.640 10 INFO neutron.wsgi [req-42e9282a-aeac-4d14-b0a9-7898ff29b9af req-a6e57660-f593-49c2-8e2f-a23fbb3969f5 05a7a10ab07b49bca11d351207844b74 e41a9e6e66d94234b25e655f3df8395b - - 3a65b27de5874df28411113e10856e6e 3a65b27de5874df28411113e10856e6e] 199.204.45.157 "GET /v2.0/floatingips?fixed_ip_address=10.100.0.7&port_id=d2af59d4-441c-4c99-8601-2624c7de5067 HTTP/1.1" status: 200 len: 217 time: 0.0249987
2026-07-01 08:37:04.688 10 INFO neutron.wsgi [req-42e9282a-aeac-4d14-b0a9-7898ff29b9af req-299b3831-7d4c-4b2f-8561-222584bd5891 05a7a10ab07b49bca11d351207844b74 e41a9e6e66d94234b25e655f3df8395b - - 3a65b27de5874df28411113e10856e6e 3a65b27de5874df28411113e10856e6e] 199.204.45.157 "GET /v2.0/subnets?id=3d0b1071-b362-479b-805d-caeff733cace HTTP/1.1" status: 200 len: 866 time: 0.0374506
2026-07-01 08:37:04.718 10 INFO neutron.wsgi [req-42e9282a-aeac-4d14-b0a9-7898ff29b9af req-10a0aa74-090c-4708-b26d-401123085944 05a7a10ab07b49bca11d351207844b74 e41a9e6e66d94234b25e655f3df8395b - - 3a65b27de5874df28411113e10856e6e 3a65b27de5874df28411113e10856e6e] 199.204.45.157 "GET /v2.0/ports?network_id=a398ddeb-2c48-4adf-a736-ef9462501aa5&device_owner=network%3Adhcp HTTP/1.1" status: 200 len: 210 time: 0.0218868
2026-07-01 08:37:04.755 9 INFO neutron.plugins.ml2.drivers.ovn.mech_driver.mech_driver [None req-17ab10d5-9439-411f-8745-9887d4c5b955 - - - - - -] OVN reports status up for port: d2af59d4-441c-4c99-8601-2624c7de5067
2026-07-01 08:37:04.768 9 INFO neutron.plugins.ml2.plugin [None req-17ab10d5-9439-411f-8745-9887d4c5b955 - - - - - -] Attempt 1 to provision port d2af59d4-441c-4c99-8601-2624c7de5067
2026-07-01 08:37:04.800 10 INFO neutron.wsgi [req-42e9282a-aeac-4d14-b0a9-7898ff29b9af req-5713a279-4ed2-40f0-bdc5-30b9fa439ece 05a7a10ab07b49bca11d351207844b74 e41a9e6e66d94234b25e655f3df8395b - - 3a65b27de5874df28411113e10856e6e 3a65b27de5874df28411113e10856e6e] 199.204.45.157 "GET /v2.0/networks/a398ddeb-2c48-4adf-a736-ef9462501aa5?fields=segments HTTP/1.1" status: 200 len: 212 time: 0.0745990
2026-07-01 08:37:04.870 10 INFO neutron.wsgi [req-42e9282a-aeac-4d14-b0a9-7898ff29b9af req-8476c3f3-b5f5-4280-a11a-f83e81aabe4b 05a7a10ab07b49bca11d351207844b74 e41a9e6e66d94234b25e655f3df8395b - - 3a65b27de5874df28411113e10856e6e 3a65b27de5874df28411113e10856e6e] 199.204.45.157 "GET /v2.0/networks/a398ddeb-2c48-4adf-a736-ef9462501aa5?fields=provider%3Aphysical_network&fields=provider%3Anetwork_type HTTP/1.1" status: 200 len: 277 time: 0.0657146
2026-07-01 08:37:04.939 9 INFO neutron.notifiers.nova [-] Nova event matching ['req-af92e334-30dd-4dca-bda1-ad084c7e9513'] response: {'server_uuid': 'c9818f01-afbb-4936-b2b5-14709b466882', 'name': 'network-vif-plugged', 'status': 'completed', 'tag': 'd2af59d4-441c-4c99-8601-2624c7de5067', 'code': 200}
2026-07-01 08:37:05.155 9 INFO neutron.db.ovn_revision_numbers_db [None req-17ab10d5-9439-411f-8745-9887d4c5b955 - - - - - -] Successfully bumped revision number for resource d2af59d4-441c-4c99-8601-2624c7de5067 (type: ports) to 4
2026-07-01 08:37:05.329 9 INFO neutron.services.segments.plugin [-] Segment 4f503766-cbb6-4bf4-879d-c99e9e37a4bc resource provider aggregate not found
2026-07-01 08:37:05.335 9 INFO neutron.services.segments.plugin [-] Segment 4f503766-cbb6-4bf4-879d-c99e9e37a4bc resource provider aggregate not found
2026-07-01 08:37:05.351 9 INFO neutron.services.segments.plugin [-] Segment 4f503766-cbb6-4bf4-879d-c99e9e37a4bc resource provider not found; error: Placement Client Error (4xx): {"errors": [{"status": 404, "title": "Not Found", "detail": "The resource could not be found.\n\n No resource provider with uuid 4f503766-cbb6-4bf4-879d-c99e9e37a4bc found for delete ", "request_id": "req-e2b2931f-d8a5-48a7-b4fa-e4a0313ba206"}]}
2026-07-01 08:37:05.357 9 INFO neutron.services.segments.plugin [-] Segment 4f503766-cbb6-4bf4-879d-c99e9e37a4bc resource provider not found; error: Placement Client Error (4xx): {"errors": [{"status": 404, "title": "Not Found", "detail": "The resource could not be found.\n\n No resource provider with uuid 4f503766-cbb6-4bf4-879d-c99e9e37a4bc found for delete ", "request_id": "req-536ca2f2-694a-4463-a403-129dec5aa49d"}]}
2026-07-01 08:37:05.390 9 INFO neutron.wsgi [None req-6874648a-5f72-48b5-ae86-a98c0593416c 193532f6b1044d179954b194b05f8f6f bf1a0e71bdc74806926e5ce0ef83fe0e - - default default] 10.0.0.170 "DELETE /v2.0/networks/4dee217b-86c3-408c-8acf-a7c231653934 HTTP/1.1" status: 204 len: 168 time: 1.0444651 /var/lib/openstack/lib/python3.10/site-packages/pycadf/identifier.py:71: UserWarning: Invalid uuid: neutron. To ensure interoperability, identifiers should be a valid uuid. warnings.warn(('Invalid uuid: %s. To ensure interoperability, '
2026-07-01 08:37:05.446 10 INFO neutron.wsgi [req-31163a11-1193-4899-8fa1-636635d8df06 req-987555e9-b3ff-4154-8d5b-4b6b1efb6598 05eba09dc29b4902af147252cc8e2ab4 35641863b341430a98371b38ea12d018 - - default default] 10.0.0.93 "GET /v2.0/ports?device_id=c9818f01-afbb-4936-b2b5-14709b466882 HTTP/1.1" status: 200 len: 1170 time: 0.0499270
2026-07-01 08:37:05.473 9 INFO neutron.db.segments_db [None req-8e99a6d1-9103-4ba4-9647-6dbfdf653989 193532f6b1044d179954b194b05f8f6f bf1a0e71bdc74806926e5ce0ef83fe0e - - default default] Added segment bcdce4c0-9205-4dce-8024-ef1db0140fc6 of type geneve for network 3d6fcf0d-af7d-4616-9e7f-b856fa52eb2a
2026-07-01 08:37:05.501 10 INFO neutron.wsgi [req-31163a11-1193-4899-8fa1-636635d8df06 req-20da549b-94e1-430f-a446-ab5766d076bf 05eba09dc29b4902af147252cc8e2ab4 35641863b341430a98371b38ea12d018 - - default default] 10.0.0.93 "GET /v2.0/security-groups?id=ef7e60a8-c2f9-4590-857b-615ffae32656&fields=id&fields=name HTTP/1.1" status: 200 len: 286 time: 0.0470984
2026-07-01 08:37:05.619 9 INFO neutron.db.ovn_revision_numbers_db [None req-8e99a6d1-9103-4ba4-9647-6dbfdf653989 193532f6b1044d179954b194b05f8f6f bf1a0e71bdc74806926e5ce0ef83fe0e - - default default] Successfully bumped revision number for resource 3d6fcf0d-af7d-4616-9e7f-b856fa52eb2a (type: networks) to 1
2026-07-01 08:37:05.655 10 INFO neutron.db.ovn_revision_numbers_db [None req-482558b9-f523-4b90-992e-781e250e268d d4d4ebc5835846ea864463d0aaf23834 5bd248432a984c3da5cce3d386c6f438 - - default default] Successfully bumped revision number for resource 8d1864fc-43c2-4984-8b06-9016bcea3b75 (type: security_groups) to 1
2026-07-01 08:37:05.678 10 INFO neutron.db.ovn_revision_numbers_db [None req-482558b9-f523-4b90-992e-781e250e268d d4d4ebc5835846ea864463d0aaf23834 5bd248432a984c3da5cce3d386c6f438 - - default default] Successfully bumped revision number for resource 3a6050b9-6d5b-4937-b060-35e0829970e6 (type: security_group_rules) to 0
2026-07-01 08:37:05.694 10 INFO neutron.db.ovn_revision_numbers_db [None req-482558b9-f523-4b90-992e-781e250e268d d4d4ebc5835846ea864463d0aaf23834 5bd248432a984c3da5cce3d386c6f438 - - default default] Successfully bumped revision number for resource 40e2f7ac-c0fa-4be8-acea-f70ddc36db6a (type: security_group_rules) to 0
2026-07-01 08:37:05.709 10 INFO neutron.db.ovn_revision_numbers_db [None req-482558b9-f523-4b90-992e-781e250e268d d4d4ebc5835846ea864463d0aaf23834 5bd248432a984c3da5cce3d386c6f438 - - default default] Successfully bumped revision number for resource 5b1a669b-7d9b-4330-8df3-045c793c3392 (type: security_group_rules) to 0
2026-07-01 08:37:05.727 10 INFO neutron.db.ovn_revision_numbers_db [None req-482558b9-f523-4b90-992e-781e250e268d d4d4ebc5835846ea864463d0aaf23834 5bd248432a984c3da5cce3d386c6f438 - - default default] Successfully bumped revision number for resource b7bc7269-a815-4740-9460-d8738c11948f (type: security_group_rules) to 0
2026-07-01 08:37:05.783 9 WARNING neutron.scheduler.dhcp_agent_scheduler [None req-8e99a6d1-9103-4ba4-9647-6dbfdf653989 193532f6b1044d179954b194b05f8f6f bf1a0e71bdc74806926e5ce0ef83fe0e - - default default] No more DHCP agents
2026-07-01 08:37:05.785 9 WARNING neutron.api.rpc.agentnotifiers.dhcp_rpc_agent_api [None req-8e99a6d1-9103-4ba4-9647-6dbfdf653989 193532f6b1044d179954b194b05f8f6f bf1a0e71bdc74806926e5ce0ef83fe0e - - default default] Unable to schedule network 3d6fcf0d-af7d-4616-9e7f-b856fa52eb2a: no agents available; will retry on subsequent port and subnet creation events.
2026-07-01 08:37:05.847 10 INFO neutron.db.ovn_revision_numbers_db [None req-482558b9-f523-4b90-992e-781e250e268d d4d4ebc5835846ea864463d0aaf23834 5bd248432a984c3da5cce3d386c6f438 - - default default] Successfully bumped revision number for resource 19ef4cc9-c4ee-4e63-8bb8-bdffb5c55c0c (type: security_groups) to 1
2026-07-01 08:37:05.865 9 INFO neutron.db.ovn_revision_numbers_db [None req-8e99a6d1-9103-4ba4-9647-6dbfdf653989 193532f6b1044d179954b194b05f8f6f bf1a0e71bdc74806926e5ce0ef83fe0e - - default default] Successfully bumped revision number for resource a172cb63-cd6d-4411-849d-6dadcfa2e223 (type: ports) to 1
2026-07-01 08:37:05.870 10 INFO neutron.wsgi [req-f84f175e-9217-4ecf-b6be-e8f8420e5465 req-808f14d8-c2f2-4345-8cd2-6d515cf7b139 05a7a10ab07b49bca11d351207844b74 e41a9e6e66d94234b25e655f3df8395b - - 3a65b27de5874df28411113e10856e6e 3a65b27de5874df28411113e10856e6e] 10.0.0.216 "GET /v2.0/ports?device_id=2f2ff2ba-1851-44fc-8e09-cf1986aaa5b0 HTTP/1.1" status: 200 len: 1409 time: 0.0443501
2026-07-01 08:37:05.871 10 INFO neutron.db.ovn_revision_numbers_db [None req-482558b9-f523-4b90-992e-781e250e268d d4d4ebc5835846ea864463d0aaf23834 5bd248432a984c3da5cce3d386c6f438 - - default default] Successfully bumped revision number for resource 82e27a23-c602-4b40-9420-2771324cedd6 (type: security_group_rules) to 0
2026-07-01 08:37:05.890 9 INFO neutron.wsgi [None req-8e99a6d1-9103-4ba4-9647-6dbfdf653989 193532f6b1044d179954b194b05f8f6f bf1a0e71bdc74806926e5ce0ef83fe0e - - default default] 10.0.0.170 "POST /v2.0/networks HTTP/1.1" status: 201 len: 928 time: 0.4917104
2026-07-01 08:37:05.903 10 INFO neutron.db.ovn_revision_numbers_db [None req-482558b9-f523-4b90-992e-781e250e268d d4d4ebc5835846ea864463d0aaf23834 5bd248432a984c3da5cce3d386c6f438 - - default default] Successfully bumped revision number for resource ed9ca1d7-4745-4f2b-b421-f1f980d717e1 (type: security_group_rules) to 0
2026-07-01 08:37:05.928 10 INFO neutron.wsgi [None req-482558b9-f523-4b90-992e-781e250e268d d4d4ebc5835846ea864463d0aaf23834 5bd248432a984c3da5cce3d386c6f438 - - default default] 10.0.0.170 "POST /v2.0/security-groups HTTP/1.1" status: 201 len: 1761 time: 0.5796885
2026-07-01 08:37:05.932 10 INFO neutron.wsgi [req-f84f175e-9217-4ecf-b6be-e8f8420e5465 req-6ef52ac5-2d29-43e6-8f08-813c06c6eb81 05a7a10ab07b49bca11d351207844b74 e41a9e6e66d94234b25e655f3df8395b - - 3a65b27de5874df28411113e10856e6e 3a65b27de5874df28411113e10856e6e] 10.0.0.216 "GET /v2.0/security-groups?id=8f6d6050-6493-4e53-9ddf-0fd2d796f277&fields=id&fields=name HTTP/1.1" status: 200 len: 312 time: 0.0512571
2026-07-01 08:37:06.008 9 INFO neutron.wsgi [None req-35fc0bf7-fa32-460f-bdfd-8ee9771de7aa d4d4ebc5835846ea864463d0aaf23834 5bd248432a984c3da5cce3d386c6f438 - - default default] 10.0.0.170 "GET /v2.0/security-groups HTTP/1.1" status: 200 len: 4539 time: 0.0683308
2026-07-01 08:37:06.095 9 WARNING neutron.scheduler.dhcp_agent_scheduler [None req-fe084344-1bd9-4b09-b771-d5379f5243c3 193532f6b1044d179954b194b05f8f6f bf1a0e71bdc74806926e5ce0ef83fe0e - - default default] No more DHCP agents
2026-07-01 08:37:06.096 9 WARNING neutron.api.rpc.agentnotifiers.dhcp_rpc_agent_api [None req-fe084344-1bd9-4b09-b771-d5379f5243c3 193532f6b1044d179954b194b05f8f6f bf1a0e71bdc74806926e5ce0ef83fe0e - - default default] Unable to schedule network 3d6fcf0d-af7d-4616-9e7f-b856fa52eb2a: no agents available; will retry on subsequent port and subnet creation events.
2026-07-01 08:37:06.132 10 INFO neutron.db.ovn_revision_numbers_db [None req-dde01ecc-7c9d-46b0-8a3f-cd15e262ebb0 d4d4ebc5835846ea864463d0aaf23834 5bd248432a984c3da5cce3d386c6f438 - - default default] Successfully bumped revision number for resource 19ef4cc9-c4ee-4e63-8bb8-bdffb5c55c0c (type: security_groups) to 2
2026-07-01 08:37:06.136 10 INFO neutron.wsgi [None req-dde01ecc-7c9d-46b0-8a3f-cd15e262ebb0 d4d4ebc5835846ea864463d0aaf23834 5bd248432a984c3da5cce3d386c6f438 - - default default] 10.0.0.170 "PUT /v2.0/security-groups/19ef4cc9-c4ee-4e63-8bb8-bdffb5c55c0c HTTP/1.1" status: 200 len: 1795 time: 0.1206939
2026-07-01 08:37:06.177 10 INFO neutron.wsgi [None req-4fa1d8e3-4c60-4916-940a-f8ec82edda3d d4d4ebc5835846ea864463d0aaf23834 5bd248432a984c3da5cce3d386c6f438 - - default default] 10.0.0.170 "GET /v2.0/security-groups/19ef4cc9-c4ee-4e63-8bb8-bdffb5c55c0c HTTP/1.1" status: 200 len: 1795 time: 0.0344841
2026-07-01 08:37:06.319 10 INFO neutron.wsgi [None req-0fdf2191-ba3c-4f57-a6f1-b189df3b6198 d4d4ebc5835846ea864463d0aaf23834 5bd248432a984c3da5cce3d386c6f438 - - default default] 10.0.0.170 "DELETE /v2.0/security-groups/19ef4cc9-c4ee-4e63-8bb8-bdffb5c55c0c HTTP/1.1" status: 204 len: 168 time: 0.1356878
2026-07-01 08:37:06.365 10 INFO neutron.wsgi [None req-2772bf74-b344-4b64-894b-02e41e243f45 d4d4ebc5835846ea864463d0aaf23834 5bd248432a984c3da5cce3d386c6f438 - - default default] 10.0.0.170 "GET /v2.0/security-groups HTTP/1.1" status: 200 len: 2996 time: 0.0354774
2026-07-01 08:37:06.384 9 INFO neutron.api.v2.resource [None req-86a901ba-81d0-4513-9ce8-03fd8ad885d6 d4d4ebc5835846ea864463d0aaf23834 5bd248432a984c3da5cce3d386c6f438 - - default default] delete failed (client error): The resource could not be found.
2026-07-01 08:37:06.385 9 INFO neutron.wsgi [None req-86a901ba-81d0-4513-9ce8-03fd8ad885d6 d4d4ebc5835846ea864463d0aaf23834 5bd248432a984c3da5cce3d386c6f438 - - default default] 10.0.0.170 "DELETE /v2.0/security-groups/19ef4cc9-c4ee-4e63-8bb8-bdffb5c55c0c HTTP/1.1" status: 404 len: 347 time: 0.0155430
2026-07-01 08:37:06.516 10 INFO neutron.db.ovn_revision_numbers_db [None req-5f85a72f-6ae1-4120-a8c7-711ceab0f4d1 d4d4ebc5835846ea864463d0aaf23834 5bd248432a984c3da5cce3d386c6f438 - - default default] Successfully bumped revision number for resource 9375f90f-7a73-4b9e-b97f-d1a1dd0aaed0 (type: security_groups) to 1
2026-07-01 08:37:06.531 10 INFO neutron.db.ovn_revision_numbers_db [None req-5f85a72f-6ae1-4120-a8c7-711ceab0f4d1 d4d4ebc5835846ea864463d0aaf23834 5bd248432a984c3da5cce3d386c6f438 - - default default] Successfully bumped revision number for resource 3f9e9309-f679-45c5-a2f1-a5e899caddd3 (type: security_group_rules) to 0
2026-07-01 08:37:06.549 10 INFO neutron.db.ovn_revision_numbers_db [None req-5f85a72f-6ae1-4120-a8c7-711ceab0f4d1 d4d4ebc5835846ea864463d0aaf23834 5bd248432a984c3da5cce3d386c6f438 - - default default] Successfully bumped revision number for resource fc8b6b93-5b5b-4e1a-a7f0-bd73f2bb610b (type: security_group_rules) to 0
2026-07-01 08:37:06.587 10 INFO neutron.wsgi [None req-5f85a72f-6ae1-4120-a8c7-711ceab0f4d1 d4d4ebc5835846ea864463d0aaf23834 5bd248432a984c3da5cce3d386c6f438 - - default default] 10.0.0.170 "POST /v2.0/security-groups HTTP/1.1" status: 201 len: 1761 time: 0.1948416
2026-07-01 08:37:06.625 10 INFO neutron.wsgi [req-5622300b-a9a2-4326-826c-b1cb65b07d2c req-9cf47640-0e31-4f00-bd1e-9588d3f93370 05eba09dc29b4902af147252cc8e2ab4 35641863b341430a98371b38ea12d018 - - default default] 10.0.0.93 "GET /v2.0/ports?device_id=c9818f01-afbb-4936-b2b5-14709b466882 HTTP/1.1" status: 200 len: 1170 time: 0.0517204
2026-07-01 08:37:06.670 9 INFO neutron.db.ovn_revision_numbers_db [None req-fe084344-1bd9-4b09-b771-d5379f5243c3 193532f6b1044d179954b194b05f8f6f bf1a0e71bdc74806926e5ce0ef83fe0e - - default default] Successfully bumped revision number for resource a172cb63-cd6d-4411-849d-6dadcfa2e223 (type: ports) to 2
2026-07-01 08:37:06.687 10 INFO neutron.wsgi [req-5622300b-a9a2-4326-826c-b1cb65b07d2c req-6c9f019c-5818-4df3-b4d6-d6fb22e1dc9b 05eba09dc29b4902af147252cc8e2ab4 35641863b341430a98371b38ea12d018 - - default default] 10.0.0.93 "GET /v2.0/security-groups?id=ef7e60a8-c2f9-4590-857b-615ffae32656&fields=id&fields=name HTTP/1.1" status: 200 len: 286 time: 0.0540462
2026-07-01 08:37:06.700 9 INFO neutron.db.ovn_revision_numbers_db [None req-fe084344-1bd9-4b09-b771-d5379f5243c3 193532f6b1044d179954b194b05f8f6f bf1a0e71bdc74806926e5ce0ef83fe0e - - default default] Successfully bumped revision number for resource 33f007c0-0029-4edf-bd81-f49afd5ad395 (type: subnets) to 0
2026-07-01 08:37:06.711 9 INFO neutron.wsgi [None req-fe084344-1bd9-4b09-b771-d5379f5243c3 193532f6b1044d179954b194b05f8f6f bf1a0e71bdc74806926e5ce0ef83fe0e - - default default] 10.0.0.170 "POST /v2.0/subnets HTTP/1.1" status: 201 len: 822 time: 0.8155289
2026-07-01 08:37:06.778 10 INFO neutron.wsgi [None req-04339c59-5611-4295-837b-ee68b229c886 8bac4a0f98194ee5b0cfbe466dfc62f7 08c334bb1e914278ae2bc994ad827f3b - - default default] 10.0.0.170 "GET /v2.0/ports?project_id=40072b2aa52b43bcab873b35a2501bdb&network_id=6963bfb5-b720-467d-a1f8-0afb36f78224 HTTP/1.1" status: 200 len: 3510 time: 0.0562198
2026-07-01 08:37:06.783 10 INFO neutron.db.ovn_revision_numbers_db [None req-4937f520-2876-4bf2-b991-71030fead1c2 d4d4ebc5835846ea864463d0aaf23834 5bd248432a984c3da5cce3d386c6f438 - - default default] Successfully bumped revision number for resource e8bbb6a0-9534-4261-bc66-7f2309072e73 (type: security_group_rules) to 0
2026-07-01 08:37:06.809 10 INFO neutron.wsgi [None req-4937f520-2876-4bf2-b991-71030fead1c2 d4d4ebc5835846ea864463d0aaf23834 5bd248432a984c3da5cce3d386c6f438 - - default default] 10.0.0.170 "POST /v2.0/security-group-rules HTTP/1.1" status: 201 len: 768 time: 0.2099085
2026-07-01 08:37:06.840 10 INFO neutron.wsgi [None req-36d68a16-8a1c-421c-b292-de2861a18110 d4d4ebc5835846ea864463d0aaf23834 5bd248432a984c3da5cce3d386c6f438 - - default default] 10.0.0.170 "GET /v2.0/security-group-rules/e8bbb6a0-9534-4261-bc66-7f2309072e73 HTTP/1.1" status: 200 len: 763 time: 0.0240963
2026-07-01 08:37:06.884 10 INFO neutron.wsgi [None req-67d26ec9-67a6-4fb4-a0a4-712b7629801c d4d4ebc5835846ea864463d0aaf23834 5bd248432a984c3da5cce3d386c6f438 - - default default] 10.0.0.170 "GET /v2.0/security-group-rules HTTP/1.1" status: 200 len: 4113 time: 0.0347135
2026-07-01 08:37:06.981 9 INFO neutron.notifiers.nova [-] Nova event matching ['req-ea3424f2-2005-4fec-a884-803d1cf0f74c'] response: {'server_uuid': 'c9818f01-afbb-4936-b2b5-14709b466882', 'name': 'network-vif-plugged', 'status': 'completed', 'tag': 'd2af59d4-441c-4c99-8601-2624c7de5067', 'code': 200}
2026-07-01 08:37:07.024 10 INFO neutron.wsgi [None req-1198b28e-db29-4d38-927e-38eca8eb4b00 d4d4ebc5835846ea864463d0aaf23834 5bd248432a984c3da5cce3d386c6f438 - - default default] 10.0.0.170 "DELETE /v2.0/security-group-rules/e8bbb6a0-9534-4261-bc66-7f2309072e73 HTTP/1.1" status: 204 len: 168 time: 0.1331806
2026-07-01 08:37:07.060 9 INFO neutron.wsgi [None req-4267b814-e651-43a5-8b0e-2121abdaae10 193532f6b1044d179954b194b05f8f6f bf1a0e71bdc74806926e5ce0ef83fe0e - - default default] 10.0.0.170 "POST /v2.0/rbac-policies HTTP/1.1" status: 201 len: 523 time: 0.3404920
2026-07-01 08:37:07.077 10 INFO neutron.wsgi [None req-2c925502-ede9-4285-a91d-2f2c13596075 8bac4a0f98194ee5b0cfbe466dfc62f7 08c334bb1e914278ae2bc994ad827f3b - - default default] 10.0.0.170 "GET /v2.0/subnets?network_id=71be9c22-9137-46f4-bb67-4045b8ca23fa HTTP/1.1" status: 200 len: 838 time: 0.0468884
2026-07-01 08:37:07.088 10 INFO neutron.wsgi [None req-69b68056-1cca-4073-b87f-1de0f91a6e9b d4d4ebc5835846ea864463d0aaf23834 5bd248432a984c3da5cce3d386c6f438 - - default default] 10.0.0.170 "GET /v2.0/security-group-rules HTTP/1.1" status: 200 len: 3567 time: 0.0592468
2026-07-01 08:37:07.217 9 INFO neutron.db.ovn_revision_numbers_db [None req-ee2995ae-2f3a-455a-9466-d760fbc49989 d4d4ebc5835846ea864463d0aaf23834 5bd248432a984c3da5cce3d386c6f438 - - default default] Successfully bumped revision number for resource 7fd65ecf-5b28-496a-b32f-54241349ad52 (type: security_group_rules) to 0
2026-07-01 08:37:07.252 9 INFO neutron.wsgi [None req-ee2995ae-2f3a-455a-9466-d760fbc49989 d4d4ebc5835846ea864463d0aaf23834 5bd248432a984c3da5cce3d386c6f438 - - default default] 10.0.0.170 "POST /v2.0/security-group-rules HTTP/1.1" status: 201 len: 768 time: 0.1588726
2026-07-01 08:37:07.270 9 INFO neutron.plugins.ml2.drivers.ovn.mech_driver.mech_driver [None req-17ab10d5-9439-411f-8745-9887d4c5b955 - - - - - -] OVN reports status down for port: d2af59d4-441c-4c99-8601-2624c7de5067
2026-07-01 08:37:07.284 9 INFO neutron.wsgi [None req-4437aaa7-6db9-4e34-874d-8e859a64895f d4d4ebc5835846ea864463d0aaf23834 5bd248432a984c3da5cce3d386c6f438 - - default default] 10.0.0.170 "GET /v2.0/security-group-rules/7fd65ecf-5b28-496a-b32f-54241349ad52 HTTP/1.1" status: 200 len: 763 time: 0.0225868
2026-07-01 08:37:07.329 9 INFO neutron.wsgi [None req-8f444da6-ab25-4aca-9b6e-8ea37a66d181 d4d4ebc5835846ea864463d0aaf23834 5bd248432a984c3da5cce3d386c6f438 - - default default] 10.0.0.170 "GET /v2.0/security-group-rules HTTP/1.1" status: 200 len: 4113 time: 0.0410609
