2026-07-01 08:35:19.946 10 INFO neutron.wsgi [req-a761ff06-75f8-40ee-8ca5-16ad7f2bcb70 req-bffac79e-19d8-4958-b151-0c33c90b460d 05a7a10ab07b49bca11d351207844b74 e41a9e6e66d94234b25e655f3df8395b - - 3a65b27de5874df28411113e10856e6e 3a65b27de5874df28411113e10856e6e] 199.204.45.157 "GET /v2.0/ports?network_id=613f8cfa-6616-4cd3-b04f-3eed3378a7c2&device_owner=network%3Adhcp HTTP/1.1" status: 200 len: 210 time: 0.0214789
2026-07-01 08:35:19.976 9 INFO neutron.plugins.ml2.drivers.ovn.mech_driver.mech_driver [None req-17ab10d5-9439-411f-8745-9887d4c5b955 - - - - - -] OVN reports status up for port: 5cc63b82-9b94-410b-8ba2-bdd3a642afd0
2026-07-01 08:35:19.992 9 INFO neutron.plugins.ml2.plugin [None req-17ab10d5-9439-411f-8745-9887d4c5b955 - - - - - -] Attempt 1 to provision port 5cc63b82-9b94-410b-8ba2-bdd3a642afd0
2026-07-01 08:35:20.012 10 INFO neutron.wsgi [req-a761ff06-75f8-40ee-8ca5-16ad7f2bcb70 req-8cda7d98-3d44-4608-969c-ed4b95fcb249 05a7a10ab07b49bca11d351207844b74 e41a9e6e66d94234b25e655f3df8395b - - 3a65b27de5874df28411113e10856e6e 3a65b27de5874df28411113e10856e6e] 199.204.45.157 "GET /v2.0/networks/613f8cfa-6616-4cd3-b04f-3eed3378a7c2?fields=segments HTTP/1.1" status: 200 len: 212 time: 0.0581093
2026-07-01 08:35:20.041 10 INFO neutron.wsgi [req-ca022f7f-0150-473a-b5b2-eeaf1ffc4e44 req-f4184028-cd12-41f3-bb3a-8c6992ca3a5c 5d3ab5b251704902be7352a7d5fdaae7 5e6283bbe1544c0faa55172ed7e851df - - default default] 10.0.0.93 "GET /v2.0/ports?device_id=b21d07d2-3899-4c09-b603-0755f62fe647 HTTP/1.1" status: 200 len: 1168 time: 0.0489280
2026-07-01 08:35:20.080 9 INFO neutron.wsgi [None req-63d26735-7edf-4606-9b1e-1fb1117d5802 3485a4b2df2a4fc48d5a27a808caeecd e9e25aa3810844a2b8634b02190ea738 - - default default] 10.0.0.170 "GET /v2.0/ports?device_id=ed6ed092-8865-471d-9db6-1286e91068b8 HTTP/1.1" status: 200 len: 1140 time: 0.3067231
2026-07-01 08:35:20.109 10 INFO neutron.wsgi [req-ca022f7f-0150-473a-b5b2-eeaf1ffc4e44 req-b9101097-4872-4341-921d-1c235ffcd27b 5d3ab5b251704902be7352a7d5fdaae7 5e6283bbe1544c0faa55172ed7e851df - - default default] 10.0.0.93 "GET /v2.0/security-groups?id=593a446b-947d-41f6-97ea-5302a7472cec&fields=id&fields=name HTTP/1.1" status: 200 len: 312 time: 0.0610645
2026-07-01 08:35:20.121 10 INFO neutron.wsgi [req-a761ff06-75f8-40ee-8ca5-16ad7f2bcb70 req-a0559b4f-2bea-40f8-a199-8fc31807330d 05a7a10ab07b49bca11d351207844b74 e41a9e6e66d94234b25e655f3df8395b - - 3a65b27de5874df28411113e10856e6e 3a65b27de5874df28411113e10856e6e] 199.204.45.157 "GET /v2.0/networks/613f8cfa-6616-4cd3-b04f-3eed3378a7c2?fields=provider%3Aphysical_network&fields=provider%3Anetwork_type HTTP/1.1" status: 200 len: 277 time: 0.1005623
2026-07-01 08:35:20.214 9 INFO neutron.notifiers.nova [-] Nova event matching ['req-1cd68f5b-6c56-4aaf-bd0d-cf30471125ee'] response: {'server_uuid': 'b21d07d2-3899-4c09-b603-0755f62fe647', 'name': 'network-vif-plugged', 'status': 'completed', 'tag': '5cc63b82-9b94-410b-8ba2-bdd3a642afd0', 'code': 200}
2026-07-01 08:35:20.422 9 INFO neutron.db.ovn_revision_numbers_db [None req-17ab10d5-9439-411f-8745-9887d4c5b955 - - - - - -] Successfully bumped revision number for resource 5cc63b82-9b94-410b-8ba2-bdd3a642afd0 (type: ports) to 4
2026-07-01 08:35:20.511 9 INFO neutron.wsgi [None req-3e6ced5d-abfd-45a7-bad4-1a994221a929 275305560ff2488aa0068b872cabd664 70f7ffc7c4e345cd9129a4b9282b0f5f - - default default] 10.0.0.170 "PUT /v2.0/routers/f9f21d5d-8748-4965-b62f-7163c737fddf/remove_router_interface HTTP/1.1" status: 200 len: 503 time: 1.6161659
2026-07-01 08:35:21.238 10 INFO neutron.wsgi [req-9a96a55f-4f75-423a-8493-90860a18f371 req-13bcf2af-f0c3-49c2-8ae6-30c37d2ddeca 5d3ab5b251704902be7352a7d5fdaae7 5e6283bbe1544c0faa55172ed7e851df - - default default] 10.0.0.93 "GET /v2.0/ports?device_id=b21d07d2-3899-4c09-b603-0755f62fe647 HTTP/1.1" status: 200 len: 1170 time: 0.0384154
2026-07-01 08:35:21.340 10 INFO neutron.wsgi [req-9a96a55f-4f75-423a-8493-90860a18f371 req-b36dd493-1bf8-479a-b8be-20aca086c234 5d3ab5b251704902be7352a7d5fdaae7 5e6283bbe1544c0faa55172ed7e851df - - default default] 10.0.0.93 "GET /v2.0/security-groups?id=593a446b-947d-41f6-97ea-5302a7472cec&fields=id&fields=name HTTP/1.1" status: 200 len: 312 time: 0.0919349
2026-07-01 08:35:21.566 10 INFO neutron.wsgi [None req-e46d7b07-06b3-4fa3-ae1f-902b13db90ad 3485a4b2df2a4fc48d5a27a808caeecd e9e25aa3810844a2b8634b02190ea738 - - default default] 10.0.0.170 "PUT /v2.0/routers/ed6ed092-8865-471d-9db6-1286e91068b8/remove_router_interface HTTP/1.1" status: 200 len: 503 time: 1.4810438 /var/lib/openstack/lib/python3.10/site-packages/pycadf/identifier.py:71: UserWarning: Invalid uuid: neutron. To ensure interoperability, identifiers should be a valid uuid. warnings.warn(('Invalid uuid: %s. To ensure interoperability, '
2026-07-01 08:35:21.592 10 INFO neutron.wsgi [req-53244f09-866d-4e79-ad40-edccecd01e6f req-5669fee6-1798-4d32-a946-2210f6247775 5d3ab5b251704902be7352a7d5fdaae7 5e6283bbe1544c0faa55172ed7e851df - - default default] 10.0.0.93 "GET /v2.0/ports?device_id=b21d07d2-3899-4c09-b603-0755f62fe647 HTTP/1.1" status: 200 len: 1170 time: 0.1710804 /var/lib/openstack/lib/python3.10/site-packages/pycadf/identifier.py:71: UserWarning: Invalid uuid: neutron. To ensure interoperability, identifiers should be a valid uuid. warnings.warn(('Invalid uuid: %s. To ensure interoperability, '
2026-07-01 08:35:21.827 10 INFO neutron.wsgi [None req-9d32977b-b38a-437c-a9f3-98098c26b64e 275305560ff2488aa0068b872cabd664 70f7ffc7c4e345cd9129a4b9282b0f5f - - default default] 10.0.0.170 "DELETE /v2.0/routers/f9f21d5d-8748-4965-b62f-7163c737fddf HTTP/1.1" status: 204 len: 168 time: 1.3108904
2026-07-01 08:35:21.910 10 INFO neutron.db.l3_db [None req-7608003e-840b-4b83-8746-23630e8fcabc 5d3ab5b251704902be7352a7d5fdaae7 5e6283bbe1544c0faa55172ed7e851df - - default default] Floating IP c4e1b497-a8b5-4cd8-a5a1-1923548758e7 associated. External IP: 10.96.250.202, port: 5cc63b82-9b94-410b-8ba2-bdd3a642afd0.
2026-07-01 08:35:22.092 9 INFO neutron.wsgi [None req-ac9c3583-7390-4f1c-a4e5-9ffb5b8188c8 275305560ff2488aa0068b872cabd664 70f7ffc7c4e345cd9129a4b9282b0f5f - - default default] 10.0.0.170 "DELETE /v2.0/subnets/8efa1f43-9e84-43d9-a2ff-4ad37033c1ec HTTP/1.1" status: 204 len: 168 time: 0.2595267 /var/lib/openstack/lib/python3.10/site-packages/pycadf/identifier.py:71: UserWarning: Invalid uuid: neutron. To ensure interoperability, identifiers should be a valid uuid. warnings.warn(('Invalid uuid: %s. To ensure interoperability, '
2026-07-01 08:35:22.144 10 INFO neutron.db.ovn_revision_numbers_db [None req-7608003e-840b-4b83-8746-23630e8fcabc 5d3ab5b251704902be7352a7d5fdaae7 5e6283bbe1544c0faa55172ed7e851df - - default default] Successfully bumped revision number for resource c4e1b497-a8b5-4cd8-a5a1-1923548758e7 (type: floatingips) to 1
2026-07-01 08:35:22.262 9 INFO neutron.notifiers.nova [-] Nova event matching ['req-d6a93791-e01f-4cd7-a01f-e46ae9d3205c'] response: {'server_uuid': 'b21d07d2-3899-4c09-b603-0755f62fe647', 'name': 'network-vif-plugged', 'status': 'completed', 'tag': '5cc63b82-9b94-410b-8ba2-bdd3a642afd0', 'code': 200}
2026-07-01 08:35:22.283 9 INFO neutron.wsgi [None req-ae314dea-4b8e-4571-af33-1b14a58898de 3485a4b2df2a4fc48d5a27a808caeecd e9e25aa3810844a2b8634b02190ea738 - - default default] 10.0.0.170 "DELETE /v2.0/routers/ed6ed092-8865-471d-9db6-1286e91068b8 HTTP/1.1" status: 204 len: 168 time: 0.7098169
2026-07-01 08:35:22.336 10 INFO neutron.db.ovn_revision_numbers_db [None req-7608003e-840b-4b83-8746-23630e8fcabc 5d3ab5b251704902be7352a7d5fdaae7 5e6283bbe1544c0faa55172ed7e851df - - default default] Successfully bumped revision number for resource c4e1b497-a8b5-4cd8-a5a1-1923548758e7 (type: floatingips) to 2
2026-07-01 08:35:22.361 10 INFO neutron.wsgi [None req-7608003e-840b-4b83-8746-23630e8fcabc 5d3ab5b251704902be7352a7d5fdaae7 5e6283bbe1544c0faa55172ed7e851df - - default default] 10.0.0.170 "PUT /v2.0/floatingips/c4e1b497-a8b5-4cd8-a5a1-1923548758e7 HTTP/1.1" status: 200 len: 1049 time: 0.7567370
2026-07-01 08:35:22.396 10 INFO neutron.notifiers.nova [-] Nova event matching ['req-cb3b86de-efdb-49b0-86c5-470111b9339d'] response: {'name': 'network-changed', 'server_uuid': 'b21d07d2-3899-4c09-b603-0755f62fe647', 'tag': '5cc63b82-9b94-410b-8ba2-bdd3a642afd0', 'status': 'completed', 'code': 200}
2026-07-01 08:35:22.476 10 INFO neutron.wsgi [req-d4919597-4bda-46db-a951-6ba617d1aab1 req-123f4bc7-07fd-4124-98fa-c05fc3c28e9b 05a7a10ab07b49bca11d351207844b74 e41a9e6e66d94234b25e655f3df8395b - - 3a65b27de5874df28411113e10856e6e 3a65b27de5874df28411113e10856e6e] 199.204.45.157 "GET /v2.0/ports?tenant_id=5e6283bbe1544c0faa55172ed7e851df&device_id=b21d07d2-3899-4c09-b603-0755f62fe647 HTTP/1.1" status: 200 len: 1409 time: 0.0540700
2026-07-01 08:35:22.500 9 INFO neutron.wsgi [None req-dc25fce5-7bb1-4673-b24b-1c0c6a32e1c1 3485a4b2df2a4fc48d5a27a808caeecd e9e25aa3810844a2b8634b02190ea738 - - default default] 10.0.0.170 "DELETE /v2.0/subnets/8fe4f1d6-641a-47a7-a667-a32d7ddd6ff9 HTTP/1.1" status: 204 len: 168 time: 0.2104692
2026-07-01 08:35:22.587 10 INFO neutron.services.segments.plugin [-] Segment 85942a0f-a052-48e7-87a5-a9d850a97285 resource provider aggregate not found
2026-07-01 08:35:22.592 10 INFO neutron.services.segments.plugin [-] Segment 85942a0f-a052-48e7-87a5-a9d850a97285 resource provider aggregate not found
2026-07-01 08:35:22.624 10 INFO neutron.services.segments.plugin [-] Segment 85942a0f-a052-48e7-87a5-a9d850a97285 resource provider not found; error: Placement Client Error (4xx): {"errors": [{"status": 404, "title": "Not Found", "detail": "The resource could not be found.\n\n No resource provider with uuid 85942a0f-a052-48e7-87a5-a9d850a97285 found for delete ", "request_id": "req-0e7c07da-33cb-4ba7-9a5b-76c21254f454"}]}
2026-07-01 08:35:22.625 10 INFO neutron.services.segments.plugin [-] Segment 85942a0f-a052-48e7-87a5-a9d850a97285 resource provider not found; error: Placement Client Error (4xx): {"errors": [{"status": 404, "title": "Not Found", "detail": "The resource could not be found.\n\n No resource provider with uuid 85942a0f-a052-48e7-87a5-a9d850a97285 found for delete ", "request_id": "req-2a6e07e4-f1fc-41a8-9189-3343b07af9dc"}]}
2026-07-01 08:35:22.637 10 INFO neutron.wsgi [req-d4919597-4bda-46db-a951-6ba617d1aab1 req-ec00b629-717d-4192-bc2a-8adbda8ece5d 05a7a10ab07b49bca11d351207844b74 e41a9e6e66d94234b25e655f3df8395b - - 3a65b27de5874df28411113e10856e6e 3a65b27de5874df28411113e10856e6e] 199.204.45.157 "GET /v2.0/networks?id=613f8cfa-6616-4cd3-b04f-3eed3378a7c2 HTTP/1.1" status: 200 len: 973 time: 0.1526425
2026-07-01 08:35:22.686 10 INFO neutron.wsgi [None req-babca41d-1a05-4eca-b547-bb2bca4b7090 275305560ff2488aa0068b872cabd664 70f7ffc7c4e345cd9129a4b9282b0f5f - - default default] 10.0.0.170 "DELETE /v2.0/networks/df850c0d-6763-46cc-99bb-b527fc47fb74 HTTP/1.1" status: 204 len: 168 time: 0.5864198
2026-07-01 08:35:22.707 10 INFO neutron.wsgi [req-d4919597-4bda-46db-a951-6ba617d1aab1 req-6cb821f1-692c-4ced-b6bc-d7ce894aa361 05a7a10ab07b49bca11d351207844b74 e41a9e6e66d94234b25e655f3df8395b - - 3a65b27de5874df28411113e10856e6e 3a65b27de5874df28411113e10856e6e] 199.204.45.157 "GET /v2.0/floatingips?fixed_ip_address=10.100.0.4&port_id=5cc63b82-9b94-410b-8ba2-bdd3a642afd0 HTTP/1.1" status: 200 len: 1059 time: 0.0646572
2026-07-01 08:35:22.755 10 INFO neutron.wsgi [req-d4919597-4bda-46db-a951-6ba617d1aab1 req-e97586c6-4ab1-49fa-bad1-43f63e147d30 05a7a10ab07b49bca11d351207844b74 e41a9e6e66d94234b25e655f3df8395b - - 3a65b27de5874df28411113e10856e6e 3a65b27de5874df28411113e10856e6e] 199.204.45.157 "GET /v2.0/subnets?id=ae5660e5-f0c3-4265-9b21-0c70c749df24 HTTP/1.1" status: 200 len: 868 time: 0.0418270
2026-07-01 08:35:22.785 10 INFO neutron.wsgi [req-d4919597-4bda-46db-a951-6ba617d1aab1 req-9b20b47e-512b-434b-8cdf-272e5991c680 05a7a10ab07b49bca11d351207844b74 e41a9e6e66d94234b25e655f3df8395b - - 3a65b27de5874df28411113e10856e6e 3a65b27de5874df28411113e10856e6e] 199.204.45.157 "GET /v2.0/ports?network_id=613f8cfa-6616-4cd3-b04f-3eed3378a7c2&device_owner=network%3Adhcp HTTP/1.1" status: 200 len: 210 time: 0.0235279
2026-07-01 08:35:22.835 9 INFO neutron.wsgi [None req-b94c87ed-24c2-4883-ab9c-bb16f22bb52d 275305560ff2488aa0068b872cabd664 70f7ffc7c4e345cd9129a4b9282b0f5f - - default default] 10.0.0.170 "GET /v2.0/security-groups?tenant_id=0eefd157e5fa4c769a3aefdfdb6e99a2&name=default HTTP/1.1" status: 200 len: 2992 time: 0.0362494
2026-07-01 08:35:22.874 10 INFO neutron.wsgi [req-d4919597-4bda-46db-a951-6ba617d1aab1 req-2cf49f90-fb05-4c8c-9ad0-6339fdf994f0 05a7a10ab07b49bca11d351207844b74 e41a9e6e66d94234b25e655f3df8395b - - 3a65b27de5874df28411113e10856e6e 3a65b27de5874df28411113e10856e6e] 199.204.45.157 "GET /v2.0/networks/613f8cfa-6616-4cd3-b04f-3eed3378a7c2?fields=segments HTTP/1.1" status: 200 len: 212 time: 0.0819633
2026-07-01 08:35:22.905 9 INFO neutron.db.ovn_revision_numbers_db [None req-8c92440b-edf1-4c30-b8a7-9018849d7d34 275305560ff2488aa0068b872cabd664 70f7ffc7c4e345cd9129a4b9282b0f5f - - default default] Successfully bumped revision number for resource 9e9d047d-833c-4d5c-9660-9c7bb427f0e2 (type: security_groups) to 1
2026-07-01 08:35:22.932 9 INFO neutron.db.ovn_revision_numbers_db [None req-8c92440b-edf1-4c30-b8a7-9018849d7d34 275305560ff2488aa0068b872cabd664 70f7ffc7c4e345cd9129a4b9282b0f5f - - default default] Successfully bumped revision number for resource 0a2d21ce-178d-4c11-a4a0-22ef79117c5e (type: security_group_rules) to 0
2026-07-01 08:35:22.948 9 INFO neutron.db.ovn_revision_numbers_db [None req-8c92440b-edf1-4c30-b8a7-9018849d7d34 275305560ff2488aa0068b872cabd664 70f7ffc7c4e345cd9129a4b9282b0f5f - - default default] Successfully bumped revision number for resource 0b88584a-8ce9-4a4c-b6c3-de8d6247274c (type: security_group_rules) to 0
2026-07-01 08:35:22.963 9 INFO neutron.db.ovn_revision_numbers_db [None req-8c92440b-edf1-4c30-b8a7-9018849d7d34 275305560ff2488aa0068b872cabd664 70f7ffc7c4e345cd9129a4b9282b0f5f - - default default] Successfully bumped revision number for resource cd7f22b5-b974-4464-b214-c7d886a87c6a (type: security_group_rules) to 0
2026-07-01 08:35:22.973 10 INFO neutron.wsgi [req-d4919597-4bda-46db-a951-6ba617d1aab1 req-56de3af6-97b9-4fae-96ce-a514d1179f79 05a7a10ab07b49bca11d351207844b74 e41a9e6e66d94234b25e655f3df8395b - - 3a65b27de5874df28411113e10856e6e 3a65b27de5874df28411113e10856e6e] 199.204.45.157 "GET /v2.0/networks/613f8cfa-6616-4cd3-b04f-3eed3378a7c2?fields=provider%3Aphysical_network&fields=provider%3Anetwork_type HTTP/1.1" status: 200 len: 277 time: 0.0935698
2026-07-01 08:35:22.978 9 INFO neutron.db.ovn_revision_numbers_db [None req-8c92440b-edf1-4c30-b8a7-9018849d7d34 275305560ff2488aa0068b872cabd664 70f7ffc7c4e345cd9129a4b9282b0f5f - - default default] Successfully bumped revision number for resource eea4e443-59e8-42cf-a88b-a712092a6f30 (type: security_group_rules) to 0
2026-07-01 08:35:23.000 9 INFO neutron.wsgi [None req-8c92440b-edf1-4c30-b8a7-9018849d7d34 275305560ff2488aa0068b872cabd664 70f7ffc7c4e345cd9129a4b9282b0f5f - - default default] 10.0.0.170 "GET /v2.0/security-groups?tenant_id=cbe71e793af8424bbbda2bc290231e7b&name=default HTTP/1.1" status: 200 len: 2996 time: 0.4167430
2026-07-01 08:35:23.071 9 INFO neutron.wsgi [None req-1ae2a13a-eb06-48b1-a587-c7350d6d60cc 275305560ff2488aa0068b872cabd664 70f7ffc7c4e345cd9129a4b9282b0f5f - - default default] 10.0.0.170 "DELETE /v2.0/security-groups/3e2ad7ac-51ee-497a-a014-084e25e5db26 HTTP/1.1" status: 204 len: 168 time: 0.2310629
2026-07-01 08:35:23.094 10 INFO neutron.wsgi [None req-67f43e9b-c88d-4056-9b03-d6b7c9ca98bf 3485a4b2df2a4fc48d5a27a808caeecd e9e25aa3810844a2b8634b02190ea738 - - default default] 10.0.0.170 "DELETE /v2.0/networks/47b44c46-7a35-4b1c-9076-57db3f1bf426 HTTP/1.1" status: 204 len: 168 time: 0.5849648
2026-07-01 08:35:23.204 9 INFO neutron.wsgi [None req-0a99552b-3de6-4f2c-8737-5b35f13d9084 275305560ff2488aa0068b872cabd664 70f7ffc7c4e345cd9129a4b9282b0f5f - - default default] 10.0.0.170 "DELETE /v2.0/security-groups/9e9d047d-833c-4d5c-9660-9c7bb427f0e2 HTTP/1.1" status: 204 len: 168 time: 0.1990840
2026-07-01 08:35:23.576 10 INFO neutron.db.ovn_revision_numbers_db [None req-4c58eb45-80a6-4d14-851c-d40516b56162 275305560ff2488aa0068b872cabd664 70f7ffc7c4e345cd9129a4b9282b0f5f - - default default] Successfully bumped revision number for resource 932ed59f-e984-464b-9157-3c71d1b5d4b2 (type: security_groups) to 1
2026-07-01 08:35:23.592 10 INFO neutron.db.ovn_revision_numbers_db [None req-4c58eb45-80a6-4d14-851c-d40516b56162 275305560ff2488aa0068b872cabd664 70f7ffc7c4e345cd9129a4b9282b0f5f - - default default] Successfully bumped revision number for resource 1193439d-cf91-42f5-b5a1-eca1c5ecd07f (type: security_group_rules) to 0
2026-07-01 08:35:23.607 10 INFO neutron.db.ovn_revision_numbers_db [None req-4c58eb45-80a6-4d14-851c-d40516b56162 275305560ff2488aa0068b872cabd664 70f7ffc7c4e345cd9129a4b9282b0f5f - - default default] Successfully bumped revision number for resource 77951f54-52a4-49f3-a69c-a36998e7b0b9 (type: security_group_rules) to 0
2026-07-01 08:35:23.625 10 INFO neutron.db.ovn_revision_numbers_db [None req-4c58eb45-80a6-4d14-851c-d40516b56162 275305560ff2488aa0068b872cabd664 70f7ffc7c4e345cd9129a4b9282b0f5f - - default default] Successfully bumped revision number for resource bb4ecb09-8aab-47a2-87fd-4ea761b9535a (type: security_group_rules) to 0
2026-07-01 08:35:23.646 10 INFO neutron.db.ovn_revision_numbers_db [None req-4c58eb45-80a6-4d14-851c-d40516b56162 275305560ff2488aa0068b872cabd664 70f7ffc7c4e345cd9129a4b9282b0f5f - - default default] Successfully bumped revision number for resource cf039aa1-53c2-419f-85fc-00b236a7f066 (type: security_group_rules) to 0
2026-07-01 08:35:23.677 10 INFO neutron.wsgi [None req-4c58eb45-80a6-4d14-851c-d40516b56162 275305560ff2488aa0068b872cabd664 70f7ffc7c4e345cd9129a4b9282b0f5f - - default default] 10.0.0.170 "GET /v2.0/security-groups?tenant_id=49925dcd282441f0be217b13e89714bb&name=default HTTP/1.1" status: 200 len: 2996 time: 0.2652767
2026-07-01 08:35:23.865 10 INFO neutron.wsgi [None req-033125b2-8f2e-498f-bd7c-dc9c06ec4868 275305560ff2488aa0068b872cabd664 70f7ffc7c4e345cd9129a4b9282b0f5f - - default default] 10.0.0.170 "GET /v2.0/security-groups?tenant_id=e9e25aa3810844a2b8634b02190ea738&name=default HTTP/1.1" status: 200 len: 2996 time: 0.1848741
2026-07-01 08:35:23.958 9 INFO neutron.wsgi [None req-9c38ad00-34a3-4c61-8e39-9cd245ef72e5 275305560ff2488aa0068b872cabd664 70f7ffc7c4e345cd9129a4b9282b0f5f - - default default] 10.0.0.170 "DELETE /v2.0/security-groups/932ed59f-e984-464b-9157-3c71d1b5d4b2 HTTP/1.1" status: 204 len: 168 time: 0.2761700
2026-07-01 08:35:24.052 10 INFO neutron.wsgi [None req-c81c7fd1-834d-4a13-a7b5-9038431d7f30 275305560ff2488aa0068b872cabd664 70f7ffc7c4e345cd9129a4b9282b0f5f - - default default] 10.0.0.170 "DELETE /v2.0/security-groups/3fa2eebf-533d-405e-8b83-e1a696cf4978 HTTP/1.1" status: 204 len: 168 time: 0.1838403
2026-07-01 08:35:24.651 10 INFO neutron.services.segments.plugin [-] Segment 585f0ae8-43e2-43d4-b1df-f75f0dec1063 resource provider aggregate not found
2026-07-01 08:35:24.659 10 INFO neutron.services.segments.plugin [-] Segment 585f0ae8-43e2-43d4-b1df-f75f0dec1063 resource provider aggregate not found
2026-07-01 08:35:24.668 10 INFO neutron.services.segments.plugin [-] Segment 585f0ae8-43e2-43d4-b1df-f75f0dec1063 resource provider not found; error: Placement Client Error (4xx): {"errors": [{"status": 404, "title": "Not Found", "detail": "The resource could not be found.\n\n No resource provider with uuid 585f0ae8-43e2-43d4-b1df-f75f0dec1063 found for delete ", "request_id": "req-c9ea7a7e-f771-4396-a62e-0f48f62c4410"}]}
2026-07-01 08:35:24.674 10 INFO neutron.services.segments.plugin [-] Segment 585f0ae8-43e2-43d4-b1df-f75f0dec1063 resource provider not found; error: Placement Client Error (4xx): {"errors": [{"status": 404, "title": "Not Found", "detail": "The resource could not be found.\n\n No resource provider with uuid 585f0ae8-43e2-43d4-b1df-f75f0dec1063 found for delete ", "request_id": "req-b6d7ffdd-a4dc-4ce7-9ab1-03920d3c7053"}]}
2026-07-01 08:35:25.267 9 INFO neutron.db.ovn_revision_numbers_db [None req-f51422e2-08ee-4091-99cc-44f268db14ad 275305560ff2488aa0068b872cabd664 70f7ffc7c4e345cd9129a4b9282b0f5f - - default default] Successfully bumped revision number for resource b7d55c2e-d3ca-4199-a490-1ae2b420b2d8 (type: security_groups) to 1
2026-07-01 08:35:25.284 9 INFO neutron.db.ovn_revision_numbers_db [None req-f51422e2-08ee-4091-99cc-44f268db14ad 275305560ff2488aa0068b872cabd664 70f7ffc7c4e345cd9129a4b9282b0f5f - - default default] Successfully bumped revision number for resource 1e24379f-33e3-431b-858f-65294d1bcc9e (type: security_group_rules) to 0
2026-07-01 08:35:25.301 9 INFO neutron.db.ovn_revision_numbers_db [None req-f51422e2-08ee-4091-99cc-44f268db14ad 275305560ff2488aa0068b872cabd664 70f7ffc7c4e345cd9129a4b9282b0f5f - - default default] Successfully bumped revision number for resource 3bb13d78-2fcd-443d-a0ce-17793d28b8b6 (type: security_group_rules) to 0
2026-07-01 08:35:25.315 9 INFO neutron.db.ovn_revision_numbers_db [None req-f51422e2-08ee-4091-99cc-44f268db14ad 275305560ff2488aa0068b872cabd664 70f7ffc7c4e345cd9129a4b9282b0f5f - - default default] Successfully bumped revision number for resource 5d44f5ed-9d7b-4705-987e-0e0593258ce5 (type: security_group_rules) to 0
2026-07-01 08:35:25.329 9 INFO neutron.db.ovn_revision_numbers_db [None req-f51422e2-08ee-4091-99cc-44f268db14ad 275305560ff2488aa0068b872cabd664 70f7ffc7c4e345cd9129a4b9282b0f5f - - default default] Successfully bumped revision number for resource 66f2154a-8e67-4beb-aef1-3f6a8314750c (type: security_group_rules) to 0
2026-07-01 08:35:25.391 9 INFO neutron.db.segments_db [None req-f51422e2-08ee-4091-99cc-44f268db14ad 275305560ff2488aa0068b872cabd664 70f7ffc7c4e345cd9129a4b9282b0f5f - - default default] Added segment 246be621-047d-4c66-965c-bdaa767431a4 of type geneve for network 9cf3fe75-d0d5-47c2-af61-38cfe514015d
2026-07-01 08:35:25.551 9 INFO neutron.db.ovn_revision_numbers_db [None req-f51422e2-08ee-4091-99cc-44f268db14ad 275305560ff2488aa0068b872cabd664 70f7ffc7c4e345cd9129a4b9282b0f5f - - default default] Successfully bumped revision number for resource 9cf3fe75-d0d5-47c2-af61-38cfe514015d (type: networks) to 1
2026-07-01 08:35:25.724 9 WARNING neutron.scheduler.dhcp_agent_scheduler [None req-f51422e2-08ee-4091-99cc-44f268db14ad 275305560ff2488aa0068b872cabd664 70f7ffc7c4e345cd9129a4b9282b0f5f - - default default] No more DHCP agents
2026-07-01 08:35:25.725 9 WARNING neutron.api.rpc.agentnotifiers.dhcp_rpc_agent_api [None req-f51422e2-08ee-4091-99cc-44f268db14ad 275305560ff2488aa0068b872cabd664 70f7ffc7c4e345cd9129a4b9282b0f5f - - default default] Unable to schedule network 9cf3fe75-d0d5-47c2-af61-38cfe514015d: no agents available; will retry on subsequent port and subnet creation events.
2026-07-01 08:35:25.812 9 INFO neutron.db.ovn_revision_numbers_db [None req-f51422e2-08ee-4091-99cc-44f268db14ad 275305560ff2488aa0068b872cabd664 70f7ffc7c4e345cd9129a4b9282b0f5f - - default default] Successfully bumped revision number for resource ea5ef40e-8474-44d4-ac41-f0a4e658867d (type: ports) to 1
2026-07-01 08:35:25.830 9 INFO neutron.wsgi [None req-f51422e2-08ee-4091-99cc-44f268db14ad 275305560ff2488aa0068b872cabd664 70f7ffc7c4e345cd9129a4b9282b0f5f - - default default] 10.0.0.170 "POST /v2.0/networks HTTP/1.1" status: 201 len: 939 time: 0.7916842
2026-07-01 08:35:26.000 9 WARNING neutron.scheduler.dhcp_agent_scheduler [None req-b3e12c2c-b7dd-49c7-8865-2cf8537a0139 275305560ff2488aa0068b872cabd664 70f7ffc7c4e345cd9129a4b9282b0f5f - - default default] No more DHCP agents
2026-07-01 08:35:26.001 9 WARNING neutron.api.rpc.agentnotifiers.dhcp_rpc_agent_api [None req-b3e12c2c-b7dd-49c7-8865-2cf8537a0139 275305560ff2488aa0068b872cabd664 70f7ffc7c4e345cd9129a4b9282b0f5f - - default default] Unable to schedule network 9cf3fe75-d0d5-47c2-af61-38cfe514015d: no agents available; will retry on subsequent port and subnet creation events.
2026-07-01 08:35:26.190 9 INFO neutron.db.ovn_revision_numbers_db [None req-bee3edaa-19f1-4feb-ade8-e83309e3b8dd 830f379eed814ce9a84de927b854b7d1 c8c1791ee1ad4d5c82df570676a43d72 - - default default] Successfully bumped revision number for resource c724a8ab-70a5-42cf-afe2-da38a1b3925e (type: security_groups) to 1
2026-07-01 08:35:26.212 9 INFO neutron.db.ovn_revision_numbers_db [None req-bee3edaa-19f1-4feb-ade8-e83309e3b8dd 830f379eed814ce9a84de927b854b7d1 c8c1791ee1ad4d5c82df570676a43d72 - - default default] Successfully bumped revision number for resource 1a80e9fa-42ef-4985-81ea-37e476b37dc1 (type: security_group_rules) to 0
2026-07-01 08:35:26.229 9 INFO neutron.db.ovn_revision_numbers_db [None req-bee3edaa-19f1-4feb-ade8-e83309e3b8dd 830f379eed814ce9a84de927b854b7d1 c8c1791ee1ad4d5c82df570676a43d72 - - default default] Successfully bumped revision number for resource 2a794b39-0541-44a4-906a-c7c81100c8e5 (type: security_group_rules) to 0
2026-07-01 08:35:26.245 9 INFO neutron.db.ovn_revision_numbers_db [None req-bee3edaa-19f1-4feb-ade8-e83309e3b8dd 830f379eed814ce9a84de927b854b7d1 c8c1791ee1ad4d5c82df570676a43d72 - - default default] Successfully bumped revision number for resource 88399e09-96b3-4ab5-84c5-acb10abc9d7c (type: security_group_rules) to 0
2026-07-01 08:35:26.262 9 INFO neutron.db.ovn_revision_numbers_db [None req-bee3edaa-19f1-4feb-ade8-e83309e3b8dd 830f379eed814ce9a84de927b854b7d1 c8c1791ee1ad4d5c82df570676a43d72 - - default default] Successfully bumped revision number for resource add64887-2232-4b77-871d-ded73e7f6f88 (type: security_group_rules) to 0
2026-07-01 08:35:26.359 9 INFO neutron.db.segments_db [None req-bee3edaa-19f1-4feb-ade8-e83309e3b8dd 830f379eed814ce9a84de927b854b7d1 c8c1791ee1ad4d5c82df570676a43d72 - - default default] Added segment e383aa55-4c2c-4533-a120-154b159f9166 of type geneve for network eabbd6d9-5cb1-4a8f-912b-85f3770052ba
2026-07-01 08:35:26.499 9 INFO neutron.db.segments_db [None req-bee3edaa-19f1-4feb-ade8-e83309e3b8dd 830f379eed814ce9a84de927b854b7d1 c8c1791ee1ad4d5c82df570676a43d72 - - default default] Added segment cf2b6f23-3fc3-4bfa-b03f-d2a89057c6a6 of type geneve for network a34f98cb-c05d-4c46-b30c-64e230aeced9
2026-07-01 08:35:26.511 9 INFO neutron.db.ovn_revision_numbers_db [None req-b3e12c2c-b7dd-49c7-8865-2cf8537a0139 275305560ff2488aa0068b872cabd664 70f7ffc7c4e345cd9129a4b9282b0f5f - - default default] Successfully bumped revision number for resource ea5ef40e-8474-44d4-ac41-f0a4e658867d (type: ports) to 2
2026-07-01 08:35:26.571 9 INFO neutron.db.ovn_revision_numbers_db [None req-b3e12c2c-b7dd-49c7-8865-2cf8537a0139 275305560ff2488aa0068b872cabd664 70f7ffc7c4e345cd9129a4b9282b0f5f - - default default] Successfully bumped revision number for resource ede22b22-cc39-4328-848f-2b3df9c2f04f (type: subnets) to 0
2026-07-01 08:35:26.594 9 INFO neutron.wsgi [None req-b3e12c2c-b7dd-49c7-8865-2cf8537a0139 275305560ff2488aa0068b872cabd664 70f7ffc7c4e345cd9129a4b9282b0f5f - - default default] 10.0.0.170 "POST /v2.0/subnets HTTP/1.1" status: 201 len: 859 time: 0.7581983
2026-07-01 08:35:26.843 9 INFO neutron.db.ovn_revision_numbers_db [None req-bee3edaa-19f1-4feb-ade8-e83309e3b8dd 830f379eed814ce9a84de927b854b7d1 c8c1791ee1ad4d5c82df570676a43d72 - - default default] Successfully bumped revision number for resource eabbd6d9-5cb1-4a8f-912b-85f3770052ba (type: networks) to 1
2026-07-01 08:35:27.003 9 WARNING neutron.scheduler.dhcp_agent_scheduler [None req-bee3edaa-19f1-4feb-ade8-e83309e3b8dd 830f379eed814ce9a84de927b854b7d1 c8c1791ee1ad4d5c82df570676a43d72 - - default default] No more DHCP agents
2026-07-01 08:35:27.005 9 WARNING neutron.api.rpc.agentnotifiers.dhcp_rpc_agent_api [None req-bee3edaa-19f1-4feb-ade8-e83309e3b8dd 830f379eed814ce9a84de927b854b7d1 c8c1791ee1ad4d5c82df570676a43d72 - - default default] Unable to schedule network eabbd6d9-5cb1-4a8f-912b-85f3770052ba: no agents available; will retry on subsequent port and subnet creation events.
2026-07-01 08:35:27.084 9 INFO neutron.db.ovn_revision_numbers_db [None req-bee3edaa-19f1-4feb-ade8-e83309e3b8dd 830f379eed814ce9a84de927b854b7d1 c8c1791ee1ad4d5c82df570676a43d72 - - default default] Successfully bumped revision number for resource 53f1e3d0-2e5b-4baa-8441-27147bbeab9f (type: ports) to 1
2026-07-01 08:35:27.098 10 WARNING neutron.scheduler.dhcp_agent_scheduler [None req-b3f64532-4ee6-42a6-b1e5-eedc1b6d2e3c 275305560ff2488aa0068b872cabd664 70f7ffc7c4e345cd9129a4b9282b0f5f - - default default] No more DHCP agents
2026-07-01 08:35:27.101 10 WARNING neutron.api.rpc.agentnotifiers.dhcp_rpc_agent_api [None req-b3f64532-4ee6-42a6-b1e5-eedc1b6d2e3c 275305560ff2488aa0068b872cabd664 70f7ffc7c4e345cd9129a4b9282b0f5f - - default default] Unable to schedule network 71be9c22-9137-46f4-bb67-4045b8ca23fa: no agents available; will retry on subsequent port and subnet creation events.
2026-07-01 08:35:27.160 9 INFO neutron.db.ovn_revision_numbers_db [None req-bee3edaa-19f1-4feb-ade8-e83309e3b8dd 830f379eed814ce9a84de927b854b7d1 c8c1791ee1ad4d5c82df570676a43d72 - - default default] Successfully bumped revision number for resource a34f98cb-c05d-4c46-b30c-64e230aeced9 (type: networks) to 1
2026-07-01 08:35:27.273 10 INFO neutron.db.ovn_revision_numbers_db [None req-b3f64532-4ee6-42a6-b1e5-eedc1b6d2e3c 275305560ff2488aa0068b872cabd664 70f7ffc7c4e345cd9129a4b9282b0f5f - - default default] Successfully bumped revision number for resource 90fce57c-7acd-42a9-8b89-5e8447b65ad5 (type: ports) to 1
2026-07-01 08:35:27.344 9 WARNING neutron.scheduler.dhcp_agent_scheduler [None req-bee3edaa-19f1-4feb-ade8-e83309e3b8dd 830f379eed814ce9a84de927b854b7d1 c8c1791ee1ad4d5c82df570676a43d72 - - default default] No more DHCP agents
2026-07-01 08:35:27.346 9 WARNING neutron.api.rpc.agentnotifiers.dhcp_rpc_agent_api [None req-bee3edaa-19f1-4feb-ade8-e83309e3b8dd 830f379eed814ce9a84de927b854b7d1 c8c1791ee1ad4d5c82df570676a43d72 - - default default] Unable to schedule network a34f98cb-c05d-4c46-b30c-64e230aeced9: no agents available; will retry on subsequent port and subnet creation events.
2026-07-01 08:35:27.425 9 INFO neutron.db.ovn_revision_numbers_db [None req-bee3edaa-19f1-4feb-ade8-e83309e3b8dd 830f379eed814ce9a84de927b854b7d1 c8c1791ee1ad4d5c82df570676a43d72 - - default default] Successfully bumped revision number for resource ba99681f-10ed-4a26-925c-108157b5b2b7 (type: ports) to 1
2026-07-01 08:35:27.449 9 INFO neutron.wsgi [None req-bee3edaa-19f1-4feb-ade8-e83309e3b8dd 830f379eed814ce9a84de927b854b7d1 c8c1791ee1ad4d5c82df570676a43d72 - - default default] 10.0.0.170 "POST /v2.0/networks HTTP/1.1" status: 201 len: 1445 time: 1.5917108
2026-07-01 08:35:27.574 9 INFO neutron.wsgi [None req-167d4557-1bcd-4cb9-badc-9db0b2f13ce7 830f379eed814ce9a84de927b854b7d1 c8c1791ee1ad4d5c82df570676a43d72 - - default default] 10.0.0.170 "GET /v2.0/networks HTTP/1.1" status: 200 len: 2051 time: 0.1196055
2026-07-01 08:35:27.960 9 INFO neutron.services.segments.plugin [-] Segment e383aa55-4c2c-4533-a120-154b159f9166 resource provider aggregate not found
2026-07-01 08:35:27.969 9 INFO neutron.services.segments.plugin [-] Segment e383aa55-4c2c-4533-a120-154b159f9166 resource provider aggregate not found
2026-07-01 08:35:27.974 10 INFO neutron.db.ovn_revision_numbers_db [None req-9fa63b0f-398a-42fd-9bcc-d69d1cbf97a6 275305560ff2488aa0068b872cabd664 70f7ffc7c4e345cd9129a4b9282b0f5f - - default default] Successfully bumped revision number for resource 1dbaca30-ff56-4c6a-a9c2-dc0a64f5cd67 (type: security_groups) to 1
2026-07-01 08:35:27.986 9 INFO neutron.services.segments.plugin [-] Segment e383aa55-4c2c-4533-a120-154b159f9166 resource provider not found; error: Placement Client Error (4xx): {"errors": [{"status": 404, "title": "Not Found", "detail": "The resource could not be found.\n\n No resource provider with uuid e383aa55-4c2c-4533-a120-154b159f9166 found for delete ", "request_id": "req-4b0de214-a188-42e8-aff0-c5763a7fed28"}]}
2026-07-01 08:35:27.987 9 INFO neutron.services.segments.plugin [-] Segment e383aa55-4c2c-4533-a120-154b159f9166 resource provider not found; error: Placement Client Error (4xx): {"errors": [{"status": 404, "title": "Not Found", "detail": "The resource could not be found.\n\n No resource provider with uuid e383aa55-4c2c-4533-a120-154b159f9166 found for delete ", "request_id": "req-fe268159-5162-4222-bfcb-f9d8d5aa946e"}]}
2026-07-01 08:35:28.001 10 INFO neutron.db.ovn_revision_numbers_db [None req-9fa63b0f-398a-42fd-9bcc-d69d1cbf97a6 275305560ff2488aa0068b872cabd664 70f7ffc7c4e345cd9129a4b9282b0f5f - - default default] Successfully bumped revision number for resource 20900324-3825-443e-a6fe-dfbb4dfae8e5 (type: security_group_rules) to 0
2026-07-01 08:35:28.012 9 INFO neutron.wsgi [None req-62573312-910c-4467-8a78-e04d33290297 830f379eed814ce9a84de927b854b7d1 c8c1791ee1ad4d5c82df570676a43d72 - - default default] 10.0.0.170 "DELETE /v2.0/networks/eabbd6d9-5cb1-4a8f-912b-85f3770052ba HTTP/1.1" status: 204 len: 168 time: 0.4316237
2026-07-01 08:35:28.027 10 INFO neutron.db.ovn_revision_numbers_db [None req-9fa63b0f-398a-42fd-9bcc-d69d1cbf97a6 275305560ff2488aa0068b872cabd664 70f7ffc7c4e345cd9129a4b9282b0f5f - - default default] Successfully bumped revision number for resource 34a33e0b-021c-43b4-a279-b7addbb9d4d0 (type: security_group_rules) to 0
2026-07-01 08:35:28.043 10 INFO neutron.db.ovn_revision_numbers_db [None req-9fa63b0f-398a-42fd-9bcc-d69d1cbf97a6 275305560ff2488aa0068b872cabd664 70f7ffc7c4e345cd9129a4b9282b0f5f - - default default] Successfully bumped revision number for resource 5cbf5b4b-7741-4368-9d9b-1eae591c67f8 (type: security_group_rules) to 0
2026-07-01 08:35:28.064 10 INFO neutron.db.ovn_revision_numbers_db [None req-9fa63b0f-398a-42fd-9bcc-d69d1cbf97a6 275305560ff2488aa0068b872cabd664 70f7ffc7c4e345cd9129a4b9282b0f5f - - default default] Successfully bumped revision number for resource f0484711-4722-4acc-823b-b00e76cf6883 (type: security_group_rules) to 0
2026-07-01 08:35:28.101 10 INFO neutron.wsgi [None req-9fa63b0f-398a-42fd-9bcc-d69d1cbf97a6 275305560ff2488aa0068b872cabd664 70f7ffc7c4e345cd9129a4b9282b0f5f - - default default] 10.0.0.170 "GET /v2.0/security-groups?tenant_id=8869721794cf46918ce69930582bdac3&name=default HTTP/1.1" status: 200 len: 2996 time: 0.4405782
2026-07-01 08:35:28.146 9 INFO neutron.plugins.ml2.drivers.ovn.mech_driver.mech_driver [None req-17ab10d5-9439-411f-8745-9887d4c5b955 - - - - - -] OVN reports status up for port: 90fce57c-7acd-42a9-8b89-5e8447b65ad5
2026-07-01 08:35:28.162 9 INFO neutron.plugins.ml2.drivers.ovn.mech_driver.ovsdb.ovsdb_monitor [None req-b15ab757-b9da-4a36-872f-c91698e63cc3 - - - - - -] Router f9d39fa5-553b-41aa-a6b9-52462dac0102 is bound to host instance
2026-07-01 08:35:28.166 9 INFO neutron.plugins.ml2.plugin [None req-17ab10d5-9439-411f-8745-9887d4c5b955 - - - - - -] Attempt 1 to provision port 90fce57c-7acd-42a9-8b89-5e8447b65ad5
2026-07-01 08:35:28.167 10 INFO neutron.db.ovn_revision_numbers_db [None req-b3f64532-4ee6-42a6-b1e5-eedc1b6d2e3c 275305560ff2488aa0068b872cabd664 70f7ffc7c4e345cd9129a4b9282b0f5f - - default default] Successfully bumped revision number for resource 90fce57c-7acd-42a9-8b89-5e8447b65ad5 (type: router_ports) to 1
2026-07-01 08:35:28.236 10 INFO neutron.db.ovn_revision_numbers_db [None req-b3f64532-4ee6-42a6-b1e5-eedc1b6d2e3c 275305560ff2488aa0068b872cabd664 70f7ffc7c4e345cd9129a4b9282b0f5f - - default default] Successfully bumped revision number for resource f9d39fa5-553b-41aa-a6b9-52462dac0102 (type: routers) to 2
2026-07-01 08:35:28.252 10 INFO neutron.wsgi [None req-b3f64532-4ee6-42a6-b1e5-eedc1b6d2e3c 275305560ff2488aa0068b872cabd664 70f7ffc7c4e345cd9129a4b9282b0f5f - - default default] 10.0.0.170 "POST /v2.0/routers HTTP/1.1" status: 201 len: 870 time: 1.6529708
2026-07-01 08:35:28.555 9 INFO neutron.wsgi [None req-48108ba2-f15b-4f1c-9f51-f072c84bc276 275305560ff2488aa0068b872cabd664 70f7ffc7c4e345cd9129a4b9282b0f5f - - default default] 10.0.0.170 "DELETE /v2.0/security-groups/1dbaca30-ff56-4c6a-a9c2-dc0a64f5cd67 HTTP/1.1" status: 204 len: 168 time: 0.4487545
2026-07-01 08:35:28.596 9 INFO neutron.wsgi [None req-cc1e23e6-b6ca-4896-9714-d85924f952a7 830f379eed814ce9a84de927b854b7d1 c8c1791ee1ad4d5c82df570676a43d72 - - default default] 10.0.0.170 "DELETE /v2.0/networks/a34f98cb-c05d-4c46-b30c-64e230aeced9 HTTP/1.1" status: 204 len: 168 time: 0.5770791
2026-07-01 08:35:28.722 10 INFO neutron.wsgi [None req-875b1436-3193-4967-a386-b4e7e16cf661 830f379eed814ce9a84de927b854b7d1 c8c1791ee1ad4d5c82df570676a43d72 - - default default] 10.0.0.170 "GET /v2.0/networks HTTP/1.1" status: 200 len: 845 time: 0.1200871
2026-07-01 08:35:28.742 10 WARNING neutron.scheduler.dhcp_agent_scheduler [None req-4d063a45-66d9-4803-9aeb-67e6743aff6d 275305560ff2488aa0068b872cabd664 70f7ffc7c4e345cd9129a4b9282b0f5f - - default default] No more DHCP agents
2026-07-01 08:35:28.758 10 WARNING neutron.api.rpc.agentnotifiers.dhcp_rpc_agent_api [None req-4d063a45-66d9-4803-9aeb-67e6743aff6d 275305560ff2488aa0068b872cabd664 70f7ffc7c4e345cd9129a4b9282b0f5f - - default default] Unable to schedule network 9cf3fe75-d0d5-47c2-af61-38cfe514015d: no agents available; will retry on subsequent port and subnet creation events.
2026-07-01 08:35:28.841 9 INFO neutron.db.ovn_revision_numbers_db [None req-c2e8843f-ef8b-4615-af86-59c917f748ca 275305560ff2488aa0068b872cabd664 70f7ffc7c4e345cd9129a4b9282b0f5f - - default default] Successfully bumped revision number for resource cd6e44c5-b511-4f72-be10-f8b3da029731 (type: security_groups) to 1
2026-07-01 08:35:28.848 9 INFO neutron.db.segments_db [None req-9548ea30-892a-45a2-bdf5-5d889f4c68b5 830f379eed814ce9a84de927b854b7d1 c8c1791ee1ad4d5c82df570676a43d72 - - default default] Added segment aff0233d-fbfb-45fa-a109-644d944d7175 of type geneve for network e5322085-277e-47bf-b959-26cdca5281d8
2026-07-01 08:35:28.886 9 INFO neutron.db.ovn_revision_numbers_db [None req-c2e8843f-ef8b-4615-af86-59c917f748ca 275305560ff2488aa0068b872cabd664 70f7ffc7c4e345cd9129a4b9282b0f5f - - default default] Successfully bumped revision number for resource 01095899-3211-40e4-b32c-266d54c0316a (type: security_group_rules) to 0
2026-07-01 08:35:28.931 9 INFO neutron.db.ovn_revision_numbers_db [None req-c2e8843f-ef8b-4615-af86-59c917f748ca 275305560ff2488aa0068b872cabd664 70f7ffc7c4e345cd9129a4b9282b0f5f - - default default] Successfully bumped revision number for resource c35175f4-1000-471c-a8d9-00dce1179d90 (type: security_group_rules) to 0
2026-07-01 08:35:28.939 10 INFO neutron.db.ovn_revision_numbers_db [None req-4d063a45-66d9-4803-9aeb-67e6743aff6d 275305560ff2488aa0068b872cabd664 70f7ffc7c4e345cd9129a4b9282b0f5f - - default default] Successfully bumped revision number for resource 81e8683e-55d7-4111-87cd-749fe9a38657 (type: ports) to 1
2026-07-01 08:35:28.960 9 INFO neutron.db.ovn_revision_numbers_db [None req-c2e8843f-ef8b-4615-af86-59c917f748ca 275305560ff2488aa0068b872cabd664 70f7ffc7c4e345cd9129a4b9282b0f5f - - default default] Successfully bumped revision number for resource d0ac5fbd-c916-4b07-92c6-8a4f6f95f433 (type: security_group_rules) to 0
2026-07-01 08:35:29.003 9 INFO neutron.db.ovn_revision_numbers_db [None req-c2e8843f-ef8b-4615-af86-59c917f748ca 275305560ff2488aa0068b872cabd664 70f7ffc7c4e345cd9129a4b9282b0f5f - - default default] Successfully bumped revision number for resource d5bd5655-e93a-455c-b356-096c2ac182cd (type: security_group_rules) to 0
2026-07-01 08:35:29.063 9 INFO neutron.wsgi [None req-c2e8843f-ef8b-4615-af86-59c917f748ca 275305560ff2488aa0068b872cabd664 70f7ffc7c4e345cd9129a4b9282b0f5f - - default default] 10.0.0.170 "GET /v2.0/security-groups?tenant_id=95f49db8d47d41c2a5eed5ccb6e8eef1&name=default HTTP/1.1" status: 200 len: 2996 time: 0.4031117
2026-07-01 08:35:29.064 9 INFO neutron.db.ovn_revision_numbers_db [None req-b15ab757-b9da-4a36-872f-c91698e63cc3 - - - - - -] Successfully bumped revision number for resource 90fce57c-7acd-42a9-8b89-5e8447b65ad5 (type: ports) to 1
2026-07-01 08:35:29.074 9 INFO neutron.db.ovn_revision_numbers_db [None req-9548ea30-892a-45a2-bdf5-5d889f4c68b5 830f379eed814ce9a84de927b854b7d1 c8c1791ee1ad4d5c82df570676a43d72 - - default default] Successfully bumped revision number for resource e5322085-277e-47bf-b959-26cdca5281d8 (type: networks) to 1
2026-07-01 08:35:29.354 9 WARNING neutron.scheduler.dhcp_agent_scheduler [None req-9548ea30-892a-45a2-bdf5-5d889f4c68b5 830f379eed814ce9a84de927b854b7d1 c8c1791ee1ad4d5c82df570676a43d72 - - default default] No more DHCP agents
2026-07-01 08:35:29.358 9 WARNING neutron.api.rpc.agentnotifiers.dhcp_rpc_agent_api [None req-9548ea30-892a-45a2-bdf5-5d889f4c68b5 830f379eed814ce9a84de927b854b7d1 c8c1791ee1ad4d5c82df570676a43d72 - - default default] Unable to schedule network e5322085-277e-47bf-b959-26cdca5281d8: no agents available; will retry on subsequent port and subnet creation events.
2026-07-01 08:35:29.405 10 INFO neutron.plugins.ml2.drivers.ovn.mech_driver.mech_driver [None req-082ab5e4-522b-4889-97e6-daa04ebc9f95 - - - - - -] OVN reports status up for port: 81e8683e-55d7-4111-87cd-749fe9a38657
2026-07-01 08:35:29.416 10 INFO neutron.plugins.ml2.plugin [None req-082ab5e4-522b-4889-97e6-daa04ebc9f95 - - - - - -] Attempt 1 to provision port 81e8683e-55d7-4111-87cd-749fe9a38657
2026-07-01 08:35:29.436 10 INFO neutron.db.ovn_revision_numbers_db [None req-4d063a45-66d9-4803-9aeb-67e6743aff6d 275305560ff2488aa0068b872cabd664 70f7ffc7c4e345cd9129a4b9282b0f5f - - default default] Successfully bumped revision number for resource 81e8683e-55d7-4111-87cd-749fe9a38657 (type: router_ports) to 1
2026-07-01 08:35:29.483 9 INFO neutron.db.ovn_revision_numbers_db [None req-9548ea30-892a-45a2-bdf5-5d889f4c68b5 830f379eed814ce9a84de927b854b7d1 c8c1791ee1ad4d5c82df570676a43d72 - - default default] Successfully bumped revision number for resource 4ab95b3a-7a5c-4002-a60c-030aa34f5e1d (type: ports) to 1
2026-07-01 08:35:29.635 10 INFO neutron.db.ovn_revision_numbers_db [None req-4d063a45-66d9-4803-9aeb-67e6743aff6d 275305560ff2488aa0068b872cabd664 70f7ffc7c4e345cd9129a4b9282b0f5f - - default default] Successfully bumped revision number for resource 81e8683e-55d7-4111-87cd-749fe9a38657 (type: ports) to 1
2026-07-01 08:35:29.691 9 INFO neutron.wsgi [None req-9548ea30-892a-45a2-bdf5-5d889f4c68b5 830f379eed814ce9a84de927b854b7d1 c8c1791ee1ad4d5c82df570676a43d72 - - default default] 10.0.0.170 "POST /v2.0/networks HTTP/1.1" status: 201 len: 852 time: 0.9573905
2026-07-01 08:35:29.734 9 INFO neutron.wsgi [None req-28958957-cecc-46b6-9187-1e7a87fda3d8 275305560ff2488aa0068b872cabd664 70f7ffc7c4e345cd9129a4b9282b0f5f - - default default] 10.0.0.170 "DELETE /v2.0/security-groups/cd6e44c5-b511-4f72-be10-f8b3da029731 HTTP/1.1" status: 204 len: 168 time: 0.6612561
2026-07-01 08:35:29.737 10 WARNING neutron.scheduler.dhcp_agent_scheduler [None req-4d063a45-66d9-4803-9aeb-67e6743aff6d 275305560ff2488aa0068b872cabd664 70f7ffc7c4e345cd9129a4b9282b0f5f - - default default] No more DHCP agents
2026-07-01 08:35:29.739 10 WARNING neutron.api.rpc.agentnotifiers.dhcp_rpc_agent_api [None req-4d063a45-66d9-4803-9aeb-67e6743aff6d 275305560ff2488aa0068b872cabd664 70f7ffc7c4e345cd9129a4b9282b0f5f - - default default] Unable to schedule network 9cf3fe75-d0d5-47c2-af61-38cfe514015d: no agents available; will retry on subsequent port and subnet creation events.
2026-07-01 08:35:29.741 10 INFO neutron.db.ovn_revision_numbers_db [None req-082ab5e4-522b-4889-97e6-daa04ebc9f95 - - - - - -] Successfully bumped revision number for resource 81e8683e-55d7-4111-87cd-749fe9a38657 (type: ports) to 2
2026-07-01 08:35:29.754 9 INFO neutron.db.ovn_revision_numbers_db [None req-b15ab757-b9da-4a36-872f-c91698e63cc3 - - - - - -] Successfully bumped revision number for resource 90fce57c-7acd-42a9-8b89-5e8447b65ad5 (type: router_ports) to 3
2026-07-01 08:35:29.801 9 INFO neutron.db.segments_db [None req-f7033bab-9f09-46d1-b0a2-b0c190f421b6 830f379eed814ce9a84de927b854b7d1 c8c1791ee1ad4d5c82df570676a43d72 - - default default] Added segment dfb607f1-4997-435f-820e-8fbc3e5f6305 of type geneve for network 58bb43ce-2e9d-4752-91f8-291c56daf318
2026-07-01 08:35:29.951 10 INFO neutron.db.ovn_revision_numbers_db [None req-082ab5e4-522b-4889-97e6-daa04ebc9f95 - - - - - -] Successfully bumped revision number for resource 81e8683e-55d7-4111-87cd-749fe9a38657 (type: router_ports) to 2
2026-07-01 08:35:29.969 9 INFO neutron.db.ovn_revision_numbers_db [None req-f7033bab-9f09-46d1-b0a2-b0c190f421b6 830f379eed814ce9a84de927b854b7d1 c8c1791ee1ad4d5c82df570676a43d72 - - default default] Successfully bumped revision number for resource 58bb43ce-2e9d-4752-91f8-291c56daf318 (type: networks) to 1
2026-07-01 08:35:29.978 9 INFO neutron.db.ovn_revision_numbers_db [None req-b15ab757-b9da-4a36-872f-c91698e63cc3 - - - - - -] Successfully bumped revision number for resource 90fce57c-7acd-42a9-8b89-5e8447b65ad5 (type: ports) to 2
2026-07-01 08:35:30.013 9 INFO neutron.services.segments.plugin [-] Segment cf2b6f23-3fc3-4bfa-b03f-d2a89057c6a6 resource provider aggregate not found
2026-07-01 08:35:30.018 9 INFO neutron.services.segments.plugin [-] Segment cf2b6f23-3fc3-4bfa-b03f-d2a89057c6a6 resource provider aggregate not found
2026-07-01 08:35:30.041 9 INFO neutron.services.segments.plugin [-] Segment cf2b6f23-3fc3-4bfa-b03f-d2a89057c6a6 resource provider not found; error: Placement Client Error (4xx): {"errors": [{"status": 404, "title": "Not Found", "detail": "The resource could not be found.\n\n No resource provider with uuid cf2b6f23-3fc3-4bfa-b03f-d2a89057c6a6 found for delete ", "request_id": "req-a64c75bc-9ff8-47dd-8ce3-694c10c3f43d"}]}
2026-07-01 08:35:30.044 9 INFO neutron.services.segments.plugin [-] Segment cf2b6f23-3fc3-4bfa-b03f-d2a89057c6a6 resource provider not found; error: Placement Client Error (4xx): {"errors": [{"status": 404, "title": "Not Found", "detail": "The resource could not be found.\n\n No resource provider with uuid cf2b6f23-3fc3-4bfa-b03f-d2a89057c6a6 found for delete ", "request_id": "req-42849e80-7262-4988-b248-88966d01ca9f"}]}
2026-07-01 08:35:30.206 9 WARNING neutron.scheduler.dhcp_agent_scheduler [None req-f7033bab-9f09-46d1-b0a2-b0c190f421b6 830f379eed814ce9a84de927b854b7d1 c8c1791ee1ad4d5c82df570676a43d72 - - default default] No more DHCP agents
2026-07-01 08:35:30.214 9 WARNING neutron.api.rpc.agentnotifiers.dhcp_rpc_agent_api [None req-f7033bab-9f09-46d1-b0a2-b0c190f421b6 830f379eed814ce9a84de927b854b7d1 c8c1791ee1ad4d5c82df570676a43d72 - - default default] Unable to schedule network 58bb43ce-2e9d-4752-91f8-291c56daf318: no agents available; will retry on subsequent port and subnet creation events.
2026-07-01 08:35:30.324 9 INFO neutron.db.ovn_revision_numbers_db [None req-f7033bab-9f09-46d1-b0a2-b0c190f421b6 830f379eed814ce9a84de927b854b7d1 c8c1791ee1ad4d5c82df570676a43d72 - - default default] Successfully bumped revision number for resource d29e104c-7762-4d92-a85b-a51ffdea9411 (type: ports) to 1
2026-07-01 08:35:30.360 9 INFO neutron.db.ovn_revision_numbers_db [None req-b15ab757-b9da-4a36-872f-c91698e63cc3 - - - - - -] Successfully bumped revision number for resource 90fce57c-7acd-42a9-8b89-5e8447b65ad5 (type: ports) to 4
2026-07-01 08:35:30.364 9 INFO neutron.wsgi [None req-f7033bab-9f09-46d1-b0a2-b0c190f421b6 830f379eed814ce9a84de927b854b7d1 c8c1791ee1ad4d5c82df570676a43d72 - - default default] 10.0.0.170 "POST /v2.0/networks HTTP/1.1" status: 201 len: 853 time: 0.6668205
2026-07-01 08:35:30.372 10 INFO neutron.db.ovn_revision_numbers_db [None req-4d063a45-66d9-4803-9aeb-67e6743aff6d 275305560ff2488aa0068b872cabd664 70f7ffc7c4e345cd9129a4b9282b0f5f - - default default] Successfully bumped revision number for resource 81e8683e-55d7-4111-87cd-749fe9a38657 (type: router_ports) to 2
2026-07-01 08:35:30.375 10 INFO neutron.wsgi [None req-4d063a45-66d9-4803-9aeb-67e6743aff6d 275305560ff2488aa0068b872cabd664 70f7ffc7c4e345cd9129a4b9282b0f5f - - default default] 10.0.0.170 "PUT /v2.0/routers/f9d39fa5-553b-41aa-a6b9-52462dac0102/add_router_interface HTTP/1.1" status: 200 len: 503 time: 2.1179581
2026-07-01 08:35:30.701 9 INFO neutron.db.ovn_revision_numbers_db [None req-b15ab757-b9da-4a36-872f-c91698e63cc3 - - - - - -] Successfully bumped revision number for resource 90fce57c-7acd-42a9-8b89-5e8447b65ad5 (type: router_ports) to 4
2026-07-01 08:35:30.897 9 WARNING neutron.scheduler.dhcp_agent_scheduler [None req-14f13fbf-301c-470b-bdb5-41b341f7c71b 830f379eed814ce9a84de927b854b7d1 c8c1791ee1ad4d5c82df570676a43d72 - - default default] No more DHCP agents
2026-07-01 08:35:30.899 9 WARNING neutron.api.rpc.agentnotifiers.dhcp_rpc_agent_api [None req-14f13fbf-301c-470b-bdb5-41b341f7c71b 830f379eed814ce9a84de927b854b7d1 c8c1791ee1ad4d5c82df570676a43d72 - - default default] Unable to schedule network e5322085-277e-47bf-b959-26cdca5281d8: no agents available; will retry on subsequent port and subnet creation events.
2026-07-01 08:35:30.982 9 INFO neutron.db.ovn_revision_numbers_db [None req-14f13fbf-301c-470b-bdb5-41b341f7c71b 830f379eed814ce9a84de927b854b7d1 c8c1791ee1ad4d5c82df570676a43d72 - - default default] Successfully bumped revision number for resource 3a10bafc-d8d5-4c58-b620-cb9fdf09f0ef (type: ports) to 1
2026-07-01 08:35:31.010 9 WARNING neutron.scheduler.dhcp_agent_scheduler [None req-14f13fbf-301c-470b-bdb5-41b341f7c71b 830f379eed814ce9a84de927b854b7d1 c8c1791ee1ad4d5c82df570676a43d72 - - default default] No more DHCP agents
2026-07-01 08:35:31.012 9 WARNING neutron.api.rpc.agentnotifiers.dhcp_rpc_agent_api [None req-14f13fbf-301c-470b-bdb5-41b341f7c71b 830f379eed814ce9a84de927b854b7d1 c8c1791ee1ad4d5c82df570676a43d72 - - default default] Unable to schedule network 58bb43ce-2e9d-4752-91f8-291c56daf318: no agents available; will retry on subsequent port and subnet creation events.
