2026-07-01 08:36:35.449 9 INFO neutron.wsgi [None req-b17b0674-1b3f-4749-944d-61d644950dc3 e849cd5197ca4a809b701c93f4267077 5a7a96cf564a4c38a085f5ad195d8846 - - default default] 10.0.0.170 "DELETE /v2.0/routers/e550449d-8f2a-48ab-a41d-b3ad9b5306b6 HTTP/1.1" status: 204 len: 168 time: 0.4352987
2026-07-01 08:36:35.626 10 INFO neutron.wsgi [None req-9651b7db-3c90-4f43-9c4a-f3dde161b211 66b7bed613294c24aa3d6ff459b3f0f3 f71417a55a85483c9198a1a62bbbaeb4 - - default default] 10.0.0.205 "GET /v2.0/extensions HTTP/1.1" status: 200 len: 16525 time: 0.0095928
2026-07-01 08:36:35.725 9 INFO neutron.wsgi [None req-0fac11f2-12e4-4225-bf7a-5aff58501a60 e849cd5197ca4a809b701c93f4267077 5a7a96cf564a4c38a085f5ad195d8846 - - default default] 10.0.0.170 "DELETE /v2.0/subnets/6f06e051-0eb7-436e-8e3a-f6a202d84b0e HTTP/1.1" status: 204 len: 168 time: 0.2645562
2026-07-01 08:36:35.791 10 INFO neutron.wsgi [None req-0a08b6ba-e5b9-48f3-8449-d17811f2b587 275305560ff2488aa0068b872cabd664 70f7ffc7c4e345cd9129a4b9282b0f5f - - default default] 10.0.0.83 "GET /v2.0/networks HTTP/1.1" status: 200 len: 3055 time: 0.3631666
2026-07-01 08:36:35.837 10 INFO neutron.wsgi [None req-a12d8f08-335b-4648-9119-a21f7e2870bd 66b7bed613294c24aa3d6ff459b3f0f3 f71417a55a85483c9198a1a62bbbaeb4 - - default default] 10.0.0.205 "GET /v2.0/quotas/f71417a55a85483c9198a1a62bbbaeb4/details HTTP/1.1" status: 200 len: 756 time: 0.1844501
2026-07-01 08:36:35.884 10 INFO neutron.wsgi [None req-4ccba28e-3aa3-41ee-9c21-9d6efa6ae5b9 275305560ff2488aa0068b872cabd664 70f7ffc7c4e345cd9129a4b9282b0f5f - - default default] 10.0.0.83 "GET /v2.0/subnets HTTP/1.1" status: 200 len: 1437 time: 0.0889852
2026-07-01 08:36:35.908 10 INFO neutron.wsgi [None req-5cc4a09a-aad1-40ab-a76a-a04118f69c37 275305560ff2488aa0068b872cabd664 70f7ffc7c4e345cd9129a4b9282b0f5f - - default default] 10.0.0.83 "GET /v2.0/subnetpools HTTP/1.1" status: 200 len: 193 time: 0.0208335
2026-07-01 08:36:35.939 10 INFO neutron.wsgi [None req-c3264b78-e060-4622-bb0f-226bd5d1f318 275305560ff2488aa0068b872cabd664 70f7ffc7c4e345cd9129a4b9282b0f5f - - default default] 10.0.0.83 "GET /v2.0/subnets HTTP/1.1" status: 200 len: 1437 time: 0.0306902
2026-07-01 08:36:35.951 10 INFO neutron.wsgi [None req-9633dad2-2b9e-4481-a255-9a7f74781a69 275305560ff2488aa0068b872cabd664 70f7ffc7c4e345cd9129a4b9282b0f5f - - default default] 10.0.0.83 "GET /v2.0/network-ip-availabilities HTTP/1.1" status: 200 len: 1546 time: 0.0103662
2026-07-01 08:36:35.971 10 INFO neutron.wsgi [None req-e331eb22-a538-4bb3-8008-bfc570728086 275305560ff2488aa0068b872cabd664 70f7ffc7c4e345cd9129a4b9282b0f5f - - default default] 10.0.0.83 "GET /v2.0/floatingips HTTP/1.1" status: 200 len: 193 time: 0.0187013
2026-07-01 08:36:35.991 10 INFO neutron.wsgi [None req-e15f4633-e283-4512-a553-7288ab6715af 275305560ff2488aa0068b872cabd664 70f7ffc7c4e345cd9129a4b9282b0f5f - - default default] 10.0.0.83 "GET /v2.0/routers HTTP/1.1" status: 200 len: 189 time: 0.0194905
2026-07-01 08:36:35.999 10 INFO neutron.wsgi [None req-a21a549d-ee54-4c35-9861-a74318b9f580 275305560ff2488aa0068b872cabd664 70f7ffc7c4e345cd9129a4b9282b0f5f - - default default] 10.0.0.83 "GET /v2.0/agents?binary=ovn-controller HTTP/1.1" status: 200 len: 591 time: 0.0078099
2026-07-01 08:36:36.009 10 INFO neutron.wsgi [None req-a48d1a42-7f82-4bf9-acd6-6783c5216967 275305560ff2488aa0068b872cabd664 70f7ffc7c4e345cd9129a4b9282b0f5f - - default default] 10.0.0.83 "GET /v2.0/agents HTTP/1.1" status: 200 len: 997 time: 0.0095930
2026-07-01 08:36:36.072 10 INFO neutron.wsgi [None req-6a5c969d-73c9-4699-99a9-19ccd443de41 275305560ff2488aa0068b872cabd664 70f7ffc7c4e345cd9129a4b9282b0f5f - - default default] 10.0.0.83 "GET /v2.0/security-groups HTTP/1.1" status: 200 len: 19575 time: 0.0618043
2026-07-01 08:36:36.114 10 INFO neutron.wsgi [None req-6c3ed72a-a0cf-4b94-aabc-303490c66ff8 275305560ff2488aa0068b872cabd664 70f7ffc7c4e345cd9129a4b9282b0f5f - - default default] 10.0.0.83 "GET /v2.0/ports HTTP/1.1" status: 200 len: 5343 time: 0.0375772
2026-07-01 08:36:36.151 9 INFO neutron.services.segments.plugin [-] Segment e45aaa57-d1b4-43af-a47e-51077efce753 resource provider aggregate not found
2026-07-01 08:36:36.157 9 INFO neutron.services.segments.plugin [-] Segment e45aaa57-d1b4-43af-a47e-51077efce753 resource provider aggregate not found
2026-07-01 08:36:36.175 9 INFO neutron.services.segments.plugin [-] Segment e45aaa57-d1b4-43af-a47e-51077efce753 resource provider not found; error: Placement Client Error (4xx): {"errors": [{"status": 404, "title": "Not Found", "detail": "The resource could not be found.\n\n No resource provider with uuid e45aaa57-d1b4-43af-a47e-51077efce753 found for delete ", "request_id": "req-19069ff8-bc60-4909-bc6c-4bec44a9a883"}]}
2026-07-01 08:36:36.187 9 INFO neutron.services.segments.plugin [-] Segment e45aaa57-d1b4-43af-a47e-51077efce753 resource provider not found; error: Placement Client Error (4xx): {"errors": [{"status": 404, "title": "Not Found", "detail": "The resource could not be found.\n\n No resource provider with uuid e45aaa57-d1b4-43af-a47e-51077efce753 found for delete ", "request_id": "req-f30ac596-7ed0-4b8e-8eba-e2a283736e06"}]}
2026-07-01 08:36:36.217 9 INFO neutron.wsgi [None req-5821b1d9-e896-46e7-a3b3-5c99cc6e45b5 e849cd5197ca4a809b701c93f4267077 5a7a96cf564a4c38a085f5ad195d8846 - - default default] 10.0.0.170 "DELETE /v2.0/networks/0da36cda-f07f-4d25-83e3-39fc36cb863d HTTP/1.1" status: 204 len: 168 time: 0.4856708
2026-07-01 08:36:36.702 10 WARNING neutron.scheduler.dhcp_agent_scheduler [None req-db7426a1-2732-4237-bbbb-0335ed0dd723 e849cd5197ca4a809b701c93f4267077 5a7a96cf564a4c38a085f5ad195d8846 - - default default] No more DHCP agents
2026-07-01 08:36:36.705 10 WARNING neutron.api.rpc.agentnotifiers.dhcp_rpc_agent_api [None req-db7426a1-2732-4237-bbbb-0335ed0dd723 e849cd5197ca4a809b701c93f4267077 5a7a96cf564a4c38a085f5ad195d8846 - - default default] Unable to schedule network 71be9c22-9137-46f4-bb67-4045b8ca23fa: no agents available; will retry on subsequent port and subnet creation events.
2026-07-01 08:36:36.852 10 INFO neutron.db.ovn_revision_numbers_db [None req-587dbca5-ed3b-4994-b779-700a8d07254c 275305560ff2488aa0068b872cabd664 70f7ffc7c4e345cd9129a4b9282b0f5f - - default default] Successfully bumped revision number for resource ff47ae31-8917-4159-8891-82ce77bdc949 (type: security_groups) to 1
2026-07-01 08:36:36.864 10 INFO neutron.db.ovn_revision_numbers_db [None req-db7426a1-2732-4237-bbbb-0335ed0dd723 e849cd5197ca4a809b701c93f4267077 5a7a96cf564a4c38a085f5ad195d8846 - - default default] Successfully bumped revision number for resource 01189f14-53d4-4d51-a6e8-d70bdfc26b6c (type: ports) to 1
2026-07-01 08:36:36.867 10 INFO neutron.db.ovn_revision_numbers_db [None req-587dbca5-ed3b-4994-b779-700a8d07254c 275305560ff2488aa0068b872cabd664 70f7ffc7c4e345cd9129a4b9282b0f5f - - default default] Successfully bumped revision number for resource 1748ef08-753f-4deb-8fce-02e620d7ff6f (type: security_group_rules) to 0
2026-07-01 08:36:36.903 10 INFO neutron.db.ovn_revision_numbers_db [None req-587dbca5-ed3b-4994-b779-700a8d07254c 275305560ff2488aa0068b872cabd664 70f7ffc7c4e345cd9129a4b9282b0f5f - - default default] Successfully bumped revision number for resource 2124dd9e-13fb-4093-a9dc-61d084b7e083 (type: security_group_rules) to 0
2026-07-01 08:36:36.921 10 INFO neutron.db.ovn_revision_numbers_db [None req-587dbca5-ed3b-4994-b779-700a8d07254c 275305560ff2488aa0068b872cabd664 70f7ffc7c4e345cd9129a4b9282b0f5f - - default default] Successfully bumped revision number for resource 7928f127-27ef-4008-bbed-ceacee3251eb (type: security_group_rules) to 0
2026-07-01 08:36:36.946 10 INFO neutron.db.ovn_revision_numbers_db [None req-587dbca5-ed3b-4994-b779-700a8d07254c 275305560ff2488aa0068b872cabd664 70f7ffc7c4e345cd9129a4b9282b0f5f - - default default] Successfully bumped revision number for resource d3adb568-d353-47fd-b2bf-4b4450981d36 (type: security_group_rules) to 0
2026-07-01 08:36:36.980 10 INFO neutron.wsgi [None req-587dbca5-ed3b-4994-b779-700a8d07254c 275305560ff2488aa0068b872cabd664 70f7ffc7c4e345cd9129a4b9282b0f5f - - default default] 10.0.0.170 "GET /v2.0/security-groups?tenant_id=8368ceeadb3e460f9ede06cac8f73d6f&name=default HTTP/1.1" status: 200 len: 2996 time: 0.4889927
2026-07-01 08:36:37.263 10 INFO neutron.wsgi [None req-82b09ff2-9a61-42cf-a65a-d55a449a04ad 275305560ff2488aa0068b872cabd664 70f7ffc7c4e345cd9129a4b9282b0f5f - - default default] 10.0.0.170 "DELETE /v2.0/security-groups/ff47ae31-8917-4159-8891-82ce77bdc949 HTTP/1.1" status: 204 len: 168 time: 0.2779629
2026-07-01 08:36:37.447 9 INFO neutron.plugins.ml2.drivers.ovn.mech_driver.mech_driver [None req-17ab10d5-9439-411f-8745-9887d4c5b955 - - - - - -] OVN reports status up for port: 01189f14-53d4-4d51-a6e8-d70bdfc26b6c
2026-07-01 08:36:37.454 9 INFO neutron.plugins.ml2.plugin [None req-17ab10d5-9439-411f-8745-9887d4c5b955 - - - - - -] Attempt 1 to provision port 01189f14-53d4-4d51-a6e8-d70bdfc26b6c
2026-07-01 08:36:37.754 10 INFO neutron.db.ovn_revision_numbers_db [None req-db7426a1-2732-4237-bbbb-0335ed0dd723 e849cd5197ca4a809b701c93f4267077 5a7a96cf564a4c38a085f5ad195d8846 - - default default] Successfully bumped revision number for resource 01189f14-53d4-4d51-a6e8-d70bdfc26b6c (type: router_ports) to 1
2026-07-01 08:36:37.821 10 INFO neutron.db.ovn_revision_numbers_db [None req-1cbe74a4-1fd5-46ad-9820-0bd55df5a427 275305560ff2488aa0068b872cabd664 70f7ffc7c4e345cd9129a4b9282b0f5f - - default default] Successfully bumped revision number for resource 0079719b-aff7-486a-9083-efc19e538f39 (type: security_groups) to 1
2026-07-01 08:36:37.823 10 INFO neutron.db.ovn_revision_numbers_db [None req-db7426a1-2732-4237-bbbb-0335ed0dd723 e849cd5197ca4a809b701c93f4267077 5a7a96cf564a4c38a085f5ad195d8846 - - default default] Successfully bumped revision number for resource 64c3c673-96b0-4158-8c68-dd0e9218cbf0 (type: routers) to 2
2026-07-01 08:36:37.836 10 INFO neutron.wsgi [None req-db7426a1-2732-4237-bbbb-0335ed0dd723 e849cd5197ca4a809b701c93f4267077 5a7a96cf564a4c38a085f5ad195d8846 - - default default] 10.0.0.170 "POST /v2.0/routers HTTP/1.1" status: 201 len: 868 time: 1.6127913
2026-07-01 08:36:37.837 10 INFO neutron.db.ovn_revision_numbers_db [None req-1cbe74a4-1fd5-46ad-9820-0bd55df5a427 275305560ff2488aa0068b872cabd664 70f7ffc7c4e345cd9129a4b9282b0f5f - - default default] Successfully bumped revision number for resource 1233541d-1287-4795-8a03-d66505686713 (type: security_group_rules) to 0
2026-07-01 08:36:37.851 10 INFO neutron.db.ovn_revision_numbers_db [None req-1cbe74a4-1fd5-46ad-9820-0bd55df5a427 275305560ff2488aa0068b872cabd664 70f7ffc7c4e345cd9129a4b9282b0f5f - - default default] Successfully bumped revision number for resource 3d35941c-0db5-42d3-ae63-34db195b805b (type: security_group_rules) to 0
2026-07-01 08:36:37.866 10 INFO neutron.db.ovn_revision_numbers_db [None req-1cbe74a4-1fd5-46ad-9820-0bd55df5a427 275305560ff2488aa0068b872cabd664 70f7ffc7c4e345cd9129a4b9282b0f5f - - default default] Successfully bumped revision number for resource 84e6a739-2533-4eef-b85b-e65dbafaa70d (type: security_group_rules) to 0
2026-07-01 08:36:37.882 10 INFO neutron.db.ovn_revision_numbers_db [None req-1cbe74a4-1fd5-46ad-9820-0bd55df5a427 275305560ff2488aa0068b872cabd664 70f7ffc7c4e345cd9129a4b9282b0f5f - - default default] Successfully bumped revision number for resource a486f001-cf46-448a-8c6b-1891d6f7e7db (type: security_group_rules) to 0
2026-07-01 08:36:37.906 10 INFO neutron.wsgi [None req-1cbe74a4-1fd5-46ad-9820-0bd55df5a427 275305560ff2488aa0068b872cabd664 70f7ffc7c4e345cd9129a4b9282b0f5f - - default default] 10.0.0.170 "GET /v2.0/security-groups?tenant_id=089dedc145c34429b9e73ea10e3b9d4f&name=default HTTP/1.1" status: 200 len: 2996 time: 0.5207932
2026-07-01 08:36:37.920 9 INFO neutron.wsgi [None req-88f2c982-117b-46df-a827-72e18f6f7903 e849cd5197ca4a809b701c93f4267077 5a7a96cf564a4c38a085f5ad195d8846 - - default default] 10.0.0.170 "GET /v2.0/routers/64c3c673-96b0-4158-8c68-dd0e9218cbf0 HTTP/1.1" status: 200 len: 869 time: 0.0789704
2026-07-01 08:36:37.997 9 INFO neutron.wsgi [None req-991f0bbf-8d81-46eb-8b5f-5f5cd84feb55 e849cd5197ca4a809b701c93f4267077 5a7a96cf564a4c38a085f5ad195d8846 - - default default] 10.0.0.170 "GET /v2.0/routers HTTP/1.1" status: 200 len: 872 time: 0.0721524
2026-07-01 08:36:38.160 9 INFO neutron.wsgi [None req-32bc2347-2ff6-439f-8e6a-f79c44a5a3c0 275305560ff2488aa0068b872cabd664 70f7ffc7c4e345cd9129a4b9282b0f5f - - default default] 10.0.0.170 "DELETE /v2.0/security-groups/0079719b-aff7-486a-9083-efc19e538f39 HTTP/1.1" status: 204 len: 168 time: 0.2500262
2026-07-01 08:36:38.434 10 INFO neutron.db.ovn_revision_numbers_db [None req-d44c2e08-ece7-45b2-aa94-783ea0018317 e849cd5197ca4a809b701c93f4267077 5a7a96cf564a4c38a085f5ad195d8846 - - default default] Successfully bumped revision number for resource 64c3c673-96b0-4158-8c68-dd0e9218cbf0 (type: routers) to 3
2026-07-01 08:36:38.437 10 INFO neutron.wsgi [None req-d44c2e08-ece7-45b2-aa94-783ea0018317 e849cd5197ca4a809b701c93f4267077 5a7a96cf564a4c38a085f5ad195d8846 - - default default] 10.0.0.170 "PUT /v2.0/routers/64c3c673-96b0-4158-8c68-dd0e9218cbf0 HTTP/1.1" status: 200 len: 876 time: 0.4347920
2026-07-01 08:36:38.514 10 INFO neutron.wsgi [None req-9a1e3c6d-dc58-4a04-b986-9ad3273548f5 e849cd5197ca4a809b701c93f4267077 5a7a96cf564a4c38a085f5ad195d8846 - - default default] 10.0.0.170 "GET /v2.0/routers/64c3c673-96b0-4158-8c68-dd0e9218cbf0 HTTP/1.1" status: 200 len: 876 time: 0.0720646
2026-07-01 08:36:38.540 10 INFO neutron.wsgi [None req-9a2a1660-f357-4f97-8353-e32d182cd668 e849cd5197ca4a809b701c93f4267077 5a7a96cf564a4c38a085f5ad195d8846 - - default default] 10.0.0.170 "GET /v2.0/ports?device_id=64c3c673-96b0-4158-8c68-dd0e9218cbf0 HTTP/1.1" status: 200 len: 205 time: 0.0212138
2026-07-01 08:36:38.758 10 INFO neutron.db.ovn_revision_numbers_db [None req-4f13235a-494c-4b25-9395-1f16233769ce 275305560ff2488aa0068b872cabd664 70f7ffc7c4e345cd9129a4b9282b0f5f - - default default] Successfully bumped revision number for resource 09cccb92-cc9f-40b0-be5c-78bae9dda906 (type: security_groups) to 1
2026-07-01 08:36:38.781 10 INFO neutron.db.ovn_revision_numbers_db [None req-4f13235a-494c-4b25-9395-1f16233769ce 275305560ff2488aa0068b872cabd664 70f7ffc7c4e345cd9129a4b9282b0f5f - - default default] Successfully bumped revision number for resource 4b60b721-abdc-4d91-8cc3-3cc3f42ed6c8 (type: security_group_rules) to 0
2026-07-01 08:36:38.802 10 INFO neutron.db.ovn_revision_numbers_db [None req-4f13235a-494c-4b25-9395-1f16233769ce 275305560ff2488aa0068b872cabd664 70f7ffc7c4e345cd9129a4b9282b0f5f - - default default] Successfully bumped revision number for resource 5431bfee-bcf2-4205-874b-24dc0d9a749a (type: security_group_rules) to 0
2026-07-01 08:36:38.839 10 INFO neutron.db.ovn_revision_numbers_db [None req-4f13235a-494c-4b25-9395-1f16233769ce 275305560ff2488aa0068b872cabd664 70f7ffc7c4e345cd9129a4b9282b0f5f - - default default] Successfully bumped revision number for resource a9ab829d-14dc-4ccd-b7a5-02aa3aace7ea (type: security_group_rules) to 0
2026-07-01 08:36:38.865 10 INFO neutron.db.ovn_revision_numbers_db [None req-4f13235a-494c-4b25-9395-1f16233769ce 275305560ff2488aa0068b872cabd664 70f7ffc7c4e345cd9129a4b9282b0f5f - - default default] Successfully bumped revision number for resource e2076b94-701b-43c7-b11b-835fd90a3e5c (type: security_group_rules) to 0
2026-07-01 08:36:38.904 10 INFO neutron.wsgi [None req-4f13235a-494c-4b25-9395-1f16233769ce 275305560ff2488aa0068b872cabd664 70f7ffc7c4e345cd9129a4b9282b0f5f - - default default] 10.0.0.170 "GET /v2.0/security-groups?tenant_id=f71417a55a85483c9198a1a62bbbaeb4&name=default HTTP/1.1" status: 200 len: 2996 time: 0.4906971
2026-07-01 08:36:39.117 9 INFO neutron.wsgi [None req-a923c9de-bfb2-4842-8fd0-ab94dcb8fb23 275305560ff2488aa0068b872cabd664 70f7ffc7c4e345cd9129a4b9282b0f5f - - default default] 10.0.0.170 "DELETE /v2.0/security-groups/09cccb92-cc9f-40b0-be5c-78bae9dda906 HTTP/1.1" status: 204 len: 168 time: 0.2063565
2026-07-01 08:36:39.253 10 WARNING neutron.plugins.ml2.drivers.ovn.mech_driver.ovsdb.ovn_client [None req-082ab5e4-522b-4889-97e6-daa04ebc9f95 - - - - - -] No port found with ID 661ebd00-9dbb-43f3-8a5f-f8c38942fc95: RuntimeError: No port found with ID 661ebd00-9dbb-43f3-8a5f-f8c38942fc95
2026-07-01 08:36:39.264 10 INFO neutron.wsgi [None req-257cb660-3c07-42cf-9067-22267cb38ecc e849cd5197ca4a809b701c93f4267077 5a7a96cf564a4c38a085f5ad195d8846 - - default default] 10.0.0.170 "DELETE /v2.0/routers/64c3c673-96b0-4158-8c68-dd0e9218cbf0 HTTP/1.1" status: 204 len: 168 time: 0.7200544
2026-07-01 08:36:39.294 10 INFO neutron.wsgi [None req-bde867e3-e738-49cb-b95d-803f23828a5e e849cd5197ca4a809b701c93f4267077 5a7a96cf564a4c38a085f5ad195d8846 - - default default] 10.0.0.170 "GET /v2.0/ports?device_id=64c3c673-96b0-4158-8c68-dd0e9218cbf0 HTTP/1.1" status: 200 len: 205 time: 0.0217383
2026-07-01 08:36:39.322 10 INFO neutron.api.v2.resource [None req-a552f228-a658-4617-8b26-59735301cee6 e849cd5197ca4a809b701c93f4267077 5a7a96cf564a4c38a085f5ad195d8846 - - default default] delete failed (client error): The resource could not be found.
2026-07-01 08:36:39.323 10 INFO neutron.wsgi [None req-a552f228-a658-4617-8b26-59735301cee6 e849cd5197ca4a809b701c93f4267077 5a7a96cf564a4c38a085f5ad195d8846 - - default default] 10.0.0.170 "DELETE /v2.0/routers/64c3c673-96b0-4158-8c68-dd0e9218cbf0 HTTP/1.1" status: 404 len: 336 time: 0.0248446
2026-07-01 08:36:39.354 9 INFO neutron.wsgi [None req-32a264a6-fd7f-4293-80d7-f3b4e6c1a077 e849cd5197ca4a809b701c93f4267077 5a7a96cf564a4c38a085f5ad195d8846 - - default default] 10.0.0.170 "GET /v2.0/ports?device_id=e550449d-8f2a-48ab-a41d-b3ad9b5306b6 HTTP/1.1" status: 200 len: 205 time: 0.0254989
2026-07-01 08:36:39.381 9 INFO neutron.api.v2.resource [None req-542e5cae-dc7b-4a37-933c-fe36ae17777f e849cd5197ca4a809b701c93f4267077 5a7a96cf564a4c38a085f5ad195d8846 - - default default] delete failed (client error): The resource could not be found.
2026-07-01 08:36:39.382 9 INFO neutron.wsgi [None req-542e5cae-dc7b-4a37-933c-fe36ae17777f e849cd5197ca4a809b701c93f4267077 5a7a96cf564a4c38a085f5ad195d8846 - - default default] 10.0.0.170 "DELETE /v2.0/routers/e550449d-8f2a-48ab-a41d-b3ad9b5306b6 HTTP/1.1" status: 404 len: 336 time: 0.0216234
2026-07-01 08:36:39.398 9 INFO neutron.pecan_wsgi.hooks.translation [None req-621561c1-85f2-4e93-bfa8-5bca6ceb6d46 e849cd5197ca4a809b701c93f4267077 5a7a96cf564a4c38a085f5ad195d8846 - - default default] DELETE failed (client error): The resource could not be found.
2026-07-01 08:36:39.401 9 INFO neutron.wsgi [None req-621561c1-85f2-4e93-bfa8-5bca6ceb6d46 e849cd5197ca4a809b701c93f4267077 5a7a96cf564a4c38a085f5ad195d8846 - - default default] 10.0.0.170 "DELETE /v2.0/subnets/6f06e051-0eb7-436e-8e3a-f6a202d84b0e HTTP/1.1" status: 404 len: 337 time: 0.0144722
2026-07-01 08:36:39.422 9 INFO neutron.wsgi [None req-3da37f9b-ec3e-4873-9727-22119193a3b6 e849cd5197ca4a809b701c93f4267077 5a7a96cf564a4c38a085f5ad195d8846 - - default default] 10.0.0.170 "GET /v2.0/ports?device_id=b4a24286-0c27-48b9-8417-23224d80f55b HTTP/1.1" status: 200 len: 205 time: 0.0165668
2026-07-01 08:36:39.442 9 INFO neutron.api.v2.resource [None req-c0ca3ed3-b6d2-423e-a000-70bf3da6f325 e849cd5197ca4a809b701c93f4267077 5a7a96cf564a4c38a085f5ad195d8846 - - default default] delete failed (client error): The resource could not be found.
2026-07-01 08:36:39.443 9 INFO neutron.wsgi [None req-c0ca3ed3-b6d2-423e-a000-70bf3da6f325 e849cd5197ca4a809b701c93f4267077 5a7a96cf564a4c38a085f5ad195d8846 - - default default] 10.0.0.170 "DELETE /v2.0/routers/b4a24286-0c27-48b9-8417-23224d80f55b HTTP/1.1" status: 404 len: 336 time: 0.0166261
2026-07-01 08:36:39.460 9 INFO neutron.pecan_wsgi.hooks.translation [None req-9a704dcf-37bf-4bfb-a05b-ace6057ee3dd e849cd5197ca4a809b701c93f4267077 5a7a96cf564a4c38a085f5ad195d8846 - - default default] DELETE failed (client error): The resource could not be found.
2026-07-01 08:36:39.462 9 INFO neutron.wsgi [None req-9a704dcf-37bf-4bfb-a05b-ace6057ee3dd e849cd5197ca4a809b701c93f4267077 5a7a96cf564a4c38a085f5ad195d8846 - - default default] 10.0.0.170 "DELETE /v2.0/subnets/d31fb66c-c08c-4706-9286-ce88c50a27a0 HTTP/1.1" status: 404 len: 337 time: 0.0162733
2026-07-01 08:36:39.482 9 INFO neutron.wsgi [None req-c86748ab-4c7f-435b-aa76-ea31181acfd9 e849cd5197ca4a809b701c93f4267077 5a7a96cf564a4c38a085f5ad195d8846 - - default default] 10.0.0.170 "GET /v2.0/ports?device_id=4621b19f-43eb-4b05-8ba0-0ff1adb3fc8f HTTP/1.1" status: 200 len: 205 time: 0.0152533
2026-07-01 08:36:39.514 9 INFO neutron.api.v2.resource [None req-58100702-e9c3-4c9a-90e2-8a3438d9e6d2 e849cd5197ca4a809b701c93f4267077 5a7a96cf564a4c38a085f5ad195d8846 - - default default] delete failed (client error): The resource could not be found.
2026-07-01 08:36:39.515 9 INFO neutron.wsgi [None req-58100702-e9c3-4c9a-90e2-8a3438d9e6d2 e849cd5197ca4a809b701c93f4267077 5a7a96cf564a4c38a085f5ad195d8846 - - default default] 10.0.0.170 "DELETE /v2.0/routers/4621b19f-43eb-4b05-8ba0-0ff1adb3fc8f HTTP/1.1" status: 404 len: 336 time: 0.0267568
2026-07-01 08:36:39.536 9 INFO neutron.pecan_wsgi.hooks.translation [None req-06b4b4f6-22fa-42d1-9231-5c461ea1b333 e849cd5197ca4a809b701c93f4267077 5a7a96cf564a4c38a085f5ad195d8846 - - default default] DELETE failed (client error): The resource could not be found.
2026-07-01 08:36:39.539 9 INFO neutron.wsgi [None req-06b4b4f6-22fa-42d1-9231-5c461ea1b333 e849cd5197ca4a809b701c93f4267077 5a7a96cf564a4c38a085f5ad195d8846 - - default default] 10.0.0.170 "DELETE /v2.0/subnets/d66ccb1c-669b-4803-bfa7-d1fb4e6c8bbf HTTP/1.1" status: 404 len: 337 time: 0.0205696
2026-07-01 08:36:39.573 9 INFO neutron.pecan_wsgi.hooks.translation [None req-2acaae92-dd48-405c-9e8b-8abf65fe51e0 e849cd5197ca4a809b701c93f4267077 5a7a96cf564a4c38a085f5ad195d8846 - - default default] DELETE failed (client error): The resource could not be found.
2026-07-01 08:36:39.577 9 INFO neutron.wsgi [None req-2acaae92-dd48-405c-9e8b-8abf65fe51e0 e849cd5197ca4a809b701c93f4267077 5a7a96cf564a4c38a085f5ad195d8846 - - default default] 10.0.0.170 "DELETE /v2.0/subnets/f71b047f-ead1-41a2-b980-3ca1bd76ac29 HTTP/1.1" status: 404 len: 337 time: 0.0258205
2026-07-01 08:36:40.318 10 INFO neutron.wsgi [None req-e8ef7e38-05be-4b83-b0b5-74bfeaaa597c 275305560ff2488aa0068b872cabd664 70f7ffc7c4e345cd9129a4b9282b0f5f - - default default] 10.0.0.170 "GET /v2.0/security-groups?tenant_id=5a7a96cf564a4c38a085f5ad195d8846&name=default HTTP/1.1" status: 200 len: 2996 time: 0.1253207
2026-07-01 08:36:40.448 9 INFO neutron.db.ovn_revision_numbers_db [None req-44f28c37-75e5-47de-a029-ee208eca1b86 275305560ff2488aa0068b872cabd664 70f7ffc7c4e345cd9129a4b9282b0f5f - - default default] Successfully bumped revision number for resource d0c6c95f-3613-483c-bcd1-781b4cc1368a (type: security_groups) to 1
2026-07-01 08:36:40.463 9 INFO neutron.db.ovn_revision_numbers_db [None req-44f28c37-75e5-47de-a029-ee208eca1b86 275305560ff2488aa0068b872cabd664 70f7ffc7c4e345cd9129a4b9282b0f5f - - default default] Successfully bumped revision number for resource 0666b5df-8c85-49a2-bf3a-7e924b55ab5e (type: security_group_rules) to 0
2026-07-01 08:36:40.483 9 INFO neutron.db.ovn_revision_numbers_db [None req-44f28c37-75e5-47de-a029-ee208eca1b86 275305560ff2488aa0068b872cabd664 70f7ffc7c4e345cd9129a4b9282b0f5f - - default default] Successfully bumped revision number for resource 8c0a12ef-abe5-4e2e-84ff-4c90e1c23bcc (type: security_group_rules) to 0
2026-07-01 08:36:40.504 9 INFO neutron.db.ovn_revision_numbers_db [None req-44f28c37-75e5-47de-a029-ee208eca1b86 275305560ff2488aa0068b872cabd664 70f7ffc7c4e345cd9129a4b9282b0f5f - - default default] Successfully bumped revision number for resource 9e1274f4-46d5-41cd-b5d0-e4bcf353b88b (type: security_group_rules) to 0
2026-07-01 08:36:40.525 9 INFO neutron.db.ovn_revision_numbers_db [None req-44f28c37-75e5-47de-a029-ee208eca1b86 275305560ff2488aa0068b872cabd664 70f7ffc7c4e345cd9129a4b9282b0f5f - - default default] Successfully bumped revision number for resource a5be04c9-9a12-48ed-8150-a1fb06266465 (type: security_group_rules) to 0
2026-07-01 08:36:40.541 10 INFO neutron.wsgi [None req-82b8bd90-40a9-4522-b7b1-54225a337a99 275305560ff2488aa0068b872cabd664 70f7ffc7c4e345cd9129a4b9282b0f5f - - default default] 10.0.0.170 "DELETE /v2.0/security-groups/9efc40de-9f88-44f7-895b-8d1ca0530494 HTTP/1.1" status: 204 len: 168 time: 0.2145832
2026-07-01 08:36:40.551 9 INFO neutron.wsgi [None req-44f28c37-75e5-47de-a029-ee208eca1b86 275305560ff2488aa0068b872cabd664 70f7ffc7c4e345cd9129a4b9282b0f5f - - default default] 10.0.0.170 "GET /v2.0/security-groups?tenant_id=26b805ac8b0d42f8bbc50b85dc33b142&name=default HTTP/1.1" status: 200 len: 2996 time: 0.3255036
2026-07-01 08:36:40.769 10 INFO neutron.wsgi [None req-3e9ca3d1-0ea5-4134-b0c2-2af0fca4c2f2 275305560ff2488aa0068b872cabd664 70f7ffc7c4e345cd9129a4b9282b0f5f - - default default] 10.0.0.170 "DELETE /v2.0/security-groups/d0c6c95f-3613-483c-bcd1-781b4cc1368a HTTP/1.1" status: 204 len: 168 time: 0.2118046
2026-07-01 08:36:41.119 9 INFO neutron.db.ovn_revision_numbers_db [None req-08f81dbc-3b40-4645-801d-34ca19a09c14 275305560ff2488aa0068b872cabd664 70f7ffc7c4e345cd9129a4b9282b0f5f - - default default] Successfully bumped revision number for resource 4f94a4c3-e6f3-42ab-baff-8266974f3d24 (type: security_groups) to 1
2026-07-01 08:36:41.132 9 INFO neutron.db.ovn_revision_numbers_db [None req-08f81dbc-3b40-4645-801d-34ca19a09c14 275305560ff2488aa0068b872cabd664 70f7ffc7c4e345cd9129a4b9282b0f5f - - default default] Successfully bumped revision number for resource 0b733ef0-79d7-42ac-a48e-e67aa15675b4 (type: security_group_rules) to 0
2026-07-01 08:36:41.146 9 INFO neutron.db.ovn_revision_numbers_db [None req-08f81dbc-3b40-4645-801d-34ca19a09c14 275305560ff2488aa0068b872cabd664 70f7ffc7c4e345cd9129a4b9282b0f5f - - default default] Successfully bumped revision number for resource 94afeeed-e2e2-4e8b-9555-b6b59416974e (type: security_group_rules) to 0
2026-07-01 08:36:41.161 9 INFO neutron.db.ovn_revision_numbers_db [None req-08f81dbc-3b40-4645-801d-34ca19a09c14 275305560ff2488aa0068b872cabd664 70f7ffc7c4e345cd9129a4b9282b0f5f - - default default] Successfully bumped revision number for resource ba9c42ad-96e1-498d-adfc-295c904f5bfd (type: security_group_rules) to 0
2026-07-01 08:36:41.173 9 INFO neutron.db.ovn_revision_numbers_db [None req-08f81dbc-3b40-4645-801d-34ca19a09c14 275305560ff2488aa0068b872cabd664 70f7ffc7c4e345cd9129a4b9282b0f5f - - default default] Successfully bumped revision number for resource e00e6b2a-7585-4ab5-b066-19abfd5ea5bb (type: security_group_rules) to 0
2026-07-01 08:36:41.197 9 INFO neutron.wsgi [None req-08f81dbc-3b40-4645-801d-34ca19a09c14 275305560ff2488aa0068b872cabd664 70f7ffc7c4e345cd9129a4b9282b0f5f - - default default] 10.0.0.170 "GET /v2.0/security-groups?tenant_id=ca0ae3a4a1bd4a61b2b620cbc51e31f4&name=default HTTP/1.1" status: 200 len: 2996 time: 0.2033982
2026-07-01 08:36:41.421 9 INFO neutron.wsgi [None req-d5cbffc8-a4f7-44d6-9a52-7c88894868fa 275305560ff2488aa0068b872cabd664 70f7ffc7c4e345cd9129a4b9282b0f5f - - default default] 10.0.0.170 "DELETE /v2.0/security-groups/4f94a4c3-e6f3-42ab-baff-8266974f3d24 HTTP/1.1" status: 204 len: 168 time: 0.2171137
2026-07-01 08:36:42.240 9 INFO neutron.db.ovn_revision_numbers_db [None req-8a82bb90-65f8-4480-ad66-2848823b5009 275305560ff2488aa0068b872cabd664 70f7ffc7c4e345cd9129a4b9282b0f5f - - default default] Successfully bumped revision number for resource 46e93725-3976-441c-9e63-257367bb5218 (type: security_groups) to 1
2026-07-01 08:36:42.256 9 INFO neutron.db.ovn_revision_numbers_db [None req-8a82bb90-65f8-4480-ad66-2848823b5009 275305560ff2488aa0068b872cabd664 70f7ffc7c4e345cd9129a4b9282b0f5f - - default default] Successfully bumped revision number for resource 42393ce1-ab4f-4df3-b9d0-94f2e6aba8b5 (type: security_group_rules) to 0
2026-07-01 08:36:42.271 9 INFO neutron.db.ovn_revision_numbers_db [None req-8a82bb90-65f8-4480-ad66-2848823b5009 275305560ff2488aa0068b872cabd664 70f7ffc7c4e345cd9129a4b9282b0f5f - - default default] Successfully bumped revision number for resource 561514ff-f3ba-4e00-ac71-b207fcc8707a (type: security_group_rules) to 0
2026-07-01 08:36:42.286 9 INFO neutron.db.ovn_revision_numbers_db [None req-8a82bb90-65f8-4480-ad66-2848823b5009 275305560ff2488aa0068b872cabd664 70f7ffc7c4e345cd9129a4b9282b0f5f - - default default] Successfully bumped revision number for resource 7faa67d4-63cb-45b9-b71e-97a3b95a4907 (type: security_group_rules) to 0
2026-07-01 08:36:42.302 9 INFO neutron.db.ovn_revision_numbers_db [None req-8a82bb90-65f8-4480-ad66-2848823b5009 275305560ff2488aa0068b872cabd664 70f7ffc7c4e345cd9129a4b9282b0f5f - - default default] Successfully bumped revision number for resource cc4d50dd-3508-435f-ab4d-0c5e059e8bc1 (type: security_group_rules) to 0
2026-07-01 08:36:42.327 9 INFO neutron.wsgi [None req-8a82bb90-65f8-4480-ad66-2848823b5009 275305560ff2488aa0068b872cabd664 70f7ffc7c4e345cd9129a4b9282b0f5f - - default default] 10.0.0.170 "GET /v2.0/security-groups?tenant_id=8b40db41d29a43cb83745c09ffc7dfb9&name=default HTTP/1.1" status: 200 len: 2996 time: 0.2659709
2026-07-01 08:36:42.333 10 INFO neutron.db.ovn_revision_numbers_db [None req-c714e3e8-9671-4efe-997d-60be552ebb19 f17d6a5509084b66984525f81308545a 40072b2aa52b43bcab873b35a2501bdb - - default default] Successfully bumped revision number for resource 757cd915-8860-420a-b222-a81087d9bd11 (type: security_groups) to 1
2026-07-01 08:36:42.351 10 INFO neutron.db.ovn_revision_numbers_db [None req-c714e3e8-9671-4efe-997d-60be552ebb19 f17d6a5509084b66984525f81308545a 40072b2aa52b43bcab873b35a2501bdb - - default default] Successfully bumped revision number for resource 2514657d-f764-400c-a76a-f536dc76ca6f (type: security_group_rules) to 0
2026-07-01 08:36:42.370 10 INFO neutron.db.ovn_revision_numbers_db [None req-c714e3e8-9671-4efe-997d-60be552ebb19 f17d6a5509084b66984525f81308545a 40072b2aa52b43bcab873b35a2501bdb - - default default] Successfully bumped revision number for resource 27a2a160-e8d6-485d-8bba-34fba2866b3e (type: security_group_rules) to 0
2026-07-01 08:36:42.389 10 INFO neutron.db.ovn_revision_numbers_db [None req-c714e3e8-9671-4efe-997d-60be552ebb19 f17d6a5509084b66984525f81308545a 40072b2aa52b43bcab873b35a2501bdb - - default default] Successfully bumped revision number for resource 94cfab13-e707-45b6-9e74-f48fa20e71fd (type: security_group_rules) to 0
2026-07-01 08:36:42.403 10 INFO neutron.db.ovn_revision_numbers_db [None req-c714e3e8-9671-4efe-997d-60be552ebb19 f17d6a5509084b66984525f81308545a 40072b2aa52b43bcab873b35a2501bdb - - default default] Successfully bumped revision number for resource e46c5e11-b15f-42c5-8061-899beb640e21 (type: security_group_rules) to 0
2026-07-01 08:36:42.456 10 INFO neutron.db.segments_db [None req-c714e3e8-9671-4efe-997d-60be552ebb19 f17d6a5509084b66984525f81308545a 40072b2aa52b43bcab873b35a2501bdb - - default default] Added segment dfbe97e4-ed6a-45eb-be3a-d55743f9c0a7 of type geneve for network 6963bfb5-b720-467d-a1f8-0afb36f78224
2026-07-01 08:36:42.498 9 INFO neutron.wsgi [None req-441063dd-2783-472f-b508-5dbd522e2b91 275305560ff2488aa0068b872cabd664 70f7ffc7c4e345cd9129a4b9282b0f5f - - default default] 10.0.0.170 "DELETE /v2.0/security-groups/46e93725-3976-441c-9e63-257367bb5218 HTTP/1.1" status: 204 len: 168 time: 0.1656895
2026-07-01 08:36:42.615 10 INFO neutron.db.ovn_revision_numbers_db [None req-c714e3e8-9671-4efe-997d-60be552ebb19 f17d6a5509084b66984525f81308545a 40072b2aa52b43bcab873b35a2501bdb - - default default] Successfully bumped revision number for resource 6963bfb5-b720-467d-a1f8-0afb36f78224 (type: networks) to 1
2026-07-01 08:36:42.815 10 WARNING neutron.scheduler.dhcp_agent_scheduler [None req-c714e3e8-9671-4efe-997d-60be552ebb19 f17d6a5509084b66984525f81308545a 40072b2aa52b43bcab873b35a2501bdb - - default default] No more DHCP agents
2026-07-01 08:36:42.817 10 WARNING neutron.api.rpc.agentnotifiers.dhcp_rpc_agent_api [None req-c714e3e8-9671-4efe-997d-60be552ebb19 f17d6a5509084b66984525f81308545a 40072b2aa52b43bcab873b35a2501bdb - - default default] Unable to schedule network 6963bfb5-b720-467d-a1f8-0afb36f78224: no agents available; will retry on subsequent port and subnet creation events.
2026-07-01 08:36:42.896 10 INFO neutron.db.ovn_revision_numbers_db [None req-c714e3e8-9671-4efe-997d-60be552ebb19 f17d6a5509084b66984525f81308545a 40072b2aa52b43bcab873b35a2501bdb - - default default] Successfully bumped revision number for resource 45359714-7ad5-4420-8a2d-26296b163163 (type: ports) to 1
2026-07-01 08:36:42.916 10 INFO neutron.wsgi [None req-c714e3e8-9671-4efe-997d-60be552ebb19 f17d6a5509084b66984525f81308545a 40072b2aa52b43bcab873b35a2501bdb - - default default] 10.0.0.170 "POST /v2.0/networks HTTP/1.1" status: 201 len: 831 time: 0.8558290
2026-07-01 08:36:42.946 9 WARNING neutron.plugins.ml2.drivers.ovn.mech_driver.ovsdb.ovn_client [None req-17ab10d5-9439-411f-8745-9887d4c5b955 - - - - - -] No port found with ID 01189f14-53d4-4d51-a6e8-d70bdfc26b6c: RuntimeError: No port found with ID 01189f14-53d4-4d51-a6e8-d70bdfc26b6c
2026-07-01 08:36:43.339 10 WARNING neutron.scheduler.dhcp_agent_scheduler [None req-9088276e-173f-470d-880e-dd27de607342 f17d6a5509084b66984525f81308545a 40072b2aa52b43bcab873b35a2501bdb - - default default] No more DHCP agents
2026-07-01 08:36:43.341 10 WARNING neutron.api.rpc.agentnotifiers.dhcp_rpc_agent_api [None req-9088276e-173f-470d-880e-dd27de607342 f17d6a5509084b66984525f81308545a 40072b2aa52b43bcab873b35a2501bdb - - default default] Unable to schedule network 71be9c22-9137-46f4-bb67-4045b8ca23fa: no agents available; will retry on subsequent port and subnet creation events.
2026-07-01 08:36:43.478 10 INFO neutron.db.ovn_revision_numbers_db [None req-9088276e-173f-470d-880e-dd27de607342 f17d6a5509084b66984525f81308545a 40072b2aa52b43bcab873b35a2501bdb - - default default] Successfully bumped revision number for resource bb1af610-2cc7-45cc-b863-d534648cbe98 (type: ports) to 1
2026-07-01 08:36:43.917 9 INFO neutron.db.ovn_revision_numbers_db [None req-e4b4b639-3d3a-4146-8eb9-6d31469b1e81 275305560ff2488aa0068b872cabd664 70f7ffc7c4e345cd9129a4b9282b0f5f - - default default] Successfully bumped revision number for resource ada318d4-9519-4591-a112-4280e26bf3b6 (type: security_groups) to 1
2026-07-01 08:36:43.932 9 INFO neutron.db.ovn_revision_numbers_db [None req-e4b4b639-3d3a-4146-8eb9-6d31469b1e81 275305560ff2488aa0068b872cabd664 70f7ffc7c4e345cd9129a4b9282b0f5f - - default default] Successfully bumped revision number for resource 220b3b60-6f4f-4137-9a4d-d7c308ed6d7e (type: security_group_rules) to 0
2026-07-01 08:36:43.946 9 INFO neutron.db.ovn_revision_numbers_db [None req-e4b4b639-3d3a-4146-8eb9-6d31469b1e81 275305560ff2488aa0068b872cabd664 70f7ffc7c4e345cd9129a4b9282b0f5f - - default default] Successfully bumped revision number for resource 3c9d16e4-2568-4a97-bc9f-9dcd22fd1eca (type: security_group_rules) to 0
2026-07-01 08:36:43.961 9 INFO neutron.db.ovn_revision_numbers_db [None req-e4b4b639-3d3a-4146-8eb9-6d31469b1e81 275305560ff2488aa0068b872cabd664 70f7ffc7c4e345cd9129a4b9282b0f5f - - default default] Successfully bumped revision number for resource 65c05263-c0a3-43c6-a4dc-7098cf868854 (type: security_group_rules) to 0
2026-07-01 08:36:43.976 9 INFO neutron.db.ovn_revision_numbers_db [None req-e4b4b639-3d3a-4146-8eb9-6d31469b1e81 275305560ff2488aa0068b872cabd664 70f7ffc7c4e345cd9129a4b9282b0f5f - - default default] Successfully bumped revision number for resource fe472d82-470a-43d5-b183-c16d5ac6c8d5 (type: security_group_rules) to 0
2026-07-01 08:36:44.000 9 INFO neutron.wsgi [None req-e4b4b639-3d3a-4146-8eb9-6d31469b1e81 275305560ff2488aa0068b872cabd664 70f7ffc7c4e345cd9129a4b9282b0f5f - - default default] 10.0.0.170 "GET /v2.0/security-groups?tenant_id=3c54f19bf918493a935054854f7ff373&name=default HTTP/1.1" status: 200 len: 2996 time: 0.2698689
2026-07-01 08:36:44.068 9 INFO neutron.plugins.ml2.drivers.ovn.mech_driver.mech_driver [None req-17ab10d5-9439-411f-8745-9887d4c5b955 - - - - - -] OVN reports status up for port: bb1af610-2cc7-45cc-b863-d534648cbe98
2026-07-01 08:36:44.078 9 INFO neutron.plugins.ml2.plugin [None req-17ab10d5-9439-411f-8745-9887d4c5b955 - - - - - -] Attempt 1 to provision port bb1af610-2cc7-45cc-b863-d534648cbe98
2026-07-01 08:36:44.088 10 INFO neutron.plugins.ml2.drivers.ovn.mech_driver.ovsdb.ovsdb_monitor [None req-c713b5be-e23c-49b9-9775-07aa384bf050 - - - - - -] Router 4355da3b-0c1a-4a45-b8d6-a374f8ca5f85 is bound to host instance
2026-07-01 08:36:44.103 10 INFO neutron.db.ovn_revision_numbers_db [None req-9088276e-173f-470d-880e-dd27de607342 f17d6a5509084b66984525f81308545a 40072b2aa52b43bcab873b35a2501bdb - - default default] Successfully bumped revision number for resource bb1af610-2cc7-45cc-b863-d534648cbe98 (type: router_ports) to 1
2026-07-01 08:36:44.216 9 INFO neutron.wsgi [None req-51302f65-6260-4e8d-855b-f71156c0493c 275305560ff2488aa0068b872cabd664 70f7ffc7c4e345cd9129a4b9282b0f5f - - default default] 10.0.0.170 "DELETE /v2.0/security-groups/ada318d4-9519-4591-a112-4280e26bf3b6 HTTP/1.1" status: 204 len: 168 time: 0.2083969
2026-07-01 08:36:44.437 10 INFO neutron.db.ovn_revision_numbers_db [None req-9088276e-173f-470d-880e-dd27de607342 f17d6a5509084b66984525f81308545a 40072b2aa52b43bcab873b35a2501bdb - - default default] Successfully bumped revision number for resource 4355da3b-0c1a-4a45-b8d6-a374f8ca5f85 (type: routers) to 2
2026-07-01 08:36:44.458 10 INFO neutron.wsgi [None req-9088276e-173f-470d-880e-dd27de607342 f17d6a5509084b66984525f81308545a 40072b2aa52b43bcab873b35a2501bdb - - default default] 10.0.0.170 "POST /v2.0/routers HTTP/1.1" status: 201 len: 875 time: 1.5353985
2026-07-01 08:36:44.908 9 INFO neutron.wsgi [None req-04b0609a-ab6a-4687-9b92-79e858e8a2e5 8bac4a0f98194ee5b0cfbe466dfc62f7 08c334bb1e914278ae2bc994ad827f3b - - default default] 10.0.0.170 "GET /v2.0/subnets?project_id=40072b2aa52b43bcab873b35a2501bdb&cidr=10.100.0.0%2F28 HTTP/1.1" status: 200 len: 207 time: 0.4411211
2026-07-01 08:36:44.953 10 INFO neutron.db.ovn_revision_numbers_db [None req-c713b5be-e23c-49b9-9775-07aa384bf050 - - - - - -] Successfully bumped revision number for resource bb1af610-2cc7-45cc-b863-d534648cbe98 (type: ports) to 1
2026-07-01 08:36:45.008 9 INFO neutron.wsgi [None req-0c63c250-8b63-49dc-b7f9-83e09062b867 8bac4a0f98194ee5b0cfbe466dfc62f7 08c334bb1e914278ae2bc994ad827f3b - - default default] 10.0.0.170 "GET /v2.0/networks?router%3Aexternal=True HTTP/1.1" status: 200 len: 947 time: 0.0893011
2026-07-01 08:36:45.052 10 INFO neutron.wsgi [None req-52b3ecb6-c412-47d7-a647-0122bf19698b 8bac4a0f98194ee5b0cfbe466dfc62f7 08c334bb1e914278ae2bc994ad827f3b - - default default] 10.0.0.170 "GET /v2.0/subnets?network_id=71be9c22-9137-46f4-bb67-4045b8ca23fa&cidr=10.100.0.0%2F28 HTTP/1.1" status: 200 len: 207 time: 0.0386653
2026-07-01 08:36:45.222 10 INFO neutron.db.ovn_revision_numbers_db [None req-c713b5be-e23c-49b9-9775-07aa384bf050 - - - - - -] Successfully bumped revision number for resource bb1af610-2cc7-45cc-b863-d534648cbe98 (type: router_ports) to 3
2026-07-01 08:36:45.294 9 WARNING neutron.scheduler.dhcp_agent_scheduler [None req-1a2177bf-f2d9-4189-9d4c-6b328115bc8e f17d6a5509084b66984525f81308545a 40072b2aa52b43bcab873b35a2501bdb - - default default] No more DHCP agents
2026-07-01 08:36:45.296 9 WARNING neutron.api.rpc.agentnotifiers.dhcp_rpc_agent_api [None req-1a2177bf-f2d9-4189-9d4c-6b328115bc8e f17d6a5509084b66984525f81308545a 40072b2aa52b43bcab873b35a2501bdb - - default default] Unable to schedule network 6963bfb5-b720-467d-a1f8-0afb36f78224: no agents available; will retry on subsequent port and subnet creation events.
2026-07-01 08:36:45.383 10 INFO neutron.db.ovn_revision_numbers_db [None req-c713b5be-e23c-49b9-9775-07aa384bf050 - - - - - -] Successfully bumped revision number for resource bb1af610-2cc7-45cc-b863-d534648cbe98 (type: ports) to 2
2026-07-01 08:36:45.672 10 INFO neutron.db.ovn_revision_numbers_db [None req-c713b5be-e23c-49b9-9775-07aa384bf050 - - - - - -] Successfully bumped revision number for resource bb1af610-2cc7-45cc-b863-d534648cbe98 (type: ports) to 4
2026-07-01 08:36:45.779 9 INFO neutron.db.ovn_revision_numbers_db [None req-1a2177bf-f2d9-4189-9d4c-6b328115bc8e f17d6a5509084b66984525f81308545a 40072b2aa52b43bcab873b35a2501bdb - - default default] Successfully bumped revision number for resource 45359714-7ad5-4420-8a2d-26296b163163 (type: ports) to 2
2026-07-01 08:36:45.814 9 INFO neutron.db.ovn_revision_numbers_db [None req-1a2177bf-f2d9-4189-9d4c-6b328115bc8e f17d6a5509084b66984525f81308545a 40072b2aa52b43bcab873b35a2501bdb - - default default] Successfully bumped revision number for resource dffca45d-6369-4281-9ecc-5bad7333ded7 (type: subnets) to 0
2026-07-01 08:36:45.832 9 INFO neutron.wsgi [None req-1a2177bf-f2d9-4189-9d4c-6b328115bc8e f17d6a5509084b66984525f81308545a 40072b2aa52b43bcab873b35a2501bdb - - default default] 10.0.0.170 "POST /v2.0/subnets HTTP/1.1" status: 201 len: 831 time: 0.7762823
2026-07-01 08:36:45.888 10 INFO neutron.db.ovn_revision_numbers_db [None req-c713b5be-e23c-49b9-9775-07aa384bf050 - - - - - -] Successfully bumped revision number for resource bb1af610-2cc7-45cc-b863-d534648cbe98 (type: router_ports) to 4
2026-07-01 08:36:45.890 10 INFO neutron.db.ovn_revision_numbers_db [None req-9fbf54a9-cfcc-4f78-bd8f-86d68e2019f9 275305560ff2488aa0068b872cabd664 70f7ffc7c4e345cd9129a4b9282b0f5f - - default default] Successfully bumped revision number for resource 8b970ca3-287e-48cc-afe2-300c07275940 (type: security_groups) to 1
2026-07-01 08:36:45.911 10 INFO neutron.db.ovn_revision_numbers_db [None req-9fbf54a9-cfcc-4f78-bd8f-86d68e2019f9 275305560ff2488aa0068b872cabd664 70f7ffc7c4e345cd9129a4b9282b0f5f - - default default] Successfully bumped revision number for resource 0497fdfd-5fe8-4cc0-b150-db5e334b8ba4 (type: security_group_rules) to 0
2026-07-01 08:36:45.929 10 INFO neutron.db.ovn_revision_numbers_db [None req-9fbf54a9-cfcc-4f78-bd8f-86d68e2019f9 275305560ff2488aa0068b872cabd664 70f7ffc7c4e345cd9129a4b9282b0f5f - - default default] Successfully bumped revision number for resource 721754e7-82c0-49ce-80da-f7fc02f292b6 (type: security_group_rules) to 0
2026-07-01 08:36:45.940 10 INFO neutron.db.ovn_revision_numbers_db [None req-9fbf54a9-cfcc-4f78-bd8f-86d68e2019f9 275305560ff2488aa0068b872cabd664 70f7ffc7c4e345cd9129a4b9282b0f5f - - default default] Successfully bumped revision number for resource a670af4e-eb9f-4ccd-ab4c-df841d12622b (type: security_group_rules) to 0
2026-07-01 08:36:45.960 10 INFO neutron.db.ovn_revision_numbers_db [None req-9fbf54a9-cfcc-4f78-bd8f-86d68e2019f9 275305560ff2488aa0068b872cabd664 70f7ffc7c4e345cd9129a4b9282b0f5f - - default default] Successfully bumped revision number for resource fe93db97-1e8b-4916-9b87-5c0501fb4851 (type: security_group_rules) to 0
2026-07-01 08:36:45.981 10 INFO neutron.wsgi [None req-9fbf54a9-cfcc-4f78-bd8f-86d68e2019f9 275305560ff2488aa0068b872cabd664 70f7ffc7c4e345cd9129a4b9282b0f5f - - default default] 10.0.0.170 "GET /v2.0/security-groups?tenant_id=9862ee35c8414d0d83db4ffc832088d7&name=default HTTP/1.1" status: 200 len: 2996 time: 0.4670637
2026-07-01 08:36:46.177 10 INFO neutron.wsgi [None req-e5f0d7df-f84e-44cd-9015-27526a6d7d1e 275305560ff2488aa0068b872cabd664 70f7ffc7c4e345cd9129a4b9282b0f5f - - default default] 10.0.0.170 "DELETE /v2.0/security-groups/8b970ca3-287e-48cc-afe2-300c07275940 HTTP/1.1" status: 204 len: 168 time: 0.1904807
2026-07-01 08:36:46.251 10 INFO neutron.wsgi [None req-f6b2ed7f-28a0-4f1b-93a1-8ea09a502eda 34a2a02cc5a34105a7e22fae4444c057 fa9ce55914924e5ca009672d55039009 - - default default] 10.0.0.170 "GET /v2.0/extensions HTTP/1.1" status: 200 len: 16520 time: 0.0952938
2026-07-01 08:36:46.261 10 INFO neutron.wsgi [None req-2b193bae-3b57-46fd-ae01-a1f0af760550 34a2a02cc5a34105a7e22fae4444c057 fa9ce55914924e5ca009672d55039009 - - default default] 10.0.0.170 "GET /v2.0/extensions/address-group HTTP/1.1" status: 200 len: 353 time: 0.0046346
2026-07-01 08:36:46.269 10 INFO neutron.wsgi [None req-578ca749-b981-4efa-bcd4-094df25c69f0 34a2a02cc5a34105a7e22fae4444c057 fa9ce55914924e5ca009672d55039009 - - default default] 10.0.0.170 "GET /v2.0/extensions/address-scope HTTP/1.1" status: 200 len: 357 time: 0.0038362
2026-07-01 08:36:46.279 10 INFO neutron.wsgi [None req-f7a649c2-467d-4dab-bb34-408d151f7257 34a2a02cc5a34105a7e22fae4444c057 fa9ce55914924e5ca009672d55039009 - - default default] 10.0.0.170 "GET /v2.0/extensions/agent HTTP/1.1" status: 200 len: 347 time: 0.0044167
2026-07-01 08:36:46.287 10 INFO neutron.wsgi [None req-6713e68e-b8ca-4089-8c73-5c97874594e8 34a2a02cc5a34105a7e22fae4444c057 fa9ce55914924e5ca009672d55039009 - - default default] 10.0.0.170 "GET /v2.0/extensions/allowed-address-pairs HTTP/1.1" status: 200 len: 378 time: 0.0042932
2026-07-01 08:36:46.296 10 INFO neutron.wsgi [None req-1d786826-c036-4a70-bd96-5e8e4fc2a215 34a2a02cc5a34105a7e22fae4444c057 fa9ce55914924e5ca009672d55039009 - - default default] 10.0.0.170 "GET /v2.0/extensions/auto-allocated-topology HTTP/1.1" status: 200 len: 394 time: 0.0037022
2026-07-01 08:36:46.303 10 INFO neutron.wsgi [None req-74a8570f-c03d-4b9c-9d15-7b6827583ef4 34a2a02cc5a34105a7e22fae4444c057 fa9ce55914924e5ca009672d55039009 - - default default] 10.0.0.170 "GET /v2.0/extensions/availability_zone HTTP/1.1" status: 200 len: 372 time: 0.0037563
2026-07-01 08:36:46.311 10 INFO neutron.wsgi [None req-fd204289-a0d5-4345-8e01-592393e043fe 34a2a02cc5a34105a7e22fae4444c057 fa9ce55914924e5ca009672d55039009 - - default default] 10.0.0.170 "GET /v2.0/extensions/default-subnetpools HTTP/1.1" status: 200 len: 405 time: 0.0037894
2026-07-01 08:36:46.319 10 INFO neutron.wsgi [None req-973eacc5-7270-49a3-95a8-c37f994a1757 34a2a02cc5a34105a7e22fae4444c057 fa9ce55914924e5ca009672d55039009 - - default default] 10.0.0.170 "GET /v2.0/extensions/dhcp_agent_scheduler HTTP/1.1" status: 200 len: 381 time: 0.0042622
2026-07-01 08:36:46.327 10 INFO neutron.wsgi [None req-007f4060-6eb7-4cbd-b4d6-efcf64c33ed5 34a2a02cc5a34105a7e22fae4444c057 fa9ce55914924e5ca009672d55039009 - - default default] 10.0.0.170 "GET /v2.0/extensions/dns-integration HTTP/1.1" status: 200 len: 366 time: 0.0037012
2026-07-01 08:36:46.338 9 INFO neutron.wsgi [None req-e3211958-3b95-4fc2-8021-a8af79841dd6 34a2a02cc5a34105a7e22fae4444c057 fa9ce55914924e5ca009672d55039009 - - default default] 10.0.0.170 "GET /v2.0/extensions/dns-domain-ports HTTP/1.1" status: 200 len: 399 time: 0.0053799
2026-07-01 08:36:46.346 10 INFO neutron.wsgi [None req-a38469be-0a9e-4582-bb0d-bd15dde0197e 34a2a02cc5a34105a7e22fae4444c057 fa9ce55914924e5ca009672d55039009 - - default default] 10.0.0.170 "GET /v2.0/extensions/dns-integration-domain-keywords HTTP/1.1" status: 200 len: 477 time: 0.0043497
2026-07-01 08:36:46.355 10 INFO neutron.wsgi [None req-a7b704e7-334a-4f49-81ab-8df812ece7b3 34a2a02cc5a34105a7e22fae4444c057 fa9ce55914924e5ca009672d55039009 - - default default] 10.0.0.170 "GET /v2.0/extensions/external-net HTTP/1.1" status: 200 len: 394 time: 0.0052259
2026-07-01 08:36:46.362 10 INFO neutron.wsgi [None req-fc1e24b7-5093-4dda-aac5-de00b41ad91e 34a2a02cc5a34105a7e22fae4444c057 fa9ce55914924e5ca009672d55039009 - - default default] 10.0.0.170 "GET /v2.0/extensions/extra_dhcp_opt HTTP/1.1" status: 200 len: 498 time: 0.0035489
2026-07-01 08:36:46.368 10 INFO neutron.wsgi [None req-c40adb37-0740-4fca-a559-87e675de5153 34a2a02cc5a34105a7e22fae4444c057 fa9ce55914924e5ca009672d55039009 - - default default] 10.0.0.170 "GET /v2.0/extensions/extraroute HTTP/1.1" status: 200 len: 375 time: 0.0042260
2026-07-01 08:36:46.375 10 INFO neutron.wsgi [None req-6381a730-0ed9-4b02-b8c6-a79a93c96102 34a2a02cc5a34105a7e22fae4444c057 fa9ce55914924e5ca009672d55039009 - - default default] 10.0.0.170 "GET /v2.0/extensions/filter-validation HTTP/1.1" status: 200 len: 392 time: 0.0035098
2026-07-01 08:36:46.386 9 INFO neutron.wsgi [None req-2d2eb194-6525-45a0-b8a9-871fd958f729 34a2a02cc5a34105a7e22fae4444c057 fa9ce55914924e5ca009672d55039009 - - default default] 10.0.0.170 "GET /v2.0/extensions/floating-ip-port-forwarding-detail HTTP/1.1" status: 200 len: 465 time: 0.0057034
2026-07-01 08:36:46.392 9 WARNING neutron.scheduler.dhcp_agent_scheduler [None req-4e0bcd9a-245a-4b4c-93ce-56938ef44655 f17d6a5509084b66984525f81308545a 40072b2aa52b43bcab873b35a2501bdb - - default default] No more DHCP agents
2026-07-01 08:36:46.394 9 WARNING neutron.api.rpc.agentnotifiers.dhcp_rpc_agent_api [None req-4e0bcd9a-245a-4b4c-93ce-56938ef44655 f17d6a5509084b66984525f81308545a 40072b2aa52b43bcab873b35a2501bdb - - default default] Unable to schedule network 6963bfb5-b720-467d-a1f8-0afb36f78224: no agents available; will retry on subsequent port and subnet creation events.
2026-07-01 08:36:46.396 10 INFO neutron.wsgi [None req-ceb6003f-bb84-41ab-ae7b-b2dda616acd5 34a2a02cc5a34105a7e22fae4444c057 fa9ce55914924e5ca009672d55039009 - - default default] 10.0.0.170 "GET /v2.0/extensions/fip-port-details HTTP/1.1" status: 200 len: 406 time: 0.0041821
2026-07-01 08:36:46.405 10 INFO neutron.wsgi [None req-79a603eb-b5ea-404d-ac76-d25690632261 34a2a02cc5a34105a7e22fae4444c057 fa9ce55914924e5ca009672d55039009 - - default default] 10.0.0.170 "GET /v2.0/extensions/flavors HTTP/1.1" status: 200 len: 387 time: 0.0041566
2026-07-01 08:36:46.412 10 INFO neutron.wsgi [None req-05c4342e-1101-42a5-b0e7-baf2819f9568 34a2a02cc5a34105a7e22fae4444c057 fa9ce55914924e5ca009672d55039009 - - default default] 10.0.0.170 "GET /v2.0/extensions/floatingip-pools HTTP/1.1" status: 200 len: 382 time: 0.0031826
2026-07-01 08:36:46.423 10 INFO neutron.wsgi [None req-ca9c5372-de9b-4d89-b908-af9005f7c3ac 34a2a02cc5a34105a7e22fae4444c057 fa9ce55914924e5ca009672d55039009 - - default default] 10.0.0.170 "GET /v2.0/extensions/ip_allocation HTTP/1.1" status: 200 len: 356 time: 0.0064592
