2026-07-01 08:36:24.002 9 INFO neutron.wsgi [None req-9c3b3414-1305-47fc-b688-91ffbc72ba57 275305560ff2488aa0068b872cabd664 70f7ffc7c4e345cd9129a4b9282b0f5f - - default default] 10.0.0.170 "PUT /v2.0/routers/16a1f9f3-fa45-4206-9c99-49ecad66b7d8/remove_router_interface HTTP/1.1" status: 200 len: 503 time: 1.1223853
2026-07-01 08:36:24.180 9 INFO neutron.services.segments.plugin [-] Segment 3324b1e9-2779-40e1-9685-90e1751d2ad5 resource provider aggregate not found
2026-07-01 08:36:24.193 9 INFO neutron.services.segments.plugin [-] Segment 3324b1e9-2779-40e1-9685-90e1751d2ad5 resource provider aggregate not found
2026-07-01 08:36:24.200 9 INFO neutron.services.segments.plugin [-] Segment 3324b1e9-2779-40e1-9685-90e1751d2ad5 resource provider not found; error: Placement Client Error (4xx): {"errors": [{"status": 404, "title": "Not Found", "detail": "The resource could not be found.\n\n No resource provider with uuid 3324b1e9-2779-40e1-9685-90e1751d2ad5 found for delete ", "request_id": "req-db80c4e9-8a34-4d45-a877-108c10f61e11"}]}
2026-07-01 08:36:24.212 9 INFO neutron.services.segments.plugin [-] Segment 3324b1e9-2779-40e1-9685-90e1751d2ad5 resource provider not found; error: Placement Client Error (4xx): {"errors": [{"status": 404, "title": "Not Found", "detail": "The resource could not be found.\n\n No resource provider with uuid 3324b1e9-2779-40e1-9685-90e1751d2ad5 found for delete ", "request_id": "req-7bf0d2d3-222e-4087-8f13-dfb3282a68f5"}]}
2026-07-01 08:36:24.230 9 INFO neutron.wsgi [None req-3412cbaa-4cbc-48e5-8b1c-c4018735e961 1cd8b716c0f04d5f9147363233e07de4 098dec16ecee40419ad1fa592c23a432 - - default default] 10.0.0.170 "DELETE /v2.0/networks/860c9e3d-b342-460e-8e6d-4b69dd5cf30f HTTP/1.1" status: 204 len: 168 time: 0.4653096 /var/lib/openstack/lib/python3.10/site-packages/pycadf/identifier.py:71: UserWarning: Invalid uuid: neutron. To ensure interoperability, identifiers should be a valid uuid. warnings.warn(('Invalid uuid: %s. To ensure interoperability, '
2026-07-01 08:36:24.360 10 INFO neutron.services.segments.plugin [-] Segment e56d4803-94dd-4f0b-b460-9ab24d313499 resource provider aggregate not found
2026-07-01 08:36:24.365 10 INFO neutron.services.segments.plugin [-] Segment e56d4803-94dd-4f0b-b460-9ab24d313499 resource provider aggregate not found
2026-07-01 08:36:24.381 10 INFO neutron.services.segments.plugin [-] Segment e56d4803-94dd-4f0b-b460-9ab24d313499 resource provider not found; error: Placement Client Error (4xx): {"errors": [{"status": 404, "title": "Not Found", "detail": "The resource could not be found.\n\n No resource provider with uuid e56d4803-94dd-4f0b-b460-9ab24d313499 found for delete ", "request_id": "req-a51d7ad2-bdb8-4118-9215-47e3019480ff"}]}
2026-07-01 08:36:24.386 10 INFO neutron.services.segments.plugin [-] Segment e56d4803-94dd-4f0b-b460-9ab24d313499 resource provider not found; error: Placement Client Error (4xx): {"errors": [{"status": 404, "title": "Not Found", "detail": "The resource could not be found.\n\n No resource provider with uuid e56d4803-94dd-4f0b-b460-9ab24d313499 found for delete ", "request_id": "req-062e7118-9393-458a-bd21-b717c2555130"}]}
2026-07-01 08:36:24.447 10 INFO neutron.wsgi [None req-1df3984f-e720-4483-b732-6614d17bd09d e849cd5197ca4a809b701c93f4267077 5a7a96cf564a4c38a085f5ad195d8846 - - default default] 10.0.0.170 "DELETE /v2.0/networks/6710cfc9-5d06-408d-8e97-2da5fa195056 HTTP/1.1" status: 204 len: 168 time: 0.5153475
2026-07-01 08:36:24.465 9 WARNING neutron.scheduler.dhcp_agent_scheduler [None req-c23ac3a6-6da4-4c8f-bb68-74dff57a9461 1cd8b716c0f04d5f9147363233e07de4 098dec16ecee40419ad1fa592c23a432 - - default default] No more DHCP agents
2026-07-01 08:36:24.469 9 WARNING neutron.api.rpc.agentnotifiers.dhcp_rpc_agent_api [None req-c23ac3a6-6da4-4c8f-bb68-74dff57a9461 1cd8b716c0f04d5f9147363233e07de4 098dec16ecee40419ad1fa592c23a432 - - default default] Unable to schedule network 97646922-5a88-4639-9013-4b478ca3b181: no agents available; will retry on subsequent port and subnet creation events.
2026-07-01 08:36:24.560 9 INFO neutron.db.ovn_revision_numbers_db [None req-c23ac3a6-6da4-4c8f-bb68-74dff57a9461 1cd8b716c0f04d5f9147363233e07de4 098dec16ecee40419ad1fa592c23a432 - - default default] Successfully bumped revision number for resource 42456027-4fd6-41a6-b13f-3830aa9a80fd (type: ports) to 1
2026-07-01 08:36:24.593 9 INFO neutron.wsgi [None req-c23ac3a6-6da4-4c8f-bb68-74dff57a9461 1cd8b716c0f04d5f9147363233e07de4 098dec16ecee40419ad1fa592c23a432 - - default default] 10.0.0.170 "POST /v2.0/ports HTTP/1.1" status: 201 len: 973 time: 0.3545291
2026-07-01 08:36:25.119 10 INFO neutron.wsgi [None req-4d8523e0-a04f-4b08-b40e-f6fa0b4a1b68 275305560ff2488aa0068b872cabd664 70f7ffc7c4e345cd9129a4b9282b0f5f - - default default] 10.0.0.170 "DELETE /v2.0/routers/16a1f9f3-fa45-4206-9c99-49ecad66b7d8 HTTP/1.1" status: 204 len: 168 time: 1.1099782 /var/lib/openstack/lib/python3.10/site-packages/pycadf/identifier.py:71: UserWarning: Invalid uuid: neutron. To ensure interoperability, identifiers should be a valid uuid. warnings.warn(('Invalid uuid: %s. To ensure interoperability, '
2026-07-01 08:36:25.248 10 INFO neutron.db.ovn_revision_numbers_db [None req-4976a86f-5f39-4a6f-8c2a-6d9436067f81 1cd8b716c0f04d5f9147363233e07de4 098dec16ecee40419ad1fa592c23a432 - - default default] Successfully bumped revision number for resource 42456027-4fd6-41a6-b13f-3830aa9a80fd (type: ports) to 2
2026-07-01 08:36:25.259 10 INFO neutron.wsgi [None req-4976a86f-5f39-4a6f-8c2a-6d9436067f81 1cd8b716c0f04d5f9147363233e07de4 098dec16ecee40419ad1fa592c23a432 - - default default] 10.0.0.170 "PUT /v2.0/ports/42456027-4fd6-41a6-b13f-3830aa9a80fd HTTP/1.1" status: 200 len: 946 time: 0.6618335 /var/lib/openstack/lib/python3.10/site-packages/pycadf/identifier.py:71: UserWarning: Invalid uuid: neutron. To ensure interoperability, identifiers should be a valid uuid. warnings.warn(('Invalid uuid: %s. To ensure interoperability, '
2026-07-01 08:36:25.302 10 INFO neutron.wsgi [None req-a838aff7-b959-4a79-8f12-cd4450e3312e e849cd5197ca4a809b701c93f4267077 5a7a96cf564a4c38a085f5ad195d8846 - - default default] 10.0.0.170 "DELETE /v2.0/networks/25e1dbfd-2b6b-435a-8c1e-e4865ce8c6a7 HTTP/1.1" status: 204 len: 168 time: 0.8457153
2026-07-01 08:36:25.359 9 INFO neutron.wsgi [None req-c752e868-070e-4eaf-890f-10078c4a6de7 275305560ff2488aa0068b872cabd664 70f7ffc7c4e345cd9129a4b9282b0f5f - - default default] 10.0.0.170 "DELETE /v2.0/subnets/40f026f5-9b31-4420-8816-c30a5fa1bd78 HTTP/1.1" status: 204 len: 168 time: 0.2322912
2026-07-01 08:36:25.414 10 INFO neutron.db.segments_db [None req-f174c055-0028-426b-bdc4-6c11e2f232c5 e849cd5197ca4a809b701c93f4267077 5a7a96cf564a4c38a085f5ad195d8846 - - default default] Added segment 9de8d94a-b8d3-4f55-9277-6d8c1378001b of type geneve for network 69136867-b685-4662-9e9c-3fa384d5473e
2026-07-01 08:36:25.554 10 INFO neutron.wsgi [None req-f3a67839-ebd5-40dd-957f-126bc55ae5d7 1cd8b716c0f04d5f9147363233e07de4 098dec16ecee40419ad1fa592c23a432 - - default default] 10.0.0.170 "DELETE /v2.0/ports/42456027-4fd6-41a6-b13f-3830aa9a80fd HTTP/1.1" status: 204 len: 168 time: 0.2895901
2026-07-01 08:36:25.580 10 INFO neutron.db.ovn_revision_numbers_db [None req-f174c055-0028-426b-bdc4-6c11e2f232c5 e849cd5197ca4a809b701c93f4267077 5a7a96cf564a4c38a085f5ad195d8846 - - default default] Successfully bumped revision number for resource 69136867-b685-4662-9e9c-3fa384d5473e (type: networks) to 1
2026-07-01 08:36:25.678 10 WARNING neutron.plugins.ml2.drivers.ovn.mech_driver.ovsdb.ovn_client [None req-082ab5e4-522b-4889-97e6-daa04ebc9f95 - - - - - -] No port found with ID 434119c9-acb7-4de6-a6e5-03652b8f3372: RuntimeError: No port found with ID 434119c9-acb7-4de6-a6e5-03652b8f3372
2026-07-01 08:36:25.678 10 INFO neutron.plugins.ml2.drivers.ovn.mech_driver.mech_driver [None req-082ab5e4-522b-4889-97e6-daa04ebc9f95 - - - - - -] OVN reports status down for port: 1536b298-5206-4465-a6a4-6e557baea18b
2026-07-01 08:36:25.694 9 INFO neutron.wsgi [None req-fc978c2d-be97-430a-b073-6d799b543ef0 1cd8b716c0f04d5f9147363233e07de4 098dec16ecee40419ad1fa592c23a432 - - default default] 10.0.0.170 "GET /v2.0/ports HTTP/1.1" status: 200 len: 1728 time: 0.1319458
2026-07-01 08:36:25.716 9 INFO neutron.pecan_wsgi.hooks.translation [None req-7e7f7160-f159-453f-8873-8d377a1a141d 1cd8b716c0f04d5f9147363233e07de4 098dec16ecee40419ad1fa592c23a432 - - default default] GET failed (client error): The resource could not be found.
2026-07-01 08:36:25.717 9 INFO neutron.wsgi [None req-7e7f7160-f159-453f-8873-8d377a1a141d 1cd8b716c0f04d5f9147363233e07de4 098dec16ecee40419ad1fa592c23a432 - - default default] 10.0.0.170 "GET /v2.0/ports/42456027-4fd6-41a6-b13f-3830aa9a80fd HTTP/1.1" status: 404 len: 333 time: 0.0185647
2026-07-01 08:36:25.801 10 WARNING neutron.scheduler.dhcp_agent_scheduler [None req-f174c055-0028-426b-bdc4-6c11e2f232c5 e849cd5197ca4a809b701c93f4267077 5a7a96cf564a4c38a085f5ad195d8846 - - default default] No more DHCP agents
2026-07-01 08:36:25.805 10 WARNING neutron.api.rpc.agentnotifiers.dhcp_rpc_agent_api [None req-f174c055-0028-426b-bdc4-6c11e2f232c5 e849cd5197ca4a809b701c93f4267077 5a7a96cf564a4c38a085f5ad195d8846 - - default default] Unable to schedule network 69136867-b685-4662-9e9c-3fa384d5473e: no agents available; will retry on subsequent port and subnet creation events.
2026-07-01 08:36:25.826 10 INFO neutron.wsgi [None req-db23908b-d30f-415b-8612-fc17d4d2ea4c 1cd8b716c0f04d5f9147363233e07de4 098dec16ecee40419ad1fa592c23a432 - - default default] 10.0.0.170 "GET /v2.0/ports HTTP/1.1" status: 200 len: 1728 time: 0.0986767
2026-07-01 08:36:25.870 9 INFO neutron.wsgi [None req-840bd951-9c99-44a6-a91e-6e89eb55920f 1cd8b716c0f04d5f9147363233e07de4 098dec16ecee40419ad1fa592c23a432 - - default default] 10.0.0.170 "GET /v2.0/ports/ef258641-2b5f-45c4-b059-865e506e5227 HTTP/1.1" status: 200 len: 968 time: 0.0374658
2026-07-01 08:36:25.899 9 INFO neutron.wsgi [None req-d67de5ed-a1c5-40bd-860f-30959c4819c6 275305560ff2488aa0068b872cabd664 70f7ffc7c4e345cd9129a4b9282b0f5f - - default default] 10.0.0.170 "DELETE /v2.0/networks/857a6684-841e-4cd5-996c-4c33f69b4225 HTTP/1.1" status: 204 len: 168 time: 0.5339143
2026-07-01 08:36:25.901 9 INFO neutron.pecan_wsgi.hooks.translation [None req-0e3518e8-0e56-47be-8a94-e352a33c2944 1cd8b716c0f04d5f9147363233e07de4 098dec16ecee40419ad1fa592c23a432 - - default default] DELETE failed (client error): The resource could not be found.
2026-07-01 08:36:25.903 9 INFO neutron.wsgi [None req-0e3518e8-0e56-47be-8a94-e352a33c2944 1cd8b716c0f04d5f9147363233e07de4 098dec16ecee40419ad1fa592c23a432 - - default default] 10.0.0.170 "DELETE /v2.0/ports/7a14dafd-3f55-4340-b725-627a974f2e22 HTTP/1.1" status: 404 len: 333 time: 0.0259638
2026-07-01 08:36:25.905 10 INFO neutron.db.ovn_revision_numbers_db [None req-f174c055-0028-426b-bdc4-6c11e2f232c5 e849cd5197ca4a809b701c93f4267077 5a7a96cf564a4c38a085f5ad195d8846 - - default default] Successfully bumped revision number for resource 404af4df-83c5-48fb-a09e-5070525771df (type: ports) to 1
2026-07-01 08:36:25.924 10 INFO neutron.pecan_wsgi.hooks.translation [None req-013f4dcd-6742-476f-bf10-7a89ead64d87 1cd8b716c0f04d5f9147363233e07de4 098dec16ecee40419ad1fa592c23a432 - - default default] DELETE failed (client error): The resource could not be found.
2026-07-01 08:36:25.926 10 INFO neutron.wsgi [None req-013f4dcd-6742-476f-bf10-7a89ead64d87 1cd8b716c0f04d5f9147363233e07de4 098dec16ecee40419ad1fa592c23a432 - - default default] 10.0.0.170 "DELETE /v2.0/subnets/00b3dbb4-7dab-4a1e-8133-626738d25e11 HTTP/1.1" status: 404 len: 337 time: 0.0170178
2026-07-01 08:36:25.932 10 INFO neutron.wsgi [None req-f174c055-0028-426b-bdc4-6c11e2f232c5 e849cd5197ca4a809b701c93f4267077 5a7a96cf564a4c38a085f5ad195d8846 - - default default] 10.0.0.170 "POST /v2.0/networks HTTP/1.1" status: 201 len: 828 time: 0.6230474
2026-07-01 08:36:25.954 9 INFO neutron.pecan_wsgi.hooks.translation [None req-cbdcbf0c-e904-400d-9ad7-f1c6e46cb81b 1cd8b716c0f04d5f9147363233e07de4 098dec16ecee40419ad1fa592c23a432 - - default default] DELETE failed (client error): The resource could not be found.
2026-07-01 08:36:25.957 9 INFO neutron.wsgi [None req-cbdcbf0c-e904-400d-9ad7-f1c6e46cb81b 1cd8b716c0f04d5f9147363233e07de4 098dec16ecee40419ad1fa592c23a432 - - default default] 10.0.0.170 "DELETE /v2.0/subnets/af4ac1fb-e151-4f81-bec2-84e21b443afb HTTP/1.1" status: 404 len: 337 time: 0.0260787
2026-07-01 08:36:26.114 9 INFO neutron.wsgi [None req-7e2c4af9-a978-43a9-b2e5-73a1ec8e74b3 275305560ff2488aa0068b872cabd664 70f7ffc7c4e345cd9129a4b9282b0f5f - - default default] 10.0.0.170 "GET /v2.0/security-groups?tenant_id=701c5c70e84b4d369f8004f4d21706c1&name=default HTTP/1.1" status: 200 len: 2996 time: 0.0379224
2026-07-01 08:36:26.165 9 WARNING neutron.plugins.ml2.drivers.ovn.mech_driver.ovsdb.ovn_client [None req-17ab10d5-9439-411f-8745-9887d4c5b955 - - - - - -] No port found with ID fbe48fc3-8228-4253-9c7b-7e87375d3973: RuntimeError: No port found with ID fbe48fc3-8228-4253-9c7b-7e87375d3973
2026-07-01 08:36:26.166 9 INFO neutron.plugins.ml2.drivers.ovn.mech_driver.mech_driver [None req-17ab10d5-9439-411f-8745-9887d4c5b955 - - - - - -] OVN reports status down for port: 42456027-4fd6-41a6-b13f-3830aa9a80fd
2026-07-01 08:36:26.220 10 WARNING neutron.scheduler.dhcp_agent_scheduler [None req-2b7562ba-751e-4228-88b6-e1b7a73dbc3b e849cd5197ca4a809b701c93f4267077 5a7a96cf564a4c38a085f5ad195d8846 - - default default] No more DHCP agents
2026-07-01 08:36:26.224 9 INFO neutron.services.segments.plugin [-] Segment 43e8c42c-1a1e-422c-b312-f4954cbf91c4 resource provider aggregate not found
2026-07-01 08:36:26.229 10 WARNING neutron.api.rpc.agentnotifiers.dhcp_rpc_agent_api [None req-2b7562ba-751e-4228-88b6-e1b7a73dbc3b e849cd5197ca4a809b701c93f4267077 5a7a96cf564a4c38a085f5ad195d8846 - - default default] Unable to schedule network 69136867-b685-4662-9e9c-3fa384d5473e: no agents available; will retry on subsequent port and subnet creation events.
2026-07-01 08:36:26.244 9 INFO neutron.services.segments.plugin [-] Segment 43e8c42c-1a1e-422c-b312-f4954cbf91c4 resource provider aggregate not found
2026-07-01 08:36:26.248 9 INFO neutron.services.segments.plugin [-] Segment 43e8c42c-1a1e-422c-b312-f4954cbf91c4 resource provider not found; error: Placement Client Error (4xx): {"errors": [{"status": 404, "title": "Not Found", "detail": "The resource could not be found.\n\n No resource provider with uuid 43e8c42c-1a1e-422c-b312-f4954cbf91c4 found for delete ", "request_id": "req-eae67a80-99cf-4aab-9d40-bacdc6a606af"}]}
2026-07-01 08:36:26.262 9 INFO neutron.services.segments.plugin [-] Segment 43e8c42c-1a1e-422c-b312-f4954cbf91c4 resource provider not found; error: Placement Client Error (4xx): {"errors": [{"status": 404, "title": "Not Found", "detail": "The resource could not be found.\n\n No resource provider with uuid 43e8c42c-1a1e-422c-b312-f4954cbf91c4 found for delete ", "request_id": "req-b4425e28-ec57-4a79-9017-d8c20bffd3d8"}]}
2026-07-01 08:36:26.263 10 INFO neutron.wsgi [None req-b5019aab-c920-4188-ae21-2b551ee2b776 1cd8b716c0f04d5f9147363233e07de4 098dec16ecee40419ad1fa592c23a432 - - default default] 10.0.0.170 "DELETE /v2.0/ports/ef258641-2b5f-45c4-b059-865e506e5227 HTTP/1.1" status: 204 len: 168 time: 0.3015201
2026-07-01 08:36:26.419 10 INFO neutron.services.segments.plugin [-] Segment cbd55605-1e03-48a6-b794-77fc2be5120f resource provider aggregate not found
2026-07-01 08:36:26.422 9 INFO neutron.wsgi [None req-400a0120-6fc6-4467-bbf9-633cba67dc08 275305560ff2488aa0068b872cabd664 70f7ffc7c4e345cd9129a4b9282b0f5f - - default default] 10.0.0.170 "DELETE /v2.0/security-groups/74fbac48-7dd1-4196-a262-6f89ef3a39f2 HTTP/1.1" status: 204 len: 168 time: 0.3038113
2026-07-01 08:36:26.426 10 INFO neutron.services.segments.plugin [-] Segment cbd55605-1e03-48a6-b794-77fc2be5120f resource provider aggregate not found
2026-07-01 08:36:26.448 10 INFO neutron.services.segments.plugin [-] Segment cbd55605-1e03-48a6-b794-77fc2be5120f resource provider not found; error: Placement Client Error (4xx): {"errors": [{"status": 404, "title": "Not Found", "detail": "The resource could not be found.\n\n No resource provider with uuid cbd55605-1e03-48a6-b794-77fc2be5120f found for delete ", "request_id": "req-8b3fa40d-4f2c-4354-90bb-47c6a7d9f5f2"}]}
2026-07-01 08:36:26.449 10 INFO neutron.services.segments.plugin [-] Segment cbd55605-1e03-48a6-b794-77fc2be5120f resource provider not found; error: Placement Client Error (4xx): {"errors": [{"status": 404, "title": "Not Found", "detail": "The resource could not be found.\n\n No resource provider with uuid cbd55605-1e03-48a6-b794-77fc2be5120f found for delete ", "request_id": "req-6b7cb59e-3408-400a-a3c3-66ecc8b1628d"}]}
2026-07-01 08:36:26.656 9 INFO neutron.wsgi [None req-8b36d962-6de4-4986-88f3-e2d1e1da06c2 1cd8b716c0f04d5f9147363233e07de4 098dec16ecee40419ad1fa592c23a432 - - default default] 10.0.0.170 "DELETE /v2.0/networks/97646922-5a88-4639-9013-4b478ca3b181 HTTP/1.1" status: 204 len: 168 time: 0.3871636
2026-07-01 08:36:26.777 10 INFO neutron.db.ovn_revision_numbers_db [None req-2b7562ba-751e-4228-88b6-e1b7a73dbc3b e849cd5197ca4a809b701c93f4267077 5a7a96cf564a4c38a085f5ad195d8846 - - default default] Successfully bumped revision number for resource 404af4df-83c5-48fb-a09e-5070525771df (type: ports) to 2
2026-07-01 08:36:26.811 10 INFO neutron.db.ovn_revision_numbers_db [None req-2b7562ba-751e-4228-88b6-e1b7a73dbc3b e849cd5197ca4a809b701c93f4267077 5a7a96cf564a4c38a085f5ad195d8846 - - default default] Successfully bumped revision number for resource d31fb66c-c08c-4706-9286-ce88c50a27a0 (type: subnets) to 0
2026-07-01 08:36:26.830 10 INFO neutron.wsgi [None req-2b7562ba-751e-4228-88b6-e1b7a73dbc3b e849cd5197ca4a809b701c93f4267077 5a7a96cf564a4c38a085f5ad195d8846 - - default default] 10.0.0.170 "POST /v2.0/subnets HTTP/1.1" status: 201 len: 801 time: 0.8932838
2026-07-01 08:36:27.002 10 INFO neutron.db.ovn_revision_numbers_db [None req-ab6cea61-d385-4daf-99cb-f1d6831b5ae4 e849cd5197ca4a809b701c93f4267077 5a7a96cf564a4c38a085f5ad195d8846 - - default default] Successfully bumped revision number for resource b4a24286-0c27-48b9-8417-23224d80f55b (type: routers) to 1
2026-07-01 08:36:27.020 10 INFO neutron.wsgi [None req-ab6cea61-d385-4daf-99cb-f1d6831b5ae4 e849cd5197ca4a809b701c93f4267077 5a7a96cf564a4c38a085f5ad195d8846 - - default default] 10.0.0.170 "POST /v2.0/routers HTTP/1.1" status: 201 len: 686 time: 0.1852009
2026-07-01 08:36:27.353 10 INFO neutron.wsgi [None req-d01c8111-9a20-482f-90e3-8e0b3eba1952 275305560ff2488aa0068b872cabd664 70f7ffc7c4e345cd9129a4b9282b0f5f - - default default] 10.0.0.170 "GET /v2.0/security-groups?tenant_id=098dec16ecee40419ad1fa592c23a432&name=default HTTP/1.1" status: 200 len: 2996 time: 0.1982963
2026-07-01 08:36:27.448 10 WARNING neutron.scheduler.dhcp_agent_scheduler [None req-62125810-e081-4b8d-a22f-689cd82d9ecf e849cd5197ca4a809b701c93f4267077 5a7a96cf564a4c38a085f5ad195d8846 - - default default] No more DHCP agents
2026-07-01 08:36:27.452 10 WARNING neutron.api.rpc.agentnotifiers.dhcp_rpc_agent_api [None req-62125810-e081-4b8d-a22f-689cd82d9ecf e849cd5197ca4a809b701c93f4267077 5a7a96cf564a4c38a085f5ad195d8846 - - default default] Unable to schedule network 69136867-b685-4662-9e9c-3fa384d5473e: no agents available; will retry on subsequent port and subnet creation events.
2026-07-01 08:36:27.671 10 INFO neutron.db.ovn_revision_numbers_db [None req-62125810-e081-4b8d-a22f-689cd82d9ecf e849cd5197ca4a809b701c93f4267077 5a7a96cf564a4c38a085f5ad195d8846 - - default default] Successfully bumped revision number for resource 71a5a3af-910e-4efd-9dc5-a9a624f94a69 (type: ports) to 1
2026-07-01 08:36:27.685 10 INFO neutron.wsgi [None req-d259c649-a891-41e6-b82c-636c94a73f4a 275305560ff2488aa0068b872cabd664 70f7ffc7c4e345cd9129a4b9282b0f5f - - default default] 10.0.0.170 "DELETE /v2.0/security-groups/6c400ef5-7b51-4427-87a1-cd59eac6226b HTTP/1.1" status: 204 len: 168 time: 0.3264229
2026-07-01 08:36:27.694 10 INFO neutron.wsgi [None req-62125810-e081-4b8d-a22f-689cd82d9ecf e849cd5197ca4a809b701c93f4267077 5a7a96cf564a4c38a085f5ad195d8846 - - default default] 10.0.0.170 "POST /v2.0/ports HTTP/1.1" status: 201 len: 1147 time: 0.6464281 /var/lib/openstack/lib/python3.10/site-packages/pycadf/identifier.py:71: UserWarning: Invalid uuid: neutron. To ensure interoperability, identifiers should be a valid uuid. warnings.warn(('Invalid uuid: %s. To ensure interoperability, '
2026-07-01 08:36:28.117 9 INFO neutron.plugins.ml2.drivers.ovn.mech_driver.mech_driver [None req-17ab10d5-9439-411f-8745-9887d4c5b955 - - - - - -] OVN reports status up for port: 71a5a3af-910e-4efd-9dc5-a9a624f94a69
2026-07-01 08:36:28.125 9 INFO neutron.plugins.ml2.plugin [None req-17ab10d5-9439-411f-8745-9887d4c5b955 - - - - - -] Attempt 1 to provision port 71a5a3af-910e-4efd-9dc5-a9a624f94a69
2026-07-01 08:36:28.142 10 INFO neutron.db.ovn_revision_numbers_db [None req-b3c2e8d0-b946-431e-98c7-3b013c759af0 e849cd5197ca4a809b701c93f4267077 5a7a96cf564a4c38a085f5ad195d8846 - - default default] Successfully bumped revision number for resource 71a5a3af-910e-4efd-9dc5-a9a624f94a69 (type: router_ports) to 2
2026-07-01 08:36:28.273 9 INFO neutron.services.segments.plugin [-] Segment 08da68ed-7a6d-47f3-ad08-cbe4ce443517 resource provider aggregate not found
2026-07-01 08:36:28.300 9 INFO neutron.services.segments.plugin [-] Segment 08da68ed-7a6d-47f3-ad08-cbe4ce443517 resource provider aggregate not found
2026-07-01 08:36:28.307 9 INFO neutron.services.segments.plugin [-] Segment 08da68ed-7a6d-47f3-ad08-cbe4ce443517 resource provider not found; error: Placement Client Error (4xx): {"errors": [{"status": 404, "title": "Not Found", "detail": "The resource could not be found.\n\n No resource provider with uuid 08da68ed-7a6d-47f3-ad08-cbe4ce443517 found for delete ", "request_id": "req-b26315e5-ad98-4469-a16f-36804b74efe0"}]}
2026-07-01 08:36:28.337 9 INFO neutron.services.segments.plugin [-] Segment 08da68ed-7a6d-47f3-ad08-cbe4ce443517 resource provider not found; error: Placement Client Error (4xx): {"errors": [{"status": 404, "title": "Not Found", "detail": "The resource could not be found.\n\n No resource provider with uuid 08da68ed-7a6d-47f3-ad08-cbe4ce443517 found for delete ", "request_id": "req-737d10f4-b8c0-40f2-b694-be8e1b61232e"}]}
2026-07-01 08:36:28.347 10 INFO neutron.db.ovn_revision_numbers_db [None req-b3c2e8d0-b946-431e-98c7-3b013c759af0 e849cd5197ca4a809b701c93f4267077 5a7a96cf564a4c38a085f5ad195d8846 - - default default] Successfully bumped revision number for resource 71a5a3af-910e-4efd-9dc5-a9a624f94a69 (type: ports) to 2
2026-07-01 08:36:28.408 9 INFO neutron.db.ovn_revision_numbers_db [None req-17ab10d5-9439-411f-8745-9887d4c5b955 - - - - - -] Successfully bumped revision number for resource 71a5a3af-910e-4efd-9dc5-a9a624f94a69 (type: ports) to 3
2026-07-01 08:36:28.536 9 INFO neutron.db.ovn_revision_numbers_db [None req-17ab10d5-9439-411f-8745-9887d4c5b955 - - - - - -] Successfully bumped revision number for resource 71a5a3af-910e-4efd-9dc5-a9a624f94a69 (type: router_ports) to 3 /var/lib/openstack/lib/python3.10/site-packages/pycadf/identifier.py:71: UserWarning: Invalid uuid: neutron. To ensure interoperability, identifiers should be a valid uuid. warnings.warn(('Invalid uuid: %s. To ensure interoperability, '
2026-07-01 08:36:28.967 10 INFO neutron.db.ovn_revision_numbers_db [None req-b3c2e8d0-b946-431e-98c7-3b013c759af0 e849cd5197ca4a809b701c93f4267077 5a7a96cf564a4c38a085f5ad195d8846 - - default default] Successfully bumped revision number for resource 71a5a3af-910e-4efd-9dc5-a9a624f94a69 (type: ports) to 3
2026-07-01 08:36:29.048 10 WARNING neutron.scheduler.dhcp_agent_scheduler [None req-b3c2e8d0-b946-431e-98c7-3b013c759af0 e849cd5197ca4a809b701c93f4267077 5a7a96cf564a4c38a085f5ad195d8846 - - default default] No more DHCP agents
2026-07-01 08:36:29.052 10 WARNING neutron.api.rpc.agentnotifiers.dhcp_rpc_agent_api [None req-b3c2e8d0-b946-431e-98c7-3b013c759af0 e849cd5197ca4a809b701c93f4267077 5a7a96cf564a4c38a085f5ad195d8846 - - default default] Unable to schedule network 69136867-b685-4662-9e9c-3fa384d5473e: no agents available; will retry on subsequent port and subnet creation events.
2026-07-01 08:36:29.077 9 INFO neutron.db.ovn_revision_numbers_db [None req-6b477039-2f22-441d-a7e7-dedc9a2c925b 275305560ff2488aa0068b872cabd664 70f7ffc7c4e345cd9129a4b9282b0f5f - - default default] Successfully bumped revision number for resource bb3b6d04-60bc-4776-b267-2476cfe30de0 (type: security_groups) to 1
2026-07-01 08:36:29.089 9 INFO neutron.db.ovn_revision_numbers_db [None req-6b477039-2f22-441d-a7e7-dedc9a2c925b 275305560ff2488aa0068b872cabd664 70f7ffc7c4e345cd9129a4b9282b0f5f - - default default] Successfully bumped revision number for resource 65c6b26a-fed3-47e4-b82f-25d70986e7ac (type: security_group_rules) to 0
2026-07-01 08:36:29.112 9 INFO neutron.db.ovn_revision_numbers_db [None req-6b477039-2f22-441d-a7e7-dedc9a2c925b 275305560ff2488aa0068b872cabd664 70f7ffc7c4e345cd9129a4b9282b0f5f - - default default] Successfully bumped revision number for resource 6b2387fa-8e5a-4f06-b248-f65151b2d5e4 (type: security_group_rules) to 0
2026-07-01 08:36:29.128 9 INFO neutron.db.ovn_revision_numbers_db [None req-6b477039-2f22-441d-a7e7-dedc9a2c925b 275305560ff2488aa0068b872cabd664 70f7ffc7c4e345cd9129a4b9282b0f5f - - default default] Successfully bumped revision number for resource a3765e8b-05f0-4aeb-898c-17c8d9ab03d5 (type: security_group_rules) to 0
2026-07-01 08:36:29.152 9 INFO neutron.db.ovn_revision_numbers_db [None req-6b477039-2f22-441d-a7e7-dedc9a2c925b 275305560ff2488aa0068b872cabd664 70f7ffc7c4e345cd9129a4b9282b0f5f - - default default] Successfully bumped revision number for resource f5148281-950d-4265-b395-6c16ba813b17 (type: security_group_rules) to 0
2026-07-01 08:36:29.177 9 INFO neutron.wsgi [None req-6b477039-2f22-441d-a7e7-dedc9a2c925b 275305560ff2488aa0068b872cabd664 70f7ffc7c4e345cd9129a4b9282b0f5f - - default default] 10.0.0.170 "GET /v2.0/security-groups?tenant_id=7cad14d5047c412fa0eae9e6c9cd2530&name=default HTTP/1.1" status: 200 len: 2996 time: 0.4002213
2026-07-01 08:36:29.453 9 INFO neutron.wsgi [None req-4a2c0097-b07b-4e7c-81b6-e2197e03fa5d 275305560ff2488aa0068b872cabd664 70f7ffc7c4e345cd9129a4b9282b0f5f - - default default] 10.0.0.170 "DELETE /v2.0/security-groups/bb3b6d04-60bc-4776-b267-2476cfe30de0 HTTP/1.1" status: 204 len: 168 time: 0.2712083
2026-07-01 08:36:29.470 10 INFO neutron.db.ovn_revision_numbers_db [None req-b3c2e8d0-b946-431e-98c7-3b013c759af0 e849cd5197ca4a809b701c93f4267077 5a7a96cf564a4c38a085f5ad195d8846 - - default default] Successfully bumped revision number for resource 71a5a3af-910e-4efd-9dc5-a9a624f94a69 (type: router_ports) to 3
2026-07-01 08:36:29.474 10 INFO neutron.wsgi [None req-b3c2e8d0-b946-431e-98c7-3b013c759af0 e849cd5197ca4a809b701c93f4267077 5a7a96cf564a4c38a085f5ad195d8846 - - default default] 10.0.0.170 "PUT /v2.0/routers/b4a24286-0c27-48b9-8417-23224d80f55b/add_router_interface HTTP/1.1" status: 200 len: 503 time: 1.7750900 /var/lib/openstack/lib/python3.10/site-packages/pycadf/identifier.py:71: UserWarning: Invalid uuid: neutron. To ensure interoperability, identifiers should be a valid uuid. warnings.warn(('Invalid uuid: %s. To ensure interoperability, '
2026-07-01 08:36:29.506 10 INFO neutron.wsgi [None req-49a63103-66fb-414d-b8ba-ebb00f93dc34 e849cd5197ca4a809b701c93f4267077 5a7a96cf564a4c38a085f5ad195d8846 - - default default] 10.0.0.170 "GET /v2.0/ports/71a5a3af-910e-4efd-9dc5-a9a624f94a69 HTTP/1.1" status: 200 len: 1205 time: 0.0269639
2026-07-01 08:36:29.885 9 INFO neutron.wsgi [None req-3f91d133-0efd-49ab-9040-07adae26ac4f 08ce14485be54cca8299139f51386095 f7b59983c5c54f68930a75fd27a9a759 - - default default] 10.0.0.170 "POST /v2.0/subnetpools HTTP/1.1" status: 201 len: 748 time: 0.2820370
2026-07-01 08:36:29.918 9 INFO neutron.wsgi [None req-2d97e9a7-0b73-4c36-b06f-c53312962e4b 08ce14485be54cca8299139f51386095 f7b59983c5c54f68930a75fd27a9a759 - - default default] 10.0.0.170 "GET /v2.0/subnetpools/bf294fba-dad3-4ba5-a27b-82a321400e12 HTTP/1.1" status: 200 len: 743 time: 0.0273566
2026-07-01 08:36:29.991 9 INFO neutron.wsgi [None req-7eac8799-5e5c-4161-aa8a-8133a238eb07 08ce14485be54cca8299139f51386095 f7b59983c5c54f68930a75fd27a9a759 - - default default] 10.0.0.170 "PUT /v2.0/subnetpools/bf294fba-dad3-4ba5-a27b-82a321400e12 HTTP/1.1" status: 200 len: 695 time: 0.0688393
2026-07-01 08:36:30.137 10 INFO neutron.wsgi [None req-4271abee-0986-411a-b7d8-f2721ed6b9c4 e849cd5197ca4a809b701c93f4267077 5a7a96cf564a4c38a085f5ad195d8846 - - default default] 10.0.0.170 "PUT /v2.0/routers/b4a24286-0c27-48b9-8417-23224d80f55b/remove_router_interface HTTP/1.1" status: 200 len: 503 time: 0.6266701 /var/lib/openstack/lib/python3.10/site-packages/pycadf/identifier.py:71: UserWarning: Invalid uuid: neutron. To ensure interoperability, identifiers should be a valid uuid. warnings.warn(('Invalid uuid: %s. To ensure interoperability, '
2026-07-01 08:36:30.209 10 INFO neutron.api.v2.resource [None req-9fea3459-5049-46bb-ae5e-7a9840c33113 e849cd5197ca4a809b701c93f4267077 5a7a96cf564a4c38a085f5ad195d8846 - - default default] remove_router_interface failed (client error): The resource could not be found.
2026-07-01 08:36:30.211 10 INFO neutron.wsgi [None req-9fea3459-5049-46bb-ae5e-7a9840c33113 e849cd5197ca4a809b701c93f4267077 5a7a96cf564a4c38a085f5ad195d8846 - - default default] 10.0.0.170 "PUT /v2.0/routers/b4a24286-0c27-48b9-8417-23224d80f55b/remove_router_interface HTTP/1.1" status: 404 len: 398 time: 0.0682795
2026-07-01 08:36:30.237 10 INFO neutron.wsgi [None req-15de18cd-3971-43ec-81e9-e1c8a579c0a1 e849cd5197ca4a809b701c93f4267077 5a7a96cf564a4c38a085f5ad195d8846 - - default default] 10.0.0.170 "GET /v2.0/ports?device_id=b4a24286-0c27-48b9-8417-23224d80f55b HTTP/1.1" status: 200 len: 205 time: 0.0201745
2026-07-01 08:36:30.284 9 INFO neutron.wsgi [None req-1f573913-8e10-4703-a7ab-a561cea46aa3 08ce14485be54cca8299139f51386095 f7b59983c5c54f68930a75fd27a9a759 - - default default] 10.0.0.170 "DELETE /v2.0/subnetpools/bf294fba-dad3-4ba5-a27b-82a321400e12 HTTP/1.1" status: 204 len: 168 time: 0.2875917
2026-07-01 08:36:30.306 10 INFO neutron.api.v2.resource [None req-1c982b9e-17f6-44c5-a58d-69f51cf89f0c 08ce14485be54cca8299139f51386095 f7b59983c5c54f68930a75fd27a9a759 - - default default] show failed (client error): The resource could not be found.
2026-07-01 08:36:30.307 10 INFO neutron.wsgi [None req-1c982b9e-17f6-44c5-a58d-69f51cf89f0c 08ce14485be54cca8299139f51386095 f7b59983c5c54f68930a75fd27a9a759 - - default default] 10.0.0.170 "GET /v2.0/subnetpools/bf294fba-dad3-4ba5-a27b-82a321400e12 HTTP/1.1" status: 404 len: 346 time: 0.0173926
2026-07-01 08:36:30.323 10 INFO neutron.api.v2.resource [None req-4441873c-b043-4e38-bf87-df149d44ff22 08ce14485be54cca8299139f51386095 f7b59983c5c54f68930a75fd27a9a759 - - default default] delete failed (client error): The resource could not be found.
2026-07-01 08:36:30.324 10 INFO neutron.wsgi [None req-4441873c-b043-4e38-bf87-df149d44ff22 08ce14485be54cca8299139f51386095 f7b59983c5c54f68930a75fd27a9a759 - - default default] 10.0.0.170 "DELETE /v2.0/subnetpools/bf294fba-dad3-4ba5-a27b-82a321400e12 HTTP/1.1" status: 404 len: 346 time: 0.0106981
2026-07-01 08:36:30.434 9 INFO neutron.wsgi [None req-16fa1b53-789d-4175-b891-6a1b3186fd11 e849cd5197ca4a809b701c93f4267077 5a7a96cf564a4c38a085f5ad195d8846 - - default default] 10.0.0.170 "DELETE /v2.0/routers/b4a24286-0c27-48b9-8417-23224d80f55b HTTP/1.1" status: 204 len: 168 time: 0.1913748
2026-07-01 08:36:30.680 9 INFO neutron.wsgi [None req-9713ba67-9be1-4a55-98ca-3911eee6cb74 e849cd5197ca4a809b701c93f4267077 5a7a96cf564a4c38a085f5ad195d8846 - - default default] 10.0.0.170 "DELETE /v2.0/subnets/d31fb66c-c08c-4706-9286-ce88c50a27a0 HTTP/1.1" status: 204 len: 168 time: 0.2402575
2026-07-01 08:36:31.072 9 INFO neutron.db.ovn_revision_numbers_db [None req-f0a51efa-d931-4f01-bae0-3c7cc45274a4 275305560ff2488aa0068b872cabd664 70f7ffc7c4e345cd9129a4b9282b0f5f - - default default] Successfully bumped revision number for resource 952eaf7f-174c-4b43-b1cf-726a7203c710 (type: security_groups) to 1
2026-07-01 08:36:31.084 9 INFO neutron.db.ovn_revision_numbers_db [None req-f0a51efa-d931-4f01-bae0-3c7cc45274a4 275305560ff2488aa0068b872cabd664 70f7ffc7c4e345cd9129a4b9282b0f5f - - default default] Successfully bumped revision number for resource 20ae889b-6cd6-4544-a58b-c38b35b4f4a4 (type: security_group_rules) to 0
2026-07-01 08:36:31.094 10 INFO neutron.services.segments.plugin [-] Segment 9de8d94a-b8d3-4f55-9277-6d8c1378001b resource provider aggregate not found
2026-07-01 08:36:31.097 9 INFO neutron.db.ovn_revision_numbers_db [None req-f0a51efa-d931-4f01-bae0-3c7cc45274a4 275305560ff2488aa0068b872cabd664 70f7ffc7c4e345cd9129a4b9282b0f5f - - default default] Successfully bumped revision number for resource 2d3100f8-43b1-4bcc-883a-111ec6942763 (type: security_group_rules) to 0
2026-07-01 08:36:31.099 10 INFO neutron.services.segments.plugin [-] Segment 9de8d94a-b8d3-4f55-9277-6d8c1378001b resource provider aggregate not found
2026-07-01 08:36:31.119 10 INFO neutron.services.segments.plugin [-] Segment 9de8d94a-b8d3-4f55-9277-6d8c1378001b resource provider not found; error: Placement Client Error (4xx): {"errors": [{"status": 404, "title": "Not Found", "detail": "The resource could not be found.\n\n No resource provider with uuid 9de8d94a-b8d3-4f55-9277-6d8c1378001b found for delete ", "request_id": "req-60d3c888-cfbe-4c11-8c01-8f4fe91f04ea"}]}
2026-07-01 08:36:31.121 10 INFO neutron.services.segments.plugin [-] Segment 9de8d94a-b8d3-4f55-9277-6d8c1378001b resource provider not found; error: Placement Client Error (4xx): {"errors": [{"status": 404, "title": "Not Found", "detail": "The resource could not be found.\n\n No resource provider with uuid 9de8d94a-b8d3-4f55-9277-6d8c1378001b found for delete ", "request_id": "req-c9e062dc-46c9-4bba-9532-80bb977203f2"}]}
2026-07-01 08:36:31.122 9 INFO neutron.db.ovn_revision_numbers_db [None req-f0a51efa-d931-4f01-bae0-3c7cc45274a4 275305560ff2488aa0068b872cabd664 70f7ffc7c4e345cd9129a4b9282b0f5f - - default default] Successfully bumped revision number for resource 7d1d90a7-7c1f-4ba9-98e8-3f4281d63f71 (type: security_group_rules) to 0
2026-07-01 08:36:31.132 10 INFO neutron.wsgi [None req-da4481ee-0eed-48fa-80df-14563bf7cea4 e849cd5197ca4a809b701c93f4267077 5a7a96cf564a4c38a085f5ad195d8846 - - default default] 10.0.0.170 "DELETE /v2.0/networks/69136867-b685-4662-9e9c-3fa384d5473e HTTP/1.1" status: 204 len: 168 time: 0.4462676
2026-07-01 08:36:31.148 9 INFO neutron.db.ovn_revision_numbers_db [None req-f0a51efa-d931-4f01-bae0-3c7cc45274a4 275305560ff2488aa0068b872cabd664 70f7ffc7c4e345cd9129a4b9282b0f5f - - default default] Successfully bumped revision number for resource df683e44-77c2-4c3e-a448-9aa65a213a0d (type: security_group_rules) to 0
2026-07-01 08:36:31.177 9 INFO neutron.wsgi [None req-f0a51efa-d931-4f01-bae0-3c7cc45274a4 275305560ff2488aa0068b872cabd664 70f7ffc7c4e345cd9129a4b9282b0f5f - - default default] 10.0.0.170 "GET /v2.0/security-groups?tenant_id=f7b59983c5c54f68930a75fd27a9a759&name=default HTTP/1.1" status: 200 len: 2996 time: 0.3883512
2026-07-01 08:36:31.233 9 INFO neutron.db.segments_db [None req-1475860f-8932-4093-94eb-679b7fad872d e849cd5197ca4a809b701c93f4267077 5a7a96cf564a4c38a085f5ad195d8846 - - default default] Added segment e45aaa57-d1b4-43af-a47e-51077efce753 of type geneve for network 0da36cda-f07f-4d25-83e3-39fc36cb863d
2026-07-01 08:36:31.375 9 INFO neutron.db.ovn_revision_numbers_db [None req-1475860f-8932-4093-94eb-679b7fad872d e849cd5197ca4a809b701c93f4267077 5a7a96cf564a4c38a085f5ad195d8846 - - default default] Successfully bumped revision number for resource 0da36cda-f07f-4d25-83e3-39fc36cb863d (type: networks) to 1
2026-07-01 08:36:31.376 10 INFO neutron.wsgi [None req-6b78d40f-7a2b-483e-bb2e-8a4ef82a6e08 275305560ff2488aa0068b872cabd664 70f7ffc7c4e345cd9129a4b9282b0f5f - - default default] 10.0.0.170 "DELETE /v2.0/security-groups/952eaf7f-174c-4b43-b1cf-726a7203c710 HTTP/1.1" status: 204 len: 168 time: 0.1935678
2026-07-01 08:36:31.553 9 WARNING neutron.scheduler.dhcp_agent_scheduler [None req-1475860f-8932-4093-94eb-679b7fad872d e849cd5197ca4a809b701c93f4267077 5a7a96cf564a4c38a085f5ad195d8846 - - default default] No more DHCP agents
2026-07-01 08:36:31.555 9 WARNING neutron.api.rpc.agentnotifiers.dhcp_rpc_agent_api [None req-1475860f-8932-4093-94eb-679b7fad872d e849cd5197ca4a809b701c93f4267077 5a7a96cf564a4c38a085f5ad195d8846 - - default default] Unable to schedule network 0da36cda-f07f-4d25-83e3-39fc36cb863d: no agents available; will retry on subsequent port and subnet creation events.
2026-07-01 08:36:31.636 9 INFO neutron.db.ovn_revision_numbers_db [None req-1475860f-8932-4093-94eb-679b7fad872d e849cd5197ca4a809b701c93f4267077 5a7a96cf564a4c38a085f5ad195d8846 - - default default] Successfully bumped revision number for resource 31a500c8-4055-438d-ade6-dcd3937a0b9a (type: ports) to 1
2026-07-01 08:36:31.669 9 INFO neutron.wsgi [None req-1475860f-8932-4093-94eb-679b7fad872d e849cd5197ca4a809b701c93f4267077 5a7a96cf564a4c38a085f5ad195d8846 - - default default] 10.0.0.170 "POST /v2.0/networks HTTP/1.1" status: 201 len: 829 time: 0.5310509
2026-07-01 08:36:31.900 9 WARNING neutron.scheduler.dhcp_agent_scheduler [None req-111a4d03-5b00-4029-994a-c95f5b6550de e849cd5197ca4a809b701c93f4267077 5a7a96cf564a4c38a085f5ad195d8846 - - default default] No more DHCP agents
2026-07-01 08:36:31.903 9 WARNING neutron.api.rpc.agentnotifiers.dhcp_rpc_agent_api [None req-111a4d03-5b00-4029-994a-c95f5b6550de e849cd5197ca4a809b701c93f4267077 5a7a96cf564a4c38a085f5ad195d8846 - - default default] Unable to schedule network 0da36cda-f07f-4d25-83e3-39fc36cb863d: no agents available; will retry on subsequent port and subnet creation events.
2026-07-01 08:36:32.392 9 INFO neutron.db.ovn_revision_numbers_db [None req-111a4d03-5b00-4029-994a-c95f5b6550de e849cd5197ca4a809b701c93f4267077 5a7a96cf564a4c38a085f5ad195d8846 - - default default] Successfully bumped revision number for resource 31a500c8-4055-438d-ade6-dcd3937a0b9a (type: ports) to 2
2026-07-01 08:36:32.424 9 INFO neutron.db.ovn_revision_numbers_db [None req-111a4d03-5b00-4029-994a-c95f5b6550de e849cd5197ca4a809b701c93f4267077 5a7a96cf564a4c38a085f5ad195d8846 - - default default] Successfully bumped revision number for resource 6f06e051-0eb7-436e-8e3a-f6a202d84b0e (type: subnets) to 0
2026-07-01 08:36:32.439 9 INFO neutron.wsgi [None req-111a4d03-5b00-4029-994a-c95f5b6550de e849cd5197ca4a809b701c93f4267077 5a7a96cf564a4c38a085f5ad195d8846 - - default default] 10.0.0.170 "POST /v2.0/subnets HTTP/1.1" status: 201 len: 801 time: 0.7659552
2026-07-01 08:36:32.660 9 INFO neutron.db.ovn_revision_numbers_db [None req-b55ca112-794d-440f-9d3d-48377e748ac8 e849cd5197ca4a809b701c93f4267077 5a7a96cf564a4c38a085f5ad195d8846 - - default default] Successfully bumped revision number for resource e550449d-8f2a-48ab-a41d-b3ad9b5306b6 (type: routers) to 1
2026-07-01 08:36:32.679 9 INFO neutron.wsgi [None req-b55ca112-794d-440f-9d3d-48377e748ac8 e849cd5197ca4a809b701c93f4267077 5a7a96cf564a4c38a085f5ad195d8846 - - default default] 10.0.0.170 "POST /v2.0/routers HTTP/1.1" status: 201 len: 687 time: 0.2351604
2026-07-01 08:36:32.931 10 INFO neutron.wsgi [None req-e32f6d27-2a4e-4a04-9e31-1d106357dbba 66b7bed613294c24aa3d6ff459b3f0f3 f71417a55a85483c9198a1a62bbbaeb4 - - default default] 10.0.0.205 "GET /v2.0/extensions HTTP/1.1" status: 200 len: 16525 time: 0.0566931
2026-07-01 08:36:33.027 9 INFO neutron.db.ovn_revision_numbers_db [None req-87ddb3ad-8e8f-4eb1-b106-c8a6ff72949f 275305560ff2488aa0068b872cabd664 70f7ffc7c4e345cd9129a4b9282b0f5f - - default default] Successfully bumped revision number for resource 5c63283a-4e3e-465b-ac38-6cdeb7449ced (type: security_groups) to 1
2026-07-01 08:36:33.046 9 INFO neutron.db.ovn_revision_numbers_db [None req-87ddb3ad-8e8f-4eb1-b106-c8a6ff72949f 275305560ff2488aa0068b872cabd664 70f7ffc7c4e345cd9129a4b9282b0f5f - - default default] Successfully bumped revision number for resource 20f30d1f-48ac-4be1-bb71-12f1f4097325 (type: security_group_rules) to 0
2026-07-01 08:36:33.058 10 INFO neutron.wsgi [None req-1a38e312-2408-479e-9865-a518cd8ce88d 66b7bed613294c24aa3d6ff459b3f0f3 f71417a55a85483c9198a1a62bbbaeb4 - - default default] 10.0.0.205 "GET /v2.0/quotas/f71417a55a85483c9198a1a62bbbaeb4/details HTTP/1.1" status: 200 len: 756 time: 0.1094851
2026-07-01 08:36:33.066 9 INFO neutron.db.ovn_revision_numbers_db [None req-87ddb3ad-8e8f-4eb1-b106-c8a6ff72949f 275305560ff2488aa0068b872cabd664 70f7ffc7c4e345cd9129a4b9282b0f5f - - default default] Successfully bumped revision number for resource a4279d67-3d73-4452-b159-8097bbd5261d (type: security_group_rules) to 0
2026-07-01 08:36:33.082 9 INFO neutron.db.ovn_revision_numbers_db [None req-87ddb3ad-8e8f-4eb1-b106-c8a6ff72949f 275305560ff2488aa0068b872cabd664 70f7ffc7c4e345cd9129a4b9282b0f5f - - default default] Successfully bumped revision number for resource b6ff6197-fc3f-40ca-97fd-62904a3b1fa8 (type: security_group_rules) to 0
2026-07-01 08:36:33.101 9 WARNING neutron.scheduler.dhcp_agent_scheduler [None req-5f2042ae-526b-4dad-8fbe-e3308eaded46 e849cd5197ca4a809b701c93f4267077 5a7a96cf564a4c38a085f5ad195d8846 - - default default] No more DHCP agents
2026-07-01 08:36:33.103 9 WARNING neutron.api.rpc.agentnotifiers.dhcp_rpc_agent_api [None req-5f2042ae-526b-4dad-8fbe-e3308eaded46 e849cd5197ca4a809b701c93f4267077 5a7a96cf564a4c38a085f5ad195d8846 - - default default] Unable to schedule network 0da36cda-f07f-4d25-83e3-39fc36cb863d: no agents available; will retry on subsequent port and subnet creation events.
2026-07-01 08:36:33.106 9 INFO neutron.db.ovn_revision_numbers_db [None req-87ddb3ad-8e8f-4eb1-b106-c8a6ff72949f 275305560ff2488aa0068b872cabd664 70f7ffc7c4e345cd9129a4b9282b0f5f - - default default] Successfully bumped revision number for resource cb831089-1569-41ab-b9ba-918cfec3cf3f (type: security_group_rules) to 0
2026-07-01 08:36:33.133 9 INFO neutron.wsgi [None req-87ddb3ad-8e8f-4eb1-b106-c8a6ff72949f 275305560ff2488aa0068b872cabd664 70f7ffc7c4e345cd9129a4b9282b0f5f - - default default] 10.0.0.170 "GET /v2.0/security-groups?tenant_id=51e92ec15d374bc0802d9fd343f37e83&name=default HTTP/1.1" status: 200 len: 2996 time: 0.3827224
2026-07-01 08:36:33.278 9 INFO neutron.db.ovn_revision_numbers_db [None req-5f2042ae-526b-4dad-8fbe-e3308eaded46 e849cd5197ca4a809b701c93f4267077 5a7a96cf564a4c38a085f5ad195d8846 - - default default] Successfully bumped revision number for resource 661ebd00-9dbb-43f3-8a5f-f8c38942fc95 (type: ports) to 1
2026-07-01 08:36:33.353 10 INFO neutron.wsgi [None req-d0f09127-d639-4782-98f6-c91c3ee78fd4 275305560ff2488aa0068b872cabd664 70f7ffc7c4e345cd9129a4b9282b0f5f - - default default] 10.0.0.170 "DELETE /v2.0/security-groups/5c63283a-4e3e-465b-ac38-6cdeb7449ced HTTP/1.1" status: 204 len: 168 time: 0.2130542
2026-07-01 08:36:33.483 10 INFO neutron.wsgi [-] 10.0.0.111 "GET / HTTP/1.1" status: 200 len: 247 time: 0.0024860
2026-07-01 08:36:33.485 10 INFO neutron.wsgi [-] 10.0.0.111 "GET / HTTP/1.1" status: 200 len: 247 time: 0.0012980
2026-07-01 08:36:33.638 10 INFO neutron.db.ovn_revision_numbers_db [None req-28e8abc6-68ff-4c52-ae20-9d109120c03d 275305560ff2488aa0068b872cabd664 70f7ffc7c4e345cd9129a4b9282b0f5f - - default default] Successfully bumped revision number for resource be15ad3e-11a6-418f-ac8b-ddbece657f1d (type: security_groups) to 1
2026-07-01 08:36:33.652 10 INFO neutron.db.ovn_revision_numbers_db [None req-28e8abc6-68ff-4c52-ae20-9d109120c03d 275305560ff2488aa0068b872cabd664 70f7ffc7c4e345cd9129a4b9282b0f5f - - default default] Successfully bumped revision number for resource 205c8238-1956-4982-9677-e2d442adf032 (type: security_group_rules) to 0
2026-07-01 08:36:33.665 10 INFO neutron.db.ovn_revision_numbers_db [None req-28e8abc6-68ff-4c52-ae20-9d109120c03d 275305560ff2488aa0068b872cabd664 70f7ffc7c4e345cd9129a4b9282b0f5f - - default default] Successfully bumped revision number for resource 3cdb7884-1b3c-4ef0-bb87-7c0c62cbdab6 (type: security_group_rules) to 0
2026-07-01 08:36:33.677 10 INFO neutron.db.ovn_revision_numbers_db [None req-28e8abc6-68ff-4c52-ae20-9d109120c03d 275305560ff2488aa0068b872cabd664 70f7ffc7c4e345cd9129a4b9282b0f5f - - default default] Successfully bumped revision number for resource a49a2027-69b5-4633-b1dc-7fd5d99d4663 (type: security_group_rules) to 0
2026-07-01 08:36:33.692 10 INFO neutron.db.ovn_revision_numbers_db [None req-28e8abc6-68ff-4c52-ae20-9d109120c03d 275305560ff2488aa0068b872cabd664 70f7ffc7c4e345cd9129a4b9282b0f5f - - default default] Successfully bumped revision number for resource b6070ca9-e280-4cec-9b0a-58649c8c0218 (type: security_group_rules) to 0
2026-07-01 08:36:33.715 10 INFO neutron.plugins.ml2.drivers.ovn.mech_driver.mech_driver [None req-082ab5e4-522b-4889-97e6-daa04ebc9f95 - - - - - -] OVN reports status up for port: 661ebd00-9dbb-43f3-8a5f-f8c38942fc95
2026-07-01 08:36:33.723 10 INFO neutron.wsgi [None req-28e8abc6-68ff-4c52-ae20-9d109120c03d 275305560ff2488aa0068b872cabd664 70f7ffc7c4e345cd9129a4b9282b0f5f - - default default] 10.0.0.170 "GET /v2.0/security-groups?tenant_id=8817d9bc12074342ae1ed4ac6fd18ac0&name=default HTTP/1.1" status: 200 len: 2996 time: 0.2086751
2026-07-01 08:36:33.735 10 INFO neutron.plugins.ml2.plugin [None req-082ab5e4-522b-4889-97e6-daa04ebc9f95 - - - - - -] Attempt 1 to provision port 661ebd00-9dbb-43f3-8a5f-f8c38942fc95
2026-07-01 08:36:33.748 9 INFO neutron.db.ovn_revision_numbers_db [None req-5f2042ae-526b-4dad-8fbe-e3308eaded46 e849cd5197ca4a809b701c93f4267077 5a7a96cf564a4c38a085f5ad195d8846 - - default default] Successfully bumped revision number for resource 661ebd00-9dbb-43f3-8a5f-f8c38942fc95 (type: router_ports) to 1
2026-07-01 08:36:33.807 9 WARNING neutron.plugins.ml2.drivers.ovn.mech_driver.ovsdb.ovn_client [None req-17ab10d5-9439-411f-8745-9887d4c5b955 - - - - - -] No port found with ID 71a5a3af-910e-4efd-9dc5-a9a624f94a69: RuntimeError: No port found with ID 71a5a3af-910e-4efd-9dc5-a9a624f94a69
2026-07-01 08:36:33.890 9 INFO neutron.db.ovn_revision_numbers_db [None req-5f2042ae-526b-4dad-8fbe-e3308eaded46 e849cd5197ca4a809b701c93f4267077 5a7a96cf564a4c38a085f5ad195d8846 - - default default] Successfully bumped revision number for resource 661ebd00-9dbb-43f3-8a5f-f8c38942fc95 (type: ports) to 1
2026-07-01 08:36:33.970 9 WARNING neutron.scheduler.dhcp_agent_scheduler [None req-5f2042ae-526b-4dad-8fbe-e3308eaded46 e849cd5197ca4a809b701c93f4267077 5a7a96cf564a4c38a085f5ad195d8846 - - default default] No more DHCP agents
2026-07-01 08:36:33.971 9 WARNING neutron.api.rpc.agentnotifiers.dhcp_rpc_agent_api [None req-5f2042ae-526b-4dad-8fbe-e3308eaded46 e849cd5197ca4a809b701c93f4267077 5a7a96cf564a4c38a085f5ad195d8846 - - default default] Unable to schedule network 0da36cda-f07f-4d25-83e3-39fc36cb863d: no agents available; will retry on subsequent port and subnet creation events.
2026-07-01 08:36:33.972 10 INFO neutron.wsgi [None req-ad265a71-28e4-4a47-a3a4-54653c48a589 275305560ff2488aa0068b872cabd664 70f7ffc7c4e345cd9129a4b9282b0f5f - - default default] 10.0.0.170 "DELETE /v2.0/security-groups/be15ad3e-11a6-418f-ac8b-ddbece657f1d HTTP/1.1" status: 204 len: 168 time: 0.2426395
2026-07-01 08:36:34.071 10 INFO neutron.db.ovn_revision_numbers_db [None req-082ab5e4-522b-4889-97e6-daa04ebc9f95 - - - - - -] Successfully bumped revision number for resource 661ebd00-9dbb-43f3-8a5f-f8c38942fc95 (type: ports) to 2
2026-07-01 08:36:34.173 9 INFO neutron.db.ovn_revision_numbers_db [None req-5f2042ae-526b-4dad-8fbe-e3308eaded46 e849cd5197ca4a809b701c93f4267077 5a7a96cf564a4c38a085f5ad195d8846 - - default default] Successfully bumped revision number for resource 661ebd00-9dbb-43f3-8a5f-f8c38942fc95 (type: router_ports) to 2
2026-07-01 08:36:34.177 9 INFO neutron.wsgi [None req-5f2042ae-526b-4dad-8fbe-e3308eaded46 e849cd5197ca4a809b701c93f4267077 5a7a96cf564a4c38a085f5ad195d8846 - - default default] 10.0.0.170 "PUT /v2.0/routers/e550449d-8f2a-48ab-a41d-b3ad9b5306b6/add_router_interface HTTP/1.1" status: 200 len: 503 time: 1.4916282
2026-07-01 08:36:34.216 9 INFO neutron.wsgi [None req-7495620a-9478-4eab-951b-31865d24b7cc e849cd5197ca4a809b701c93f4267077 5a7a96cf564a4c38a085f5ad195d8846 - - default default] 10.0.0.170 "GET /v2.0/ports/661ebd00-9dbb-43f3-8a5f-f8c38942fc95 HTTP/1.1" status: 200 len: 1137 time: 0.0336158
2026-07-01 08:36:34.251 9 INFO neutron.wsgi [None req-7f946465-be0b-408b-bb81-5576d4fcb8d5 e849cd5197ca4a809b701c93f4267077 5a7a96cf564a4c38a085f5ad195d8846 - - default default] 10.0.0.170 "GET /v2.0/ports/661ebd00-9dbb-43f3-8a5f-f8c38942fc95 HTTP/1.1" status: 200 len: 1137 time: 0.0302248
2026-07-01 08:36:34.980 9 INFO neutron.wsgi [None req-22be0188-d1cc-42ae-9488-63ee5011a843 e849cd5197ca4a809b701c93f4267077 5a7a96cf564a4c38a085f5ad195d8846 - - default default] 10.0.0.170 "PUT /v2.0/routers/e550449d-8f2a-48ab-a41d-b3ad9b5306b6/remove_router_interface HTTP/1.1" status: 200 len: 503 time: 0.7230067 /var/lib/openstack/lib/python3.10/site-packages/pycadf/identifier.py:71: UserWarning: Invalid uuid: neutron. To ensure interoperability, identifiers should be a valid uuid. warnings.warn(('Invalid uuid: %s. To ensure interoperability, '
2026-07-01 08:36:35.009 9 INFO neutron.wsgi [None req-e6351a2e-2041-4cb1-a4f1-d3c1b91204eb e849cd5197ca4a809b701c93f4267077 5a7a96cf564a4c38a085f5ad195d8846 - - default default] 10.0.0.170 "GET /v2.0/ports?device_id=e550449d-8f2a-48ab-a41d-b3ad9b5306b6 HTTP/1.1" status: 200 len: 205 time: 0.0242658
