2026-07-01 08:35:31.084 9 INFO neutron.db.ovn_revision_numbers_db [None req-14f13fbf-301c-470b-bdb5-41b341f7c71b 830f379eed814ce9a84de927b854b7d1 c8c1791ee1ad4d5c82df570676a43d72 - - default default] Successfully bumped revision number for resource e11a8b73-77dd-4fef-8b3e-4e75e1bfdf38 (type: ports) to 1
2026-07-01 08:35:31.109 9 INFO neutron.wsgi [None req-14f13fbf-301c-470b-bdb5-41b341f7c71b 830f379eed814ce9a84de927b854b7d1 c8c1791ee1ad4d5c82df570676a43d72 - - default default] 10.0.0.170 "POST /v2.0/ports HTTP/1.1" status: 201 len: 1706 time: 0.7365100 /var/lib/openstack/lib/python3.10/site-packages/pycadf/identifier.py:71: UserWarning: Invalid uuid: neutron. To ensure interoperability, identifiers should be a valid uuid. warnings.warn(('Invalid uuid: %s. To ensure interoperability, '
2026-07-01 08:35:31.170 10 INFO neutron.db.ovn_revision_numbers_db [None req-6dbbcff4-08b7-4200-83e1-895032286012 5f232102354f45249aa097f17ef79a8d 20b8d7d51d9349f3a1eb96a2a81b2fa9 - - default default] Successfully bumped revision number for resource ff8a9743-bf61-4a5e-b7a6-d6538a007252 (type: security_groups) to 1
2026-07-01 08:35:31.185 10 INFO neutron.db.ovn_revision_numbers_db [None req-6dbbcff4-08b7-4200-83e1-895032286012 5f232102354f45249aa097f17ef79a8d 20b8d7d51d9349f3a1eb96a2a81b2fa9 - - default default] Successfully bumped revision number for resource 6d965e5f-eb27-417b-a440-7d91eeff922d (type: security_group_rules) to 0
2026-07-01 08:35:31.200 10 INFO neutron.db.ovn_revision_numbers_db [None req-6dbbcff4-08b7-4200-83e1-895032286012 5f232102354f45249aa097f17ef79a8d 20b8d7d51d9349f3a1eb96a2a81b2fa9 - - default default] Successfully bumped revision number for resource d485f3ed-a587-4de6-ad6b-13c915c6ee7e (type: security_group_rules) to 0
2026-07-01 08:35:31.219 10 INFO neutron.wsgi [None req-6dbbcff4-08b7-4200-83e1-895032286012 5f232102354f45249aa097f17ef79a8d 20b8d7d51d9349f3a1eb96a2a81b2fa9 - - default default] 10.0.0.170 "POST /v2.0/security-groups HTTP/1.1" status: 201 len: 1797 time: 0.1797202
2026-07-01 08:35:31.250 9 INFO neutron.wsgi [None req-806d23ef-c763-4aca-b167-753acf4a7fd5 830f379eed814ce9a84de927b854b7d1 c8c1791ee1ad4d5c82df570676a43d72 - - default default] 10.0.0.170 "GET /v2.0/ports HTTP/1.1" status: 200 len: 3213 time: 0.1363609
2026-07-01 08:35:31.338 10 INFO neutron.db.ovn_revision_numbers_db [None req-5c2b6d8b-d07b-4b99-a508-d32e05e79df0 5f232102354f45249aa097f17ef79a8d 20b8d7d51d9349f3a1eb96a2a81b2fa9 - - default default] Successfully bumped revision number for resource ecfd53d2-e19d-4682-a967-92a7d0230c61 (type: security_group_rules) to 0
2026-07-01 08:35:31.370 10 INFO neutron.wsgi [None req-5c2b6d8b-d07b-4b99-a508-d32e05e79df0 5f232102354f45249aa097f17ef79a8d 20b8d7d51d9349f3a1eb96a2a81b2fa9 - - default default] 10.0.0.170 "POST /v2.0/security-group-rules HTTP/1.1" status: 201 len: 764 time: 0.1448271
2026-07-01 08:35:31.470 9 INFO neutron.wsgi [None req-d4a4d3f3-caac-4281-a828-cfb56019e947 830f379eed814ce9a84de927b854b7d1 c8c1791ee1ad4d5c82df570676a43d72 - - default default] 10.0.0.170 "DELETE /v2.0/ports/3a10bafc-d8d5-4c58-b620-cb9fdf09f0ef HTTP/1.1" status: 204 len: 168 time: 0.2156138
2026-07-01 08:35:31.483 10 INFO neutron.db.ovn_revision_numbers_db [None req-fe0fafcc-e2d0-4e79-a2e9-1d11eaa547c6 5f232102354f45249aa097f17ef79a8d 20b8d7d51d9349f3a1eb96a2a81b2fa9 - - default default] Successfully bumped revision number for resource e1a22841-41ec-41d7-9201-062f5fd9ea82 (type: security_group_rules) to 0
2026-07-01 08:35:31.508 10 INFO neutron.wsgi [None req-fe0fafcc-e2d0-4e79-a2e9-1d11eaa547c6 5f232102354f45249aa097f17ef79a8d 20b8d7d51d9349f3a1eb96a2a81b2fa9 - - default default] 10.0.0.170 "POST /v2.0/security-group-rules HTTP/1.1" status: 201 len: 769 time: 0.1312127
2026-07-01 08:35:31.751 9 INFO neutron.wsgi [None req-41bdb497-81eb-4a2a-a3a4-0d46ade7bc8b 830f379eed814ce9a84de927b854b7d1 c8c1791ee1ad4d5c82df570676a43d72 - - default default] 10.0.0.170 "DELETE /v2.0/ports/e11a8b73-77dd-4fef-8b3e-4e75e1bfdf38 HTTP/1.1" status: 204 len: 168 time: 0.2758546
2026-07-01 08:35:31.796 9 INFO neutron.wsgi [None req-e2bef0b9-5099-40db-8b0a-2af7e312e0de 830f379eed814ce9a84de927b854b7d1 c8c1791ee1ad4d5c82df570676a43d72 - - default default] 10.0.0.170 "GET /v2.0/ports HTTP/1.1" status: 200 len: 1718 time: 0.0400348
2026-07-01 08:35:31.885 9 INFO neutron.db.segments_db [None req-e37853a3-defc-4792-b4af-0923c3d3dcd1 830f379eed814ce9a84de927b854b7d1 c8c1791ee1ad4d5c82df570676a43d72 - - default default] Added segment 4714dfd6-39bd-457c-84ca-6b7ceda91449 of type geneve for network b701f5f1-ab18-4119-a731-eb04aa83ce11
2026-07-01 08:35:32.015 10 WARNING neutron.scheduler.dhcp_agent_scheduler [None req-c4ebc01f-dec9-454e-a136-3e36c21cdfc3 5f232102354f45249aa097f17ef79a8d 20b8d7d51d9349f3a1eb96a2a81b2fa9 - - default default] No more DHCP agents
2026-07-01 08:35:32.017 10 WARNING neutron.api.rpc.agentnotifiers.dhcp_rpc_agent_api [None req-c4ebc01f-dec9-454e-a136-3e36c21cdfc3 5f232102354f45249aa097f17ef79a8d 20b8d7d51d9349f3a1eb96a2a81b2fa9 - - default default] Unable to schedule network 71be9c22-9137-46f4-bb67-4045b8ca23fa: no agents available; will retry on subsequent port and subnet creation events.
2026-07-01 08:35:32.038 9 INFO neutron.db.ovn_revision_numbers_db [None req-e37853a3-defc-4792-b4af-0923c3d3dcd1 830f379eed814ce9a84de927b854b7d1 c8c1791ee1ad4d5c82df570676a43d72 - - default default] Successfully bumped revision number for resource b701f5f1-ab18-4119-a731-eb04aa83ce11 (type: networks) to 1
2026-07-01 08:35:32.203 9 WARNING neutron.scheduler.dhcp_agent_scheduler [None req-e37853a3-defc-4792-b4af-0923c3d3dcd1 830f379eed814ce9a84de927b854b7d1 c8c1791ee1ad4d5c82df570676a43d72 - - default default] No more DHCP agents
2026-07-01 08:35:32.206 9 WARNING neutron.api.rpc.agentnotifiers.dhcp_rpc_agent_api [None req-e37853a3-defc-4792-b4af-0923c3d3dcd1 830f379eed814ce9a84de927b854b7d1 c8c1791ee1ad4d5c82df570676a43d72 - - default default] Unable to schedule network b701f5f1-ab18-4119-a731-eb04aa83ce11: no agents available; will retry on subsequent port and subnet creation events.
2026-07-01 08:35:32.318 9 INFO neutron.db.ovn_revision_numbers_db [None req-e37853a3-defc-4792-b4af-0923c3d3dcd1 830f379eed814ce9a84de927b854b7d1 c8c1791ee1ad4d5c82df570676a43d72 - - default default] Successfully bumped revision number for resource 943cb6d0-6128-49fd-9b8e-ef7bdb8b75ad (type: ports) to 1
2026-07-01 08:35:32.345 9 INFO neutron.wsgi [None req-e37853a3-defc-4792-b4af-0923c3d3dcd1 830f379eed814ce9a84de927b854b7d1 c8c1791ee1ad4d5c82df570676a43d72 - - default default] 10.0.0.170 "POST /v2.0/networks HTTP/1.1" status: 201 len: 851 time: 0.5418646
2026-07-01 08:35:32.364 10 INFO neutron.db.ovn_revision_numbers_db [None req-c4ebc01f-dec9-454e-a136-3e36c21cdfc3 5f232102354f45249aa097f17ef79a8d 20b8d7d51d9349f3a1eb96a2a81b2fa9 - - default default] Successfully bumped revision number for resource 9a0d7716-3e2a-4f4a-bafb-8706cc51b625 (type: floatingips) to 0
2026-07-01 08:35:32.393 10 INFO neutron.wsgi [None req-c4ebc01f-dec9-454e-a136-3e36c21cdfc3 5f232102354f45249aa097f17ef79a8d 20b8d7d51d9349f3a1eb96a2a81b2fa9 - - default default] 10.0.0.170 "POST /v2.0/floatingips HTTP/1.1" status: 201 len: 751 time: 0.8791313
2026-07-01 08:35:32.447 9 INFO neutron.db.segments_db [None req-eafeda19-6408-4ed7-866f-dc1e61f51095 830f379eed814ce9a84de927b854b7d1 c8c1791ee1ad4d5c82df570676a43d72 - - default default] Added segment 1f01eb12-7b46-412f-b3bf-4acd41c1e148 of type geneve for network cd72bcad-c6f6-4087-af72-ecf3647e98a8
2026-07-01 08:35:32.613 9 INFO neutron.db.ovn_revision_numbers_db [None req-eafeda19-6408-4ed7-866f-dc1e61f51095 830f379eed814ce9a84de927b854b7d1 c8c1791ee1ad4d5c82df570676a43d72 - - default default] Successfully bumped revision number for resource cd72bcad-c6f6-4087-af72-ecf3647e98a8 (type: networks) to 1
2026-07-01 08:35:32.792 9 WARNING neutron.scheduler.dhcp_agent_scheduler [None req-eafeda19-6408-4ed7-866f-dc1e61f51095 830f379eed814ce9a84de927b854b7d1 c8c1791ee1ad4d5c82df570676a43d72 - - default default] No more DHCP agents
2026-07-01 08:35:32.796 9 WARNING neutron.api.rpc.agentnotifiers.dhcp_rpc_agent_api [None req-eafeda19-6408-4ed7-866f-dc1e61f51095 830f379eed814ce9a84de927b854b7d1 c8c1791ee1ad4d5c82df570676a43d72 - - default default] Unable to schedule network cd72bcad-c6f6-4087-af72-ecf3647e98a8: no agents available; will retry on subsequent port and subnet creation events.
2026-07-01 08:35:32.879 9 INFO neutron.db.ovn_revision_numbers_db [None req-eafeda19-6408-4ed7-866f-dc1e61f51095 830f379eed814ce9a84de927b854b7d1 c8c1791ee1ad4d5c82df570676a43d72 - - default default] Successfully bumped revision number for resource 251777f8-2243-45c6-a010-d153d513bd93 (type: ports) to 1
2026-07-01 08:35:32.880 10 INFO neutron.wsgi [req-a72314ac-3dc4-41f1-a45a-ba2a39e1d128 req-b5625741-2f6b-49f4-80af-2ae60fcdfaac 05a7a10ab07b49bca11d351207844b74 e41a9e6e66d94234b25e655f3df8395b - - 3a65b27de5874df28411113e10856e6e 3a65b27de5874df28411113e10856e6e] 10.0.0.216 "GET /v2.0/ports?device_id=b21d07d2-3899-4c09-b603-0755f62fe647 HTTP/1.1" status: 200 len: 1409 time: 0.0609496
2026-07-01 08:35:32.904 9 INFO neutron.wsgi [None req-eafeda19-6408-4ed7-866f-dc1e61f51095 830f379eed814ce9a84de927b854b7d1 c8c1791ee1ad4d5c82df570676a43d72 - - default default] 10.0.0.170 "POST /v2.0/networks HTTP/1.1" status: 201 len: 852 time: 0.5484908
2026-07-01 08:35:32.913 10 INFO neutron.wsgi [req-ea6d419e-aa86-4b07-b131-c633ad013be5 req-b6bdf0a9-6124-4f7d-8299-2d3c526269b0 5f232102354f45249aa097f17ef79a8d 20b8d7d51d9349f3a1eb96a2a81b2fa9 - - default default] 10.0.0.93 "GET /v2.0/security-groups?name=tempest-securitygroup--1364238170&fields=id&tenant_id=20b8d7d51d9349f3a1eb96a2a81b2fa9 HTTP/1.1" status: 200 len: 267 time: 0.0803392
2026-07-01 08:35:32.939 10 INFO neutron.wsgi [req-a72314ac-3dc4-41f1-a45a-ba2a39e1d128 req-45c37c18-a668-4be7-893f-907534ec8eb7 05a7a10ab07b49bca11d351207844b74 e41a9e6e66d94234b25e655f3df8395b - - 3a65b27de5874df28411113e10856e6e 3a65b27de5874df28411113e10856e6e] 10.0.0.216 "GET /v2.0/security-groups?id=593a446b-947d-41f6-97ea-5302a7472cec&fields=id&fields=name HTTP/1.1" status: 200 len: 312 time: 0.0482614
2026-07-01 08:35:33.009 10 INFO neutron.wsgi [req-ea6d419e-aa86-4b07-b131-c633ad013be5 req-f8bc8ab1-4697-4e51-846e-b3a646b8e613 5f232102354f45249aa097f17ef79a8d 20b8d7d51d9349f3a1eb96a2a81b2fa9 - - default default] 10.0.0.93 "GET /v2.0/networks?id=9cf3fe75-d0d5-47c2-af61-38cfe514015d HTTP/1.1" status: 200 len: 868 time: 0.0887034
2026-07-01 08:35:33.030 10 INFO neutron.wsgi [req-ea6d419e-aa86-4b07-b131-c633ad013be5 req-abea6a0e-ed94-4ab7-8784-d2ccc4d459ec 5f232102354f45249aa097f17ef79a8d 20b8d7d51d9349f3a1eb96a2a81b2fa9 - - default default] 10.0.0.93 "GET /v2.0/quotas/20b8d7d51d9349f3a1eb96a2a81b2fa9 HTTP/1.1" status: 200 len: 386 time: 0.0134125
2026-07-01 08:35:33.129 10 INFO neutron.wsgi [req-ea6d419e-aa86-4b07-b131-c633ad013be5 req-e6dfe142-42ac-4892-8e5a-9dbf934bf32c 5f232102354f45249aa097f17ef79a8d 20b8d7d51d9349f3a1eb96a2a81b2fa9 - - default default] 10.0.0.93 "GET /v2.0/ports?tenant_id=20b8d7d51d9349f3a1eb96a2a81b2fa9&fields=id HTTP/1.1" status: 200 len: 302 time: 0.0906205
2026-07-01 08:35:33.214 10 INFO neutron.wsgi [req-ea6d419e-aa86-4b07-b131-c633ad013be5 req-48a1f753-3ad0-48a0-b3d2-b16d6ebfcc4a 05a7a10ab07b49bca11d351207844b74 e41a9e6e66d94234b25e655f3df8395b - - 3a65b27de5874df28411113e10856e6e 3a65b27de5874df28411113e10856e6e] 10.0.0.93 "GET /v2.0/networks/9cf3fe75-d0d5-47c2-af61-38cfe514015d?fields=segments HTTP/1.1" status: 200 len: 212 time: 0.0727100
2026-07-01 08:35:33.308 10 INFO neutron.wsgi [req-ea6d419e-aa86-4b07-b131-c633ad013be5 req-09b0a53c-225a-4a6e-b1fd-37c93c86a3aa 05a7a10ab07b49bca11d351207844b74 e41a9e6e66d94234b25e655f3df8395b - - 3a65b27de5874df28411113e10856e6e 3a65b27de5874df28411113e10856e6e] 10.0.0.93 "GET /v2.0/networks/9cf3fe75-d0d5-47c2-af61-38cfe514015d?fields=provider%3Aphysical_network&fields=provider%3Anetwork_type HTTP/1.1" status: 200 len: 277 time: 0.0849614
2026-07-01 08:35:33.445 10 INFO neutron.wsgi [req-78568558-d385-4df1-82d9-5cc8483bd99a req-1a86a3da-8b59-4fe2-9b41-2f36162ee2e6 5f232102354f45249aa097f17ef79a8d 20b8d7d51d9349f3a1eb96a2a81b2fa9 - - default default] 10.0.0.93 "GET /v2.0/ports?device_id=112e3abc-e88d-4e2a-a658-a30cca25e860 HTTP/1.1" status: 200 len: 210 time: 0.0225039
2026-07-01 08:35:33.481 10 INFO neutron.wsgi [-] 10.0.0.111 "GET / HTTP/1.1" status: 200 len: 247 time: 0.0017524
2026-07-01 08:35:33.483 9 INFO neutron.wsgi [-] 10.0.0.111 "GET / HTTP/1.1" status: 200 len: 247 time: 0.0019107
2026-07-01 08:35:33.887 10 WARNING neutron.scheduler.dhcp_agent_scheduler [None req-bca3de14-f5ca-40ae-a94e-495218e60304 830f379eed814ce9a84de927b854b7d1 c8c1791ee1ad4d5c82df570676a43d72 - - default default] No more DHCP agents
2026-07-01 08:35:33.892 10 WARNING neutron.api.rpc.agentnotifiers.dhcp_rpc_agent_api [None req-bca3de14-f5ca-40ae-a94e-495218e60304 830f379eed814ce9a84de927b854b7d1 c8c1791ee1ad4d5c82df570676a43d72 - - default default] Unable to schedule network b701f5f1-ab18-4119-a731-eb04aa83ce11: no agents available; will retry on subsequent port and subnet creation events.
2026-07-01 08:35:33.950 10 INFO neutron.db.ovn_revision_numbers_db [None req-bca3de14-f5ca-40ae-a94e-495218e60304 830f379eed814ce9a84de927b854b7d1 c8c1791ee1ad4d5c82df570676a43d72 - - default default] Successfully bumped revision number for resource 492fb7df-b146-4366-a964-55096906afc3 (type: subnets) to 0
2026-07-01 08:35:33.981 10 WARNING neutron.scheduler.dhcp_agent_scheduler [None req-bca3de14-f5ca-40ae-a94e-495218e60304 830f379eed814ce9a84de927b854b7d1 c8c1791ee1ad4d5c82df570676a43d72 - - default default] No more DHCP agents
2026-07-01 08:35:33.993 10 WARNING neutron.api.rpc.agentnotifiers.dhcp_rpc_agent_api [None req-bca3de14-f5ca-40ae-a94e-495218e60304 830f379eed814ce9a84de927b854b7d1 c8c1791ee1ad4d5c82df570676a43d72 - - default default] Unable to schedule network cd72bcad-c6f6-4087-af72-ecf3647e98a8: no agents available; will retry on subsequent port and subnet creation events.
2026-07-01 08:35:34.013 10 INFO neutron.db.ovn_revision_numbers_db [None req-2f825678-a96a-4de4-85d2-ee6d81009438 275305560ff2488aa0068b872cabd664 70f7ffc7c4e345cd9129a4b9282b0f5f - - default default] Successfully bumped revision number for resource 57b135d2-4ea5-4817-bfe3-7af75a0cd1c7 (type: security_groups) to 1
2026-07-01 08:35:34.036 10 INFO neutron.db.ovn_revision_numbers_db [None req-2f825678-a96a-4de4-85d2-ee6d81009438 275305560ff2488aa0068b872cabd664 70f7ffc7c4e345cd9129a4b9282b0f5f - - default default] Successfully bumped revision number for resource 19d2e1b8-c0ae-4490-8252-272570bd99c6 (type: security_group_rules) to 0
2026-07-01 08:35:34.038 10 INFO neutron.db.ovn_revision_numbers_db [None req-bca3de14-f5ca-40ae-a94e-495218e60304 830f379eed814ce9a84de927b854b7d1 c8c1791ee1ad4d5c82df570676a43d72 - - default default] Successfully bumped revision number for resource fa7025d3-e232-4042-a47b-2bc62ed3415e (type: subnets) to 0
2026-07-01 08:35:34.057 10 INFO neutron.wsgi [None req-bca3de14-f5ca-40ae-a94e-495218e60304 830f379eed814ce9a84de927b854b7d1 c8c1791ee1ad4d5c82df570676a43d72 - - default default] 10.0.0.170 "POST /v2.0/subnets HTTP/1.1" status: 201 len: 1475 time: 0.6940804
2026-07-01 08:35:34.058 10 INFO neutron.db.ovn_revision_numbers_db [None req-2f825678-a96a-4de4-85d2-ee6d81009438 275305560ff2488aa0068b872cabd664 70f7ffc7c4e345cd9129a4b9282b0f5f - - default default] Successfully bumped revision number for resource 30ac052d-e873-4bf2-b582-6daf62863120 (type: security_group_rules) to 0
2026-07-01 08:35:34.076 10 INFO neutron.db.ovn_revision_numbers_db [None req-2f825678-a96a-4de4-85d2-ee6d81009438 275305560ff2488aa0068b872cabd664 70f7ffc7c4e345cd9129a4b9282b0f5f - - default default] Successfully bumped revision number for resource 36d1baa0-9a1d-4649-915a-c37d511581c9 (type: security_group_rules) to 0
2026-07-01 08:35:34.092 10 INFO neutron.db.ovn_revision_numbers_db [None req-2f825678-a96a-4de4-85d2-ee6d81009438 275305560ff2488aa0068b872cabd664 70f7ffc7c4e345cd9129a4b9282b0f5f - - default default] Successfully bumped revision number for resource da5dd2e4-4c9b-4b60-8c41-acdc80d4cd47 (type: security_group_rules) to 0
2026-07-01 08:35:34.121 10 INFO neutron.wsgi [None req-2f825678-a96a-4de4-85d2-ee6d81009438 275305560ff2488aa0068b872cabd664 70f7ffc7c4e345cd9129a4b9282b0f5f - - default default] 10.0.0.170 "GET /v2.0/security-groups?tenant_id=9fc1cc4315494ae8aa2885c6dd9e1717&name=default HTTP/1.1" status: 200 len: 2996 time: 0.4782596
2026-07-01 08:35:34.135 9 INFO neutron.wsgi [None req-369cf4d8-f63a-4e77-b682-3e7e0858f723 830f379eed814ce9a84de927b854b7d1 c8c1791ee1ad4d5c82df570676a43d72 - - default default] 10.0.0.170 "GET /v2.0/subnets HTTP/1.1" status: 200 len: 2083 time: 0.0726674
2026-07-01 08:35:34.288 10 INFO neutron.wsgi [req-ea6d419e-aa86-4b07-b131-c633ad013be5 req-c0aec5dc-8cf5-433b-a4c2-eb8e2a1ef9fa 5f232102354f45249aa097f17ef79a8d 20b8d7d51d9349f3a1eb96a2a81b2fa9 - - default default] 199.204.45.157 "GET /v2.0/networks?id=9cf3fe75-d0d5-47c2-af61-38cfe514015d HTTP/1.1" status: 200 len: 868 time: 0.1023877
2026-07-01 08:35:34.357 10 INFO neutron.wsgi [req-ea6d419e-aa86-4b07-b131-c633ad013be5 req-9313a176-3152-48e9-b478-09ac76001f7a 5f232102354f45249aa097f17ef79a8d 20b8d7d51d9349f3a1eb96a2a81b2fa9 - - default default] 199.204.45.157 "GET /v2.0/security-groups?fields=id&fields=name&tenant_id=20b8d7d51d9349f3a1eb96a2a81b2fa9 HTTP/1.1" status: 200 len: 380 time: 0.0589521
2026-07-01 08:35:34.399 10 INFO neutron.wsgi [None req-e2bdd3a0-7c01-47ee-ae2b-23c46f6910c4 830f379eed814ce9a84de927b854b7d1 c8c1791ee1ad4d5c82df570676a43d72 - - default default] 10.0.0.170 "DELETE /v2.0/subnets/492fb7df-b146-4366-a964-55096906afc3 HTTP/1.1" status: 204 len: 168 time: 0.2508531
2026-07-01 08:35:34.467 10 INFO neutron.wsgi [None req-eac58746-8355-4a17-8144-f2a32571f666 275305560ff2488aa0068b872cabd664 70f7ffc7c4e345cd9129a4b9282b0f5f - - default default] 10.0.0.170 "DELETE /v2.0/security-groups/57b135d2-4ea5-4817-bfe3-7af75a0cd1c7 HTTP/1.1" status: 204 len: 168 time: 0.3407345
2026-07-01 08:35:34.540 10 INFO neutron.wsgi [req-1f411567-cfd6-4b4d-a86c-5cc7062c7f51 req-d3021f12-d0db-4e49-b130-233f73f64972 5f232102354f45249aa097f17ef79a8d 20b8d7d51d9349f3a1eb96a2a81b2fa9 - - default default] 10.0.0.93 "GET /v2.0/ports?device_id=112e3abc-e88d-4e2a-a658-a30cca25e860 HTTP/1.1" status: 200 len: 210 time: 0.0273678
2026-07-01 08:35:34.633 9 INFO neutron.wsgi [None req-b2efb2fe-c8eb-404f-b73b-9bce5f244368 830f379eed814ce9a84de927b854b7d1 c8c1791ee1ad4d5c82df570676a43d72 - - default default] 10.0.0.170 "DELETE /v2.0/subnets/fa7025d3-e232-4042-a47b-2bc62ed3415e HTTP/1.1" status: 204 len: 168 time: 0.2263138
2026-07-01 08:35:34.719 10 INFO neutron.wsgi [None req-7d3131aa-0566-46a6-9861-f12f633a5e42 830f379eed814ce9a84de927b854b7d1 c8c1791ee1ad4d5c82df570676a43d72 - - default default] 10.0.0.170 "GET /v2.0/subnets HTTP/1.1" status: 200 len: 820 time: 0.0781755
2026-07-01 08:35:34.811 10 INFO neutron.db.ovn_revision_numbers_db [None req-ae4cc2da-0682-42b1-be69-d738a692fbd5 275305560ff2488aa0068b872cabd664 70f7ffc7c4e345cd9129a4b9282b0f5f - - default default] Successfully bumped revision number for resource a9c2e33a-2457-4a46-b41c-e76756bbf8d2 (type: security_groups) to 1
2026-07-01 08:35:34.814 10 WARNING neutron.scheduler.dhcp_agent_scheduler [req-ea6d419e-aa86-4b07-b131-c633ad013be5 req-4e576bbf-4670-4aef-b2aa-13ac11c0c2d3 5f232102354f45249aa097f17ef79a8d 20b8d7d51d9349f3a1eb96a2a81b2fa9 - - default default] No more DHCP agents
2026-07-01 08:35:34.819 10 WARNING neutron.api.rpc.agentnotifiers.dhcp_rpc_agent_api [req-ea6d419e-aa86-4b07-b131-c633ad013be5 req-4e576bbf-4670-4aef-b2aa-13ac11c0c2d3 5f232102354f45249aa097f17ef79a8d 20b8d7d51d9349f3a1eb96a2a81b2fa9 - - default default] Unable to schedule network 9cf3fe75-d0d5-47c2-af61-38cfe514015d: no agents available; will retry on subsequent port and subnet creation events.
2026-07-01 08:35:34.842 10 INFO neutron.db.ovn_revision_numbers_db [None req-ae4cc2da-0682-42b1-be69-d738a692fbd5 275305560ff2488aa0068b872cabd664 70f7ffc7c4e345cd9129a4b9282b0f5f - - default default] Successfully bumped revision number for resource 0af4367d-80d3-4f53-903e-bef5fef2996f (type: security_group_rules) to 0
2026-07-01 08:35:34.865 10 INFO neutron.db.ovn_revision_numbers_db [None req-ae4cc2da-0682-42b1-be69-d738a692fbd5 275305560ff2488aa0068b872cabd664 70f7ffc7c4e345cd9129a4b9282b0f5f - - default default] Successfully bumped revision number for resource 2614df0f-d7cf-4f59-bda7-419d8133e4c1 (type: security_group_rules) to 0
2026-07-01 08:35:34.883 10 INFO neutron.db.ovn_revision_numbers_db [None req-ae4cc2da-0682-42b1-be69-d738a692fbd5 275305560ff2488aa0068b872cabd664 70f7ffc7c4e345cd9129a4b9282b0f5f - - default default] Successfully bumped revision number for resource a34e2038-2ea3-4a02-8a64-5af544219b26 (type: security_group_rules) to 0
2026-07-01 08:35:34.908 10 INFO neutron.db.ovn_revision_numbers_db [None req-ae4cc2da-0682-42b1-be69-d738a692fbd5 275305560ff2488aa0068b872cabd664 70f7ffc7c4e345cd9129a4b9282b0f5f - - default default] Successfully bumped revision number for resource f8fd1f35-c852-4c98-9bbe-774ea431ddee (type: security_group_rules) to 0
2026-07-01 08:35:34.935 10 INFO neutron.wsgi [None req-ae4cc2da-0682-42b1-be69-d738a692fbd5 275305560ff2488aa0068b872cabd664 70f7ffc7c4e345cd9129a4b9282b0f5f - - default default] 10.0.0.170 "GET /v2.0/security-groups?tenant_id=95da625835654f09b83327abab3a8eeb&name=default HTTP/1.1" status: 200 len: 2996 time: 0.3329310 /var/lib/openstack/lib/python3.10/site-packages/pycadf/identifier.py:71: UserWarning: Invalid uuid: neutron. To ensure interoperability, identifiers should be a valid uuid. warnings.warn(('Invalid uuid: %s. To ensure interoperability, '
2026-07-01 08:35:35.017 10 INFO neutron.db.ovn_revision_numbers_db [req-ea6d419e-aa86-4b07-b131-c633ad013be5 req-4e576bbf-4670-4aef-b2aa-13ac11c0c2d3 5f232102354f45249aa097f17ef79a8d 20b8d7d51d9349f3a1eb96a2a81b2fa9 - - default default] Successfully bumped revision number for resource 2786ee1f-27f7-48f8-92de-90b80ebc382e (type: ports) to 1
2026-07-01 08:35:35.040 10 INFO neutron.wsgi [req-ea6d419e-aa86-4b07-b131-c633ad013be5 req-4e576bbf-4670-4aef-b2aa-13ac11c0c2d3 5f232102354f45249aa097f17ef79a8d 20b8d7d51d9349f3a1eb96a2a81b2fa9 - - default default] 199.204.45.157 "POST /v2.0/ports HTTP/1.1" status: 201 len: 1158 time: 0.6708310
2026-07-01 08:35:35.231 10 INFO neutron.wsgi [None req-d04efc42-0696-40bd-971b-8936ec3a7851 275305560ff2488aa0068b872cabd664 70f7ffc7c4e345cd9129a4b9282b0f5f - - default default] 10.0.0.170 "DELETE /v2.0/security-groups/a9c2e33a-2457-4a46-b41c-e76756bbf8d2 HTTP/1.1" status: 204 len: 168 time: 0.2893276
2026-07-01 08:35:35.307 9 INFO neutron.services.segments.plugin [-] Segment 1f01eb12-7b46-412f-b3bf-4acd41c1e148 resource provider aggregate not found
2026-07-01 08:35:35.312 9 INFO neutron.services.segments.plugin [-] Segment 1f01eb12-7b46-412f-b3bf-4acd41c1e148 resource provider aggregate not found
2026-07-01 08:35:35.324 9 INFO neutron.services.segments.plugin [-] Segment 1f01eb12-7b46-412f-b3bf-4acd41c1e148 resource provider not found; error: Placement Client Error (4xx): {"errors": [{"status": 404, "title": "Not Found", "detail": "The resource could not be found.\n\n No resource provider with uuid 1f01eb12-7b46-412f-b3bf-4acd41c1e148 found for delete ", "request_id": "req-4cdd4aed-fb87-434b-b29d-582ab369084a"}]}
2026-07-01 08:35:35.328 9 INFO neutron.services.segments.plugin [-] Segment 1f01eb12-7b46-412f-b3bf-4acd41c1e148 resource provider not found; error: Placement Client Error (4xx): {"errors": [{"status": 404, "title": "Not Found", "detail": "The resource could not be found.\n\n No resource provider with uuid 1f01eb12-7b46-412f-b3bf-4acd41c1e148 found for delete ", "request_id": "req-887527ad-21b6-4be9-bcbd-3b4a7113bddf"}]}
2026-07-01 08:35:35.352 9 INFO neutron.wsgi [None req-6d89d625-56da-4a5a-946c-0b0b69ebf2f2 830f379eed814ce9a84de927b854b7d1 c8c1791ee1ad4d5c82df570676a43d72 - - default default] 10.0.0.170 "DELETE /v2.0/networks/cd72bcad-c6f6-4087-af72-ecf3647e98a8 HTTP/1.1" status: 204 len: 168 time: 0.6246505
2026-07-01 08:35:35.520 10 INFO neutron.db.ovn_revision_numbers_db [req-ea6d419e-aa86-4b07-b131-c633ad013be5 req-ad6a0168-15a7-4a81-a860-6d9d4aaa330a 05a7a10ab07b49bca11d351207844b74 e41a9e6e66d94234b25e655f3df8395b - - 3a65b27de5874df28411113e10856e6e 3a65b27de5874df28411113e10856e6e] Successfully bumped revision number for resource 2786ee1f-27f7-48f8-92de-90b80ebc382e (type: ports) to 2 /var/lib/openstack/lib/python3.10/site-packages/pycadf/identifier.py:71: UserWarning: Invalid uuid: neutron. To ensure interoperability, identifiers should be a valid uuid. warnings.warn(('Invalid uuid: %s. To ensure interoperability, '
2026-07-01 08:35:35.694 10 INFO neutron.wsgi [req-84c1cef4-3017-4cb7-921e-e3c2cd55d9f4 req-eb6d7931-3875-46dd-99bb-36450f4a5133 5f232102354f45249aa097f17ef79a8d 20b8d7d51d9349f3a1eb96a2a81b2fa9 - - default default] 10.0.0.93 "GET /v2.0/ports?device_id=112e3abc-e88d-4e2a-a658-a30cca25e860 HTTP/1.1" status: 200 len: 1168 time: 0.0829029
2026-07-01 08:35:35.699 10 INFO neutron.wsgi [None req-be4e6170-f8a6-4882-8174-8d3a47b0256e 275305560ff2488aa0068b872cabd664 70f7ffc7c4e345cd9129a4b9282b0f5f - - default default] 10.0.0.83 "GET /v2.0/networks HTTP/1.1" status: 200 len: 6045 time: 0.2499111
2026-07-01 08:35:35.701 10 WARNING neutron.plugins.ml2.drivers.ovn.mech_driver.ovsdb.ovn_client [None req-082ab5e4-522b-4889-97e6-daa04ebc9f95 - - - - - -] No hosting information found for port 81e8683e-55d7-4111-87cd-749fe9a38657: RuntimeError: No hosting information found for port 81e8683e-55d7-4111-87cd-749fe9a38657
2026-07-01 08:35:35.749 9 INFO neutron.wsgi [None req-92d5ea42-5882-4470-918e-18231e49447c 830f379eed814ce9a84de927b854b7d1 c8c1791ee1ad4d5c82df570676a43d72 - - default default] 10.0.0.170 "DELETE /v2.0/networks/b701f5f1-ab18-4119-a731-eb04aa83ce11 HTTP/1.1" status: 204 len: 168 time: 0.3903637
2026-07-01 08:35:35.754 10 INFO neutron.wsgi [None req-de4d1539-5075-4ff0-8877-b60bb6267af2 275305560ff2488aa0068b872cabd664 70f7ffc7c4e345cd9129a4b9282b0f5f - - default default] 10.0.0.83 "GET /v2.0/agents HTTP/1.1" status: 200 len: 997 time: 0.0454209 /var/lib/openstack/lib/python3.10/site-packages/pycadf/identifier.py:71: UserWarning: Invalid uuid: neutron. To ensure interoperability, identifiers should be a valid uuid. warnings.warn(('Invalid uuid: %s. To ensure interoperability, '
2026-07-01 08:35:35.810 10 INFO neutron.wsgi [req-84c1cef4-3017-4cb7-921e-e3c2cd55d9f4 req-d0adfc9d-5be5-4370-b795-35d0ae833a9a 5f232102354f45249aa097f17ef79a8d 20b8d7d51d9349f3a1eb96a2a81b2fa9 - - default default] 10.0.0.93 "GET /v2.0/security-groups?id=ff8a9743-bf61-4a5e-b7a6-d6538a007252&fields=id&fields=name HTTP/1.1" status: 200 len: 313 time: 0.1082520
2026-07-01 08:35:35.815 10 INFO neutron.wsgi [None req-1277d652-b397-4427-8f4e-4692c6d09d01 275305560ff2488aa0068b872cabd664 70f7ffc7c4e345cd9129a4b9282b0f5f - - default default] 10.0.0.83 "GET /v2.0/ports HTTP/1.1" status: 200 len: 17928 time: 0.0544593
2026-07-01 08:35:35.890 10 INFO neutron.db.ovn_revision_numbers_db [req-ea6d419e-aa86-4b07-b131-c633ad013be5 req-ad6a0168-15a7-4a81-a860-6d9d4aaa330a 05a7a10ab07b49bca11d351207844b74 e41a9e6e66d94234b25e655f3df8395b - - 3a65b27de5874df28411113e10856e6e 3a65b27de5874df28411113e10856e6e] Successfully bumped revision number for resource 2786ee1f-27f7-48f8-92de-90b80ebc382e (type: ports) to 2
2026-07-01 08:35:35.904 10 INFO neutron.wsgi [None req-8d1c6e4c-aaf2-4e72-b73b-cc8cdb415aad 275305560ff2488aa0068b872cabd664 70f7ffc7c4e345cd9129a4b9282b0f5f - - default default] 10.0.0.83 "GET /v2.0/routers HTTP/1.1" status: 200 len: 1529 time: 0.0775197
2026-07-01 08:35:35.906 10 INFO neutron.wsgi [req-ea6d419e-aa86-4b07-b131-c633ad013be5 req-ad6a0168-15a7-4a81-a860-6d9d4aaa330a 05a7a10ab07b49bca11d351207844b74 e41a9e6e66d94234b25e655f3df8395b - - 3a65b27de5874df28411113e10856e6e 3a65b27de5874df28411113e10856e6e] 199.204.45.157 "PUT /v2.0/ports/2786ee1f-27f7-48f8-92de-90b80ebc382e HTTP/1.1" status: 200 len: 1376 time: 0.8570817
2026-07-01 08:35:35.921 10 INFO neutron.wsgi [None req-997bc9e3-aaa1-4266-9784-7339b6ef7f37 275305560ff2488aa0068b872cabd664 70f7ffc7c4e345cd9129a4b9282b0f5f - - default default] 10.0.0.83 "GET /v2.0/agents?binary=ovn-controller HTTP/1.1" status: 200 len: 591 time: 0.0098681
2026-07-01 08:35:35.948 10 INFO neutron.notifiers.nova [-] Nova event matching ['req-5ce19fe9-84d6-454d-a4b2-2aa99a15acac'] response: {'name': 'network-changed', 'server_uuid': '112e3abc-e88d-4e2a-a658-a30cca25e860', 'tag': '2786ee1f-27f7-48f8-92de-90b80ebc382e', 'status': 'completed', 'code': 200}
2026-07-01 08:35:35.985 10 INFO neutron.wsgi [None req-f76e285b-142c-469d-acdb-cfa8d0c7fb43 275305560ff2488aa0068b872cabd664 70f7ffc7c4e345cd9129a4b9282b0f5f - - default default] 10.0.0.83 "GET /v2.0/floatingips HTTP/1.1" status: 200 len: 1574 time: 0.0628273
2026-07-01 08:35:35.994 10 INFO neutron.wsgi [req-ea6d419e-aa86-4b07-b131-c633ad013be5 req-b897ed1b-1947-478a-9908-c986224297c6 05a7a10ab07b49bca11d351207844b74 e41a9e6e66d94234b25e655f3df8395b - - 3a65b27de5874df28411113e10856e6e 3a65b27de5874df28411113e10856e6e] 199.204.45.157 "GET /v2.0/ports?tenant_id=20b8d7d51d9349f3a1eb96a2a81b2fa9&device_id=112e3abc-e88d-4e2a-a658-a30cca25e860 HTTP/1.1" status: 200 len: 1407 time: 0.0450737
2026-07-01 08:35:36.027 10 INFO neutron.wsgi [req-ea6d419e-aa86-4b07-b131-c633ad013be5 req-c15a0f45-9ef3-4e83-8c77-b4f702ee7d5f 05a7a10ab07b49bca11d351207844b74 e41a9e6e66d94234b25e655f3df8395b - - 3a65b27de5874df28411113e10856e6e 3a65b27de5874df28411113e10856e6e] 199.204.45.157 "GET /v2.0/floatingips?fixed_ip_address=10.100.0.4&port_id=2786ee1f-27f7-48f8-92de-90b80ebc382e HTTP/1.1" status: 200 len: 217 time: 0.0238895
2026-07-01 08:35:36.035 10 INFO neutron.wsgi [None req-582bbcc6-e3f3-4eb1-9b58-4e5541d641f8 275305560ff2488aa0068b872cabd664 70f7ffc7c4e345cd9129a4b9282b0f5f - - default default] 10.0.0.83 "GET /v2.0/subnets HTTP/1.1" status: 200 len: 2743 time: 0.0477774
2026-07-01 08:35:36.054 10 INFO neutron.wsgi [None req-806ddfa9-d068-4e08-b21a-20847f4b8595 275305560ff2488aa0068b872cabd664 70f7ffc7c4e345cd9129a4b9282b0f5f - - default default] 10.0.0.83 "GET /v2.0/subnetpools HTTP/1.1" status: 200 len: 193 time: 0.0119832
2026-07-01 08:35:36.072 10 INFO neutron.wsgi [req-ea6d419e-aa86-4b07-b131-c633ad013be5 req-665e46d3-254a-4584-95e4-1f3b0afbf4f7 05a7a10ab07b49bca11d351207844b74 e41a9e6e66d94234b25e655f3df8395b - - 3a65b27de5874df28411113e10856e6e 3a65b27de5874df28411113e10856e6e] 199.204.45.157 "GET /v2.0/subnets?id=ede22b22-cc39-4328-848f-2b3df9c2f04f HTTP/1.1" status: 200 len: 862 time: 0.0364625
2026-07-01 08:35:36.103 10 INFO neutron.wsgi [req-ea6d419e-aa86-4b07-b131-c633ad013be5 req-b2730e74-684a-4581-8a7c-699a170167bf 05a7a10ab07b49bca11d351207844b74 e41a9e6e66d94234b25e655f3df8395b - - 3a65b27de5874df28411113e10856e6e 3a65b27de5874df28411113e10856e6e] 199.204.45.157 "GET /v2.0/ports?network_id=9cf3fe75-d0d5-47c2-af61-38cfe514015d&device_owner=network%3Adhcp HTTP/1.1" status: 200 len: 210 time: 0.0224750
2026-07-01 08:35:36.123 10 INFO neutron.wsgi [None req-9c7d8d15-6e27-49a9-bdc0-6fa7a77e5f9d 275305560ff2488aa0068b872cabd664 70f7ffc7c4e345cd9129a4b9282b0f5f - - default default] 10.0.0.83 "GET /v2.0/security-groups HTTP/1.1" status: 200 len: 30618 time: 0.0672143
2026-07-01 08:35:36.143 9 INFO neutron.wsgi [None req-71ab4631-2ab5-41c7-8890-71fe5bc98798 830f379eed814ce9a84de927b854b7d1 c8c1791ee1ad4d5c82df570676a43d72 - - default default] 10.0.0.170 "DELETE /v2.0/networks/58bb43ce-2e9d-4752-91f8-291c56daf318 HTTP/1.1" status: 204 len: 168 time: 0.3873897
2026-07-01 08:35:36.158 10 INFO neutron.wsgi [None req-7849ec21-9556-4efa-b7b0-f41178493cbb 275305560ff2488aa0068b872cabd664 70f7ffc7c4e345cd9129a4b9282b0f5f - - default default] 10.0.0.83 "GET /v2.0/network-ip-availabilities HTTP/1.1" status: 200 len: 2509 time: 0.0259600
2026-07-01 08:35:36.208 10 INFO neutron.wsgi [req-ea6d419e-aa86-4b07-b131-c633ad013be5 req-398f099f-447b-4aff-8be0-74bceedb714b 05a7a10ab07b49bca11d351207844b74 e41a9e6e66d94234b25e655f3df8395b - - 3a65b27de5874df28411113e10856e6e 3a65b27de5874df28411113e10856e6e] 199.204.45.157 "GET /v2.0/networks/9cf3fe75-d0d5-47c2-af61-38cfe514015d?fields=segments HTTP/1.1" status: 200 len: 212 time: 0.0958555
2026-07-01 08:35:36.211 10 INFO neutron.wsgi [None req-d7f5b4cb-9949-47a1-9abd-25778d158965 275305560ff2488aa0068b872cabd664 70f7ffc7c4e345cd9129a4b9282b0f5f - - default default] 10.0.0.83 "GET /v2.0/subnets HTTP/1.1" status: 200 len: 2743 time: 0.0517316
2026-07-01 08:35:36.462 10 INFO neutron.wsgi [req-ea6d419e-aa86-4b07-b131-c633ad013be5 req-c9e4b332-a97f-4fb2-8782-0bc2c5acfe0b 05a7a10ab07b49bca11d351207844b74 e41a9e6e66d94234b25e655f3df8395b - - 3a65b27de5874df28411113e10856e6e 3a65b27de5874df28411113e10856e6e] 199.204.45.157 "GET /v2.0/networks/9cf3fe75-d0d5-47c2-af61-38cfe514015d?fields=provider%3Aphysical_network&fields=provider%3Anetwork_type HTTP/1.1" status: 200 len: 277 time: 0.2471271
2026-07-01 08:35:36.554 10 INFO neutron.wsgi [req-136dfdad-e32c-4d3f-b1ec-dc5e1e1b8430 req-f50973ed-0fc7-446b-b304-b03033e020fa 05a7a10ab07b49bca11d351207844b74 e41a9e6e66d94234b25e655f3df8395b - - 3a65b27de5874df28411113e10856e6e 3a65b27de5874df28411113e10856e6e] 199.204.45.157 "GET /v2.0/ports?tenant_id=20b8d7d51d9349f3a1eb96a2a81b2fa9&device_id=112e3abc-e88d-4e2a-a658-a30cca25e860 HTTP/1.1" status: 200 len: 1407 time: 0.0486059
2026-07-01 08:35:36.657 10 INFO neutron.plugins.ml2.drivers.ovn.mech_driver.mech_driver [None req-082ab5e4-522b-4889-97e6-daa04ebc9f95 - - - - - -] OVN reports status up for port: 2786ee1f-27f7-48f8-92de-90b80ebc382e
2026-07-01 08:35:36.671 10 INFO neutron.wsgi [req-136dfdad-e32c-4d3f-b1ec-dc5e1e1b8430 req-601fbd87-42bc-48bb-a031-2554f252a85f 05a7a10ab07b49bca11d351207844b74 e41a9e6e66d94234b25e655f3df8395b - - 3a65b27de5874df28411113e10856e6e 3a65b27de5874df28411113e10856e6e] 199.204.45.157 "GET /v2.0/networks?id=9cf3fe75-d0d5-47c2-af61-38cfe514015d HTTP/1.1" status: 200 len: 967 time: 0.1107914
2026-07-01 08:35:36.681 10 INFO neutron.plugins.ml2.plugin [None req-082ab5e4-522b-4889-97e6-daa04ebc9f95 - - - - - -] Attempt 1 to provision port 2786ee1f-27f7-48f8-92de-90b80ebc382e
2026-07-01 08:35:36.731 10 INFO neutron.wsgi [req-136dfdad-e32c-4d3f-b1ec-dc5e1e1b8430 req-c6ede37c-8fa0-4a34-9949-e2d18b9cff3f 05a7a10ab07b49bca11d351207844b74 e41a9e6e66d94234b25e655f3df8395b - - 3a65b27de5874df28411113e10856e6e 3a65b27de5874df28411113e10856e6e] 199.204.45.157 "GET /v2.0/floatingips?fixed_ip_address=10.100.0.4&port_id=2786ee1f-27f7-48f8-92de-90b80ebc382e HTTP/1.1" status: 200 len: 217 time: 0.0506594
2026-07-01 08:35:36.786 10 INFO neutron.wsgi [req-136dfdad-e32c-4d3f-b1ec-dc5e1e1b8430 req-cb130e4e-0255-4f89-8427-6c20331c8c95 05a7a10ab07b49bca11d351207844b74 e41a9e6e66d94234b25e655f3df8395b - - 3a65b27de5874df28411113e10856e6e 3a65b27de5874df28411113e10856e6e] 199.204.45.157 "GET /v2.0/subnets?id=ede22b22-cc39-4328-848f-2b3df9c2f04f HTTP/1.1" status: 200 len: 862 time: 0.0482345
2026-07-01 08:35:36.842 10 INFO neutron.services.segments.plugin [-] Segment aff0233d-fbfb-45fa-a109-644d944d7175 resource provider aggregate not found
2026-07-01 08:35:36.848 10 INFO neutron.services.segments.plugin [-] Segment aff0233d-fbfb-45fa-a109-644d944d7175 resource provider aggregate not found
2026-07-01 08:35:36.853 10 INFO neutron.wsgi [req-136dfdad-e32c-4d3f-b1ec-dc5e1e1b8430 req-5aca7b8a-d834-494f-810c-a3e975096062 05a7a10ab07b49bca11d351207844b74 e41a9e6e66d94234b25e655f3df8395b - - 3a65b27de5874df28411113e10856e6e 3a65b27de5874df28411113e10856e6e] 199.204.45.157 "GET /v2.0/ports?network_id=9cf3fe75-d0d5-47c2-af61-38cfe514015d&device_owner=network%3Adhcp HTTP/1.1" status: 200 len: 210 time: 0.0581660
2026-07-01 08:35:36.876 10 INFO neutron.services.segments.plugin [-] Segment aff0233d-fbfb-45fa-a109-644d944d7175 resource provider not found; error: Placement Client Error (4xx): {"errors": [{"status": 404, "title": "Not Found", "detail": "The resource could not be found.\n\n No resource provider with uuid aff0233d-fbfb-45fa-a109-644d944d7175 found for delete ", "request_id": "req-24921ca9-ee11-4b3a-816b-3a9ddf595fcc"}]}
2026-07-01 08:35:36.879 10 INFO neutron.services.segments.plugin [-] Segment aff0233d-fbfb-45fa-a109-644d944d7175 resource provider not found; error: Placement Client Error (4xx): {"errors": [{"status": 404, "title": "Not Found", "detail": "The resource could not be found.\n\n No resource provider with uuid aff0233d-fbfb-45fa-a109-644d944d7175 found for delete ", "request_id": "req-a80b8f4d-a310-479f-bf79-3d9a5b28771c"}]}
2026-07-01 08:35:36.933 10 INFO neutron.wsgi [None req-c289b624-8a26-408c-8329-7ed17216d8aa 830f379eed814ce9a84de927b854b7d1 c8c1791ee1ad4d5c82df570676a43d72 - - default default] 10.0.0.170 "DELETE /v2.0/networks/e5322085-277e-47bf-b959-26cdca5281d8 HTTP/1.1" status: 204 len: 168 time: 0.7832146
2026-07-01 08:35:36.956 10 INFO neutron.wsgi [req-638f86fc-67ad-4926-9079-00abf00f702d req-db192801-fd69-45a6-bafc-c962543a78a4 5f232102354f45249aa097f17ef79a8d 20b8d7d51d9349f3a1eb96a2a81b2fa9 - - default default] 10.0.0.93 "GET /v2.0/ports?device_id=112e3abc-e88d-4e2a-a658-a30cca25e860 HTTP/1.1" status: 200 len: 1170 time: 0.0609469
2026-07-01 08:35:36.971 10 INFO neutron.wsgi [req-136dfdad-e32c-4d3f-b1ec-dc5e1e1b8430 req-85cf678d-36a9-4af5-8194-1c8a484e6f9c 05a7a10ab07b49bca11d351207844b74 e41a9e6e66d94234b25e655f3df8395b - - 3a65b27de5874df28411113e10856e6e 3a65b27de5874df28411113e10856e6e] 199.204.45.157 "GET /v2.0/networks/9cf3fe75-d0d5-47c2-af61-38cfe514015d?fields=segments HTTP/1.1" status: 200 len: 212 time: 0.1083221
2026-07-01 08:35:37.026 10 INFO neutron.wsgi [req-638f86fc-67ad-4926-9079-00abf00f702d req-5991c6ff-0605-422e-8347-ce03efebe8c6 5f232102354f45249aa097f17ef79a8d 20b8d7d51d9349f3a1eb96a2a81b2fa9 - - default default] 10.0.0.93 "GET /v2.0/security-groups?id=ff8a9743-bf61-4a5e-b7a6-d6538a007252&fields=id&fields=name HTTP/1.1" status: 200 len: 313 time: 0.0626199
2026-07-01 08:35:37.050 10 INFO neutron.wsgi [req-136dfdad-e32c-4d3f-b1ec-dc5e1e1b8430 req-e3d27dbb-671a-4a23-a5b8-c1ec57186cbd 05a7a10ab07b49bca11d351207844b74 e41a9e6e66d94234b25e655f3df8395b - - 3a65b27de5874df28411113e10856e6e 3a65b27de5874df28411113e10856e6e] 199.204.45.157 "GET /v2.0/networks/9cf3fe75-d0d5-47c2-af61-38cfe514015d?fields=provider%3Aphysical_network&fields=provider%3Anetwork_type HTTP/1.1" status: 200 len: 277 time: 0.0715365
2026-07-01 08:35:37.153 10 INFO neutron.db.ovn_revision_numbers_db [None req-082ab5e4-522b-4889-97e6-daa04ebc9f95 - - - - - -] Successfully bumped revision number for resource 2786ee1f-27f7-48f8-92de-90b80ebc382e (type: ports) to 4
2026-07-01 08:35:37.347 9 INFO neutron.services.segments.plugin [-] Segment 4714dfd6-39bd-457c-84ca-6b7ceda91449 resource provider aggregate not found
2026-07-01 08:35:37.361 9 INFO neutron.services.segments.plugin [-] Segment 4714dfd6-39bd-457c-84ca-6b7ceda91449 resource provider not found; error: Placement Client Error (4xx): {"errors": [{"status": 404, "title": "Not Found", "detail": "The resource could not be found.\n\n No resource provider with uuid 4714dfd6-39bd-457c-84ca-6b7ceda91449 found for delete ", "request_id": "req-ff01164b-e321-4b71-87c0-443dae17f40e"}]}
2026-07-01 08:35:37.371 9 INFO neutron.services.segments.plugin [-] Segment 4714dfd6-39bd-457c-84ca-6b7ceda91449 resource provider aggregate not found
2026-07-01 08:35:37.387 9 INFO neutron.services.segments.plugin [-] Segment dfb607f1-4997-435f-820e-8fbc3e5f6305 resource provider aggregate not found
2026-07-01 08:35:37.395 9 INFO neutron.services.segments.plugin [-] Segment 4714dfd6-39bd-457c-84ca-6b7ceda91449 resource provider not found; error: Placement Client Error (4xx): {"errors": [{"status": 404, "title": "Not Found", "detail": "The resource could not be found.\n\n No resource provider with uuid 4714dfd6-39bd-457c-84ca-6b7ceda91449 found for delete ", "request_id": "req-8fab415e-e666-494b-8502-34ee154fe66e"}]}
2026-07-01 08:35:37.417 9 INFO neutron.services.segments.plugin [-] Segment dfb607f1-4997-435f-820e-8fbc3e5f6305 resource provider aggregate not found
2026-07-01 08:35:37.424 9 INFO neutron.services.segments.plugin [-] Segment dfb607f1-4997-435f-820e-8fbc3e5f6305 resource provider not found; error: Placement Client Error (4xx): {"errors": [{"status": 404, "title": "Not Found", "detail": "The resource could not be found.\n\n No resource provider with uuid dfb607f1-4997-435f-820e-8fbc3e5f6305 found for delete ", "request_id": "req-e47b6c0e-46c1-42dd-b084-abc0548f6490"}]}
2026-07-01 08:35:37.440 9 INFO neutron.services.segments.plugin [-] Segment dfb607f1-4997-435f-820e-8fbc3e5f6305 resource provider not found; error: Placement Client Error (4xx): {"errors": [{"status": 404, "title": "Not Found", "detail": "The resource could not be found.\n\n No resource provider with uuid dfb607f1-4997-435f-820e-8fbc3e5f6305 found for delete ", "request_id": "req-3a316e05-acf7-49a8-a457-7ff920b39850"}]}
2026-07-01 08:35:37.723 9 INFO neutron.wsgi [None req-b5d90e2a-ec33-487c-bb1b-ed38f6a4799b 275305560ff2488aa0068b872cabd664 70f7ffc7c4e345cd9129a4b9282b0f5f - - default default] 10.0.0.170 "GET /v2.0/security-groups?tenant_id=c8c1791ee1ad4d5c82df570676a43d72&name=default HTTP/1.1" status: 200 len: 2996 time: 0.2527146 /var/lib/openstack/lib/python3.10/site-packages/pycadf/identifier.py:71: UserWarning: Invalid uuid: neutron. To ensure interoperability, identifiers should be a valid uuid. warnings.warn(('Invalid uuid: %s. To ensure interoperability, '
2026-07-01 08:35:37.801 9 INFO neutron.db.ovn_revision_numbers_db [None req-0e63354b-def6-4ae8-87d1-26f6a33f7d17 275305560ff2488aa0068b872cabd664 70f7ffc7c4e345cd9129a4b9282b0f5f - - default default] Successfully bumped revision number for resource 501f4ea6-5e96-4d3b-9860-c3b14af0a4de (type: security_groups) to 1
2026-07-01 08:35:37.822 9 INFO neutron.db.ovn_revision_numbers_db [None req-0e63354b-def6-4ae8-87d1-26f6a33f7d17 275305560ff2488aa0068b872cabd664 70f7ffc7c4e345cd9129a4b9282b0f5f - - default default] Successfully bumped revision number for resource 14b31121-312e-47f9-9bd1-a8bf777c1f27 (type: security_group_rules) to 0
2026-07-01 08:35:37.837 9 INFO neutron.db.ovn_revision_numbers_db [None req-0e63354b-def6-4ae8-87d1-26f6a33f7d17 275305560ff2488aa0068b872cabd664 70f7ffc7c4e345cd9129a4b9282b0f5f - - default default] Successfully bumped revision number for resource 90394ea0-312d-48b1-8795-a48e98489270 (type: security_group_rules) to 0
2026-07-01 08:35:37.851 9 INFO neutron.db.ovn_revision_numbers_db [None req-0e63354b-def6-4ae8-87d1-26f6a33f7d17 275305560ff2488aa0068b872cabd664 70f7ffc7c4e345cd9129a4b9282b0f5f - - default default] Successfully bumped revision number for resource b65d861f-5862-48b2-a48b-f0b8f2411a23 (type: security_group_rules) to 0
2026-07-01 08:35:37.864 9 INFO neutron.db.ovn_revision_numbers_db [None req-0e63354b-def6-4ae8-87d1-26f6a33f7d17 275305560ff2488aa0068b872cabd664 70f7ffc7c4e345cd9129a4b9282b0f5f - - default default] Successfully bumped revision number for resource df97a2ec-e06e-44ef-91bb-19deb0878750 (type: security_group_rules) to 0
2026-07-01 08:35:37.884 9 INFO neutron.wsgi [None req-0e63354b-def6-4ae8-87d1-26f6a33f7d17 275305560ff2488aa0068b872cabd664 70f7ffc7c4e345cd9129a4b9282b0f5f - - default default] 10.0.0.170 "GET /v2.0/security-groups?tenant_id=68432f7e55b441f59e016d12299b4ccd&name=default HTTP/1.1" status: 200 len: 2996 time: 0.3440371
2026-07-01 08:35:37.936 10 INFO neutron.wsgi [None req-aae6053a-a0a0-4221-8b1c-3714a0700d57 275305560ff2488aa0068b872cabd664 70f7ffc7c4e345cd9129a4b9282b0f5f - - default default] 10.0.0.170 "DELETE /v2.0/security-groups/c724a8ab-70a5-42cf-afe2-da38a1b3925e HTTP/1.1" status: 204 len: 168 time: 0.2065287
2026-07-01 08:35:37.984 10 INFO neutron.notifiers.nova [-] Nova event matching ['req-e2364f42-8b34-4231-9d90-1910f01b2d7e'] response: {'server_uuid': '112e3abc-e88d-4e2a-a658-a30cca25e860', 'name': 'network-vif-plugged', 'status': 'completed', 'tag': '2786ee1f-27f7-48f8-92de-90b80ebc382e', 'code': 200}
2026-07-01 08:35:37.984 10 INFO neutron.notifiers.nova [-] Nova event matching ['req-e2364f42-8b34-4231-9d90-1910f01b2d7e'] response: {'server_uuid': '112e3abc-e88d-4e2a-a658-a30cca25e860', 'name': 'network-vif-plugged', 'status': 'completed', 'tag': '2786ee1f-27f7-48f8-92de-90b80ebc382e', 'code': 200}
2026-07-01 08:35:38.024 10 INFO neutron.wsgi [req-6f43422d-1b5d-4b6d-ba23-887a5e594ac6 req-88f01b51-2ada-4db3-ac82-c076310f34fe 5d3ab5b251704902be7352a7d5fdaae7 5e6283bbe1544c0faa55172ed7e851df - - default default] 10.0.0.93 "GET /v2.0/ports?device_id=b21d07d2-3899-4c09-b603-0755f62fe647 HTTP/1.1" status: 200 len: 1170 time: 0.1083505
2026-07-01 08:35:38.071 10 INFO neutron.wsgi [req-6f43422d-1b5d-4b6d-ba23-887a5e594ac6 req-c8e71392-b792-4cc7-8b78-2de425fc45b4 5d3ab5b251704902be7352a7d5fdaae7 5e6283bbe1544c0faa55172ed7e851df - - default default] 10.0.0.93 "GET /v2.0/security-groups?id=593a446b-947d-41f6-97ea-5302a7472cec&fields=id&fields=name HTTP/1.1" status: 200 len: 312 time: 0.0411718
2026-07-01 08:35:38.199 10 INFO neutron.wsgi [req-e40dfee6-f838-4434-bd5c-e6c32f9fc2e5 req-04a6b67e-b67c-4a07-ac7a-5b6661be3c60 5d3ab5b251704902be7352a7d5fdaae7 5e6283bbe1544c0faa55172ed7e851df - - default default] 10.0.0.93 "GET /v2.0/ports?device_id=b21d07d2-3899-4c09-b603-0755f62fe647 HTTP/1.1" status: 200 len: 1170 time: 0.0532835
2026-07-01 08:35:38.208 10 INFO neutron.wsgi [req-25e78588-8d78-487a-a035-c2900a89207c req-983e26e1-ca2e-4b0d-9d22-25e0f869e9f2 5f232102354f45249aa097f17ef79a8d 20b8d7d51d9349f3a1eb96a2a81b2fa9 - - default default] 10.0.0.93 "GET /v2.0/ports?device_id=112e3abc-e88d-4e2a-a658-a30cca25e860 HTTP/1.1" status: 200 len: 1170 time: 0.1176853
2026-07-01 08:35:38.231 10 INFO neutron.wsgi [None req-d8241cb4-784c-4121-ac3f-d177e38e1151 275305560ff2488aa0068b872cabd664 70f7ffc7c4e345cd9129a4b9282b0f5f - - default default] 10.0.0.170 "DELETE /v2.0/security-groups/501f4ea6-5e96-4d3b-9860-c3b14af0a4de HTTP/1.1" status: 204 len: 168 time: 0.3424575
2026-07-01 08:35:38.264 10 INFO neutron.wsgi [req-e40dfee6-f838-4434-bd5c-e6c32f9fc2e5 req-b076e323-5417-49ae-a220-f3e55904a61a 5d3ab5b251704902be7352a7d5fdaae7 5e6283bbe1544c0faa55172ed7e851df - - default default] 10.0.0.93 "GET /v2.0/security-groups?id=593a446b-947d-41f6-97ea-5302a7472cec&fields=id&fields=name HTTP/1.1" status: 200 len: 312 time: 0.0546670
2026-07-01 08:35:38.274 10 INFO neutron.wsgi [req-25e78588-8d78-487a-a035-c2900a89207c req-bf71b637-ba08-437a-8c4a-6d25204bed27 5f232102354f45249aa097f17ef79a8d 20b8d7d51d9349f3a1eb96a2a81b2fa9 - - default default] 10.0.0.93 "GET /v2.0/security-groups?id=ff8a9743-bf61-4a5e-b7a6-d6538a007252&fields=id&fields=name HTTP/1.1" status: 200 len: 313 time: 0.0561790
2026-07-01 08:35:38.622 10 INFO neutron.wsgi [req-189534cf-f2df-48f5-826d-74feb57ad40d req-76170ad2-ba5e-4447-9fb9-f38ad7223ab2 5d3ab5b251704902be7352a7d5fdaae7 5e6283bbe1544c0faa55172ed7e851df - - default default] 10.0.0.93 "GET /v2.0/ports?device_id=b21d07d2-3899-4c09-b603-0755f62fe647 HTTP/1.1" status: 200 len: 1170 time: 0.0554638
2026-07-01 08:35:38.642 10 INFO neutron.wsgi [req-fcc8e60d-d9fe-4847-896c-f1eb8b8ccc68 req-faf5f975-eb8c-4cc1-aa10-9c7ddea8a41c 05a7a10ab07b49bca11d351207844b74 e41a9e6e66d94234b25e655f3df8395b - - 3a65b27de5874df28411113e10856e6e 3a65b27de5874df28411113e10856e6e] 199.204.45.157 "GET /v2.0/ports?tenant_id=5e6283bbe1544c0faa55172ed7e851df&device_id=b21d07d2-3899-4c09-b603-0755f62fe647 HTTP/1.1" status: 200 len: 1409 time: 0.0598392
2026-07-01 08:35:38.691 10 INFO neutron.wsgi [req-189534cf-f2df-48f5-826d-74feb57ad40d req-502d09c9-8570-4b3a-bed7-bf282dc0185b 5d3ab5b251704902be7352a7d5fdaae7 5e6283bbe1544c0faa55172ed7e851df - - default default] 10.0.0.93 "GET /v2.0/security-groups?id=593a446b-947d-41f6-97ea-5302a7472cec&fields=id&fields=name HTTP/1.1" status: 200 len: 312 time: 0.0577490
2026-07-01 08:35:38.722 10 INFO neutron.wsgi [req-fcc8e60d-d9fe-4847-896c-f1eb8b8ccc68 req-f743f7e7-e459-41bc-9a0a-d921dbfa30a8 05a7a10ab07b49bca11d351207844b74 e41a9e6e66d94234b25e655f3df8395b - - 3a65b27de5874df28411113e10856e6e 3a65b27de5874df28411113e10856e6e] 199.204.45.157 "GET /v2.0/networks?id=613f8cfa-6616-4cd3-b04f-3eed3378a7c2 HTTP/1.1" status: 200 len: 973 time: 0.0730333
2026-07-01 08:35:38.766 10 INFO neutron.wsgi [req-fcc8e60d-d9fe-4847-896c-f1eb8b8ccc68 req-612fe71e-57a7-4f06-9e97-e4ac8404484e 05a7a10ab07b49bca11d351207844b74 e41a9e6e66d94234b25e655f3df8395b - - 3a65b27de5874df28411113e10856e6e 3a65b27de5874df28411113e10856e6e] 199.204.45.157 "GET /v2.0/floatingips?fixed_ip_address=10.100.0.4&port_id=5cc63b82-9b94-410b-8ba2-bdd3a642afd0 HTTP/1.1" status: 200 len: 1059 time: 0.0383081
2026-07-01 08:35:38.800 10 INFO neutron.wsgi [req-fcc8e60d-d9fe-4847-896c-f1eb8b8ccc68 req-bc875e82-2d44-4f64-a2ba-760cdfdb012c 05a7a10ab07b49bca11d351207844b74 e41a9e6e66d94234b25e655f3df8395b - - 3a65b27de5874df28411113e10856e6e 3a65b27de5874df28411113e10856e6e] 199.204.45.157 "GET /v2.0/subnets?id=ae5660e5-f0c3-4265-9b21-0c70c749df24 HTTP/1.1" status: 200 len: 868 time: 0.0282636
2026-07-01 08:35:38.832 10 INFO neutron.wsgi [req-fcc8e60d-d9fe-4847-896c-f1eb8b8ccc68 req-01202f8e-3711-48cd-a40c-4f344edce7ff 05a7a10ab07b49bca11d351207844b74 e41a9e6e66d94234b25e655f3df8395b - - 3a65b27de5874df28411113e10856e6e 3a65b27de5874df28411113e10856e6e] 199.204.45.157 "GET /v2.0/ports?network_id=613f8cfa-6616-4cd3-b04f-3eed3378a7c2&device_owner=network%3Adhcp HTTP/1.1" status: 200 len: 210 time: 0.0252421
