2026-07-01 08:37:36.012 9 INFO neutron.wsgi [None req-38f26279-136f-483a-b71e-825fd4c6e70f 29d3036b39fc4c02be93f4614a5be149 6a90f9d2e7be41f0b4bd8dc8a88d0a58 - - default default] 10.0.0.170 "GET /v2.0/networks/5e67f8ff-2532-404b-99d4-54df498320f1/tags HTTP/1.1" status: 200 len: 205 time: 0.0382710
2026-07-01 08:37:36.086 10 INFO neutron.wsgi [None req-be06c727-f98e-485b-92c4-abed1e6f270b 275305560ff2488aa0068b872cabd664 70f7ffc7c4e345cd9129a4b9282b0f5f - - default default] 10.0.0.83 "GET /v2.0/security-groups HTTP/1.1" status: 200 len: 27915 time: 0.1379578
2026-07-01 08:37:36.092 10 INFO neutron.wsgi [None req-8a08a0aa-cb7c-4d18-b10a-25aceeb019aa 29d3036b39fc4c02be93f4614a5be149 6a90f9d2e7be41f0b4bd8dc8a88d0a58 - - default default] 10.0.0.170 "GET /v2.0/networks/d1509d9c-9571-4c2a-9903-66df13be5534/tags HTTP/1.1" status: 200 len: 218 time: 0.0690384
2026-07-01 08:37:36.121 10 INFO neutron.plugins.ml2.drivers.ovn.mech_driver.mech_driver [None req-082ab5e4-522b-4889-97e6-daa04ebc9f95 - - - - - -] OVN reports status up for port: 3bfde81d-9d5c-4e1c-80cb-f57739cefdcc
2026-07-01 08:37:36.147 10 INFO neutron.plugins.ml2.plugin [None req-082ab5e4-522b-4889-97e6-daa04ebc9f95 - - - - - -] Attempt 1 to provision port 3bfde81d-9d5c-4e1c-80cb-f57739cefdcc
2026-07-01 08:37:36.156 10 INFO neutron.wsgi [None req-621bac6f-d18e-48f3-9df1-22102056c466 275305560ff2488aa0068b872cabd664 70f7ffc7c4e345cd9129a4b9282b0f5f - - default default] 10.0.0.83 "GET /v2.0/subnets HTTP/1.1" status: 200 len: 6134 time: 0.0561721
2026-07-01 08:37:36.202 10 INFO neutron.db.ovn_revision_numbers_db [None req-83997fe9-f2db-44dd-b478-63777d979bae de1cfe1f5adf48c18c52a0cc98359758 ff7fd8c1d7ad44609fd883396b00b2a9 - - default default] Successfully bumped revision number for resource 3bfde81d-9d5c-4e1c-80cb-f57739cefdcc (type: router_ports) to 1
2026-07-01 08:37:36.236 10 INFO neutron.wsgi [None req-23d784e9-cb7d-4bbc-a33a-5fbf047de583 275305560ff2488aa0068b872cabd664 70f7ffc7c4e345cd9129a4b9282b0f5f - - default default] 10.0.0.83 "GET /v2.0/ports HTTP/1.1" status: 200 len: 18234 time: 0.0717525
2026-07-01 08:37:36.270 10 WARNING neutron.scheduler.dhcp_agent_scheduler [None req-d85e8af9-2076-411b-8e1f-f35bc62ec3cd fb58f81d3c5b4b6788d2e2737c092341 6b3c3d82f4da41e7948cbf779b237f7e - - default default] No more DHCP agents
2026-07-01 08:37:36.283 10 WARNING neutron.api.rpc.agentnotifiers.dhcp_rpc_agent_api [None req-d85e8af9-2076-411b-8e1f-f35bc62ec3cd fb58f81d3c5b4b6788d2e2737c092341 6b3c3d82f4da41e7948cbf779b237f7e - - default default] Unable to schedule network 4068dd8e-3bf6-49ec-a088-c1769bf59458: no agents available; will retry on subsequent port and subnet creation events.
2026-07-01 08:37:36.586 10 INFO neutron.notifiers.nova [-] Nova event matching ['req-50858bc7-205a-41e9-8b8d-defbc64f511f'] response: {'server_uuid': '2f2ff2ba-1851-44fc-8e09-cf1986aaa5b0', 'name': 'network-vif-plugged', 'status': 'completed', 'tag': '2065d637-f8d2-4b33-a286-8172effefdf9', 'code': 200}
2026-07-01 08:37:36.632 10 INFO neutron.wsgi [None req-03d4de2f-d830-4b6d-a358-4af97ed5b6d3 275305560ff2488aa0068b872cabd664 70f7ffc7c4e345cd9129a4b9282b0f5f - - default default] 10.0.0.83 "GET /v2.0/networks HTTP/1.1" status: 200 len: 9719 time: 0.3790958
2026-07-01 08:37:36.706 10 INFO neutron.db.ovn_revision_numbers_db [None req-d85e8af9-2076-411b-8e1f-f35bc62ec3cd fb58f81d3c5b4b6788d2e2737c092341 6b3c3d82f4da41e7948cbf779b237f7e - - default default] Successfully bumped revision number for resource 36c8151a-2953-4f9d-b5a1-a7d9d72f2a54 (type: ports) to 1
2026-07-01 08:37:36.749 9 INFO neutron.services.segments.plugin [-] Segment cbcc76ca-c0ac-4bc5-8f86-e63b326b2d5e resource provider aggregate not found
2026-07-01 08:37:36.752 10 INFO neutron.wsgi [None req-d85e8af9-2076-411b-8e1f-f35bc62ec3cd fb58f81d3c5b4b6788d2e2737c092341 6b3c3d82f4da41e7948cbf779b237f7e - - default default] 10.0.0.170 "POST /v2.0/networks HTTP/1.1" status: 201 len: 831 time: 1.4163299
2026-07-01 08:37:36.767 9 INFO neutron.services.segments.plugin [-] Segment cbcc76ca-c0ac-4bc5-8f86-e63b326b2d5e resource provider aggregate not found
2026-07-01 08:37:36.774 9 INFO neutron.services.segments.plugin [-] Segment cbcc76ca-c0ac-4bc5-8f86-e63b326b2d5e resource provider not found; error: Placement Client Error (4xx): {"errors": [{"status": 404, "title": "Not Found", "detail": "The resource could not be found.\n\n No resource provider with uuid cbcc76ca-c0ac-4bc5-8f86-e63b326b2d5e found for delete ", "request_id": "req-0a5ccf96-06ee-4a1e-9ddf-d08859750935"}]}
2026-07-01 08:37:36.777 10 INFO neutron.db.ovn_revision_numbers_db [None req-83997fe9-f2db-44dd-b478-63777d979bae de1cfe1f5adf48c18c52a0cc98359758 ff7fd8c1d7ad44609fd883396b00b2a9 - - default default] Successfully bumped revision number for resource 3bfde81d-9d5c-4e1c-80cb-f57739cefdcc (type: ports) to 1
2026-07-01 08:37:36.795 9 INFO neutron.services.segments.plugin [-] Segment cbcc76ca-c0ac-4bc5-8f86-e63b326b2d5e resource provider not found; error: Placement Client Error (4xx): {"errors": [{"status": 404, "title": "Not Found", "detail": "The resource could not be found.\n\n No resource provider with uuid cbcc76ca-c0ac-4bc5-8f86-e63b326b2d5e found for delete ", "request_id": "req-db0f98f7-bcdb-4844-a10e-6d27b03f5dab"}]}
2026-07-01 08:37:36.843 9 INFO neutron.wsgi [None req-075b5b3a-ceec-477b-83b4-71452740ceae 29d3036b39fc4c02be93f4614a5be149 6a90f9d2e7be41f0b4bd8dc8a88d0a58 - - default default] 10.0.0.170 "DELETE /v2.0/networks/d1509d9c-9571-4c2a-9903-66df13be5534 HTTP/1.1" status: 204 len: 168 time: 0.7397585
2026-07-01 08:37:36.937 10 INFO neutron.db.segments_db [None req-50021496-3cb6-47cf-a152-c8fb193dc64c fb58f81d3c5b4b6788d2e2737c092341 6b3c3d82f4da41e7948cbf779b237f7e - - default default] Added segment 6b1654e8-4a0c-48ba-8c65-2c74f82de62c of type geneve for network f0185fb7-ea2b-415c-bc4a-968b25dcc08d
2026-07-01 08:37:36.969 10 WARNING neutron.scheduler.dhcp_agent_scheduler [None req-83997fe9-f2db-44dd-b478-63777d979bae de1cfe1f5adf48c18c52a0cc98359758 ff7fd8c1d7ad44609fd883396b00b2a9 - - default default] No more DHCP agents
2026-07-01 08:37:36.975 10 WARNING neutron.api.rpc.agentnotifiers.dhcp_rpc_agent_api [None req-83997fe9-f2db-44dd-b478-63777d979bae de1cfe1f5adf48c18c52a0cc98359758 ff7fd8c1d7ad44609fd883396b00b2a9 - - default default] Unable to schedule network 8823a79f-b599-4c16-b221-a3001f7e1351: no agents available; will retry on subsequent port and subnet creation events.
2026-07-01 08:37:36.978 9 INFO neutron.wsgi [None req-efa706c9-7af0-46e6-8f50-48bc4ab39bc6 f17d6a5509084b66984525f81308545a 40072b2aa52b43bcab873b35a2501bdb - - default default] 10.0.0.170 "PUT /v2.0/routers/4355da3b-0c1a-4a45-b8d6-a374f8ca5f85/remove_router_interface HTTP/1.1" status: 200 len: 503 time: 1.4709425 /var/lib/openstack/lib/python3.10/site-packages/pycadf/identifier.py:71: UserWarning: Invalid uuid: neutron. To ensure interoperability, identifiers should be a valid uuid. warnings.warn(('Invalid uuid: %s. To ensure interoperability, '
2026-07-01 08:37:37.032 10 INFO neutron.db.ovn_revision_numbers_db [None req-082ab5e4-522b-4889-97e6-daa04ebc9f95 - - - - - -] Successfully bumped revision number for resource 3bfde81d-9d5c-4e1c-80cb-f57739cefdcc (type: ports) to 2
2026-07-01 08:37:37.227 9 INFO neutron.wsgi [None req-bc5e6af5-85e4-4d7c-b1bc-2817f38d8ca7 f17d6a5509084b66984525f81308545a 40072b2aa52b43bcab873b35a2501bdb - - default default] 10.0.0.170 "DELETE /v2.0/subnets/dffca45d-6369-4281-9ecc-5bad7333ded7 HTTP/1.1" status: 204 len: 168 time: 0.2435536
2026-07-01 08:37:37.288 10 INFO neutron.db.ovn_revision_numbers_db [None req-50021496-3cb6-47cf-a152-c8fb193dc64c fb58f81d3c5b4b6788d2e2737c092341 6b3c3d82f4da41e7948cbf779b237f7e - - default default] Successfully bumped revision number for resource f0185fb7-ea2b-415c-bc4a-968b25dcc08d (type: networks) to 1
2026-07-01 08:37:37.379 10 INFO neutron.db.ovn_revision_numbers_db [None req-082ab5e4-522b-4889-97e6-daa04ebc9f95 - - - - - -] Successfully bumped revision number for resource 3bfde81d-9d5c-4e1c-80cb-f57739cefdcc (type: router_ports) to 2
2026-07-01 08:37:37.647 10 WARNING neutron.scheduler.dhcp_agent_scheduler [None req-50021496-3cb6-47cf-a152-c8fb193dc64c fb58f81d3c5b4b6788d2e2737c092341 6b3c3d82f4da41e7948cbf779b237f7e - - default default] No more DHCP agents
2026-07-01 08:37:37.653 10 WARNING neutron.api.rpc.agentnotifiers.dhcp_rpc_agent_api [None req-50021496-3cb6-47cf-a152-c8fb193dc64c fb58f81d3c5b4b6788d2e2737c092341 6b3c3d82f4da41e7948cbf779b237f7e - - default default] Unable to schedule network f0185fb7-ea2b-415c-bc4a-968b25dcc08d: no agents available; will retry on subsequent port and subnet creation events.
2026-07-01 08:37:37.694 10 INFO neutron.services.segments.plugin [-] Segment 3d1a33e0-001e-41d0-b37f-a4ede0fe4d9d resource provider aggregate not found
2026-07-01 08:37:37.710 10 INFO neutron.services.segments.plugin [-] Segment 3d1a33e0-001e-41d0-b37f-a4ede0fe4d9d resource provider aggregate not found
2026-07-01 08:37:37.730 10 INFO neutron.services.segments.plugin [-] Segment 3d1a33e0-001e-41d0-b37f-a4ede0fe4d9d resource provider not found; error: Placement Client Error (4xx): {"errors": [{"status": 404, "title": "Not Found", "detail": "The resource could not be found.\n\n No resource provider with uuid 3d1a33e0-001e-41d0-b37f-a4ede0fe4d9d found for delete ", "request_id": "req-7130b54c-cd32-44e5-8a85-f0ad4c64a7c7"}]}
2026-07-01 08:37:37.738 10 INFO neutron.services.segments.plugin [-] Segment 3d1a33e0-001e-41d0-b37f-a4ede0fe4d9d resource provider not found; error: Placement Client Error (4xx): {"errors": [{"status": 404, "title": "Not Found", "detail": "The resource could not be found.\n\n No resource provider with uuid 3d1a33e0-001e-41d0-b37f-a4ede0fe4d9d found for delete ", "request_id": "req-92997281-7404-4f45-800c-112c2a5a29ab"}]}
2026-07-01 08:37:37.755 10 INFO neutron.db.ovn_revision_numbers_db [None req-83997fe9-f2db-44dd-b478-63777d979bae de1cfe1f5adf48c18c52a0cc98359758 ff7fd8c1d7ad44609fd883396b00b2a9 - - default default] Successfully bumped revision number for resource 3bfde81d-9d5c-4e1c-80cb-f57739cefdcc (type: router_ports) to 2
2026-07-01 08:37:37.758 10 INFO neutron.wsgi [None req-83997fe9-f2db-44dd-b478-63777d979bae de1cfe1f5adf48c18c52a0cc98359758 ff7fd8c1d7ad44609fd883396b00b2a9 - - default default] 10.0.0.170 "PUT /v2.0/routers/64b28565-b28d-4d5f-b77d-6c335608091c/add_router_interface HTTP/1.1" status: 200 len: 503 time: 3.8957682
2026-07-01 08:37:37.805 10 INFO neutron.wsgi [None req-1558bd65-8e4f-4c32-a885-603c87f08541 29d3036b39fc4c02be93f4614a5be149 6a90f9d2e7be41f0b4bd8dc8a88d0a58 - - default default] 10.0.0.170 "DELETE /v2.0/networks/5e67f8ff-2532-404b-99d4-54df498320f1 HTTP/1.1" status: 204 len: 168 time: 0.9480152
2026-07-01 08:37:37.842 10 INFO neutron.db.ovn_revision_numbers_db [None req-50021496-3cb6-47cf-a152-c8fb193dc64c fb58f81d3c5b4b6788d2e2737c092341 6b3c3d82f4da41e7948cbf779b237f7e - - default default] Successfully bumped revision number for resource 0a189686-cfc6-4638-971b-310664e8d5b8 (type: ports) to 1
2026-07-01 08:37:37.869 9 INFO neutron.wsgi [None req-78adc326-b1bd-4c8c-b609-36c51af7fb60 f17d6a5509084b66984525f81308545a 40072b2aa52b43bcab873b35a2501bdb - - default default] 10.0.0.170 "DELETE /v2.0/routers/4355da3b-0c1a-4a45-b8d6-a374f8ca5f85 HTTP/1.1" status: 204 len: 168 time: 0.6362667
2026-07-01 08:37:37.888 10 INFO neutron.wsgi [None req-50021496-3cb6-47cf-a152-c8fb193dc64c fb58f81d3c5b4b6788d2e2737c092341 6b3c3d82f4da41e7948cbf779b237f7e - - default default] 10.0.0.170 "POST /v2.0/networks HTTP/1.1" status: 201 len: 830 time: 1.1315634
2026-07-01 08:37:37.960 9 INFO neutron.wsgi [None req-79c4291e-b078-4092-9711-d83559e38c99 fb58f81d3c5b4b6788d2e2737c092341 6b3c3d82f4da41e7948cbf779b237f7e - - default default] 10.0.0.170 "PUT /v2.0/networks/65c52a59-b6fb-4164-b26e-9d4d71ee2fdb/tags HTTP/1.1" status: 200 len: 210 time: 0.0678887
2026-07-01 08:37:38.016 9 INFO neutron.wsgi [None req-66618e6a-36dd-4626-8f41-0c7aef6e1ee9 fb58f81d3c5b4b6788d2e2737c092341 6b3c3d82f4da41e7948cbf779b237f7e - - default default] 10.0.0.170 "PUT /v2.0/networks/30dfdc3f-a565-4546-9d4c-2fd3ca96c325/tags HTTP/1.1" status: 200 len: 218 time: 0.0499747
2026-07-01 08:37:38.071 9 INFO neutron.wsgi [None req-e37eb757-8881-4977-b9b0-127e05bf748e fb58f81d3c5b4b6788d2e2737c092341 6b3c3d82f4da41e7948cbf779b237f7e - - default default] 10.0.0.170 "PUT /v2.0/networks/b17df2c4-7106-4427-a6b9-c7f68e3ae705/tags HTTP/1.1" status: 200 len: 227 time: 0.0516503
2026-07-01 08:37:38.141 9 INFO neutron.wsgi [None req-cca21a64-fead-4d2d-bb5d-8c8af47db974 fb58f81d3c5b4b6788d2e2737c092341 6b3c3d82f4da41e7948cbf779b237f7e - - default default] 10.0.0.170 "PUT /v2.0/networks/4068dd8e-3bf6-49ec-a088-c1769bf59458/tags HTTP/1.1" status: 200 len: 212 time: 0.0660739
2026-07-01 08:37:38.266 9 INFO neutron.wsgi [None req-92e31234-9c51-4e0b-8c71-afb1afc7b760 fb58f81d3c5b4b6788d2e2737c092341 6b3c3d82f4da41e7948cbf779b237f7e - - default default] 10.0.0.170 "GET /v2.0/networks?tags=red HTTP/1.1" status: 200 len: 2070 time: 0.1167374
2026-07-01 08:37:38.340 9 INFO neutron.wsgi [None req-0a73c3a3-53b7-480c-8f19-ff8455526c44 fb58f81d3c5b4b6788d2e2737c092341 6b3c3d82f4da41e7948cbf779b237f7e - - default default] 10.0.0.170 "GET /v2.0/networks?tags=red%2Cblue HTTP/1.1" status: 200 len: 1457 time: 0.0676308
2026-07-01 08:37:38.427 9 INFO neutron.wsgi [None req-597d468a-6632-4ac8-a0a6-21788f7f70bf fb58f81d3c5b4b6788d2e2737c092341 6b3c3d82f4da41e7948cbf779b237f7e - - default default] 10.0.0.170 "GET /v2.0/networks?tags-any=blue HTTP/1.1" status: 200 len: 1457 time: 0.0821681
2026-07-01 08:37:38.524 9 INFO neutron.wsgi [None req-0f6e0aca-3357-426a-87a6-b4533019b19d fb58f81d3c5b4b6788d2e2737c092341 6b3c3d82f4da41e7948cbf779b237f7e - - default default] 10.0.0.170 "GET /v2.0/networks?tags-any=red%2Cblue HTTP/1.1" status: 200 len: 2070 time: 0.0715194
2026-07-01 08:37:38.664 10 INFO neutron.wsgi [None req-5eb36208-9ede-4c94-b9ee-6da4ff6ede10 f17d6a5509084b66984525f81308545a 40072b2aa52b43bcab873b35a2501bdb - - default default] 10.0.0.170 "DELETE /v2.0/networks/6963bfb5-b720-467d-a1f8-0afb36f78224 HTTP/1.1" status: 204 len: 168 time: 0.7891011
2026-07-01 08:37:38.667 9 INFO neutron.wsgi [None req-8e4aa2bf-3d7a-4b7f-87e2-b349900d9f43 fb58f81d3c5b4b6788d2e2737c092341 6b3c3d82f4da41e7948cbf779b237f7e - - default default] 10.0.0.170 "GET /v2.0/networks?not-tags=red HTTP/1.1" status: 200 len: 2068 time: 0.1383312
2026-07-01 08:37:38.678 10 WARNING neutron.scheduler.dhcp_agent_scheduler [None req-d8da57bc-2cea-4d38-a48f-d5d82bd8bdc8 de1cfe1f5adf48c18c52a0cc98359758 ff7fd8c1d7ad44609fd883396b00b2a9 - - default default] No more DHCP agents
2026-07-01 08:37:38.680 10 WARNING neutron.api.rpc.agentnotifiers.dhcp_rpc_agent_api [None req-d8da57bc-2cea-4d38-a48f-d5d82bd8bdc8 de1cfe1f5adf48c18c52a0cc98359758 ff7fd8c1d7ad44609fd883396b00b2a9 - - default default] Unable to schedule network d86cc591-442d-48fd-aa20-1a9486f89470: no agents available; will retry on subsequent port and subnet creation events.
2026-07-01 08:37:38.792 9 INFO neutron.wsgi [None req-990b0585-f488-4452-9d32-9464170ffe3e fb58f81d3c5b4b6788d2e2737c092341 6b3c3d82f4da41e7948cbf779b237f7e - - default default] 10.0.0.170 "GET /v2.0/networks?not-tags=red%2Cblue HTTP/1.1" status: 200 len: 2681 time: 0.1194043
2026-07-01 08:37:38.850 10 INFO neutron.db.ovn_revision_numbers_db [None req-d8da57bc-2cea-4d38-a48f-d5d82bd8bdc8 de1cfe1f5adf48c18c52a0cc98359758 ff7fd8c1d7ad44609fd883396b00b2a9 - - default default] Successfully bumped revision number for resource 3a0f7f75-e2a7-4ba0-ac07-eee8e70d5310 (type: ports) to 1
2026-07-01 08:37:38.887 9 INFO neutron.db.ovn_revision_numbers_db [None req-77b8b27e-84f3-4811-8982-1fc2021a8ca3 275305560ff2488aa0068b872cabd664 70f7ffc7c4e345cd9129a4b9282b0f5f - - default default] Successfully bumped revision number for resource 8fbca89c-a968-4dea-b8d1-53799be638fc (type: security_groups) to 1
2026-07-01 08:37:38.919 9 INFO neutron.wsgi [None req-9b62da3c-069b-4e63-ac72-33b4bf0a30d4 fb58f81d3c5b4b6788d2e2737c092341 6b3c3d82f4da41e7948cbf779b237f7e - - default default] 10.0.0.170 "GET /v2.0/networks?not-tags-any=blue HTTP/1.1" status: 200 len: 2681 time: 0.1236153
2026-07-01 08:37:38.920 9 INFO neutron.db.ovn_revision_numbers_db [None req-77b8b27e-84f3-4811-8982-1fc2021a8ca3 275305560ff2488aa0068b872cabd664 70f7ffc7c4e345cd9129a4b9282b0f5f - - default default] Successfully bumped revision number for resource 41cd0a53-6057-4200-a93b-0f32968782ee (type: security_group_rules) to 0
2026-07-01 08:37:38.931 9 INFO neutron.db.ovn_revision_numbers_db [None req-77b8b27e-84f3-4811-8982-1fc2021a8ca3 275305560ff2488aa0068b872cabd664 70f7ffc7c4e345cd9129a4b9282b0f5f - - default default] Successfully bumped revision number for resource 5d1348b7-17d9-44ac-8b9a-1e11cc82031d (type: security_group_rules) to 0
2026-07-01 08:37:38.944 9 INFO neutron.db.ovn_revision_numbers_db [None req-77b8b27e-84f3-4811-8982-1fc2021a8ca3 275305560ff2488aa0068b872cabd664 70f7ffc7c4e345cd9129a4b9282b0f5f - - default default] Successfully bumped revision number for resource 765c137e-743e-499d-aaf4-6fb69ddd4f2d (type: security_group_rules) to 0
2026-07-01 08:37:38.957 9 INFO neutron.db.ovn_revision_numbers_db [None req-77b8b27e-84f3-4811-8982-1fc2021a8ca3 275305560ff2488aa0068b872cabd664 70f7ffc7c4e345cd9129a4b9282b0f5f - - default default] Successfully bumped revision number for resource eecec41d-51da-4428-a246-2d64bd4f6ca0 (type: security_group_rules) to 0
2026-07-01 08:37:38.981 9 INFO neutron.wsgi [None req-77b8b27e-84f3-4811-8982-1fc2021a8ca3 275305560ff2488aa0068b872cabd664 70f7ffc7c4e345cd9129a4b9282b0f5f - - default default] 10.0.0.170 "GET /v2.0/security-groups?tenant_id=72636774145a4ac59243731a89cb9747&name=default HTTP/1.1" status: 200 len: 2996 time: 0.4957223
2026-07-01 08:37:39.051 10 INFO neutron.wsgi [None req-90c1757d-995b-4a1a-b66c-0971b4d1108e fb58f81d3c5b4b6788d2e2737c092341 6b3c3d82f4da41e7948cbf779b237f7e - - default default] 10.0.0.170 "GET /v2.0/networks?not-tags-any=red%2Cblue HTTP/1.1" status: 200 len: 2068 time: 0.1261005
2026-07-01 08:37:39.274 9 WARNING neutron.plugins.ml2.drivers.ovn.mech_driver.ovsdb.ovn_client [None req-17ab10d5-9439-411f-8745-9887d4c5b955 - - - - - -] No hosting information found for port 1230df0c-0d18-47b4-9f6c-ad40f9bbd6f7: RuntimeError: No hosting information found for port 1230df0c-0d18-47b4-9f6c-ad40f9bbd6f7
2026-07-01 08:37:39.413 9 INFO neutron.wsgi [None req-7f3778d1-a9d3-411b-8ed2-b3063cc8cd2e 275305560ff2488aa0068b872cabd664 70f7ffc7c4e345cd9129a4b9282b0f5f - - default default] 10.0.0.170 "DELETE /v2.0/security-groups/8fbca89c-a968-4dea-b8d1-53799be638fc HTTP/1.1" status: 204 len: 168 time: 0.4274113
2026-07-01 08:37:39.547 9 INFO neutron.wsgi [None req-d2fdb478-cdc4-4f20-924f-f2a09b8cccbf 275305560ff2488aa0068b872cabd664 70f7ffc7c4e345cd9129a4b9282b0f5f - - default default] 10.0.0.170 "GET /v2.0/security-groups?tenant_id=40072b2aa52b43bcab873b35a2501bdb&name=default HTTP/1.1" status: 200 len: 2996 time: 0.1587851
2026-07-01 08:37:39.613 10 INFO neutron.wsgi [None req-4a15e8b2-5367-495b-a25a-10ab442d4cbb 275305560ff2488aa0068b872cabd664 70f7ffc7c4e345cd9129a4b9282b0f5f - - default default] 10.0.0.170 "GET /v2.0/security-groups?tenant_id=6a90f9d2e7be41f0b4bd8dc8a88d0a58&name=default HTTP/1.1" status: 200 len: 2996 time: 0.0653970
2026-07-01 08:37:39.620 10 INFO neutron.wsgi [None req-df591098-2534-4644-93c9-c2544894fd19 fb58f81d3c5b4b6788d2e2737c092341 6b3c3d82f4da41e7948cbf779b237f7e - - default default] 10.0.0.170 "DELETE /v2.0/networks/65c52a59-b6fb-4164-b26e-9d4d71ee2fdb HTTP/1.1" status: 204 len: 168 time: 0.5619686
2026-07-01 08:37:39.642 9 INFO neutron.plugins.ml2.drivers.ovn.mech_driver.mech_driver [None req-17ab10d5-9439-411f-8745-9887d4c5b955 - - - - - -] OVN reports status up for port: 3a0f7f75-e2a7-4ba0-ac07-eee8e70d5310
2026-07-01 08:37:39.665 9 INFO neutron.plugins.ml2.plugin [None req-17ab10d5-9439-411f-8745-9887d4c5b955 - - - - - -] Attempt 1 to provision port 3a0f7f75-e2a7-4ba0-ac07-eee8e70d5310
2026-07-01 08:37:39.676 10 INFO neutron.db.ovn_revision_numbers_db [None req-d8da57bc-2cea-4d38-a48f-d5d82bd8bdc8 de1cfe1f5adf48c18c52a0cc98359758 ff7fd8c1d7ad44609fd883396b00b2a9 - - default default] Successfully bumped revision number for resource 3a0f7f75-e2a7-4ba0-ac07-eee8e70d5310 (type: router_ports) to 1
2026-07-01 08:37:39.752 10 INFO neutron.services.segments.plugin [-] Segment dfbe97e4-ed6a-45eb-be3a-d55743f9c0a7 resource provider aggregate not found
2026-07-01 08:37:39.763 10 INFO neutron.services.segments.plugin [-] Segment dfbe97e4-ed6a-45eb-be3a-d55743f9c0a7 resource provider aggregate not found
2026-07-01 08:37:39.784 10 INFO neutron.services.segments.plugin [-] Segment dfbe97e4-ed6a-45eb-be3a-d55743f9c0a7 resource provider not found; error: Placement Client Error (4xx): {"errors": [{"status": 404, "title": "Not Found", "detail": "The resource could not be found.\n\n No resource provider with uuid dfbe97e4-ed6a-45eb-be3a-d55743f9c0a7 found for delete ", "request_id": "req-1c7f9bce-f90a-42c2-acc2-c8d164636057"}]}
2026-07-01 08:37:39.789 10 INFO neutron.services.segments.plugin [-] Segment dfbe97e4-ed6a-45eb-be3a-d55743f9c0a7 resource provider not found; error: Placement Client Error (4xx): {"errors": [{"status": 404, "title": "Not Found", "detail": "The resource could not be found.\n\n No resource provider with uuid dfbe97e4-ed6a-45eb-be3a-d55743f9c0a7 found for delete ", "request_id": "req-b331e190-dd59-4332-807a-371d39196a98"}]}
2026-07-01 08:37:39.807 10 INFO neutron.services.segments.plugin [-] Segment 00bdd052-094a-4673-92cf-e30fef0ade8f resource provider aggregate not found
2026-07-01 08:37:39.811 10 INFO neutron.services.segments.plugin [-] Segment 00bdd052-094a-4673-92cf-e30fef0ade8f resource provider aggregate not found
2026-07-01 08:37:39.829 10 INFO neutron.services.segments.plugin [-] Segment 00bdd052-094a-4673-92cf-e30fef0ade8f resource provider not found; error: Placement Client Error (4xx): {"errors": [{"status": 404, "title": "Not Found", "detail": "The resource could not be found.\n\n No resource provider with uuid 00bdd052-094a-4673-92cf-e30fef0ade8f found for delete ", "request_id": "req-593c6e8c-474f-45b0-b88e-dc3d0726976e"}]}
2026-07-01 08:37:39.838 10 INFO neutron.services.segments.plugin [-] Segment 00bdd052-094a-4673-92cf-e30fef0ade8f resource provider not found; error: Placement Client Error (4xx): {"errors": [{"status": 404, "title": "Not Found", "detail": "The resource could not be found.\n\n No resource provider with uuid 00bdd052-094a-4673-92cf-e30fef0ade8f found for delete ", "request_id": "req-08544011-58fd-432a-8bba-9af6e7bd0416"}]}
2026-07-01 08:37:39.868 9 INFO neutron.wsgi [None req-79073927-a26d-40df-90a8-3b429b364eab 275305560ff2488aa0068b872cabd664 70f7ffc7c4e345cd9129a4b9282b0f5f - - default default] 10.0.0.170 "DELETE /v2.0/security-groups/757cd915-8860-420a-b222-a81087d9bd11 HTTP/1.1" status: 204 len: 168 time: 0.3168249
2026-07-01 08:37:39.920 10 INFO neutron.db.ovn_revision_numbers_db [None req-d8da57bc-2cea-4d38-a48f-d5d82bd8bdc8 de1cfe1f5adf48c18c52a0cc98359758 ff7fd8c1d7ad44609fd883396b00b2a9 - - default default] Successfully bumped revision number for resource 3a0f7f75-e2a7-4ba0-ac07-eee8e70d5310 (type: ports) to 1
2026-07-01 08:37:39.943 9 INFO neutron.wsgi [None req-6b42e4ed-6549-419e-9914-5251e9538255 275305560ff2488aa0068b872cabd664 70f7ffc7c4e345cd9129a4b9282b0f5f - - default default] 10.0.0.170 "DELETE /v2.0/security-groups/0c436046-20f6-40f6-8693-6db12b11c64e HTTP/1.1" status: 204 len: 168 time: 0.3234568
2026-07-01 08:37:40.004 9 INFO neutron.db.ovn_revision_numbers_db [None req-17ab10d5-9439-411f-8745-9887d4c5b955 - - - - - -] Successfully bumped revision number for resource 3a0f7f75-e2a7-4ba0-ac07-eee8e70d5310 (type: ports) to 2
2026-07-01 08:37:40.041 10 WARNING neutron.scheduler.dhcp_agent_scheduler [None req-d8da57bc-2cea-4d38-a48f-d5d82bd8bdc8 de1cfe1f5adf48c18c52a0cc98359758 ff7fd8c1d7ad44609fd883396b00b2a9 - - default default] No more DHCP agents
2026-07-01 08:37:40.049 10 WARNING neutron.api.rpc.agentnotifiers.dhcp_rpc_agent_api [None req-d8da57bc-2cea-4d38-a48f-d5d82bd8bdc8 de1cfe1f5adf48c18c52a0cc98359758 ff7fd8c1d7ad44609fd883396b00b2a9 - - default default] Unable to schedule network d86cc591-442d-48fd-aa20-1a9486f89470: no agents available; will retry on subsequent port and subnet creation events.
2026-07-01 08:37:40.157 10 INFO neutron.wsgi [None req-c50c088b-489b-49b1-bec6-6e362a025bae fb58f81d3c5b4b6788d2e2737c092341 6b3c3d82f4da41e7948cbf779b237f7e - - default default] 10.0.0.170 "DELETE /v2.0/networks/30dfdc3f-a565-4546-9d4c-2fd3ca96c325 HTTP/1.1" status: 204 len: 168 time: 0.5270951
2026-07-01 08:37:40.228 9 INFO neutron.db.ovn_revision_numbers_db [None req-17ab10d5-9439-411f-8745-9887d4c5b955 - - - - - -] Successfully bumped revision number for resource 3a0f7f75-e2a7-4ba0-ac07-eee8e70d5310 (type: router_ports) to 2
2026-07-01 08:37:40.247 9 INFO neutron.db.ovn_revision_numbers_db [None req-ceaf47c5-b86c-4b79-a11c-3c106a54513a 275305560ff2488aa0068b872cabd664 70f7ffc7c4e345cd9129a4b9282b0f5f - - default default] Successfully bumped revision number for resource 8752a6a8-7e91-46a4-b6e2-af8735e8661c (type: security_groups) to 1
2026-07-01 08:37:40.274 9 INFO neutron.db.ovn_revision_numbers_db [None req-ceaf47c5-b86c-4b79-a11c-3c106a54513a 275305560ff2488aa0068b872cabd664 70f7ffc7c4e345cd9129a4b9282b0f5f - - default default] Successfully bumped revision number for resource 4166f9f2-d446-4bea-8997-c3ecf6f759be (type: security_group_rules) to 0
2026-07-01 08:37:40.301 9 INFO neutron.db.ovn_revision_numbers_db [None req-ceaf47c5-b86c-4b79-a11c-3c106a54513a 275305560ff2488aa0068b872cabd664 70f7ffc7c4e345cd9129a4b9282b0f5f - - default default] Successfully bumped revision number for resource 48961b60-eba1-4089-927e-d14f60b60ed9 (type: security_group_rules) to 0
2026-07-01 08:37:40.333 9 INFO neutron.db.ovn_revision_numbers_db [None req-ceaf47c5-b86c-4b79-a11c-3c106a54513a 275305560ff2488aa0068b872cabd664 70f7ffc7c4e345cd9129a4b9282b0f5f - - default default] Successfully bumped revision number for resource 5a8a3414-8243-4772-8c16-96790116c3e4 (type: security_group_rules) to 0
2026-07-01 08:37:40.358 9 INFO neutron.db.ovn_revision_numbers_db [None req-ceaf47c5-b86c-4b79-a11c-3c106a54513a 275305560ff2488aa0068b872cabd664 70f7ffc7c4e345cd9129a4b9282b0f5f - - default default] Successfully bumped revision number for resource f194c09f-1d0a-4788-be53-441a6570316f (type: security_group_rules) to 0
2026-07-01 08:37:40.380 10 INFO neutron.db.ovn_revision_numbers_db [None req-d8da57bc-2cea-4d38-a48f-d5d82bd8bdc8 de1cfe1f5adf48c18c52a0cc98359758 ff7fd8c1d7ad44609fd883396b00b2a9 - - default default] Successfully bumped revision number for resource 3a0f7f75-e2a7-4ba0-ac07-eee8e70d5310 (type: router_ports) to 2
2026-07-01 08:37:40.383 10 INFO neutron.wsgi [None req-d8da57bc-2cea-4d38-a48f-d5d82bd8bdc8 de1cfe1f5adf48c18c52a0cc98359758 ff7fd8c1d7ad44609fd883396b00b2a9 - - default default] 10.0.0.170 "PUT /v2.0/routers/64b28565-b28d-4d5f-b77d-6c335608091c/add_router_interface HTTP/1.1" status: 200 len: 503 time: 2.6157219
2026-07-01 08:37:40.402 9 INFO neutron.wsgi [None req-ceaf47c5-b86c-4b79-a11c-3c106a54513a 275305560ff2488aa0068b872cabd664 70f7ffc7c4e345cd9129a4b9282b0f5f - - default default] 10.0.0.170 "GET /v2.0/security-groups?tenant_id=08c334bb1e914278ae2bc994ad827f3b&name=default HTTP/1.1" status: 200 len: 2996 time: 0.3644664
2026-07-01 08:37:40.560 9 INFO neutron.services.segments.plugin [-] Segment 7a62e2e1-497c-4ca5-acfb-aea673be823f resource provider aggregate not found
2026-07-01 08:37:40.569 9 INFO neutron.services.segments.plugin [-] Segment 7a62e2e1-497c-4ca5-acfb-aea673be823f resource provider aggregate not found
2026-07-01 08:37:40.575 10 INFO neutron.db.ovn_revision_numbers_db [None req-8f24bf19-e405-4a3c-9cf8-8c3bfddaa47c de1cfe1f5adf48c18c52a0cc98359758 ff7fd8c1d7ad44609fd883396b00b2a9 - - default default] Successfully bumped revision number for resource 56f89aeb-8bc8-4c29-87fa-d9348962326e (type: security_groups) to 1
2026-07-01 08:37:40.586 9 INFO neutron.services.segments.plugin [-] Segment 7a62e2e1-497c-4ca5-acfb-aea673be823f resource provider not found; error: Placement Client Error (4xx): {"errors": [{"status": 404, "title": "Not Found", "detail": "The resource could not be found.\n\n No resource provider with uuid 7a62e2e1-497c-4ca5-acfb-aea673be823f found for delete ", "request_id": "req-29e0c624-7e31-43d6-9512-3c0d3a24aefd"}]}
2026-07-01 08:37:40.588 9 INFO neutron.services.segments.plugin [-] Segment 7a62e2e1-497c-4ca5-acfb-aea673be823f resource provider not found; error: Placement Client Error (4xx): {"errors": [{"status": 404, "title": "Not Found", "detail": "The resource could not be found.\n\n No resource provider with uuid 7a62e2e1-497c-4ca5-acfb-aea673be823f found for delete ", "request_id": "req-250c3fb1-3057-4e38-976c-9fc848165749"}]}
2026-07-01 08:37:40.593 10 INFO neutron.db.ovn_revision_numbers_db [None req-8f24bf19-e405-4a3c-9cf8-8c3bfddaa47c de1cfe1f5adf48c18c52a0cc98359758 ff7fd8c1d7ad44609fd883396b00b2a9 - - default default] Successfully bumped revision number for resource 18cf217c-24cc-475b-bd2c-80bd63526426 (type: security_group_rules) to 0
2026-07-01 08:37:40.613 10 INFO neutron.db.ovn_revision_numbers_db [None req-8f24bf19-e405-4a3c-9cf8-8c3bfddaa47c de1cfe1f5adf48c18c52a0cc98359758 ff7fd8c1d7ad44609fd883396b00b2a9 - - default default] Successfully bumped revision number for resource 206f6344-a64f-47cc-bd06-ea37c5dca239 (type: security_group_rules) to 0
2026-07-01 08:37:40.619 9 INFO neutron.wsgi [None req-18165c29-53a6-469a-8d77-dd9413a018fd fb58f81d3c5b4b6788d2e2737c092341 6b3c3d82f4da41e7948cbf779b237f7e - - default default] 10.0.0.170 "DELETE /v2.0/networks/b17df2c4-7106-4427-a6b9-c7f68e3ae705 HTTP/1.1" status: 204 len: 168 time: 0.4568288
2026-07-01 08:37:40.631 10 INFO neutron.wsgi [None req-16249bd2-62cd-4aef-b20a-c313a4884096 275305560ff2488aa0068b872cabd664 70f7ffc7c4e345cd9129a4b9282b0f5f - - default default] 10.0.0.170 "DELETE /v2.0/security-groups/8752a6a8-7e91-46a4-b6e2-af8735e8661c HTTP/1.1" status: 204 len: 168 time: 0.2247725
2026-07-01 08:37:40.641 10 INFO neutron.wsgi [None req-8f24bf19-e405-4a3c-9cf8-8c3bfddaa47c de1cfe1f5adf48c18c52a0cc98359758 ff7fd8c1d7ad44609fd883396b00b2a9 - - default default] 10.0.0.170 "POST /v2.0/security-groups HTTP/1.1" status: 201 len: 1764 time: 0.1935682
2026-07-01 08:37:40.766 9 INFO neutron.db.ovn_revision_numbers_db [None req-5ac080a4-1f25-4c6d-9ab1-9f98629133d5 de1cfe1f5adf48c18c52a0cc98359758 ff7fd8c1d7ad44609fd883396b00b2a9 - - default default] Successfully bumped revision number for resource 2927ea1f-56d7-4fde-a715-46dbc9bd202e (type: security_group_rules) to 0
2026-07-01 08:37:40.791 9 INFO neutron.wsgi [None req-5ac080a4-1f25-4c6d-9ab1-9f98629133d5 de1cfe1f5adf48c18c52a0cc98359758 ff7fd8c1d7ad44609fd883396b00b2a9 - - default default] 10.0.0.170 "POST /v2.0/security-group-rules HTTP/1.1" status: 201 len: 764 time: 0.1429210
2026-07-01 08:37:40.909 9 INFO neutron.db.ovn_revision_numbers_db [None req-775fe1f6-f0a8-49bd-8e37-c3ac59de07f0 de1cfe1f5adf48c18c52a0cc98359758 ff7fd8c1d7ad44609fd883396b00b2a9 - - default default] Successfully bumped revision number for resource c5b66cf6-83bc-42db-b5aa-0940ff11f751 (type: security_group_rules) to 0
2026-07-01 08:37:40.942 9 INFO neutron.wsgi [None req-775fe1f6-f0a8-49bd-8e37-c3ac59de07f0 de1cfe1f5adf48c18c52a0cc98359758 ff7fd8c1d7ad44609fd883396b00b2a9 - - default default] 10.0.0.170 "POST /v2.0/security-group-rules HTTP/1.1" status: 201 len: 764 time: 0.1461215
2026-07-01 08:37:40.983 10 INFO neutron.wsgi [None req-85309d4e-7062-431f-834f-49540ff79187 fb58f81d3c5b4b6788d2e2737c092341 6b3c3d82f4da41e7948cbf779b237f7e - - default default] 10.0.0.170 "DELETE /v2.0/networks/4068dd8e-3bf6-49ec-a088-c1769bf59458 HTTP/1.1" status: 204 len: 168 time: 0.3551617
2026-07-01 08:37:41.103 9 INFO neutron.db.ovn_revision_numbers_db [None req-c6b95091-286f-4312-9e4f-9fdf07b0c276 de1cfe1f5adf48c18c52a0cc98359758 ff7fd8c1d7ad44609fd883396b00b2a9 - - default default] Successfully bumped revision number for resource 1acf8109-59c6-4700-b169-95fe9081a579 (type: security_group_rules) to 0
2026-07-01 08:37:41.149 9 INFO neutron.wsgi [None req-c6b95091-286f-4312-9e4f-9fdf07b0c276 de1cfe1f5adf48c18c52a0cc98359758 ff7fd8c1d7ad44609fd883396b00b2a9 - - default default] 10.0.0.170 "POST /v2.0/security-group-rules HTTP/1.1" status: 201 len: 766 time: 0.2020202
2026-07-01 08:37:41.322 9 INFO neutron.db.ovn_revision_numbers_db [None req-52d08662-b6e6-48e8-808f-15c4c85aa415 de1cfe1f5adf48c18c52a0cc98359758 ff7fd8c1d7ad44609fd883396b00b2a9 - - default default] Successfully bumped revision number for resource 5696360f-4e33-4653-96b2-60a125dcd1de (type: security_group_rules) to 0
2026-07-01 08:37:41.361 9 INFO neutron.wsgi [None req-52d08662-b6e6-48e8-808f-15c4c85aa415 de1cfe1f5adf48c18c52a0cc98359758 ff7fd8c1d7ad44609fd883396b00b2a9 - - default default] 10.0.0.170 "POST /v2.0/security-group-rules HTTP/1.1" status: 201 len: 768 time: 0.2076266
2026-07-01 08:37:41.401 9 INFO neutron.wsgi [None req-b54a9385-e82f-4c23-8f3b-caaefc3a5a8c fb58f81d3c5b4b6788d2e2737c092341 6b3c3d82f4da41e7948cbf779b237f7e - - default default] 10.0.0.170 "DELETE /v2.0/networks/f0185fb7-ea2b-415c-bc4a-968b25dcc08d HTTP/1.1" status: 204 len: 168 time: 0.4130580
2026-07-01 08:37:41.469 10 INFO neutron.db.ovn_revision_numbers_db [None req-1bca00af-9f81-4dad-ae2a-bb4bbf488155 de1cfe1f5adf48c18c52a0cc98359758 ff7fd8c1d7ad44609fd883396b00b2a9 - - default default] Successfully bumped revision number for resource 728dc417-13d8-4a84-a97a-c6337b64e181 (type: security_group_rules) to 0
2026-07-01 08:37:41.491 10 INFO neutron.wsgi [None req-1bca00af-9f81-4dad-ae2a-bb4bbf488155 de1cfe1f5adf48c18c52a0cc98359758 ff7fd8c1d7ad44609fd883396b00b2a9 - - default default] 10.0.0.170 "POST /v2.0/security-group-rules HTTP/1.1" status: 201 len: 768 time: 0.1255543
2026-07-01 08:37:41.645 10 INFO neutron.db.ovn_revision_numbers_db [None req-f5fd9daf-ffa0-4b71-9b27-9996c9fb1221 de1cfe1f5adf48c18c52a0cc98359758 ff7fd8c1d7ad44609fd883396b00b2a9 - - default default] Successfully bumped revision number for resource c9bb1d01-fbd7-4ed4-9fcf-6e0201a3b0e1 (type: security_group_rules) to 0
2026-07-01 08:37:41.673 10 INFO neutron.wsgi [None req-f5fd9daf-ffa0-4b71-9b27-9996c9fb1221 de1cfe1f5adf48c18c52a0cc98359758 ff7fd8c1d7ad44609fd883396b00b2a9 - - default default] 10.0.0.170 "POST /v2.0/security-group-rules HTTP/1.1" status: 201 len: 764 time: 0.1765127
2026-07-01 08:37:41.923 10 INFO neutron.services.segments.plugin [-] Segment 1b8776f4-655e-453b-927c-216f1e483a2d resource provider aggregate not found
2026-07-01 08:37:41.935 10 INFO neutron.services.segments.plugin [-] Segment 1b8776f4-655e-453b-927c-216f1e483a2d resource provider aggregate not found
2026-07-01 08:37:41.952 10 INFO neutron.services.segments.plugin [-] Segment 1b8776f4-655e-453b-927c-216f1e483a2d resource provider not found; error: Placement Client Error (4xx): {"errors": [{"status": 404, "title": "Not Found", "detail": "The resource could not be found.\n\n No resource provider with uuid 1b8776f4-655e-453b-927c-216f1e483a2d found for delete ", "request_id": "req-9a51b91e-0230-4914-8aaa-286a309a7a67"}]}
2026-07-01 08:37:41.957 10 INFO neutron.services.segments.plugin [-] Segment 1b8776f4-655e-453b-927c-216f1e483a2d resource provider not found; error: Placement Client Error (4xx): {"errors": [{"status": 404, "title": "Not Found", "detail": "The resource could not be found.\n\n No resource provider with uuid 1b8776f4-655e-453b-927c-216f1e483a2d found for delete ", "request_id": "req-b908a009-d448-4c69-92ca-12193595974d"}]}
2026-07-01 08:37:41.971 10 INFO neutron.services.segments.plugin [-] Segment 4a96be06-0392-4393-9562-803efd7e6497 resource provider aggregate not found
2026-07-01 08:37:41.977 10 INFO neutron.services.segments.plugin [-] Segment 4a96be06-0392-4393-9562-803efd7e6497 resource provider aggregate not found
2026-07-01 08:37:41.990 10 INFO neutron.services.segments.plugin [-] Segment 4a96be06-0392-4393-9562-803efd7e6497 resource provider not found; error: Placement Client Error (4xx): {"errors": [{"status": 404, "title": "Not Found", "detail": "The resource could not be found.\n\n No resource provider with uuid 4a96be06-0392-4393-9562-803efd7e6497 found for delete ", "request_id": "req-f5f8791c-cf13-4020-b453-dbb53321c5aa"}]}
2026-07-01 08:37:41.993 10 INFO neutron.services.segments.plugin [-] Segment 4a96be06-0392-4393-9562-803efd7e6497 resource provider not found; error: Placement Client Error (4xx): {"errors": [{"status": 404, "title": "Not Found", "detail": "The resource could not be found.\n\n No resource provider with uuid 4a96be06-0392-4393-9562-803efd7e6497 found for delete ", "request_id": "req-be37d01e-8081-41fa-a02e-a77274911b19"}]}
2026-07-01 08:37:42.059 10 INFO neutron.db.ovn_revision_numbers_db [None req-d25da53c-5b00-4913-9969-e335c7072651 de1cfe1f5adf48c18c52a0cc98359758 ff7fd8c1d7ad44609fd883396b00b2a9 - - default default] Successfully bumped revision number for resource 166ce3a4-a644-4c52-a2b4-df7e1a1b2fff (type: security_group_rules) to 0
2026-07-01 08:37:42.081 10 INFO neutron.wsgi [None req-d25da53c-5b00-4913-9969-e335c7072651 de1cfe1f5adf48c18c52a0cc98359758 ff7fd8c1d7ad44609fd883396b00b2a9 - - default default] 10.0.0.170 "POST /v2.0/security-group-rules HTTP/1.1" status: 201 len: 764 time: 0.4024007
2026-07-01 08:37:42.216 10 INFO neutron.db.ovn_revision_numbers_db [None req-69355d41-15a5-4361-ad4c-2edf68edcc35 de1cfe1f5adf48c18c52a0cc98359758 ff7fd8c1d7ad44609fd883396b00b2a9 - - default default] Successfully bumped revision number for resource 8c83c90b-cb62-4b29-b9cd-3d1dba94ad27 (type: security_group_rules) to 0
2026-07-01 08:37:42.239 10 INFO neutron.wsgi [None req-69355d41-15a5-4361-ad4c-2edf68edcc35 de1cfe1f5adf48c18c52a0cc98359758 ff7fd8c1d7ad44609fd883396b00b2a9 - - default default] 10.0.0.170 "POST /v2.0/security-group-rules HTTP/1.1" status: 201 len: 764 time: 0.1529479
2026-07-01 08:37:42.385 10 INFO neutron.db.ovn_revision_numbers_db [None req-593c902a-0237-463a-a9de-4f35d0669c05 de1cfe1f5adf48c18c52a0cc98359758 ff7fd8c1d7ad44609fd883396b00b2a9 - - default default] Successfully bumped revision number for resource 7459c8ab-2c88-4a3c-b7c9-96437c6b331c (type: security_group_rules) to 0
2026-07-01 08:37:42.418 10 INFO neutron.wsgi [None req-593c902a-0237-463a-a9de-4f35d0669c05 de1cfe1f5adf48c18c52a0cc98359758 ff7fd8c1d7ad44609fd883396b00b2a9 - - default default] 10.0.0.170 "POST /v2.0/security-group-rules HTTP/1.1" status: 201 len: 766 time: 0.1750226
2026-07-01 08:37:42.431 10 INFO neutron.db.ovn_revision_numbers_db [None req-a02aa749-c717-4bde-b871-a00cfc20c926 275305560ff2488aa0068b872cabd664 70f7ffc7c4e345cd9129a4b9282b0f5f - - default default] Successfully bumped revision number for resource 18e252dc-319d-4fc4-b490-27e18a8eaa15 (type: security_groups) to 1
2026-07-01 08:37:42.444 10 INFO neutron.db.ovn_revision_numbers_db [None req-a02aa749-c717-4bde-b871-a00cfc20c926 275305560ff2488aa0068b872cabd664 70f7ffc7c4e345cd9129a4b9282b0f5f - - default default] Successfully bumped revision number for resource 14a965e2-c811-40aa-b5b3-d0a9f1925902 (type: security_group_rules) to 0
2026-07-01 08:37:42.457 10 INFO neutron.db.ovn_revision_numbers_db [None req-a02aa749-c717-4bde-b871-a00cfc20c926 275305560ff2488aa0068b872cabd664 70f7ffc7c4e345cd9129a4b9282b0f5f - - default default] Successfully bumped revision number for resource 281ebb81-1b60-4994-aeb4-f58beffe2893 (type: security_group_rules) to 0
2026-07-01 08:37:42.472 10 INFO neutron.db.ovn_revision_numbers_db [None req-a02aa749-c717-4bde-b871-a00cfc20c926 275305560ff2488aa0068b872cabd664 70f7ffc7c4e345cd9129a4b9282b0f5f - - default default] Successfully bumped revision number for resource 3c942323-f6ea-4d8b-9a8e-fa116045fbdf (type: security_group_rules) to 0
2026-07-01 08:37:42.486 10 INFO neutron.db.ovn_revision_numbers_db [None req-a02aa749-c717-4bde-b871-a00cfc20c926 275305560ff2488aa0068b872cabd664 70f7ffc7c4e345cd9129a4b9282b0f5f - - default default] Successfully bumped revision number for resource 970dc171-fd80-476e-885c-ddc94166db29 (type: security_group_rules) to 0
2026-07-01 08:37:42.510 10 INFO neutron.wsgi [None req-a02aa749-c717-4bde-b871-a00cfc20c926 275305560ff2488aa0068b872cabd664 70f7ffc7c4e345cd9129a4b9282b0f5f - - default default] 10.0.0.170 "GET /v2.0/security-groups?tenant_id=0dca404fb70d4241bcb9b909f0fa40ec&name=default HTTP/1.1" status: 200 len: 2996 time: 0.3436823
2026-07-01 08:37:42.611 9 INFO neutron.services.segments.plugin [-] Segment 6b1654e8-4a0c-48ba-8c65-2c74f82de62c resource provider aggregate not found
2026-07-01 08:37:42.621 9 INFO neutron.services.segments.plugin [-] Segment 6b1654e8-4a0c-48ba-8c65-2c74f82de62c resource provider aggregate not found
2026-07-01 08:37:42.643 9 INFO neutron.services.segments.plugin [-] Segment 6b1654e8-4a0c-48ba-8c65-2c74f82de62c resource provider not found; error: Placement Client Error (4xx): {"errors": [{"status": 404, "title": "Not Found", "detail": "The resource could not be found.\n\n No resource provider with uuid 6b1654e8-4a0c-48ba-8c65-2c74f82de62c found for delete ", "request_id": "req-39d4a28b-3199-4d31-8c46-6f64935af0b8"}]}
2026-07-01 08:37:42.645 9 INFO neutron.db.ovn_revision_numbers_db [None req-59e5abee-e01a-4159-bb64-94c11a8ec980 de1cfe1f5adf48c18c52a0cc98359758 ff7fd8c1d7ad44609fd883396b00b2a9 - - default default] Successfully bumped revision number for resource f0bd49e0-9603-49a1-b517-9fe8a3421bb5 (type: security_group_rules) to 0
2026-07-01 08:37:42.649 9 INFO neutron.services.segments.plugin [-] Segment 6b1654e8-4a0c-48ba-8c65-2c74f82de62c resource provider not found; error: Placement Client Error (4xx): {"errors": [{"status": 404, "title": "Not Found", "detail": "The resource could not be found.\n\n No resource provider with uuid 6b1654e8-4a0c-48ba-8c65-2c74f82de62c found for delete ", "request_id": "req-413bfe9e-942c-4064-807c-0cd256f8a3b6"}]}
2026-07-01 08:37:42.667 10 WARNING neutron.plugins.ml2.drivers.ovn.mech_driver.ovsdb.ovn_client [None req-082ab5e4-522b-4889-97e6-daa04ebc9f95 - - - - - -] No hosting information found for port 3bfde81d-9d5c-4e1c-80cb-f57739cefdcc: RuntimeError: No hosting information found for port 3bfde81d-9d5c-4e1c-80cb-f57739cefdcc
2026-07-01 08:37:42.675 9 INFO neutron.db.ovn_revision_numbers_db [None req-c5678fc9-fe20-4be7-8cee-ec7cff52ba72 275305560ff2488aa0068b872cabd664 70f7ffc7c4e345cd9129a4b9282b0f5f - - default default] Successfully bumped revision number for resource 0586363f-c73b-4b23-9f64-ac8e75b3da2c (type: security_groups) to 1
2026-07-01 08:37:42.680 9 INFO neutron.wsgi [None req-59e5abee-e01a-4159-bb64-94c11a8ec980 de1cfe1f5adf48c18c52a0cc98359758 ff7fd8c1d7ad44609fd883396b00b2a9 - - default default] 10.0.0.170 "POST /v2.0/security-group-rules HTTP/1.1" status: 201 len: 768 time: 0.2580187
2026-07-01 08:37:42.698 9 INFO neutron.db.ovn_revision_numbers_db [None req-c5678fc9-fe20-4be7-8cee-ec7cff52ba72 275305560ff2488aa0068b872cabd664 70f7ffc7c4e345cd9129a4b9282b0f5f - - default default] Successfully bumped revision number for resource 6d8f5a7b-ea46-4f71-ae56-051d9387f953 (type: security_group_rules) to 0
2026-07-01 08:37:42.712 9 INFO neutron.db.ovn_revision_numbers_db [None req-c5678fc9-fe20-4be7-8cee-ec7cff52ba72 275305560ff2488aa0068b872cabd664 70f7ffc7c4e345cd9129a4b9282b0f5f - - default default] Successfully bumped revision number for resource 8fc3835d-ca3f-447e-aa41-99c733fd0ddb (type: security_group_rules) to 0
2026-07-01 08:37:42.729 9 INFO neutron.db.ovn_revision_numbers_db [None req-c5678fc9-fe20-4be7-8cee-ec7cff52ba72 275305560ff2488aa0068b872cabd664 70f7ffc7c4e345cd9129a4b9282b0f5f - - default default] Successfully bumped revision number for resource a74136ce-519b-4fb3-a71c-923c91b1aaf1 (type: security_group_rules) to 0
2026-07-01 08:37:42.744 9 INFO neutron.db.ovn_revision_numbers_db [None req-c5678fc9-fe20-4be7-8cee-ec7cff52ba72 275305560ff2488aa0068b872cabd664 70f7ffc7c4e345cd9129a4b9282b0f5f - - default default] Successfully bumped revision number for resource bf7056dc-2815-4c3c-8942-fa6d79f47997 (type: security_group_rules) to 0
2026-07-01 08:37:42.771 10 INFO neutron.wsgi [None req-6ccee2e8-6c2d-410a-b4d7-e0fd6f8763da 275305560ff2488aa0068b872cabd664 70f7ffc7c4e345cd9129a4b9282b0f5f - - default default] 10.0.0.170 "DELETE /v2.0/security-groups/18e252dc-319d-4fc4-b490-27e18a8eaa15 HTTP/1.1" status: 204 len: 168 time: 0.2567172
2026-07-01 08:37:42.797 9 INFO neutron.db.segments_db [None req-c5678fc9-fe20-4be7-8cee-ec7cff52ba72 275305560ff2488aa0068b872cabd664 70f7ffc7c4e345cd9129a4b9282b0f5f - - default default] Added segment 2caf3244-2670-4368-b520-627907da20c1 of type geneve for network 4ade676d-42e4-496e-87a5-9a6daf1361ad
2026-07-01 08:37:42.815 10 INFO neutron.db.ovn_revision_numbers_db [None req-9dd007ef-bbbb-4ab5-96ea-69a765a1fb14 de1cfe1f5adf48c18c52a0cc98359758 ff7fd8c1d7ad44609fd883396b00b2a9 - - default default] Successfully bumped revision number for resource 0a42d4cc-5f2d-4d6e-890f-06af3c4846d8 (type: security_group_rules) to 0
2026-07-01 08:37:42.837 10 INFO neutron.wsgi [None req-9dd007ef-bbbb-4ab5-96ea-69a765a1fb14 de1cfe1f5adf48c18c52a0cc98359758 ff7fd8c1d7ad44609fd883396b00b2a9 - - default default] 10.0.0.170 "POST /v2.0/security-group-rules HTTP/1.1" status: 201 len: 764 time: 0.1518140
2026-07-01 08:37:42.901 10 INFO neutron.wsgi [None req-2650d8cb-dead-48ce-ad34-8067934eb47a 275305560ff2488aa0068b872cabd664 70f7ffc7c4e345cd9129a4b9282b0f5f - - default default] 10.0.0.170 "GET /v2.0/security-groups?tenant_id=6b3c3d82f4da41e7948cbf779b237f7e&name=default HTTP/1.1" status: 200 len: 2996 time: 0.0327017
2026-07-01 08:37:42.925 9 INFO neutron.db.ovn_revision_numbers_db [None req-c5678fc9-fe20-4be7-8cee-ec7cff52ba72 275305560ff2488aa0068b872cabd664 70f7ffc7c4e345cd9129a4b9282b0f5f - - default default] Successfully bumped revision number for resource 4ade676d-42e4-496e-87a5-9a6daf1361ad (type: networks) to 1
2026-07-01 08:37:43.097 10 INFO neutron.wsgi [req-081cc7f4-a964-4ae6-928b-2dd36a5f48ea req-369addd5-3c17-420f-8e08-b904627368db de1cfe1f5adf48c18c52a0cc98359758 ff7fd8c1d7ad44609fd883396b00b2a9 - - default default] 10.0.0.93 "GET /v2.0/security-groups?name=tempest-lb_member_SG-1582796016&fields=id&tenant_id=ff7fd8c1d7ad44609fd883396b00b2a9 HTTP/1.1" status: 200 len: 267 time: 0.0410850
2026-07-01 08:37:43.101 9 WARNING neutron.scheduler.dhcp_agent_scheduler [None req-c5678fc9-fe20-4be7-8cee-ec7cff52ba72 275305560ff2488aa0068b872cabd664 70f7ffc7c4e345cd9129a4b9282b0f5f - - default default] No more DHCP agents
2026-07-01 08:37:43.103 9 WARNING neutron.api.rpc.agentnotifiers.dhcp_rpc_agent_api [None req-c5678fc9-fe20-4be7-8cee-ec7cff52ba72 275305560ff2488aa0068b872cabd664 70f7ffc7c4e345cd9129a4b9282b0f5f - - default default] Unable to schedule network 4ade676d-42e4-496e-87a5-9a6daf1361ad: no agents available; will retry on subsequent port and subnet creation events.
2026-07-01 08:37:43.111 10 INFO neutron.wsgi [None req-71ae0780-4a69-42e1-a56d-922ef5d4011e 275305560ff2488aa0068b872cabd664 70f7ffc7c4e345cd9129a4b9282b0f5f - - default default] 10.0.0.170 "DELETE /v2.0/security-groups/bb64a0fa-a690-46c9-827d-45f3589c516c HTTP/1.1" status: 204 len: 168 time: 0.2067909
2026-07-01 08:37:43.184 10 INFO neutron.wsgi [req-081cc7f4-a964-4ae6-928b-2dd36a5f48ea req-48a9c063-70c6-4653-8310-6785b946d65f de1cfe1f5adf48c18c52a0cc98359758 ff7fd8c1d7ad44609fd883396b00b2a9 - - default default] 10.0.0.93 "GET /v2.0/networks?id=8823a79f-b599-4c16-b221-a3001f7e1351 HTTP/1.1" status: 200 len: 904 time: 0.0775292
2026-07-01 08:37:43.184 9 INFO neutron.db.ovn_revision_numbers_db [None req-c5678fc9-fe20-4be7-8cee-ec7cff52ba72 275305560ff2488aa0068b872cabd664 70f7ffc7c4e345cd9129a4b9282b0f5f - - default default] Successfully bumped revision number for resource f3476133-5150-415f-a717-38ab0dd70420 (type: ports) to 1
2026-07-01 08:37:43.200 10 INFO neutron.wsgi [req-081cc7f4-a964-4ae6-928b-2dd36a5f48ea req-9d605b1d-a62e-4c91-8da5-261c3a7f665e de1cfe1f5adf48c18c52a0cc98359758 ff7fd8c1d7ad44609fd883396b00b2a9 - - default default] 10.0.0.93 "GET /v2.0/quotas/ff7fd8c1d7ad44609fd883396b00b2a9 HTTP/1.1" status: 200 len: 386 time: 0.0100076
2026-07-01 08:37:43.214 9 INFO neutron.wsgi [None req-c5678fc9-fe20-4be7-8cee-ec7cff52ba72 275305560ff2488aa0068b872cabd664 70f7ffc7c4e345cd9129a4b9282b0f5f - - default default] 10.0.0.170 "POST /v2.0/networks HTTP/1.1" status: 201 len: 942 time: 0.7986400
2026-07-01 08:37:43.376 10 INFO neutron.wsgi [req-081cc7f4-a964-4ae6-928b-2dd36a5f48ea req-52c85984-6008-4624-b5c6-c435b48507e8 de1cfe1f5adf48c18c52a0cc98359758 ff7fd8c1d7ad44609fd883396b00b2a9 - - default default] 10.0.0.93 "GET /v2.0/ports?tenant_id=ff7fd8c1d7ad44609fd883396b00b2a9&fields=id HTTP/1.1" status: 200 len: 486 time: 0.1705534
2026-07-01 08:37:43.398 9 WARNING neutron.scheduler.dhcp_agent_scheduler [None req-810063f1-9891-4880-8991-8d8aaa04e2ce 275305560ff2488aa0068b872cabd664 70f7ffc7c4e345cd9129a4b9282b0f5f - - default default] No more DHCP agents
2026-07-01 08:37:43.400 9 INFO neutron.db.ovn_revision_numbers_db [None req-79a8c326-1423-432d-90e1-f2911866759b 275305560ff2488aa0068b872cabd664 70f7ffc7c4e345cd9129a4b9282b0f5f - - default default] Successfully bumped revision number for resource 44038861-7aa3-4dbe-b890-d1850161cc20 (type: security_groups) to 1
2026-07-01 08:37:43.402 9 WARNING neutron.api.rpc.agentnotifiers.dhcp_rpc_agent_api [None req-810063f1-9891-4880-8991-8d8aaa04e2ce 275305560ff2488aa0068b872cabd664 70f7ffc7c4e345cd9129a4b9282b0f5f - - default default] Unable to schedule network 4ade676d-42e4-496e-87a5-9a6daf1361ad: no agents available; will retry on subsequent port and subnet creation events.
