2026-06-18 16:28:37.141 9 INFO neutron.wsgi [None req-4a0575d0-1dbe-44fc-9ccc-4fcd15b2536f 1a7579f1968d4b94adea2a3f5c5662f4 ac7784256f2b4d08b307a7517c1cbc8c - - default default] 10.0.0.238 "GET /v2.0/security-groups HTTP/1.1" status: 200 len: 22363 time: 0.0990951
2026-06-18 16:28:37.144 10 INFO neutron.wsgi [None req-3c158d2f-5b1c-4a58-888d-70481afa1f26 e415823ed35945f89276fb6bf7d8bfb3 af42204394be47e0a8feb2114b9c0337 - - default default] 10.0.0.138 "GET /v2.0/networks?not-tags=red HTTP/1.1" status: 200 len: 2068 time: 0.1331878
2026-06-18 16:28:37.249 9 INFO neutron.wsgi [None req-6d508356-5d68-4358-ba31-bc22385b645f 1a7579f1968d4b94adea2a3f5c5662f4 ac7784256f2b4d08b307a7517c1cbc8c - - - -] 10.0.0.138 "DELETE /v2.0/security-groups/8927a745-b357-4dbc-808e-616efd17ffcf HTTP/1.1" status: 204 len: 168 time: 0.2510388
2026-06-18 16:28:37.283 10 INFO neutron.wsgi [None req-224666b3-2fa8-48c6-be59-5149c4b48c2d e415823ed35945f89276fb6bf7d8bfb3 af42204394be47e0a8feb2114b9c0337 - - default default] 10.0.0.138 "GET /v2.0/networks?not-tags=red%2Cblue HTTP/1.1" status: 200 len: 2680 time: 0.1342287
2026-06-18 16:28:37.421 10 INFO neutron.wsgi [None req-37d41e4d-82c7-4bde-a08a-b1081d518cbe e415823ed35945f89276fb6bf7d8bfb3 af42204394be47e0a8feb2114b9c0337 - - default default] 10.0.0.138 "GET /v2.0/networks?not-tags-any=blue HTTP/1.1" status: 200 len: 2680 time: 0.1314330
2026-06-18 16:28:37.505 10 INFO neutron.wsgi [None req-2fe6f584-cc9d-474c-9d5f-23916d079b13 e415823ed35945f89276fb6bf7d8bfb3 af42204394be47e0a8feb2114b9c0337 - - default default] 10.0.0.138 "GET /v2.0/networks?not-tags-any=red%2Cblue HTTP/1.1" status: 200 len: 2068 time: 0.0783761
2026-06-18 16:28:37.896 10 INFO neutron.services.segments.plugin [-] Segment 1356844f-5b23-4782-b222-535c7fc09b9f resource provider aggregate not found
2026-06-18 16:28:37.903 10 INFO neutron.services.segments.plugin [-] Segment 1356844f-5b23-4782-b222-535c7fc09b9f resource provider aggregate not found
2026-06-18 16:28:37.923 10 INFO neutron.services.segments.plugin [-] Segment 1356844f-5b23-4782-b222-535c7fc09b9f resource provider not found; error: Placement Client Error (4xx): {"errors": [{"status": 404, "title": "Not Found", "detail": "The resource could not be found.\n\n No resource provider with uuid 1356844f-5b23-4782-b222-535c7fc09b9f found for delete ", "request_id": "req-c6a32eeb-e32d-43f3-89dc-e1c940a2acd7"}]}
2026-06-18 16:28:37.937 10 INFO neutron.services.segments.plugin [-] Segment 1356844f-5b23-4782-b222-535c7fc09b9f resource provider not found; error: Placement Client Error (4xx): {"errors": [{"status": 404, "title": "Not Found", "detail": "The resource could not be found.\n\n No resource provider with uuid 1356844f-5b23-4782-b222-535c7fc09b9f found for delete ", "request_id": "req-c8037b34-882d-402e-950b-854b555371f3"}]}
2026-06-18 16:28:37.962 10 INFO neutron.wsgi [None req-84de8aeb-e448-4ba5-b891-87838f37131d e415823ed35945f89276fb6bf7d8bfb3 af42204394be47e0a8feb2114b9c0337 - - - -] 10.0.0.138 "DELETE /v2.0/networks/632a5903-a15a-4a4e-8756-042a20268706 HTTP/1.1" status: 204 len: 168 time: 0.4511094
2026-06-18 16:28:38.206 9 INFO neutron.db.ovn_revision_numbers_db [None req-00307384-1d29-450d-837f-8b24913af6c0 c9a4b8853f3743a89b6ce1c55d4fb9ce e2adaf84933a41b09ed10104cb91dc0e - - - -] Successfully bumped revision number for resource 0ab6eabd-218f-4b17-bb01-2f7c7c252cc0 (type: security_groups) to 1
2026-06-18 16:28:38.251 10 INFO neutron.db.ovn_revision_numbers_db [None req-1cd63fa0-a249-49cd-8871-47ae64304113 1a7579f1968d4b94adea2a3f5c5662f4 ac7784256f2b4d08b307a7517c1cbc8c - - - -] Successfully bumped revision number for resource f5d541ed-634a-47ec-96ed-b0b98efd6999 (type: security_groups) to 1
2026-06-18 16:28:38.257 9 INFO neutron.db.segments_db [None req-00307384-1d29-450d-837f-8b24913af6c0 c9a4b8853f3743a89b6ce1c55d4fb9ce e2adaf84933a41b09ed10104cb91dc0e - - - -] Added segment b6cadf1e-b0cf-462d-b797-a7ec5c6cf7bd of type geneve for network 81e554be-f47d-45c0-8756-dc4a58d09d8f
2026-06-18 16:28:38.307 10 INFO neutron.db.segments_db [None req-1cd63fa0-a249-49cd-8871-47ae64304113 1a7579f1968d4b94adea2a3f5c5662f4 ac7784256f2b4d08b307a7517c1cbc8c - - - -] Added segment f380d6bf-9217-4ecf-983c-cfc7339fd680 of type geneve for network 37505910-4485-460b-b334-d868346e971e
2026-06-18 16:28:38.426 9 INFO neutron.db.ovn_revision_numbers_db [None req-00307384-1d29-450d-837f-8b24913af6c0 c9a4b8853f3743a89b6ce1c55d4fb9ce e2adaf84933a41b09ed10104cb91dc0e - - - -] Successfully bumped revision number for resource 81e554be-f47d-45c0-8756-dc4a58d09d8f (type: networks) to 1
2026-06-18 16:28:38.434 10 INFO neutron.db.ovn_revision_numbers_db [None req-1cd63fa0-a249-49cd-8871-47ae64304113 1a7579f1968d4b94adea2a3f5c5662f4 ac7784256f2b4d08b307a7517c1cbc8c - - - -] Successfully bumped revision number for resource 37505910-4485-460b-b334-d868346e971e (type: networks) to 1
2026-06-18 16:28:38.459 9 INFO neutron.services.segments.plugin [-] Segment 9594e6b6-c982-4786-91c0-c58dddbd08d4 resource provider aggregate not found
2026-06-18 16:28:38.482 9 INFO neutron.services.segments.plugin [-] Segment 9594e6b6-c982-4786-91c0-c58dddbd08d4 resource provider aggregate not found
2026-06-18 16:28:38.486 9 INFO neutron.services.segments.plugin [-] Segment 9594e6b6-c982-4786-91c0-c58dddbd08d4 resource provider not found; error: Placement Client Error (4xx): {"errors": [{"status": 404, "title": "Not Found", "detail": "The resource could not be found.\n\n No resource provider with uuid 9594e6b6-c982-4786-91c0-c58dddbd08d4 found for delete ", "request_id": "req-74ce3c91-c5cc-434d-a5fe-ab7c064bb91e"}]}
2026-06-18 16:28:38.500 9 INFO neutron.services.segments.plugin [-] Segment 9594e6b6-c982-4786-91c0-c58dddbd08d4 resource provider not found; error: Placement Client Error (4xx): {"errors": [{"status": 404, "title": "Not Found", "detail": "The resource could not be found.\n\n No resource provider with uuid 9594e6b6-c982-4786-91c0-c58dddbd08d4 found for delete ", "request_id": "req-347c0fad-a82f-4af9-b461-10de42b6c94b"}]}
2026-06-18 16:28:38.528 9 INFO neutron.wsgi [None req-fabfe979-a987-4e29-965e-631d213ecffc e415823ed35945f89276fb6bf7d8bfb3 af42204394be47e0a8feb2114b9c0337 - - - -] 10.0.0.138 "DELETE /v2.0/networks/98cfd3ef-7e19-452e-b678-4362f7652ee0 HTTP/1.1" status: 204 len: 168 time: 0.5612159
2026-06-18 16:28:38.643 9 WARNING neutron.scheduler.dhcp_agent_scheduler [None req-00307384-1d29-450d-837f-8b24913af6c0 c9a4b8853f3743a89b6ce1c55d4fb9ce e2adaf84933a41b09ed10104cb91dc0e - - - -] No more DHCP agents
2026-06-18 16:28:38.645 9 WARNING neutron.api.rpc.agentnotifiers.dhcp_rpc_agent_api [None req-00307384-1d29-450d-837f-8b24913af6c0 c9a4b8853f3743a89b6ce1c55d4fb9ce e2adaf84933a41b09ed10104cb91dc0e - - - -] Unable to schedule network 81e554be-f47d-45c0-8756-dc4a58d09d8f: no agents available; will retry on subsequent port and subnet creation events.
2026-06-18 16:28:38.655 10 WARNING neutron.scheduler.dhcp_agent_scheduler [None req-1cd63fa0-a249-49cd-8871-47ae64304113 1a7579f1968d4b94adea2a3f5c5662f4 ac7784256f2b4d08b307a7517c1cbc8c - - - -] No more DHCP agents
2026-06-18 16:28:38.661 10 WARNING neutron.api.rpc.agentnotifiers.dhcp_rpc_agent_api [None req-1cd63fa0-a249-49cd-8871-47ae64304113 1a7579f1968d4b94adea2a3f5c5662f4 ac7784256f2b4d08b307a7517c1cbc8c - - - -] Unable to schedule network 37505910-4485-460b-b334-d868346e971e: no agents available; will retry on subsequent port and subnet creation events.
2026-06-18 16:28:38.706 9 INFO neutron.db.ovn_revision_numbers_db [None req-00307384-1d29-450d-837f-8b24913af6c0 c9a4b8853f3743a89b6ce1c55d4fb9ce e2adaf84933a41b09ed10104cb91dc0e - - - -] Successfully bumped revision number for resource 1f6a03b6-c273-4b93-9fca-1a3bcfbeb636 (type: ports) to 1
2026-06-18 16:28:38.728 9 INFO neutron.wsgi [None req-00307384-1d29-450d-837f-8b24913af6c0 c9a4b8853f3743a89b6ce1c55d4fb9ce e2adaf84933a41b09ed10104cb91dc0e - - - -] 10.0.0.138 "POST /v2.0/networks HTTP/1.1" status: 201 len: 848 time: 0.8882191
2026-06-18 16:28:38.755 10 INFO neutron.db.ovn_revision_numbers_db [None req-1cd63fa0-a249-49cd-8871-47ae64304113 1a7579f1968d4b94adea2a3f5c5662f4 ac7784256f2b4d08b307a7517c1cbc8c - - - -] Successfully bumped revision number for resource 76f2dba5-457f-44b3-af60-ac6decf8ffaf (type: ports) to 1
2026-06-18 16:28:38.803 10 INFO neutron.wsgi [None req-1cd63fa0-a249-49cd-8871-47ae64304113 1a7579f1968d4b94adea2a3f5c5662f4 ac7784256f2b4d08b307a7517c1cbc8c - - - -] 10.0.0.138 "POST /v2.0/networks HTTP/1.1" status: 201 len: 943 time: 0.7307544
2026-06-18 16:28:39.031 9 INFO neutron.wsgi [-] 10.0.0.138 "GET / HTTP/1.1" status: 200 len: 279 time: 0.0015600
2026-06-18 16:28:39.051 10 WARNING neutron.scheduler.dhcp_agent_scheduler [None req-99457037-f45f-441d-af57-dc16abf7d00e 1a7579f1968d4b94adea2a3f5c5662f4 ac7784256f2b4d08b307a7517c1cbc8c - - - -] No more DHCP agents
2026-06-18 16:28:39.053 10 WARNING neutron.api.rpc.agentnotifiers.dhcp_rpc_agent_api [None req-99457037-f45f-441d-af57-dc16abf7d00e 1a7579f1968d4b94adea2a3f5c5662f4 ac7784256f2b4d08b307a7517c1cbc8c - - - -] Unable to schedule network 37505910-4485-460b-b334-d868346e971e: no agents available; will retry on subsequent port and subnet creation events.
2026-06-18 16:28:39.061 9 WARNING neutron.scheduler.dhcp_agent_scheduler [None req-1e4ecae2-bb33-4837-a42a-4dbbd5fb70d3 c9a4b8853f3743a89b6ce1c55d4fb9ce e2adaf84933a41b09ed10104cb91dc0e - - - -] No more DHCP agents
2026-06-18 16:28:39.063 9 WARNING neutron.api.rpc.agentnotifiers.dhcp_rpc_agent_api [None req-1e4ecae2-bb33-4837-a42a-4dbbd5fb70d3 c9a4b8853f3743a89b6ce1c55d4fb9ce e2adaf84933a41b09ed10104cb91dc0e - - - -] Unable to schedule network 81e554be-f47d-45c0-8756-dc4a58d09d8f: no agents available; will retry on subsequent port and subnet creation events.
2026-06-18 16:28:39.077 9 INFO neutron.db.ovn_revision_numbers_db [None req-1e4ecae2-bb33-4837-a42a-4dbbd5fb70d3 c9a4b8853f3743a89b6ce1c55d4fb9ce e2adaf84933a41b09ed10104cb91dc0e - - - -] Successfully bumped revision number for resource c5f363b5-ff73-4e72-ba4d-84a21291a181 (type: subnets) to 0
2026-06-18 16:28:39.100 9 INFO neutron.wsgi [None req-1e4ecae2-bb33-4837-a42a-4dbbd5fb70d3 c9a4b8853f3743a89b6ce1c55d4fb9ce e2adaf84933a41b09ed10104cb91dc0e - - - -] 10.0.0.138 "POST /v2.0/subnets HTTP/1.1" status: 201 len: 802 time: 0.3660791
2026-06-18 16:28:39.146 10 INFO neutron.wsgi [None req-bee83d6b-8fcb-4d76-a58b-02a0ff8107d1 e415823ed35945f89276fb6bf7d8bfb3 af42204394be47e0a8feb2114b9c0337 - - - -] 10.0.0.138 "DELETE /v2.0/networks/3c5e8070-6076-4f3a-ab9b-1a7147bb118f HTTP/1.1" status: 204 len: 168 time: 0.6122446
2026-06-18 16:28:39.227 9 INFO neutron.wsgi [None req-44f1d97a-943b-4614-8ea0-311d86524b24 0db9b46e5c9d483fab27ebcfdc69e2db be14d14c746c4e4fb924dfba247cf884 - - default default] 10.0.0.138 "GET /v2.0/ HTTP/1.1" status: 200 len: 826 time: 0.1919930
2026-06-18 16:28:39.639 9 WARNING neutron.scheduler.dhcp_agent_scheduler [None req-bd37b66d-8bdc-4a4d-a2ea-8a36e3d23762 c9a4b8853f3743a89b6ce1c55d4fb9ce e2adaf84933a41b09ed10104cb91dc0e - - - -] No more DHCP agents
2026-06-18 16:28:39.640 9 WARNING neutron.api.rpc.agentnotifiers.dhcp_rpc_agent_api [None req-bd37b66d-8bdc-4a4d-a2ea-8a36e3d23762 c9a4b8853f3743a89b6ce1c55d4fb9ce e2adaf84933a41b09ed10104cb91dc0e - - - -] Unable to schedule network 76aa89d5-b2c9-4704-a82b-d82dba299687: no agents available; will retry on subsequent port and subnet creation events.
2026-06-18 16:28:39.795 9 INFO neutron.db.ovn_revision_numbers_db [None req-bd37b66d-8bdc-4a4d-a2ea-8a36e3d23762 c9a4b8853f3743a89b6ce1c55d4fb9ce e2adaf84933a41b09ed10104cb91dc0e - - - -] Successfully bumped revision number for resource ad20a5c6-8330-4b9a-95e4-b8eeececf19f (type: ports) to 1
2026-06-18 16:28:39.919 10 INFO neutron.wsgi [None req-d544d4ad-e208-4e78-b37c-2eb988093b6f e415823ed35945f89276fb6bf7d8bfb3 af42204394be47e0a8feb2114b9c0337 - - - -] 10.0.0.138 "DELETE /v2.0/networks/a9d5eae1-1dfe-49c0-ae71-6efe493507bb HTTP/1.1" status: 204 len: 168 time: 0.7564080
2026-06-18 16:28:39.920 10 INFO neutron.db.ovn_revision_numbers_db [None req-99457037-f45f-441d-af57-dc16abf7d00e 1a7579f1968d4b94adea2a3f5c5662f4 ac7784256f2b4d08b307a7517c1cbc8c - - - -] Successfully bumped revision number for resource 76f2dba5-457f-44b3-af60-ac6decf8ffaf (type: ports) to 2
2026-06-18 16:28:39.946 10 INFO neutron.services.segments.plugin [-] Segment 4f8c0660-c35f-46de-b541-aa49346e7678 resource provider aggregate not found
2026-06-18 16:28:39.966 10 INFO neutron.services.segments.plugin [-] Segment 4f8c0660-c35f-46de-b541-aa49346e7678 resource provider not found; error: Placement Client Error (4xx): {"errors": [{"status": 404, "title": "Not Found", "detail": "The resource could not be found.\n\n No resource provider with uuid 4f8c0660-c35f-46de-b541-aa49346e7678 found for delete ", "request_id": "req-bebe30f6-10a3-400d-8b38-c0abc8164ac6"}]}
2026-06-18 16:28:39.971 10 INFO neutron.services.segments.plugin [-] Segment 4f8c0660-c35f-46de-b541-aa49346e7678 resource provider aggregate not found
2026-06-18 16:28:39.976 10 INFO neutron.db.ovn_revision_numbers_db [None req-99457037-f45f-441d-af57-dc16abf7d00e 1a7579f1968d4b94adea2a3f5c5662f4 ac7784256f2b4d08b307a7517c1cbc8c - - - -] Successfully bumped revision number for resource df2d8ba3-c592-4e85-8b87-582b3bb26b71 (type: subnets) to 0
2026-06-18 16:28:39.998 10 INFO neutron.services.segments.plugin [-] Segment 4f8c0660-c35f-46de-b541-aa49346e7678 resource provider not found; error: Placement Client Error (4xx): {"errors": [{"status": 404, "title": "Not Found", "detail": "The resource could not be found.\n\n No resource provider with uuid 4f8c0660-c35f-46de-b541-aa49346e7678 found for delete ", "request_id": "req-fa342e87-51cd-4bc4-968e-a898c90f9118"}]}
2026-06-18 16:28:40.003 10 INFO neutron.services.segments.plugin [-] Segment 5e30cf6e-8065-4108-af21-da502103d26f resource provider aggregate not found
2026-06-18 16:28:40.026 10 INFO neutron.wsgi [None req-99457037-f45f-441d-af57-dc16abf7d00e 1a7579f1968d4b94adea2a3f5c5662f4 ac7784256f2b4d08b307a7517c1cbc8c - - - -] 10.0.0.138 "POST /v2.0/subnets HTTP/1.1" status: 201 len: 863 time: 1.2174187
2026-06-18 16:28:40.028 10 INFO neutron.services.segments.plugin [-] Segment 5e30cf6e-8065-4108-af21-da502103d26f resource provider not found; error: Placement Client Error (4xx): {"errors": [{"status": 404, "title": "Not Found", "detail": "The resource could not be found.\n\n No resource provider with uuid 5e30cf6e-8065-4108-af21-da502103d26f found for delete ", "request_id": "req-f0279fe5-962b-4c69-a798-3bfd124258b6"}]}
2026-06-18 16:28:40.033 10 INFO neutron.services.segments.plugin [-] Segment 5e30cf6e-8065-4108-af21-da502103d26f resource provider aggregate not found
2026-06-18 16:28:40.052 10 INFO neutron.services.segments.plugin [-] Segment 5e30cf6e-8065-4108-af21-da502103d26f resource provider not found; error: Placement Client Error (4xx): {"errors": [{"status": 404, "title": "Not Found", "detail": "The resource could not be found.\n\n No resource provider with uuid 5e30cf6e-8065-4108-af21-da502103d26f found for delete ", "request_id": "req-287daf60-11a7-48a9-8bbf-8991efabff85"}]}
2026-06-18 16:28:40.113 9 INFO neutron.db.ovn_revision_numbers_db [None req-093d28a2-cc45-4638-8924-32a53d348883 1a7579f1968d4b94adea2a3f5c5662f4 ac7784256f2b4d08b307a7517c1cbc8c - - default default] Successfully bumped revision number for resource 87afb204-5494-43dd-bee9-282c882d945d (type: security_groups) to 1
2026-06-18 16:28:40.153 9 INFO neutron.wsgi [None req-093d28a2-cc45-4638-8924-32a53d348883 1a7579f1968d4b94adea2a3f5c5662f4 ac7784256f2b4d08b307a7517c1cbc8c - - default default] 10.0.0.138 "GET /v2.0/security-groups?tenant_id=be14d14c746c4e4fb924dfba247cf884&name=default HTTP/1.1" status: 200 len: 2996 time: 0.3768394
2026-06-18 16:28:40.481 9 INFO neutron.wsgi [None req-d3df4345-8fdf-4b89-8888-5e3da706a584 1a7579f1968d4b94adea2a3f5c5662f4 ac7784256f2b4d08b307a7517c1cbc8c - - - -] 10.0.0.138 "DELETE /v2.0/security-groups/87afb204-5494-43dd-bee9-282c882d945d HTTP/1.1" status: 204 len: 168 time: 0.3231716
2026-06-18 16:28:40.546 9 INFO neutron.plugins.ml2.drivers.ovn.mech_driver.mech_driver [None req-ae9029ba-6d85-4ed1-a594-03b511ad510c - - - - - -] OVN reports status up for port: ad20a5c6-8330-4b9a-95e4-b8eeececf19f
2026-06-18 16:28:40.553 9 INFO neutron.plugins.ml2.plugin [None req-ae9029ba-6d85-4ed1-a594-03b511ad510c - - - - - -] Attempt 1 to provision port ad20a5c6-8330-4b9a-95e4-b8eeececf19f
2026-06-18 16:28:40.555 9 INFO neutron.db.ovn_revision_numbers_db [None req-bd37b66d-8bdc-4a4d-a2ea-8a36e3d23762 c9a4b8853f3743a89b6ce1c55d4fb9ce e2adaf84933a41b09ed10104cb91dc0e - - - -] Successfully bumped revision number for resource ad20a5c6-8330-4b9a-95e4-b8eeececf19f (type: router_ports) to 1
2026-06-18 16:28:40.654 10 INFO neutron.wsgi [None req-52daf8ac-cfb9-4357-9403-6bf060d76f88 e415823ed35945f89276fb6bf7d8bfb3 af42204394be47e0a8feb2114b9c0337 - - - -] 10.0.0.138 "DELETE /v2.0/networks/e7941261-94d7-486d-a82a-d5fe132c8feb HTTP/1.1" status: 204 len: 168 time: 0.7210388
2026-06-18 16:28:40.749 10 WARNING neutron.scheduler.dhcp_agent_scheduler [None req-bff6b78f-d5b6-4dcd-a78d-ece1b464bcb5 1a7579f1968d4b94adea2a3f5c5662f4 ac7784256f2b4d08b307a7517c1cbc8c - - - -] No more DHCP agents
2026-06-18 16:28:40.753 10 WARNING neutron.api.rpc.agentnotifiers.dhcp_rpc_agent_api [None req-bff6b78f-d5b6-4dcd-a78d-ece1b464bcb5 1a7579f1968d4b94adea2a3f5c5662f4 ac7784256f2b4d08b307a7517c1cbc8c - - - -] Unable to schedule network 76aa89d5-b2c9-4704-a82b-d82dba299687: no agents available; will retry on subsequent port and subnet creation events.
2026-06-18 16:28:40.915 10 INFO neutron.db.ovn_revision_numbers_db [None req-bff6b78f-d5b6-4dcd-a78d-ece1b464bcb5 1a7579f1968d4b94adea2a3f5c5662f4 ac7784256f2b4d08b307a7517c1cbc8c - - - -] Successfully bumped revision number for resource 3a8b3187-0bae-40bf-bf6f-362af645771f (type: ports) to 1
2026-06-18 16:28:40.946 9 INFO neutron.db.ovn_revision_numbers_db [None req-bd37b66d-8bdc-4a4d-a2ea-8a36e3d23762 c9a4b8853f3743a89b6ce1c55d4fb9ce e2adaf84933a41b09ed10104cb91dc0e - - - -] Successfully bumped revision number for resource 956c7db2-4680-4092-91ae-08b798ff06c0 (type: routers) to 3
2026-06-18 16:28:40.967 9 INFO neutron.wsgi [None req-bd37b66d-8bdc-4a4d-a2ea-8a36e3d23762 c9a4b8853f3743a89b6ce1c55d4fb9ce e2adaf84933a41b09ed10104cb91dc0e - - - -] 10.0.0.138 "POST /v2.0/routers HTTP/1.1" status: 201 len: 874 time: 1.8613806
2026-06-18 16:28:41.778 9 INFO neutron.db.ovn_revision_numbers_db [None req-cfc1ade4-52b4-4112-b540-bf6b29474d72 1a7579f1968d4b94adea2a3f5c5662f4 ac7784256f2b4d08b307a7517c1cbc8c - - default default] Successfully bumped revision number for resource 06f459bc-d7cc-4bf6-b6cd-5fe488e0b7dd (type: security_groups) to 1
2026-06-18 16:28:41.809 9 INFO neutron.wsgi [None req-cfc1ade4-52b4-4112-b540-bf6b29474d72 1a7579f1968d4b94adea2a3f5c5662f4 ac7784256f2b4d08b307a7517c1cbc8c - - default default] 10.0.0.138 "GET /v2.0/security-groups?tenant_id=1fabac3c68f440fa9e2e934db1f5c86e&name=default HTTP/1.1" status: 200 len: 2996 time: 0.3407872
2026-06-18 16:28:42.026 9 INFO neutron.wsgi [None req-f0764b39-8ea7-411e-99c0-4d446f3b7e80 1a7579f1968d4b94adea2a3f5c5662f4 ac7784256f2b4d08b307a7517c1cbc8c - - - -] 10.0.0.138 "DELETE /v2.0/security-groups/06f459bc-d7cc-4bf6-b6cd-5fe488e0b7dd HTTP/1.1" status: 204 len: 168 time: 0.2126474
2026-06-18 16:28:42.052 10 INFO neutron.services.segments.plugin [-] Segment 3a30ef68-8b28-496f-9394-796232717695 resource provider aggregate not found
2026-06-18 16:28:42.073 10 WARNING neutron.scheduler.dhcp_agent_scheduler [None req-509ed199-440c-4fad-b1d5-903b680acb45 c9a4b8853f3743a89b6ce1c55d4fb9ce e2adaf84933a41b09ed10104cb91dc0e - - default default] No more DHCP agents
2026-06-18 16:28:42.076 10 WARNING neutron.api.rpc.agentnotifiers.dhcp_rpc_agent_api [None req-509ed199-440c-4fad-b1d5-903b680acb45 c9a4b8853f3743a89b6ce1c55d4fb9ce e2adaf84933a41b09ed10104cb91dc0e - - default default] Unable to schedule network 81e554be-f47d-45c0-8756-dc4a58d09d8f: no agents available; will retry on subsequent port and subnet creation events.
2026-06-18 16:28:42.078 10 INFO neutron.services.segments.plugin [-] Segment 3a30ef68-8b28-496f-9394-796232717695 resource provider aggregate not found
2026-06-18 16:28:42.087 10 INFO neutron.services.segments.plugin [-] Segment 3a30ef68-8b28-496f-9394-796232717695 resource provider not found; error: Placement Client Error (4xx): {"errors": [{"status": 404, "title": "Not Found", "detail": "The resource could not be found.\n\n No resource provider with uuid 3a30ef68-8b28-496f-9394-796232717695 found for delete ", "request_id": "req-b88bbb79-a489-434d-9a9d-7d2bc00534da"}]}
2026-06-18 16:28:42.096 9 INFO neutron.plugins.ml2.drivers.ovn.mech_driver.ovsdb.ovsdb_monitor [None req-42cf4e08-fd64-4c36-b16d-2a64a10148d0 - - - - - -] Router b2d8b4d2-dcc3-473d-9c3a-d41852b52481 is bound to host instance
2026-06-18 16:28:42.098 10 INFO neutron.services.segments.plugin [-] Segment 3a30ef68-8b28-496f-9394-796232717695 resource provider not found; error: Placement Client Error (4xx): {"errors": [{"status": 404, "title": "Not Found", "detail": "The resource could not be found.\n\n No resource provider with uuid 3a30ef68-8b28-496f-9394-796232717695 found for delete ", "request_id": "req-6cb1fe84-4a61-424d-b7cc-2528aa71cd1a"}]}
2026-06-18 16:28:42.104 10 INFO neutron.plugins.ml2.drivers.ovn.mech_driver.mech_driver [None req-80484ea4-37af-413e-92b6-1c989940594e - - - - - -] OVN reports status up for port: 3a8b3187-0bae-40bf-bf6f-362af645771f
2026-06-18 16:28:42.116 10 INFO neutron.plugins.ml2.plugin [None req-80484ea4-37af-413e-92b6-1c989940594e - - - - - -] Attempt 1 to provision port 3a8b3187-0bae-40bf-bf6f-362af645771f
2026-06-18 16:28:42.120 10 INFO neutron.db.ovn_revision_numbers_db [None req-bff6b78f-d5b6-4dcd-a78d-ece1b464bcb5 1a7579f1968d4b94adea2a3f5c5662f4 ac7784256f2b4d08b307a7517c1cbc8c - - - -] Successfully bumped revision number for resource 3a8b3187-0bae-40bf-bf6f-362af645771f (type: router_ports) to 1
2026-06-18 16:28:42.278 10 INFO neutron.db.ovn_revision_numbers_db [None req-bff6b78f-d5b6-4dcd-a78d-ece1b464bcb5 1a7579f1968d4b94adea2a3f5c5662f4 ac7784256f2b4d08b307a7517c1cbc8c - - - -] Successfully bumped revision number for resource b2d8b4d2-dcc3-473d-9c3a-d41852b52481 (type: routers) to 3
2026-06-18 16:28:42.298 10 INFO neutron.wsgi [None req-bff6b78f-d5b6-4dcd-a78d-ece1b464bcb5 1a7579f1968d4b94adea2a3f5c5662f4 ac7784256f2b4d08b307a7517c1cbc8c - - - -] 10.0.0.138 "POST /v2.0/routers HTTP/1.1" status: 201 len: 874 time: 2.2662001
2026-06-18 16:28:42.330 10 INFO neutron.db.ovn_revision_numbers_db [None req-509ed199-440c-4fad-b1d5-903b680acb45 c9a4b8853f3743a89b6ce1c55d4fb9ce e2adaf84933a41b09ed10104cb91dc0e - - default default] Successfully bumped revision number for resource a0046b7e-73df-416c-8899-7079de9b0c73 (type: ports) to 1
2026-06-18 16:28:42.374 10 INFO neutron.db.ovn_revision_numbers_db [None req-d9d8138d-50c7-4431-81de-f6b81a9b76f5 1a7579f1968d4b94adea2a3f5c5662f4 ac7784256f2b4d08b307a7517c1cbc8c - - default default] Successfully bumped revision number for resource 8160ba40-ef15-43b1-ab57-98815d3b9cb1 (type: security_groups) to 1
2026-06-18 16:28:42.410 10 INFO neutron.wsgi [None req-d9d8138d-50c7-4431-81de-f6b81a9b76f5 1a7579f1968d4b94adea2a3f5c5662f4 ac7784256f2b4d08b307a7517c1cbc8c - - default default] 10.0.0.138 "GET /v2.0/security-groups?tenant_id=012d6c4c84f342d0b18b3003a7727cba&name=default HTTP/1.1" status: 200 len: 2996 time: 0.2212217
2026-06-18 16:28:42.748 9 INFO neutron.db.ovn_revision_numbers_db [None req-42cf4e08-fd64-4c36-b16d-2a64a10148d0 - - - - - -] Successfully bumped revision number for resource 3a8b3187-0bae-40bf-bf6f-362af645771f (type: ports) to 1
2026-06-18 16:28:42.942 9 WARNING neutron.scheduler.dhcp_agent_scheduler [None req-de415e23-be3d-4758-aaef-4e07f2d24b4b 1a7579f1968d4b94adea2a3f5c5662f4 ac7784256f2b4d08b307a7517c1cbc8c - - default default] No more DHCP agents
2026-06-18 16:28:42.948 9 WARNING neutron.api.rpc.agentnotifiers.dhcp_rpc_agent_api [None req-de415e23-be3d-4758-aaef-4e07f2d24b4b 1a7579f1968d4b94adea2a3f5c5662f4 ac7784256f2b4d08b307a7517c1cbc8c - - default default] Unable to schedule network 37505910-4485-460b-b334-d868346e971e: no agents available; will retry on subsequent port and subnet creation events.
2026-06-18 16:28:43.051 10 INFO neutron.wsgi [None req-69a9ec6e-259d-4860-aa0c-8cf4d6526950 1a7579f1968d4b94adea2a3f5c5662f4 ac7784256f2b4d08b307a7517c1cbc8c - - - -] 10.0.0.138 "DELETE /v2.0/security-groups/8160ba40-ef15-43b1-ab57-98815d3b9cb1 HTTP/1.1" status: 204 len: 168 time: 0.6352429
2026-06-18 16:28:43.213 9 INFO neutron.db.ovn_revision_numbers_db [None req-de415e23-be3d-4758-aaef-4e07f2d24b4b 1a7579f1968d4b94adea2a3f5c5662f4 ac7784256f2b4d08b307a7517c1cbc8c - - default default] Successfully bumped revision number for resource 91d0abff-59f8-4fbf-ab7a-89970fb37f63 (type: ports) to 1
2026-06-18 16:28:43.217 9 INFO neutron.db.ovn_revision_numbers_db [None req-42cf4e08-fd64-4c36-b16d-2a64a10148d0 - - - - - -] Successfully bumped revision number for resource 3a8b3187-0bae-40bf-bf6f-362af645771f (type: router_ports) to 3
2026-06-18 16:28:43.255 10 INFO neutron.db.ovn_revision_numbers_db [None req-509ed199-440c-4fad-b1d5-903b680acb45 c9a4b8853f3743a89b6ce1c55d4fb9ce e2adaf84933a41b09ed10104cb91dc0e - - default default] Successfully bumped revision number for resource a0046b7e-73df-416c-8899-7079de9b0c73 (type: router_ports) to 2
2026-06-18 16:28:43.293 10 INFO neutron.wsgi [None req-0692fd3d-d442-4999-9ae1-53e46748cec3 1a7579f1968d4b94adea2a3f5c5662f4 ac7784256f2b4d08b307a7517c1cbc8c - - default default] 10.0.0.138 "GET /v2.0/security-groups?tenant_id=af42204394be47e0a8feb2114b9c0337&name=default HTTP/1.1" status: 200 len: 2996 time: 0.0583966
2026-06-18 16:28:43.447 10 INFO neutron.db.ovn_revision_numbers_db [None req-509ed199-440c-4fad-b1d5-903b680acb45 c9a4b8853f3743a89b6ce1c55d4fb9ce e2adaf84933a41b09ed10104cb91dc0e - - default default] Successfully bumped revision number for resource a0046b7e-73df-416c-8899-7079de9b0c73 (type: ports) to 2
2026-06-18 16:28:43.448 9 INFO neutron.db.ovn_revision_numbers_db [None req-42cf4e08-fd64-4c36-b16d-2a64a10148d0 - - - - - -] Successfully bumped revision number for resource 3a8b3187-0bae-40bf-bf6f-362af645771f (type: ports) to 2
2026-06-18 16:28:43.523 10 WARNING neutron.scheduler.dhcp_agent_scheduler [None req-509ed199-440c-4fad-b1d5-903b680acb45 c9a4b8853f3743a89b6ce1c55d4fb9ce e2adaf84933a41b09ed10104cb91dc0e - - default default] No more DHCP agents
2026-06-18 16:28:43.524 10 WARNING neutron.api.rpc.agentnotifiers.dhcp_rpc_agent_api [None req-509ed199-440c-4fad-b1d5-903b680acb45 c9a4b8853f3743a89b6ce1c55d4fb9ce e2adaf84933a41b09ed10104cb91dc0e - - default default] Unable to schedule network 81e554be-f47d-45c0-8756-dc4a58d09d8f: no agents available; will retry on subsequent port and subnet creation events.
2026-06-18 16:28:43.735 9 INFO neutron.wsgi [None req-28485ef4-2188-4d99-b765-7bdf12cdd773 1a7579f1968d4b94adea2a3f5c5662f4 ac7784256f2b4d08b307a7517c1cbc8c - - - -] 10.0.0.138 "DELETE /v2.0/security-groups/ad21e54f-009e-4379-abdc-bbb7e30466e0 HTTP/1.1" status: 204 len: 168 time: 0.4350436
2026-06-18 16:28:43.843 9 INFO neutron.db.ovn_revision_numbers_db [None req-42cf4e08-fd64-4c36-b16d-2a64a10148d0 - - - - - -] Successfully bumped revision number for resource 3a8b3187-0bae-40bf-bf6f-362af645771f (type: ports) to 4
2026-06-18 16:28:43.846 9 INFO neutron.db.ovn_revision_numbers_db [None req-de415e23-be3d-4758-aaef-4e07f2d24b4b 1a7579f1968d4b94adea2a3f5c5662f4 ac7784256f2b4d08b307a7517c1cbc8c - - default default] Successfully bumped revision number for resource 91d0abff-59f8-4fbf-ab7a-89970fb37f63 (type: router_ports) to 2
2026-06-18 16:28:43.871 10 INFO neutron.db.ovn_revision_numbers_db [None req-509ed199-440c-4fad-b1d5-903b680acb45 c9a4b8853f3743a89b6ce1c55d4fb9ce e2adaf84933a41b09ed10104cb91dc0e - - - -] Successfully bumped revision number for resource a0046b7e-73df-416c-8899-7079de9b0c73 (type: router_ports) to 2
2026-06-18 16:28:43.875 10 INFO neutron.wsgi [None req-509ed199-440c-4fad-b1d5-903b680acb45 c9a4b8853f3743a89b6ce1c55d4fb9ce e2adaf84933a41b09ed10104cb91dc0e - - - -] 10.0.0.138 "PUT /v2.0/routers/956c7db2-4680-4092-91ae-08b798ff06c0/add_router_interface HTTP/1.1" status: 200 len: 503 time: 2.9033930
2026-06-18 16:28:44.238 10 WARNING neutron.scheduler.dhcp_agent_scheduler [None req-340d9ddc-b1e7-418f-9418-73f501d10c6e c9a4b8853f3743a89b6ce1c55d4fb9ce e2adaf84933a41b09ed10104cb91dc0e - - - -] No more DHCP agents
2026-06-18 16:28:44.242 10 WARNING neutron.api.rpc.agentnotifiers.dhcp_rpc_agent_api [None req-340d9ddc-b1e7-418f-9418-73f501d10c6e c9a4b8853f3743a89b6ce1c55d4fb9ce e2adaf84933a41b09ed10104cb91dc0e - - - -] Unable to schedule network 81e554be-f47d-45c0-8756-dc4a58d09d8f: no agents available; will retry on subsequent port and subnet creation events.
2026-06-18 16:28:44.415 10 INFO neutron.db.ovn_revision_numbers_db [None req-340d9ddc-b1e7-418f-9418-73f501d10c6e c9a4b8853f3743a89b6ce1c55d4fb9ce e2adaf84933a41b09ed10104cb91dc0e - - - -] Successfully bumped revision number for resource d6da36fe-21ed-4dc2-b0cc-22ea5da64427 (type: ports) to 1
2026-06-18 16:28:44.443 9 INFO neutron.db.ovn_revision_numbers_db [None req-72e88894-9f06-44ad-8f69-abeeb7baa1fa 1a7579f1968d4b94adea2a3f5c5662f4 ac7784256f2b4d08b307a7517c1cbc8c - - default default] Successfully bumped revision number for resource 91624dd6-d12c-438c-ad23-e2f82db8d8ad (type: security_groups) to 1
2026-06-18 16:28:44.447 10 INFO neutron.wsgi [None req-340d9ddc-b1e7-418f-9418-73f501d10c6e c9a4b8853f3743a89b6ce1c55d4fb9ce e2adaf84933a41b09ed10104cb91dc0e - - - -] 10.0.0.138 "POST /v2.0/ports HTTP/1.1" status: 201 len: 1157 time: 0.5675159 /var/lib/openstack/lib/python3.10/site-packages/pycadf/identifier.py:71: UserWarning: Invalid uuid: neutron. To ensure interoperability, identifiers should be a valid uuid. warnings.warn(('Invalid uuid: %s. To ensure interoperability, '
2026-06-18 16:28:44.462 9 INFO neutron.db.ovn_revision_numbers_db [None req-de415e23-be3d-4758-aaef-4e07f2d24b4b 1a7579f1968d4b94adea2a3f5c5662f4 ac7784256f2b4d08b307a7517c1cbc8c - - default default] Successfully bumped revision number for resource 91d0abff-59f8-4fbf-ab7a-89970fb37f63 (type: ports) to 2
2026-06-18 16:28:44.484 9 INFO neutron.wsgi [None req-72e88894-9f06-44ad-8f69-abeeb7baa1fa 1a7579f1968d4b94adea2a3f5c5662f4 ac7784256f2b4d08b307a7517c1cbc8c - - default default] 10.0.0.138 "GET /v2.0/security-groups?tenant_id=2800f8901e8f4fdca6b9bc4e47ee8f44&name=default HTTP/1.1" status: 200 len: 2996 time: 0.6746962
2026-06-18 16:28:44.546 9 INFO neutron.db.ovn_revision_numbers_db [None req-42cf4e08-fd64-4c36-b16d-2a64a10148d0 - - - - - -] Successfully bumped revision number for resource 3a8b3187-0bae-40bf-bf6f-362af645771f (type: router_ports) to 4
2026-06-18 16:28:44.582 9 WARNING neutron.scheduler.dhcp_agent_scheduler [None req-de415e23-be3d-4758-aaef-4e07f2d24b4b 1a7579f1968d4b94adea2a3f5c5662f4 ac7784256f2b4d08b307a7517c1cbc8c - - default default] No more DHCP agents
2026-06-18 16:28:44.595 9 WARNING neutron.api.rpc.agentnotifiers.dhcp_rpc_agent_api [None req-de415e23-be3d-4758-aaef-4e07f2d24b4b 1a7579f1968d4b94adea2a3f5c5662f4 ac7784256f2b4d08b307a7517c1cbc8c - - default default] Unable to schedule network 37505910-4485-460b-b334-d868346e971e: no agents available; will retry on subsequent port and subnet creation events.
2026-06-18 16:28:44.741 9 INFO neutron.wsgi [-] 10.0.0.135 "GET / HTTP/1.1" status: 200 len: 247 time: 0.0012863
2026-06-18 16:28:44.742 9 INFO neutron.wsgi [-] 10.0.0.135 "GET / HTTP/1.1" status: 200 len: 247 time: 0.0009873
2026-06-18 16:28:44.812 10 WARNING neutron.scheduler.dhcp_agent_scheduler [None req-7b3bbb48-0893-41df-8441-d61fd9befa87 c9a4b8853f3743a89b6ce1c55d4fb9ce e2adaf84933a41b09ed10104cb91dc0e - - - -] No more DHCP agents
2026-06-18 16:28:44.814 10 WARNING neutron.api.rpc.agentnotifiers.dhcp_rpc_agent_api [None req-7b3bbb48-0893-41df-8441-d61fd9befa87 c9a4b8853f3743a89b6ce1c55d4fb9ce e2adaf84933a41b09ed10104cb91dc0e - - - -] Unable to schedule network 81e554be-f47d-45c0-8756-dc4a58d09d8f: no agents available; will retry on subsequent port and subnet creation events.
2026-06-18 16:28:44.830 10 INFO neutron.plugins.ml2.drivers.ovn.mech_driver.mech_driver [None req-80484ea4-37af-413e-92b6-1c989940594e - - - - - -] OVN reports status up for port: a0046b7e-73df-416c-8899-7079de9b0c73
2026-06-18 16:28:44.844 10 INFO neutron.plugins.ml2.plugin [None req-80484ea4-37af-413e-92b6-1c989940594e - - - - - -] Attempt 1 to provision port a0046b7e-73df-416c-8899-7079de9b0c73
2026-06-18 16:28:44.845 9 INFO neutron.wsgi [None req-ff5b4dbd-2434-4efa-a6e3-fb6abf0dbdea 1a7579f1968d4b94adea2a3f5c5662f4 ac7784256f2b4d08b307a7517c1cbc8c - - - -] 10.0.0.138 "DELETE /v2.0/security-groups/91624dd6-d12c-438c-ad23-e2f82db8d8ad HTTP/1.1" status: 204 len: 168 time: 0.3431451
2026-06-18 16:28:45.019 10 INFO neutron.db.ovn_revision_numbers_db [None req-7b3bbb48-0893-41df-8441-d61fd9befa87 c9a4b8853f3743a89b6ce1c55d4fb9ce e2adaf84933a41b09ed10104cb91dc0e - - - -] Successfully bumped revision number for resource 64ad692d-46cf-4a29-8d21-9e0e6aeabb4c (type: ports) to 1
2026-06-18 16:28:45.054 10 INFO neutron.wsgi [None req-7b3bbb48-0893-41df-8441-d61fd9befa87 c9a4b8853f3743a89b6ce1c55d4fb9ce e2adaf84933a41b09ed10104cb91dc0e - - - -] 10.0.0.138 "POST /v2.0/ports HTTP/1.1" status: 201 len: 1152 time: 0.6017122
2026-06-18 16:28:45.209 10 INFO neutron.db.ovn_revision_numbers_db [None req-80484ea4-37af-413e-92b6-1c989940594e - - - - - -] Successfully bumped revision number for resource a0046b7e-73df-416c-8899-7079de9b0c73 (type: ports) to 3
2026-06-18 16:28:45.234 9 INFO neutron.db.ovn_revision_numbers_db [None req-de415e23-be3d-4758-aaef-4e07f2d24b4b 1a7579f1968d4b94adea2a3f5c5662f4 ac7784256f2b4d08b307a7517c1cbc8c - - - -] Successfully bumped revision number for resource 91d0abff-59f8-4fbf-ab7a-89970fb37f63 (type: router_ports) to 2
2026-06-18 16:28:45.236 9 INFO neutron.wsgi [None req-de415e23-be3d-4758-aaef-4e07f2d24b4b 1a7579f1968d4b94adea2a3f5c5662f4 ac7784256f2b4d08b307a7517c1cbc8c - - - -] 10.0.0.138 "PUT /v2.0/routers/b2d8b4d2-dcc3-473d-9c3a-d41852b52481/add_router_interface HTTP/1.1" status: 200 len: 503 time: 2.9333360
2026-06-18 16:28:45.346 10 INFO neutron.db.ovn_revision_numbers_db [None req-80484ea4-37af-413e-92b6-1c989940594e - - - - - -] Successfully bumped revision number for resource a0046b7e-73df-416c-8899-7079de9b0c73 (type: router_ports) to 3
2026-06-18 16:28:45.380 9 WARNING neutron.scheduler.dhcp_agent_scheduler [None req-f6ef2fda-63ba-499f-958c-55d3b68d0468 c9a4b8853f3743a89b6ce1c55d4fb9ce e2adaf84933a41b09ed10104cb91dc0e - - - -] No more DHCP agents
2026-06-18 16:28:45.382 9 WARNING neutron.api.rpc.agentnotifiers.dhcp_rpc_agent_api [None req-f6ef2fda-63ba-499f-958c-55d3b68d0468 c9a4b8853f3743a89b6ce1c55d4fb9ce e2adaf84933a41b09ed10104cb91dc0e - - - -] Unable to schedule network 76aa89d5-b2c9-4704-a82b-d82dba299687: no agents available; will retry on subsequent port and subnet creation events.
2026-06-18 16:28:45.813 9 INFO neutron.db.l3_db [None req-f6ef2fda-63ba-499f-958c-55d3b68d0468 c9a4b8853f3743a89b6ce1c55d4fb9ce e2adaf84933a41b09ed10104cb91dc0e - - - -] Floating IP bf0aea1e-ba8d-405b-bb02-ee64753b509f associated. External IP: 10.96.250.220, port: 64ad692d-46cf-4a29-8d21-9e0e6aeabb4c.
2026-06-18 16:28:45.983 9 INFO neutron.db.ovn_revision_numbers_db [None req-f6ef2fda-63ba-499f-958c-55d3b68d0468 c9a4b8853f3743a89b6ce1c55d4fb9ce e2adaf84933a41b09ed10104cb91dc0e - - - -] Successfully bumped revision number for resource bf0aea1e-ba8d-405b-bb02-ee64753b509f (type: floatingips) to 0
2026-06-18 16:28:46.066 9 INFO neutron.db.ovn_revision_numbers_db [None req-f6ef2fda-63ba-499f-958c-55d3b68d0468 c9a4b8853f3743a89b6ce1c55d4fb9ce e2adaf84933a41b09ed10104cb91dc0e - - - -] Successfully bumped revision number for resource bf0aea1e-ba8d-405b-bb02-ee64753b509f (type: floatingips) to 1
2026-06-18 16:28:46.106 9 INFO neutron.wsgi [None req-f6ef2fda-63ba-499f-958c-55d3b68d0468 c9a4b8853f3743a89b6ce1c55d4fb9ce e2adaf84933a41b09ed10104cb91dc0e - - - -] 10.0.0.138 "POST /v2.0/floatingips HTTP/1.1" status: 201 len: 1039 time: 1.0448310
2026-06-18 16:28:46.268 9 INFO neutron.db.l3_db [None req-d9b4ece5-c354-4074-b204-335c39e70db5 c9a4b8853f3743a89b6ce1c55d4fb9ce e2adaf84933a41b09ed10104cb91dc0e - - - -] Floating IP bf0aea1e-ba8d-405b-bb02-ee64753b509f disassociated. External IP: 10.96.250.220, port: 64ad692d-46cf-4a29-8d21-9e0e6aeabb4c.
2026-06-18 16:28:46.287 9 INFO neutron.db.ovn_revision_numbers_db [None req-d9b4ece5-c354-4074-b204-335c39e70db5 c9a4b8853f3743a89b6ce1c55d4fb9ce e2adaf84933a41b09ed10104cb91dc0e - - - -] Successfully bumped revision number for resource bf0aea1e-ba8d-405b-bb02-ee64753b509f (type: floatingips) to 2
2026-06-18 16:28:46.367 9 INFO neutron.wsgi [None req-d9b4ece5-c354-4074-b204-335c39e70db5 c9a4b8853f3743a89b6ce1c55d4fb9ce e2adaf84933a41b09ed10104cb91dc0e - - - -] 10.0.0.138 "PUT /v2.0/floatingips/bf0aea1e-ba8d-405b-bb02-ee64753b509f HTTP/1.1" status: 200 len: 748 time: 0.2561812
2026-06-18 16:28:46.529 9 WARNING neutron.plugins.ml2.drivers.ovn.mech_driver.ovsdb.ovn_client [None req-ae9029ba-6d85-4ed1-a594-03b511ad510c - - - - - -] No hosting information found for port ad20a5c6-8330-4b9a-95e4-b8eeececf19f: RuntimeError: No hosting information found for port ad20a5c6-8330-4b9a-95e4-b8eeececf19f
2026-06-18 16:28:46.808 9 INFO neutron.wsgi [None req-01be644e-18ed-4089-b030-9a4679c6aa19 c9a4b8853f3743a89b6ce1c55d4fb9ce e2adaf84933a41b09ed10104cb91dc0e - - - -] 10.0.0.138 "DELETE /v2.0/floatingips/bf0aea1e-ba8d-405b-bb02-ee64753b509f HTTP/1.1" status: 204 len: 168 time: 0.4353495 /var/lib/openstack/lib/python3.10/site-packages/pycadf/identifier.py:71: UserWarning: Invalid uuid: neutron. To ensure interoperability, identifiers should be a valid uuid. warnings.warn(('Invalid uuid: %s. To ensure interoperability, '
2026-06-18 16:28:47.113 9 WARNING neutron.scheduler.dhcp_agent_scheduler [None req-65bf94b6-502b-4262-9fd7-df72d1103d0c c9a4b8853f3743a89b6ce1c55d4fb9ce e2adaf84933a41b09ed10104cb91dc0e - - - -] No more DHCP agents
2026-06-18 16:28:47.115 9 WARNING neutron.api.rpc.agentnotifiers.dhcp_rpc_agent_api [None req-65bf94b6-502b-4262-9fd7-df72d1103d0c c9a4b8853f3743a89b6ce1c55d4fb9ce e2adaf84933a41b09ed10104cb91dc0e - - - -] Unable to schedule network 76aa89d5-b2c9-4704-a82b-d82dba299687: no agents available; will retry on subsequent port and subnet creation events.
2026-06-18 16:28:47.542 9 INFO neutron.db.l3_db [None req-65bf94b6-502b-4262-9fd7-df72d1103d0c c9a4b8853f3743a89b6ce1c55d4fb9ce e2adaf84933a41b09ed10104cb91dc0e - - - -] Floating IP 0f113762-444e-4d1c-926e-e764a4b77823 associated. External IP: 10.96.250.205, port: d6da36fe-21ed-4dc2-b0cc-22ea5da64427.
2026-06-18 16:28:47.659 9 INFO neutron.wsgi [req-9e2565e8-c2f8-443f-b132-f337bb6d900a req-002192e7-a0dd-4f70-b36e-afa4c8f38d41 c2d5cbb2431147b98672fc0bd348da05 3b2d9315a53c4764b2508a94ca06d994 - - default default] 10.0.0.28 "GET /v2.0/networks?id=37505910-4485-460b-b334-d868346e971e HTTP/1.1" status: 200 len: 872 time: 0.0956504
2026-06-18 16:28:47.694 9 INFO neutron.wsgi [req-9e2565e8-c2f8-443f-b132-f337bb6d900a req-58c7f6b4-bc60-4bfc-9f11-c5a569bc51f3 c2d5cbb2431147b98672fc0bd348da05 3b2d9315a53c4764b2508a94ca06d994 - - default default] 10.0.0.28 "GET /v2.0/quotas/3b2d9315a53c4764b2508a94ca06d994 HTTP/1.1" status: 200 len: 386 time: 0.0113854
2026-06-18 16:28:48.048 9 INFO neutron.db.ovn_revision_numbers_db [None req-65bf94b6-502b-4262-9fd7-df72d1103d0c c9a4b8853f3743a89b6ce1c55d4fb9ce e2adaf84933a41b09ed10104cb91dc0e - - - -] Successfully bumped revision number for resource 0f113762-444e-4d1c-926e-e764a4b77823 (type: floatingips) to 0
2026-06-18 16:28:48.078 9 INFO neutron.wsgi [req-9e2565e8-c2f8-443f-b132-f337bb6d900a req-bc0d143c-2964-455f-8a23-cc3d770d7135 c2d5cbb2431147b98672fc0bd348da05 3b2d9315a53c4764b2508a94ca06d994 - - default default] 10.0.0.28 "GET /v2.0/ports?tenant_id=3b2d9315a53c4764b2508a94ca06d994&fields=id HTTP/1.1" status: 200 len: 302 time: 0.3737991
2026-06-18 16:28:48.171 9 INFO neutron.db.ovn_revision_numbers_db [None req-65bf94b6-502b-4262-9fd7-df72d1103d0c c9a4b8853f3743a89b6ce1c55d4fb9ce e2adaf84933a41b09ed10104cb91dc0e - - - -] Successfully bumped revision number for resource 0f113762-444e-4d1c-926e-e764a4b77823 (type: floatingips) to 1
2026-06-18 16:28:48.175 9 INFO neutron.wsgi [req-9e2565e8-c2f8-443f-b132-f337bb6d900a req-8429dfec-77f8-47f2-9f2b-71d61fc9aff4 904dfcd0042142e5896a667eef09f1ad 1b0811b8348d4d22b803316b5a75872a - - 4df68552b8fc48988c746818700f8910 4df68552b8fc48988c746818700f8910] 10.0.0.28 "GET /v2.0/networks/37505910-4485-460b-b334-d868346e971e?fields=segments HTTP/1.1" status: 200 len: 212 time: 0.0786538
2026-06-18 16:28:48.233 9 INFO neutron.wsgi [None req-65bf94b6-502b-4262-9fd7-df72d1103d0c c9a4b8853f3743a89b6ce1c55d4fb9ce e2adaf84933a41b09ed10104cb91dc0e - - - -] 10.0.0.138 "POST /v2.0/floatingips HTTP/1.1" status: 201 len: 1041 time: 1.4174783 /var/lib/openstack/lib/python3.10/site-packages/pycadf/identifier.py:71: UserWarning: Invalid uuid: neutron. To ensure interoperability, identifiers should be a valid uuid. warnings.warn(('Invalid uuid: %s. To ensure interoperability, '
2026-06-18 16:28:48.254 9 INFO neutron.wsgi [req-9e2565e8-c2f8-443f-b132-f337bb6d900a req-de342df5-0b5a-45d0-a10a-2d4920a3bb68 904dfcd0042142e5896a667eef09f1ad 1b0811b8348d4d22b803316b5a75872a - - 4df68552b8fc48988c746818700f8910 4df68552b8fc48988c746818700f8910] 10.0.0.28 "GET /v2.0/networks/37505910-4485-460b-b334-d868346e971e?fields=provider%3Aphysical_network&fields=provider%3Anetwork_type HTTP/1.1" status: 200 len: 277 time: 0.0739241
2026-06-18 16:28:48.326 10 INFO neutron.wsgi [None req-315571d3-77cd-4c09-a853-fef10de9ba1c c9a4b8853f3743a89b6ce1c55d4fb9ce e2adaf84933a41b09ed10104cb91dc0e - - default default] 10.0.0.138 "GET /v2.0/floatingips/0f113762-444e-4d1c-926e-e764a4b77823 HTTP/1.1" status: 200 len: 1038 time: 0.0867696
2026-06-18 16:28:48.408 10 INFO neutron.wsgi [None req-4cc8583f-40df-4ff8-92cd-fbbda99f8cf3 c9a4b8853f3743a89b6ce1c55d4fb9ce e2adaf84933a41b09ed10104cb91dc0e - - default default] 10.0.0.138 "GET /v2.0/floatingips HTTP/1.1" status: 200 len: 1041 time: 0.0777683
2026-06-18 16:28:48.452 9 INFO neutron.wsgi [req-e3e95e51-daf9-4fc7-9f55-fd2989cf4c02 req-f6eeb909-2b8e-4f13-ae5e-4145f0ff9b27 c2d5cbb2431147b98672fc0bd348da05 3b2d9315a53c4764b2508a94ca06d994 - - default default] 10.0.0.28 "GET /v2.0/ports?device_id=fe853d53-eb3a-40b9-882e-8e6b4f883965 HTTP/1.1" status: 200 len: 210 time: 0.0317640
2026-06-18 16:28:48.678 9 INFO neutron.db.ovn_revision_numbers_db [None req-c71a30cb-b866-46a3-b832-c0561e807a7e 8f2f746ddb4740a7beb11eae344c50bb 9c270a5618fb4cf7a99754312018d341 - - - -] Successfully bumped revision number for resource ec16d4ee-18bb-43e2-9c8f-92064b4b58c5 (type: security_groups) to 1
2026-06-18 16:28:48.745 9 INFO neutron.db.segments_db [None req-c71a30cb-b866-46a3-b832-c0561e807a7e 8f2f746ddb4740a7beb11eae344c50bb 9c270a5618fb4cf7a99754312018d341 - - - -] Added segment ccffd3e3-5b0c-4203-880b-e16e5feece79 of type geneve for network 94be2d8f-7cd3-462a-b09f-5792ccad68e3
2026-06-18 16:28:48.791 10 INFO neutron.db.l3_db [None req-ed4c9a32-072c-466b-9417-913dbfaed901 c9a4b8853f3743a89b6ce1c55d4fb9ce e2adaf84933a41b09ed10104cb91dc0e - - - -] Floating IP 0f113762-444e-4d1c-926e-e764a4b77823 associated. External IP: 10.96.250.205, port: d6da36fe-21ed-4dc2-b0cc-22ea5da64427.
2026-06-18 16:28:48.887 9 INFO neutron.db.ovn_revision_numbers_db [None req-c71a30cb-b866-46a3-b832-c0561e807a7e 8f2f746ddb4740a7beb11eae344c50bb 9c270a5618fb4cf7a99754312018d341 - - - -] Successfully bumped revision number for resource 94be2d8f-7cd3-462a-b09f-5792ccad68e3 (type: networks) to 1
2026-06-18 16:28:49.089 9 WARNING neutron.scheduler.dhcp_agent_scheduler [None req-c71a30cb-b866-46a3-b832-c0561e807a7e 8f2f746ddb4740a7beb11eae344c50bb 9c270a5618fb4cf7a99754312018d341 - - - -] No more DHCP agents
2026-06-18 16:28:49.090 9 WARNING neutron.api.rpc.agentnotifiers.dhcp_rpc_agent_api [None req-c71a30cb-b866-46a3-b832-c0561e807a7e 8f2f746ddb4740a7beb11eae344c50bb 9c270a5618fb4cf7a99754312018d341 - - - -] Unable to schedule network 94be2d8f-7cd3-462a-b09f-5792ccad68e3: no agents available; will retry on subsequent port and subnet creation events.
2026-06-18 16:28:49.157 9 INFO neutron.db.ovn_revision_numbers_db [None req-c71a30cb-b866-46a3-b832-c0561e807a7e 8f2f746ddb4740a7beb11eae344c50bb 9c270a5618fb4cf7a99754312018d341 - - - -] Successfully bumped revision number for resource fd7e537d-8a94-4452-b58c-9e18ded3205e (type: ports) to 1
2026-06-18 16:28:49.178 9 INFO neutron.wsgi [None req-c71a30cb-b866-46a3-b832-c0561e807a7e 8f2f746ddb4740a7beb11eae344c50bb 9c270a5618fb4cf7a99754312018d341 - - - -] 10.0.0.138 "POST /v2.0/networks HTTP/1.1" status: 201 len: 831 time: 0.8330808
2026-06-18 16:28:49.258 9 INFO neutron.wsgi [req-9e2565e8-c2f8-443f-b132-f337bb6d900a req-034ab15e-3a4c-4b07-a3bf-3ab96d60fafc c2d5cbb2431147b98672fc0bd348da05 3b2d9315a53c4764b2508a94ca06d994 - - default default] 199.19.213.203 "GET /v2.0/networks?id=37505910-4485-460b-b334-d868346e971e HTTP/1.1" status: 200 len: 872 time: 0.0773125
2026-06-18 16:28:49.306 10 INFO neutron.db.ovn_revision_numbers_db [None req-ed4c9a32-072c-466b-9417-913dbfaed901 c9a4b8853f3743a89b6ce1c55d4fb9ce e2adaf84933a41b09ed10104cb91dc0e - - - -] Successfully bumped revision number for resource 0f113762-444e-4d1c-926e-e764a4b77823 (type: floatingips) to 2
2026-06-18 16:28:49.414 10 INFO neutron.db.ovn_revision_numbers_db [None req-ed4c9a32-072c-466b-9417-913dbfaed901 c9a4b8853f3743a89b6ce1c55d4fb9ce e2adaf84933a41b09ed10104cb91dc0e - - - -] Successfully bumped revision number for resource 0f113762-444e-4d1c-926e-e764a4b77823 (type: floatingips) to 3
2026-06-18 16:28:49.489 10 INFO neutron.wsgi [None req-ed4c9a32-072c-466b-9417-913dbfaed901 c9a4b8853f3743a89b6ce1c55d4fb9ce e2adaf84933a41b09ed10104cb91dc0e - - - -] 10.0.0.138 "PUT /v2.0/floatingips/0f113762-444e-4d1c-926e-e764a4b77823 HTTP/1.1" status: 200 len: 1036 time: 1.0748153
2026-06-18 16:28:49.495 10 WARNING neutron.scheduler.dhcp_agent_scheduler [None req-0a79faa2-ff1a-4926-b1b3-36558526bedf 8f2f746ddb4740a7beb11eae344c50bb 9c270a5618fb4cf7a99754312018d341 - - - -] No more DHCP agents /var/lib/openstack/lib/python3.10/site-packages/pycadf/identifier.py:71: UserWarning: Invalid uuid: neutron. To ensure interoperability, identifiers should be a valid uuid. warnings.warn(('Invalid uuid: %s. To ensure interoperability, '
2026-06-18 16:28:49.503 10 WARNING neutron.api.rpc.agentnotifiers.dhcp_rpc_agent_api [None req-0a79faa2-ff1a-4926-b1b3-36558526bedf 8f2f746ddb4740a7beb11eae344c50bb 9c270a5618fb4cf7a99754312018d341 - - - -] Unable to schedule network 94be2d8f-7cd3-462a-b09f-5792ccad68e3: no agents available; will retry on subsequent port and subnet creation events. /var/lib/openstack/lib/python3.10/site-packages/pycadf/identifier.py:71: UserWarning: Invalid uuid: neutron. To ensure interoperability, identifiers should be a valid uuid. warnings.warn(('Invalid uuid: %s. To ensure interoperability, '
2026-06-18 16:28:49.589 9 INFO neutron.wsgi [req-cbfcde05-6683-429a-b1fc-e69ebdf90fc9 req-55602809-9984-4606-9b3f-2dc6111a48dc c2d5cbb2431147b98672fc0bd348da05 3b2d9315a53c4764b2508a94ca06d994 - - default default] 10.0.0.28 "GET /v2.0/ports?device_id=fe853d53-eb3a-40b9-882e-8e6b4f883965 HTTP/1.1" status: 200 len: 210 time: 0.0386913
2026-06-18 16:28:49.620 10 INFO neutron.db.ovn_revision_numbers_db [None req-0a79faa2-ff1a-4926-b1b3-36558526bedf 8f2f746ddb4740a7beb11eae344c50bb 9c270a5618fb4cf7a99754312018d341 - - - -] Successfully bumped revision number for resource 3b80a9de-7c6a-4836-ac86-971c6616d628 (type: ports) to 1
2026-06-18 16:28:49.656 10 INFO neutron.wsgi [None req-0a79faa2-ff1a-4926-b1b3-36558526bedf 8f2f746ddb4740a7beb11eae344c50bb 9c270a5618fb4cf7a99754312018d341 - - - -] 10.0.0.138 "POST /v2.0/ports HTTP/1.1" status: 201 len: 942 time: 0.4730413 /var/lib/openstack/lib/python3.10/site-packages/pycadf/identifier.py:71: UserWarning: Invalid uuid: neutron. To ensure interoperability, identifiers should be a valid uuid. warnings.warn(('Invalid uuid: %s. To ensure interoperability, '
2026-06-18 16:28:49.667 10 INFO neutron.db.l3_db [None req-88e39860-cb0f-4737-99bb-bb69b75ba7c5 c9a4b8853f3743a89b6ce1c55d4fb9ce e2adaf84933a41b09ed10104cb91dc0e - - - -] Floating IP 0f113762-444e-4d1c-926e-e764a4b77823 disassociated. External IP: 10.96.250.205, port: 64ad692d-46cf-4a29-8d21-9e0e6aeabb4c.
2026-06-18 16:28:49.688 10 INFO neutron.db.ovn_revision_numbers_db [None req-88e39860-cb0f-4737-99bb-bb69b75ba7c5 c9a4b8853f3743a89b6ce1c55d4fb9ce e2adaf84933a41b09ed10104cb91dc0e - - - -] Successfully bumped revision number for resource 0f113762-444e-4d1c-926e-e764a4b77823 (type: floatingips) to 4
2026-06-18 16:28:49.756 9 WARNING neutron.scheduler.dhcp_agent_scheduler [None req-1a208d62-d4ea-4434-bdbc-33bc9a9e31d4 c2d5cbb2431147b98672fc0bd348da05 3b2d9315a53c4764b2508a94ca06d994 - - - -] No more DHCP agents
2026-06-18 16:28:49.758 9 WARNING neutron.api.rpc.agentnotifiers.dhcp_rpc_agent_api [None req-1a208d62-d4ea-4434-bdbc-33bc9a9e31d4 c2d5cbb2431147b98672fc0bd348da05 3b2d9315a53c4764b2508a94ca06d994 - - - -] Unable to schedule network 37505910-4485-460b-b334-d868346e971e: no agents available; will retry on subsequent port and subnet creation events.
2026-06-18 16:28:49.772 10 INFO neutron.wsgi [None req-88e39860-cb0f-4737-99bb-bb69b75ba7c5 c9a4b8853f3743a89b6ce1c55d4fb9ce e2adaf84933a41b09ed10104cb91dc0e - - - -] 10.0.0.138 "PUT /v2.0/floatingips/0f113762-444e-4d1c-926e-e764a4b77823 HTTP/1.1" status: 200 len: 748 time: 0.2778878
