2026-06-18 16:27:37.805 9 INFO neutron.wsgi [None req-5a9cd4ea-3deb-4315-9149-015d84c66ca1 e65eb2389f6c4721a65e74d1a79a1192 539b883785aa4b5bb64be38f7c0c3c6d - - - -] 10.0.0.138 "PUT /v2.0/routers/967b6457-b79d-4156-a5ca-1457fb0e4cd9/add_router_interface HTTP/1.1" status: 200 len: 503 time: 2.9089253
2026-06-18 16:27:37.858 9 INFO neutron.wsgi [None req-8620d801-feb5-408f-9100-337af3aa777b e65eb2389f6c4721a65e74d1a79a1192 539b883785aa4b5bb64be38f7c0c3c6d - - default default] 10.0.0.138 "GET /v2.0/ports/1be0d848-1caa-46ec-8d5e-f1db927182e0 HTTP/1.1" status: 200 len: 1219 time: 0.0472505
2026-06-18 16:27:37.895 9 INFO neutron.wsgi [req-af4ae74b-b30b-4590-8d60-14ceb3f107c0 req-afa3b6c0-5165-4af1-8705-9a39e44d492b 904dfcd0042142e5896a667eef09f1ad 1b0811b8348d4d22b803316b5a75872a - - 4df68552b8fc48988c746818700f8910 4df68552b8fc48988c746818700f8910] 199.19.213.203 "GET /v2.0/networks/b0e0b2ba-03e5-40aa-ab81-1fec1cc76cd3?fields=provider%3Aphysical_network&fields=provider%3Anetwork_type HTTP/1.1" status: 200 len: 277 time: 0.1046329
2026-06-18 16:27:37.926 10 INFO neutron.wsgi [None req-ddbbf0f5-3c8b-40d3-83ee-ca56e28b1c4d 1a7579f1968d4b94adea2a3f5c5662f4 ac7784256f2b4d08b307a7517c1cbc8c - - - -] 10.0.0.138 "PUT /v2.0/routers/9eed43c4-b91d-4afc-9dd1-ee77fc5de8ee/remove_router_interface HTTP/1.1" status: 200 len: 503 time: 1.5508811 /var/lib/openstack/lib/python3.10/site-packages/pycadf/identifier.py:71: UserWarning: Invalid uuid: neutron. To ensure interoperability, identifiers should be a valid uuid. warnings.warn(('Invalid uuid: %s. To ensure interoperability, ' /var/lib/openstack/lib/python3.10/site-packages/pycadf/identifier.py:71: UserWarning: Invalid uuid: neutron. To ensure interoperability, identifiers should be a valid uuid. warnings.warn(('Invalid uuid: %s. To ensure interoperability, '
2026-06-18 16:27:38.351 9 INFO neutron.wsgi [req-a0bab76e-df74-4a4c-84f7-53401f9a8105 req-e1f925bb-06df-4427-94ac-69a493f5d2db 3dfd4fc0093b48618c7fbabd2ff898e5 8e1e8147cea14577b100432d995432ab - - default default] 10.0.0.28 "GET /v2.0/ports?device_id=fc5259be-3856-4361-b09b-5668bdcf1bab HTTP/1.1" status: 200 len: 1168 time: 0.1132014
2026-06-18 16:27:38.398 9 INFO neutron.wsgi [req-a0bab76e-df74-4a4c-84f7-53401f9a8105 req-623a906d-66b4-4e3c-9935-9a67e9e53965 3dfd4fc0093b48618c7fbabd2ff898e5 8e1e8147cea14577b100432d995432ab - - default default] 10.0.0.28 "GET /v2.0/security-groups?id=f1fbad6e-efe2-442b-a6f1-c8d888045d3d&fields=id&fields=name HTTP/1.1" status: 200 len: 286 time: 0.0395262
2026-06-18 16:27:38.584 9 INFO neutron.wsgi [None req-3551f1a7-e4c4-43d0-8144-b28cddc57139 e65eb2389f6c4721a65e74d1a79a1192 539b883785aa4b5bb64be38f7c0c3c6d - - - -] 10.0.0.138 "PUT /v2.0/routers/967b6457-b79d-4156-a5ca-1457fb0e4cd9/remove_router_interface HTTP/1.1" status: 200 len: 503 time: 0.7202537 /var/lib/openstack/lib/python3.10/site-packages/pycadf/identifier.py:71: UserWarning: Invalid uuid: neutron. To ensure interoperability, identifiers should be a valid uuid. warnings.warn(('Invalid uuid: %s. To ensure interoperability, '
2026-06-18 16:27:38.627 10 INFO neutron.wsgi [None req-b34b99b9-f218-417e-99fa-62bcf4c6c446 1a7579f1968d4b94adea2a3f5c5662f4 ac7784256f2b4d08b307a7517c1cbc8c - - - -] 10.0.0.138 "DELETE /v2.0/routers/9eed43c4-b91d-4afc-9dd1-ee77fc5de8ee HTTP/1.1" status: 204 len: 168 time: 0.6934392
2026-06-18 16:27:38.664 9 INFO neutron.api.v2.resource [None req-edae18aa-4698-409a-b4e4-4078cda77f6f e65eb2389f6c4721a65e74d1a79a1192 539b883785aa4b5bb64be38f7c0c3c6d - - default default] remove_router_interface failed (client error): The resource could not be found.
2026-06-18 16:27:38.665 9 INFO neutron.wsgi [None req-edae18aa-4698-409a-b4e4-4078cda77f6f e65eb2389f6c4721a65e74d1a79a1192 539b883785aa4b5bb64be38f7c0c3c6d - - default default] 10.0.0.138 "PUT /v2.0/routers/967b6457-b79d-4156-a5ca-1457fb0e4cd9/remove_router_interface HTTP/1.1" status: 404 len: 398 time: 0.0752954
2026-06-18 16:27:38.691 9 INFO neutron.wsgi [None req-f59488e5-77f9-4d94-9f4a-d080a0b34e5d e65eb2389f6c4721a65e74d1a79a1192 539b883785aa4b5bb64be38f7c0c3c6d - - default default] 10.0.0.138 "GET /v2.0/ports?device_id=967b6457-b79d-4156-a5ca-1457fb0e4cd9 HTTP/1.1" status: 200 len: 205 time: 0.0202169
2026-06-18 16:27:38.838 10 INFO neutron.wsgi [None req-0de8e524-db91-4455-ae34-b90ba83d0c87 1a7579f1968d4b94adea2a3f5c5662f4 ac7784256f2b4d08b307a7517c1cbc8c - - - -] 10.0.0.138 "DELETE /v2.0/subnets/6dcb7d79-5484-44c6-9bbb-b3bb75411091 HTTP/1.1" status: 204 len: 168 time: 0.2070143
2026-06-18 16:27:38.955 9 INFO neutron.wsgi [None req-6e6e4f4a-7332-4bd3-8daf-cc8a48de50dc e65eb2389f6c4721a65e74d1a79a1192 539b883785aa4b5bb64be38f7c0c3c6d - - - -] 10.0.0.138 "DELETE /v2.0/routers/967b6457-b79d-4156-a5ca-1457fb0e4cd9 HTTP/1.1" status: 204 len: 168 time: 0.2581494
2026-06-18 16:27:39.152 9 INFO neutron.wsgi [None req-d4a1dbd3-38ea-4bf4-aa33-67dcae5c6cdb e65eb2389f6c4721a65e74d1a79a1192 539b883785aa4b5bb64be38f7c0c3c6d - - - -] 10.0.0.138 "DELETE /v2.0/subnets/798fa002-2564-4b64-a371-7f6c29fe6923 HTTP/1.1" status: 204 len: 168 time: 0.1928439
2026-06-18 16:27:39.246 10 INFO neutron.services.segments.plugin [-] Segment da8bb1c6-f5a6-4b6f-982e-abcdc15d3f01 resource provider aggregate not found
2026-06-18 16:27:39.252 10 INFO neutron.services.segments.plugin [-] Segment da8bb1c6-f5a6-4b6f-982e-abcdc15d3f01 resource provider aggregate not found
2026-06-18 16:27:39.266 10 INFO neutron.services.segments.plugin [-] Segment da8bb1c6-f5a6-4b6f-982e-abcdc15d3f01 resource provider not found; error: Placement Client Error (4xx): {"errors": [{"status": 404, "title": "Not Found", "detail": "The resource could not be found.\n\n No resource provider with uuid da8bb1c6-f5a6-4b6f-982e-abcdc15d3f01 found for delete ", "request_id": "req-5d42dd3f-c043-420e-8daa-077799e26f21"}]}
2026-06-18 16:27:39.281 10 INFO neutron.services.segments.plugin [-] Segment da8bb1c6-f5a6-4b6f-982e-abcdc15d3f01 resource provider not found; error: Placement Client Error (4xx): {"errors": [{"status": 404, "title": "Not Found", "detail": "The resource could not be found.\n\n No resource provider with uuid da8bb1c6-f5a6-4b6f-982e-abcdc15d3f01 found for delete ", "request_id": "req-634bddb2-5003-41ce-9ef7-07c7fd4a8a7d"}]}
2026-06-18 16:27:39.292 10 INFO neutron.wsgi [None req-037f355b-1b50-4405-8690-d9db39a03bb7 1a7579f1968d4b94adea2a3f5c5662f4 ac7784256f2b4d08b307a7517c1cbc8c - - - -] 10.0.0.138 "DELETE /v2.0/networks/aaef13f5-3fa2-48b0-809c-d119a16bd3ad HTTP/1.1" status: 204 len: 168 time: 0.4460201
2026-06-18 16:27:39.438 10 INFO neutron.wsgi [None req-2422571d-9e8a-4b53-9db4-150750c0fcbc 1a7579f1968d4b94adea2a3f5c5662f4 ac7784256f2b4d08b307a7517c1cbc8c - - default default] 10.0.0.138 "GET /v2.0/security-groups?tenant_id=df7bce441f494989ac0d5991fb0e82e7&name=default HTTP/1.1" status: 200 len: 2996 time: 0.0306230
2026-06-18 16:27:39.518 9 INFO neutron.wsgi [req-9decd2cd-5cd0-44b8-975e-eb12da4c6761 req-75f1f59f-b083-49c0-b569-670f71c6cff9 3dfd4fc0093b48618c7fbabd2ff898e5 8e1e8147cea14577b100432d995432ab - - default default] 10.0.0.28 "GET /v2.0/ports?device_id=fc5259be-3856-4361-b09b-5668bdcf1bab HTTP/1.1" status: 200 len: 1168 time: 0.0484450
2026-06-18 16:27:39.522 9 INFO neutron.services.segments.plugin [-] Segment 71a150b7-22c1-4551-81f9-294cae0d865f resource provider aggregate not found
2026-06-18 16:27:39.536 9 INFO neutron.services.segments.plugin [-] Segment 71a150b7-22c1-4551-81f9-294cae0d865f resource provider aggregate not found
2026-06-18 16:27:39.556 9 INFO neutron.services.segments.plugin [-] Segment 71a150b7-22c1-4551-81f9-294cae0d865f resource provider not found; error: Placement Client Error (4xx): {"errors": [{"status": 404, "title": "Not Found", "detail": "The resource could not be found.\n\n No resource provider with uuid 71a150b7-22c1-4551-81f9-294cae0d865f found for delete ", "request_id": "req-4ef817b8-ef10-405e-aa36-036144ce0cbc"}]}
2026-06-18 16:27:39.570 9 WARNING neutron.plugins.ml2.drivers.ovn.mech_driver.ovsdb.ovn_client [None req-ae9029ba-6d85-4ed1-a594-03b511ad510c - - - - - -] No hosting information found for port c10e9c0a-a810-49ca-a188-46151b603bf7: RuntimeError: No hosting information found for port c10e9c0a-a810-49ca-a188-46151b603bf7
2026-06-18 16:27:39.597 9 INFO neutron.services.segments.plugin [-] Segment 71a150b7-22c1-4551-81f9-294cae0d865f resource provider not found; error: Placement Client Error (4xx): {"errors": [{"status": 404, "title": "Not Found", "detail": "The resource could not be found.\n\n No resource provider with uuid 71a150b7-22c1-4551-81f9-294cae0d865f found for delete ", "request_id": "req-8b1e1569-8d13-4ace-bd3f-0d5ffbad89b8"}]}
2026-06-18 16:27:39.604 9 INFO neutron.plugins.ml2.drivers.ovn.mech_driver.mech_driver [None req-ae9029ba-6d85-4ed1-a594-03b511ad510c - - - - - -] OVN reports status down for port: f46ea5a4-63b5-409e-b4c8-5f1e49379180
2026-06-18 16:27:39.624 9 INFO neutron.wsgi [req-9decd2cd-5cd0-44b8-975e-eb12da4c6761 req-262690ae-40cb-4f7e-8dcd-2760632a927a 3dfd4fc0093b48618c7fbabd2ff898e5 8e1e8147cea14577b100432d995432ab - - default default] 10.0.0.28 "GET /v2.0/security-groups?id=f1fbad6e-efe2-442b-a6f1-c8d888045d3d&fields=id&fields=name HTTP/1.1" status: 200 len: 286 time: 0.0887313
2026-06-18 16:27:39.654 9 INFO neutron.plugins.ml2.drivers.ovn.mech_driver.mech_driver [None req-ae9029ba-6d85-4ed1-a594-03b511ad510c - - - - - -] OVN reports status up for port: 1be0d848-1caa-46ec-8d5e-f1db927182e0
2026-06-18 16:27:39.659 9 INFO neutron.wsgi [None req-c1917ae6-55fa-4e36-82be-10c7277ab71b e65eb2389f6c4721a65e74d1a79a1192 539b883785aa4b5bb64be38f7c0c3c6d - - - -] 10.0.0.138 "DELETE /v2.0/networks/40fd4aa8-6624-4242-a8e0-c58dee5746ce HTTP/1.1" status: 204 len: 168 time: 0.5031643
2026-06-18 16:27:39.677 9 INFO neutron.plugins.ml2.drivers.ovn.mech_driver.mech_driver [None req-ae9029ba-6d85-4ed1-a594-03b511ad510c - - - - - -] OVN reports status up for port: 3cec26a8-82c4-4867-99e4-6cf6c9b16c21
2026-06-18 16:27:39.688 9 INFO neutron.plugins.ml2.plugin [None req-ae9029ba-6d85-4ed1-a594-03b511ad510c - - - - - -] Attempt 1 to provision port 3cec26a8-82c4-4867-99e4-6cf6c9b16c21
2026-06-18 16:27:39.727 10 INFO neutron.wsgi [None req-356ce9a6-42ab-4bb1-ae2f-e3243fe305db 1a7579f1968d4b94adea2a3f5c5662f4 ac7784256f2b4d08b307a7517c1cbc8c - - - -] 10.0.0.138 "DELETE /v2.0/security-groups/da730a37-1dfb-4bdf-befa-e9fe74c461ea HTTP/1.1" status: 204 len: 168 time: 0.2833207
2026-06-18 16:27:39.774 10 INFO neutron.db.segments_db [None req-316ef3ec-a0ae-4a51-af62-563598c58e51 e65eb2389f6c4721a65e74d1a79a1192 539b883785aa4b5bb64be38f7c0c3c6d - - - -] Added segment e28ae53a-cfb7-42d3-a0b2-c6f7502da56c of type geneve for network e2575502-2240-4937-9ae2-6e23964f1ca1
2026-06-18 16:27:39.802 9 INFO neutron.notifiers.nova [-] Nova event matching ['req-0236a41a-9895-402a-bb58-8d18adc8c97a'] response: {'server_uuid': 'fc5259be-3856-4361-b09b-5668bdcf1bab', 'name': 'network-vif-plugged', 'status': 'completed', 'tag': '3cec26a8-82c4-4867-99e4-6cf6c9b16c21', 'code': 200}
2026-06-18 16:27:39.910 10 INFO neutron.db.ovn_revision_numbers_db [None req-316ef3ec-a0ae-4a51-af62-563598c58e51 e65eb2389f6c4721a65e74d1a79a1192 539b883785aa4b5bb64be38f7c0c3c6d - - - -] Successfully bumped revision number for resource e2575502-2240-4937-9ae2-6e23964f1ca1 (type: networks) to 1
2026-06-18 16:27:40.103 10 WARNING neutron.scheduler.dhcp_agent_scheduler [None req-316ef3ec-a0ae-4a51-af62-563598c58e51 e65eb2389f6c4721a65e74d1a79a1192 539b883785aa4b5bb64be38f7c0c3c6d - - - -] No more DHCP agents
2026-06-18 16:27:40.104 10 WARNING neutron.api.rpc.agentnotifiers.dhcp_rpc_agent_api [None req-316ef3ec-a0ae-4a51-af62-563598c58e51 e65eb2389f6c4721a65e74d1a79a1192 539b883785aa4b5bb64be38f7c0c3c6d - - - -] Unable to schedule network e2575502-2240-4937-9ae2-6e23964f1ca1: no agents available; will retry on subsequent port and subnet creation events.
2026-06-18 16:27:40.186 10 INFO neutron.db.ovn_revision_numbers_db [None req-316ef3ec-a0ae-4a51-af62-563598c58e51 e65eb2389f6c4721a65e74d1a79a1192 539b883785aa4b5bb64be38f7c0c3c6d - - - -] Successfully bumped revision number for resource fc25cb79-c27f-4712-872d-39d76991b9dc (type: ports) to 1
2026-06-18 16:27:40.209 10 INFO neutron.wsgi [None req-316ef3ec-a0ae-4a51-af62-563598c58e51 e65eb2389f6c4721a65e74d1a79a1192 539b883785aa4b5bb64be38f7c0c3c6d - - - -] 10.0.0.138 "POST /v2.0/networks HTTP/1.1" status: 201 len: 832 time: 0.5435653
2026-06-18 16:27:40.292 9 INFO neutron.db.ovn_revision_numbers_db [None req-ae9029ba-6d85-4ed1-a594-03b511ad510c - - - - - -] Successfully bumped revision number for resource 3cec26a8-82c4-4867-99e4-6cf6c9b16c21 (type: ports) to 4
2026-06-18 16:27:40.542 10 WARNING neutron.scheduler.dhcp_agent_scheduler [None req-ba3e2ab9-23e0-42fd-aa55-ccc5f3260058 e65eb2389f6c4721a65e74d1a79a1192 539b883785aa4b5bb64be38f7c0c3c6d - - - -] No more DHCP agents
2026-06-18 16:27:40.549 10 WARNING neutron.api.rpc.agentnotifiers.dhcp_rpc_agent_api [None req-ba3e2ab9-23e0-42fd-aa55-ccc5f3260058 e65eb2389f6c4721a65e74d1a79a1192 539b883785aa4b5bb64be38f7c0c3c6d - - - -] Unable to schedule network e2575502-2240-4937-9ae2-6e23964f1ca1: no agents available; will retry on subsequent port and subnet creation events.
2026-06-18 16:27:40.574 10 INFO neutron.db.ovn_revision_numbers_db [None req-ba3e2ab9-23e0-42fd-aa55-ccc5f3260058 e65eb2389f6c4721a65e74d1a79a1192 539b883785aa4b5bb64be38f7c0c3c6d - - - -] Successfully bumped revision number for resource 99f88dfc-5c66-4ce2-83d1-ff08b2553b19 (type: subnets) to 0
2026-06-18 16:27:40.592 10 INFO neutron.wsgi [None req-ba3e2ab9-23e0-42fd-aa55-ccc5f3260058 e65eb2389f6c4721a65e74d1a79a1192 539b883785aa4b5bb64be38f7c0c3c6d - - - -] 10.0.0.138 "POST /v2.0/subnets HTTP/1.1" status: 201 len: 821 time: 0.3778894 /var/lib/openstack/lib/python3.10/site-packages/pycadf/identifier.py:71: UserWarning: Invalid uuid: neutron. To ensure interoperability, identifiers should be a valid uuid. warnings.warn(('Invalid uuid: %s. To ensure interoperability, '
2026-06-18 16:27:40.727 9 INFO neutron.wsgi [req-d3b52dd2-6f99-4e87-b23c-ccc50c34e67d req-4f91ddc5-44c7-48f2-a8a8-c0377e5f9f06 3dfd4fc0093b48618c7fbabd2ff898e5 8e1e8147cea14577b100432d995432ab - - default default] 10.0.0.28 "GET /v2.0/ports?device_id=fc5259be-3856-4361-b09b-5668bdcf1bab HTTP/1.1" status: 200 len: 1170 time: 0.0353303
2026-06-18 16:27:40.769 9 INFO neutron.wsgi [req-d3b52dd2-6f99-4e87-b23c-ccc50c34e67d req-46453de8-9ebd-4cca-92db-4524691c7936 3dfd4fc0093b48618c7fbabd2ff898e5 8e1e8147cea14577b100432d995432ab - - default default] 10.0.0.28 "GET /v2.0/security-groups?id=f1fbad6e-efe2-442b-a6f1-c8d888045d3d&fields=id&fields=name HTTP/1.1" status: 200 len: 286 time: 0.0326049
2026-06-18 16:27:40.808 10 INFO neutron.db.ovn_revision_numbers_db [None req-6376caad-bb2a-47ff-b915-1eac43bdb663 e65eb2389f6c4721a65e74d1a79a1192 539b883785aa4b5bb64be38f7c0c3c6d - - - -] Successfully bumped revision number for resource 154f1a21-7f38-4355-a22e-281929661445 (type: routers) to 1
2026-06-18 16:27:40.824 10 INFO neutron.wsgi [None req-6376caad-bb2a-47ff-b915-1eac43bdb663 e65eb2389f6c4721a65e74d1a79a1192 539b883785aa4b5bb64be38f7c0c3c6d - - - -] 10.0.0.138 "POST /v2.0/routers HTTP/1.1" status: 201 len: 691 time: 0.2258487
2026-06-18 16:27:41.120 9 INFO neutron.plugins.ml2.drivers.ovn.mech_driver.mech_driver [None req-ae9029ba-6d85-4ed1-a594-03b511ad510c - - - - - -] OVN reports status down for port: 3cec26a8-82c4-4867-99e4-6cf6c9b16c21
2026-06-18 16:27:41.131 9 INFO neutron.wsgi [req-4128a739-7955-498d-a6b9-ea6c33c4e961 req-ac60eff3-5a59-4826-bde1-73e77b1f3fb4 3dfd4fc0093b48618c7fbabd2ff898e5 8e1e8147cea14577b100432d995432ab - - default default] 10.0.0.28 "GET /v2.0/ports?device_id=fc5259be-3856-4361-b09b-5668bdcf1bab HTTP/1.1" status: 200 len: 1170 time: 0.0584426
2026-06-18 16:27:41.191 9 INFO neutron.wsgi [req-4128a739-7955-498d-a6b9-ea6c33c4e961 req-944ba47f-54df-4470-a938-83dd884ad94f 3dfd4fc0093b48618c7fbabd2ff898e5 8e1e8147cea14577b100432d995432ab - - default default] 10.0.0.28 "GET /v2.0/security-groups?id=f1fbad6e-efe2-442b-a6f1-c8d888045d3d&fields=id&fields=name HTTP/1.1" status: 200 len: 286 time: 0.0406158
2026-06-18 16:27:41.291 10 WARNING neutron.scheduler.dhcp_agent_scheduler [None req-abfbb56d-91dc-4585-9060-a0da7d4b2a39 e65eb2389f6c4721a65e74d1a79a1192 539b883785aa4b5bb64be38f7c0c3c6d - - default default] No more DHCP agents
2026-06-18 16:27:41.294 10 WARNING neutron.api.rpc.agentnotifiers.dhcp_rpc_agent_api [None req-abfbb56d-91dc-4585-9060-a0da7d4b2a39 e65eb2389f6c4721a65e74d1a79a1192 539b883785aa4b5bb64be38f7c0c3c6d - - default default] Unable to schedule network e2575502-2240-4937-9ae2-6e23964f1ca1: no agents available; will retry on subsequent port and subnet creation events.
2026-06-18 16:27:41.396 10 INFO neutron.db.ovn_revision_numbers_db [None req-abfbb56d-91dc-4585-9060-a0da7d4b2a39 e65eb2389f6c4721a65e74d1a79a1192 539b883785aa4b5bb64be38f7c0c3c6d - - default default] Successfully bumped revision number for resource 0705830a-79a0-40d3-abea-86155518d857 (type: ports) to 1
2026-06-18 16:27:41.434 9 INFO neutron.wsgi [req-732a2fe1-02fe-4a69-aeee-0eed2d9ddb3c req-7f22dcbe-6cad-4e03-a5c8-fbe82158a6cc 3dfd4fc0093b48618c7fbabd2ff898e5 8e1e8147cea14577b100432d995432ab - - default default] 199.19.213.203 "GET /v2.0/ports?device_id=fc5259be-3856-4361-b09b-5668bdcf1bab HTTP/1.1" status: 200 len: 1168 time: 0.0438740
2026-06-18 16:27:41.449 9 INFO neutron.db.ovn_revision_numbers_db [None req-ae9029ba-6d85-4ed1-a594-03b511ad510c - - - - - -] Successfully bumped revision number for resource 3cec26a8-82c4-4867-99e4-6cf6c9b16c21 (type: ports) to 5
2026-06-18 16:27:41.487 10 INFO neutron.wsgi [req-1a850e6e-42fa-49a3-aee8-31031b528067 req-9e67181e-4eae-4cd3-a161-e2c28f995cd4 904dfcd0042142e5896a667eef09f1ad 1b0811b8348d4d22b803316b5a75872a - - 4df68552b8fc48988c746818700f8910 4df68552b8fc48988c746818700f8910] 10.0.0.66 "GET /v2.0/ports?device_id=fb0c34c0-a10e-4f60-8613-ced380fea13d HTTP/1.1" status: 200 len: 1365 time: 0.2791951
2026-06-18 16:27:41.717 9 INFO neutron.wsgi [None req-e43b9bc6-2f74-455c-bd3b-3d447bbc87bd 3dfd4fc0093b48618c7fbabd2ff898e5 8e1e8147cea14577b100432d995432ab - - - -] 199.19.213.203 "DELETE /v2.0/ports/3cec26a8-82c4-4867-99e4-6cf6c9b16c21 HTTP/1.1" status: 204 len: 173 time: 0.2741940
2026-06-18 16:27:41.761 10 INFO neutron.wsgi [req-1a850e6e-42fa-49a3-aee8-31031b528067 req-0f22ec32-ecf0-4571-ac64-877597a5514c 904dfcd0042142e5896a667eef09f1ad 1b0811b8348d4d22b803316b5a75872a - - 4df68552b8fc48988c746818700f8910 4df68552b8fc48988c746818700f8910] 10.0.0.66 "GET /v2.0/security-groups?id=8cd032f6-8cf7-442a-a216-95596d03e0cf&fields=id&fields=name HTTP/1.1" status: 200 len: 313 time: 0.0385036
2026-06-18 16:27:41.857 9 INFO neutron.notifiers.nova [-] Nova event matching ['req-1cc8401b-f294-4b32-b1d7-722097b69975'] response: {'server_uuid': 'fc5259be-3856-4361-b09b-5668bdcf1bab', 'name': 'network-vif-plugged', 'status': 'completed', 'tag': '3cec26a8-82c4-4867-99e4-6cf6c9b16c21', 'code': 200}
2026-06-18 16:27:41.857 9 INFO neutron.notifiers.nova [-] Nova event matching ['req-1cc8401b-f294-4b32-b1d7-722097b69975'] response: {'server_uuid': 'fc5259be-3856-4361-b09b-5668bdcf1bab', 'name': 'network-vif-unplugged', 'status': 'completed', 'tag': '3cec26a8-82c4-4867-99e4-6cf6c9b16c21', 'code': 200}
2026-06-18 16:27:41.858 9 INFO neutron.notifiers.nova [-] Nova event matching ['req-1cc8401b-f294-4b32-b1d7-722097b69975'] response: {'server_uuid': 'fc5259be-3856-4361-b09b-5668bdcf1bab', 'name': 'network-vif-plugged', 'status': 'completed', 'tag': '3cec26a8-82c4-4867-99e4-6cf6c9b16c21', 'code': 200}
2026-06-18 16:27:41.858 9 INFO neutron.notifiers.nova [-] Nova event matching ['req-1cc8401b-f294-4b32-b1d7-722097b69975'] response: {'server_uuid': 'fc5259be-3856-4361-b09b-5668bdcf1bab', 'name': 'network-vif-deleted', 'tag': '3cec26a8-82c4-4867-99e4-6cf6c9b16c21', 'status': 'completed', 'code': 200}
2026-06-18 16:27:42.104 10 INFO neutron.plugins.ml2.drivers.ovn.mech_driver.mech_driver [None req-80484ea4-37af-413e-92b6-1c989940594e - - - - - -] OVN reports status up for port: 0705830a-79a0-40d3-abea-86155518d857
2026-06-18 16:27:42.111 10 INFO neutron.plugins.ml2.plugin [None req-80484ea4-37af-413e-92b6-1c989940594e - - - - - -] Attempt 1 to provision port 0705830a-79a0-40d3-abea-86155518d857
2026-06-18 16:27:42.112 10 INFO neutron.db.ovn_revision_numbers_db [None req-abfbb56d-91dc-4585-9060-a0da7d4b2a39 e65eb2389f6c4721a65e74d1a79a1192 539b883785aa4b5bb64be38f7c0c3c6d - - default default] Successfully bumped revision number for resource 0705830a-79a0-40d3-abea-86155518d857 (type: router_ports) to 2
2026-06-18 16:27:42.230 10 INFO neutron.db.ovn_revision_numbers_db [None req-abfbb56d-91dc-4585-9060-a0da7d4b2a39 e65eb2389f6c4721a65e74d1a79a1192 539b883785aa4b5bb64be38f7c0c3c6d - - default default] Successfully bumped revision number for resource 0705830a-79a0-40d3-abea-86155518d857 (type: ports) to 2 /var/lib/openstack/lib/python3.10/site-packages/pycadf/identifier.py:71: UserWarning: Invalid uuid: neutron. To ensure interoperability, identifiers should be a valid uuid. warnings.warn(('Invalid uuid: %s. To ensure interoperability, '
2026-06-18 16:27:42.325 10 WARNING neutron.scheduler.dhcp_agent_scheduler [None req-abfbb56d-91dc-4585-9060-a0da7d4b2a39 e65eb2389f6c4721a65e74d1a79a1192 539b883785aa4b5bb64be38f7c0c3c6d - - default default] No more DHCP agents
2026-06-18 16:27:42.334 10 WARNING neutron.api.rpc.agentnotifiers.dhcp_rpc_agent_api [None req-abfbb56d-91dc-4585-9060-a0da7d4b2a39 e65eb2389f6c4721a65e74d1a79a1192 539b883785aa4b5bb64be38f7c0c3c6d - - default default] Unable to schedule network e2575502-2240-4937-9ae2-6e23964f1ca1: no agents available; will retry on subsequent port and subnet creation events.
2026-06-18 16:27:42.454 10 INFO neutron.db.ovn_revision_numbers_db [None req-80484ea4-37af-413e-92b6-1c989940594e - - - - - -] Successfully bumped revision number for resource 0705830a-79a0-40d3-abea-86155518d857 (type: ports) to 3
2026-06-18 16:27:42.563 10 INFO neutron.db.ovn_revision_numbers_db [None req-abfbb56d-91dc-4585-9060-a0da7d4b2a39 e65eb2389f6c4721a65e74d1a79a1192 539b883785aa4b5bb64be38f7c0c3c6d - - - -] Successfully bumped revision number for resource 0705830a-79a0-40d3-abea-86155518d857 (type: router_ports) to 3
2026-06-18 16:27:42.565 10 INFO neutron.wsgi [None req-abfbb56d-91dc-4585-9060-a0da7d4b2a39 e65eb2389f6c4721a65e74d1a79a1192 539b883785aa4b5bb64be38f7c0c3c6d - - - -] 10.0.0.138 "PUT /v2.0/routers/154f1a21-7f38-4355-a22e-281929661445/add_router_interface HTTP/1.1" status: 200 len: 503 time: 1.7347391
2026-06-18 16:27:42.608 10 INFO neutron.wsgi [None req-651bd581-237b-4f3a-ac4b-6a90381b5294 e65eb2389f6c4721a65e74d1a79a1192 539b883785aa4b5bb64be38f7c0c3c6d - - default default] 10.0.0.138 "GET /v2.0/ports/0705830a-79a0-40d3-abea-86155518d857 HTTP/1.1" status: 200 len: 1141 time: 0.0331500
2026-06-18 16:27:42.643 10 INFO neutron.wsgi [None req-298961df-810a-4fff-99f1-f095b485d303 e65eb2389f6c4721a65e74d1a79a1192 539b883785aa4b5bb64be38f7c0c3c6d - - default default] 10.0.0.138 "GET /v2.0/ports/0705830a-79a0-40d3-abea-86155518d857 HTTP/1.1" status: 200 len: 1141 time: 0.0299475
2026-06-18 16:27:43.373 10 INFO neutron.wsgi [None req-bfae05df-f813-417f-bb77-102ff9ec0baf e65eb2389f6c4721a65e74d1a79a1192 539b883785aa4b5bb64be38f7c0c3c6d - - - -] 10.0.0.138 "PUT /v2.0/routers/154f1a21-7f38-4355-a22e-281929661445/remove_router_interface HTTP/1.1" status: 200 len: 503 time: 0.7245314 /var/lib/openstack/lib/python3.10/site-packages/pycadf/identifier.py:71: UserWarning: Invalid uuid: neutron. To ensure interoperability, identifiers should be a valid uuid. warnings.warn(('Invalid uuid: %s. To ensure interoperability, '
2026-06-18 16:27:43.388 9 INFO neutron.wsgi [None req-25be3731-c50b-47bf-b4f6-e05d89f4d921 1a7579f1968d4b94adea2a3f5c5662f4 ac7784256f2b4d08b307a7517c1cbc8c - - - -] 10.0.0.138 "PUT /v2.0/routers/e7c71e94-d9d9-401d-9c5f-263b6765770d/remove_router_interface HTTP/1.1" status: 200 len: 503 time: 1.1267822 /var/lib/openstack/lib/python3.10/site-packages/pycadf/identifier.py:71: UserWarning: Invalid uuid: neutron. To ensure interoperability, identifiers should be a valid uuid. warnings.warn(('Invalid uuid: %s. To ensure interoperability, '
2026-06-18 16:27:43.420 10 INFO neutron.wsgi [None req-3df30a8f-e2b7-436b-8012-6d182ccdd547 e65eb2389f6c4721a65e74d1a79a1192 539b883785aa4b5bb64be38f7c0c3c6d - - default default] 10.0.0.138 "GET /v2.0/ports?device_id=154f1a21-7f38-4355-a22e-281929661445 HTTP/1.1" status: 200 len: 205 time: 0.0402153
2026-06-18 16:27:43.662 10 INFO neutron.wsgi [None req-cd9a8972-7018-45f8-9c11-73d673973bde e65eb2389f6c4721a65e74d1a79a1192 539b883785aa4b5bb64be38f7c0c3c6d - - - -] 10.0.0.138 "DELETE /v2.0/routers/154f1a21-7f38-4355-a22e-281929661445 HTTP/1.1" status: 204 len: 168 time: 0.2375133
2026-06-18 16:27:43.897 10 INFO neutron.wsgi [None req-0986a718-8e22-436e-9145-bb544931a0d1 e65eb2389f6c4721a65e74d1a79a1192 539b883785aa4b5bb64be38f7c0c3c6d - - - -] 10.0.0.138 "DELETE /v2.0/subnets/99f88dfc-5c66-4ce2-83d1-ff08b2553b19 HTTP/1.1" status: 204 len: 168 time: 0.2299411
2026-06-18 16:27:44.142 9 INFO neutron.wsgi [None req-637efada-78f7-4ba0-bbcc-e5f3780e7a4c 1a7579f1968d4b94adea2a3f5c5662f4 ac7784256f2b4d08b307a7517c1cbc8c - - - -] 10.0.0.138 "DELETE /v2.0/routers/e7c71e94-d9d9-401d-9c5f-263b6765770d HTTP/1.1" status: 204 len: 168 time: 0.7490568
2026-06-18 16:27:44.261 9 INFO neutron.db.ovn_revision_numbers_db [None req-5e91d3a6-6577-4200-82ef-b09677808983 1a7579f1968d4b94adea2a3f5c5662f4 ac7784256f2b4d08b307a7517c1cbc8c - - default default] Successfully bumped revision number for resource d987c0cc-ef13-4cd0-8d96-b8c8c8199b97 (type: security_groups) to 1
2026-06-18 16:27:44.285 9 INFO neutron.wsgi [None req-5e91d3a6-6577-4200-82ef-b09677808983 1a7579f1968d4b94adea2a3f5c5662f4 ac7784256f2b4d08b307a7517c1cbc8c - - default default] 10.0.0.138 "GET /v2.0/security-groups?tenant_id=8c8bb85e2cc74452b402d5b7088c1d23&name=default HTTP/1.1" status: 200 len: 2996 time: 0.2939274
2026-06-18 16:27:44.383 10 INFO neutron.services.segments.plugin [-] Segment e28ae53a-cfb7-42d3-a0b2-c6f7502da56c resource provider aggregate not found
2026-06-18 16:27:44.389 10 INFO neutron.services.segments.plugin [-] Segment e28ae53a-cfb7-42d3-a0b2-c6f7502da56c resource provider aggregate not found
2026-06-18 16:27:44.409 10 INFO neutron.services.segments.plugin [-] Segment e28ae53a-cfb7-42d3-a0b2-c6f7502da56c resource provider not found; error: Placement Client Error (4xx): {"errors": [{"status": 404, "title": "Not Found", "detail": "The resource could not be found.\n\n No resource provider with uuid e28ae53a-cfb7-42d3-a0b2-c6f7502da56c found for delete ", "request_id": "req-951a1353-be95-481b-a1ea-b6115d6f63de"}]}
2026-06-18 16:27:44.412 10 INFO neutron.services.segments.plugin [-] Segment e28ae53a-cfb7-42d3-a0b2-c6f7502da56c resource provider not found; error: Placement Client Error (4xx): {"errors": [{"status": 404, "title": "Not Found", "detail": "The resource could not be found.\n\n No resource provider with uuid e28ae53a-cfb7-42d3-a0b2-c6f7502da56c found for delete ", "request_id": "req-44750f32-d4b9-4f52-92cd-3698528a261a"}]}
2026-06-18 16:27:44.431 10 INFO neutron.wsgi [None req-8d85e4bf-2c75-48c8-ba76-1409234c5b95 e65eb2389f6c4721a65e74d1a79a1192 539b883785aa4b5bb64be38f7c0c3c6d - - - -] 10.0.0.138 "DELETE /v2.0/networks/e2575502-2240-4937-9ae2-6e23964f1ca1 HTTP/1.1" status: 204 len: 168 time: 0.5257797
2026-06-18 16:27:44.453 10 INFO neutron.wsgi [None req-83e95826-eb10-45e3-b2d4-d1d95f9e14cd 1a7579f1968d4b94adea2a3f5c5662f4 ac7784256f2b4d08b307a7517c1cbc8c - - - -] 10.0.0.138 "DELETE /v2.0/subnets/85fe7d98-8a0c-46d6-857e-cb0a636cff25 HTTP/1.1" status: 204 len: 168 time: 0.3052971
2026-06-18 16:27:44.533 9 INFO neutron.wsgi [None req-1667cfbf-4def-4e55-b9a4-8109c9e194a6 1a7579f1968d4b94adea2a3f5c5662f4 ac7784256f2b4d08b307a7517c1cbc8c - - - -] 10.0.0.138 "DELETE /v2.0/security-groups/d987c0cc-ef13-4cd0-8d96-b8c8c8199b97 HTTP/1.1" status: 204 len: 168 time: 0.2418919
2026-06-18 16:27:44.742 10 INFO neutron.wsgi [-] 10.0.0.135 "GET / HTTP/1.1" status: 200 len: 247 time: 0.0017228
2026-06-18 16:27:44.745 10 INFO neutron.wsgi [-] 10.0.0.135 "GET / HTTP/1.1" status: 200 len: 247 time: 0.0012197
2026-06-18 16:27:44.830 9 INFO neutron.db.ovn_revision_numbers_db [None req-85c4dc33-3119-4d6d-b6e0-57767be52a73 1a7579f1968d4b94adea2a3f5c5662f4 ac7784256f2b4d08b307a7517c1cbc8c - - default default] Successfully bumped revision number for resource c4cc4bce-d6f7-400f-a992-1b8cc807589f (type: security_groups) to 1
2026-06-18 16:27:44.877 9 INFO neutron.wsgi [None req-85c4dc33-3119-4d6d-b6e0-57767be52a73 1a7579f1968d4b94adea2a3f5c5662f4 ac7784256f2b4d08b307a7517c1cbc8c - - default default] 10.0.0.138 "GET /v2.0/security-groups?tenant_id=7c60192d5ade40a081333fb0f0425d99&name=default HTTP/1.1" status: 200 len: 2996 time: 0.2286332
2026-06-18 16:27:44.895 10 INFO neutron.wsgi [None req-b988e6f8-0623-47f7-86a2-55e260261477 1a7579f1968d4b94adea2a3f5c5662f4 ac7784256f2b4d08b307a7517c1cbc8c - - - -] 10.0.0.138 "DELETE /v2.0/networks/b0e0b2ba-03e5-40aa-ab81-1fec1cc76cd3 HTTP/1.1" status: 204 len: 168 time: 0.4358902
2026-06-18 16:27:45.045 9 WARNING neutron.scheduler.dhcp_agent_scheduler [None req-d06d02a2-7804-4b66-aeaa-bbae0fc41799 e65eb2389f6c4721a65e74d1a79a1192 539b883785aa4b5bb64be38f7c0c3c6d - - - -] No more DHCP agents
2026-06-18 16:27:45.049 9 WARNING neutron.api.rpc.agentnotifiers.dhcp_rpc_agent_api [None req-d06d02a2-7804-4b66-aeaa-bbae0fc41799 e65eb2389f6c4721a65e74d1a79a1192 539b883785aa4b5bb64be38f7c0c3c6d - - - -] Unable to schedule network 76aa89d5-b2c9-4704-a82b-d82dba299687: no agents available; will retry on subsequent port and subnet creation events.
2026-06-18 16:27:45.112 10 INFO neutron.wsgi [None req-f41728d7-3ab0-4f8e-8b8a-34b1d26334e7 1a7579f1968d4b94adea2a3f5c5662f4 ac7784256f2b4d08b307a7517c1cbc8c - - default default] 10.0.0.138 "GET /v2.0/security-groups?tenant_id=8e1e8147cea14577b100432d995432ab&name=default HTTP/1.1" status: 200 len: 2996 time: 0.0345712
2026-06-18 16:27:45.115 10 INFO neutron.wsgi [None req-a758e35f-2c2c-45b2-8b70-cd26d7605281 1a7579f1968d4b94adea2a3f5c5662f4 ac7784256f2b4d08b307a7517c1cbc8c - - - -] 10.0.0.138 "DELETE /v2.0/security-groups/c4cc4bce-d6f7-400f-a992-1b8cc807589f HTTP/1.1" status: 204 len: 168 time: 0.2343562
2026-06-18 16:27:45.191 9 INFO neutron.db.ovn_revision_numbers_db [None req-d06d02a2-7804-4b66-aeaa-bbae0fc41799 e65eb2389f6c4721a65e74d1a79a1192 539b883785aa4b5bb64be38f7c0c3c6d - - - -] Successfully bumped revision number for resource 11e30b96-1265-4ae3-8aa1-54f96ed6494b (type: ports) to 1
2026-06-18 16:27:45.326 10 INFO neutron.wsgi [None req-754ee4cf-6bac-4f3f-9777-09041381b825 1a7579f1968d4b94adea2a3f5c5662f4 ac7784256f2b4d08b307a7517c1cbc8c - - - -] 10.0.0.138 "DELETE /v2.0/security-groups/f1fbad6e-efe2-442b-a6f1-c8d888045d3d HTTP/1.1" status: 204 len: 168 time: 0.2073536
2026-06-18 16:27:46.052 9 INFO neutron.plugins.ml2.drivers.ovn.mech_driver.mech_driver [None req-ae9029ba-6d85-4ed1-a594-03b511ad510c - - - - - -] OVN reports status up for port: 11e30b96-1265-4ae3-8aa1-54f96ed6494b
2026-06-18 16:27:46.063 9 INFO neutron.plugins.ml2.plugin [None req-ae9029ba-6d85-4ed1-a594-03b511ad510c - - - - - -] Attempt 1 to provision port 11e30b96-1265-4ae3-8aa1-54f96ed6494b
2026-06-18 16:27:46.066 9 INFO neutron.db.ovn_revision_numbers_db [None req-d06d02a2-7804-4b66-aeaa-bbae0fc41799 e65eb2389f6c4721a65e74d1a79a1192 539b883785aa4b5bb64be38f7c0c3c6d - - - -] Successfully bumped revision number for resource 11e30b96-1265-4ae3-8aa1-54f96ed6494b (type: router_ports) to 1
2026-06-18 16:27:46.181 9 INFO neutron.db.ovn_revision_numbers_db [None req-d06d02a2-7804-4b66-aeaa-bbae0fc41799 e65eb2389f6c4721a65e74d1a79a1192 539b883785aa4b5bb64be38f7c0c3c6d - - - -] Successfully bumped revision number for resource 236f3403-f8b7-4a26-8344-9d2be62f6dbe (type: routers) to 3
2026-06-18 16:27:46.195 9 INFO neutron.wsgi [None req-d06d02a2-7804-4b66-aeaa-bbae0fc41799 e65eb2389f6c4721a65e74d1a79a1192 539b883785aa4b5bb64be38f7c0c3c6d - - - -] 10.0.0.138 "POST /v2.0/routers HTTP/1.1" status: 201 len: 872 time: 1.7541814
2026-06-18 16:27:46.302 10 INFO neutron.wsgi [None req-3d056eed-4af3-4d24-8405-38ed30959aa2 e65eb2389f6c4721a65e74d1a79a1192 539b883785aa4b5bb64be38f7c0c3c6d - - default default] 10.0.0.138 "GET /v2.0/routers/236f3403-f8b7-4a26-8344-9d2be62f6dbe HTTP/1.1" status: 200 len: 873 time: 0.0973382
2026-06-18 16:27:46.379 9 INFO neutron.wsgi [req-6e0fdbe2-2722-411a-a02b-c0e550d2c4b8 req-1a4981b3-17c9-452a-928c-9dab7d707c33 54f737cba93c48d79578bf18917ada29 cb3cd6df229f490c9f2059f1abb38092 - - default default] 10.0.0.28 "GET /v2.0/ports?device_id=fb0c34c0-a10e-4f60-8613-ced380fea13d HTTP/1.1" status: 200 len: 1174 time: 0.1096032
2026-06-18 16:27:46.416 9 INFO neutron.wsgi [req-6e0fdbe2-2722-411a-a02b-c0e550d2c4b8 req-cc11e6fa-89ec-47ae-9f77-cc75f10f6eaa 54f737cba93c48d79578bf18917ada29 cb3cd6df229f490c9f2059f1abb38092 - - default default] 10.0.0.28 "GET /v2.0/security-groups?id=8cd032f6-8cf7-442a-a216-95596d03e0cf&fields=id&fields=name HTTP/1.1" status: 200 len: 313 time: 0.0295391
2026-06-18 16:27:46.535 9 INFO neutron.wsgi [req-75aa866b-f29e-416a-ae00-e5e16b521ddc req-e1751691-5a1a-479d-9f08-9304753ee4ef 54f737cba93c48d79578bf18917ada29 cb3cd6df229f490c9f2059f1abb38092 - - default default] 10.0.0.28 "GET /v2.0/ports?device_id=fb0c34c0-a10e-4f60-8613-ced380fea13d HTTP/1.1" status: 200 len: 1174 time: 0.0358658
2026-06-18 16:27:46.593 10 INFO neutron.services.segments.plugin [-] Segment 8c28d5ec-0dfd-4af0-8f56-456140a25b5b resource provider aggregate not found
2026-06-18 16:27:46.596 9 INFO neutron.wsgi [req-75aa866b-f29e-416a-ae00-e5e16b521ddc req-afc22809-0e6d-405e-b697-329773d8aea9 54f737cba93c48d79578bf18917ada29 cb3cd6df229f490c9f2059f1abb38092 - - default default] 10.0.0.28 "GET /v2.0/security-groups?id=8cd032f6-8cf7-442a-a216-95596d03e0cf&fields=id&fields=name HTTP/1.1" status: 200 len: 313 time: 0.0538752
2026-06-18 16:27:46.599 10 INFO neutron.services.segments.plugin [-] Segment 8c28d5ec-0dfd-4af0-8f56-456140a25b5b resource provider aggregate not found
2026-06-18 16:27:46.631 10 INFO neutron.services.segments.plugin [-] Segment 8c28d5ec-0dfd-4af0-8f56-456140a25b5b resource provider not found; error: Placement Client Error (4xx): {"errors": [{"status": 404, "title": "Not Found", "detail": "The resource could not be found.\n\n No resource provider with uuid 8c28d5ec-0dfd-4af0-8f56-456140a25b5b found for delete ", "request_id": "req-2bd85f75-cfae-4156-a76b-ec12466b7074"}]}
2026-06-18 16:27:46.637 10 INFO neutron.services.segments.plugin [-] Segment 8c28d5ec-0dfd-4af0-8f56-456140a25b5b resource provider not found; error: Placement Client Error (4xx): {"errors": [{"status": 404, "title": "Not Found", "detail": "The resource could not be found.\n\n No resource provider with uuid 8c28d5ec-0dfd-4af0-8f56-456140a25b5b found for delete ", "request_id": "req-fa3bd342-1df9-4581-af48-591061a8b5f6"}]}
2026-06-18 16:27:46.667 10 INFO neutron.wsgi [None req-5214bcf2-09dc-421d-8260-7ba314389a71 e65eb2389f6c4721a65e74d1a79a1192 539b883785aa4b5bb64be38f7c0c3c6d - - default default] 10.0.0.138 "GET /v2.0/routers HTTP/1.1" status: 200 len: 876 time: 0.3595457
2026-06-18 16:27:46.956 9 INFO neutron.wsgi [req-b58e1b00-12bc-416d-888c-e9a21cf267e3 req-dd2ce1cb-ce1e-43a8-a37c-59bb2fb161bd 904dfcd0042142e5896a667eef09f1ad 1b0811b8348d4d22b803316b5a75872a - - 4df68552b8fc48988c746818700f8910 4df68552b8fc48988c746818700f8910] 199.19.213.203 "GET /v2.0/ports?tenant_id=cb3cd6df229f490c9f2059f1abb38092&device_id=fb0c34c0-a10e-4f60-8613-ced380fea13d HTTP/1.1" status: 200 len: 1365 time: 0.0500708
2026-06-18 16:27:46.962 9 INFO neutron.wsgi [req-0d2cdc5d-2e22-42cb-ab2c-5091596bb264 req-ae36b4ea-2dd0-4733-ac9c-b926343d2d9b 54f737cba93c48d79578bf18917ada29 cb3cd6df229f490c9f2059f1abb38092 - - default default] 10.0.0.28 "GET /v2.0/ports?device_id=fb0c34c0-a10e-4f60-8613-ced380fea13d HTTP/1.1" status: 200 len: 1174 time: 0.0529113
2026-06-18 16:27:47.020 9 INFO neutron.wsgi [req-0d2cdc5d-2e22-42cb-ab2c-5091596bb264 req-12cfce79-3a41-4f6c-8b77-dbd59f5a5b3f 54f737cba93c48d79578bf18917ada29 cb3cd6df229f490c9f2059f1abb38092 - - default default] 10.0.0.28 "GET /v2.0/security-groups?id=8cd032f6-8cf7-442a-a216-95596d03e0cf&fields=id&fields=name HTTP/1.1" status: 200 len: 313 time: 0.0444157
2026-06-18 16:27:47.024 9 INFO neutron.wsgi [req-b58e1b00-12bc-416d-888c-e9a21cf267e3 req-73dc5a68-f5f1-4319-a415-68601b395163 904dfcd0042142e5896a667eef09f1ad 1b0811b8348d4d22b803316b5a75872a - - 4df68552b8fc48988c746818700f8910 4df68552b8fc48988c746818700f8910] 199.19.213.203 "GET /v2.0/networks?id=2f8d8565-1f62-47a4-93a0-b8ebb5dfcfc9 HTTP/1.1" status: 200 len: 974 time: 0.0604970
2026-06-18 16:27:47.084 9 INFO neutron.wsgi [req-b58e1b00-12bc-416d-888c-e9a21cf267e3 req-a5f518bd-121a-4cf3-b12c-52a78cb7f1ca 904dfcd0042142e5896a667eef09f1ad 1b0811b8348d4d22b803316b5a75872a - - 4df68552b8fc48988c746818700f8910 4df68552b8fc48988c746818700f8910] 199.19.213.203 "GET /v2.0/floatingips?fixed_ip_address=10.100.0.11&port_id=0923410d-de1e-4b71-8119-9a94170a96b5 HTTP/1.1" status: 200 len: 1060 time: 0.0449417
2026-06-18 16:27:47.144 9 INFO neutron.wsgi [req-b58e1b00-12bc-416d-888c-e9a21cf267e3 req-1615d1be-469e-4d79-b734-3945da73961e 904dfcd0042142e5896a667eef09f1ad 1b0811b8348d4d22b803316b5a75872a - - 4df68552b8fc48988c746818700f8910 4df68552b8fc48988c746818700f8910] 199.19.213.203 "GET /v2.0/subnets?id=b94cb5b6-d5e6-417d-95c4-6ed73a0d3572 HTTP/1.1" status: 200 len: 869 time: 0.0508115
2026-06-18 16:27:47.161 10 INFO neutron.db.ovn_revision_numbers_db [None req-153c4756-86c6-4454-bb74-b75fd92d71d7 e65eb2389f6c4721a65e74d1a79a1192 539b883785aa4b5bb64be38f7c0c3c6d - - - -] Successfully bumped revision number for resource 236f3403-f8b7-4a26-8344-9d2be62f6dbe (type: routers) to 4
2026-06-18 16:27:47.165 10 INFO neutron.wsgi [None req-153c4756-86c6-4454-bb74-b75fd92d71d7 e65eb2389f6c4721a65e74d1a79a1192 539b883785aa4b5bb64be38f7c0c3c6d - - - -] 10.0.0.138 "PUT /v2.0/routers/236f3403-f8b7-4a26-8344-9d2be62f6dbe HTTP/1.1" status: 200 len: 880 time: 0.4936643
2026-06-18 16:27:47.176 9 INFO neutron.wsgi [req-b58e1b00-12bc-416d-888c-e9a21cf267e3 req-2ee7a7a0-4d02-446b-a273-2d73f004206c 904dfcd0042142e5896a667eef09f1ad 1b0811b8348d4d22b803316b5a75872a - - 4df68552b8fc48988c746818700f8910 4df68552b8fc48988c746818700f8910] 199.19.213.203 "GET /v2.0/ports?network_id=2f8d8565-1f62-47a4-93a0-b8ebb5dfcfc9&device_owner=network%3Adhcp HTTP/1.1" status: 200 len: 210 time: 0.0247443
2026-06-18 16:27:47.248 9 INFO neutron.wsgi [req-b58e1b00-12bc-416d-888c-e9a21cf267e3 req-6e98b3dd-72f9-497a-ba54-e283127b21b4 904dfcd0042142e5896a667eef09f1ad 1b0811b8348d4d22b803316b5a75872a - - 4df68552b8fc48988c746818700f8910 4df68552b8fc48988c746818700f8910] 199.19.213.203 "GET /v2.0/networks/2f8d8565-1f62-47a4-93a0-b8ebb5dfcfc9?fields=segments HTTP/1.1" status: 200 len: 212 time: 0.0612433
2026-06-18 16:27:47.258 10 INFO neutron.wsgi [None req-6bbc67f5-8227-41d0-a38f-2fb80a9ad941 e65eb2389f6c4721a65e74d1a79a1192 539b883785aa4b5bb64be38f7c0c3c6d - - default default] 10.0.0.138 "GET /v2.0/routers/236f3403-f8b7-4a26-8344-9d2be62f6dbe HTTP/1.1" status: 200 len: 880 time: 0.0876935
2026-06-18 16:27:47.299 10 INFO neutron.wsgi [None req-ef1ca216-eaf9-4fa9-b6a6-69b413bb33d2 e65eb2389f6c4721a65e74d1a79a1192 539b883785aa4b5bb64be38f7c0c3c6d - - default default] 10.0.0.138 "GET /v2.0/ports?device_id=236f3403-f8b7-4a26-8344-9d2be62f6dbe HTTP/1.1" status: 200 len: 205 time: 0.0348480
2026-06-18 16:27:47.364 9 INFO neutron.wsgi [req-b58e1b00-12bc-416d-888c-e9a21cf267e3 req-c48f859c-6bd7-4a54-9295-6a888b843a53 904dfcd0042142e5896a667eef09f1ad 1b0811b8348d4d22b803316b5a75872a - - 4df68552b8fc48988c746818700f8910 4df68552b8fc48988c746818700f8910] 199.19.213.203 "GET /v2.0/networks/2f8d8565-1f62-47a4-93a0-b8ebb5dfcfc9?fields=provider%3Aphysical_network&fields=provider%3Anetwork_type HTTP/1.1" status: 200 len: 277 time: 0.1101718
2026-06-18 16:27:48.035 9 INFO neutron.wsgi [None req-89caedb0-fba8-4f7c-8807-cf5f2035ae45 e65eb2389f6c4721a65e74d1a79a1192 539b883785aa4b5bb64be38f7c0c3c6d - - - -] 10.0.0.138 "DELETE /v2.0/routers/236f3403-f8b7-4a26-8344-9d2be62f6dbe HTTP/1.1" status: 204 len: 168 time: 0.7305806
2026-06-18 16:27:48.063 10 INFO neutron.wsgi [None req-f3b91051-70e8-4f4a-bab9-c093481faeba e65eb2389f6c4721a65e74d1a79a1192 539b883785aa4b5bb64be38f7c0c3c6d - - default default] 10.0.0.138 "GET /v2.0/ports?device_id=236f3403-f8b7-4a26-8344-9d2be62f6dbe HTTP/1.1" status: 200 len: 205 time: 0.0198348
2026-06-18 16:27:48.097 10 INFO neutron.api.v2.resource [None req-549169b0-b223-4e31-81d4-4e6684b47475 e65eb2389f6c4721a65e74d1a79a1192 539b883785aa4b5bb64be38f7c0c3c6d - - - -] delete failed (client error): The resource could not be found.
2026-06-18 16:27:48.100 10 INFO neutron.wsgi [None req-549169b0-b223-4e31-81d4-4e6684b47475 e65eb2389f6c4721a65e74d1a79a1192 539b883785aa4b5bb64be38f7c0c3c6d - - - -] 10.0.0.138 "DELETE /v2.0/routers/236f3403-f8b7-4a26-8344-9d2be62f6dbe HTTP/1.1" status: 404 len: 336 time: 0.0312874
2026-06-18 16:27:48.134 9 INFO neutron.wsgi [None req-5a08f469-84c2-4d83-9955-7e1a0d582e7d e65eb2389f6c4721a65e74d1a79a1192 539b883785aa4b5bb64be38f7c0c3c6d - - default default] 10.0.0.138 "GET /v2.0/ports?device_id=154f1a21-7f38-4355-a22e-281929661445 HTTP/1.1" status: 200 len: 205 time: 0.0292962
2026-06-18 16:27:48.142 9 INFO neutron.wsgi [req-c984b427-b121-44bf-8e06-aca608bdfaf1 req-7f3f646b-5a32-444d-b317-2c90d78e7529 54f737cba93c48d79578bf18917ada29 cb3cd6df229f490c9f2059f1abb38092 - - default default] 10.0.0.28 "GET /v2.0/ports?device_id=fb0c34c0-a10e-4f60-8613-ced380fea13d HTTP/1.1" status: 200 len: 1174 time: 0.0527284
2026-06-18 16:27:48.166 10 INFO neutron.api.v2.resource [None req-c83e7340-ce35-4925-8413-3bc8cd201450 e65eb2389f6c4721a65e74d1a79a1192 539b883785aa4b5bb64be38f7c0c3c6d - - - -] delete failed (client error): The resource could not be found.
2026-06-18 16:27:48.168 10 INFO neutron.wsgi [None req-c83e7340-ce35-4925-8413-3bc8cd201450 e65eb2389f6c4721a65e74d1a79a1192 539b883785aa4b5bb64be38f7c0c3c6d - - - -] 10.0.0.138 "DELETE /v2.0/routers/154f1a21-7f38-4355-a22e-281929661445 HTTP/1.1" status: 404 len: 336 time: 0.0286527
2026-06-18 16:27:48.190 10 INFO neutron.pecan_wsgi.hooks.translation [None req-ef5dba4e-2fed-4501-9e96-f3f5ea7bf29b e65eb2389f6c4721a65e74d1a79a1192 539b883785aa4b5bb64be38f7c0c3c6d - - - -] DELETE failed (client error): The resource could not be found.
2026-06-18 16:27:48.192 10 INFO neutron.wsgi [None req-ef5dba4e-2fed-4501-9e96-f3f5ea7bf29b e65eb2389f6c4721a65e74d1a79a1192 539b883785aa4b5bb64be38f7c0c3c6d - - - -] 10.0.0.138 "DELETE /v2.0/subnets/99f88dfc-5c66-4ce2-83d1-ff08b2553b19 HTTP/1.1" status: 404 len: 337 time: 0.0190742
2026-06-18 16:27:48.193 9 INFO neutron.wsgi [req-c984b427-b121-44bf-8e06-aca608bdfaf1 req-ac43b956-018c-416d-a0ed-f2264047fce1 54f737cba93c48d79578bf18917ada29 cb3cd6df229f490c9f2059f1abb38092 - - default default] 10.0.0.28 "GET /v2.0/security-groups?id=8cd032f6-8cf7-442a-a216-95596d03e0cf&fields=id&fields=name HTTP/1.1" status: 200 len: 313 time: 0.0445862
2026-06-18 16:27:48.220 10 INFO neutron.wsgi [None req-d456d2bf-1672-47a1-a019-834c135f074c e65eb2389f6c4721a65e74d1a79a1192 539b883785aa4b5bb64be38f7c0c3c6d - - default default] 10.0.0.138 "GET /v2.0/ports?device_id=967b6457-b79d-4156-a5ca-1457fb0e4cd9 HTTP/1.1" status: 200 len: 205 time: 0.0227559
2026-06-18 16:27:48.251 10 INFO neutron.api.v2.resource [None req-4ad9a25f-e9e8-4d91-91f7-1b972b7e8ee4 e65eb2389f6c4721a65e74d1a79a1192 539b883785aa4b5bb64be38f7c0c3c6d - - - -] delete failed (client error): The resource could not be found.
2026-06-18 16:27:48.252 10 INFO neutron.wsgi [None req-4ad9a25f-e9e8-4d91-91f7-1b972b7e8ee4 e65eb2389f6c4721a65e74d1a79a1192 539b883785aa4b5bb64be38f7c0c3c6d - - - -] 10.0.0.138 "DELETE /v2.0/routers/967b6457-b79d-4156-a5ca-1457fb0e4cd9 HTTP/1.1" status: 404 len: 336 time: 0.0279243
2026-06-18 16:27:48.292 9 INFO neutron.pecan_wsgi.hooks.translation [None req-81af0bdc-b868-41ef-a705-3e5e7d93d3cb e65eb2389f6c4721a65e74d1a79a1192 539b883785aa4b5bb64be38f7c0c3c6d - - - -] DELETE failed (client error): The resource could not be found.
2026-06-18 16:27:48.296 9 INFO neutron.wsgi [None req-81af0bdc-b868-41ef-a705-3e5e7d93d3cb e65eb2389f6c4721a65e74d1a79a1192 539b883785aa4b5bb64be38f7c0c3c6d - - - -] 10.0.0.138 "DELETE /v2.0/subnets/798fa002-2564-4b64-a371-7f6c29fe6923 HTTP/1.1" status: 404 len: 337 time: 0.0380626
2026-06-18 16:27:48.330 10 INFO neutron.wsgi [None req-a0394e98-c6d4-45cf-8f7a-3e5cd6ade7cc e65eb2389f6c4721a65e74d1a79a1192 539b883785aa4b5bb64be38f7c0c3c6d - - default default] 10.0.0.138 "GET /v2.0/ports?device_id=d818afb4-78bc-45c3-ba28-6f13e1ecffc7 HTTP/1.1" status: 200 len: 205 time: 0.0245855
2026-06-18 16:27:48.367 10 INFO neutron.api.v2.resource [None req-adff19de-f861-4e9e-bce5-941c86073491 e65eb2389f6c4721a65e74d1a79a1192 539b883785aa4b5bb64be38f7c0c3c6d - - - -] delete failed (client error): The resource could not be found.
2026-06-18 16:27:48.369 10 INFO neutron.wsgi [None req-adff19de-f861-4e9e-bce5-941c86073491 e65eb2389f6c4721a65e74d1a79a1192 539b883785aa4b5bb64be38f7c0c3c6d - - - -] 10.0.0.138 "DELETE /v2.0/routers/d818afb4-78bc-45c3-ba28-6f13e1ecffc7 HTTP/1.1" status: 404 len: 336 time: 0.0337183
2026-06-18 16:27:48.394 10 INFO neutron.pecan_wsgi.hooks.translation [None req-cf9a19cc-effb-4162-bd07-a4f2f6232a37 e65eb2389f6c4721a65e74d1a79a1192 539b883785aa4b5bb64be38f7c0c3c6d - - - -] DELETE failed (client error): The resource could not be found.
2026-06-18 16:27:48.396 10 INFO neutron.wsgi [None req-cf9a19cc-effb-4162-bd07-a4f2f6232a37 e65eb2389f6c4721a65e74d1a79a1192 539b883785aa4b5bb64be38f7c0c3c6d - - - -] 10.0.0.138 "DELETE /v2.0/subnets/724183cb-5315-4af2-9ae8-2bb9b05a498f HTTP/1.1" status: 404 len: 337 time: 0.0222833
2026-06-18 16:27:48.431 10 INFO neutron.pecan_wsgi.hooks.translation [None req-c263e617-6ba6-4a71-9d93-6fc8f480b833 e65eb2389f6c4721a65e74d1a79a1192 539b883785aa4b5bb64be38f7c0c3c6d - - - -] DELETE failed (client error): The resource could not be found.
2026-06-18 16:27:48.435 10 INFO neutron.wsgi [None req-c263e617-6ba6-4a71-9d93-6fc8f480b833 e65eb2389f6c4721a65e74d1a79a1192 539b883785aa4b5bb64be38f7c0c3c6d - - - -] 10.0.0.138 "DELETE /v2.0/subnets/e7774cd9-689c-48d6-ad02-c104cd847bee HTTP/1.1" status: 404 len: 337 time: 0.0339332
2026-06-18 16:27:48.556 10 WARNING neutron.plugins.ml2.drivers.ovn.mech_driver.ovsdb.ovn_client [None req-80484ea4-37af-413e-92b6-1c989940594e - - - - - -] No port found with ID 0705830a-79a0-40d3-abea-86155518d857: RuntimeError: No port found with ID 0705830a-79a0-40d3-abea-86155518d857
2026-06-18 16:27:48.752 10 INFO neutron.db.ovn_revision_numbers_db [None req-5de27be4-6ae5-4990-80ab-edfdcd60114d 1a7579f1968d4b94adea2a3f5c5662f4 ac7784256f2b4d08b307a7517c1cbc8c - - default default] Successfully bumped revision number for resource 532db780-f83b-49c3-bcb7-9cc001e954ff (type: security_groups) to 1
2026-06-18 16:27:48.777 10 INFO neutron.wsgi [None req-5de27be4-6ae5-4990-80ab-edfdcd60114d 1a7579f1968d4b94adea2a3f5c5662f4 ac7784256f2b4d08b307a7517c1cbc8c - - default default] 10.0.0.138 "GET /v2.0/security-groups?tenant_id=e6fe78cdb49d4a71bc9dd12db52d3ff6&name=default HTTP/1.1" status: 200 len: 2996 time: 0.3320017
2026-06-18 16:27:49.019 10 INFO neutron.wsgi [None req-10b909a5-ada1-43d3-ac3d-6fbc3c4519be 1a7579f1968d4b94adea2a3f5c5662f4 ac7784256f2b4d08b307a7517c1cbc8c - - - -] 10.0.0.138 "DELETE /v2.0/security-groups/532db780-f83b-49c3-bcb7-9cc001e954ff HTTP/1.1" status: 204 len: 168 time: 0.2347224
2026-06-18 16:27:49.309 9 INFO neutron.wsgi [req-ae387ecd-da07-4351-a781-d6804db48d06 req-808cd6c0-6340-46bd-98e3-d5452404bd13 54f737cba93c48d79578bf18917ada29 cb3cd6df229f490c9f2059f1abb38092 - - default default] 10.0.0.28 "GET /v2.0/ports?device_id=fb0c34c0-a10e-4f60-8613-ced380fea13d HTTP/1.1" status: 200 len: 1174 time: 0.0434875
2026-06-18 16:27:49.355 9 INFO neutron.wsgi [req-ae387ecd-da07-4351-a781-d6804db48d06 req-571feacc-b1a8-4736-bf3f-874bd62d5aa7 54f737cba93c48d79578bf18917ada29 cb3cd6df229f490c9f2059f1abb38092 - - default default] 10.0.0.28 "GET /v2.0/security-groups?id=8cd032f6-8cf7-442a-a216-95596d03e0cf&fields=id&fields=name HTTP/1.1" status: 200 len: 313 time: 0.0400681
2026-06-18 16:27:49.436 10 INFO neutron.wsgi [None req-f2a9c57e-3d73-456f-8f67-b6ff6005b830 1a7579f1968d4b94adea2a3f5c5662f4 ac7784256f2b4d08b307a7517c1cbc8c - - default default] 10.0.0.138 "GET /v2.0/security-groups?tenant_id=539b883785aa4b5bb64be38f7c0c3c6d&name=default HTTP/1.1" status: 200 len: 2996 time: 0.2523685
2026-06-18 16:27:49.637 10 INFO neutron.wsgi [None req-bd1e7dc0-57ec-40fa-a5da-a832b2f1ae25 1a7579f1968d4b94adea2a3f5c5662f4 ac7784256f2b4d08b307a7517c1cbc8c - - - -] 10.0.0.138 "DELETE /v2.0/security-groups/7baadff8-e3b0-4f48-86cf-f39ad35e26f2 HTTP/1.1" status: 204 len: 168 time: 0.1952333
2026-06-18 16:27:50.468 9 INFO neutron.wsgi [req-4b3d445d-b36d-43f7-8939-bad364790454 req-c3af5b88-6e83-40c8-bcec-4fe8286987ca 54f737cba93c48d79578bf18917ada29 cb3cd6df229f490c9f2059f1abb38092 - - default default] 10.0.0.28 "GET /v2.0/ports?device_id=fb0c34c0-a10e-4f60-8613-ced380fea13d HTTP/1.1" status: 200 len: 1174 time: 0.0430696
2026-06-18 16:27:50.514 9 INFO neutron.wsgi [req-4b3d445d-b36d-43f7-8939-bad364790454 req-606227c0-a3bf-4e54-9de3-8794a50cc13f 54f737cba93c48d79578bf18917ada29 cb3cd6df229f490c9f2059f1abb38092 - - default default] 10.0.0.28 "GET /v2.0/security-groups?id=8cd032f6-8cf7-442a-a216-95596d03e0cf&fields=id&fields=name HTTP/1.1" status: 200 len: 313 time: 0.0406134
