2026-06-18 16:26:40.321 9 WARNING neutron.scheduler.dhcp_agent_scheduler [None req-6f1d7545-a289-40c3-bff4-6b0bcf783cb8 1a7579f1968d4b94adea2a3f5c5662f4 ac7784256f2b4d08b307a7517c1cbc8c - - default default] No more DHCP agents
2026-06-18 16:26:40.324 9 INFO neutron.wsgi [None req-d772fb22-5bd2-40c0-a3e4-0b3255f06b1e 4997bbb5864f4a37a47df7c04765b5a2 551cded0819d4741acc9e2de104fd20f - - - -] 10.0.0.28 "POST /v2.0/security-groups HTTP/1.1" status: 201 len: 1823 time: 0.4671366
2026-06-18 16:26:40.335 9 WARNING neutron.api.rpc.agentnotifiers.dhcp_rpc_agent_api [None req-6f1d7545-a289-40c3-bff4-6b0bcf783cb8 1a7579f1968d4b94adea2a3f5c5662f4 ac7784256f2b4d08b307a7517c1cbc8c - - default default] Unable to schedule network b064384f-f7cc-46f5-9a1a-db8633e90268: no agents available; will retry on subsequent port and subnet creation events.
2026-06-18 16:26:40.361 9 INFO neutron.db.ovn_revision_numbers_db [None req-42cf4e08-fd64-4c36-b16d-2a64a10148d0 - - - - - -] Successfully bumped revision number for resource 8924c802-9919-455a-86f1-c3078da610a4 (type: ports) to 4
2026-06-18 16:26:40.483 10 WARNING neutron.scheduler.dhcp_agent_scheduler [None req-0e6660cb-b2d1-44e2-ad62-0278af3f8833 1a7579f1968d4b94adea2a3f5c5662f4 ac7784256f2b4d08b307a7517c1cbc8c - - default default] No more DHCP agents
2026-06-18 16:26:40.486 10 WARNING neutron.api.rpc.agentnotifiers.dhcp_rpc_agent_api [None req-0e6660cb-b2d1-44e2-ad62-0278af3f8833 1a7579f1968d4b94adea2a3f5c5662f4 ac7784256f2b4d08b307a7517c1cbc8c - - default default] Unable to schedule network 5e34ef96-f4ea-4e3b-9ceb-7b80818e1b08: no agents available; will retry on subsequent port and subnet creation events.
2026-06-18 16:26:40.535 10 INFO neutron.db.ovn_revision_numbers_db [None req-850b6d87-da0d-44e9-8534-8e3ce66a7ea9 - - - - - -] Successfully bumped revision number for resource c410a27b-0128-45e6-8bec-21e9e242318e (type: router_ports) to 3
2026-06-18 16:26:40.637 9 INFO neutron.db.ovn_revision_numbers_db [None req-6f1d7545-a289-40c3-bff4-6b0bcf783cb8 1a7579f1968d4b94adea2a3f5c5662f4 ac7784256f2b4d08b307a7517c1cbc8c - - default default] Successfully bumped revision number for resource 654f18fd-e841-44fa-94a0-deef1e9abab2 (type: ports) to 1
2026-06-18 16:26:40.638 10 INFO neutron.db.ovn_revision_numbers_db [None req-0e6660cb-b2d1-44e2-ad62-0278af3f8833 1a7579f1968d4b94adea2a3f5c5662f4 ac7784256f2b4d08b307a7517c1cbc8c - - default default] Successfully bumped revision number for resource 53e43ead-72ff-4788-81cd-c6c392d43214 (type: ports) to 1
2026-06-18 16:26:40.816 10 INFO neutron.db.ovn_revision_numbers_db [None req-850b6d87-da0d-44e9-8534-8e3ce66a7ea9 - - - - - -] Successfully bumped revision number for resource c410a27b-0128-45e6-8bec-21e9e242318e (type: ports) to 2
2026-06-18 16:26:40.851 9 INFO neutron.wsgi [req-86d43ba4-210d-47e4-8812-d57afd4aa0a5 req-e1d81f91-7f2f-4789-ac79-715b4a2a398e 4997bbb5864f4a37a47df7c04765b5a2 551cded0819d4741acc9e2de104fd20f - - default default] 10.0.0.28 "GET /v2.0/security-groups/2591894a-e0c9-4f04-9cc0-a192514e76ba HTTP/1.1" status: 200 len: 1818 time: 0.1622088
2026-06-18 16:26:41.051 9 INFO neutron.db.ovn_revision_numbers_db [None req-42cf4e08-fd64-4c36-b16d-2a64a10148d0 - - - - - -] Successfully bumped revision number for resource 8924c802-9919-455a-86f1-c3078da610a4 (type: router_ports) to 4
2026-06-18 16:26:41.110 9 INFO neutron.plugins.ml2.drivers.ovn.mech_driver.ovsdb.ovsdb_monitor [None req-42cf4e08-fd64-4c36-b16d-2a64a10148d0 - - - - - -] Router 47e69ff2-ff91-48d9-82ba-0ac2b1ffc926 is bound to host instance
2026-06-18 16:26:41.160 10 INFO neutron.db.ovn_revision_numbers_db [None req-850b6d87-da0d-44e9-8534-8e3ce66a7ea9 - - - - - -] Successfully bumped revision number for resource c410a27b-0128-45e6-8bec-21e9e242318e (type: ports) to 4
2026-06-18 16:26:41.345 9 INFO neutron.db.ovn_revision_numbers_db [None req-72a60142-4ae4-4f14-8d5e-510ce8c60cfd 4997bbb5864f4a37a47df7c04765b5a2 551cded0819d4741acc9e2de104fd20f - - - -] Successfully bumped revision number for resource a4d5ed7b-f57f-49e0-a394-16c761216328 (type: security_group_rules) to 0
2026-06-18 16:26:41.387 10 INFO neutron.db.ovn_revision_numbers_db [None req-0e6660cb-b2d1-44e2-ad62-0278af3f8833 1a7579f1968d4b94adea2a3f5c5662f4 ac7784256f2b4d08b307a7517c1cbc8c - - default default] Successfully bumped revision number for resource 53e43ead-72ff-4788-81cd-c6c392d43214 (type: router_ports) to 2
2026-06-18 16:26:41.423 9 WARNING neutron.scheduler.dhcp_agent_scheduler [None req-076c09ea-dea3-4dfd-b560-e98cf71d3d22 1a7579f1968d4b94adea2a3f5c5662f4 ac7784256f2b4d08b307a7517c1cbc8c - - - -] No more DHCP agents
2026-06-18 16:26:41.430 9 WARNING neutron.api.rpc.agentnotifiers.dhcp_rpc_agent_api [None req-076c09ea-dea3-4dfd-b560-e98cf71d3d22 1a7579f1968d4b94adea2a3f5c5662f4 ac7784256f2b4d08b307a7517c1cbc8c - - - -] Unable to schedule network 76aa89d5-b2c9-4704-a82b-d82dba299687: no agents available; will retry on subsequent port and subnet creation events.
2026-06-18 16:26:41.440 10 INFO neutron.db.ovn_revision_numbers_db [None req-850b6d87-da0d-44e9-8534-8e3ce66a7ea9 - - - - - -] Successfully bumped revision number for resource c410a27b-0128-45e6-8bec-21e9e242318e (type: router_ports) to 4
2026-06-18 16:26:41.444 9 INFO neutron.wsgi [None req-72a60142-4ae4-4f14-8d5e-510ce8c60cfd 4997bbb5864f4a37a47df7c04765b5a2 551cded0819d4741acc9e2de104fd20f - - - -] 10.0.0.28 "POST /v2.0/security-group-rules HTTP/1.1" status: 201 len: 786 time: 0.5789883
2026-06-18 16:26:41.511 10 INFO neutron.db.ovn_revision_numbers_db [None req-0e6660cb-b2d1-44e2-ad62-0278af3f8833 1a7579f1968d4b94adea2a3f5c5662f4 ac7784256f2b4d08b307a7517c1cbc8c - - default default] Successfully bumped revision number for resource 53e43ead-72ff-4788-81cd-c6c392d43214 (type: ports) to 2
2026-06-18 16:26:41.590 10 WARNING neutron.scheduler.dhcp_agent_scheduler [None req-0e6660cb-b2d1-44e2-ad62-0278af3f8833 1a7579f1968d4b94adea2a3f5c5662f4 ac7784256f2b4d08b307a7517c1cbc8c - - default default] No more DHCP agents
2026-06-18 16:26:41.592 10 WARNING neutron.api.rpc.agentnotifiers.dhcp_rpc_agent_api [None req-0e6660cb-b2d1-44e2-ad62-0278af3f8833 1a7579f1968d4b94adea2a3f5c5662f4 ac7784256f2b4d08b307a7517c1cbc8c - - default default] Unable to schedule network 5e34ef96-f4ea-4e3b-9ceb-7b80818e1b08: no agents available; will retry on subsequent port and subnet creation events.
2026-06-18 16:26:41.753 9 INFO neutron.db.ovn_revision_numbers_db [None req-076c09ea-dea3-4dfd-b560-e98cf71d3d22 1a7579f1968d4b94adea2a3f5c5662f4 ac7784256f2b4d08b307a7517c1cbc8c - - - -] Successfully bumped revision number for resource bac98c65-6c94-403b-a731-21f9d4dbe3de (type: ports) to 1
2026-06-18 16:26:41.772 9 INFO neutron.db.ovn_revision_numbers_db [None req-4dced10b-1287-47e2-aa24-474982fd0d0c 4997bbb5864f4a37a47df7c04765b5a2 551cded0819d4741acc9e2de104fd20f - - - -] Successfully bumped revision number for resource 04952bae-d85d-40d3-9458-fc82789d1783 (type: security_groups) to 1
2026-06-18 16:26:41.962 9 INFO neutron.db.ovn_revision_numbers_db [None req-6f1d7545-a289-40c3-bff4-6b0bcf783cb8 1a7579f1968d4b94adea2a3f5c5662f4 ac7784256f2b4d08b307a7517c1cbc8c - - default default] Successfully bumped revision number for resource 654f18fd-e841-44fa-94a0-deef1e9abab2 (type: router_ports) to 2
2026-06-18 16:26:42.033 9 INFO neutron.wsgi [None req-4dced10b-1287-47e2-aa24-474982fd0d0c 4997bbb5864f4a37a47df7c04765b5a2 551cded0819d4741acc9e2de104fd20f - - - -] 10.0.0.28 "POST /v2.0/security-groups HTTP/1.1" status: 201 len: 1826 time: 0.5556684
2026-06-18 16:26:42.192 9 INFO neutron.wsgi [req-799ac1e2-4f31-4399-8d85-eb07ecab1619 req-d4f9e09f-1242-43b9-ac81-a6797b417765 4997bbb5864f4a37a47df7c04765b5a2 551cded0819d4741acc9e2de104fd20f - - default default] 10.0.0.28 "GET /v2.0/security-groups/04952bae-d85d-40d3-9458-fc82789d1783 HTTP/1.1" status: 200 len: 1821 time: 0.1296775
2026-06-18 16:26:42.385 9 INFO neutron.db.ovn_revision_numbers_db [None req-6f1d7545-a289-40c3-bff4-6b0bcf783cb8 1a7579f1968d4b94adea2a3f5c5662f4 ac7784256f2b4d08b307a7517c1cbc8c - - default default] Successfully bumped revision number for resource 654f18fd-e841-44fa-94a0-deef1e9abab2 (type: ports) to 2
2026-06-18 16:26:42.548 9 INFO neutron.db.ovn_revision_numbers_db [None req-42cf4e08-fd64-4c36-b16d-2a64a10148d0 - - - - - -] Successfully bumped revision number for resource 96d550bc-468f-4e96-8f4e-cbbceade3f06 (type: ports) to 1
2026-06-18 16:26:42.586 10 INFO neutron.db.ovn_revision_numbers_db [None req-0e6660cb-b2d1-44e2-ad62-0278af3f8833 1a7579f1968d4b94adea2a3f5c5662f4 ac7784256f2b4d08b307a7517c1cbc8c - - - -] Successfully bumped revision number for resource 53e43ead-72ff-4788-81cd-c6c392d43214 (type: router_ports) to 2
2026-06-18 16:26:42.590 10 INFO neutron.wsgi [None req-0e6660cb-b2d1-44e2-ad62-0278af3f8833 1a7579f1968d4b94adea2a3f5c5662f4 ac7784256f2b4d08b307a7517c1cbc8c - - - -] 10.0.0.138 "PUT /v2.0/routers/240e29ab-aabf-4107-a86e-cdc69de92d55/add_router_interface HTTP/1.1" status: 200 len: 503 time: 3.0619094
2026-06-18 16:26:42.601 9 WARNING neutron.scheduler.dhcp_agent_scheduler [None req-6f1d7545-a289-40c3-bff4-6b0bcf783cb8 1a7579f1968d4b94adea2a3f5c5662f4 ac7784256f2b4d08b307a7517c1cbc8c - - default default] No more DHCP agents
2026-06-18 16:26:42.612 9 WARNING neutron.api.rpc.agentnotifiers.dhcp_rpc_agent_api [None req-6f1d7545-a289-40c3-bff4-6b0bcf783cb8 1a7579f1968d4b94adea2a3f5c5662f4 ac7784256f2b4d08b307a7517c1cbc8c - - default default] Unable to schedule network b064384f-f7cc-46f5-9a1a-db8633e90268: no agents available; will retry on subsequent port and subnet creation events.
2026-06-18 16:26:42.617 9 INFO neutron.db.ovn_revision_numbers_db [None req-1930e36e-8b4d-48a5-a767-cd15df856d40 4997bbb5864f4a37a47df7c04765b5a2 551cded0819d4741acc9e2de104fd20f - - - -] Successfully bumped revision number for resource 3b459142-ca1c-4a6f-8578-b78c5e191698 (type: security_group_rules) to 0
2026-06-18 16:26:42.691 9 INFO neutron.wsgi [None req-1930e36e-8b4d-48a5-a767-cd15df856d40 4997bbb5864f4a37a47df7c04765b5a2 551cded0819d4741acc9e2de104fd20f - - - -] 10.0.0.28 "POST /v2.0/security-group-rules HTTP/1.1" status: 201 len: 786 time: 0.4840333
2026-06-18 16:26:42.969 9 INFO neutron.wsgi [req-7cd7ce73-1e31-4290-a25b-9986a67dc66a req-f7d56d3e-933b-4db1-ae75-c3400b3613ad 4997bbb5864f4a37a47df7c04765b5a2 551cded0819d4741acc9e2de104fd20f - - default default] 10.0.0.28 "GET /v2.0/security-groups/04952bae-d85d-40d3-9458-fc82789d1783 HTTP/1.1" status: 200 len: 2414 time: 0.2474465
2026-06-18 16:26:43.202 10 INFO neutron.db.ovn_revision_numbers_db [None req-1bc00e1b-986b-4bbb-8c29-47b02517dcbc 810cc406f625449aa67dc323ef6ba828 71ef30d471b742c8bfaf7eb799a585ce - - - -] Successfully bumped revision number for resource cd562f63-65e4-4abc-9180-94fb7032b9ff (type: security_groups) to 1
2026-06-18 16:26:43.228 10 INFO neutron.wsgi [None req-1bc00e1b-986b-4bbb-8c29-47b02517dcbc 810cc406f625449aa67dc323ef6ba828 71ef30d471b742c8bfaf7eb799a585ce - - - -] 10.0.0.138 "POST /v2.0/security-groups HTTP/1.1" status: 201 len: 1796 time: 0.1348031
2026-06-18 16:26:43.353 10 INFO neutron.db.ovn_revision_numbers_db [None req-8336a148-aa98-4616-bb54-84e649ee8b02 810cc406f625449aa67dc323ef6ba828 71ef30d471b742c8bfaf7eb799a585ce - - - -] Successfully bumped revision number for resource 66c2bea1-4bfd-48b7-ae56-4a0056cef582 (type: security_group_rules) to 0
2026-06-18 16:26:43.372 9 INFO neutron.db.ovn_revision_numbers_db [None req-941f8cd5-c1df-428d-9176-cdf44b6c64ae 4997bbb5864f4a37a47df7c04765b5a2 551cded0819d4741acc9e2de104fd20f - - - -] Successfully bumped revision number for resource 59dac415-4577-4ab2-946e-b964fc28b2fd (type: security_group_rules) to 0
2026-06-18 16:26:43.380 10 INFO neutron.wsgi [None req-8336a148-aa98-4616-bb54-84e649ee8b02 810cc406f625449aa67dc323ef6ba828 71ef30d471b742c8bfaf7eb799a585ce - - - -] 10.0.0.138 "POST /v2.0/security-group-rules HTTP/1.1" status: 201 len: 764 time: 0.1467524
2026-06-18 16:26:43.418 9 INFO neutron.db.ovn_revision_numbers_db [None req-42cf4e08-fd64-4c36-b16d-2a64a10148d0 - - - - - -] Successfully bumped revision number for resource 96d550bc-468f-4e96-8f4e-cbbceade3f06 (type: router_ports) to 3
2026-06-18 16:26:43.467 9 INFO neutron.wsgi [None req-941f8cd5-c1df-428d-9176-cdf44b6c64ae 4997bbb5864f4a37a47df7c04765b5a2 551cded0819d4741acc9e2de104fd20f - - - -] 10.0.0.28 "POST /v2.0/security-group-rules HTTP/1.1" status: 201 len: 791 time: 0.4867082
2026-06-18 16:26:43.474 9 INFO neutron.plugins.ml2.drivers.ovn.mech_driver.mech_driver [None req-ae9029ba-6d85-4ed1-a594-03b511ad510c - - - - - -] OVN reports status up for port: bac98c65-6c94-403b-a731-21f9d4dbe3de
2026-06-18 16:26:43.511 10 INFO neutron.db.ovn_revision_numbers_db [None req-2a4824c9-4e45-405a-b9b3-2cb62b2277bd 810cc406f625449aa67dc323ef6ba828 71ef30d471b742c8bfaf7eb799a585ce - - - -] Successfully bumped revision number for resource 57b9047b-4f7d-4391-838e-197617166800 (type: security_group_rules) to 0
2026-06-18 16:26:43.519 9 INFO neutron.plugins.ml2.plugin [None req-ae9029ba-6d85-4ed1-a594-03b511ad510c - - - - - -] Attempt 1 to provision port bac98c65-6c94-403b-a731-21f9d4dbe3de
2026-06-18 16:26:43.524 9 INFO neutron.db.ovn_revision_numbers_db [None req-076c09ea-dea3-4dfd-b560-e98cf71d3d22 1a7579f1968d4b94adea2a3f5c5662f4 ac7784256f2b4d08b307a7517c1cbc8c - - - -] Successfully bumped revision number for resource bac98c65-6c94-403b-a731-21f9d4dbe3de (type: router_ports) to 1
2026-06-18 16:26:43.537 10 INFO neutron.wsgi [None req-2a4824c9-4e45-405a-b9b3-2cb62b2277bd 810cc406f625449aa67dc323ef6ba828 71ef30d471b742c8bfaf7eb799a585ce - - - -] 10.0.0.138 "POST /v2.0/security-group-rules HTTP/1.1" status: 201 len: 769 time: 0.1518831
2026-06-18 16:26:43.643 9 INFO neutron.wsgi [req-32e39e78-66a8-4795-ad52-e17c53a2578f req-fcfd1526-205e-4d4c-95a3-c5d2bf35f0f7 4997bbb5864f4a37a47df7c04765b5a2 551cded0819d4741acc9e2de104fd20f - - default default] 10.0.0.28 "GET /v2.0/security-groups/04952bae-d85d-40d3-9458-fc82789d1783 HTTP/1.1" status: 200 len: 3012 time: 0.1310828
2026-06-18 16:26:43.734 10 WARNING neutron.plugins.ml2.drivers.ovn.mech_driver.ovsdb.ovn_client [None req-80484ea4-37af-413e-92b6-1c989940594e - - - - - -] No hosting information found for port ddd12ac1-dac4-4019-a61a-307ea4797a4d: RuntimeError: No hosting information found for port ddd12ac1-dac4-4019-a61a-307ea4797a4d
2026-06-18 16:26:43.735 10 INFO neutron.plugins.ml2.drivers.ovn.mech_driver.mech_driver [None req-80484ea4-37af-413e-92b6-1c989940594e - - - - - -] OVN reports status up for port: 96d550bc-468f-4e96-8f4e-cbbceade3f06
2026-06-18 16:26:43.748 10 INFO neutron.plugins.ml2.plugin [None req-80484ea4-37af-413e-92b6-1c989940594e - - - - - -] Attempt 1 to provision port 96d550bc-468f-4e96-8f4e-cbbceade3f06
2026-06-18 16:26:43.844 9 INFO neutron.wsgi [req-7b81132c-88af-4a2a-b75a-8e7fcd92ccb7 req-5067831a-73e3-40e2-9385-bfe333ffd2a9 4997bbb5864f4a37a47df7c04765b5a2 551cded0819d4741acc9e2de104fd20f - - default default] 10.0.0.28 "GET /v2.0/security-group-rules/59dac415-4577-4ab2-946e-b964fc28b2fd HTTP/1.1" status: 200 len: 783 time: 0.0513017
2026-06-18 16:26:43.860 9 INFO neutron.db.ovn_revision_numbers_db [None req-076c09ea-dea3-4dfd-b560-e98cf71d3d22 1a7579f1968d4b94adea2a3f5c5662f4 ac7784256f2b4d08b307a7517c1cbc8c - - - -] Successfully bumped revision number for resource 7164fbf9-1492-404f-9062-9d080a326451 (type: routers) to 3
2026-06-18 16:26:43.876 9 INFO neutron.db.ovn_revision_numbers_db [None req-42cf4e08-fd64-4c36-b16d-2a64a10148d0 - - - - - -] Successfully bumped revision number for resource 96d550bc-468f-4e96-8f4e-cbbceade3f06 (type: ports) to 2
2026-06-18 16:26:43.889 9 INFO neutron.wsgi [None req-076c09ea-dea3-4dfd-b560-e98cf71d3d22 1a7579f1968d4b94adea2a3f5c5662f4 ac7784256f2b4d08b307a7517c1cbc8c - - - -] 10.0.0.138 "POST /v2.0/routers HTTP/1.1" status: 201 len: 880 time: 3.5902934
2026-06-18 16:26:43.926 9 INFO neutron.wsgi [req-7b81132c-88af-4a2a-b75a-8e7fcd92ccb7 req-d1f7c463-3392-4eb2-ab55-522bcdc62455 4997bbb5864f4a37a47df7c04765b5a2 551cded0819d4741acc9e2de104fd20f - - default default] 10.0.0.28 "GET /v2.0/security-groups/04952bae-d85d-40d3-9458-fc82789d1783 HTTP/1.1" status: 200 len: 3012 time: 0.0675895
2026-06-18 16:26:43.956 10 WARNING neutron.scheduler.dhcp_agent_scheduler [None req-57c76f1d-cc5a-4cbf-91f2-93938b5aa666 810cc406f625449aa67dc323ef6ba828 71ef30d471b742c8bfaf7eb799a585ce - - - -] No more DHCP agents
2026-06-18 16:26:43.962 10 WARNING neutron.api.rpc.agentnotifiers.dhcp_rpc_agent_api [None req-57c76f1d-cc5a-4cbf-91f2-93938b5aa666 810cc406f625449aa67dc323ef6ba828 71ef30d471b742c8bfaf7eb799a585ce - - - -] Unable to schedule network 76aa89d5-b2c9-4704-a82b-d82dba299687: no agents available; will retry on subsequent port and subnet creation events.
2026-06-18 16:26:43.986 9 INFO neutron.plugins.ml2.drivers.ovn.mech_driver.ovsdb.ovsdb_monitor [None req-42cf4e08-fd64-4c36-b16d-2a64a10148d0 - - - - - -] Router 7164fbf9-1492-404f-9062-9d080a326451 is bound to host instance
2026-06-18 16:26:44.249 10 INFO neutron.db.ovn_revision_numbers_db [None req-80484ea4-37af-413e-92b6-1c989940594e - - - - - -] Successfully bumped revision number for resource 96d550bc-468f-4e96-8f4e-cbbceade3f06 (type: ports) to 4
2026-06-18 16:26:44.335 9 INFO neutron.wsgi [None req-5dd80161-854d-41ce-b035-6d7deb45759e 4997bbb5864f4a37a47df7c04765b5a2 551cded0819d4741acc9e2de104fd20f - - - -] 10.0.0.28 "DELETE /v2.0/security-group-rules/59dac415-4577-4ab2-946e-b964fc28b2fd HTTP/1.1" status: 204 len: 173 time: 0.3827221
2026-06-18 16:26:44.416 9 INFO neutron.wsgi [req-ecac3c68-785f-4a92-bdae-b43373a59e68 req-eb15dece-ec08-4154-a6b6-95d6e3deb3ae 4997bbb5864f4a37a47df7c04765b5a2 551cded0819d4741acc9e2de104fd20f - - default default] 10.0.0.28 "GET /v2.0/security-groups/04952bae-d85d-40d3-9458-fc82789d1783 HTTP/1.1" status: 200 len: 2414 time: 0.0610337
2026-06-18 16:26:44.498 10 INFO neutron.db.ovn_revision_numbers_db [None req-57c76f1d-cc5a-4cbf-91f2-93938b5aa666 810cc406f625449aa67dc323ef6ba828 71ef30d471b742c8bfaf7eb799a585ce - - - -] Successfully bumped revision number for resource e1f77943-9a2d-47f2-8133-dc225494fc44 (type: floatingips) to 0
2026-06-18 16:26:44.518 10 INFO neutron.wsgi [None req-57c76f1d-cc5a-4cbf-91f2-93938b5aa666 810cc406f625449aa67dc323ef6ba828 71ef30d471b742c8bfaf7eb799a585ce - - - -] 10.0.0.138 "POST /v2.0/floatingips HTTP/1.1" status: 201 len: 751 time: 0.9708166
2026-06-18 16:26:44.522 10 INFO neutron.db.ovn_revision_numbers_db [None req-80484ea4-37af-413e-92b6-1c989940594e - - - - - -] Successfully bumped revision number for resource 96d550bc-468f-4e96-8f4e-cbbceade3f06 (type: router_ports) to 4
2026-06-18 16:26:44.601 10 INFO neutron.plugins.ml2.drivers.ovn.mech_driver.mech_driver [None req-80484ea4-37af-413e-92b6-1c989940594e - - - - - -] OVN reports status up for port: 53e43ead-72ff-4788-81cd-c6c392d43214
2026-06-18 16:26:44.614 10 INFO neutron.plugins.ml2.plugin [None req-80484ea4-37af-413e-92b6-1c989940594e - - - - - -] Attempt 1 to provision port 53e43ead-72ff-4788-81cd-c6c392d43214
2026-06-18 16:26:44.749 10 INFO neutron.wsgi [-] 10.0.0.135 "GET / HTTP/1.1" status: 200 len: 247 time: 0.0016766
2026-06-18 16:26:44.750 10 INFO neutron.wsgi [-] 10.0.0.135 "GET / HTTP/1.1" status: 200 len: 247 time: 0.0009625
2026-06-18 16:26:44.808 9 INFO neutron.db.ovn_revision_numbers_db [None req-6f1d7545-a289-40c3-bff4-6b0bcf783cb8 1a7579f1968d4b94adea2a3f5c5662f4 ac7784256f2b4d08b307a7517c1cbc8c - - - -] Successfully bumped revision number for resource 654f18fd-e841-44fa-94a0-deef1e9abab2 (type: router_ports) to 2
2026-06-18 16:26:44.811 9 INFO neutron.wsgi [None req-6f1d7545-a289-40c3-bff4-6b0bcf783cb8 1a7579f1968d4b94adea2a3f5c5662f4 ac7784256f2b4d08b307a7517c1cbc8c - - - -] 10.0.0.138 "PUT /v2.0/routers/47e69ff2-ff91-48d9-82ba-0ac2b1ffc926/add_router_interface HTTP/1.1" status: 200 len: 503 time: 5.3970215
2026-06-18 16:26:44.882 10 INFO neutron.db.ovn_revision_numbers_db [None req-80484ea4-37af-413e-92b6-1c989940594e - - - - - -] Successfully bumped revision number for resource 53e43ead-72ff-4788-81cd-c6c392d43214 (type: ports) to 3
2026-06-18 16:26:44.993 9 INFO neutron.wsgi [None req-3bf79f79-434e-42d0-8a8d-7c996232c8b1 4997bbb5864f4a37a47df7c04765b5a2 551cded0819d4741acc9e2de104fd20f - - - -] 10.0.0.28 "DELETE /v2.0/security-groups/04952bae-d85d-40d3-9458-fc82789d1783 HTTP/1.1" status: 204 len: 173 time: 0.5628703
2026-06-18 16:26:45.012 9 INFO neutron.wsgi [req-ca4b9d52-bcba-4f99-96dc-b327c6bf2b11 req-5f283544-2572-4971-b1cf-15aeb044162d 810cc406f625449aa67dc323ef6ba828 71ef30d471b742c8bfaf7eb799a585ce - - default default] 10.0.0.28 "GET /v2.0/security-groups?name=tempest-securitygroup--1864567324&fields=id&tenant_id=71ef30d471b742c8bfaf7eb799a585ce HTTP/1.1" status: 200 len: 267 time: 0.0873971
2026-06-18 16:26:45.015 10 INFO neutron.db.ovn_revision_numbers_db [None req-80484ea4-37af-413e-92b6-1c989940594e - - - - - -] Successfully bumped revision number for resource 53e43ead-72ff-4788-81cd-c6c392d43214 (type: router_ports) to 3
2026-06-18 16:26:45.091 9 WARNING neutron.scheduler.dhcp_agent_scheduler [None req-4f6f096d-a85d-480f-96e2-d56638b992bb 1a7579f1968d4b94adea2a3f5c5662f4 ac7784256f2b4d08b307a7517c1cbc8c - - default default] No more DHCP agents
2026-06-18 16:26:45.108 9 WARNING neutron.api.rpc.agentnotifiers.dhcp_rpc_agent_api [None req-4f6f096d-a85d-480f-96e2-d56638b992bb 1a7579f1968d4b94adea2a3f5c5662f4 ac7784256f2b4d08b307a7517c1cbc8c - - default default] Unable to schedule network c9d1cc77-e257-48b5-8f97-cbf06a5cc65b: no agents available; will retry on subsequent port and subnet creation events.
2026-06-18 16:26:45.179 9 INFO neutron.wsgi [req-fb5c53ea-0a33-49e9-bf36-d88f428870c7 req-ee0d5fe4-71cb-4b05-8109-fc3b44af6940 4997bbb5864f4a37a47df7c04765b5a2 551cded0819d4741acc9e2de104fd20f - - default default] 10.0.0.28 "GET /v2.0/security-groups/2591894a-e0c9-4f04-9cc0-a192514e76ba HTTP/1.1" status: 200 len: 2410 time: 0.1544623
2026-06-18 16:26:45.190 9 INFO neutron.wsgi [req-ca4b9d52-bcba-4f99-96dc-b327c6bf2b11 req-eabed232-a5db-47b8-9de2-c9c29f89babc 810cc406f625449aa67dc323ef6ba828 71ef30d471b742c8bfaf7eb799a585ce - - default default] 10.0.0.28 "GET /v2.0/networks?id=5e34ef96-f4ea-4e3b-9ceb-7b80818e1b08 HTTP/1.1" status: 200 len: 875 time: 0.1658175
2026-06-18 16:26:45.225 9 INFO neutron.wsgi [req-ca4b9d52-bcba-4f99-96dc-b327c6bf2b11 req-d9349417-75fc-49d5-b091-1a39d90244d3 810cc406f625449aa67dc323ef6ba828 71ef30d471b742c8bfaf7eb799a585ce - - default default] 10.0.0.28 "GET /v2.0/quotas/71ef30d471b742c8bfaf7eb799a585ce HTTP/1.1" status: 200 len: 386 time: 0.0263076
2026-06-18 16:26:45.358 9 INFO neutron.db.ovn_revision_numbers_db [None req-42cf4e08-fd64-4c36-b16d-2a64a10148d0 - - - - - -] Successfully bumped revision number for resource bac98c65-6c94-403b-a731-21f9d4dbe3de (type: ports) to 1
2026-06-18 16:26:45.415 9 INFO neutron.db.ovn_revision_numbers_db [None req-4f6f096d-a85d-480f-96e2-d56638b992bb 1a7579f1968d4b94adea2a3f5c5662f4 ac7784256f2b4d08b307a7517c1cbc8c - - default default] Successfully bumped revision number for resource 928277f0-744e-44ba-bc2d-df42ca0ce35d (type: ports) to 1
2026-06-18 16:26:45.423 9 INFO neutron.wsgi [req-ca4b9d52-bcba-4f99-96dc-b327c6bf2b11 req-a9aed170-49a7-4ffd-ac29-554e5f502cca 810cc406f625449aa67dc323ef6ba828 71ef30d471b742c8bfaf7eb799a585ce - - default default] 10.0.0.28 "GET /v2.0/ports?tenant_id=71ef30d471b742c8bfaf7eb799a585ce&fields=id HTTP/1.1" status: 200 len: 302 time: 0.1865945
2026-06-18 16:26:45.526 9 INFO neutron.wsgi [None req-6a94ed19-dfa7-4559-ab29-b2cf88de3418 4997bbb5864f4a37a47df7c04765b5a2 551cded0819d4741acc9e2de104fd20f - - - -] 10.0.0.28 "DELETE /v2.0/security-groups/2591894a-e0c9-4f04-9cc0-a192514e76ba HTTP/1.1" status: 204 len: 173 time: 0.3360367
2026-06-18 16:26:45.874 9 INFO neutron.wsgi [req-ca4b9d52-bcba-4f99-96dc-b327c6bf2b11 req-3b9e3a93-885f-407c-b3e9-d0234477deeb 904dfcd0042142e5896a667eef09f1ad 1b0811b8348d4d22b803316b5a75872a - - 4df68552b8fc48988c746818700f8910 4df68552b8fc48988c746818700f8910] 10.0.0.28 "GET /v2.0/extensions HTTP/1.1" status: 200 len: 16525 time: 0.0654609
2026-06-18 16:26:46.038 9 INFO neutron.wsgi [req-ca4b9d52-bcba-4f99-96dc-b327c6bf2b11 req-0b2fbce9-9b0d-4874-9400-36a6890aa2b0 904dfcd0042142e5896a667eef09f1ad 1b0811b8348d4d22b803316b5a75872a - - 4df68552b8fc48988c746818700f8910 4df68552b8fc48988c746818700f8910] 10.0.0.28 "GET /v2.0/networks/5e34ef96-f4ea-4e3b-9ceb-7b80818e1b08?fields=segments HTTP/1.1" status: 200 len: 212 time: 0.1432753
2026-06-18 16:26:46.083 9 INFO neutron.db.ovn_revision_numbers_db [None req-28a6e172-e55d-4538-826c-d55549b03a7f 632a930972344bbe86cf6b103048c004 ea55ae2f84774040857d86938da0535a - - - -] Successfully bumped revision number for resource 9ca6caa6-6951-4668-9538-0e8999a03c1d (type: security_groups) to 1
2026-06-18 16:26:46.138 9 INFO neutron.wsgi [None req-28a6e172-e55d-4538-826c-d55549b03a7f 632a930972344bbe86cf6b103048c004 ea55ae2f84774040857d86938da0535a - - - -] 10.0.0.28 "POST /v2.0/security-groups HTTP/1.1" status: 201 len: 1821 time: 0.5263736
2026-06-18 16:26:46.202 9 INFO neutron.db.ovn_revision_numbers_db [None req-42cf4e08-fd64-4c36-b16d-2a64a10148d0 - - - - - -] Successfully bumped revision number for resource bac98c65-6c94-403b-a731-21f9d4dbe3de (type: router_ports) to 3
2026-06-18 16:26:46.205 9 INFO neutron.wsgi [req-ca4b9d52-bcba-4f99-96dc-b327c6bf2b11 req-e5fb76b2-6d2d-4050-bcbe-f1118ac1662a 904dfcd0042142e5896a667eef09f1ad 1b0811b8348d4d22b803316b5a75872a - - 4df68552b8fc48988c746818700f8910 4df68552b8fc48988c746818700f8910] 10.0.0.28 "GET /v2.0/networks/5e34ef96-f4ea-4e3b-9ceb-7b80818e1b08?fields=provider%3Aphysical_network&fields=provider%3Anetwork_type HTTP/1.1" status: 200 len: 277 time: 0.1484091
2026-06-18 16:26:46.403 9 INFO neutron.db.ovn_revision_numbers_db [None req-5b35ee2b-2d33-4e95-869f-1bd420126ca5 632a930972344bbe86cf6b103048c004 ea55ae2f84774040857d86938da0535a - - - -] Successfully bumped revision number for resource 58e5f073-703a-4e18-8d8e-f18da29b5655 (type: security_groups) to 1
2026-06-18 16:26:46.457 9 INFO neutron.wsgi [None req-5b35ee2b-2d33-4e95-869f-1bd420126ca5 632a930972344bbe86cf6b103048c004 ea55ae2f84774040857d86938da0535a - - - -] 10.0.0.28 "POST /v2.0/security-groups HTTP/1.1" status: 201 len: 1823 time: 0.2815678
2026-06-18 16:26:46.459 9 INFO neutron.wsgi [req-441bd1af-5433-41f7-a9ae-c648f051840a req-8b64d3b6-61d7-44a5-b971-4bf2b115e128 810cc406f625449aa67dc323ef6ba828 71ef30d471b742c8bfaf7eb799a585ce - - default default] 10.0.0.28 "GET /v2.0/ports?device_id=b641e0f7-f43c-4922-ad1d-4b3fdf55f69b HTTP/1.1" status: 200 len: 210 time: 0.0438795
2026-06-18 16:26:46.460 9 INFO neutron.db.ovn_revision_numbers_db [None req-42cf4e08-fd64-4c36-b16d-2a64a10148d0 - - - - - -] Successfully bumped revision number for resource bac98c65-6c94-403b-a731-21f9d4dbe3de (type: ports) to 2
2026-06-18 16:26:46.475 9 INFO neutron.db.ovn_revision_numbers_db [None req-4f6f096d-a85d-480f-96e2-d56638b992bb 1a7579f1968d4b94adea2a3f5c5662f4 ac7784256f2b4d08b307a7517c1cbc8c - - default default] Successfully bumped revision number for resource 928277f0-744e-44ba-bc2d-df42ca0ce35d (type: router_ports) to 2
2026-06-18 16:26:46.681 9 INFO neutron.db.ovn_revision_numbers_db [None req-4f6f096d-a85d-480f-96e2-d56638b992bb 1a7579f1968d4b94adea2a3f5c5662f4 ac7784256f2b4d08b307a7517c1cbc8c - - default default] Successfully bumped revision number for resource 928277f0-744e-44ba-bc2d-df42ca0ce35d (type: ports) to 2
2026-06-18 16:26:46.688 9 INFO neutron.db.ovn_revision_numbers_db [None req-d09f7186-db1f-4616-8242-e1ef0cda16db 632a930972344bbe86cf6b103048c004 ea55ae2f84774040857d86938da0535a - - - -] Successfully bumped revision number for resource f839a946-c919-4b29-ac94-34108431e4e4 (type: security_groups) to 1
2026-06-18 16:26:46.731 9 INFO neutron.wsgi [None req-d09f7186-db1f-4616-8242-e1ef0cda16db 632a930972344bbe86cf6b103048c004 ea55ae2f84774040857d86938da0535a - - - -] 10.0.0.28 "POST /v2.0/security-groups HTTP/1.1" status: 201 len: 1823 time: 0.2427645
2026-06-18 16:26:46.872 9 WARNING neutron.scheduler.dhcp_agent_scheduler [None req-4f6f096d-a85d-480f-96e2-d56638b992bb 1a7579f1968d4b94adea2a3f5c5662f4 ac7784256f2b4d08b307a7517c1cbc8c - - default default] No more DHCP agents
2026-06-18 16:26:46.884 9 WARNING neutron.api.rpc.agentnotifiers.dhcp_rpc_agent_api [None req-4f6f096d-a85d-480f-96e2-d56638b992bb 1a7579f1968d4b94adea2a3f5c5662f4 ac7784256f2b4d08b307a7517c1cbc8c - - default default] Unable to schedule network c9d1cc77-e257-48b5-8f97-cbf06a5cc65b: no agents available; will retry on subsequent port and subnet creation events.
2026-06-18 16:26:46.910 9 INFO neutron.wsgi [req-adf9f934-a395-43cd-9561-17c1479e60a0 req-4588ec4f-6656-4caa-b944-629a589b9f94 632a930972344bbe86cf6b103048c004 ea55ae2f84774040857d86938da0535a - - default default] 10.0.0.28 "GET /v2.0/security-groups?tenant_id=ea55ae2f84774040857d86938da0535a HTTP/1.1" status: 200 len: 7795 time: 0.1456289
2026-06-18 16:26:47.078 9 INFO neutron.db.ovn_revision_numbers_db [None req-42cf4e08-fd64-4c36-b16d-2a64a10148d0 - - - - - -] Successfully bumped revision number for resource bac98c65-6c94-403b-a731-21f9d4dbe3de (type: ports) to 4
2026-06-18 16:26:47.150 10 INFO neutron.wsgi [None req-14d3b333-4158-4b20-861e-6645c2b9e857 1a7579f1968d4b94adea2a3f5c5662f4 ac7784256f2b4d08b307a7517c1cbc8c - - - -] 10.0.0.138 "PUT /v2.0/routers/d9891288-6bed-49af-99bd-bdbcee902786/remove_router_interface HTTP/1.1" status: 200 len: 503 time: 1.6145616
2026-06-18 16:26:47.162 9 INFO neutron.wsgi [req-adf9f934-a395-43cd-9561-17c1479e60a0 req-a9c1affe-23b5-4f30-9687-e89054fd7d29 632a930972344bbe86cf6b103048c004 ea55ae2f84774040857d86938da0535a - - default default] 10.0.0.28 "GET /v2.0/security-groups/6671099c-1845-4ac5-bd2a-8fbea953c615 HTTP/1.1" status: 200 len: 2994 time: 0.0849893 /var/lib/openstack/lib/python3.10/site-packages/pycadf/identifier.py:71: UserWarning: Invalid uuid: neutron. To ensure interoperability, identifiers should be a valid uuid. warnings.warn(('Invalid uuid: %s. To ensure interoperability, '
2026-06-18 16:26:47.249 9 INFO neutron.wsgi [req-adf9f934-a395-43cd-9561-17c1479e60a0 req-a5d550a2-2fcf-46fa-a819-490d563a8eba 632a930972344bbe86cf6b103048c004 ea55ae2f84774040857d86938da0535a - - default default] 10.0.0.28 "GET /v2.0/security-groups/6671099c-1845-4ac5-bd2a-8fbea953c615 HTTP/1.1" status: 200 len: 2994 time: 0.0781238
2026-06-18 16:26:47.358 9 INFO neutron.wsgi [req-08c2c385-530c-48ac-90a0-59144936eda8 req-705699da-d10a-45ce-bde3-e2426f63b4a5 632a930972344bbe86cf6b103048c004 ea55ae2f84774040857d86938da0535a - - default default] 10.0.0.28 "GET /v2.0/security-groups/9ca6caa6-6951-4668-9538-0e8999a03c1d HTTP/1.1" status: 200 len: 1816 time: 0.0811779
2026-06-18 16:26:47.497 9 INFO neutron.db.ovn_revision_numbers_db [None req-42cf4e08-fd64-4c36-b16d-2a64a10148d0 - - - - - -] Successfully bumped revision number for resource bac98c65-6c94-403b-a731-21f9d4dbe3de (type: router_ports) to 4
2026-06-18 16:26:47.583 9 INFO neutron.wsgi [None req-e0697ee7-3d56-43cc-875f-f2818a5eaf34 632a930972344bbe86cf6b103048c004 ea55ae2f84774040857d86938da0535a - - - -] 10.0.0.28 "DELETE /v2.0/security-groups/9ca6caa6-6951-4668-9538-0e8999a03c1d HTTP/1.1" status: 204 len: 173 time: 0.2166390
2026-06-18 16:26:47.637 9 INFO neutron.api.v2.resource [req-d543c3df-6236-4f6e-93f7-4efca956aed5 req-61b258a0-ad7d-49db-b9dc-a1d5775839d1 632a930972344bbe86cf6b103048c004 ea55ae2f84774040857d86938da0535a - - default default] show failed (client error): The resource could not be found.
2026-06-18 16:26:47.638 9 INFO neutron.wsgi [req-d543c3df-6236-4f6e-93f7-4efca956aed5 req-61b258a0-ad7d-49db-b9dc-a1d5775839d1 632a930972344bbe86cf6b103048c004 ea55ae2f84774040857d86938da0535a - - default default] 10.0.0.28 "GET /v2.0/security-groups/9ca6caa6-6951-4668-9538-0e8999a03c1d HTTP/1.1" status: 404 len: 352 time: 0.0159748
2026-06-18 16:26:47.715 9 INFO neutron.wsgi [req-d2de1647-86ec-47fb-ac69-6e8e8a3b3b29 req-55aa28ce-a223-415b-b61f-aad3a8f7e096 632a930972344bbe86cf6b103048c004 ea55ae2f84774040857d86938da0535a - - default default] 10.0.0.28 "GET /v2.0/security-groups/58e5f073-703a-4e18-8d8e-f18da29b5655 HTTP/1.1" status: 200 len: 1818 time: 0.0544558
2026-06-18 16:26:47.732 9 INFO neutron.wsgi [req-e8d2664f-2ab1-4f18-9dc5-04bff279787c req-6300348c-40c2-48aa-9235-a29fe9e01473 810cc406f625449aa67dc323ef6ba828 71ef30d471b742c8bfaf7eb799a585ce - - default default] 10.0.0.28 "GET /v2.0/ports?device_id=b641e0f7-f43c-4922-ad1d-4b3fdf55f69b HTTP/1.1" status: 200 len: 210 time: 0.0301754
2026-06-18 16:26:47.849 10 INFO neutron.wsgi [None req-d63922fe-0499-4567-9823-b1eccfdb4e3c 1a7579f1968d4b94adea2a3f5c5662f4 ac7784256f2b4d08b307a7517c1cbc8c - - - -] 10.0.0.138 "DELETE /v2.0/routers/d9891288-6bed-49af-99bd-bdbcee902786 HTTP/1.1" status: 204 len: 168 time: 0.6894326
2026-06-18 16:26:48.112 9 INFO neutron.wsgi [None req-64e5de25-5505-431a-99db-2fda609e08d7 632a930972344bbe86cf6b103048c004 ea55ae2f84774040857d86938da0535a - - - -] 10.0.0.28 "DELETE /v2.0/security-groups/58e5f073-703a-4e18-8d8e-f18da29b5655 HTTP/1.1" status: 204 len: 173 time: 0.3842006
2026-06-18 16:26:48.161 9 INFO neutron.api.v2.resource [req-bc36c35e-d305-468f-8a02-9e75ead96464 req-4466ed47-6e84-4d9e-9fb7-110d550316e5 632a930972344bbe86cf6b103048c004 ea55ae2f84774040857d86938da0535a - - default default] show failed (client error): The resource could not be found.
2026-06-18 16:26:48.165 9 INFO neutron.wsgi [req-bc36c35e-d305-468f-8a02-9e75ead96464 req-4466ed47-6e84-4d9e-9fb7-110d550316e5 632a930972344bbe86cf6b103048c004 ea55ae2f84774040857d86938da0535a - - default default] 10.0.0.28 "GET /v2.0/security-groups/58e5f073-703a-4e18-8d8e-f18da29b5655 HTTP/1.1" status: 404 len: 352 time: 0.0267305
2026-06-18 16:26:48.249 9 INFO neutron.wsgi [req-f78020bc-6c8a-4e2d-8543-eee41e943dfb req-b2df1f79-7bf8-4a3c-9252-08585cfb3a22 632a930972344bbe86cf6b103048c004 ea55ae2f84774040857d86938da0535a - - default default] 10.0.0.28 "GET /v2.0/security-groups/f839a946-c919-4b29-ac94-34108431e4e4 HTTP/1.1" status: 200 len: 1818 time: 0.0563345
2026-06-18 16:26:48.300 9 INFO neutron.db.ovn_revision_numbers_db [None req-4f6f096d-a85d-480f-96e2-d56638b992bb 1a7579f1968d4b94adea2a3f5c5662f4 ac7784256f2b4d08b307a7517c1cbc8c - - - -] Successfully bumped revision number for resource 928277f0-744e-44ba-bc2d-df42ca0ce35d (type: router_ports) to 2
2026-06-18 16:26:48.302 9 INFO neutron.wsgi [None req-4f6f096d-a85d-480f-96e2-d56638b992bb 1a7579f1968d4b94adea2a3f5c5662f4 ac7784256f2b4d08b307a7517c1cbc8c - - - -] 10.0.0.138 "PUT /v2.0/routers/7164fbf9-1492-404f-9062-9d080a326451/add_router_interface HTTP/1.1" status: 200 len: 503 time: 4.4055548
2026-06-18 16:26:48.305 10 INFO neutron.wsgi [req-ca4b9d52-bcba-4f99-96dc-b327c6bf2b11 req-5c907c76-db9b-4cc6-b83c-3998b4e0ed52 810cc406f625449aa67dc323ef6ba828 71ef30d471b742c8bfaf7eb799a585ce - - default default] 199.19.213.203 "GET /v2.0/networks?id=5e34ef96-f4ea-4e3b-9ceb-7b80818e1b08 HTTP/1.1" status: 200 len: 875 time: 0.3732598
2026-06-18 16:26:48.330 10 INFO neutron.wsgi [None req-b219fa4b-ccad-4e18-aec0-902a264c0778 1a7579f1968d4b94adea2a3f5c5662f4 ac7784256f2b4d08b307a7517c1cbc8c - - - -] 10.0.0.138 "DELETE /v2.0/subnets/76885890-2f20-497e-b029-66bd7bc2ece2 HTTP/1.1" status: 204 len: 168 time: 0.4760470
2026-06-18 16:26:48.393 10 INFO neutron.wsgi [req-ca4b9d52-bcba-4f99-96dc-b327c6bf2b11 req-99f6410a-4991-4e6f-add1-cb82cbe19db6 810cc406f625449aa67dc323ef6ba828 71ef30d471b742c8bfaf7eb799a585ce - - default default] 199.19.213.203 "GET /v2.0/security-groups?fields=id&fields=name&tenant_id=71ef30d471b742c8bfaf7eb799a585ce HTTP/1.1" status: 200 len: 380 time: 0.0522256
2026-06-18 16:26:48.451 9 INFO neutron.wsgi [None req-2953f125-5806-489f-8e4d-126579fc7382 632a930972344bbe86cf6b103048c004 ea55ae2f84774040857d86938da0535a - - - -] 10.0.0.28 "DELETE /v2.0/security-groups/f839a946-c919-4b29-ac94-34108431e4e4 HTTP/1.1" status: 204 len: 173 time: 0.1913986
2026-06-18 16:26:48.493 9 INFO neutron.api.v2.resource [req-0d410aac-5f04-486c-b4a9-f42e0cff225a req-64a3cfee-a434-47a8-8755-e722950a5007 632a930972344bbe86cf6b103048c004 ea55ae2f84774040857d86938da0535a - - default default] show failed (client error): The resource could not be found.
2026-06-18 16:26:48.494 9 INFO neutron.wsgi [req-0d410aac-5f04-486c-b4a9-f42e0cff225a req-64a3cfee-a434-47a8-8755-e722950a5007 632a930972344bbe86cf6b103048c004 ea55ae2f84774040857d86938da0535a - - default default] 10.0.0.28 "GET /v2.0/security-groups/f839a946-c919-4b29-ac94-34108431e4e4 HTTP/1.1" status: 404 len: 352 time: 0.0242963
2026-06-18 16:26:48.599 9 INFO neutron.wsgi [req-3f00b6ce-b1c1-45d7-bb6f-3e42ccf7b6bc req-deea34fd-aa18-4ad8-8c9e-793bbada8cfb 632a930972344bbe86cf6b103048c004 ea55ae2f84774040857d86938da0535a - - default default] 10.0.0.28 "GET /v2.0/security-groups?tenant_id=ea55ae2f84774040857d86938da0535a HTTP/1.1" status: 200 len: 2997 time: 0.0802536
2026-06-18 16:26:48.658 9 INFO neutron.wsgi [req-3f00b6ce-b1c1-45d7-bb6f-3e42ccf7b6bc req-f97ea193-acb9-4656-9e64-c1a287efaba0 632a930972344bbe86cf6b103048c004 ea55ae2f84774040857d86938da0535a - - default default] 10.0.0.28 "GET /v2.0/security-groups/6671099c-1845-4ac5-bd2a-8fbea953c615 HTTP/1.1" status: 200 len: 2994 time: 0.0419803
2026-06-18 16:26:48.722 9 INFO neutron.wsgi [req-3f00b6ce-b1c1-45d7-bb6f-3e42ccf7b6bc req-00115b3a-39a1-4682-a522-e12b7dcfe4bd 632a930972344bbe86cf6b103048c004 ea55ae2f84774040857d86938da0535a - - default default] 10.0.0.28 "GET /v2.0/security-groups/6671099c-1845-4ac5-bd2a-8fbea953c615 HTTP/1.1" status: 200 len: 2994 time: 0.0550292
2026-06-18 16:26:48.773 9 INFO neutron.api.v2.resource [req-c62c99d1-8840-4fa4-ac33-daea1a89f6f3 req-e87bee6f-919b-4203-9fb4-faf2a936f06e 632a930972344bbe86cf6b103048c004 ea55ae2f84774040857d86938da0535a - - default default] show failed (client error): The resource could not be found.
2026-06-18 16:26:48.775 9 INFO neutron.wsgi [req-c62c99d1-8840-4fa4-ac33-daea1a89f6f3 req-e87bee6f-919b-4203-9fb4-faf2a936f06e 632a930972344bbe86cf6b103048c004 ea55ae2f84774040857d86938da0535a - - default default] 10.0.0.28 "GET /v2.0/security-groups/f839a946-c919-4b29-ac94-34108431e4e4 HTTP/1.1" status: 404 len: 352 time: 0.0148942
2026-06-18 16:26:48.876 10 WARNING neutron.scheduler.dhcp_agent_scheduler [None req-cfc01f15-0d79-454f-b62c-048e73835890 810cc406f625449aa67dc323ef6ba828 71ef30d471b742c8bfaf7eb799a585ce - - - -] No more DHCP agents
2026-06-18 16:26:48.880 10 WARNING neutron.api.rpc.agentnotifiers.dhcp_rpc_agent_api [None req-cfc01f15-0d79-454f-b62c-048e73835890 810cc406f625449aa67dc323ef6ba828 71ef30d471b742c8bfaf7eb799a585ce - - - -] Unable to schedule network 5e34ef96-f4ea-4e3b-9ceb-7b80818e1b08: no agents available; will retry on subsequent port and subnet creation events.
2026-06-18 16:26:48.910 9 INFO neutron.api.v2.resource [req-e2dd69a7-eb9f-4b2f-9ea2-a85e77a0af3a req-bdb049dd-7361-4a77-9805-5e4939d86075 632a930972344bbe86cf6b103048c004 ea55ae2f84774040857d86938da0535a - - default default] show failed (client error): The resource could not be found.
2026-06-18 16:26:48.911 9 INFO neutron.wsgi [req-e2dd69a7-eb9f-4b2f-9ea2-a85e77a0af3a req-bdb049dd-7361-4a77-9805-5e4939d86075 632a930972344bbe86cf6b103048c004 ea55ae2f84774040857d86938da0535a - - default default] 10.0.0.28 "GET /v2.0/security-groups/58e5f073-703a-4e18-8d8e-f18da29b5655 HTTP/1.1" status: 404 len: 352 time: 0.0410204
2026-06-18 16:26:48.992 9 INFO neutron.api.v2.resource [req-3950988b-8011-4e66-b1c8-d7971df6ebc4 req-f7442ac1-e8d9-4a25-b361-aa500cb5092e 632a930972344bbe86cf6b103048c004 ea55ae2f84774040857d86938da0535a - - default default] show failed (client error): The resource could not be found.
2026-06-18 16:26:48.994 9 INFO neutron.wsgi [req-3950988b-8011-4e66-b1c8-d7971df6ebc4 req-f7442ac1-e8d9-4a25-b361-aa500cb5092e 632a930972344bbe86cf6b103048c004 ea55ae2f84774040857d86938da0535a - - default default] 10.0.0.28 "GET /v2.0/security-groups/9ca6caa6-6951-4668-9538-0e8999a03c1d HTTP/1.1" status: 404 len: 352 time: 0.0581868
2026-06-18 16:26:49.033 9 INFO neutron.wsgi [req-e323ad50-53a3-46df-9700-dadbb9b8433a req-57c6d461-ccd5-4c22-bc1c-51e326b03d67 810cc406f625449aa67dc323ef6ba828 71ef30d471b742c8bfaf7eb799a585ce - - default default] 10.0.0.28 "GET /v2.0/ports?device_id=b641e0f7-f43c-4922-ad1d-4b3fdf55f69b HTTP/1.1" status: 200 len: 1156 time: 0.0982234
2026-06-18 16:26:49.042 10 INFO neutron.db.ovn_revision_numbers_db [None req-cfc01f15-0d79-454f-b62c-048e73835890 810cc406f625449aa67dc323ef6ba828 71ef30d471b742c8bfaf7eb799a585ce - - - -] Successfully bumped revision number for resource 2f38fead-28d5-49e2-8626-8288ecc473dc (type: ports) to 1
2026-06-18 16:26:49.067 10 INFO neutron.wsgi [None req-cfc01f15-0d79-454f-b62c-048e73835890 810cc406f625449aa67dc323ef6ba828 71ef30d471b742c8bfaf7eb799a585ce - - - -] 199.19.213.203 "POST /v2.0/ports HTTP/1.1" status: 201 len: 1158 time: 0.6695938 /var/lib/openstack/lib/python3.10/site-packages/pycadf/identifier.py:71: UserWarning: Invalid uuid: neutron. To ensure interoperability, identifiers should be a valid uuid. warnings.warn(('Invalid uuid: %s. To ensure interoperability, '
2026-06-18 16:26:49.075 9 INFO neutron.wsgi [None req-6180a936-7b1e-42c4-96a2-cadf729d66dd 1a7579f1968d4b94adea2a3f5c5662f4 ac7784256f2b4d08b307a7517c1cbc8c - - - -] 10.0.0.138 "DELETE /v2.0/networks/b9c1f667-dd28-4d87-98b3-485764d43eac HTTP/1.1" status: 204 len: 168 time: 0.7386129
2026-06-18 16:26:49.079 10 INFO neutron.wsgi [req-ca4b9d52-bcba-4f99-96dc-b327c6bf2b11 req-ee5829bd-63ee-4712-a632-0e5bcf38905f 810cc406f625449aa67dc323ef6ba828 71ef30d471b742c8bfaf7eb799a585ce - - default default] 199.19.213.203 "GET /v2.0/extensions HTTP/1.1" status: 200 len: 16525 time: 0.0070193
2026-06-18 16:26:49.136 9 INFO neutron.wsgi [req-e323ad50-53a3-46df-9700-dadbb9b8433a req-2cbd4575-a4a1-4c28-b0cf-f5c615925103 810cc406f625449aa67dc323ef6ba828 71ef30d471b742c8bfaf7eb799a585ce - - default default] 10.0.0.28 "GET /v2.0/security-groups?id=cd562f63-65e4-4abc-9180-94fb7032b9ff&fields=id&fields=name HTTP/1.1" status: 200 len: 313 time: 0.0831907
2026-06-18 16:26:49.159 9 INFO neutron.db.ovn_revision_numbers_db [None req-92c05cf4-54a7-41de-a9e8-17885461ed1c 95166a90b07044178d0ef3a470074ae6 4165b8b9ce1a4b9da352b1f3cb27aa3f - - - -] Successfully bumped revision number for resource a69f81f1-8893-4875-b846-d90e1481d135 (type: security_groups) to 1
2026-06-18 16:26:49.198 9 INFO neutron.wsgi [None req-92c05cf4-54a7-41de-a9e8-17885461ed1c 95166a90b07044178d0ef3a470074ae6 4165b8b9ce1a4b9da352b1f3cb27aa3f - - - -] 10.0.0.138 "POST /v2.0/security-groups HTTP/1.1" status: 201 len: 1796 time: 0.3405144
2026-06-18 16:26:49.299 10 INFO neutron.wsgi [None req-b8599f29-17ff-406e-bf35-2e816829476e 1a7579f1968d4b94adea2a3f5c5662f4 ac7784256f2b4d08b307a7517c1cbc8c - - default default] 10.0.0.138 "GET /v2.0/security-groups?tenant_id=551cded0819d4741acc9e2de104fd20f&name=default HTTP/1.1" status: 200 len: 2992 time: 0.0622690
2026-06-18 16:26:49.400 10 INFO neutron.db.ovn_revision_numbers_db [None req-8af1e880-a8ec-486a-94a6-c3ded201f2e6 95166a90b07044178d0ef3a470074ae6 4165b8b9ce1a4b9da352b1f3cb27aa3f - - - -] Successfully bumped revision number for resource d00b249a-8b2d-4abd-947f-80cea010e228 (type: security_group_rules) to 0
2026-06-18 16:26:49.430 10 INFO neutron.wsgi [None req-8af1e880-a8ec-486a-94a6-c3ded201f2e6 95166a90b07044178d0ef3a470074ae6 4165b8b9ce1a4b9da352b1f3cb27aa3f - - - -] 10.0.0.138 "POST /v2.0/security-group-rules HTTP/1.1" status: 201 len: 764 time: 0.2260613
2026-06-18 16:26:49.543 9 INFO neutron.services.segments.plugin [-] Segment afd632ac-7c1c-4c87-a59e-665b167505e6 resource provider aggregate not found
2026-06-18 16:26:49.548 9 INFO neutron.services.segments.plugin [-] Segment afd632ac-7c1c-4c87-a59e-665b167505e6 resource provider aggregate not found
2026-06-18 16:26:49.578 9 INFO neutron.services.segments.plugin [-] Segment afd632ac-7c1c-4c87-a59e-665b167505e6 resource provider not found; error: Placement Client Error (4xx): {"errors": [{"status": 404, "title": "Not Found", "detail": "The resource could not be found.\n\n No resource provider with uuid afd632ac-7c1c-4c87-a59e-665b167505e6 found for delete ", "request_id": "req-5624089d-32c7-4c7b-9516-4e7d3c575137"}]}
2026-06-18 16:26:49.581 9 INFO neutron.services.segments.plugin [-] Segment afd632ac-7c1c-4c87-a59e-665b167505e6 resource provider not found; error: Placement Client Error (4xx): {"errors": [{"status": 404, "title": "Not Found", "detail": "The resource could not be found.\n\n No resource provider with uuid afd632ac-7c1c-4c87-a59e-665b167505e6 found for delete ", "request_id": "req-e49fc14a-227f-4fbd-8a40-6a495ae79930"}]}
2026-06-18 16:26:49.639 10 INFO neutron.db.ovn_revision_numbers_db [None req-36c788dd-b886-4cb3-97a3-14c932ee2717 95166a90b07044178d0ef3a470074ae6 4165b8b9ce1a4b9da352b1f3cb27aa3f - - - -] Successfully bumped revision number for resource 698ab8eb-512c-4eb9-8b84-804d828cde9a (type: security_group_rules) to 0
2026-06-18 16:26:49.667 10 INFO neutron.wsgi [None req-beab39a0-1b20-4416-99e5-d10232c74f4d 1a7579f1968d4b94adea2a3f5c5662f4 ac7784256f2b4d08b307a7517c1cbc8c - - - -] 10.0.0.138 "DELETE /v2.0/security-groups/2d7175de-1b8f-47de-9bd0-2cb72b38cc7a HTTP/1.1" status: 204 len: 168 time: 0.3609943
2026-06-18 16:26:49.688 10 INFO neutron.wsgi [None req-36c788dd-b886-4cb3-97a3-14c932ee2717 95166a90b07044178d0ef3a470074ae6 4165b8b9ce1a4b9da352b1f3cb27aa3f - - - -] 10.0.0.138 "POST /v2.0/security-group-rules HTTP/1.1" status: 201 len: 769 time: 0.2476375
2026-06-18 16:26:49.974 10 INFO neutron.db.ovn_revision_numbers_db [None req-83c50e87-d9db-49b5-a351-f3e81222f8e7 904dfcd0042142e5896a667eef09f1ad 1b0811b8348d4d22b803316b5a75872a - - - -] Successfully bumped revision number for resource 2f38fead-28d5-49e2-8626-8288ecc473dc (type: ports) to 2
2026-06-18 16:26:50.118 10 WARNING neutron.scheduler.dhcp_agent_scheduler [None req-6c15b2bb-cb11-4180-935b-fc0aa6f81092 95166a90b07044178d0ef3a470074ae6 4165b8b9ce1a4b9da352b1f3cb27aa3f - - - -] No more DHCP agents
2026-06-18 16:26:50.144 10 WARNING neutron.api.rpc.agentnotifiers.dhcp_rpc_agent_api [None req-6c15b2bb-cb11-4180-935b-fc0aa6f81092 95166a90b07044178d0ef3a470074ae6 4165b8b9ce1a4b9da352b1f3cb27aa3f - - - -] Unable to schedule network 76aa89d5-b2c9-4704-a82b-d82dba299687: no agents available; will retry on subsequent port and subnet creation events.
2026-06-18 16:26:50.291 9 INFO neutron.wsgi [req-79a5cfe6-67d7-4c9c-9d5a-a445cdbfb487 req-e3b1f5d8-2aca-4e19-8bdb-71e62e6946cc 810cc406f625449aa67dc323ef6ba828 71ef30d471b742c8bfaf7eb799a585ce - - default default] 10.0.0.28 "GET /v2.0/ports?device_id=b641e0f7-f43c-4922-ad1d-4b3fdf55f69b HTTP/1.1" status: 200 len: 1168 time: 0.0505950
2026-06-18 16:26:50.398 9 INFO neutron.wsgi [req-79a5cfe6-67d7-4c9c-9d5a-a445cdbfb487 req-21abf2fc-af67-4fd6-b54a-85f0d5e7d473 810cc406f625449aa67dc323ef6ba828 71ef30d471b742c8bfaf7eb799a585ce - - default default] 10.0.0.28 "GET /v2.0/security-groups?id=cd562f63-65e4-4abc-9180-94fb7032b9ff&fields=id&fields=name HTTP/1.1" status: 200 len: 313 time: 0.0917084
2026-06-18 16:26:50.416 10 WARNING neutron.plugins.ml2.drivers.ovn.mech_driver.ovsdb.ovn_client [None req-80484ea4-37af-413e-92b6-1c989940594e - - - - - -] No hosting information found for port 53e43ead-72ff-4788-81cd-c6c392d43214: RuntimeError: No hosting information found for port 53e43ead-72ff-4788-81cd-c6c392d43214
2026-06-18 16:26:50.416 10 INFO neutron.plugins.ml2.drivers.ovn.mech_driver.mech_driver [None req-80484ea4-37af-413e-92b6-1c989940594e - - - - - -] OVN reports status up for port: 654f18fd-e841-44fa-94a0-deef1e9abab2
2026-06-18 16:26:50.465 10 INFO neutron.plugins.ml2.drivers.ovn.mech_driver.mech_driver [None req-80484ea4-37af-413e-92b6-1c989940594e - - - - - -] OVN reports status up for port: 928277f0-744e-44ba-bc2d-df42ca0ce35d
2026-06-18 16:26:50.476 10 INFO neutron.plugins.ml2.plugin [None req-80484ea4-37af-413e-92b6-1c989940594e - - - - - -] Attempt 1 to provision port 928277f0-744e-44ba-bc2d-df42ca0ce35d
2026-06-18 16:26:50.508 10 INFO neutron.db.ovn_revision_numbers_db [None req-83c50e87-d9db-49b5-a351-f3e81222f8e7 904dfcd0042142e5896a667eef09f1ad 1b0811b8348d4d22b803316b5a75872a - - - -] Successfully bumped revision number for resource 2f38fead-28d5-49e2-8626-8288ecc473dc (type: ports) to 2
2026-06-18 16:26:50.545 10 INFO neutron.wsgi [None req-83c50e87-d9db-49b5-a351-f3e81222f8e7 904dfcd0042142e5896a667eef09f1ad 1b0811b8348d4d22b803316b5a75872a - - - -] 199.19.213.203 "PUT /v2.0/ports/2f38fead-28d5-49e2-8626-8288ecc473dc HTTP/1.1" status: 200 len: 1328 time: 1.1060362 /var/lib/openstack/lib/python3.10/site-packages/pycadf/identifier.py:71: UserWarning: Invalid uuid: neutron. To ensure interoperability, identifiers should be a valid uuid. warnings.warn(('Invalid uuid: %s. To ensure interoperability, '
2026-06-18 16:26:50.672 10 INFO neutron.wsgi [req-ca4b9d52-bcba-4f99-96dc-b327c6bf2b11 req-52f546d3-a370-41a1-8224-9967b532bdd2 904dfcd0042142e5896a667eef09f1ad 1b0811b8348d4d22b803316b5a75872a - - 4df68552b8fc48988c746818700f8910 4df68552b8fc48988c746818700f8910] 199.19.213.203 "GET /v2.0/ports?tenant_id=71ef30d471b742c8bfaf7eb799a585ce&device_id=b641e0f7-f43c-4922-ad1d-4b3fdf55f69b HTTP/1.1" status: 200 len: 1359 time: 0.0773067
2026-06-18 16:26:50.721 10 INFO neutron.wsgi [req-ca4b9d52-bcba-4f99-96dc-b327c6bf2b11 req-7d180ee3-fce1-4a12-825c-ca0700529eba 904dfcd0042142e5896a667eef09f1ad 1b0811b8348d4d22b803316b5a75872a - - 4df68552b8fc48988c746818700f8910 4df68552b8fc48988c746818700f8910] 199.19.213.203 "GET /v2.0/floatingips?fixed_ip_address=10.100.0.7&port_id=2f38fead-28d5-49e2-8626-8288ecc473dc HTTP/1.1" status: 200 len: 217 time: 0.0400438
