2026-06-18 16:28:59.845 9 INFO neutron.services.segments.plugin [-] Segment bd8da7d6-0f61-48f9-93f9-ee51d5ddd941 resource provider not found; error: Placement Client Error (4xx): {"errors": [{"status": 404, "title": "Not Found", "detail": "The resource could not be found.\n\n No resource provider with uuid bd8da7d6-0f61-48f9-93f9-ee51d5ddd941 found for delete ", "request_id": "req-e6cc976e-048f-4eb6-a1f5-b079128fe844"}]}
2026-06-18 16:28:59.859 9 INFO neutron.services.segments.plugin [-] Segment bd8da7d6-0f61-48f9-93f9-ee51d5ddd941 resource provider not found; error: Placement Client Error (4xx): {"errors": [{"status": 404, "title": "Not Found", "detail": "The resource could not be found.\n\n No resource provider with uuid bd8da7d6-0f61-48f9-93f9-ee51d5ddd941 found for delete ", "request_id": "req-8f9192a0-8d44-4aca-b7d3-1da02bab09ee"}]}
2026-06-18 16:28:59.868 9 INFO neutron.services.segments.plugin [-] Segment d4f7f50b-374c-4d78-ac14-9ce47ec1a730 resource provider aggregate not found
2026-06-18 16:28:59.880 9 INFO neutron.services.segments.plugin [-] Segment d4f7f50b-374c-4d78-ac14-9ce47ec1a730 resource provider aggregate not found
2026-06-18 16:28:59.893 9 INFO neutron.services.segments.plugin [-] Segment d4f7f50b-374c-4d78-ac14-9ce47ec1a730 resource provider not found; error: Placement Client Error (4xx): {"errors": [{"status": 404, "title": "Not Found", "detail": "The resource could not be found.\n\n No resource provider with uuid d4f7f50b-374c-4d78-ac14-9ce47ec1a730 found for delete ", "request_id": "req-51a77f83-7e67-472a-bb72-16fa767c0d8d"}]}
2026-06-18 16:28:59.903 9 INFO neutron.services.segments.plugin [-] Segment d4f7f50b-374c-4d78-ac14-9ce47ec1a730 resource provider not found; error: Placement Client Error (4xx): {"errors": [{"status": 404, "title": "Not Found", "detail": "The resource could not be found.\n\n No resource provider with uuid d4f7f50b-374c-4d78-ac14-9ce47ec1a730 found for delete ", "request_id": "req-dcfaf127-cfa6-43cf-b570-5ac60727971f"}]}
2026-06-18 16:28:59.921 10 INFO neutron.wsgi [None req-6b900dab-635f-4311-8163-8670bd510d30 8f2f746ddb4740a7beb11eae344c50bb 9c270a5618fb4cf7a99754312018d341 - - - -] 10.0.0.138 "DELETE /v2.0/networks/db290cbd-b360-48ca-b056-5930f824fe93 HTTP/1.1" status: 204 len: 168 time: 1.0348976
2026-06-18 16:28:59.995 10 INFO neutron.db.ovn_revision_numbers_db [None req-99c1e12a-1c72-4938-9d6f-fed8873f731c a6d831faa2444dddb7fdecf6d0e85a5a c2fdadef49f6414185deb2eeb53ef810 - - - -] Successfully bumped revision number for resource 58dfc627-3f4f-4c16-8e7b-437a6b239ada (type: networks) to 1
2026-06-18 16:29:00.107 10 WARNING neutron.scheduler.dhcp_agent_scheduler [None req-8d50820d-566c-472e-82c8-23138dc4d105 a04a38d1a2a045909bb4e5424b1dca6c f7e45f64305d433bb0cb2d3b9b1186bb - - - -] No more DHCP agents
2026-06-18 16:29:00.109 10 WARNING neutron.api.rpc.agentnotifiers.dhcp_rpc_agent_api [None req-8d50820d-566c-472e-82c8-23138dc4d105 a04a38d1a2a045909bb4e5424b1dca6c f7e45f64305d433bb0cb2d3b9b1186bb - - - -] Unable to schedule network b05336f7-9055-45eb-90b4-5453413d7037: no agents available; will retry on subsequent port and subnet creation events.
2026-06-18 16:29:00.212 10 INFO neutron.db.ovn_revision_numbers_db [None req-8d50820d-566c-472e-82c8-23138dc4d105 a04a38d1a2a045909bb4e5424b1dca6c f7e45f64305d433bb0cb2d3b9b1186bb - - - -] Successfully bumped revision number for resource d047192d-c210-4b1c-9edf-619827e6345c (type: ports) to 1
2026-06-18 16:29:00.243 10 INFO neutron.wsgi [None req-8d50820d-566c-472e-82c8-23138dc4d105 a04a38d1a2a045909bb4e5424b1dca6c f7e45f64305d433bb0cb2d3b9b1186bb - - - -] 10.0.0.138 "POST /v2.0/networks HTTP/1.1" status: 201 len: 1443 time: 2.5293770
2026-06-18 16:29:00.289 10 WARNING neutron.scheduler.dhcp_agent_scheduler [None req-99c1e12a-1c72-4938-9d6f-fed8873f731c a6d831faa2444dddb7fdecf6d0e85a5a c2fdadef49f6414185deb2eeb53ef810 - - - -] No more DHCP agents
2026-06-18 16:29:00.292 10 WARNING neutron.api.rpc.agentnotifiers.dhcp_rpc_agent_api [None req-99c1e12a-1c72-4938-9d6f-fed8873f731c a6d831faa2444dddb7fdecf6d0e85a5a c2fdadef49f6414185deb2eeb53ef810 - - - -] Unable to schedule network 58dfc627-3f4f-4c16-8e7b-437a6b239ada: no agents available; will retry on subsequent port and subnet creation events.
2026-06-18 16:29:00.354 10 INFO neutron.wsgi [None req-c7599295-3535-47c9-83fd-9a880143dfd0 a04a38d1a2a045909bb4e5424b1dca6c f7e45f64305d433bb0cb2d3b9b1186bb - - default default] 10.0.0.138 "GET /v2.0/networks HTTP/1.1" status: 200 len: 2049 time: 0.1057737
2026-06-18 16:29:00.395 10 INFO neutron.db.ovn_revision_numbers_db [None req-99c1e12a-1c72-4938-9d6f-fed8873f731c a6d831faa2444dddb7fdecf6d0e85a5a c2fdadef49f6414185deb2eeb53ef810 - - - -] Successfully bumped revision number for resource 8829d700-5ae8-4eba-9883-516bc58649cf (type: ports) to 1
2026-06-18 16:29:00.419 10 INFO neutron.wsgi [None req-99c1e12a-1c72-4938-9d6f-fed8873f731c a6d831faa2444dddb7fdecf6d0e85a5a c2fdadef49f6414185deb2eeb53ef810 - - - -] 10.0.0.138 "POST /v2.0/networks HTTP/1.1" status: 201 len: 832 time: 1.6204934
2026-06-18 16:29:00.760 9 INFO neutron.wsgi [None req-35fd921a-df29-40d1-b63c-df7d3040cf5d 8f2f746ddb4740a7beb11eae344c50bb 9c270a5618fb4cf7a99754312018d341 - - - -] 10.0.0.138 "DELETE /v2.0/networks/442764fd-e53b-4dc7-9e46-0356252c5a95 HTTP/1.1" status: 204 len: 168 time: 0.8300703
2026-06-18 16:29:00.965 10 WARNING neutron.scheduler.dhcp_agent_scheduler [None req-5006451c-84cb-495d-b3a3-4d1afb7ef060 a6d831faa2444dddb7fdecf6d0e85a5a c2fdadef49f6414185deb2eeb53ef810 - - - -] No more DHCP agents
2026-06-18 16:29:00.971 10 WARNING neutron.api.rpc.agentnotifiers.dhcp_rpc_agent_api [None req-5006451c-84cb-495d-b3a3-4d1afb7ef060 a6d831faa2444dddb7fdecf6d0e85a5a c2fdadef49f6414185deb2eeb53ef810 - - - -] Unable to schedule network 76aa89d5-b2c9-4704-a82b-d82dba299687: no agents available; will retry on subsequent port and subnet creation events.
2026-06-18 16:29:01.131 10 INFO neutron.db.ovn_revision_numbers_db [None req-5006451c-84cb-495d-b3a3-4d1afb7ef060 a6d831faa2444dddb7fdecf6d0e85a5a c2fdadef49f6414185deb2eeb53ef810 - - - -] Successfully bumped revision number for resource 9ec8efb5-10fe-425e-a524-13ed146aa9cd (type: ports) to 1
2026-06-18 16:29:01.179 9 INFO neutron.wsgi [None req-06f11c60-9359-48a9-ac73-7192cc0d6f1f a04a38d1a2a045909bb4e5424b1dca6c f7e45f64305d433bb0cb2d3b9b1186bb - - - -] 10.0.0.138 "DELETE /v2.0/networks/3749349c-7c07-49f2-a115-83d96cefbc7c HTTP/1.1" status: 204 len: 168 time: 0.8117042
2026-06-18 16:29:01.675 10 INFO neutron.notifiers.nova [-] Nova event matching ['req-93d366b3-34f4-4d80-bf16-be31a59ebe7f'] response: {'server_uuid': 'fe853d53-eb3a-40b9-882e-8e6b4f883965', 'name': 'network-vif-plugged', 'status': 'completed', 'tag': '37122896-e1bb-40ea-9c59-3afe788b91a3', 'code': 200}
2026-06-18 16:29:01.935 9 INFO neutron.services.segments.plugin [-] Segment 43e16050-1b79-4943-8703-cdfe1c076304 resource provider aggregate not found
2026-06-18 16:29:01.941 9 INFO neutron.services.segments.plugin [-] Segment 43e16050-1b79-4943-8703-cdfe1c076304 resource provider aggregate not found
2026-06-18 16:29:01.960 9 INFO neutron.services.segments.plugin [-] Segment 43e16050-1b79-4943-8703-cdfe1c076304 resource provider not found; error: Placement Client Error (4xx): {"errors": [{"status": 404, "title": "Not Found", "detail": "The resource could not be found.\n\n No resource provider with uuid 43e16050-1b79-4943-8703-cdfe1c076304 found for delete ", "request_id": "req-3baf1c63-ccbf-4971-ab9c-e23270d8f444"}]}
2026-06-18 16:29:01.967 9 INFO neutron.services.segments.plugin [-] Segment 43e16050-1b79-4943-8703-cdfe1c076304 resource provider not found; error: Placement Client Error (4xx): {"errors": [{"status": 404, "title": "Not Found", "detail": "The resource could not be found.\n\n No resource provider with uuid 43e16050-1b79-4943-8703-cdfe1c076304 found for delete ", "request_id": "req-18f12996-62c4-4b2a-87ca-42b500310428"}]}
2026-06-18 16:29:01.984 9 INFO neutron.services.segments.plugin [-] Segment 9bf0324c-0316-4c75-b5c6-5f5c9a492eb7 resource provider aggregate not found
2026-06-18 16:29:01.989 9 INFO neutron.services.segments.plugin [-] Segment 9bf0324c-0316-4c75-b5c6-5f5c9a492eb7 resource provider aggregate not found
2026-06-18 16:29:02.007 9 INFO neutron.services.segments.plugin [-] Segment 9bf0324c-0316-4c75-b5c6-5f5c9a492eb7 resource provider not found; error: Placement Client Error (4xx): {"errors": [{"status": 404, "title": "Not Found", "detail": "The resource could not be found.\n\n No resource provider with uuid 9bf0324c-0316-4c75-b5c6-5f5c9a492eb7 found for delete ", "request_id": "req-d1eae2b2-931e-476b-a980-7ee38912cd7e"}]}
2026-06-18 16:29:02.026 9 INFO neutron.services.segments.plugin [-] Segment 9bf0324c-0316-4c75-b5c6-5f5c9a492eb7 resource provider not found; error: Placement Client Error (4xx): {"errors": [{"status": 404, "title": "Not Found", "detail": "The resource could not be found.\n\n No resource provider with uuid 9bf0324c-0316-4c75-b5c6-5f5c9a492eb7 found for delete ", "request_id": "req-6ae8987d-1f96-40a4-aef0-ece485e1fcaf"}]}
2026-06-18 16:29:02.033 9 INFO neutron.db.ovn_revision_numbers_db [None req-7216ca60-ffa1-4822-ba4e-e5f3c3ed0892 1a7579f1968d4b94adea2a3f5c5662f4 ac7784256f2b4d08b307a7517c1cbc8c - - default default] Successfully bumped revision number for resource 2b7799b8-79af-48cf-bc79-a909a6d96427 (type: security_groups) to 1
2026-06-18 16:29:02.045 10 INFO neutron.services.segments.plugin [-] Segment f59c729c-0dc7-4025-98c5-973982e70a70 resource provider aggregate not found
2026-06-18 16:29:02.051 10 INFO neutron.services.segments.plugin [-] Segment f59c729c-0dc7-4025-98c5-973982e70a70 resource provider aggregate not found
2026-06-18 16:29:02.084 9 INFO neutron.wsgi [None req-7216ca60-ffa1-4822-ba4e-e5f3c3ed0892 1a7579f1968d4b94adea2a3f5c5662f4 ac7784256f2b4d08b307a7517c1cbc8c - - default default] 10.0.0.138 "GET /v2.0/security-groups?tenant_id=a582c3c0ac4046d2b0fdd8f07e8dbcc5&name=default HTTP/1.1" status: 200 len: 2996 time: 0.4249060
2026-06-18 16:29:02.087 10 INFO neutron.services.segments.plugin [-] Segment f59c729c-0dc7-4025-98c5-973982e70a70 resource provider not found; error: Placement Client Error (4xx): {"errors": [{"status": 404, "title": "Not Found", "detail": "The resource could not be found.\n\n No resource provider with uuid f59c729c-0dc7-4025-98c5-973982e70a70 found for delete ", "request_id": "req-29229bf1-074f-42e5-b0af-188db7823883"}]}
2026-06-18 16:29:02.091 10 INFO neutron.services.segments.plugin [-] Segment f59c729c-0dc7-4025-98c5-973982e70a70 resource provider not found; error: Placement Client Error (4xx): {"errors": [{"status": 404, "title": "Not Found", "detail": "The resource could not be found.\n\n No resource provider with uuid f59c729c-0dc7-4025-98c5-973982e70a70 found for delete ", "request_id": "req-c3d1ba6f-491e-4624-9cbe-6cb364db7eca"}]}
2026-06-18 16:29:02.122 10 INFO neutron.wsgi [None req-fa60bc50-ad7f-415a-992d-5b8acc9b2b02 a04a38d1a2a045909bb4e5424b1dca6c f7e45f64305d433bb0cb2d3b9b1186bb - - - -] 10.0.0.138 "DELETE /v2.0/networks/b05336f7-9055-45eb-90b4-5453413d7037 HTTP/1.1" status: 204 len: 168 time: 0.9344280
2026-06-18 16:29:02.297 9 INFO neutron.plugins.ml2.drivers.ovn.mech_driver.mech_driver [None req-ae9029ba-6d85-4ed1-a594-03b511ad510c - - - - - -] OVN reports status up for port: 9ec8efb5-10fe-425e-a524-13ed146aa9cd
2026-06-18 16:29:02.305 10 INFO neutron.plugins.ml2.drivers.ovn.mech_driver.ovsdb.ovsdb_monitor [None req-850b6d87-da0d-44e9-8534-8e3ce66a7ea9 - - - - - -] Router 1ca58607-f711-4cb9-a921-60d6bd0ab5f3 is bound to host instance
2026-06-18 16:29:02.307 10 INFO neutron.db.ovn_revision_numbers_db [None req-5006451c-84cb-495d-b3a3-4d1afb7ef060 a6d831faa2444dddb7fdecf6d0e85a5a c2fdadef49f6414185deb2eeb53ef810 - - - -] Successfully bumped revision number for resource 9ec8efb5-10fe-425e-a524-13ed146aa9cd (type: router_ports) to 1
2026-06-18 16:29:02.307 9 INFO neutron.wsgi [None req-9160b787-3c16-451d-9a00-48d2215bf77a a04a38d1a2a045909bb4e5424b1dca6c f7e45f64305d433bb0cb2d3b9b1186bb - - default default] 10.0.0.138 "GET /v2.0/networks HTTP/1.1" status: 200 len: 845 time: 0.1789615
2026-06-18 16:29:02.324 9 INFO neutron.plugins.ml2.plugin [None req-ae9029ba-6d85-4ed1-a594-03b511ad510c - - - - - -] Attempt 1 to provision port 9ec8efb5-10fe-425e-a524-13ed146aa9cd
2026-06-18 16:29:02.421 10 INFO neutron.db.ovn_revision_numbers_db [None req-5006451c-84cb-495d-b3a3-4d1afb7ef060 a6d831faa2444dddb7fdecf6d0e85a5a c2fdadef49f6414185deb2eeb53ef810 - - - -] Successfully bumped revision number for resource 1ca58607-f711-4cb9-a921-60d6bd0ab5f3 (type: routers) to 3
2026-06-18 16:29:02.465 10 INFO neutron.wsgi [None req-5006451c-84cb-495d-b3a3-4d1afb7ef060 a6d831faa2444dddb7fdecf6d0e85a5a c2fdadef49f6414185deb2eeb53ef810 - - - -] 10.0.0.138 "POST /v2.0/routers HTTP/1.1" status: 201 len: 874 time: 2.0418105
2026-06-18 16:29:02.741 9 INFO neutron.db.segments_db [None req-5da61cda-f536-4bfb-9904-8512d5feab7b a04a38d1a2a045909bb4e5424b1dca6c f7e45f64305d433bb0cb2d3b9b1186bb - - - -] Added segment da230a88-8f68-4af8-9e97-69dad5e7777f of type geneve for network c936315c-9e20-4c28-8f6f-77526beaf2c3
2026-06-18 16:29:02.768 10 INFO neutron.wsgi [None req-e1c14613-d818-4821-810b-d0993ec21393 a396774ecf8f4075ad85937e6eacdb44 d896cd30c41049ec84de6cb75a06bcba - - default default] 10.0.0.138 "GET /v2.0/subnets?project_id=c2fdadef49f6414185deb2eeb53ef810&cidr=10.100.0.0%2F28 HTTP/1.1" status: 200 len: 207 time: 0.2975585
2026-06-18 16:29:02.879 9 INFO neutron.wsgi [None req-b5ed1171-f174-4eaa-a369-c32a6ebdad93 1a7579f1968d4b94adea2a3f5c5662f4 ac7784256f2b4d08b307a7517c1cbc8c - - - -] 10.0.0.138 "DELETE /v2.0/security-groups/2b7799b8-79af-48cf-bc79-a909a6d96427 HTTP/1.1" status: 204 len: 168 time: 0.7866101
2026-06-18 16:29:02.898 10 INFO neutron.wsgi [None req-4a93f571-5358-450a-b8d9-be097031bf1d a396774ecf8f4075ad85937e6eacdb44 d896cd30c41049ec84de6cb75a06bcba - - default default] 10.0.0.138 "GET /v2.0/networks?router%3Aexternal=True HTTP/1.1" status: 200 len: 947 time: 0.1254475
2026-06-18 16:29:02.948 10 INFO neutron.wsgi [None req-98a756b0-83cc-4eb9-824f-d0d3aa78a727 a396774ecf8f4075ad85937e6eacdb44 d896cd30c41049ec84de6cb75a06bcba - - default default] 10.0.0.138 "GET /v2.0/subnets?network_id=76aa89d5-b2c9-4704-a82b-d82dba299687&cidr=10.100.0.0%2F28 HTTP/1.1" status: 200 len: 207 time: 0.0413585
2026-06-18 16:29:02.963 9 INFO neutron.db.ovn_revision_numbers_db [None req-5da61cda-f536-4bfb-9904-8512d5feab7b a04a38d1a2a045909bb4e5424b1dca6c f7e45f64305d433bb0cb2d3b9b1186bb - - - -] Successfully bumped revision number for resource c936315c-9e20-4c28-8f6f-77526beaf2c3 (type: networks) to 1
2026-06-18 16:29:03.021 9 INFO neutron.wsgi [None req-a7029e7e-d7b2-462e-8f0c-882bcda11e26 1a7579f1968d4b94adea2a3f5c5662f4 ac7784256f2b4d08b307a7517c1cbc8c - - - -] 10.0.0.138 "PUT /v2.0/routers/b2d8b4d2-dcc3-473d-9c3a-d41852b52481/remove_router_interface HTTP/1.1" status: 200 len: 503 time: 1.7756746
2026-06-18 16:29:03.153 10 INFO neutron.wsgi [None req-1f2108be-0d7a-4b87-a75e-a62eeadbc2cd 1a7579f1968d4b94adea2a3f5c5662f4 ac7784256f2b4d08b307a7517c1cbc8c - - default default] 10.0.0.138 "GET /v2.0/security-groups?tenant_id=9c270a5618fb4cf7a99754312018d341&name=default HTTP/1.1" status: 200 len: 2996 time: 0.1226676 /var/lib/openstack/lib/python3.10/site-packages/pycadf/identifier.py:71: UserWarning: Invalid uuid: neutron. To ensure interoperability, identifiers should be a valid uuid. warnings.warn(('Invalid uuid: %s. To ensure interoperability, '
2026-06-18 16:29:03.220 10 INFO neutron.db.ovn_revision_numbers_db [None req-850b6d87-da0d-44e9-8534-8e3ce66a7ea9 - - - - - -] Successfully bumped revision number for resource 9ec8efb5-10fe-425e-a524-13ed146aa9cd (type: ports) to 1
2026-06-18 16:29:03.249 9 WARNING neutron.scheduler.dhcp_agent_scheduler [None req-5da61cda-f536-4bfb-9904-8512d5feab7b a04a38d1a2a045909bb4e5424b1dca6c f7e45f64305d433bb0cb2d3b9b1186bb - - - -] No more DHCP agents
2026-06-18 16:29:03.252 9 WARNING neutron.api.rpc.agentnotifiers.dhcp_rpc_agent_api [None req-5da61cda-f536-4bfb-9904-8512d5feab7b a04a38d1a2a045909bb4e5424b1dca6c f7e45f64305d433bb0cb2d3b9b1186bb - - - -] Unable to schedule network c936315c-9e20-4c28-8f6f-77526beaf2c3: no agents available; will retry on subsequent port and subnet creation events.
2026-06-18 16:29:03.332 9 INFO neutron.db.ovn_revision_numbers_db [None req-5da61cda-f536-4bfb-9904-8512d5feab7b a04a38d1a2a045909bb4e5424b1dca6c f7e45f64305d433bb0cb2d3b9b1186bb - - - -] Successfully bumped revision number for resource f190accd-d026-4241-be59-12974a7e3d4a (type: ports) to 1
2026-06-18 16:29:03.375 9 INFO neutron.wsgi [None req-5da61cda-f536-4bfb-9904-8512d5feab7b a04a38d1a2a045909bb4e5424b1dca6c f7e45f64305d433bb0cb2d3b9b1186bb - - - -] 10.0.0.138 "POST /v2.0/networks HTTP/1.1" status: 201 len: 849 time: 1.0590203
2026-06-18 16:29:03.417 9 INFO neutron.wsgi [None req-07c04fc6-c400-485c-96b1-05f8a8f26736 1a7579f1968d4b94adea2a3f5c5662f4 ac7784256f2b4d08b307a7517c1cbc8c - - - -] 10.0.0.138 "DELETE /v2.0/security-groups/ec16d4ee-18bb-43e2-9c8f-92064b4b58c5 HTTP/1.1" status: 204 len: 168 time: 0.2575397
2026-06-18 16:29:03.464 9 INFO neutron.db.segments_db [None req-2a2f4d8d-51f9-4e64-91bc-d6f281f5a8a7 a04a38d1a2a045909bb4e5424b1dca6c f7e45f64305d433bb0cb2d3b9b1186bb - - - -] Added segment ad8ee15e-ac78-4d8d-b4ae-ffaa20926255 of type geneve for network b28c4540-d860-4311-b87f-aae618315cc8
2026-06-18 16:29:03.619 9 INFO neutron.db.ovn_revision_numbers_db [None req-2a2f4d8d-51f9-4e64-91bc-d6f281f5a8a7 a04a38d1a2a045909bb4e5424b1dca6c f7e45f64305d433bb0cb2d3b9b1186bb - - - -] Successfully bumped revision number for resource b28c4540-d860-4311-b87f-aae618315cc8 (type: networks) to 1
2026-06-18 16:29:03.763 10 WARNING neutron.scheduler.dhcp_agent_scheduler [None req-ea31f398-b42b-4854-821d-3adbaed06536 a6d831faa2444dddb7fdecf6d0e85a5a c2fdadef49f6414185deb2eeb53ef810 - - - -] No more DHCP agents
2026-06-18 16:29:03.766 10 WARNING neutron.api.rpc.agentnotifiers.dhcp_rpc_agent_api [None req-ea31f398-b42b-4854-821d-3adbaed06536 a6d831faa2444dddb7fdecf6d0e85a5a c2fdadef49f6414185deb2eeb53ef810 - - - -] Unable to schedule network 58dfc627-3f4f-4c16-8e7b-437a6b239ada: no agents available; will retry on subsequent port and subnet creation events.
2026-06-18 16:29:03.812 9 WARNING neutron.scheduler.dhcp_agent_scheduler [None req-2a2f4d8d-51f9-4e64-91bc-d6f281f5a8a7 a04a38d1a2a045909bb4e5424b1dca6c f7e45f64305d433bb0cb2d3b9b1186bb - - - -] No more DHCP agents
2026-06-18 16:29:03.815 9 WARNING neutron.api.rpc.agentnotifiers.dhcp_rpc_agent_api [None req-2a2f4d8d-51f9-4e64-91bc-d6f281f5a8a7 a04a38d1a2a045909bb4e5424b1dca6c f7e45f64305d433bb0cb2d3b9b1186bb - - - -] Unable to schedule network b28c4540-d860-4311-b87f-aae618315cc8: no agents available; will retry on subsequent port and subnet creation events.
2026-06-18 16:29:03.889 9 INFO neutron.db.ovn_revision_numbers_db [None req-2a2f4d8d-51f9-4e64-91bc-d6f281f5a8a7 a04a38d1a2a045909bb4e5424b1dca6c f7e45f64305d433bb0cb2d3b9b1186bb - - - -] Successfully bumped revision number for resource 26853758-3840-4c71-8822-2042a61c4d10 (type: ports) to 1
2026-06-18 16:29:03.914 9 INFO neutron.wsgi [None req-2a2f4d8d-51f9-4e64-91bc-d6f281f5a8a7 a04a38d1a2a045909bb4e5424b1dca6c f7e45f64305d433bb0cb2d3b9b1186bb - - - -] 10.0.0.138 "POST /v2.0/networks HTTP/1.1" status: 201 len: 849 time: 0.5318239
2026-06-18 16:29:03.989 10 INFO neutron.db.ovn_revision_numbers_db [None req-86d66815-932f-4c2e-9cf0-eadbd71b5ae8 1a7579f1968d4b94adea2a3f5c5662f4 ac7784256f2b4d08b307a7517c1cbc8c - - default default] Successfully bumped revision number for resource 3b08852b-0e4f-4ac6-8c48-476afed6ffad (type: security_groups) to 1
2026-06-18 16:29:04.049 10 INFO neutron.wsgi [None req-86d66815-932f-4c2e-9cf0-eadbd71b5ae8 1a7579f1968d4b94adea2a3f5c5662f4 ac7784256f2b4d08b307a7517c1cbc8c - - default default] 10.0.0.138 "GET /v2.0/security-groups?tenant_id=2e199b5066da4d249c4b3fc4a3363c17&name=default HTTP/1.1" status: 200 len: 2996 time: 0.4408562
2026-06-18 16:29:04.126 10 INFO neutron.db.ovn_revision_numbers_db [None req-850b6d87-da0d-44e9-8534-8e3ce66a7ea9 - - - - - -] Successfully bumped revision number for resource 9ec8efb5-10fe-425e-a524-13ed146aa9cd (type: router_ports) to 3
2026-06-18 16:29:04.363 9 INFO neutron.wsgi [None req-116fd6b0-67c2-4028-89dc-d95b51e07f7f 1a7579f1968d4b94adea2a3f5c5662f4 ac7784256f2b4d08b307a7517c1cbc8c - - - -] 10.0.0.138 "DELETE /v2.0/security-groups/3b08852b-0e4f-4ac6-8c48-476afed6ffad HTTP/1.1" status: 204 len: 168 time: 0.3088293
2026-06-18 16:29:04.419 10 INFO neutron.db.ovn_revision_numbers_db [None req-850b6d87-da0d-44e9-8534-8e3ce66a7ea9 - - - - - -] Successfully bumped revision number for resource 9ec8efb5-10fe-425e-a524-13ed146aa9cd (type: ports) to 2
2026-06-18 16:29:04.475 9 WARNING neutron.scheduler.dhcp_agent_scheduler [None req-8d7fba9e-0354-4269-bc28-90c52a25d223 a04a38d1a2a045909bb4e5424b1dca6c f7e45f64305d433bb0cb2d3b9b1186bb - - - -] No more DHCP agents
2026-06-18 16:29:04.478 9 WARNING neutron.api.rpc.agentnotifiers.dhcp_rpc_agent_api [None req-8d7fba9e-0354-4269-bc28-90c52a25d223 a04a38d1a2a045909bb4e5424b1dca6c f7e45f64305d433bb0cb2d3b9b1186bb - - - -] Unable to schedule network c936315c-9e20-4c28-8f6f-77526beaf2c3: no agents available; will retry on subsequent port and subnet creation events.
2026-06-18 16:29:04.570 9 INFO neutron.db.ovn_revision_numbers_db [None req-8d7fba9e-0354-4269-bc28-90c52a25d223 a04a38d1a2a045909bb4e5424b1dca6c f7e45f64305d433bb0cb2d3b9b1186bb - - - -] Successfully bumped revision number for resource eb50acde-7c38-4c46-a620-5ff2185e23f7 (type: ports) to 1
2026-06-18 16:29:04.629 9 WARNING neutron.scheduler.dhcp_agent_scheduler [None req-8d7fba9e-0354-4269-bc28-90c52a25d223 a04a38d1a2a045909bb4e5424b1dca6c f7e45f64305d433bb0cb2d3b9b1186bb - - - -] No more DHCP agents
2026-06-18 16:29:04.631 9 WARNING neutron.api.rpc.agentnotifiers.dhcp_rpc_agent_api [None req-8d7fba9e-0354-4269-bc28-90c52a25d223 a04a38d1a2a045909bb4e5424b1dca6c f7e45f64305d433bb0cb2d3b9b1186bb - - - -] Unable to schedule network b28c4540-d860-4311-b87f-aae618315cc8: no agents available; will retry on subsequent port and subnet creation events.
2026-06-18 16:29:04.684 10 INFO neutron.wsgi [None req-2e4a6e96-a8c4-431b-944e-bc5c6c0f5e7b 1a7579f1968d4b94adea2a3f5c5662f4 ac7784256f2b4d08b307a7517c1cbc8c - - - -] 10.0.0.138 "DELETE /v2.0/routers/b2d8b4d2-dcc3-473d-9c3a-d41852b52481 HTTP/1.1" status: 204 len: 168 time: 1.6536343 /var/lib/openstack/lib/python3.10/site-packages/pycadf/identifier.py:71: UserWarning: Invalid uuid: neutron. To ensure interoperability, identifiers should be a valid uuid. warnings.warn(('Invalid uuid: %s. To ensure interoperability, '
2026-06-18 16:29:04.741 9 INFO neutron.db.ovn_revision_numbers_db [None req-8d7fba9e-0354-4269-bc28-90c52a25d223 a04a38d1a2a045909bb4e5424b1dca6c f7e45f64305d433bb0cb2d3b9b1186bb - - - -] Successfully bumped revision number for resource 89f4cab6-0b51-4f5d-8ce0-9886061c4d49 (type: ports) to 1
2026-06-18 16:29:04.768 10 INFO neutron.db.ovn_revision_numbers_db [None req-ea31f398-b42b-4854-821d-3adbaed06536 a6d831faa2444dddb7fdecf6d0e85a5a c2fdadef49f6414185deb2eeb53ef810 - - - -] Successfully bumped revision number for resource 8829d700-5ae8-4eba-9883-516bc58649cf (type: ports) to 2
2026-06-18 16:29:04.788 10 INFO neutron.db.ovn_revision_numbers_db [None req-ea31f398-b42b-4854-821d-3adbaed06536 a6d831faa2444dddb7fdecf6d0e85a5a c2fdadef49f6414185deb2eeb53ef810 - - - -] Successfully bumped revision number for resource a620a792-7444-4071-83dd-f92f0142c4be (type: subnets) to 0
2026-06-18 16:29:04.791 9 INFO neutron.wsgi [None req-8d7fba9e-0354-4269-bc28-90c52a25d223 a04a38d1a2a045909bb4e5424b1dca6c f7e45f64305d433bb0cb2d3b9b1186bb - - - -] 10.0.0.138 "POST /v2.0/ports HTTP/1.1" status: 201 len: 1706 time: 0.8726149
2026-06-18 16:29:04.815 10 INFO neutron.wsgi [None req-ea31f398-b42b-4854-821d-3adbaed06536 a6d831faa2444dddb7fdecf6d0e85a5a c2fdadef49f6414185deb2eeb53ef810 - - - -] 10.0.0.138 "POST /v2.0/subnets HTTP/1.1" status: 201 len: 831 time: 1.8597922
2026-06-18 16:29:04.898 10 INFO neutron.db.ovn_revision_numbers_db [None req-850b6d87-da0d-44e9-8534-8e3ce66a7ea9 - - - - - -] Successfully bumped revision number for resource 9ec8efb5-10fe-425e-a524-13ed146aa9cd (type: ports) to 4
2026-06-18 16:29:05.044 9 INFO neutron.wsgi [None req-2e5b9da8-e523-4965-ac68-f15338bc387b a04a38d1a2a045909bb4e5424b1dca6c f7e45f64305d433bb0cb2d3b9b1186bb - - default default] 10.0.0.138 "GET /v2.0/ports HTTP/1.1" status: 200 len: 3213 time: 0.2466292
2026-06-18 16:29:05.103 9 INFO neutron.wsgi [None req-bb779b72-a56f-4d84-abf4-bc39ebf5cccb 1a7579f1968d4b94adea2a3f5c5662f4 ac7784256f2b4d08b307a7517c1cbc8c - - - -] 10.0.0.138 "DELETE /v2.0/subnets/df2d8ba3-c592-4e85-8b87-582b3bb26b71 HTTP/1.1" status: 204 len: 168 time: 0.4093795
2026-06-18 16:29:05.339 9 INFO neutron.wsgi [None req-892b4c0e-7ae4-4e4e-bda9-7c4e85caba5e a04a38d1a2a045909bb4e5424b1dca6c f7e45f64305d433bb0cb2d3b9b1186bb - - - -] 10.0.0.138 "DELETE /v2.0/ports/eb50acde-7c38-4c46-a620-5ff2185e23f7 HTTP/1.1" status: 204 len: 168 time: 0.2900450
2026-06-18 16:29:05.563 10 INFO neutron.db.ovn_revision_numbers_db [None req-850b6d87-da0d-44e9-8534-8e3ce66a7ea9 - - - - - -] Successfully bumped revision number for resource 9ec8efb5-10fe-425e-a524-13ed146aa9cd (type: router_ports) to 4
2026-06-18 16:29:05.613 9 INFO neutron.wsgi [None req-6d419292-1cfc-4279-a910-f046eaf1c5b7 a04a38d1a2a045909bb4e5424b1dca6c f7e45f64305d433bb0cb2d3b9b1186bb - - - -] 10.0.0.138 "DELETE /v2.0/ports/89f4cab6-0b51-4f5d-8ce0-9886061c4d49 HTTP/1.1" status: 204 len: 168 time: 0.2692373
2026-06-18 16:29:05.685 9 INFO neutron.wsgi [None req-24fae865-0290-430b-8202-d23fd47b52ba a04a38d1a2a045909bb4e5424b1dca6c f7e45f64305d433bb0cb2d3b9b1186bb - - default default] 10.0.0.138 "GET /v2.0/ports HTTP/1.1" status: 200 len: 1718 time: 0.0664232
2026-06-18 16:29:05.776 9 INFO neutron.db.segments_db [None req-1de3dbc9-1481-494c-8096-286beb5f9056 a04a38d1a2a045909bb4e5424b1dca6c f7e45f64305d433bb0cb2d3b9b1186bb - - - -] Added segment 50f567df-87e7-4cc4-b01f-c84366aad8bd of type geneve for network 5e8a2568-f85c-46aa-b236-bc11d84253e9
2026-06-18 16:29:05.950 9 INFO neutron.db.ovn_revision_numbers_db [None req-1de3dbc9-1481-494c-8096-286beb5f9056 a04a38d1a2a045909bb4e5424b1dca6c f7e45f64305d433bb0cb2d3b9b1186bb - - - -] Successfully bumped revision number for resource 5e8a2568-f85c-46aa-b236-bc11d84253e9 (type: networks) to 1
2026-06-18 16:29:05.997 10 WARNING neutron.scheduler.dhcp_agent_scheduler [None req-5cf7b8e9-1197-4aa3-8e52-cf57cbe65c71 a6d831faa2444dddb7fdecf6d0e85a5a c2fdadef49f6414185deb2eeb53ef810 - - default default] No more DHCP agents
2026-06-18 16:29:06.008 10 INFO neutron.services.segments.plugin [-] Segment f380d6bf-9217-4ecf-983c-cfc7339fd680 resource provider aggregate not found
2026-06-18 16:29:06.013 10 WARNING neutron.api.rpc.agentnotifiers.dhcp_rpc_agent_api [None req-5cf7b8e9-1197-4aa3-8e52-cf57cbe65c71 a6d831faa2444dddb7fdecf6d0e85a5a c2fdadef49f6414185deb2eeb53ef810 - - default default] Unable to schedule network 58dfc627-3f4f-4c16-8e7b-437a6b239ada: no agents available; will retry on subsequent port and subnet creation events.
2026-06-18 16:29:06.015 10 INFO neutron.services.segments.plugin [-] Segment f380d6bf-9217-4ecf-983c-cfc7339fd680 resource provider aggregate not found
2026-06-18 16:29:06.051 10 INFO neutron.services.segments.plugin [-] Segment f380d6bf-9217-4ecf-983c-cfc7339fd680 resource provider not found; error: Placement Client Error (4xx): {"errors": [{"status": 404, "title": "Not Found", "detail": "The resource could not be found.\n\n No resource provider with uuid f380d6bf-9217-4ecf-983c-cfc7339fd680 found for delete ", "request_id": "req-44bf56e2-89a0-4870-89e8-e5d105878a2a"}]}
2026-06-18 16:29:06.052 10 INFO neutron.services.segments.plugin [-] Segment f380d6bf-9217-4ecf-983c-cfc7339fd680 resource provider not found; error: Placement Client Error (4xx): {"errors": [{"status": 404, "title": "Not Found", "detail": "The resource could not be found.\n\n No resource provider with uuid f380d6bf-9217-4ecf-983c-cfc7339fd680 found for delete ", "request_id": "req-604cceb1-30d7-4df5-af25-eb92bc31ed78"}]}
2026-06-18 16:29:06.102 10 INFO neutron.wsgi [None req-ac20b05a-af59-4d39-bd6d-631bac13b84c 1a7579f1968d4b94adea2a3f5c5662f4 ac7784256f2b4d08b307a7517c1cbc8c - - - -] 10.0.0.138 "DELETE /v2.0/networks/37505910-4485-460b-b334-d868346e971e HTTP/1.1" status: 204 len: 168 time: 0.9940600
2026-06-18 16:29:06.189 9 WARNING neutron.scheduler.dhcp_agent_scheduler [None req-1de3dbc9-1481-494c-8096-286beb5f9056 a04a38d1a2a045909bb4e5424b1dca6c f7e45f64305d433bb0cb2d3b9b1186bb - - - -] No more DHCP agents
2026-06-18 16:29:06.191 9 WARNING neutron.api.rpc.agentnotifiers.dhcp_rpc_agent_api [None req-1de3dbc9-1481-494c-8096-286beb5f9056 a04a38d1a2a045909bb4e5424b1dca6c f7e45f64305d433bb0cb2d3b9b1186bb - - - -] Unable to schedule network 5e8a2568-f85c-46aa-b236-bc11d84253e9: no agents available; will retry on subsequent port and subnet creation events.
2026-06-18 16:29:06.217 10 INFO neutron.db.ovn_revision_numbers_db [None req-5cf7b8e9-1197-4aa3-8e52-cf57cbe65c71 a6d831faa2444dddb7fdecf6d0e85a5a c2fdadef49f6414185deb2eeb53ef810 - - default default] Successfully bumped revision number for resource d5a412ed-b839-49d0-8fdd-416ac6379305 (type: ports) to 1
2026-06-18 16:29:06.258 9 INFO neutron.db.ovn_revision_numbers_db [None req-1de3dbc9-1481-494c-8096-286beb5f9056 a04a38d1a2a045909bb4e5424b1dca6c f7e45f64305d433bb0cb2d3b9b1186bb - - - -] Successfully bumped revision number for resource 8fe7b78a-e7b8-45bc-99de-231c4aa2b90b (type: ports) to 1
2026-06-18 16:29:06.280 9 INFO neutron.wsgi [None req-1de3dbc9-1481-494c-8096-286beb5f9056 a04a38d1a2a045909bb4e5424b1dca6c f7e45f64305d433bb0cb2d3b9b1186bb - - - -] 10.0.0.138 "POST /v2.0/networks HTTP/1.1" status: 201 len: 849 time: 0.5863252
2026-06-18 16:29:06.331 9 INFO neutron.wsgi [None req-1d453dcd-aa47-4feb-a5a6-d611fbaad7e6 1a7579f1968d4b94adea2a3f5c5662f4 ac7784256f2b4d08b307a7517c1cbc8c - - default default] 10.0.0.138 "GET /v2.0/security-groups?tenant_id=3b2d9315a53c4764b2508a94ca06d994&name=default HTTP/1.1" status: 200 len: 2996 time: 0.0354497
2026-06-18 16:29:06.386 9 INFO neutron.db.segments_db [None req-0a63483b-9669-4350-9ab8-4358d229b1f9 a04a38d1a2a045909bb4e5424b1dca6c f7e45f64305d433bb0cb2d3b9b1186bb - - - -] Added segment 6f0f9657-dda2-4acf-9ff0-5d9b1d10b0ae of type geneve for network 92195a33-d77c-421b-a80a-0450f9894ad5
2026-06-18 16:29:06.751 10 INFO neutron.db.ovn_revision_numbers_db [None req-5cf7b8e9-1197-4aa3-8e52-cf57cbe65c71 a6d831faa2444dddb7fdecf6d0e85a5a c2fdadef49f6414185deb2eeb53ef810 - - default default] Successfully bumped revision number for resource d5a412ed-b839-49d0-8fdd-416ac6379305 (type: router_ports) to 2
2026-06-18 16:29:06.756 9 INFO neutron.plugins.ml2.drivers.ovn.mech_driver.mech_driver [None req-ae9029ba-6d85-4ed1-a594-03b511ad510c - - - - - -] OVN reports status up for port: d5a412ed-b839-49d0-8fdd-416ac6379305
2026-06-18 16:29:06.803 9 INFO neutron.db.ovn_revision_numbers_db [None req-0a63483b-9669-4350-9ab8-4358d229b1f9 a04a38d1a2a045909bb4e5424b1dca6c f7e45f64305d433bb0cb2d3b9b1186bb - - - -] Successfully bumped revision number for resource 92195a33-d77c-421b-a80a-0450f9894ad5 (type: networks) to 1
2026-06-18 16:29:06.805 9 INFO neutron.plugins.ml2.plugin [None req-ae9029ba-6d85-4ed1-a594-03b511ad510c - - - - - -] Attempt 1 to provision port d5a412ed-b839-49d0-8fdd-416ac6379305
2026-06-18 16:29:06.911 10 INFO neutron.db.ovn_revision_numbers_db [None req-5cf7b8e9-1197-4aa3-8e52-cf57cbe65c71 a6d831faa2444dddb7fdecf6d0e85a5a c2fdadef49f6414185deb2eeb53ef810 - - default default] Successfully bumped revision number for resource d5a412ed-b839-49d0-8fdd-416ac6379305 (type: ports) to 2
2026-06-18 16:29:06.982 10 WARNING neutron.scheduler.dhcp_agent_scheduler [None req-5cf7b8e9-1197-4aa3-8e52-cf57cbe65c71 a6d831faa2444dddb7fdecf6d0e85a5a c2fdadef49f6414185deb2eeb53ef810 - - default default] No more DHCP agents
2026-06-18 16:29:06.983 10 WARNING neutron.api.rpc.agentnotifiers.dhcp_rpc_agent_api [None req-5cf7b8e9-1197-4aa3-8e52-cf57cbe65c71 a6d831faa2444dddb7fdecf6d0e85a5a c2fdadef49f6414185deb2eeb53ef810 - - default default] Unable to schedule network 58dfc627-3f4f-4c16-8e7b-437a6b239ada: no agents available; will retry on subsequent port and subnet creation events.
2026-06-18 16:29:07.006 9 INFO neutron.wsgi [None req-0c4d10a3-2cc5-4cab-be00-efe83cf39e29 1a7579f1968d4b94adea2a3f5c5662f4 ac7784256f2b4d08b307a7517c1cbc8c - - - -] 10.0.0.138 "DELETE /v2.0/security-groups/f5d541ed-634a-47ec-96ed-b0b98efd6999 HTTP/1.1" status: 204 len: 168 time: 0.6686587
2026-06-18 16:29:07.126 9 WARNING neutron.scheduler.dhcp_agent_scheduler [None req-0a63483b-9669-4350-9ab8-4358d229b1f9 a04a38d1a2a045909bb4e5424b1dca6c f7e45f64305d433bb0cb2d3b9b1186bb - - - -] No more DHCP agents
2026-06-18 16:29:07.129 9 WARNING neutron.api.rpc.agentnotifiers.dhcp_rpc_agent_api [None req-0a63483b-9669-4350-9ab8-4358d229b1f9 a04a38d1a2a045909bb4e5424b1dca6c f7e45f64305d433bb0cb2d3b9b1186bb - - - -] Unable to schedule network 92195a33-d77c-421b-a80a-0450f9894ad5: no agents available; will retry on subsequent port and subnet creation events.
2026-06-18 16:29:07.234 9 INFO neutron.db.ovn_revision_numbers_db [None req-0a63483b-9669-4350-9ab8-4358d229b1f9 a04a38d1a2a045909bb4e5424b1dca6c f7e45f64305d433bb0cb2d3b9b1186bb - - - -] Successfully bumped revision number for resource 7fe8aa26-9eb9-4d73-aa27-dcf9d796932b (type: ports) to 1
2026-06-18 16:29:07.269 9 INFO neutron.db.ovn_revision_numbers_db [None req-ae9029ba-6d85-4ed1-a594-03b511ad510c - - - - - -] Successfully bumped revision number for resource d5a412ed-b839-49d0-8fdd-416ac6379305 (type: ports) to 3
2026-06-18 16:29:07.275 9 INFO neutron.wsgi [None req-0a63483b-9669-4350-9ab8-4358d229b1f9 a04a38d1a2a045909bb4e5424b1dca6c f7e45f64305d433bb0cb2d3b9b1186bb - - - -] 10.0.0.138 "POST /v2.0/networks HTTP/1.1" status: 201 len: 849 time: 0.9908524
2026-06-18 16:29:07.349 10 INFO neutron.db.ovn_revision_numbers_db [None req-5cf7b8e9-1197-4aa3-8e52-cf57cbe65c71 a6d831faa2444dddb7fdecf6d0e85a5a c2fdadef49f6414185deb2eeb53ef810 - - - -] Successfully bumped revision number for resource d5a412ed-b839-49d0-8fdd-416ac6379305 (type: router_ports) to 2
2026-06-18 16:29:07.353 10 INFO neutron.wsgi [None req-5cf7b8e9-1197-4aa3-8e52-cf57cbe65c71 a6d831faa2444dddb7fdecf6d0e85a5a c2fdadef49f6414185deb2eeb53ef810 - - - -] 10.0.0.138 "PUT /v2.0/routers/1ca58607-f711-4cb9-a921-60d6bd0ab5f3/add_router_interface HTTP/1.1" status: 200 len: 503 time: 2.5321198
2026-06-18 16:29:07.453 10 INFO neutron.wsgi [None req-4e34675f-b7c6-47ac-862d-2192ab2d58f0 a396774ecf8f4075ad85937e6eacdb44 d896cd30c41049ec84de6cb75a06bcba - - default default] 10.0.0.138 "GET /v2.0/networks HTTP/1.1" status: 200 len: 6012 time: 0.0953760
2026-06-18 16:29:07.470 9 INFO neutron.db.ovn_revision_numbers_db [None req-ae9029ba-6d85-4ed1-a594-03b511ad510c - - - - - -] Successfully bumped revision number for resource d5a412ed-b839-49d0-8fdd-416ac6379305 (type: router_ports) to 3
2026-06-18 16:29:07.505 10 INFO neutron.wsgi [None req-d36637f3-efb1-4225-ac3e-a4afaac34551 a396774ecf8f4075ad85937e6eacdb44 d896cd30c41049ec84de6cb75a06bcba - - default default] 10.0.0.138 "GET /v2.0/subnets HTTP/1.1" status: 200 len: 2096 time: 0.0479558
2026-06-18 16:29:07.657 10 INFO neutron.wsgi [None req-ca5206c2-beb8-4d74-ac51-f4ec7feb0c4b a396774ecf8f4075ad85937e6eacdb44 d896cd30c41049ec84de6cb75a06bcba - - default default] 10.0.0.138 "GET /v2.0/routers HTTP/1.1" status: 200 len: 878 time: 0.1460855
2026-06-18 16:29:07.819 10 INFO neutron.db.ovn_revision_numbers_db [None req-23223dfe-d7cd-4d96-b9a1-ead206c36d39 a6d831faa2444dddb7fdecf6d0e85a5a c2fdadef49f6414185deb2eeb53ef810 - - - -] Successfully bumped revision number for resource 8f239e59-971c-48fa-8cfe-e6d39eeece37 (type: security_groups) to 1
2026-06-18 16:29:07.843 10 INFO neutron.wsgi [None req-23223dfe-d7cd-4d96-b9a1-ead206c36d39 a6d831faa2444dddb7fdecf6d0e85a5a c2fdadef49f6414185deb2eeb53ef810 - - - -] 10.0.0.138 "POST /v2.0/security-groups HTTP/1.1" status: 201 len: 1809 time: 0.1281128
2026-06-18 16:29:07.850 9 WARNING neutron.scheduler.dhcp_agent_scheduler [None req-e89c0613-dfbf-4dba-b0cc-a5d39f735e5b a04a38d1a2a045909bb4e5424b1dca6c f7e45f64305d433bb0cb2d3b9b1186bb - - - -] No more DHCP agents
2026-06-18 16:29:07.852 9 WARNING neutron.api.rpc.agentnotifiers.dhcp_rpc_agent_api [None req-e89c0613-dfbf-4dba-b0cc-a5d39f735e5b a04a38d1a2a045909bb4e5424b1dca6c f7e45f64305d433bb0cb2d3b9b1186bb - - - -] Unable to schedule network 5e8a2568-f85c-46aa-b236-bc11d84253e9: no agents available; will retry on subsequent port and subnet creation events.
2026-06-18 16:29:07.996 10 INFO neutron.db.ovn_revision_numbers_db [None req-c4b80b3b-b784-4625-ac06-bd5499b7268a a6d831faa2444dddb7fdecf6d0e85a5a c2fdadef49f6414185deb2eeb53ef810 - - - -] Successfully bumped revision number for resource 9785fab0-3c39-4a3b-8ca7-26c8204caad8 (type: security_group_rules) to 0
2026-06-18 16:29:08.023 10 INFO neutron.wsgi [None req-c4b80b3b-b784-4625-ac06-bd5499b7268a a6d831faa2444dddb7fdecf6d0e85a5a c2fdadef49f6414185deb2eeb53ef810 - - - -] 10.0.0.138 "POST /v2.0/security-group-rules HTTP/1.1" status: 201 len: 764 time: 0.1756105
2026-06-18 16:29:08.251 9 INFO neutron.db.ovn_revision_numbers_db [None req-33aa3b3b-4444-4114-b5bf-08c396646ac5 a6d831faa2444dddb7fdecf6d0e85a5a c2fdadef49f6414185deb2eeb53ef810 - - - -] Successfully bumped revision number for resource 10118615-a7a6-4b72-97f8-e54baa536878 (type: security_group_rules) to 0
2026-06-18 16:29:08.299 9 INFO neutron.wsgi [None req-33aa3b3b-4444-4114-b5bf-08c396646ac5 a6d831faa2444dddb7fdecf6d0e85a5a c2fdadef49f6414185deb2eeb53ef810 - - - -] 10.0.0.138 "POST /v2.0/security-group-rules HTTP/1.1" status: 201 len: 763 time: 0.2609885
2026-06-18 16:29:08.453 9 INFO neutron.db.ovn_revision_numbers_db [None req-e89c0613-dfbf-4dba-b0cc-a5d39f735e5b a04a38d1a2a045909bb4e5424b1dca6c f7e45f64305d433bb0cb2d3b9b1186bb - - - -] Successfully bumped revision number for resource 8fe7b78a-e7b8-45bc-99de-231c4aa2b90b (type: ports) to 2
2026-06-18 16:29:08.476 9 INFO neutron.db.ovn_revision_numbers_db [None req-e89c0613-dfbf-4dba-b0cc-a5d39f735e5b a04a38d1a2a045909bb4e5424b1dca6c f7e45f64305d433bb0cb2d3b9b1186bb - - - -] Successfully bumped revision number for resource 8459911d-708b-4622-b67a-6f5d3ebf0538 (type: subnets) to 0
2026-06-18 16:29:08.497 9 INFO neutron.db.ovn_revision_numbers_db [None req-d7065fa7-67dc-4b25-8c2d-2299c5922514 a6d831faa2444dddb7fdecf6d0e85a5a c2fdadef49f6414185deb2eeb53ef810 - - - -] Successfully bumped revision number for resource 57374849-2ae3-433f-98cb-4d9957ae04bd (type: security_group_rules) to 0
2026-06-18 16:29:08.510 9 WARNING neutron.scheduler.dhcp_agent_scheduler [None req-e89c0613-dfbf-4dba-b0cc-a5d39f735e5b a04a38d1a2a045909bb4e5424b1dca6c f7e45f64305d433bb0cb2d3b9b1186bb - - - -] No more DHCP agents
2026-06-18 16:29:08.513 9 WARNING neutron.api.rpc.agentnotifiers.dhcp_rpc_agent_api [None req-e89c0613-dfbf-4dba-b0cc-a5d39f735e5b a04a38d1a2a045909bb4e5424b1dca6c f7e45f64305d433bb0cb2d3b9b1186bb - - - -] Unable to schedule network 92195a33-d77c-421b-a80a-0450f9894ad5: no agents available; will retry on subsequent port and subnet creation events.
2026-06-18 16:29:08.540 9 INFO neutron.wsgi [None req-d7065fa7-67dc-4b25-8c2d-2299c5922514 a6d831faa2444dddb7fdecf6d0e85a5a c2fdadef49f6414185deb2eeb53ef810 - - - -] 10.0.0.138 "POST /v2.0/security-group-rules HTTP/1.1" status: 201 len: 769 time: 0.2350705
2026-06-18 16:29:08.716 9 INFO neutron.db.ovn_revision_numbers_db [None req-1f37aacf-f640-4a68-876b-634ce7267610 a6d831faa2444dddb7fdecf6d0e85a5a c2fdadef49f6414185deb2eeb53ef810 - - - -] Successfully bumped revision number for resource 8e600a6b-49ba-499f-b9a5-bbb00f69fa05 (type: security_group_rules) to 0
2026-06-18 16:29:08.768 9 INFO neutron.wsgi [None req-1f37aacf-f640-4a68-876b-634ce7267610 a6d831faa2444dddb7fdecf6d0e85a5a c2fdadef49f6414185deb2eeb53ef810 - - - -] 10.0.0.138 "POST /v2.0/security-group-rules HTTP/1.1" status: 201 len: 768 time: 0.2184432
2026-06-18 16:29:08.797 10 INFO neutron.db.securitygroups_db [None req-6c05e79e-426b-4544-93ad-2dd8f2281013 a6d831faa2444dddb7fdecf6d0e85a5a c2fdadef49f6414185deb2eeb53ef810 - - - -] Project c2fdadef49f6414185deb2eeb53ef810 added a security group rule with legacy IPv6 ICMP protocol name icmp, ipv6-icmp should be used instead. It was automatically converted.
2026-06-18 16:29:08.926 10 INFO neutron.db.ovn_revision_numbers_db [None req-6c05e79e-426b-4544-93ad-2dd8f2281013 a6d831faa2444dddb7fdecf6d0e85a5a c2fdadef49f6414185deb2eeb53ef810 - - - -] Successfully bumped revision number for resource 33e0349d-c51c-48e5-b0dd-c8d4151a5118 (type: security_group_rules) to 0
2026-06-18 16:29:08.973 10 INFO neutron.wsgi [None req-6c05e79e-426b-4544-93ad-2dd8f2281013 a6d831faa2444dddb7fdecf6d0e85a5a c2fdadef49f6414185deb2eeb53ef810 - - - -] 10.0.0.138 "POST /v2.0/security-group-rules HTTP/1.1" status: 201 len: 774 time: 0.1995902
2026-06-18 16:29:09.008 9 INFO neutron.db.ovn_revision_numbers_db [None req-e89c0613-dfbf-4dba-b0cc-a5d39f735e5b a04a38d1a2a045909bb4e5424b1dca6c f7e45f64305d433bb0cb2d3b9b1186bb - - - -] Successfully bumped revision number for resource 7fe8aa26-9eb9-4d73-aa27-dcf9d796932b (type: ports) to 2
2026-06-18 16:29:09.011 10 INFO neutron.db.securitygroups_db [None req-9864ca8d-0a2a-4c00-a0a8-3c3303cad259 a6d831faa2444dddb7fdecf6d0e85a5a c2fdadef49f6414185deb2eeb53ef810 - - - -] Project c2fdadef49f6414185deb2eeb53ef810 added a security group rule with legacy IPv6 ICMP protocol name icmp, ipv6-icmp should be used instead. It was automatically converted.
2026-06-18 16:29:09.027 9 INFO neutron.db.ovn_revision_numbers_db [None req-e89c0613-dfbf-4dba-b0cc-a5d39f735e5b a04a38d1a2a045909bb4e5424b1dca6c f7e45f64305d433bb0cb2d3b9b1186bb - - - -] Successfully bumped revision number for resource 45c7f8aa-fefd-47ae-8f02-55a7edea381f (type: subnets) to 0
2026-06-18 16:29:09.047 9 INFO neutron.wsgi [None req-e89c0613-dfbf-4dba-b0cc-a5d39f735e5b a04a38d1a2a045909bb4e5424b1dca6c f7e45f64305d433bb0cb2d3b9b1186bb - - - -] 10.0.0.138 "POST /v2.0/subnets HTTP/1.1" status: 201 len: 1425 time: 1.7361598
2026-06-18 16:29:09.106 10 INFO neutron.db.ovn_revision_numbers_db [None req-9864ca8d-0a2a-4c00-a0a8-3c3303cad259 a6d831faa2444dddb7fdecf6d0e85a5a c2fdadef49f6414185deb2eeb53ef810 - - - -] Successfully bumped revision number for resource b3ba8405-d644-4ac6-86df-c440a90ab0b1 (type: security_group_rules) to 0
2026-06-18 16:29:09.122 9 INFO neutron.wsgi [None req-fc536956-eeb7-4eeb-aa13-0c105c8e7576 a04a38d1a2a045909bb4e5424b1dca6c f7e45f64305d433bb0cb2d3b9b1186bb - - default default] 10.0.0.138 "GET /v2.0/subnets HTTP/1.1" status: 200 len: 2033 time: 0.0704694
2026-06-18 16:29:09.140 10 INFO neutron.wsgi [None req-9864ca8d-0a2a-4c00-a0a8-3c3303cad259 a6d831faa2444dddb7fdecf6d0e85a5a c2fdadef49f6414185deb2eeb53ef810 - - - -] 10.0.0.138 "POST /v2.0/security-group-rules HTTP/1.1" status: 201 len: 773 time: 0.1595709
2026-06-18 16:29:09.272 10 INFO neutron.db.ovn_revision_numbers_db [None req-adb7c3a4-984c-4def-964e-94c7d93c25f9 231d866e912e4f59aec1a50909d76536 d9d7902f8f794dd7a5440173e910b1e5 - - - -] Successfully bumped revision number for resource 9c9bd731-7aa9-44dc-9e51-5a4817c2b47c (type: security_groups) to 1
2026-06-18 16:29:09.335 9 INFO neutron.wsgi [None req-16041553-d38b-4e41-b2c9-49f39e260771 a04a38d1a2a045909bb4e5424b1dca6c f7e45f64305d433bb0cb2d3b9b1186bb - - - -] 10.0.0.138 "DELETE /v2.0/subnets/8459911d-708b-4622-b67a-6f5d3ebf0538 HTTP/1.1" status: 204 len: 168 time: 0.2063446
2026-06-18 16:29:09.357 10 INFO neutron.db.ovn_revision_numbers_db [None req-adb7c3a4-984c-4def-964e-94c7d93c25f9 231d866e912e4f59aec1a50909d76536 d9d7902f8f794dd7a5440173e910b1e5 - - - -] Successfully bumped revision number for resource 7ce9f7ce-6a7b-4748-8e2a-9c80bf32296d (type: security_groups) to 1
2026-06-18 16:29:09.375 10 INFO neutron.wsgi [None req-adb7c3a4-984c-4def-964e-94c7d93c25f9 231d866e912e4f59aec1a50909d76536 d9d7902f8f794dd7a5440173e910b1e5 - - - -] 10.0.0.138 "POST /v2.0/security-groups HTTP/1.1" status: 201 len: 1737 time: 0.4287305
2026-06-18 16:29:09.476 10 INFO neutron.db.ovn_revision_numbers_db [None req-d087caeb-fb39-4c4a-9956-7ce766a5498f 231d866e912e4f59aec1a50909d76536 d9d7902f8f794dd7a5440173e910b1e5 - - - -] Successfully bumped revision number for resource 2f61b672-48be-463b-96da-b134b6ca1bba (type: security_groups) to 1
2026-06-18 16:29:09.505 10 INFO neutron.wsgi [None req-d087caeb-fb39-4c4a-9956-7ce766a5498f 231d866e912e4f59aec1a50909d76536 d9d7902f8f794dd7a5440173e910b1e5 - - - -] 10.0.0.138 "POST /v2.0/security-groups HTTP/1.1" status: 201 len: 1737 time: 0.1250665
2026-06-18 16:29:09.616 10 INFO neutron.wsgi [None req-55c453f1-46b0-40f8-af70-7f58b988c1c8 a6d831faa2444dddb7fdecf6d0e85a5a c2fdadef49f6414185deb2eeb53ef810 - - default default] 10.0.0.138 "GET /v2.0/networks HTTP/1.1" status: 200 len: 1493 time: 0.1227651
2026-06-18 16:29:09.656 10 INFO neutron.db.ovn_revision_numbers_db [None req-4e27a4f8-e227-4460-974c-87a7c415ef35 231d866e912e4f59aec1a50909d76536 d9d7902f8f794dd7a5440173e910b1e5 - - - -] Successfully bumped revision number for resource d7f0416a-e70c-4761-b1b8-880ea0a0ccb8 (type: security_groups) to 1
2026-06-18 16:29:09.682 10 INFO neutron.wsgi [None req-4e27a4f8-e227-4460-974c-87a7c415ef35 231d866e912e4f59aec1a50909d76536 d9d7902f8f794dd7a5440173e910b1e5 - - - -] 10.0.0.138 "POST /v2.0/security-groups HTTP/1.1" status: 201 len: 1737 time: 0.1713190
2026-06-18 16:29:09.799 10 INFO neutron.db.ovn_revision_numbers_db [None req-c49a3d39-c684-43fd-b053-5eb589cc27b1 231d866e912e4f59aec1a50909d76536 d9d7902f8f794dd7a5440173e910b1e5 - - - -] Successfully bumped revision number for resource 9bc01f27-8000-4838-86f7-bd154fb643cf (type: security_groups) to 1
2026-06-18 16:29:09.820 10 INFO neutron.wsgi [None req-c49a3d39-c684-43fd-b053-5eb589cc27b1 231d866e912e4f59aec1a50909d76536 d9d7902f8f794dd7a5440173e910b1e5 - - - -] 10.0.0.138 "POST /v2.0/security-groups HTTP/1.1" status: 201 len: 1737 time: 0.1221595
2026-06-18 16:29:09.840 9 INFO neutron.wsgi [None req-1ef11a36-4767-4bd0-855d-15c339ce45ea a04a38d1a2a045909bb4e5424b1dca6c f7e45f64305d433bb0cb2d3b9b1186bb - - - -] 10.0.0.138 "DELETE /v2.0/subnets/45c7f8aa-fefd-47ae-8f02-55a7edea381f HTTP/1.1" status: 204 len: 168 time: 0.4958069
2026-06-18 16:29:09.896 9 INFO neutron.wsgi [req-f194f608-2d38-48c8-8579-c417396aaefc req-91ba9f87-2a1a-43ac-8613-edd4e4c50da0 a6d831faa2444dddb7fdecf6d0e85a5a c2fdadef49f6414185deb2eeb53ef810 - - default default] 10.0.0.28 "GET /v2.0/security-groups?name=tempest-secgroup-smoke-615616058&fields=id&tenant_id=c2fdadef49f6414185deb2eeb53ef810 HTTP/1.1" status: 200 len: 267 time: 0.0663295
2026-06-18 16:29:09.905 9 INFO neutron.wsgi [None req-ce9d0594-2c57-4632-bf11-cea9f85be892 a04a38d1a2a045909bb4e5424b1dca6c f7e45f64305d433bb0cb2d3b9b1186bb - - default default] 10.0.0.138 "GET /v2.0/subnets HTTP/1.1" status: 200 len: 820 time: 0.0474832
2026-06-18 16:29:09.983 9 INFO neutron.wsgi [req-f194f608-2d38-48c8-8579-c417396aaefc req-5113114d-c654-4fa1-bd12-ebdaab71282a a6d831faa2444dddb7fdecf6d0e85a5a c2fdadef49f6414185deb2eeb53ef810 - - default default] 10.0.0.28 "GET /v2.0/networks?id=58dfc627-3f4f-4c16-8e7b-437a6b239ada HTTP/1.1" status: 200 len: 860 time: 0.0775225
2026-06-18 16:29:09.999 9 INFO neutron.wsgi [req-f194f608-2d38-48c8-8579-c417396aaefc req-110678c2-fd45-48a4-af5f-c408dbab535a a6d831faa2444dddb7fdecf6d0e85a5a c2fdadef49f6414185deb2eeb53ef810 - - default default] 10.0.0.28 "GET /v2.0/quotas/c2fdadef49f6414185deb2eeb53ef810 HTTP/1.1" status: 200 len: 386 time: 0.0104194
2026-06-18 16:29:10.090 9 INFO neutron.wsgi [req-f194f608-2d38-48c8-8579-c417396aaefc req-d071b336-6ee9-41ef-8db0-7a2e5338eae2 a6d831faa2444dddb7fdecf6d0e85a5a c2fdadef49f6414185deb2eeb53ef810 - - default default] 10.0.0.28 "GET /v2.0/ports?tenant_id=c2fdadef49f6414185deb2eeb53ef810&fields=id HTTP/1.1" status: 200 len: 302 time: 0.0872335
2026-06-18 16:29:10.161 9 INFO neutron.wsgi [req-f194f608-2d38-48c8-8579-c417396aaefc req-b34bbd88-81d2-420e-91c2-dec73ac5fd21 904dfcd0042142e5896a667eef09f1ad 1b0811b8348d4d22b803316b5a75872a - - 4df68552b8fc48988c746818700f8910 4df68552b8fc48988c746818700f8910] 10.0.0.28 "GET /v2.0/networks/58dfc627-3f4f-4c16-8e7b-437a6b239ada?fields=segments HTTP/1.1" status: 200 len: 212 time: 0.0581653
2026-06-18 16:29:10.239 9 INFO neutron.wsgi [req-f194f608-2d38-48c8-8579-c417396aaefc req-514ffe40-e79e-41b9-b29d-d3475d60fb2c 904dfcd0042142e5896a667eef09f1ad 1b0811b8348d4d22b803316b5a75872a - - 4df68552b8fc48988c746818700f8910 4df68552b8fc48988c746818700f8910] 10.0.0.28 "GET /v2.0/networks/58dfc627-3f4f-4c16-8e7b-437a6b239ada?fields=provider%3Aphysical_network&fields=provider%3Anetwork_type HTTP/1.1" status: 200 len: 277 time: 0.0694625
2026-06-18 16:29:10.363 10 INFO neutron.db.ovn_revision_numbers_db [None req-3133d154-b6e4-431a-a37a-46497e384364 231d866e912e4f59aec1a50909d76536 d9d7902f8f794dd7a5440173e910b1e5 - - - -] Successfully bumped revision number for resource 22f040ba-086d-42a6-809e-2fce11413219 (type: security_groups) to 1
2026-06-18 16:29:10.390 9 INFO neutron.wsgi [req-6623d64c-19b8-41e1-ae30-2422a93f3f20 req-d59250da-668f-4f6d-aa10-d4ac5061d298 a6d831faa2444dddb7fdecf6d0e85a5a c2fdadef49f6414185deb2eeb53ef810 - - default default] 10.0.0.28 "GET /v2.0/ports?device_id=7e6c24eb-2089-478e-a9da-fd792016b72d HTTP/1.1" status: 200 len: 210 time: 0.0296795
2026-06-18 16:29:10.394 10 INFO neutron.wsgi [None req-3133d154-b6e4-431a-a37a-46497e384364 231d866e912e4f59aec1a50909d76536 d9d7902f8f794dd7a5440173e910b1e5 - - - -] 10.0.0.138 "POST /v2.0/security-groups HTTP/1.1" status: 201 len: 1737 time: 0.5688341
