2026-06-18 16:29:21.055 9 INFO neutron.wsgi [None req-8715ba02-0d78-47b7-a140-b4d5df3745d7 1a7579f1968d4b94adea2a3f5c5662f4 ac7784256f2b4d08b307a7517c1cbc8c - - default default] 10.0.0.138 "GET /v2.0/security-groups?tenant_id=d79faf8bb973466883dea85c23775696&name=default HTTP/1.1" status: 200 len: 2996 time: 0.4670224
2026-06-18 16:29:21.118 10 INFO neutron.wsgi [None req-cbbf32c0-cfa4-4650-9cf6-0ed592bfd1aa 4402176f1c03491eb36fe30a5ea61c3d 906a968c76de427ab55d86ee382bc7ef - - default default] 10.0.0.138 "GET /v2.0/networks?router%3Aexternal=True HTTP/1.1" status: 200 len: 845 time: 0.1199424
2026-06-18 16:29:21.183 10 INFO neutron.wsgi [None req-f4fdcdfc-eb58-45cc-92c4-e1dd83854748 4402176f1c03491eb36fe30a5ea61c3d 906a968c76de427ab55d86ee382bc7ef - - default default] 10.0.0.138 "GET /v2.0/subnets?network_id=76aa89d5-b2c9-4704-a82b-d82dba299687 HTTP/1.1" status: 200 len: 820 time: 0.0605276
2026-06-18 16:29:21.194 10 INFO neutron.wsgi [None req-0a13b945-23e6-4171-91a1-6e398c7cc31f 4402176f1c03491eb36fe30a5ea61c3d 906a968c76de427ab55d86ee382bc7ef - - default default] 10.0.0.138 "GET /v2.0/extensions HTTP/1.1" status: 200 len: 16520 time: 0.0066972
2026-06-18 16:29:21.277 9 INFO neutron.wsgi [None req-0547d637-82c5-4e9c-a4ad-727f86380563 4402176f1c03491eb36fe30a5ea61c3d 906a968c76de427ab55d86ee382bc7ef - - default default] 10.0.0.138 "GET /v2.0/networks HTTP/1.1" status: 200 len: 1504 time: 0.0750825
2026-06-18 16:29:21.338 9 INFO neutron.wsgi [None req-451899c4-d1ff-4e67-8c97-2dfad5d286f1 4402176f1c03491eb36fe30a5ea61c3d 906a968c76de427ab55d86ee382bc7ef - - default default] 10.0.0.138 "GET /v2.0/subnets HTTP/1.1" status: 200 len: 1428 time: 0.0497220
2026-06-18 16:29:21.341 9 INFO neutron.wsgi [None req-63082fad-5987-4e23-95c2-da186de10928 1a7579f1968d4b94adea2a3f5c5662f4 ac7784256f2b4d08b307a7517c1cbc8c - - - -] 10.0.0.138 "DELETE /v2.0/security-groups/9ac3dd8b-ffd6-4942-a0b4-147b54fa45f1 HTTP/1.1" status: 204 len: 168 time: 0.2804255
2026-06-18 16:29:21.416 9 INFO neutron.wsgi [None req-52018276-46c1-421f-b4e1-f6d47ae7bc97 4402176f1c03491eb36fe30a5ea61c3d 906a968c76de427ab55d86ee382bc7ef - - default default] 10.0.0.138 "GET /v2.0/networks/a9cc15ee-c22e-4929-b009-b368ba833908 HTTP/1.1" status: 200 len: 863 time: 0.0699949
2026-06-18 16:29:21.470 9 INFO neutron.wsgi [None req-93c62655-ad77-44b7-bc1e-f67d7bae4197 4402176f1c03491eb36fe30a5ea61c3d 906a968c76de427ab55d86ee382bc7ef - - default default] 10.0.0.138 "GET /v2.0/subnets/05d015db-b099-478d-8c33-52959a4751d9 HTTP/1.1" status: 200 len: 811 time: 0.0464771
2026-06-18 16:29:21.497 9 INFO neutron.pecan_wsgi.hooks.translation [None req-0bf95dda-ea33-4a40-ba86-20c40023c34e 4402176f1c03491eb36fe30a5ea61c3d 906a968c76de427ab55d86ee382bc7ef - - - -] DELETE failed (client error): The resource could not be found.
2026-06-18 16:29:21.501 9 INFO neutron.wsgi [None req-0bf95dda-ea33-4a40-ba86-20c40023c34e 4402176f1c03491eb36fe30a5ea61c3d 906a968c76de427ab55d86ee382bc7ef - - - -] 10.0.0.138 "DELETE /v2.0/subnets/659a5735-5d52-4a36-9740-87d4d662d4cf HTTP/1.1" status: 404 len: 337 time: 0.0261497
2026-06-18 16:29:21.526 9 INFO neutron.pecan_wsgi.hooks.translation [None req-dbb99289-1dd5-433f-9239-09e7c95dc790 4402176f1c03491eb36fe30a5ea61c3d 906a968c76de427ab55d86ee382bc7ef - - - -] DELETE failed (client error): The resource could not be found.
2026-06-18 16:29:21.529 9 INFO neutron.wsgi [None req-dbb99289-1dd5-433f-9239-09e7c95dc790 4402176f1c03491eb36fe30a5ea61c3d 906a968c76de427ab55d86ee382bc7ef - - - -] 10.0.0.138 "DELETE /v2.0/networks/bbd65ec2-daa7-46c5-b116-1a058fd3fd3b HTTP/1.1" status: 404 len: 339 time: 0.0218918
2026-06-18 16:29:21.762 9 INFO neutron.wsgi [None req-8c75f2e5-bbb4-49b0-8d6c-549c908a0735 4402176f1c03491eb36fe30a5ea61c3d 906a968c76de427ab55d86ee382bc7ef - - - -] 10.0.0.138 "DELETE /v2.0/subnets/05d015db-b099-478d-8c33-52959a4751d9 HTTP/1.1" status: 204 len: 168 time: 0.2278821
2026-06-18 16:29:21.793 10 INFO neutron.db.ovn_revision_numbers_db [None req-ccd62ff8-3770-4e67-bae7-84725471a18f 1a7579f1968d4b94adea2a3f5c5662f4 ac7784256f2b4d08b307a7517c1cbc8c - - default default] Successfully bumped revision number for resource a31064ed-6b88-4f6c-b727-fb55cf058778 (type: security_groups) to 1
2026-06-18 16:29:21.820 10 INFO neutron.wsgi [None req-ccd62ff8-3770-4e67-bae7-84725471a18f 1a7579f1968d4b94adea2a3f5c5662f4 ac7784256f2b4d08b307a7517c1cbc8c - - default default] 10.0.0.138 "GET /v2.0/security-groups?tenant_id=234261420d6b4d03aa935808e5b3f1b8&name=default HTTP/1.1" status: 200 len: 2996 time: 0.3636701
2026-06-18 16:29:22.061 10 INFO neutron.wsgi [None req-512e9104-cb5f-452b-8fb8-87e816ec57d5 1a7579f1968d4b94adea2a3f5c5662f4 ac7784256f2b4d08b307a7517c1cbc8c - - - -] 10.0.0.138 "DELETE /v2.0/security-groups/a31064ed-6b88-4f6c-b727-fb55cf058778 HTTP/1.1" status: 204 len: 168 time: 0.2349906
2026-06-18 16:29:22.168 9 INFO neutron.services.segments.plugin [-] Segment 8400b454-2700-4f3a-b895-57738fe520fb resource provider aggregate not found
2026-06-18 16:29:22.191 9 INFO neutron.services.segments.plugin [-] Segment 8400b454-2700-4f3a-b895-57738fe520fb resource provider aggregate not found
2026-06-18 16:29:22.203 9 INFO neutron.services.segments.plugin [-] Segment 8400b454-2700-4f3a-b895-57738fe520fb resource provider not found; error: Placement Client Error (4xx): {"errors": [{"status": 404, "title": "Not Found", "detail": "The resource could not be found.\n\n No resource provider with uuid 8400b454-2700-4f3a-b895-57738fe520fb found for delete ", "request_id": "req-a152f2b2-a22f-4927-9c3c-7a05aacf88fb"}]}
2026-06-18 16:29:22.210 9 INFO neutron.services.segments.plugin [-] Segment 8400b454-2700-4f3a-b895-57738fe520fb resource provider not found; error: Placement Client Error (4xx): {"errors": [{"status": 404, "title": "Not Found", "detail": "The resource could not be found.\n\n No resource provider with uuid 8400b454-2700-4f3a-b895-57738fe520fb found for delete ", "request_id": "req-2d49a384-308e-4761-9a05-646edf42c778"}]}
2026-06-18 16:29:22.227 9 INFO neutron.wsgi [None req-1cf75d03-fac8-4a15-89c8-ad1ec05969a9 4402176f1c03491eb36fe30a5ea61c3d 906a968c76de427ab55d86ee382bc7ef - - - -] 10.0.0.138 "DELETE /v2.0/networks/a9cc15ee-c22e-4929-b009-b368ba833908 HTTP/1.1" status: 204 len: 168 time: 0.4599786
2026-06-18 16:29:22.253 10 INFO neutron.db.ovn_revision_numbers_db [None req-9f89a0c9-e36f-4962-8a5d-b5469b4af96a 1a7579f1968d4b94adea2a3f5c5662f4 ac7784256f2b4d08b307a7517c1cbc8c - - default default] Successfully bumped revision number for resource 37a5e954-5a80-4ed8-93b5-ca6a5b45bbaf (type: security_groups) to 1
2026-06-18 16:29:22.277 10 INFO neutron.wsgi [None req-9f89a0c9-e36f-4962-8a5d-b5469b4af96a 1a7579f1968d4b94adea2a3f5c5662f4 ac7784256f2b4d08b307a7517c1cbc8c - - default default] 10.0.0.138 "GET /v2.0/security-groups?tenant_id=34bc65bb0b124f91a15329d109966ecd&name=default HTTP/1.1" status: 200 len: 2996 time: 0.1243141
2026-06-18 16:29:22.467 10 INFO neutron.wsgi [None req-3233b896-05d0-4ccd-bb52-db0fdb8d89bd 1a7579f1968d4b94adea2a3f5c5662f4 ac7784256f2b4d08b307a7517c1cbc8c - - - -] 10.0.0.138 "DELETE /v2.0/security-groups/37a5e954-5a80-4ed8-93b5-ca6a5b45bbaf HTTP/1.1" status: 204 len: 168 time: 0.1836357
2026-06-18 16:29:22.767 10 INFO neutron.db.ovn_revision_numbers_db [None req-913c8023-9473-4deb-9580-3bfcca67b8c1 1a7579f1968d4b94adea2a3f5c5662f4 ac7784256f2b4d08b307a7517c1cbc8c - - default default] Successfully bumped revision number for resource c8d4d235-e0ca-42da-807b-177e3467c284 (type: security_groups) to 1
2026-06-18 16:29:22.805 10 INFO neutron.wsgi [None req-913c8023-9473-4deb-9580-3bfcca67b8c1 1a7579f1968d4b94adea2a3f5c5662f4 ac7784256f2b4d08b307a7517c1cbc8c - - default default] 10.0.0.138 "GET /v2.0/security-groups?tenant_id=2db2f430360041b0bcf370c6788f4df8&name=default HTTP/1.1" status: 200 len: 2996 time: 0.1601210
2026-06-18 16:29:23.039 9 INFO neutron.wsgi [None req-e8c4198d-a3b0-45ac-886b-64332297348e 1a7579f1968d4b94adea2a3f5c5662f4 ac7784256f2b4d08b307a7517c1cbc8c - - default default] 10.0.0.138 "GET /v2.0/security-groups?tenant_id=906a968c76de427ab55d86ee382bc7ef&name=default HTTP/1.1" status: 200 len: 2996 time: 0.3496296
2026-06-18 16:29:23.064 9 INFO neutron.wsgi [None req-18da3e78-4936-4d6f-9cdf-27823a5757b6 1a7579f1968d4b94adea2a3f5c5662f4 ac7784256f2b4d08b307a7517c1cbc8c - - - -] 10.0.0.138 "DELETE /v2.0/security-groups/c8d4d235-e0ca-42da-807b-177e3467c284 HTTP/1.1" status: 204 len: 168 time: 0.2449067
2026-06-18 16:29:23.257 10 INFO neutron.wsgi [None req-37199993-daf7-4bf9-a369-03828c682745 1a7579f1968d4b94adea2a3f5c5662f4 ac7784256f2b4d08b307a7517c1cbc8c - - - -] 10.0.0.138 "DELETE /v2.0/security-groups/18d5c41e-6e9a-44cf-9ded-7b50eb5b2a6f HTTP/1.1" status: 204 len: 168 time: 0.2127891
2026-06-18 16:29:23.388 9 INFO neutron.db.ovn_revision_numbers_db [None req-46163957-edf9-4cc0-8117-587a88a5cb06 1a7579f1968d4b94adea2a3f5c5662f4 ac7784256f2b4d08b307a7517c1cbc8c - - - -] Successfully bumped revision number for resource ca1ec4a0-b4d2-4c5c-9bfc-11f1c6a41d86 (type: security_groups) to 1
2026-06-18 16:29:23.463 9 INFO neutron.db.segments_db [None req-46163957-edf9-4cc0-8117-587a88a5cb06 1a7579f1968d4b94adea2a3f5c5662f4 ac7784256f2b4d08b307a7517c1cbc8c - - - -] Added segment 0080b60b-9abc-4e0c-9cf4-88452f4b4401 of type geneve for network 4e2d4156-1845-4b26-9c49-f9444728c48b
2026-06-18 16:29:23.625 9 INFO neutron.db.ovn_revision_numbers_db [None req-46163957-edf9-4cc0-8117-587a88a5cb06 1a7579f1968d4b94adea2a3f5c5662f4 ac7784256f2b4d08b307a7517c1cbc8c - - - -] Successfully bumped revision number for resource 4e2d4156-1845-4b26-9c49-f9444728c48b (type: networks) to 1
2026-06-18 16:29:23.861 9 WARNING neutron.scheduler.dhcp_agent_scheduler [None req-46163957-edf9-4cc0-8117-587a88a5cb06 1a7579f1968d4b94adea2a3f5c5662f4 ac7784256f2b4d08b307a7517c1cbc8c - - - -] No more DHCP agents
2026-06-18 16:29:23.866 9 WARNING neutron.api.rpc.agentnotifiers.dhcp_rpc_agent_api [None req-46163957-edf9-4cc0-8117-587a88a5cb06 1a7579f1968d4b94adea2a3f5c5662f4 ac7784256f2b4d08b307a7517c1cbc8c - - - -] Unable to schedule network 4e2d4156-1845-4b26-9c49-f9444728c48b: no agents available; will retry on subsequent port and subnet creation events.
2026-06-18 16:29:23.967 9 INFO neutron.db.ovn_revision_numbers_db [None req-46163957-edf9-4cc0-8117-587a88a5cb06 1a7579f1968d4b94adea2a3f5c5662f4 ac7784256f2b4d08b307a7517c1cbc8c - - - -] Successfully bumped revision number for resource 81fa7432-fd7d-43a7-8729-d7e2bb6bd65b (type: ports) to 1
2026-06-18 16:29:24.004 9 INFO neutron.wsgi [None req-46163957-edf9-4cc0-8117-587a88a5cb06 1a7579f1968d4b94adea2a3f5c5662f4 ac7784256f2b4d08b307a7517c1cbc8c - - - -] 10.0.0.138 "POST /v2.0/networks HTTP/1.1" status: 201 len: 942 time: 0.8978763
2026-06-18 16:29:24.185 9 WARNING neutron.scheduler.dhcp_agent_scheduler [None req-1c3e0b74-4b42-4db4-b7fc-8a5951cc4a08 1a7579f1968d4b94adea2a3f5c5662f4 ac7784256f2b4d08b307a7517c1cbc8c - - - -] No more DHCP agents
2026-06-18 16:29:24.187 9 WARNING neutron.api.rpc.agentnotifiers.dhcp_rpc_agent_api [None req-1c3e0b74-4b42-4db4-b7fc-8a5951cc4a08 1a7579f1968d4b94adea2a3f5c5662f4 ac7784256f2b4d08b307a7517c1cbc8c - - - -] Unable to schedule network 4e2d4156-1845-4b26-9c49-f9444728c48b: no agents available; will retry on subsequent port and subnet creation events.
2026-06-18 16:29:25.029 9 INFO neutron.db.ovn_revision_numbers_db [None req-1c3e0b74-4b42-4db4-b7fc-8a5951cc4a08 1a7579f1968d4b94adea2a3f5c5662f4 ac7784256f2b4d08b307a7517c1cbc8c - - - -] Successfully bumped revision number for resource 81fa7432-fd7d-43a7-8729-d7e2bb6bd65b (type: ports) to 2
2026-06-18 16:29:25.045 9 INFO neutron.db.ovn_revision_numbers_db [None req-1c3e0b74-4b42-4db4-b7fc-8a5951cc4a08 1a7579f1968d4b94adea2a3f5c5662f4 ac7784256f2b4d08b307a7517c1cbc8c - - - -] Successfully bumped revision number for resource 455c3f1a-b987-4cd4-bb92-af6c138710a3 (type: subnets) to 0
2026-06-18 16:29:25.060 9 INFO neutron.wsgi [None req-1c3e0b74-4b42-4db4-b7fc-8a5951cc4a08 1a7579f1968d4b94adea2a3f5c5662f4 ac7784256f2b4d08b307a7517c1cbc8c - - - -] 10.0.0.138 "POST /v2.0/subnets HTTP/1.1" status: 201 len: 862 time: 1.0465956
2026-06-18 16:29:25.376 10 INFO neutron.db.ovn_revision_numbers_db [None req-12564e29-e141-4d80-8c43-5169e7648576 b90f37e4429441d087f75dc371455b10 3c50b41b3e8f40f5a5b494a635847ac3 - - - -] Successfully bumped revision number for resource 712589d8-86da-4e99-8fd6-5b6822b4127f (type: security_groups) to 1
2026-06-18 16:29:25.433 10 INFO neutron.db.segments_db [None req-12564e29-e141-4d80-8c43-5169e7648576 b90f37e4429441d087f75dc371455b10 3c50b41b3e8f40f5a5b494a635847ac3 - - - -] Added segment f38ad150-f991-4a6a-ab65-9ca2e51157f1 of type geneve for network 16d89b6d-061a-45f9-8aa0-f30913e610f8
2026-06-18 16:29:25.579 10 INFO neutron.db.ovn_revision_numbers_db [None req-12564e29-e141-4d80-8c43-5169e7648576 b90f37e4429441d087f75dc371455b10 3c50b41b3e8f40f5a5b494a635847ac3 - - - -] Successfully bumped revision number for resource 16d89b6d-061a-45f9-8aa0-f30913e610f8 (type: networks) to 1
2026-06-18 16:29:25.597 9 WARNING neutron.scheduler.dhcp_agent_scheduler [None req-6c6622ec-cdfc-47bb-bca2-2764fe337c46 1a7579f1968d4b94adea2a3f5c5662f4 ac7784256f2b4d08b307a7517c1cbc8c - - - -] No more DHCP agents
2026-06-18 16:29:25.599 9 WARNING neutron.api.rpc.agentnotifiers.dhcp_rpc_agent_api [None req-6c6622ec-cdfc-47bb-bca2-2764fe337c46 1a7579f1968d4b94adea2a3f5c5662f4 ac7784256f2b4d08b307a7517c1cbc8c - - - -] Unable to schedule network 76aa89d5-b2c9-4704-a82b-d82dba299687: no agents available; will retry on subsequent port and subnet creation events.
2026-06-18 16:29:25.753 9 INFO neutron.db.ovn_revision_numbers_db [None req-6c6622ec-cdfc-47bb-bca2-2764fe337c46 1a7579f1968d4b94adea2a3f5c5662f4 ac7784256f2b4d08b307a7517c1cbc8c - - - -] Successfully bumped revision number for resource b4209113-a800-46f7-ae26-0568a2d10fb9 (type: ports) to 1
2026-06-18 16:29:25.795 10 WARNING neutron.scheduler.dhcp_agent_scheduler [None req-12564e29-e141-4d80-8c43-5169e7648576 b90f37e4429441d087f75dc371455b10 3c50b41b3e8f40f5a5b494a635847ac3 - - - -] No more DHCP agents
2026-06-18 16:29:25.797 10 WARNING neutron.api.rpc.agentnotifiers.dhcp_rpc_agent_api [None req-12564e29-e141-4d80-8c43-5169e7648576 b90f37e4429441d087f75dc371455b10 3c50b41b3e8f40f5a5b494a635847ac3 - - - -] Unable to schedule network 16d89b6d-061a-45f9-8aa0-f30913e610f8: no agents available; will retry on subsequent port and subnet creation events.
2026-06-18 16:29:25.867 10 INFO neutron.db.ovn_revision_numbers_db [None req-12564e29-e141-4d80-8c43-5169e7648576 b90f37e4429441d087f75dc371455b10 3c50b41b3e8f40f5a5b494a635847ac3 - - - -] Successfully bumped revision number for resource e837e322-dc9d-4289-bc99-b68104a5930f (type: ports) to 1
2026-06-18 16:29:25.894 10 INFO neutron.wsgi [None req-12564e29-e141-4d80-8c43-5169e7648576 b90f37e4429441d087f75dc371455b10 3c50b41b3e8f40f5a5b494a635847ac3 - - - -] 10.0.0.138 "POST /v2.0/networks HTTP/1.1" status: 201 len: 828 time: 0.8200874
2026-06-18 16:29:26.008 10 INFO neutron.db.segments_db [None req-f58cf7ee-f2a8-4e95-a6a5-44ca4b5e186f b90f37e4429441d087f75dc371455b10 3c50b41b3e8f40f5a5b494a635847ac3 - - - -] Added segment b633b0c6-246a-45d5-91b4-57e77d174643 of type geneve for network bc2078e1-d314-4f50-a6cb-6882c411d760
2026-06-18 16:29:26.141 10 INFO neutron.db.ovn_revision_numbers_db [None req-f58cf7ee-f2a8-4e95-a6a5-44ca4b5e186f b90f37e4429441d087f75dc371455b10 3c50b41b3e8f40f5a5b494a635847ac3 - - - -] Successfully bumped revision number for resource bc2078e1-d314-4f50-a6cb-6882c411d760 (type: networks) to 1
2026-06-18 16:29:26.353 10 WARNING neutron.scheduler.dhcp_agent_scheduler [None req-f58cf7ee-f2a8-4e95-a6a5-44ca4b5e186f b90f37e4429441d087f75dc371455b10 3c50b41b3e8f40f5a5b494a635847ac3 - - - -] No more DHCP agents
2026-06-18 16:29:26.355 10 WARNING neutron.api.rpc.agentnotifiers.dhcp_rpc_agent_api [None req-f58cf7ee-f2a8-4e95-a6a5-44ca4b5e186f b90f37e4429441d087f75dc371455b10 3c50b41b3e8f40f5a5b494a635847ac3 - - - -] Unable to schedule network bc2078e1-d314-4f50-a6cb-6882c411d760: no agents available; will retry on subsequent port and subnet creation events.
2026-06-18 16:29:26.431 10 INFO neutron.db.ovn_revision_numbers_db [None req-f58cf7ee-f2a8-4e95-a6a5-44ca4b5e186f b90f37e4429441d087f75dc371455b10 3c50b41b3e8f40f5a5b494a635847ac3 - - - -] Successfully bumped revision number for resource 7c171ce3-3c12-44c2-81de-4da543634c93 (type: ports) to 1
2026-06-18 16:29:26.455 10 INFO neutron.plugins.ml2.drivers.ovn.mech_driver.mech_driver [None req-80484ea4-37af-413e-92b6-1c989940594e - - - - - -] OVN reports status up for port: b4209113-a800-46f7-ae26-0568a2d10fb9
2026-06-18 16:29:26.458 9 INFO neutron.db.ovn_revision_numbers_db [None req-6c6622ec-cdfc-47bb-bca2-2764fe337c46 1a7579f1968d4b94adea2a3f5c5662f4 ac7784256f2b4d08b307a7517c1cbc8c - - - -] Successfully bumped revision number for resource b4209113-a800-46f7-ae26-0568a2d10fb9 (type: router_ports) to 1
2026-06-18 16:29:26.461 10 INFO neutron.plugins.ml2.drivers.ovn.mech_driver.ovsdb.ovsdb_monitor [None req-850b6d87-da0d-44e9-8534-8e3ce66a7ea9 - - - - - -] Router 1abaeff3-ab4d-41b1-b4fd-1c1644138e9b is bound to host instance
2026-06-18 16:29:26.467 10 INFO neutron.wsgi [None req-f58cf7ee-f2a8-4e95-a6a5-44ca4b5e186f b90f37e4429441d087f75dc371455b10 3c50b41b3e8f40f5a5b494a635847ac3 - - - -] 10.0.0.138 "POST /v2.0/networks HTTP/1.1" status: 201 len: 829 time: 0.5670807
2026-06-18 16:29:26.491 10 INFO neutron.plugins.ml2.plugin [None req-80484ea4-37af-413e-92b6-1c989940594e - - - - - -] Attempt 1 to provision port b4209113-a800-46f7-ae26-0568a2d10fb9
2026-06-18 16:29:26.532 9 INFO neutron.db.ovn_revision_numbers_db [None req-6c6622ec-cdfc-47bb-bca2-2764fe337c46 1a7579f1968d4b94adea2a3f5c5662f4 ac7784256f2b4d08b307a7517c1cbc8c - - - -] Successfully bumped revision number for resource 1abaeff3-ab4d-41b1-b4fd-1c1644138e9b (type: routers) to 3
2026-06-18 16:29:26.548 9 INFO neutron.wsgi [None req-6c6622ec-cdfc-47bb-bca2-2764fe337c46 1a7579f1968d4b94adea2a3f5c5662f4 ac7784256f2b4d08b307a7517c1cbc8c - - - -] 10.0.0.138 "POST /v2.0/routers HTTP/1.1" status: 201 len: 873 time: 1.4810841
2026-06-18 16:29:26.689 10 INFO neutron.wsgi [req-779b99ba-fb18-457d-b5ab-a1b12a691349 req-1dea3130-0602-4c56-be1f-d94b5fe72253 904dfcd0042142e5896a667eef09f1ad 1b0811b8348d4d22b803316b5a75872a - - 4df68552b8fc48988c746818700f8910 4df68552b8fc48988c746818700f8910] 10.0.0.66 "GET /v2.0/ports?device_id=7e6c24eb-2089-478e-a9da-fd792016b72d HTTP/1.1" status: 200 len: 1361 time: 0.0798566
2026-06-18 16:29:26.795 10 INFO neutron.wsgi [req-779b99ba-fb18-457d-b5ab-a1b12a691349 req-44a40c4c-1459-4e04-ab64-30f70782008c 904dfcd0042142e5896a667eef09f1ad 1b0811b8348d4d22b803316b5a75872a - - 4df68552b8fc48988c746818700f8910 4df68552b8fc48988c746818700f8910] 10.0.0.66 "GET /v2.0/security-groups?id=8f239e59-971c-48fa-8cfe-e6d39eeece37&fields=id&fields=name HTTP/1.1" status: 200 len: 312 time: 0.0877864
2026-06-18 16:29:26.892 10 INFO neutron.db.ovn_revision_numbers_db [None req-67e25e13-b819-448a-9152-e4c025beb238 499d47d486bc47fe920eb49e00c35ec3 d2ad30a56bf9402fbf629e5148609736 - - - -] Successfully bumped revision number for resource e580e9d3-0314-4bc7-a225-0a290e6fe320 (type: security_groups) to 1
2026-06-18 16:29:26.997 10 INFO neutron.db.segments_db [None req-67e25e13-b819-448a-9152-e4c025beb238 499d47d486bc47fe920eb49e00c35ec3 d2ad30a56bf9402fbf629e5148609736 - - - -] Added segment b38a6819-5745-4dff-836a-1b3bc4b379f3 of type geneve for network a70e5087-15a9-4935-9b24-2efb1d1137af
2026-06-18 16:29:27.038 10 WARNING neutron.scheduler.dhcp_agent_scheduler [None req-09fcb30e-9770-4ccf-a5a2-7b7fb5e71ee9 b90f37e4429441d087f75dc371455b10 3c50b41b3e8f40f5a5b494a635847ac3 - - - -] No more DHCP agents
2026-06-18 16:29:27.049 10 WARNING neutron.api.rpc.agentnotifiers.dhcp_rpc_agent_api [None req-09fcb30e-9770-4ccf-a5a2-7b7fb5e71ee9 b90f37e4429441d087f75dc371455b10 3c50b41b3e8f40f5a5b494a635847ac3 - - - -] Unable to schedule network 16d89b6d-061a-45f9-8aa0-f30913e610f8: no agents available; will retry on subsequent port and subnet creation events.
2026-06-18 16:29:27.063 9 WARNING neutron.scheduler.dhcp_agent_scheduler [None req-090816be-b265-493a-962c-604a94abd4d5 1a7579f1968d4b94adea2a3f5c5662f4 ac7784256f2b4d08b307a7517c1cbc8c - - default default] No more DHCP agents
2026-06-18 16:29:27.066 9 WARNING neutron.api.rpc.agentnotifiers.dhcp_rpc_agent_api [None req-090816be-b265-493a-962c-604a94abd4d5 1a7579f1968d4b94adea2a3f5c5662f4 ac7784256f2b4d08b307a7517c1cbc8c - - default default] Unable to schedule network 4e2d4156-1845-4b26-9c49-f9444728c48b: no agents available; will retry on subsequent port and subnet creation events.
2026-06-18 16:29:27.203 10 INFO neutron.db.ovn_revision_numbers_db [None req-67e25e13-b819-448a-9152-e4c025beb238 499d47d486bc47fe920eb49e00c35ec3 d2ad30a56bf9402fbf629e5148609736 - - - -] Successfully bumped revision number for resource a70e5087-15a9-4935-9b24-2efb1d1137af (type: networks) to 1
2026-06-18 16:29:27.227 9 INFO neutron.db.ovn_revision_numbers_db [None req-090816be-b265-493a-962c-604a94abd4d5 1a7579f1968d4b94adea2a3f5c5662f4 ac7784256f2b4d08b307a7517c1cbc8c - - default default] Successfully bumped revision number for resource dece9414-ed21-49ec-8e94-db4bea0a7740 (type: ports) to 1
2026-06-18 16:29:27.772 10 WARNING neutron.scheduler.dhcp_agent_scheduler [None req-67e25e13-b819-448a-9152-e4c025beb238 499d47d486bc47fe920eb49e00c35ec3 d2ad30a56bf9402fbf629e5148609736 - - - -] No more DHCP agents
2026-06-18 16:29:27.777 10 WARNING neutron.api.rpc.agentnotifiers.dhcp_rpc_agent_api [None req-67e25e13-b819-448a-9152-e4c025beb238 499d47d486bc47fe920eb49e00c35ec3 d2ad30a56bf9402fbf629e5148609736 - - - -] Unable to schedule network a70e5087-15a9-4935-9b24-2efb1d1137af: no agents available; will retry on subsequent port and subnet creation events.
2026-06-18 16:29:27.795 9 INFO neutron.db.ovn_revision_numbers_db [None req-090816be-b265-493a-962c-604a94abd4d5 1a7579f1968d4b94adea2a3f5c5662f4 ac7784256f2b4d08b307a7517c1cbc8c - - default default] Successfully bumped revision number for resource dece9414-ed21-49ec-8e94-db4bea0a7740 (type: router_ports) to 2
2026-06-18 16:29:27.833 9 INFO neutron.wsgi [None req-d54a3b77-85a5-45e2-b156-ed19d44f4d53 a396774ecf8f4075ad85937e6eacdb44 d896cd30c41049ec84de6cb75a06bcba - - default default] 10.0.0.138 "GET /v2.0/ports?project_id=c2fdadef49f6414185deb2eeb53ef810&network_id=58dfc627-3f4f-4c16-8e7b-437a6b239ada HTTP/1.1" status: 200 len: 3462 time: 0.0877657
2026-06-18 16:29:27.894 10 INFO neutron.db.ovn_revision_numbers_db [None req-850b6d87-da0d-44e9-8534-8e3ce66a7ea9 - - - - - -] Successfully bumped revision number for resource b4209113-a800-46f7-ae26-0568a2d10fb9 (type: ports) to 1
2026-06-18 16:29:27.957 10 INFO neutron.db.ovn_revision_numbers_db [None req-67e25e13-b819-448a-9152-e4c025beb238 499d47d486bc47fe920eb49e00c35ec3 d2ad30a56bf9402fbf629e5148609736 - - - -] Successfully bumped revision number for resource 0c30916f-5f1d-4110-bbfd-af0a1a0b051d (type: ports) to 1
2026-06-18 16:29:28.003 9 INFO neutron.db.ovn_revision_numbers_db [None req-090816be-b265-493a-962c-604a94abd4d5 1a7579f1968d4b94adea2a3f5c5662f4 ac7784256f2b4d08b307a7517c1cbc8c - - default default] Successfully bumped revision number for resource dece9414-ed21-49ec-8e94-db4bea0a7740 (type: ports) to 2
2026-06-18 16:29:28.015 10 INFO neutron.wsgi [None req-67e25e13-b819-448a-9152-e4c025beb238 499d47d486bc47fe920eb49e00c35ec3 d2ad30a56bf9402fbf629e5148609736 - - - -] 10.0.0.138 "POST /v2.0/networks HTTP/1.1" status: 201 len: 831 time: 1.7033381
2026-06-18 16:29:28.112 9 INFO neutron.wsgi [None req-e5ed8a17-72c1-4e0d-a48b-a597ccbf9a0a 499d47d486bc47fe920eb49e00c35ec3 d2ad30a56bf9402fbf629e5148609736 - - - -] 10.0.0.138 "PUT /v2.0/networks/a70e5087-15a9-4935-9b24-2efb1d1137af/tags HTTP/1.1" status: 200 len: 218 time: 0.0924110
2026-06-18 16:29:28.158 9 INFO neutron.wsgi [None req-18caa4db-6f02-419a-9486-1581a86980a5 a396774ecf8f4075ad85937e6eacdb44 d896cd30c41049ec84de6cb75a06bcba - - default default] 10.0.0.138 "GET /v2.0/subnets?network_id=76aa89d5-b2c9-4704-a82b-d82dba299687 HTTP/1.1" status: 200 len: 838 time: 0.0687337
2026-06-18 16:29:28.178 9 WARNING neutron.scheduler.dhcp_agent_scheduler [None req-090816be-b265-493a-962c-604a94abd4d5 1a7579f1968d4b94adea2a3f5c5662f4 ac7784256f2b4d08b307a7517c1cbc8c - - default default] No more DHCP agents
2026-06-18 16:29:28.181 9 WARNING neutron.api.rpc.agentnotifiers.dhcp_rpc_agent_api [None req-090816be-b265-493a-962c-604a94abd4d5 1a7579f1968d4b94adea2a3f5c5662f4 ac7784256f2b4d08b307a7517c1cbc8c - - default default] Unable to schedule network 4e2d4156-1845-4b26-9c49-f9444728c48b: no agents available; will retry on subsequent port and subnet creation events.
2026-06-18 16:29:28.214 10 INFO neutron.wsgi [None req-02a44f08-bf80-4050-b96b-9c9f5ab4c2a6 499d47d486bc47fe920eb49e00c35ec3 d2ad30a56bf9402fbf629e5148609736 - - default default] 10.0.0.138 "GET /v2.0/networks/a70e5087-15a9-4935-9b24-2efb1d1137af/tags HTTP/1.1" status: 200 len: 218 time: 0.0975423
2026-06-18 16:29:28.289 10 INFO neutron.db.ovn_revision_numbers_db [None req-09fcb30e-9770-4ccf-a5a2-7b7fb5e71ee9 b90f37e4429441d087f75dc371455b10 3c50b41b3e8f40f5a5b494a635847ac3 - - - -] Successfully bumped revision number for resource e837e322-dc9d-4289-bc99-b68104a5930f (type: ports) to 2
2026-06-18 16:29:28.322 10 INFO neutron.wsgi [None req-5636b050-169d-4217-8b05-6abb0ec0b49d 499d47d486bc47fe920eb49e00c35ec3 d2ad30a56bf9402fbf629e5148609736 - - - -] 10.0.0.138 "PUT /v2.0/networks/a70e5087-15a9-4935-9b24-2efb1d1137af/tags/green HTTP/1.1" status: 201 len: 201 time: 0.1001596
2026-06-18 16:29:28.347 10 INFO neutron.db.ovn_revision_numbers_db [None req-09fcb30e-9770-4ccf-a5a2-7b7fb5e71ee9 b90f37e4429441d087f75dc371455b10 3c50b41b3e8f40f5a5b494a635847ac3 - - - -] Successfully bumped revision number for resource 89b6ecee-40b6-4042-a61a-d0d21f4b8a00 (type: subnets) to 0
2026-06-18 16:29:28.415 10 INFO neutron.wsgi [None req-09fcb30e-9770-4ccf-a5a2-7b7fb5e71ee9 b90f37e4429441d087f75dc371455b10 3c50b41b3e8f40f5a5b494a635847ac3 - - - -] 10.0.0.138 "POST /v2.0/subnets HTTP/1.1" status: 201 len: 801 time: 1.9368126
2026-06-18 16:29:28.419 10 INFO neutron.wsgi [None req-f2190c8f-f828-4b0a-b013-8260eb35852f 499d47d486bc47fe920eb49e00c35ec3 d2ad30a56bf9402fbf629e5148609736 - - default default] 10.0.0.138 "GET /v2.0/networks/a70e5087-15a9-4935-9b24-2efb1d1137af/tags HTTP/1.1" status: 200 len: 227 time: 0.0772388
2026-06-18 16:29:28.549 10 INFO neutron.wsgi [None req-8db19544-cdca-420d-9c20-9385e7b45629 499d47d486bc47fe920eb49e00c35ec3 d2ad30a56bf9402fbf629e5148609736 - - - -] 10.0.0.138 "PUT /v2.0/networks/a70e5087-15a9-4935-9b24-2efb1d1137af/tags/red HTTP/1.1" status: 201 len: 201 time: 0.1195743
2026-06-18 16:29:28.610 9 INFO neutron.wsgi [None req-0201d3d8-23f5-46c6-9f49-640bd6fa3712 499d47d486bc47fe920eb49e00c35ec3 d2ad30a56bf9402fbf629e5148609736 - - default default] 10.0.0.138 "GET /v2.0/networks/a70e5087-15a9-4935-9b24-2efb1d1137af/tags HTTP/1.1" status: 200 len: 227 time: 0.0568702
2026-06-18 16:29:28.677 10 INFO neutron.db.l3_db [None req-aecb61c8-3062-4a4b-bdba-984c83da45bc a6d831faa2444dddb7fdecf6d0e85a5a c2fdadef49f6414185deb2eeb53ef810 - - - -] Floating IP 76e4ab99-27e3-4ac9-8807-9ba5aabf8496 disassociated. External IP: 10.96.250.205, port: 0d65979d-69ad-44af-8338-d2e8bd86d0f9.
2026-06-18 16:29:28.701 10 INFO neutron.db.ovn_revision_numbers_db [None req-850b6d87-da0d-44e9-8534-8e3ce66a7ea9 - - - - - -] Successfully bumped revision number for resource b4209113-a800-46f7-ae26-0568a2d10fb9 (type: router_ports) to 3
2026-06-18 16:29:28.736 10 INFO neutron.wsgi [None req-578192da-bed0-4fb6-9ee6-5b089371a7fa 499d47d486bc47fe920eb49e00c35ec3 d2ad30a56bf9402fbf629e5148609736 - - - -] 10.0.0.138 "PUT /v2.0/networks/a70e5087-15a9-4935-9b24-2efb1d1137af/tags/black.or.white HTTP/1.1" status: 201 len: 201 time: 0.1175690
2026-06-18 16:29:28.740 10 INFO neutron.db.ovn_revision_numbers_db [None req-aecb61c8-3062-4a4b-bdba-984c83da45bc a6d831faa2444dddb7fdecf6d0e85a5a c2fdadef49f6414185deb2eeb53ef810 - - - -] Successfully bumped revision number for resource 76e4ab99-27e3-4ac9-8807-9ba5aabf8496 (type: floatingips) to 2
2026-06-18 16:29:28.869 10 INFO neutron.wsgi [None req-d6685b1b-dd85-4783-8ec5-b10bca4c62a8 499d47d486bc47fe920eb49e00c35ec3 d2ad30a56bf9402fbf629e5148609736 - - default default] 10.0.0.138 "GET /v2.0/networks/a70e5087-15a9-4935-9b24-2efb1d1137af/tags HTTP/1.1" status: 200 len: 245 time: 0.1255627
2026-06-18 16:29:28.934 10 INFO neutron.wsgi [None req-aecb61c8-3062-4a4b-bdba-984c83da45bc a6d831faa2444dddb7fdecf6d0e85a5a c2fdadef49f6414185deb2eeb53ef810 - - - -] 10.0.0.138 "PUT /v2.0/floatingips/76e4ab99-27e3-4ac9-8807-9ba5aabf8496 HTTP/1.1" status: 200 len: 748 time: 0.5923488 /var/lib/openstack/lib/python3.10/site-packages/pycadf/identifier.py:71: UserWarning: Invalid uuid: neutron. To ensure interoperability, identifiers should be a valid uuid. warnings.warn(('Invalid uuid: %s. To ensure interoperability, '
2026-06-18 16:29:28.986 9 INFO neutron.wsgi [None req-a7bcdf9a-e9a3-4017-9716-2b93e8c77a91 a6d831faa2444dddb7fdecf6d0e85a5a c2fdadef49f6414185deb2eeb53ef810 - - default default] 10.0.0.138 "GET /v2.0/floatingips/76e4ab99-27e3-4ac9-8807-9ba5aabf8496 HTTP/1.1" status: 200 len: 746 time: 0.0415356
2026-06-18 16:29:28.991 10 INFO neutron.notifiers.nova [-] Nova event matching ['req-c066cf28-16db-417f-80a0-d24fce0b606f'] response: {'name': 'network-changed', 'server_uuid': '7e6c24eb-2089-478e-a9da-fd792016b72d', 'tag': '0d65979d-69ad-44af-8338-d2e8bd86d0f9', 'status': 'completed', 'code': 200}
2026-06-18 16:29:29.061 10 INFO neutron.wsgi [None req-a37975dc-649d-4f26-aad2-dd20e8c6b3c5 499d47d486bc47fe920eb49e00c35ec3 d2ad30a56bf9402fbf629e5148609736 - - - -] 10.0.0.138 "PUT /v2.0/networks/a70e5087-15a9-4935-9b24-2efb1d1137af/tags HTTP/1.1" status: 200 len: 230 time: 0.1708848
2026-06-18 16:29:29.089 9 INFO neutron.wsgi [req-77941213-f620-4693-b6cc-866f19a99cf4 req-f8560609-3b08-42ad-9861-ba91ca268cf7 904dfcd0042142e5896a667eef09f1ad 1b0811b8348d4d22b803316b5a75872a - - 4df68552b8fc48988c746818700f8910 4df68552b8fc48988c746818700f8910] 199.19.213.203 "GET /v2.0/ports?tenant_id=c2fdadef49f6414185deb2eeb53ef810&device_id=7e6c24eb-2089-478e-a9da-fd792016b72d HTTP/1.1" status: 200 len: 1361 time: 0.0546415
2026-06-18 16:29:29.105 10 INFO neutron.plugins.ml2.drivers.ovn.mech_driver.mech_driver [None req-80484ea4-37af-413e-92b6-1c989940594e - - - - - -] OVN reports status up for port: dece9414-ed21-49ec-8e94-db4bea0a7740
2026-06-18 16:29:29.109 10 WARNING neutron.scheduler.dhcp_agent_scheduler [None req-62016025-064e-4702-b508-877a499e8a9b b90f37e4429441d087f75dc371455b10 3c50b41b3e8f40f5a5b494a635847ac3 - - - -] No more DHCP agents
2026-06-18 16:29:29.114 10 WARNING neutron.api.rpc.agentnotifiers.dhcp_rpc_agent_api [None req-62016025-064e-4702-b508-877a499e8a9b b90f37e4429441d087f75dc371455b10 3c50b41b3e8f40f5a5b494a635847ac3 - - - -] Unable to schedule network bc2078e1-d314-4f50-a6cb-6882c411d760: no agents available; will retry on subsequent port and subnet creation events.
2026-06-18 16:29:29.128 10 INFO neutron.wsgi [None req-748e5e55-779d-4b3a-b839-b7f5d12f4e46 499d47d486bc47fe920eb49e00c35ec3 d2ad30a56bf9402fbf629e5148609736 - - default default] 10.0.0.138 "GET /v2.0/networks/a70e5087-15a9-4935-9b24-2efb1d1137af/tags HTTP/1.1" status: 200 len: 230 time: 0.0614011
2026-06-18 16:29:29.210 9 INFO neutron.wsgi [None req-28922b35-36d1-4c9c-be51-392bb78256c1 499d47d486bc47fe920eb49e00c35ec3 d2ad30a56bf9402fbf629e5148609736 - - default default] 10.0.0.138 "GET /v2.0/networks/a70e5087-15a9-4935-9b24-2efb1d1137af/tags/red HTTP/1.1" status: 204 len: 168 time: 0.0671113
2026-06-18 16:29:29.212 9 INFO neutron.wsgi [req-77941213-f620-4693-b6cc-866f19a99cf4 req-8984a57e-baa1-4358-b6f8-a12c826eb3e9 904dfcd0042142e5896a667eef09f1ad 1b0811b8348d4d22b803316b5a75872a - - 4df68552b8fc48988c746818700f8910 4df68552b8fc48988c746818700f8910] 199.19.213.203 "GET /v2.0/networks?id=58dfc627-3f4f-4c16-8e7b-437a6b239ada HTTP/1.1" status: 200 len: 958 time: 0.1034701
2026-06-18 16:29:29.272 9 INFO neutron.wsgi [req-77941213-f620-4693-b6cc-866f19a99cf4 req-f3153000-3ef3-47c4-9b21-3448a427dd09 904dfcd0042142e5896a667eef09f1ad 1b0811b8348d4d22b803316b5a75872a - - 4df68552b8fc48988c746818700f8910 4df68552b8fc48988c746818700f8910] 199.19.213.203 "GET /v2.0/floatingips?fixed_ip_address=10.100.0.6&port_id=0d65979d-69ad-44af-8338-d2e8bd86d0f9 HTTP/1.1" status: 200 len: 217 time: 0.0499089
2026-06-18 16:29:29.287 9 INFO neutron.api.v2.resource [None req-e7efa7fa-059c-408b-892c-c47c74d93de4 499d47d486bc47fe920eb49e00c35ec3 d2ad30a56bf9402fbf629e5148609736 - - default default] show failed (client error): The resource could not be found.
2026-06-18 16:29:29.288 9 INFO neutron.wsgi [None req-e7efa7fa-059c-408b-892c-c47c74d93de4 499d47d486bc47fe920eb49e00c35ec3 d2ad30a56bf9402fbf629e5148609736 - - default default] 10.0.0.138 "GET /v2.0/networks/a70e5087-15a9-4935-9b24-2efb1d1137af/tags/green HTTP/1.1" status: 404 len: 299 time: 0.0738301
2026-06-18 16:29:29.332 9 INFO neutron.db.ovn_revision_numbers_db [None req-090816be-b265-493a-962c-604a94abd4d5 1a7579f1968d4b94adea2a3f5c5662f4 ac7784256f2b4d08b307a7517c1cbc8c - - - -] Successfully bumped revision number for resource dece9414-ed21-49ec-8e94-db4bea0a7740 (type: router_ports) to 2
2026-06-18 16:29:29.334 9 INFO neutron.wsgi [None req-090816be-b265-493a-962c-604a94abd4d5 1a7579f1968d4b94adea2a3f5c5662f4 ac7784256f2b4d08b307a7517c1cbc8c - - - -] 10.0.0.138 "PUT /v2.0/routers/1abaeff3-ab4d-41b1-b4fd-1c1644138e9b/add_router_interface HTTP/1.1" status: 200 len: 503 time: 2.7809517
2026-06-18 16:29:29.342 9 INFO neutron.wsgi [req-77941213-f620-4693-b6cc-866f19a99cf4 req-80c78702-8995-4f13-98e8-8ec39d73bb64 904dfcd0042142e5896a667eef09f1ad 1b0811b8348d4d22b803316b5a75872a - - 4df68552b8fc48988c746818700f8910 4df68552b8fc48988c746818700f8910] 199.19.213.203 "GET /v2.0/subnets?id=a620a792-7444-4071-83dd-f92f0142c4be HTTP/1.1" status: 200 len: 852 time: 0.0566781
2026-06-18 16:29:29.372 9 INFO neutron.wsgi [req-77941213-f620-4693-b6cc-866f19a99cf4 req-6cffb4a5-bb47-41e3-8e6f-959964e58c9d 904dfcd0042142e5896a667eef09f1ad 1b0811b8348d4d22b803316b5a75872a - - 4df68552b8fc48988c746818700f8910 4df68552b8fc48988c746818700f8910] 199.19.213.203 "GET /v2.0/ports?network_id=58dfc627-3f4f-4c16-8e7b-437a6b239ada&device_owner=network%3Adhcp HTTP/1.1" status: 200 len: 210 time: 0.0209062
2026-06-18 16:29:29.380 9 INFO neutron.wsgi [None req-ddc38cb7-1aa8-40d5-b0dc-e933ab2daeec 499d47d486bc47fe920eb49e00c35ec3 d2ad30a56bf9402fbf629e5148609736 - - - -] 10.0.0.138 "DELETE /v2.0/networks/a70e5087-15a9-4935-9b24-2efb1d1137af/tags/red HTTP/1.1" status: 204 len: 168 time: 0.0808818
2026-06-18 16:29:29.396 10 INFO neutron.plugins.ml2.plugin [None req-80484ea4-37af-413e-92b6-1c989940594e - - - - - -] Attempt 1 to provision port dece9414-ed21-49ec-8e94-db4bea0a7740
2026-06-18 16:29:29.397 10 INFO neutron.db.ovn_revision_numbers_db [None req-850b6d87-da0d-44e9-8534-8e3ce66a7ea9 - - - - - -] Successfully bumped revision number for resource b4209113-a800-46f7-ae26-0568a2d10fb9 (type: ports) to 2
2026-06-18 16:29:29.438 9 INFO neutron.wsgi [None req-d63eae94-50ad-4748-a31f-e8ee9b900bf4 499d47d486bc47fe920eb49e00c35ec3 d2ad30a56bf9402fbf629e5148609736 - - default default] 10.0.0.138 "GET /v2.0/networks/a70e5087-15a9-4935-9b24-2efb1d1137af/tags HTTP/1.1" status: 200 len: 223 time: 0.0499060
2026-06-18 16:29:29.485 9 INFO neutron.wsgi [req-77941213-f620-4693-b6cc-866f19a99cf4 req-3552ba39-6b25-4938-8b9d-5fb06863edf8 904dfcd0042142e5896a667eef09f1ad 1b0811b8348d4d22b803316b5a75872a - - 4df68552b8fc48988c746818700f8910 4df68552b8fc48988c746818700f8910] 199.19.213.203 "GET /v2.0/networks/58dfc627-3f4f-4c16-8e7b-437a6b239ada?fields=segments HTTP/1.1" status: 200 len: 212 time: 0.1047373
2026-06-18 16:29:29.488 9 INFO neutron.api.v2.resource [None req-237f4f7c-ba01-4780-be7b-5e0ea8a6b76c 499d47d486bc47fe920eb49e00c35ec3 d2ad30a56bf9402fbf629e5148609736 - - - -] delete failed (client error): The resource could not be found.
2026-06-18 16:29:29.489 9 INFO neutron.wsgi [None req-237f4f7c-ba01-4780-be7b-5e0ea8a6b76c 499d47d486bc47fe920eb49e00c35ec3 d2ad30a56bf9402fbf629e5148609736 - - - -] 10.0.0.138 "DELETE /v2.0/networks/a70e5087-15a9-4935-9b24-2efb1d1137af/tags/green HTTP/1.1" status: 404 len: 299 time: 0.0437653
2026-06-18 16:29:29.544 9 INFO neutron.wsgi [req-77941213-f620-4693-b6cc-866f19a99cf4 req-92a93a44-3379-4efb-80d8-dac0c2b336b4 904dfcd0042142e5896a667eef09f1ad 1b0811b8348d4d22b803316b5a75872a - - 4df68552b8fc48988c746818700f8910 4df68552b8fc48988c746818700f8910] 199.19.213.203 "GET /v2.0/networks/58dfc627-3f4f-4c16-8e7b-437a6b239ada?fields=provider%3Aphysical_network&fields=provider%3Anetwork_type HTTP/1.1" status: 200 len: 277 time: 0.0516031
2026-06-18 16:29:29.621 10 INFO neutron.wsgi [None req-56d7e91c-3bf4-4bf0-9364-3092aa36a8f6 499d47d486bc47fe920eb49e00c35ec3 d2ad30a56bf9402fbf629e5148609736 - - - -] 10.0.0.138 "DELETE /v2.0/networks/a70e5087-15a9-4935-9b24-2efb1d1137af/tags HTTP/1.1" status: 204 len: 168 time: 0.1248820
2026-06-18 16:29:29.675 9 INFO neutron.wsgi [None req-7eb404d6-c8af-4505-aa15-e3019f0cb66c 499d47d486bc47fe920eb49e00c35ec3 d2ad30a56bf9402fbf629e5148609736 - - default default] 10.0.0.138 "GET /v2.0/networks/a70e5087-15a9-4935-9b24-2efb1d1137af/tags HTTP/1.1" status: 200 len: 205 time: 0.0490820
2026-06-18 16:29:29.741 9 INFO neutron.wsgi [-] 10.0.0.135 "GET / HTTP/1.1" status: 200 len: 247 time: 0.0012372
2026-06-18 16:29:29.743 9 INFO neutron.wsgi [-] 10.0.0.135 "GET / HTTP/1.1" status: 200 len: 247 time: 0.0015693
2026-06-18 16:29:29.881 10 INFO neutron.db.ovn_revision_numbers_db [None req-850b6d87-da0d-44e9-8534-8e3ce66a7ea9 - - - - - -] Successfully bumped revision number for resource b4209113-a800-46f7-ae26-0568a2d10fb9 (type: ports) to 4
2026-06-18 16:29:29.956 10 INFO neutron.db.ovn_revision_numbers_db [None req-80484ea4-37af-413e-92b6-1c989940594e - - - - - -] Successfully bumped revision number for resource dece9414-ed21-49ec-8e94-db4bea0a7740 (type: ports) to 3
2026-06-18 16:29:30.113 9 INFO neutron.services.segments.plugin [-] Segment b38a6819-5745-4dff-836a-1b3bc4b379f3 resource provider aggregate not found
2026-06-18 16:29:30.120 9 INFO neutron.services.segments.plugin [-] Segment b38a6819-5745-4dff-836a-1b3bc4b379f3 resource provider aggregate not found
2026-06-18 16:29:30.155 9 INFO neutron.services.segments.plugin [-] Segment b38a6819-5745-4dff-836a-1b3bc4b379f3 resource provider not found; error: Placement Client Error (4xx): {"errors": [{"status": 404, "title": "Not Found", "detail": "The resource could not be found.\n\n No resource provider with uuid b38a6819-5745-4dff-836a-1b3bc4b379f3 found for delete ", "request_id": "req-f84491f1-f154-4a87-aa6f-ccfa17a110ac"}]}
2026-06-18 16:29:30.157 9 INFO neutron.services.segments.plugin [-] Segment b38a6819-5745-4dff-836a-1b3bc4b379f3 resource provider not found; error: Placement Client Error (4xx): {"errors": [{"status": 404, "title": "Not Found", "detail": "The resource could not be found.\n\n No resource provider with uuid b38a6819-5745-4dff-836a-1b3bc4b379f3 found for delete ", "request_id": "req-6c5ebef1-ebe5-46db-a49b-98281608d0f5"}]}
2026-06-18 16:29:30.166 10 INFO neutron.db.ovn_revision_numbers_db [None req-80484ea4-37af-413e-92b6-1c989940594e - - - - - -] Successfully bumped revision number for resource dece9414-ed21-49ec-8e94-db4bea0a7740 (type: router_ports) to 3
2026-06-18 16:29:30.178 9 INFO neutron.wsgi [None req-14d3c035-8ce7-41b7-bcc6-cabd6bd20256 499d47d486bc47fe920eb49e00c35ec3 d2ad30a56bf9402fbf629e5148609736 - - - -] 10.0.0.138 "DELETE /v2.0/networks/a70e5087-15a9-4935-9b24-2efb1d1137af HTTP/1.1" status: 204 len: 168 time: 0.4975846
2026-06-18 16:29:30.233 9 INFO neutron.db.ovn_revision_numbers_db [None req-66c86d04-1b9a-4707-9099-54b49ae9cf5e a6d831faa2444dddb7fdecf6d0e85a5a c2fdadef49f6414185deb2eeb53ef810 - - - -] Successfully bumped revision number for resource 3f6c0333-de9c-4a9a-98f0-6ea3b6eca9c5 (type: security_groups) to 1
2026-06-18 16:29:30.250 9 INFO neutron.wsgi [None req-66c86d04-1b9a-4707-9099-54b49ae9cf5e a6d831faa2444dddb7fdecf6d0e85a5a c2fdadef49f6414185deb2eeb53ef810 - - - -] 10.0.0.138 "POST /v2.0/security-groups HTTP/1.1" status: 201 len: 1809 time: 0.1778250
2026-06-18 16:29:30.309 10 INFO neutron.db.ovn_revision_numbers_db [None req-62016025-064e-4702-b508-877a499e8a9b b90f37e4429441d087f75dc371455b10 3c50b41b3e8f40f5a5b494a635847ac3 - - - -] Successfully bumped revision number for resource 7c171ce3-3c12-44c2-81de-4da543634c93 (type: ports) to 2
2026-06-18 16:29:30.335 10 INFO neutron.db.ovn_revision_numbers_db [None req-62016025-064e-4702-b508-877a499e8a9b b90f37e4429441d087f75dc371455b10 3c50b41b3e8f40f5a5b494a635847ac3 - - - -] Successfully bumped revision number for resource 98e49a59-8fca-4cff-a0f6-57ed6e621952 (type: subnets) to 0
2026-06-18 16:29:30.355 10 INFO neutron.wsgi [None req-62016025-064e-4702-b508-877a499e8a9b b90f37e4429441d087f75dc371455b10 3c50b41b3e8f40f5a5b494a635847ac3 - - - -] 10.0.0.138 "POST /v2.0/subnets HTTP/1.1" status: 201 len: 801 time: 1.9339402
2026-06-18 16:29:30.356 10 INFO neutron.db.ovn_revision_numbers_db [None req-850b6d87-da0d-44e9-8534-8e3ce66a7ea9 - - - - - -] Successfully bumped revision number for resource b4209113-a800-46f7-ae26-0568a2d10fb9 (type: router_ports) to 4
2026-06-18 16:29:30.388 9 INFO neutron.db.ovn_revision_numbers_db [None req-0f60655f-de10-4c5b-b00b-a1e01947da02 a6d831faa2444dddb7fdecf6d0e85a5a c2fdadef49f6414185deb2eeb53ef810 - - - -] Successfully bumped revision number for resource 00f6950c-39ba-4f31-8f65-be1ab640ca67 (type: security_group_rules) to 0
2026-06-18 16:29:30.441 9 INFO neutron.wsgi [None req-0f60655f-de10-4c5b-b00b-a1e01947da02 a6d831faa2444dddb7fdecf6d0e85a5a c2fdadef49f6414185deb2eeb53ef810 - - - -] 10.0.0.138 "POST /v2.0/security-group-rules HTTP/1.1" status: 201 len: 764 time: 0.1825900
2026-06-18 16:29:30.590 10 INFO neutron.db.ovn_revision_numbers_db [None req-428289b8-23c6-4d70-8fed-59fad16e776e a6d831faa2444dddb7fdecf6d0e85a5a c2fdadef49f6414185deb2eeb53ef810 - - - -] Successfully bumped revision number for resource 1a3aed90-e36a-42b4-bccd-4523f446c1c7 (type: security_group_rules) to 0
2026-06-18 16:29:30.597 9 INFO neutron.db.ovn_revision_numbers_db [None req-4411bdd6-176a-437c-9896-01ed281c3ceb b90f37e4429441d087f75dc371455b10 3c50b41b3e8f40f5a5b494a635847ac3 - - - -] Successfully bumped revision number for resource 2657b288-4849-4df9-9ef6-e4994d6d17d8 (type: routers) to 1
2026-06-18 16:29:30.613 9 INFO neutron.wsgi [None req-4411bdd6-176a-437c-9896-01ed281c3ceb b90f37e4429441d087f75dc371455b10 3c50b41b3e8f40f5a5b494a635847ac3 - - - -] 10.0.0.138 "POST /v2.0/routers HTTP/1.1" status: 201 len: 686 time: 0.2439954
2026-06-18 16:29:30.622 10 INFO neutron.wsgi [None req-428289b8-23c6-4d70-8fed-59fad16e776e a6d831faa2444dddb7fdecf6d0e85a5a c2fdadef49f6414185deb2eeb53ef810 - - - -] 10.0.0.138 "POST /v2.0/security-group-rules HTTP/1.1" status: 201 len: 763 time: 0.1764157
2026-06-18 16:29:30.764 10 INFO neutron.db.ovn_revision_numbers_db [None req-8bfd151e-17bc-4379-b4c3-90bf44406c5a a6d831faa2444dddb7fdecf6d0e85a5a c2fdadef49f6414185deb2eeb53ef810 - - - -] Successfully bumped revision number for resource 8cda45d7-aaa5-4d96-a95d-c7d0df17cdd8 (type: security_group_rules) to 0
2026-06-18 16:29:30.789 10 INFO neutron.wsgi [None req-8bfd151e-17bc-4379-b4c3-90bf44406c5a a6d831faa2444dddb7fdecf6d0e85a5a c2fdadef49f6414185deb2eeb53ef810 - - - -] 10.0.0.138 "POST /v2.0/security-group-rules HTTP/1.1" status: 201 len: 769 time: 0.1399746
2026-06-18 16:29:30.953 9 INFO neutron.db.ovn_revision_numbers_db [None req-b7aa92c4-ac28-4f3b-804c-903371a008e8 1a7579f1968d4b94adea2a3f5c5662f4 ac7784256f2b4d08b307a7517c1cbc8c - - - -] Successfully bumped revision number for resource 83e2fd66-66b9-4b15-ac2e-158712d45209 (type: security_groups) to 1
2026-06-18 16:29:30.980 10 INFO neutron.db.ovn_revision_numbers_db [None req-f28f31f3-321f-4477-a21f-4c7ae72379a0 a6d831faa2444dddb7fdecf6d0e85a5a c2fdadef49f6414185deb2eeb53ef810 - - - -] Successfully bumped revision number for resource 72f1c820-4409-4989-9032-59991e680c59 (type: security_group_rules) to 0
2026-06-18 16:29:31.007 10 INFO neutron.wsgi [None req-f28f31f3-321f-4477-a21f-4c7ae72379a0 a6d831faa2444dddb7fdecf6d0e85a5a c2fdadef49f6414185deb2eeb53ef810 - - - -] 10.0.0.138 "POST /v2.0/security-group-rules HTTP/1.1" status: 201 len: 768 time: 0.1876070
2026-06-18 16:29:31.019 9 INFO neutron.db.segments_db [None req-b7aa92c4-ac28-4f3b-804c-903371a008e8 1a7579f1968d4b94adea2a3f5c5662f4 ac7784256f2b4d08b307a7517c1cbc8c - - - -] Added segment 732ffb26-7f19-47ca-a0e5-9f01be899dbb of type geneve for network 8dbca10e-274a-45d1-a387-a339f054c058
2026-06-18 16:29:31.034 10 INFO neutron.db.securitygroups_db [None req-b2dcd985-045d-4f08-a947-8f3df384f1fd a6d831faa2444dddb7fdecf6d0e85a5a c2fdadef49f6414185deb2eeb53ef810 - - - -] Project c2fdadef49f6414185deb2eeb53ef810 added a security group rule with legacy IPv6 ICMP protocol name icmp, ipv6-icmp should be used instead. It was automatically converted.
2026-06-18 16:29:31.155 10 INFO neutron.db.ovn_revision_numbers_db [None req-b2dcd985-045d-4f08-a947-8f3df384f1fd a6d831faa2444dddb7fdecf6d0e85a5a c2fdadef49f6414185deb2eeb53ef810 - - - -] Successfully bumped revision number for resource eaaa7f0a-e6fa-44d7-8c9b-8e5e221592e9 (type: security_group_rules) to 0
2026-06-18 16:29:31.188 9 INFO neutron.db.ovn_revision_numbers_db [None req-b7aa92c4-ac28-4f3b-804c-903371a008e8 1a7579f1968d4b94adea2a3f5c5662f4 ac7784256f2b4d08b307a7517c1cbc8c - - - -] Successfully bumped revision number for resource 8dbca10e-274a-45d1-a387-a339f054c058 (type: networks) to 1
2026-06-18 16:29:31.188 10 INFO neutron.wsgi [None req-b2dcd985-045d-4f08-a947-8f3df384f1fd a6d831faa2444dddb7fdecf6d0e85a5a c2fdadef49f6414185deb2eeb53ef810 - - - -] 10.0.0.138 "POST /v2.0/security-group-rules HTTP/1.1" status: 201 len: 774 time: 0.1754243
2026-06-18 16:29:31.218 10 INFO neutron.db.securitygroups_db [None req-92fc2607-be36-4179-8cfe-df6f7707ab76 a6d831faa2444dddb7fdecf6d0e85a5a c2fdadef49f6414185deb2eeb53ef810 - - - -] Project c2fdadef49f6414185deb2eeb53ef810 added a security group rule with legacy IPv6 ICMP protocol name icmp, ipv6-icmp should be used instead. It was automatically converted.
2026-06-18 16:29:31.261 9 WARNING neutron.scheduler.dhcp_agent_scheduler [None req-f4eb8280-51db-46df-bd73-3d908ec77d68 b90f37e4429441d087f75dc371455b10 3c50b41b3e8f40f5a5b494a635847ac3 - - default default] No more DHCP agents
2026-06-18 16:29:31.278 9 WARNING neutron.api.rpc.agentnotifiers.dhcp_rpc_agent_api [None req-f4eb8280-51db-46df-bd73-3d908ec77d68 b90f37e4429441d087f75dc371455b10 3c50b41b3e8f40f5a5b494a635847ac3 - - default default] Unable to schedule network 16d89b6d-061a-45f9-8aa0-f30913e610f8: no agents available; will retry on subsequent port and subnet creation events.
2026-06-18 16:29:31.280 10 INFO neutron.db.ovn_revision_numbers_db [None req-154c9788-8874-488a-b704-52599dd9bc8d 1a7579f1968d4b94adea2a3f5c5662f4 ac7784256f2b4d08b307a7517c1cbc8c - - default default] Successfully bumped revision number for resource 43cb8f5f-cce1-4940-8d1e-36f8ed77ea1a (type: security_groups) to 1
2026-06-18 16:29:31.312 10 INFO neutron.wsgi [None req-154c9788-8874-488a-b704-52599dd9bc8d 1a7579f1968d4b94adea2a3f5c5662f4 ac7784256f2b4d08b307a7517c1cbc8c - - default default] 10.0.0.138 "GET /v2.0/security-groups?tenant_id=fe63995cc7f344ccb212edafd01e1c0f&name=default HTTP/1.1" status: 200 len: 2996 time: 0.4046724
2026-06-18 16:29:31.344 10 INFO neutron.db.ovn_revision_numbers_db [None req-92fc2607-be36-4179-8cfe-df6f7707ab76 a6d831faa2444dddb7fdecf6d0e85a5a c2fdadef49f6414185deb2eeb53ef810 - - - -] Successfully bumped revision number for resource 38532475-a353-4ea7-a87c-1efa65e396cf (type: security_group_rules) to 0
2026-06-18 16:29:31.369 10 INFO neutron.wsgi [None req-92fc2607-be36-4179-8cfe-df6f7707ab76 a6d831faa2444dddb7fdecf6d0e85a5a c2fdadef49f6414185deb2eeb53ef810 - - - -] 10.0.0.138 "POST /v2.0/security-group-rules HTTP/1.1" status: 201 len: 773 time: 0.1743455
2026-06-18 16:29:31.815 9 WARNING neutron.scheduler.dhcp_agent_scheduler [None req-b7aa92c4-ac28-4f3b-804c-903371a008e8 1a7579f1968d4b94adea2a3f5c5662f4 ac7784256f2b4d08b307a7517c1cbc8c - - - -] No more DHCP agents
2026-06-18 16:29:31.825 9 WARNING neutron.api.rpc.agentnotifiers.dhcp_rpc_agent_api [None req-b7aa92c4-ac28-4f3b-804c-903371a008e8 1a7579f1968d4b94adea2a3f5c5662f4 ac7784256f2b4d08b307a7517c1cbc8c - - - -] Unable to schedule network 8dbca10e-274a-45d1-a387-a339f054c058: no agents available; will retry on subsequent port and subnet creation events.
2026-06-18 16:29:31.842 10 INFO neutron.wsgi [None req-548bf563-2f08-4a73-aa07-284bfa98fe05 a6d831faa2444dddb7fdecf6d0e85a5a c2fdadef49f6414185deb2eeb53ef810 - - default default] 10.0.0.138 "GET /v2.0/networks HTTP/1.1" status: 200 len: 1493 time: 0.1230888
2026-06-18 16:29:31.862 9 INFO neutron.db.ovn_revision_numbers_db [None req-f4eb8280-51db-46df-bd73-3d908ec77d68 b90f37e4429441d087f75dc371455b10 3c50b41b3e8f40f5a5b494a635847ac3 - - default default] Successfully bumped revision number for resource 815c2a05-7184-4b2a-9932-eaacced42a50 (type: ports) to 1
2026-06-18 16:29:32.001 9 INFO neutron.db.ovn_revision_numbers_db [None req-b7aa92c4-ac28-4f3b-804c-903371a008e8 1a7579f1968d4b94adea2a3f5c5662f4 ac7784256f2b4d08b307a7517c1cbc8c - - - -] Successfully bumped revision number for resource cada3322-119c-4c8f-a2b7-e7f910675104 (type: ports) to 1
