2026-06-18 16:29:42.340 9 INFO neutron.wsgi [req-0bb15153-465c-45ff-bcb7-c7eb2c5278d9 req-acf11b11-dcda-40d0-9b76-1dcb677489a8 a6d831faa2444dddb7fdecf6d0e85a5a c2fdadef49f6414185deb2eeb53ef810 - - default default] 10.0.0.28 "GET /v2.0/ports?device_id=29a8791e-0706-4e05-99f5-65e68ced87b4 HTTP/1.1" status: 200 len: 1170 time: 0.0469313
2026-06-18 16:29:42.407 9 INFO neutron.wsgi [req-0bb15153-465c-45ff-bcb7-c7eb2c5278d9 req-cd464b54-7c71-4ea1-82e7-b87f14ea9560 a6d831faa2444dddb7fdecf6d0e85a5a c2fdadef49f6414185deb2eeb53ef810 - - default default] 10.0.0.28 "GET /v2.0/security-groups?id=3f6c0333-de9c-4a9a-98f0-6ea3b6eca9c5&fields=id&fields=name HTTP/1.1" status: 200 len: 312 time: 0.0518415
2026-06-18 16:29:42.447 9 INFO neutron.db.segments_db [None req-1deb2097-c531-41f4-8a0a-6e5532cd80d9 b90f37e4429441d087f75dc371455b10 3c50b41b3e8f40f5a5b494a635847ac3 - - - -] Added segment 5d3c1bfe-227e-4a25-9b1f-628c52e091d6 of type geneve for network 3ee53086-4750-4d6b-81ba-6e936c63ffe3
2026-06-18 16:29:42.557 9 INFO neutron.wsgi [req-32fdf456-9226-4b85-85ef-6b60dee6d327 req-18087a6d-4ee1-4933-9b83-0bddbca50b89 a6d831faa2444dddb7fdecf6d0e85a5a c2fdadef49f6414185deb2eeb53ef810 - - default default] 10.0.0.28 "GET /v2.0/ports?device_id=29a8791e-0706-4e05-99f5-65e68ced87b4 HTTP/1.1" status: 200 len: 1170 time: 0.0655782
2026-06-18 16:29:42.598 10 INFO neutron.db.ovn_revision_numbers_db [None req-6d8193f9-8fc3-4f15-a65b-821a9077fcb7 19db1e1045a841149057b5bc3155b0dd a48cf6d3c02444ed8e3d4fd7c1c0e829 - - - -] Successfully bumped revision number for resource 40e2abe2-d326-44a1-ab73-01c6fc7a692f (type: security_groups) to 1
2026-06-18 16:29:42.631 10 INFO neutron.wsgi [None req-6d8193f9-8fc3-4f15-a65b-821a9077fcb7 19db1e1045a841149057b5bc3155b0dd a48cf6d3c02444ed8e3d4fd7c1c0e829 - - - -] 10.0.0.138 "POST /v2.0/security-groups HTTP/1.1" status: 201 len: 1809 time: 0.1600962
2026-06-18 16:29:42.652 9 INFO neutron.db.ovn_revision_numbers_db [None req-1deb2097-c531-41f4-8a0a-6e5532cd80d9 b90f37e4429441d087f75dc371455b10 3c50b41b3e8f40f5a5b494a635847ac3 - - - -] Successfully bumped revision number for resource 3ee53086-4750-4d6b-81ba-6e936c63ffe3 (type: networks) to 1
2026-06-18 16:29:42.660 9 INFO neutron.wsgi [req-32fdf456-9226-4b85-85ef-6b60dee6d327 req-b60ff461-65bc-4e25-907f-075d575b6015 a6d831faa2444dddb7fdecf6d0e85a5a c2fdadef49f6414185deb2eeb53ef810 - - default default] 10.0.0.28 "GET /v2.0/security-groups?id=3f6c0333-de9c-4a9a-98f0-6ea3b6eca9c5&fields=id&fields=name HTTP/1.1" status: 200 len: 312 time: 0.0817342
2026-06-18 16:29:42.735 10 INFO neutron.wsgi [None req-e04878e8-0127-4b70-95b8-850ba11e685a a396774ecf8f4075ad85937e6eacdb44 d896cd30c41049ec84de6cb75a06bcba - - default default] 10.0.0.138 "GET /v2.0/ports?device_id=29a8791e-0706-4e05-99f5-65e68ced87b4 HTTP/1.1" status: 200 len: 1356 time: 0.0442221
2026-06-18 16:29:42.883 10 INFO neutron.db.ovn_revision_numbers_db [None req-85786466-3c55-479e-adfc-cb2d9eaed085 19db1e1045a841149057b5bc3155b0dd a48cf6d3c02444ed8e3d4fd7c1c0e829 - - - -] Successfully bumped revision number for resource e31b7785-6c63-4a15-8722-7947a515988a (type: security_group_rules) to 0
2026-06-18 16:29:42.974 10 INFO neutron.wsgi [None req-85786466-3c55-479e-adfc-cb2d9eaed085 19db1e1045a841149057b5bc3155b0dd a48cf6d3c02444ed8e3d4fd7c1c0e829 - - - -] 10.0.0.138 "POST /v2.0/security-group-rules HTTP/1.1" status: 201 len: 764 time: 0.3374143
2026-06-18 16:29:42.981 9 WARNING neutron.scheduler.dhcp_agent_scheduler [None req-1deb2097-c531-41f4-8a0a-6e5532cd80d9 b90f37e4429441d087f75dc371455b10 3c50b41b3e8f40f5a5b494a635847ac3 - - - -] No more DHCP agents
2026-06-18 16:29:42.994 9 WARNING neutron.api.rpc.agentnotifiers.dhcp_rpc_agent_api [None req-1deb2097-c531-41f4-8a0a-6e5532cd80d9 b90f37e4429441d087f75dc371455b10 3c50b41b3e8f40f5a5b494a635847ac3 - - - -] Unable to schedule network 3ee53086-4750-4d6b-81ba-6e936c63ffe3: no agents available; will retry on subsequent port and subnet creation events.
2026-06-18 16:29:43.065 10 INFO neutron.db.l3_db [None req-d198779d-3d35-4a15-a1dc-0a1df3ab6389 a6d831faa2444dddb7fdecf6d0e85a5a c2fdadef49f6414185deb2eeb53ef810 - - - -] Floating IP 76e4ab99-27e3-4ac9-8807-9ba5aabf8496 associated. External IP: 10.96.250.205, port: 4a8529db-9c2b-4fa1-976f-ade8e607030e.
2026-06-18 16:29:43.094 9 INFO neutron.db.ovn_revision_numbers_db [None req-1deb2097-c531-41f4-8a0a-6e5532cd80d9 b90f37e4429441d087f75dc371455b10 3c50b41b3e8f40f5a5b494a635847ac3 - - - -] Successfully bumped revision number for resource 561f454d-ca25-4c81-afe1-6482cd6109ba (type: ports) to 1
2026-06-18 16:29:43.144 9 INFO neutron.wsgi [None req-1deb2097-c531-41f4-8a0a-6e5532cd80d9 b90f37e4429441d087f75dc371455b10 3c50b41b3e8f40f5a5b494a635847ac3 - - - -] 10.0.0.138 "POST /v2.0/networks HTTP/1.1" status: 201 len: 829 time: 0.7980926
2026-06-18 16:29:43.231 9 INFO neutron.db.ovn_revision_numbers_db [None req-9a766dff-7869-4c85-bdda-2d4bc24490a8 19db1e1045a841149057b5bc3155b0dd a48cf6d3c02444ed8e3d4fd7c1c0e829 - - - -] Successfully bumped revision number for resource 5dbf4d20-9c90-48d5-ab22-71fb261d3a20 (type: security_group_rules) to 0
2026-06-18 16:29:43.236 10 INFO neutron.notifiers.nova [-] Nova event matching ['req-1ac42788-32dc-4d54-b23b-5aa12ae93058'] response: {'server_uuid': '29a8791e-0706-4e05-99f5-65e68ced87b4', 'name': 'network-vif-plugged', 'status': 'completed', 'tag': '4a8529db-9c2b-4fa1-976f-ade8e607030e', 'code': 200}
2026-06-18 16:29:43.290 9 INFO neutron.wsgi [None req-9a766dff-7869-4c85-bdda-2d4bc24490a8 19db1e1045a841149057b5bc3155b0dd a48cf6d3c02444ed8e3d4fd7c1c0e829 - - - -] 10.0.0.138 "POST /v2.0/security-group-rules HTTP/1.1" status: 201 len: 763 time: 0.3063335
2026-06-18 16:29:43.378 10 INFO neutron.db.ovn_revision_numbers_db [None req-d198779d-3d35-4a15-a1dc-0a1df3ab6389 a6d831faa2444dddb7fdecf6d0e85a5a c2fdadef49f6414185deb2eeb53ef810 - - - -] Successfully bumped revision number for resource 76e4ab99-27e3-4ac9-8807-9ba5aabf8496 (type: floatingips) to 4
2026-06-18 16:29:43.495 10 INFO neutron.db.ovn_revision_numbers_db [None req-d198779d-3d35-4a15-a1dc-0a1df3ab6389 a6d831faa2444dddb7fdecf6d0e85a5a c2fdadef49f6414185deb2eeb53ef810 - - - -] Successfully bumped revision number for resource 76e4ab99-27e3-4ac9-8807-9ba5aabf8496 (type: floatingips) to 5
2026-06-18 16:29:43.513 9 WARNING neutron.scheduler.dhcp_agent_scheduler [None req-9f2c1383-2b78-4782-88d0-1d66f6b01059 b90f37e4429441d087f75dc371455b10 3c50b41b3e8f40f5a5b494a635847ac3 - - - -] No more DHCP agents
2026-06-18 16:29:43.516 9 WARNING neutron.api.rpc.agentnotifiers.dhcp_rpc_agent_api [None req-9f2c1383-2b78-4782-88d0-1d66f6b01059 b90f37e4429441d087f75dc371455b10 3c50b41b3e8f40f5a5b494a635847ac3 - - - -] Unable to schedule network 3ee53086-4750-4d6b-81ba-6e936c63ffe3: no agents available; will retry on subsequent port and subnet creation events.
2026-06-18 16:29:43.539 10 INFO neutron.wsgi [None req-d198779d-3d35-4a15-a1dc-0a1df3ab6389 a6d831faa2444dddb7fdecf6d0e85a5a c2fdadef49f6414185deb2eeb53ef810 - - - -] 10.0.0.138 "PUT /v2.0/floatingips/76e4ab99-27e3-4ac9-8807-9ba5aabf8496 HTTP/1.1" status: 200 len: 1049 time: 0.7986846 /var/lib/openstack/lib/python3.10/site-packages/pycadf/identifier.py:71: UserWarning: Invalid uuid: neutron. To ensure interoperability, identifiers should be a valid uuid. warnings.warn(('Invalid uuid: %s. To ensure interoperability, '
2026-06-18 16:29:43.559 9 WARNING neutron.plugins.ml2.drivers.ovn.mech_driver.ovsdb.ovn_client [None req-ae9029ba-6d85-4ed1-a594-03b511ad510c - - - - - -] No port found with ID 6ed5ae40-603d-428e-bb3a-9a6303d0ac34: RuntimeError: No port found with ID 6ed5ae40-603d-428e-bb3a-9a6303d0ac34
2026-06-18 16:29:43.560 9 INFO neutron.plugins.ml2.drivers.ovn.mech_driver.mech_driver [None req-ae9029ba-6d85-4ed1-a594-03b511ad510c - - - - - -] OVN reports status up for port: 815f430a-07ef-4aa8-878c-7c032d07152e
2026-06-18 16:29:43.570 10 INFO neutron.db.ovn_revision_numbers_db [None req-d62f4b24-71bb-4c18-8cd7-db8fbd0bdb8f 19db1e1045a841149057b5bc3155b0dd a48cf6d3c02444ed8e3d4fd7c1c0e829 - - - -] Successfully bumped revision number for resource 204f350c-92e2-4ea6-b3e9-2e4abf0f8a37 (type: security_group_rules) to 0
2026-06-18 16:29:43.585 9 INFO neutron.plugins.ml2.plugin [None req-ae9029ba-6d85-4ed1-a594-03b511ad510c - - - - - -] Attempt 1 to provision port 815f430a-07ef-4aa8-878c-7c032d07152e
2026-06-18 16:29:43.602 10 INFO neutron.wsgi [None req-dafd6810-1655-47fb-96d8-da34708b1d3f a6d831faa2444dddb7fdecf6d0e85a5a c2fdadef49f6414185deb2eeb53ef810 - - default default] 10.0.0.138 "GET /v2.0/floatingips/76e4ab99-27e3-4ac9-8807-9ba5aabf8496 HTTP/1.1" status: 200 len: 1051 time: 0.0567837
2026-06-18 16:29:43.608 10 INFO neutron.wsgi [None req-d62f4b24-71bb-4c18-8cd7-db8fbd0bdb8f 19db1e1045a841149057b5bc3155b0dd a48cf6d3c02444ed8e3d4fd7c1c0e829 - - - -] 10.0.0.138 "POST /v2.0/security-group-rules HTTP/1.1" status: 201 len: 769 time: 0.3108599
2026-06-18 16:29:43.918 10 INFO neutron.db.ovn_revision_numbers_db [None req-fa7b899b-78af-4135-893b-514bc66683c5 886ce54202ee4dfebf3ccc505191a0a6 d5b48cc6dd994b70989e8b125ff08729 - - - -] Successfully bumped revision number for resource f6cd83a1-1dc2-4092-ac19-39b26324b459 (type: security_groups) to 1
2026-06-18 16:29:43.960 9 INFO neutron.db.ovn_revision_numbers_db [None req-7176a934-7087-463c-80d8-d6ad79756ff4 19db1e1045a841149057b5bc3155b0dd a48cf6d3c02444ed8e3d4fd7c1c0e829 - - - -] Successfully bumped revision number for resource d6c83d5d-4f47-48a5-84e4-cd1e31fb7701 (type: security_group_rules) to 0
2026-06-18 16:29:43.994 10 INFO neutron.db.segments_db [None req-fa7b899b-78af-4135-893b-514bc66683c5 886ce54202ee4dfebf3ccc505191a0a6 d5b48cc6dd994b70989e8b125ff08729 - - - -] Added segment 2af0b8d6-37db-4a4e-a886-1ab7959f9fbf of type geneve for network 72c4b627-0ed2-4a0b-a0ac-74a036c18b22
2026-06-18 16:29:44.035 9 INFO neutron.wsgi [None req-7176a934-7087-463c-80d8-d6ad79756ff4 19db1e1045a841149057b5bc3155b0dd a48cf6d3c02444ed8e3d4fd7c1c0e829 - - - -] 10.0.0.138 "POST /v2.0/security-group-rules HTTP/1.1" status: 201 len: 768 time: 0.4186559
2026-06-18 16:29:44.093 10 INFO neutron.db.securitygroups_db [None req-8dbe35b5-0b2b-4c12-89e7-0563e2877514 19db1e1045a841149057b5bc3155b0dd a48cf6d3c02444ed8e3d4fd7c1c0e829 - - - -] Project a48cf6d3c02444ed8e3d4fd7c1c0e829 added a security group rule with legacy IPv6 ICMP protocol name icmp, ipv6-icmp should be used instead. It was automatically converted.
2026-06-18 16:29:44.128 9 INFO neutron.db.ovn_revision_numbers_db [None req-ae9029ba-6d85-4ed1-a594-03b511ad510c - - - - - -] Successfully bumped revision number for resource 815f430a-07ef-4aa8-878c-7c032d07152e (type: ports) to 3
2026-06-18 16:29:44.196 10 INFO neutron.db.ovn_revision_numbers_db [None req-fa7b899b-78af-4135-893b-514bc66683c5 886ce54202ee4dfebf3ccc505191a0a6 d5b48cc6dd994b70989e8b125ff08729 - - - -] Successfully bumped revision number for resource 72c4b627-0ed2-4a0b-a0ac-74a036c18b22 (type: networks) to 1
2026-06-18 16:29:44.321 10 INFO neutron.db.ovn_revision_numbers_db [None req-8dbe35b5-0b2b-4c12-89e7-0563e2877514 19db1e1045a841149057b5bc3155b0dd a48cf6d3c02444ed8e3d4fd7c1c0e829 - - - -] Successfully bumped revision number for resource 578435a4-4b4b-43a0-872c-454d7dea2b2b (type: security_group_rules) to 0
2026-06-18 16:29:44.334 9 INFO neutron.db.ovn_revision_numbers_db [None req-ae9029ba-6d85-4ed1-a594-03b511ad510c - - - - - -] Successfully bumped revision number for resource 815f430a-07ef-4aa8-878c-7c032d07152e (type: router_ports) to 3
2026-06-18 16:29:44.406 10 INFO neutron.wsgi [None req-8dbe35b5-0b2b-4c12-89e7-0563e2877514 19db1e1045a841149057b5bc3155b0dd a48cf6d3c02444ed8e3d4fd7c1c0e829 - - - -] 10.0.0.138 "POST /v2.0/security-group-rules HTTP/1.1" status: 201 len: 774 time: 0.3657827
2026-06-18 16:29:44.416 9 INFO neutron.db.ovn_revision_numbers_db [None req-9f2c1383-2b78-4782-88d0-1d66f6b01059 b90f37e4429441d087f75dc371455b10 3c50b41b3e8f40f5a5b494a635847ac3 - - - -] Successfully bumped revision number for resource 561f454d-ca25-4c81-afe1-6482cd6109ba (type: ports) to 2
2026-06-18 16:29:44.449 9 INFO neutron.db.ovn_revision_numbers_db [None req-9f2c1383-2b78-4782-88d0-1d66f6b01059 b90f37e4429441d087f75dc371455b10 3c50b41b3e8f40f5a5b494a635847ac3 - - - -] Successfully bumped revision number for resource 9e0f11db-a6fe-478b-aa00-d87108be76d5 (type: subnets) to 0
2026-06-18 16:29:44.464 10 INFO neutron.db.securitygroups_db [None req-10f27680-8be5-4e59-8ded-26da78bf5aaf 19db1e1045a841149057b5bc3155b0dd a48cf6d3c02444ed8e3d4fd7c1c0e829 - - - -] Project a48cf6d3c02444ed8e3d4fd7c1c0e829 added a security group rule with legacy IPv6 ICMP protocol name icmp, ipv6-icmp should be used instead. It was automatically converted.
2026-06-18 16:29:44.468 9 INFO neutron.wsgi [None req-9f2c1383-2b78-4782-88d0-1d66f6b01059 b90f37e4429441d087f75dc371455b10 3c50b41b3e8f40f5a5b494a635847ac3 - - - -] 10.0.0.138 "POST /v2.0/subnets HTTP/1.1" status: 201 len: 801 time: 1.3151026
2026-06-18 16:29:44.513 10 WARNING neutron.scheduler.dhcp_agent_scheduler [None req-fa7b899b-78af-4135-893b-514bc66683c5 886ce54202ee4dfebf3ccc505191a0a6 d5b48cc6dd994b70989e8b125ff08729 - - - -] No more DHCP agents
2026-06-18 16:29:44.515 10 WARNING neutron.api.rpc.agentnotifiers.dhcp_rpc_agent_api [None req-fa7b899b-78af-4135-893b-514bc66683c5 886ce54202ee4dfebf3ccc505191a0a6 d5b48cc6dd994b70989e8b125ff08729 - - - -] Unable to schedule network 72c4b627-0ed2-4a0b-a0ac-74a036c18b22: no agents available; will retry on subsequent port and subnet creation events.
2026-06-18 16:29:44.599 10 INFO neutron.db.ovn_revision_numbers_db [None req-fa7b899b-78af-4135-893b-514bc66683c5 886ce54202ee4dfebf3ccc505191a0a6 d5b48cc6dd994b70989e8b125ff08729 - - - -] Successfully bumped revision number for resource 61230102-9772-45e8-b80a-e76666337deb (type: ports) to 1
2026-06-18 16:29:44.614 10 INFO neutron.db.ovn_revision_numbers_db [None req-10f27680-8be5-4e59-8ded-26da78bf5aaf 19db1e1045a841149057b5bc3155b0dd a48cf6d3c02444ed8e3d4fd7c1c0e829 - - - -] Successfully bumped revision number for resource 8501181b-45be-490f-bb2a-91f74f6e6401 (type: security_group_rules) to 0
2026-06-18 16:29:44.625 10 INFO neutron.wsgi [None req-fa7b899b-78af-4135-893b-514bc66683c5 886ce54202ee4dfebf3ccc505191a0a6 d5b48cc6dd994b70989e8b125ff08729 - - - -] 10.0.0.138 "POST /v2.0/networks HTTP/1.1" status: 201 len: 831 time: 1.1059220
2026-06-18 16:29:44.648 10 INFO neutron.wsgi [None req-10f27680-8be5-4e59-8ded-26da78bf5aaf 19db1e1045a841149057b5bc3155b0dd a48cf6d3c02444ed8e3d4fd7c1c0e829 - - - -] 10.0.0.138 "POST /v2.0/security-group-rules HTTP/1.1" status: 201 len: 773 time: 0.2354012
2026-06-18 16:29:44.660 9 INFO neutron.db.ovn_revision_numbers_db [None req-8fcae888-01e4-44a2-8f70-25cd44ffb32a b90f37e4429441d087f75dc371455b10 3c50b41b3e8f40f5a5b494a635847ac3 - - - -] Successfully bumped revision number for resource 3b584804-4ea7-4cfb-9445-bb230ebe758b (type: routers) to 1
2026-06-18 16:29:44.676 9 INFO neutron.wsgi [None req-8fcae888-01e4-44a2-8f70-25cd44ffb32a b90f37e4429441d087f75dc371455b10 3c50b41b3e8f40f5a5b494a635847ac3 - - - -] 10.0.0.138 "POST /v2.0/routers HTTP/1.1" status: 201 len: 686 time: 0.2023780
2026-06-18 16:29:44.742 9 INFO neutron.wsgi [-] 10.0.0.135 "GET / HTTP/1.1" status: 200 len: 247 time: 0.0019388
2026-06-18 16:29:44.744 9 INFO neutron.wsgi [-] 10.0.0.135 "GET / HTTP/1.1" status: 200 len: 247 time: 0.0013120
2026-06-18 16:29:44.921 10 WARNING neutron.scheduler.dhcp_agent_scheduler [None req-d9d8d835-9a01-421c-8b60-1d39b40fe82c 886ce54202ee4dfebf3ccc505191a0a6 d5b48cc6dd994b70989e8b125ff08729 - - - -] No more DHCP agents
2026-06-18 16:29:44.924 10 WARNING neutron.api.rpc.agentnotifiers.dhcp_rpc_agent_api [None req-d9d8d835-9a01-421c-8b60-1d39b40fe82c 886ce54202ee4dfebf3ccc505191a0a6 d5b48cc6dd994b70989e8b125ff08729 - - - -] Unable to schedule network 72c4b627-0ed2-4a0b-a0ac-74a036c18b22: no agents available; will retry on subsequent port and subnet creation events.
2026-06-18 16:29:45.073 9 WARNING neutron.scheduler.dhcp_agent_scheduler [None req-fae8a96e-c7f9-423c-8279-7c663996b124 b90f37e4429441d087f75dc371455b10 3c50b41b3e8f40f5a5b494a635847ac3 - - - -] No more DHCP agents
2026-06-18 16:29:45.077 9 WARNING neutron.api.rpc.agentnotifiers.dhcp_rpc_agent_api [None req-fae8a96e-c7f9-423c-8279-7c663996b124 b90f37e4429441d087f75dc371455b10 3c50b41b3e8f40f5a5b494a635847ac3 - - - -] Unable to schedule network 3ee53086-4750-4d6b-81ba-6e936c63ffe3: no agents available; will retry on subsequent port and subnet creation events. /var/lib/openstack/lib/python3.10/site-packages/pycadf/identifier.py:71: UserWarning: Invalid uuid: neutron. To ensure interoperability, identifiers should be a valid uuid. warnings.warn(('Invalid uuid: %s. To ensure interoperability, '
2026-06-18 16:29:45.255 9 INFO neutron.db.ovn_revision_numbers_db [None req-a390a7ef-172f-4f0b-be30-c6ec2cdbc041 19db1e1045a841149057b5bc3155b0dd a48cf6d3c02444ed8e3d4fd7c1c0e829 - - - -] Successfully bumped revision number for resource 24e4c2d5-5882-4e01-ac01-840d9369758b (type: security_groups) to 1
2026-06-18 16:29:45.286 10 INFO neutron.notifiers.nova [-] Nova event matching ['req-0564da54-d477-4d0a-8598-5e714bdcad0f'] response: {'name': 'network-changed', 'server_uuid': '29a8791e-0706-4e05-99f5-65e68ced87b4', 'tag': '4a8529db-9c2b-4fa1-976f-ade8e607030e', 'status': 'completed', 'code': 200}
2026-06-18 16:29:45.302 9 INFO neutron.wsgi [None req-a390a7ef-172f-4f0b-be30-c6ec2cdbc041 19db1e1045a841149057b5bc3155b0dd a48cf6d3c02444ed8e3d4fd7c1c0e829 - - - -] 10.0.0.138 "POST /v2.0/security-groups HTTP/1.1" status: 201 len: 1795 time: 0.2097342
2026-06-18 16:29:45.303 10 INFO neutron.db.ovn_revision_numbers_db [None req-d9d8d835-9a01-421c-8b60-1d39b40fe82c 886ce54202ee4dfebf3ccc505191a0a6 d5b48cc6dd994b70989e8b125ff08729 - - - -] Successfully bumped revision number for resource 70699e54-35fa-4c75-949c-37202a8c86e2 (type: ports) to 1 /var/lib/openstack/lib/python3.10/site-packages/pycadf/identifier.py:71: UserWarning: Invalid uuid: neutron. To ensure interoperability, identifiers should be a valid uuid. warnings.warn(('Invalid uuid: %s. To ensure interoperability, '
2026-06-18 16:29:45.317 9 INFO neutron.db.ovn_revision_numbers_db [None req-fae8a96e-c7f9-423c-8279-7c663996b124 b90f37e4429441d087f75dc371455b10 3c50b41b3e8f40f5a5b494a635847ac3 - - - -] Successfully bumped revision number for resource 52800c77-29e2-4ef2-9002-d911aede146c (type: ports) to 1
2026-06-18 16:29:45.345 9 INFO neutron.wsgi [req-47d5e5b0-7be1-48b2-937f-8bd6ceede20f req-96c346e8-412c-46a0-a891-95dcf5fe335b 904dfcd0042142e5896a667eef09f1ad 1b0811b8348d4d22b803316b5a75872a - - 4df68552b8fc48988c746818700f8910 4df68552b8fc48988c746818700f8910] 199.19.213.203 "GET /v2.0/ports?tenant_id=c2fdadef49f6414185deb2eeb53ef810&device_id=29a8791e-0706-4e05-99f5-65e68ced87b4 HTTP/1.1" status: 200 len: 1361 time: 0.0387366
2026-06-18 16:29:45.347 10 INFO neutron.wsgi [None req-d9d8d835-9a01-421c-8b60-1d39b40fe82c 886ce54202ee4dfebf3ccc505191a0a6 d5b48cc6dd994b70989e8b125ff08729 - - - -] 10.0.0.138 "POST /v2.0/ports HTTP/1.1" status: 201 len: 942 time: 0.7167339
2026-06-18 16:29:45.363 9 INFO neutron.wsgi [None req-fae8a96e-c7f9-423c-8279-7c663996b124 b90f37e4429441d087f75dc371455b10 3c50b41b3e8f40f5a5b494a635847ac3 - - - -] 10.0.0.138 "POST /v2.0/ports HTTP/1.1" status: 201 len: 1147 time: 0.6804383
2026-06-18 16:29:45.441 9 INFO neutron.wsgi [req-47d5e5b0-7be1-48b2-937f-8bd6ceede20f req-5c4ac60b-670b-4204-a4b0-35004e03ac75 904dfcd0042142e5896a667eef09f1ad 1b0811b8348d4d22b803316b5a75872a - - 4df68552b8fc48988c746818700f8910 4df68552b8fc48988c746818700f8910] 199.19.213.203 "GET /v2.0/networks?id=58dfc627-3f4f-4c16-8e7b-437a6b239ada HTTP/1.1" status: 200 len: 958 time: 0.0821044
2026-06-18 16:29:45.503 10 INFO neutron.db.ovn_revision_numbers_db [None req-34940d7a-2c02-4a0a-a10a-357481b1545b 19db1e1045a841149057b5bc3155b0dd a48cf6d3c02444ed8e3d4fd7c1c0e829 - - - -] Successfully bumped revision number for resource fe2b7c66-3ce5-4836-b78b-116d38abd311 (type: security_group_rules) to 0
2026-06-18 16:29:45.551 10 INFO neutron.wsgi [None req-34940d7a-2c02-4a0a-a10a-357481b1545b 19db1e1045a841149057b5bc3155b0dd a48cf6d3c02444ed8e3d4fd7c1c0e829 - - - -] 10.0.0.138 "POST /v2.0/security-group-rules HTTP/1.1" status: 201 len: 764 time: 0.2440495
2026-06-18 16:29:45.785 10 INFO neutron.db.ovn_revision_numbers_db [None req-4c599cea-cac8-472e-a808-769879a8d1d4 19db1e1045a841149057b5bc3155b0dd a48cf6d3c02444ed8e3d4fd7c1c0e829 - - - -] Successfully bumped revision number for resource 07085809-a793-42da-a09a-f0f2065373ed (type: security_group_rules) to 0
2026-06-18 16:29:45.835 10 INFO neutron.wsgi [None req-4c599cea-cac8-472e-a808-769879a8d1d4 19db1e1045a841149057b5bc3155b0dd a48cf6d3c02444ed8e3d4fd7c1c0e829 - - - -] 10.0.0.138 "POST /v2.0/security-group-rules HTTP/1.1" status: 201 len: 769 time: 0.2711215
2026-06-18 16:29:45.861 9 INFO neutron.wsgi [req-47d5e5b0-7be1-48b2-937f-8bd6ceede20f req-e64d7913-4215-4823-a6d0-1c02174c3b06 904dfcd0042142e5896a667eef09f1ad 1b0811b8348d4d22b803316b5a75872a - - 4df68552b8fc48988c746818700f8910 4df68552b8fc48988c746818700f8910] 199.19.213.203 "GET /v2.0/floatingips?fixed_ip_address=10.100.0.5&port_id=4a8529db-9c2b-4fa1-976f-ade8e607030e HTTP/1.1" status: 200 len: 1059 time: 0.4104414
2026-06-18 16:29:45.904 10 INFO neutron.db.ovn_revision_numbers_db [None req-822af2d3-1a98-45b3-aaf0-c9e95770fe75 b90f37e4429441d087f75dc371455b10 3c50b41b3e8f40f5a5b494a635847ac3 - - default default] Successfully bumped revision number for resource 52800c77-29e2-4ef2-9002-d911aede146c (type: router_ports) to 2
2026-06-18 16:29:45.965 9 INFO neutron.wsgi [req-47d5e5b0-7be1-48b2-937f-8bd6ceede20f req-fbfedc30-1f56-47f3-8b49-8ac0c25e69d4 904dfcd0042142e5896a667eef09f1ad 1b0811b8348d4d22b803316b5a75872a - - 4df68552b8fc48988c746818700f8910 4df68552b8fc48988c746818700f8910] 199.19.213.203 "GET /v2.0/subnets?id=a620a792-7444-4071-83dd-f92f0142c4be HTTP/1.1" status: 200 len: 852 time: 0.0845118
2026-06-18 16:29:46.029 9 INFO neutron.wsgi [req-47d5e5b0-7be1-48b2-937f-8bd6ceede20f req-845b1f61-a682-4c82-b663-e3d18c33eb30 904dfcd0042142e5896a667eef09f1ad 1b0811b8348d4d22b803316b5a75872a - - 4df68552b8fc48988c746818700f8910 4df68552b8fc48988c746818700f8910] 199.19.213.203 "GET /v2.0/ports?network_id=58dfc627-3f4f-4c16-8e7b-437a6b239ada&device_owner=network%3Adhcp HTTP/1.1" status: 200 len: 210 time: 0.0548658
2026-06-18 16:29:46.153 10 INFO neutron.db.ovn_revision_numbers_db [None req-822af2d3-1a98-45b3-aaf0-c9e95770fe75 b90f37e4429441d087f75dc371455b10 3c50b41b3e8f40f5a5b494a635847ac3 - - default default] Successfully bumped revision number for resource 52800c77-29e2-4ef2-9002-d911aede146c (type: ports) to 2
2026-06-18 16:29:46.161 9 INFO neutron.wsgi [req-47d5e5b0-7be1-48b2-937f-8bd6ceede20f req-697c49a6-c425-4eac-8e67-4afe14b69dd1 904dfcd0042142e5896a667eef09f1ad 1b0811b8348d4d22b803316b5a75872a - - 4df68552b8fc48988c746818700f8910 4df68552b8fc48988c746818700f8910] 199.19.213.203 "GET /v2.0/networks/58dfc627-3f4f-4c16-8e7b-437a6b239ada?fields=segments HTTP/1.1" status: 200 len: 212 time: 0.1243751
2026-06-18 16:29:46.176 9 INFO neutron.wsgi [None req-bd8d9f27-3b2b-4655-aebd-a14d7503a4c0 886ce54202ee4dfebf3ccc505191a0a6 d5b48cc6dd994b70989e8b125ff08729 - - - -] 10.0.0.138 "POST /v2.0/trunks HTTP/1.1" status: 201 len: 608 time: 0.8253012
2026-06-18 16:29:46.259 9 INFO neutron.wsgi [None req-3f147fcc-6bba-46cf-beb0-825880ac7dc3 886ce54202ee4dfebf3ccc505191a0a6 d5b48cc6dd994b70989e8b125ff08729 - - - -] 10.0.0.138 "PUT /v2.0/trunks/31f23354-6c7a-4314-aade-0e38b5ef59f9/tags HTTP/1.1" status: 200 len: 218 time: 0.0737417 /var/lib/openstack/lib/python3.10/site-packages/pycadf/identifier.py:71: UserWarning: Invalid uuid: neutron. To ensure interoperability, identifiers should be a valid uuid. warnings.warn(('Invalid uuid: %s. To ensure interoperability, '
2026-06-18 16:29:46.276 9 INFO neutron.wsgi [req-47d5e5b0-7be1-48b2-937f-8bd6ceede20f req-ecd5c56f-7b00-490b-9524-9a7c491b3dfc 904dfcd0042142e5896a667eef09f1ad 1b0811b8348d4d22b803316b5a75872a - - 4df68552b8fc48988c746818700f8910 4df68552b8fc48988c746818700f8910] 199.19.213.203 "GET /v2.0/networks/58dfc627-3f4f-4c16-8e7b-437a6b239ada?fields=provider%3Aphysical_network&fields=provider%3Anetwork_type HTTP/1.1" status: 200 len: 277 time: 0.1040342
2026-06-18 16:29:46.304 10 INFO neutron.wsgi [None req-251ce296-4ec0-44d7-b1aa-25bd972a87c0 886ce54202ee4dfebf3ccc505191a0a6 d5b48cc6dd994b70989e8b125ff08729 - - default default] 10.0.0.138 "GET /v2.0/trunks/31f23354-6c7a-4314-aade-0e38b5ef59f9/tags HTTP/1.1" status: 200 len: 218 time: 0.0372910
2026-06-18 16:29:46.350 9 INFO neutron.wsgi [None req-5fde300f-de08-4e88-9ae0-2d195d5d1092 886ce54202ee4dfebf3ccc505191a0a6 d5b48cc6dd994b70989e8b125ff08729 - - - -] 10.0.0.138 "PUT /v2.0/trunks/31f23354-6c7a-4314-aade-0e38b5ef59f9/tags/green HTTP/1.1" status: 201 len: 201 time: 0.0384271
2026-06-18 16:29:46.355 9 WARNING neutron.scheduler.dhcp_agent_scheduler [None req-0969a87e-4cbf-405b-8921-969c743786d7 19db1e1045a841149057b5bc3155b0dd a48cf6d3c02444ed8e3d4fd7c1c0e829 - - - -] No more DHCP agents
2026-06-18 16:29:46.363 9 WARNING neutron.api.rpc.agentnotifiers.dhcp_rpc_agent_api [None req-0969a87e-4cbf-405b-8921-969c743786d7 19db1e1045a841149057b5bc3155b0dd a48cf6d3c02444ed8e3d4fd7c1c0e829 - - - -] Unable to schedule network 76aa89d5-b2c9-4704-a82b-d82dba299687: no agents available; will retry on subsequent port and subnet creation events.
2026-06-18 16:29:46.381 9 INFO neutron.wsgi [None req-6204ba54-a82d-4012-bc42-fdca804e1c0d 886ce54202ee4dfebf3ccc505191a0a6 d5b48cc6dd994b70989e8b125ff08729 - - default default] 10.0.0.138 "GET /v2.0/trunks/31f23354-6c7a-4314-aade-0e38b5ef59f9/tags HTTP/1.1" status: 200 len: 227 time: 0.0235996
2026-06-18 16:29:46.420 9 INFO neutron.wsgi [None req-e647f5f7-9220-4de8-a6cf-db382eec3d4e 886ce54202ee4dfebf3ccc505191a0a6 d5b48cc6dd994b70989e8b125ff08729 - - - -] 10.0.0.138 "PUT /v2.0/trunks/31f23354-6c7a-4314-aade-0e38b5ef59f9/tags/red HTTP/1.1" status: 201 len: 201 time: 0.0310645
2026-06-18 16:29:46.440 9 INFO neutron.wsgi [None req-0adb0f33-c1a7-4554-ba29-f242feeb738b 886ce54202ee4dfebf3ccc505191a0a6 d5b48cc6dd994b70989e8b125ff08729 - - default default] 10.0.0.138 "GET /v2.0/trunks/31f23354-6c7a-4314-aade-0e38b5ef59f9/tags HTTP/1.1" status: 200 len: 227 time: 0.0147789
2026-06-18 16:29:46.483 9 INFO neutron.wsgi [None req-dcff50a1-26dd-43b5-b539-939929e158be 886ce54202ee4dfebf3ccc505191a0a6 d5b48cc6dd994b70989e8b125ff08729 - - - -] 10.0.0.138 "PUT /v2.0/trunks/31f23354-6c7a-4314-aade-0e38b5ef59f9/tags/black.or.white HTTP/1.1" status: 201 len: 201 time: 0.0363371
2026-06-18 16:29:46.516 9 INFO neutron.wsgi [None req-0d696a5f-9f96-498b-9d00-ddd9fa5fbd28 886ce54202ee4dfebf3ccc505191a0a6 d5b48cc6dd994b70989e8b125ff08729 - - default default] 10.0.0.138 "GET /v2.0/trunks/31f23354-6c7a-4314-aade-0e38b5ef59f9/tags HTTP/1.1" status: 200 len: 245 time: 0.0279548
2026-06-18 16:29:46.562 10 INFO neutron.wsgi [None req-fef082c0-3ba8-4660-83f4-9feda24e2ecf 886ce54202ee4dfebf3ccc505191a0a6 d5b48cc6dd994b70989e8b125ff08729 - - - -] 10.0.0.138 "PUT /v2.0/trunks/31f23354-6c7a-4314-aade-0e38b5ef59f9/tags HTTP/1.1" status: 200 len: 230 time: 0.0409403
2026-06-18 16:29:46.583 10 INFO neutron.wsgi [None req-2b19aeaf-b521-4df8-bbd0-a263dc9c4e31 886ce54202ee4dfebf3ccc505191a0a6 d5b48cc6dd994b70989e8b125ff08729 - - default default] 10.0.0.138 "GET /v2.0/trunks/31f23354-6c7a-4314-aade-0e38b5ef59f9/tags HTTP/1.1" status: 200 len: 230 time: 0.0163724
2026-06-18 16:29:46.611 9 INFO neutron.wsgi [None req-28079031-fcdf-4a42-974c-1bd3e7788635 886ce54202ee4dfebf3ccc505191a0a6 d5b48cc6dd994b70989e8b125ff08729 - - default default] 10.0.0.138 "GET /v2.0/trunks/31f23354-6c7a-4314-aade-0e38b5ef59f9/tags/red HTTP/1.1" status: 204 len: 168 time: 0.0213223
2026-06-18 16:29:46.638 9 INFO neutron.api.v2.resource [None req-15209698-b1b7-4db6-b4f8-ec4d8f23cfc2 886ce54202ee4dfebf3ccc505191a0a6 d5b48cc6dd994b70989e8b125ff08729 - - default default] show failed (client error): The resource could not be found.
2026-06-18 16:29:46.639 9 INFO neutron.wsgi [None req-15209698-b1b7-4db6-b4f8-ec4d8f23cfc2 886ce54202ee4dfebf3ccc505191a0a6 d5b48cc6dd994b70989e8b125ff08729 - - default default] 10.0.0.138 "GET /v2.0/trunks/31f23354-6c7a-4314-aade-0e38b5ef59f9/tags/green HTTP/1.1" status: 404 len: 299 time: 0.0227413
2026-06-18 16:29:46.675 10 INFO neutron.db.ovn_revision_numbers_db [None req-822af2d3-1a98-45b3-aaf0-c9e95770fe75 b90f37e4429441d087f75dc371455b10 3c50b41b3e8f40f5a5b494a635847ac3 - - default default] Successfully bumped revision number for resource 52800c77-29e2-4ef2-9002-d911aede146c (type: router_ports) to 3
2026-06-18 16:29:46.711 9 INFO neutron.wsgi [None req-36ab2f79-5d71-4a90-9d2c-d29c7c7f4c58 886ce54202ee4dfebf3ccc505191a0a6 d5b48cc6dd994b70989e8b125ff08729 - - - -] 10.0.0.138 "DELETE /v2.0/trunks/31f23354-6c7a-4314-aade-0e38b5ef59f9/tags/red HTTP/1.1" status: 204 len: 168 time: 0.0655508
2026-06-18 16:29:46.735 9 INFO neutron.wsgi [None req-292ce634-f4d7-4e88-ac22-e0e77f12e520 886ce54202ee4dfebf3ccc505191a0a6 d5b48cc6dd994b70989e8b125ff08729 - - default default] 10.0.0.138 "GET /v2.0/trunks/31f23354-6c7a-4314-aade-0e38b5ef59f9/tags HTTP/1.1" status: 200 len: 223 time: 0.0168407
2026-06-18 16:29:46.757 9 INFO neutron.db.ovn_revision_numbers_db [None req-0969a87e-4cbf-405b-8921-969c743786d7 19db1e1045a841149057b5bc3155b0dd a48cf6d3c02444ed8e3d4fd7c1c0e829 - - - -] Successfully bumped revision number for resource d3e9f627-2390-4eb1-ad29-50d9a0910692 (type: floatingips) to 0
2026-06-18 16:29:46.768 9 INFO neutron.api.v2.resource [None req-4e4aca80-dbfb-44fb-b9c7-a373362ba678 886ce54202ee4dfebf3ccc505191a0a6 d5b48cc6dd994b70989e8b125ff08729 - - - -] delete failed (client error): The resource could not be found.
2026-06-18 16:29:46.769 9 INFO neutron.wsgi [None req-4e4aca80-dbfb-44fb-b9c7-a373362ba678 886ce54202ee4dfebf3ccc505191a0a6 d5b48cc6dd994b70989e8b125ff08729 - - - -] 10.0.0.138 "DELETE /v2.0/trunks/31f23354-6c7a-4314-aade-0e38b5ef59f9/tags/green HTTP/1.1" status: 404 len: 299 time: 0.0286796
2026-06-18 16:29:46.773 9 INFO neutron.wsgi [None req-0969a87e-4cbf-405b-8921-969c743786d7 19db1e1045a841149057b5bc3155b0dd a48cf6d3c02444ed8e3d4fd7c1c0e829 - - - -] 10.0.0.138 "POST /v2.0/floatingips HTTP/1.1" status: 201 len: 751 time: 0.9302921
2026-06-18 16:29:46.811 9 INFO neutron.wsgi [None req-f48d2f26-1563-47bb-8961-e6e2215da203 886ce54202ee4dfebf3ccc505191a0a6 d5b48cc6dd994b70989e8b125ff08729 - - - -] 10.0.0.138 "DELETE /v2.0/trunks/31f23354-6c7a-4314-aade-0e38b5ef59f9/tags HTTP/1.1" status: 204 len: 168 time: 0.0346951
2026-06-18 16:29:46.844 9 INFO neutron.wsgi [None req-9ae3478e-c75d-4654-9bc3-80d87ad71044 886ce54202ee4dfebf3ccc505191a0a6 d5b48cc6dd994b70989e8b125ff08729 - - default default] 10.0.0.138 "GET /v2.0/trunks/31f23354-6c7a-4314-aade-0e38b5ef59f9/tags HTTP/1.1" status: 200 len: 205 time: 0.0281746
2026-06-18 16:29:46.849 10 INFO neutron.db.ovn_revision_numbers_db [None req-822af2d3-1a98-45b3-aaf0-c9e95770fe75 b90f37e4429441d087f75dc371455b10 3c50b41b3e8f40f5a5b494a635847ac3 - - default default] Successfully bumped revision number for resource 52800c77-29e2-4ef2-9002-d911aede146c (type: ports) to 3
2026-06-18 16:29:46.897 9 INFO neutron.wsgi [None req-1dc18d6a-5642-4884-a39b-b4b6d1b89b5a 886ce54202ee4dfebf3ccc505191a0a6 d5b48cc6dd994b70989e8b125ff08729 - - default default] 10.0.0.138 "GET /v2.0/trunks/31f23354-6c7a-4314-aade-0e38b5ef59f9 HTTP/1.1" status: 200 len: 603 time: 0.0399668
2026-06-18 16:29:46.941 9 INFO neutron.wsgi [req-315ffbe0-c454-4710-8371-9cb6d1563c5d req-467cc204-6120-4258-82b2-0308feb22f53 19db1e1045a841149057b5bc3155b0dd a48cf6d3c02444ed8e3d4fd7c1c0e829 - - default default] 10.0.0.28 "GET /v2.0/security-groups?name=tempest-securitygroup--19179908&fields=id&tenant_id=a48cf6d3c02444ed8e3d4fd7c1c0e829 HTTP/1.1" status: 200 len: 267 time: 0.0666022
2026-06-18 16:29:46.943 10 WARNING neutron.scheduler.dhcp_agent_scheduler [None req-822af2d3-1a98-45b3-aaf0-c9e95770fe75 b90f37e4429441d087f75dc371455b10 3c50b41b3e8f40f5a5b494a635847ac3 - - default default] No more DHCP agents
2026-06-18 16:29:46.944 10 WARNING neutron.api.rpc.agentnotifiers.dhcp_rpc_agent_api [None req-822af2d3-1a98-45b3-aaf0-c9e95770fe75 b90f37e4429441d087f75dc371455b10 3c50b41b3e8f40f5a5b494a635847ac3 - - default default] Unable to schedule network 3ee53086-4750-4d6b-81ba-6e936c63ffe3: no agents available; will retry on subsequent port and subnet creation events.
2026-06-18 16:29:47.031 9 INFO neutron.wsgi [req-315ffbe0-c454-4710-8371-9cb6d1563c5d req-ec757016-a3ce-4a7b-9b05-0626ce41f606 19db1e1045a841149057b5bc3155b0dd a48cf6d3c02444ed8e3d4fd7c1c0e829 - - default default] 10.0.0.28 "GET /v2.0/security-groups?name=tempest-secgroup-smoke-560434265&fields=id&tenant_id=a48cf6d3c02444ed8e3d4fd7c1c0e829 HTTP/1.1" status: 200 len: 267 time: 0.0831866
2026-06-18 16:29:47.068 9 INFO neutron.wsgi [None req-e4feb9e9-d988-4d41-90d4-d9b67b67aefb 886ce54202ee4dfebf3ccc505191a0a6 d5b48cc6dd994b70989e8b125ff08729 - - default default] 10.0.0.138 "GET /v2.0/ports/70699e54-35fa-4c75-949c-37202a8c86e2 HTTP/1.1" status: 200 len: 1020 time: 0.1638060
2026-06-18 16:29:47.139 10 INFO neutron.db.ovn_revision_numbers_db [None req-822af2d3-1a98-45b3-aaf0-c9e95770fe75 b90f37e4429441d087f75dc371455b10 3c50b41b3e8f40f5a5b494a635847ac3 - - - -] Successfully bumped revision number for resource 52800c77-29e2-4ef2-9002-d911aede146c (type: router_ports) to 3
2026-06-18 16:29:47.142 10 INFO neutron.wsgi [None req-822af2d3-1a98-45b3-aaf0-c9e95770fe75 b90f37e4429441d087f75dc371455b10 3c50b41b3e8f40f5a5b494a635847ac3 - - - -] 10.0.0.138 "PUT /v2.0/routers/3b584804-4ea7-4cfb-9445-bb230ebe758b/add_router_interface HTTP/1.1" status: 200 len: 503 time: 1.7717063 /var/lib/openstack/lib/python3.10/site-packages/pycadf/identifier.py:71: UserWarning: Invalid uuid: neutron. To ensure interoperability, identifiers should be a valid uuid. warnings.warn(('Invalid uuid: %s. To ensure interoperability, '
2026-06-18 16:29:47.164 9 INFO neutron.wsgi [req-315ffbe0-c454-4710-8371-9cb6d1563c5d req-996274a5-7f1a-4514-9734-dc1739f53a6e 19db1e1045a841149057b5bc3155b0dd a48cf6d3c02444ed8e3d4fd7c1c0e829 - - default default] 10.0.0.28 "GET /v2.0/networks?id=4e2d4156-1845-4b26-9c49-f9444728c48b HTTP/1.1" status: 200 len: 871 time: 0.1149933
2026-06-18 16:29:47.190 9 INFO neutron.wsgi [req-315ffbe0-c454-4710-8371-9cb6d1563c5d req-56eae59e-f646-4a34-a9c6-c43f49d95607 19db1e1045a841149057b5bc3155b0dd a48cf6d3c02444ed8e3d4fd7c1c0e829 - - default default] 10.0.0.28 "GET /v2.0/quotas/a48cf6d3c02444ed8e3d4fd7c1c0e829 HTTP/1.1" status: 200 len: 386 time: 0.0128095
2026-06-18 16:29:47.214 10 INFO neutron.wsgi [None req-65a80e40-0680-4fe5-83aa-f187eeb1b79f b90f37e4429441d087f75dc371455b10 3c50b41b3e8f40f5a5b494a635847ac3 - - default default] 10.0.0.138 "GET /v2.0/ports/52800c77-29e2-4ef2-9002-d911aede146c HTTP/1.1" status: 200 len: 1203 time: 0.0657740
2026-06-18 16:29:47.240 9 INFO neutron.wsgi [None req-780a8385-6b20-4364-a8e9-f2f7dcb32c36 886ce54202ee4dfebf3ccc505191a0a6 d5b48cc6dd994b70989e8b125ff08729 - - - -] 10.0.0.138 "DELETE /v2.0/trunks/31f23354-6c7a-4314-aade-0e38b5ef59f9 HTTP/1.1" status: 204 len: 168 time: 0.1647699
2026-06-18 16:29:47.350 9 INFO neutron.wsgi [req-315ffbe0-c454-4710-8371-9cb6d1563c5d req-53388bbd-238e-43fb-802e-2d76c001fae2 19db1e1045a841149057b5bc3155b0dd a48cf6d3c02444ed8e3d4fd7c1c0e829 - - default default] 10.0.0.28 "GET /v2.0/ports?tenant_id=a48cf6d3c02444ed8e3d4fd7c1c0e829&fields=id HTTP/1.1" status: 200 len: 302 time: 0.1419282
2026-06-18 16:29:47.465 9 INFO neutron.wsgi [req-315ffbe0-c454-4710-8371-9cb6d1563c5d req-398e39eb-5ad9-4f22-9727-6f025bbe084f 904dfcd0042142e5896a667eef09f1ad 1b0811b8348d4d22b803316b5a75872a - - 4df68552b8fc48988c746818700f8910 4df68552b8fc48988c746818700f8910] 10.0.0.28 "GET /v2.0/networks/4e2d4156-1845-4b26-9c49-f9444728c48b?fields=segments HTTP/1.1" status: 200 len: 212 time: 0.1020014
2026-06-18 16:29:47.567 9 INFO neutron.wsgi [req-315ffbe0-c454-4710-8371-9cb6d1563c5d req-17f8b843-56f4-496b-be30-e504a53d35c7 904dfcd0042142e5896a667eef09f1ad 1b0811b8348d4d22b803316b5a75872a - - 4df68552b8fc48988c746818700f8910 4df68552b8fc48988c746818700f8910] 10.0.0.28 "GET /v2.0/networks/4e2d4156-1845-4b26-9c49-f9444728c48b?fields=provider%3Aphysical_network&fields=provider%3Anetwork_type HTTP/1.1" status: 200 len: 277 time: 0.0918818
2026-06-18 16:29:47.626 9 INFO neutron.wsgi [None req-0a4e0dcf-c827-4f57-b386-c1d34c0b688d 886ce54202ee4dfebf3ccc505191a0a6 d5b48cc6dd994b70989e8b125ff08729 - - - -] 10.0.0.138 "DELETE /v2.0/ports/70699e54-35fa-4c75-949c-37202a8c86e2 HTTP/1.1" status: 204 len: 168 time: 0.3747280
2026-06-18 16:29:47.768 9 INFO neutron.wsgi [req-6987e349-7802-49c2-b99b-a5b9c8da5d1f req-85f05212-1f37-41a6-a189-bee6f1dc83b1 19db1e1045a841149057b5bc3155b0dd a48cf6d3c02444ed8e3d4fd7c1c0e829 - - default default] 10.0.0.28 "GET /v2.0/ports?device_id=f5046039-6b84-4238-8b64-925aac7a4aa1 HTTP/1.1" status: 200 len: 210 time: 0.0367179
2026-06-18 16:29:48.090 9 INFO neutron.services.segments.plugin [-] Segment 2af0b8d6-37db-4a4e-a886-1ab7959f9fbf resource provider aggregate not found
2026-06-18 16:29:48.097 9 INFO neutron.services.segments.plugin [-] Segment 2af0b8d6-37db-4a4e-a886-1ab7959f9fbf resource provider aggregate not found
2026-06-18 16:29:48.125 9 INFO neutron.services.segments.plugin [-] Segment 2af0b8d6-37db-4a4e-a886-1ab7959f9fbf resource provider not found; error: Placement Client Error (4xx): {"errors": [{"status": 404, "title": "Not Found", "detail": "The resource could not be found.\n\n No resource provider with uuid 2af0b8d6-37db-4a4e-a886-1ab7959f9fbf found for delete ", "request_id": "req-85141d55-9743-4389-adc6-dd34b2df3b68"}]}
2026-06-18 16:29:48.126 9 INFO neutron.services.segments.plugin [-] Segment 2af0b8d6-37db-4a4e-a886-1ab7959f9fbf resource provider not found; error: Placement Client Error (4xx): {"errors": [{"status": 404, "title": "Not Found", "detail": "The resource could not be found.\n\n No resource provider with uuid 2af0b8d6-37db-4a4e-a886-1ab7959f9fbf found for delete ", "request_id": "req-9d47d86a-8658-438d-a655-865bce253f5b"}]}
2026-06-18 16:29:48.161 9 INFO neutron.wsgi [None req-26df15cd-7692-44fc-a43c-32050a9135c7 886ce54202ee4dfebf3ccc505191a0a6 d5b48cc6dd994b70989e8b125ff08729 - - - -] 10.0.0.138 "DELETE /v2.0/networks/72c4b627-0ed2-4a0b-a0ac-74a036c18b22 HTTP/1.1" status: 204 len: 168 time: 0.5295455
2026-06-18 16:29:48.185 10 INFO neutron.wsgi [None req-cb1e79c2-d84b-4b1d-aec3-f99c16458a4e b90f37e4429441d087f75dc371455b10 3c50b41b3e8f40f5a5b494a635847ac3 - - - -] 10.0.0.138 "PUT /v2.0/routers/3b584804-4ea7-4cfb-9445-bb230ebe758b/remove_router_interface HTTP/1.1" status: 200 len: 503 time: 0.9672155 /var/lib/openstack/lib/python3.10/site-packages/pycadf/identifier.py:71: UserWarning: Invalid uuid: neutron. To ensure interoperability, identifiers should be a valid uuid. warnings.warn(('Invalid uuid: %s. To ensure interoperability, '
2026-06-18 16:29:48.569 10 INFO neutron.api.v2.resource [None req-3a48b794-2d47-4bcf-9fa6-8624d2315d52 b90f37e4429441d087f75dc371455b10 3c50b41b3e8f40f5a5b494a635847ac3 - - default default] remove_router_interface failed (client error): The resource could not be found.
2026-06-18 16:29:48.570 10 INFO neutron.wsgi [None req-3a48b794-2d47-4bcf-9fa6-8624d2315d52 b90f37e4429441d087f75dc371455b10 3c50b41b3e8f40f5a5b494a635847ac3 - - default default] 10.0.0.138 "PUT /v2.0/routers/3b584804-4ea7-4cfb-9445-bb230ebe758b/remove_router_interface HTTP/1.1" status: 404 len: 398 time: 0.3797462
2026-06-18 16:29:48.604 10 INFO neutron.wsgi [None req-f9330204-1f1a-4409-a640-3f98299438d4 b90f37e4429441d087f75dc371455b10 3c50b41b3e8f40f5a5b494a635847ac3 - - default default] 10.0.0.138 "GET /v2.0/ports?device_id=3b584804-4ea7-4cfb-9445-bb230ebe758b HTTP/1.1" status: 200 len: 205 time: 0.0205846
2026-06-18 16:29:48.677 9 INFO neutron.wsgi [req-315ffbe0-c454-4710-8371-9cb6d1563c5d req-88a5b174-4901-4ca8-9e06-7ca91d1f3d2e 19db1e1045a841149057b5bc3155b0dd a48cf6d3c02444ed8e3d4fd7c1c0e829 - - default default] 199.19.213.203 "GET /v2.0/networks?id=4e2d4156-1845-4b26-9c49-f9444728c48b HTTP/1.1" status: 200 len: 871 time: 0.0844169
2026-06-18 16:29:48.741 9 INFO neutron.wsgi [req-315ffbe0-c454-4710-8371-9cb6d1563c5d req-17c43cda-700f-4754-9ca9-4577a132ffb7 19db1e1045a841149057b5bc3155b0dd a48cf6d3c02444ed8e3d4fd7c1c0e829 - - default default] 199.19.213.203 "GET /v2.0/security-groups?fields=id&fields=name&tenant_id=a48cf6d3c02444ed8e3d4fd7c1c0e829 HTTP/1.1" status: 200 len: 470 time: 0.0540791
2026-06-18 16:29:48.871 10 INFO neutron.wsgi [None req-3935ccbe-e43d-438d-8c26-d3c7556c0d0f b90f37e4429441d087f75dc371455b10 3c50b41b3e8f40f5a5b494a635847ac3 - - - -] 10.0.0.138 "DELETE /v2.0/routers/3b584804-4ea7-4cfb-9445-bb230ebe758b HTTP/1.1" status: 204 len: 168 time: 0.2618473
2026-06-18 16:29:48.872 9 INFO neutron.wsgi [req-373bb596-634a-49ad-b043-320384908f2f req-75c132cb-9eff-4886-b607-b770d471f137 19db1e1045a841149057b5bc3155b0dd a48cf6d3c02444ed8e3d4fd7c1c0e829 - - default default] 10.0.0.28 "GET /v2.0/ports?device_id=f5046039-6b84-4238-8b64-925aac7a4aa1 HTTP/1.1" status: 200 len: 210 time: 0.0237627
2026-06-18 16:29:49.190 9 INFO neutron.wsgi [None req-d165313c-18ad-4ff6-867c-a5d34ce0e927 b90f37e4429441d087f75dc371455b10 3c50b41b3e8f40f5a5b494a635847ac3 - - - -] 10.0.0.138 "DELETE /v2.0/subnets/9e0f11db-a6fe-478b-aa00-d87108be76d5 HTTP/1.1" status: 204 len: 168 time: 0.3147614
2026-06-18 16:29:49.223 9 WARNING neutron.scheduler.dhcp_agent_scheduler [None req-42cbbd4f-2259-45da-be85-1695f51e2526 19db1e1045a841149057b5bc3155b0dd a48cf6d3c02444ed8e3d4fd7c1c0e829 - - - -] No more DHCP agents
2026-06-18 16:29:49.225 9 WARNING neutron.api.rpc.agentnotifiers.dhcp_rpc_agent_api [None req-42cbbd4f-2259-45da-be85-1695f51e2526 19db1e1045a841149057b5bc3155b0dd a48cf6d3c02444ed8e3d4fd7c1c0e829 - - - -] Unable to schedule network 4e2d4156-1845-4b26-9c49-f9444728c48b: no agents available; will retry on subsequent port and subnet creation events.
2026-06-18 16:29:49.377 9 INFO neutron.db.ovn_revision_numbers_db [None req-42cbbd4f-2259-45da-be85-1695f51e2526 19db1e1045a841149057b5bc3155b0dd a48cf6d3c02444ed8e3d4fd7c1c0e829 - - - -] Successfully bumped revision number for resource 85d6be0f-6356-428d-aa80-c79396020717 (type: ports) to 1
2026-06-18 16:29:49.389 10 INFO neutron.db.ovn_revision_numbers_db [None req-34f1a28d-63c6-4314-8973-3c1cc7d7a634 1a7579f1968d4b94adea2a3f5c5662f4 ac7784256f2b4d08b307a7517c1cbc8c - - default default] Successfully bumped revision number for resource 694ece22-ea42-44d2-a6f6-0d8e3bf19ae8 (type: security_groups) to 1
2026-06-18 16:29:49.399 9 INFO neutron.wsgi [None req-42cbbd4f-2259-45da-be85-1695f51e2526 19db1e1045a841149057b5bc3155b0dd a48cf6d3c02444ed8e3d4fd7c1c0e829 - - - -] 199.19.213.203 "POST /v2.0/ports HTTP/1.1" status: 201 len: 1197 time: 0.6342258 /var/lib/openstack/lib/python3.10/site-packages/pycadf/identifier.py:71: UserWarning: Invalid uuid: neutron. To ensure interoperability, identifiers should be a valid uuid. warnings.warn(('Invalid uuid: %s. To ensure interoperability, '
2026-06-18 16:29:49.435 10 INFO neutron.wsgi [None req-34f1a28d-63c6-4314-8973-3c1cc7d7a634 1a7579f1968d4b94adea2a3f5c5662f4 ac7784256f2b4d08b307a7517c1cbc8c - - default default] 10.0.0.138 "GET /v2.0/security-groups?tenant_id=d244dbac3d9a4030af2b762a0e39df7a&name=default HTTP/1.1" status: 200 len: 2996 time: 0.3614612
2026-06-18 16:29:49.516 9 WARNING neutron.plugins.ml2.drivers.ovn.mech_driver.ovsdb.ovn_client [None req-ae9029ba-6d85-4ed1-a594-03b511ad510c - - - - - -] No hosting information found for port 815f430a-07ef-4aa8-878c-7c032d07152e: RuntimeError: No hosting information found for port 815f430a-07ef-4aa8-878c-7c032d07152e
2026-06-18 16:29:49.517 9 INFO neutron.plugins.ml2.drivers.ovn.mech_driver.mech_driver [None req-ae9029ba-6d85-4ed1-a594-03b511ad510c - - - - - -] OVN reports status up for port: 52800c77-29e2-4ef2-9002-d911aede146c
2026-06-18 16:29:49.650 10 INFO neutron.services.segments.plugin [-] Segment 5d3c1bfe-227e-4a25-9b1f-628c52e091d6 resource provider aggregate not found
2026-06-18 16:29:49.661 10 INFO neutron.services.segments.plugin [-] Segment 5d3c1bfe-227e-4a25-9b1f-628c52e091d6 resource provider aggregate not found
2026-06-18 16:29:49.666 10 INFO neutron.services.segments.plugin [-] Segment 5d3c1bfe-227e-4a25-9b1f-628c52e091d6 resource provider not found; error: Placement Client Error (4xx): {"errors": [{"status": 404, "title": "Not Found", "detail": "The resource could not be found.\n\n No resource provider with uuid 5d3c1bfe-227e-4a25-9b1f-628c52e091d6 found for delete ", "request_id": "req-4b870f14-8936-4f27-8b19-6ec5e9b51cb5"}]}
2026-06-18 16:29:49.682 10 INFO neutron.services.segments.plugin [-] Segment 5d3c1bfe-227e-4a25-9b1f-628c52e091d6 resource provider not found; error: Placement Client Error (4xx): {"errors": [{"status": 404, "title": "Not Found", "detail": "The resource could not be found.\n\n No resource provider with uuid 5d3c1bfe-227e-4a25-9b1f-628c52e091d6 found for delete ", "request_id": "req-9481462f-c82b-4b02-ade4-e41aeb00d723"}]}
2026-06-18 16:29:49.708 10 INFO neutron.wsgi [None req-10497005-e86d-474f-a484-9b59d6222a1c b90f37e4429441d087f75dc371455b10 3c50b41b3e8f40f5a5b494a635847ac3 - - - -] 10.0.0.138 "DELETE /v2.0/networks/3ee53086-4750-4d6b-81ba-6e936c63ffe3 HTTP/1.1" status: 204 len: 168 time: 0.5126963
2026-06-18 16:29:49.745 10 INFO neutron.wsgi [None req-b314a23f-d538-4192-b4ad-916b87c2fbd5 1a7579f1968d4b94adea2a3f5c5662f4 ac7784256f2b4d08b307a7517c1cbc8c - - - -] 10.0.0.138 "DELETE /v2.0/security-groups/694ece22-ea42-44d2-a6f6-0d8e3bf19ae8 HTTP/1.1" status: 204 len: 168 time: 0.3044710
2026-06-18 16:29:49.804 10 INFO neutron.db.segments_db [None req-e54cbcc0-4a37-49f5-a881-f74c5f4f5352 b90f37e4429441d087f75dc371455b10 3c50b41b3e8f40f5a5b494a635847ac3 - - - -] Added segment 566398c1-078f-4eb3-ad26-e3a7a495be78 of type geneve for network 879af7a1-3abd-49ee-8e07-c4968f912731
2026-06-18 16:29:49.939 9 INFO neutron.wsgi [None req-a4bc2293-300a-4516-a67b-ca5ed55007da 1a7579f1968d4b94adea2a3f5c5662f4 ac7784256f2b4d08b307a7517c1cbc8c - - default default] 10.0.0.138 "GET /v2.0/security-groups?tenant_id=d5b48cc6dd994b70989e8b125ff08729&name=default HTTP/1.1" status: 200 len: 2996 time: 0.0559366
2026-06-18 16:29:49.953 10 INFO neutron.db.ovn_revision_numbers_db [None req-e54cbcc0-4a37-49f5-a881-f74c5f4f5352 b90f37e4429441d087f75dc371455b10 3c50b41b3e8f40f5a5b494a635847ac3 - - - -] Successfully bumped revision number for resource 879af7a1-3abd-49ee-8e07-c4968f912731 (type: networks) to 1
2026-06-18 16:29:50.003 9 INFO neutron.wsgi [req-b4839499-816f-493c-878f-b86c290d67f0 req-e8d4f396-ee04-4638-9cad-2ffda8b4466c 19db1e1045a841149057b5bc3155b0dd a48cf6d3c02444ed8e3d4fd7c1c0e829 - - default default] 10.0.0.28 "GET /v2.0/ports?device_id=f5046039-6b84-4238-8b64-925aac7a4aa1 HTTP/1.1" status: 200 len: 1195 time: 0.0492141
2026-06-18 16:29:50.118 9 INFO neutron.wsgi [req-b4839499-816f-493c-878f-b86c290d67f0 req-4cb1fe02-7f1f-453e-8526-45736a9164ed 19db1e1045a841149057b5bc3155b0dd a48cf6d3c02444ed8e3d4fd7c1c0e829 - - default default] 10.0.0.28 "GET /v2.0/security-groups?id=40e2abe2-d326-44a1-ab73-01c6fc7a692f&id=24e4c2d5-5882-4e01-ac01-840d9369758b&fields=id&fields=name HTTP/1.1" status: 200 len: 403 time: 0.1031001
2026-06-18 16:29:50.202 10 WARNING neutron.scheduler.dhcp_agent_scheduler [None req-e54cbcc0-4a37-49f5-a881-f74c5f4f5352 b90f37e4429441d087f75dc371455b10 3c50b41b3e8f40f5a5b494a635847ac3 - - - -] No more DHCP agents
2026-06-18 16:29:50.203 10 WARNING neutron.api.rpc.agentnotifiers.dhcp_rpc_agent_api [None req-e54cbcc0-4a37-49f5-a881-f74c5f4f5352 b90f37e4429441d087f75dc371455b10 3c50b41b3e8f40f5a5b494a635847ac3 - - - -] Unable to schedule network 879af7a1-3abd-49ee-8e07-c4968f912731: no agents available; will retry on subsequent port and subnet creation events.
2026-06-18 16:29:50.267 9 INFO neutron.db.ovn_revision_numbers_db [None req-1698d3e9-4694-4535-a37a-4f67054134f6 904dfcd0042142e5896a667eef09f1ad 1b0811b8348d4d22b803316b5a75872a - - - -] Successfully bumped revision number for resource 85d6be0f-6356-428d-aa80-c79396020717 (type: ports) to 2
2026-06-18 16:29:50.287 10 INFO neutron.db.ovn_revision_numbers_db [None req-e54cbcc0-4a37-49f5-a881-f74c5f4f5352 b90f37e4429441d087f75dc371455b10 3c50b41b3e8f40f5a5b494a635847ac3 - - - -] Successfully bumped revision number for resource 20546fcf-b0e8-41ba-9b6c-af1b04479501 (type: ports) to 1
2026-06-18 16:29:50.311 9 INFO neutron.wsgi [None req-f02fd563-5990-49fa-ba2f-4da57dcff77f 1a7579f1968d4b94adea2a3f5c5662f4 ac7784256f2b4d08b307a7517c1cbc8c - - - -] 10.0.0.138 "DELETE /v2.0/security-groups/f6cd83a1-1dc2-4092-ac19-39b26324b459 HTTP/1.1" status: 204 len: 168 time: 0.3644927
2026-06-18 16:29:50.327 10 INFO neutron.wsgi [None req-e54cbcc0-4a37-49f5-a881-f74c5f4f5352 b90f37e4429441d087f75dc371455b10 3c50b41b3e8f40f5a5b494a635847ac3 - - - -] 10.0.0.138 "POST /v2.0/networks HTTP/1.1" status: 201 len: 828 time: 0.6108539
2026-06-18 16:29:50.520 9 INFO neutron.db.ovn_revision_numbers_db [None req-1698d3e9-4694-4535-a37a-4f67054134f6 904dfcd0042142e5896a667eef09f1ad 1b0811b8348d4d22b803316b5a75872a - - - -] Successfully bumped revision number for resource 85d6be0f-6356-428d-aa80-c79396020717 (type: ports) to 2
2026-06-18 16:29:50.545 9 INFO neutron.wsgi [None req-1698d3e9-4694-4535-a37a-4f67054134f6 904dfcd0042142e5896a667eef09f1ad 1b0811b8348d4d22b803316b5a75872a - - - -] 199.19.213.203 "PUT /v2.0/ports/85d6be0f-6356-428d-aa80-c79396020717 HTTP/1.1" status: 200 len: 1367 time: 1.1397405
