2026-06-18 16:27:08.899 10 INFO neutron.db.ovn_revision_numbers_db [None req-c05d453b-51c8-4949-9bf5-7d99f7524b82 83298f65f56a46ad89a53ba84432554b df7bce441f494989ac0d5991fb0e82e7 - - - -] Successfully bumped revision number for resource f46ea5a4-63b5-409e-b4c8-5f1e49379180 (type: ports) to 1
2026-06-18 16:27:08.926 10 INFO neutron.wsgi [None req-c05d453b-51c8-4949-9bf5-7d99f7524b82 83298f65f56a46ad89a53ba84432554b df7bce441f494989ac0d5991fb0e82e7 - - - -] 199.19.213.203 "POST /v2.0/ports HTTP/1.1" status: 201 len: 1162 time: 0.5031333 /var/lib/openstack/lib/python3.10/site-packages/pycadf/identifier.py:71: UserWarning: Invalid uuid: neutron. To ensure interoperability, identifiers should be a valid uuid. warnings.warn(('Invalid uuid: %s. To ensure interoperability, '
2026-06-18 16:27:09.347 10 INFO neutron.db.ovn_revision_numbers_db [None req-6daf4aa8-40fe-4dd8-9ac1-ea4a94bc6bcc 904dfcd0042142e5896a667eef09f1ad 1b0811b8348d4d22b803316b5a75872a - - - -] Successfully bumped revision number for resource f46ea5a4-63b5-409e-b4c8-5f1e49379180 (type: ports) to 2
2026-06-18 16:27:09.545 10 INFO neutron.db.ovn_revision_numbers_db [None req-6daf4aa8-40fe-4dd8-9ac1-ea4a94bc6bcc 904dfcd0042142e5896a667eef09f1ad 1b0811b8348d4d22b803316b5a75872a - - - -] Successfully bumped revision number for resource f46ea5a4-63b5-409e-b4c8-5f1e49379180 (type: ports) to 2
2026-06-18 16:27:09.561 10 INFO neutron.wsgi [None req-6daf4aa8-40fe-4dd8-9ac1-ea4a94bc6bcc 904dfcd0042142e5896a667eef09f1ad 1b0811b8348d4d22b803316b5a75872a - - - -] 199.19.213.203 "PUT /v2.0/ports/f46ea5a4-63b5-409e-b4c8-5f1e49379180 HTTP/1.1" status: 200 len: 1332 time: 0.6275265
2026-06-18 16:27:09.595 10 INFO neutron.notifiers.nova [-] Nova event matching ['req-fc1c30a1-b330-4325-802d-60a8d7b2e314'] response: {'name': 'network-changed', 'server_uuid': '75eec0c6-8363-4276-9faf-cf6ac4054a6a', 'tag': 'f46ea5a4-63b5-409e-b4c8-5f1e49379180', 'status': 'completed', 'code': 200} /var/lib/openstack/lib/python3.10/site-packages/pycadf/identifier.py:71: UserWarning: Invalid uuid: neutron. To ensure interoperability, identifiers should be a valid uuid. warnings.warn(('Invalid uuid: %s. To ensure interoperability, '
2026-06-18 16:27:09.652 10 INFO neutron.wsgi [req-158dae55-df3b-4b86-bc3a-f0836b707562 req-eb864e3b-063f-4f26-9bb0-88f8f61aef7e 904dfcd0042142e5896a667eef09f1ad 1b0811b8348d4d22b803316b5a75872a - - 4df68552b8fc48988c746818700f8910 4df68552b8fc48988c746818700f8910] 199.19.213.203 "GET /v2.0/ports?tenant_id=df7bce441f494989ac0d5991fb0e82e7&device_id=75eec0c6-8363-4276-9faf-cf6ac4054a6a HTTP/1.1" status: 200 len: 1363 time: 0.0491035
2026-06-18 16:27:09.704 10 INFO neutron.wsgi [req-158dae55-df3b-4b86-bc3a-f0836b707562 req-b7898133-ee3f-4ec8-ad4a-f700c66c4947 904dfcd0042142e5896a667eef09f1ad 1b0811b8348d4d22b803316b5a75872a - - 4df68552b8fc48988c746818700f8910 4df68552b8fc48988c746818700f8910] 199.19.213.203 "GET /v2.0/floatingips?fixed_ip_address=10.100.0.14&port_id=f46ea5a4-63b5-409e-b4c8-5f1e49379180 HTTP/1.1" status: 200 len: 217 time: 0.0404623
2026-06-18 16:27:09.755 10 INFO neutron.wsgi [req-158dae55-df3b-4b86-bc3a-f0836b707562 req-fa26e859-9a2d-4ab2-b488-ee8a53a0f101 904dfcd0042142e5896a667eef09f1ad 1b0811b8348d4d22b803316b5a75872a - - 4df68552b8fc48988c746818700f8910 4df68552b8fc48988c746818700f8910] 199.19.213.203 "GET /v2.0/subnets?id=6dcb7d79-5484-44c6-9bbb-b3bb75411091 HTTP/1.1" status: 200 len: 877 time: 0.0431032
2026-06-18 16:27:09.786 10 INFO neutron.wsgi [req-158dae55-df3b-4b86-bc3a-f0836b707562 req-31616d28-ce00-41ba-83e2-877523bcc356 904dfcd0042142e5896a667eef09f1ad 1b0811b8348d4d22b803316b5a75872a - - 4df68552b8fc48988c746818700f8910 4df68552b8fc48988c746818700f8910] 199.19.213.203 "GET /v2.0/ports?network_id=aaef13f5-3fa2-48b0-809c-d119a16bd3ad&device_owner=network%3Adhcp HTTP/1.1" status: 200 len: 210 time: 0.0237193
2026-06-18 16:27:09.884 10 WARNING neutron.plugins.ml2.drivers.ovn.mech_driver.ovsdb.ovn_client [None req-80484ea4-37af-413e-92b6-1c989940594e - - - - - -] No hosting information found for port e4d01ee0-3f36-4703-9bd0-81e29b3f7dbd: RuntimeError: No hosting information found for port e4d01ee0-3f36-4703-9bd0-81e29b3f7dbd
2026-06-18 16:27:09.935 9 INFO neutron.wsgi [req-6930e4e8-8c2d-4b2a-a98e-edf52b8b1540 req-43af63af-da46-45b0-a124-be7f7f8b79cd 83298f65f56a46ad89a53ba84432554b df7bce441f494989ac0d5991fb0e82e7 - - default default] 10.0.0.28 "GET /v2.0/ports?device_id=75eec0c6-8363-4276-9faf-cf6ac4054a6a HTTP/1.1" status: 200 len: 1172 time: 0.0705001
2026-06-18 16:27:09.942 9 INFO neutron.wsgi [req-cd02de19-26cf-4438-a3f8-b66ab206f59f req-e9311e6f-0876-4f0d-8092-d72d5eec7e00 90470e2b3ace4fbebf91806f1b1f16d3 3a97edb0776f4e12932ca7f4fec70cbc - - default default] 10.0.0.28 "GET /v2.0/ports?device_id=879700f6-4210-4a72-b507-58de5a952a87 HTTP/1.1" status: 200 len: 1172 time: 0.0787542
2026-06-18 16:27:09.947 10 INFO neutron.plugins.ml2.drivers.ovn.mech_driver.mech_driver [None req-80484ea4-37af-413e-92b6-1c989940594e - - - - - -] OVN reports status up for port: 64a168c2-23d6-4ae6-b1af-7aad53d65204
2026-06-18 16:27:09.969 10 INFO neutron.wsgi [req-158dae55-df3b-4b86-bc3a-f0836b707562 req-639e0beb-6ab2-4792-9551-80907c8408dc 904dfcd0042142e5896a667eef09f1ad 1b0811b8348d4d22b803316b5a75872a - - 4df68552b8fc48988c746818700f8910 4df68552b8fc48988c746818700f8910] 199.19.213.203 "GET /v2.0/networks/aaef13f5-3fa2-48b0-809c-d119a16bd3ad?fields=segments HTTP/1.1" status: 200 len: 212 time: 0.1657186
2026-06-18 16:27:09.970 10 INFO neutron.plugins.ml2.plugin [None req-80484ea4-37af-413e-92b6-1c989940594e - - - - - -] Attempt 1 to provision port 64a168c2-23d6-4ae6-b1af-7aad53d65204 /var/lib/openstack/lib/python3.10/site-packages/pycadf/identifier.py:71: UserWarning: Invalid uuid: neutron. To ensure interoperability, identifiers should be a valid uuid. warnings.warn(('Invalid uuid: %s. To ensure interoperability, '
2026-06-18 16:27:10.006 9 INFO neutron.wsgi [req-6930e4e8-8c2d-4b2a-a98e-edf52b8b1540 req-b4672fbe-f1dd-4304-87b4-25279220c7aa 83298f65f56a46ad89a53ba84432554b df7bce441f494989ac0d5991fb0e82e7 - - default default] 10.0.0.28 "GET /v2.0/security-groups?id=470cbbd4-1674-459d-b2a0-cd0dd5fa93db&fields=id&fields=name HTTP/1.1" status: 200 len: 312 time: 0.0634449
2026-06-18 16:27:10.020 9 INFO neutron.wsgi [req-cd02de19-26cf-4438-a3f8-b66ab206f59f req-7ddfa33e-7842-49c4-b105-85893f0f1711 90470e2b3ace4fbebf91806f1b1f16d3 3a97edb0776f4e12932ca7f4fec70cbc - - default default] 10.0.0.28 "GET /v2.0/security-groups?id=9e4ff42c-77f1-44d9-83c6-558f2eb87094&fields=id&fields=name HTTP/1.1" status: 200 len: 313 time: 0.0641077
2026-06-18 16:27:10.049 10 INFO neutron.wsgi [req-158dae55-df3b-4b86-bc3a-f0836b707562 req-f0eb1be1-3cae-4466-a2bb-7aed04500963 904dfcd0042142e5896a667eef09f1ad 1b0811b8348d4d22b803316b5a75872a - - 4df68552b8fc48988c746818700f8910 4df68552b8fc48988c746818700f8910] 199.19.213.203 "GET /v2.0/networks/aaef13f5-3fa2-48b0-809c-d119a16bd3ad?fields=provider%3Aphysical_network&fields=provider%3Anetwork_type HTTP/1.1" status: 200 len: 277 time: 0.0676084
2026-06-18 16:27:10.176 10 INFO neutron.wsgi [req-d95ab806-c8b4-4100-b86b-a9a644ff6257 req-ffdc998f-acb8-4401-a8ea-68a33877c370 904dfcd0042142e5896a667eef09f1ad 1b0811b8348d4d22b803316b5a75872a - - 4df68552b8fc48988c746818700f8910 4df68552b8fc48988c746818700f8910] 199.19.213.203 "GET /v2.0/ports?tenant_id=df7bce441f494989ac0d5991fb0e82e7&device_id=75eec0c6-8363-4276-9faf-cf6ac4054a6a HTTP/1.1" status: 200 len: 1363 time: 0.0578458
2026-06-18 16:27:10.233 9 INFO neutron.wsgi [None req-843caad2-fa80-452c-ae7c-0adc216a39e0 1a7579f1968d4b94adea2a3f5c5662f4 ac7784256f2b4d08b307a7517c1cbc8c - - - -] 10.0.0.138 "PUT /v2.0/routers/7164fbf9-1492-404f-9062-9d080a326451/remove_router_interface HTTP/1.1" status: 200 len: 503 time: 1.7217512 /var/lib/openstack/lib/python3.10/site-packages/pycadf/identifier.py:71: UserWarning: Invalid uuid: neutron. To ensure interoperability, identifiers should be a valid uuid. warnings.warn(('Invalid uuid: %s. To ensure interoperability, '
2026-06-18 16:27:10.283 9 INFO neutron.plugins.ml2.drivers.ovn.mech_driver.mech_driver [None req-ae9029ba-6d85-4ed1-a594-03b511ad510c - - - - - -] OVN reports status up for port: f46ea5a4-63b5-409e-b4c8-5f1e49379180
2026-06-18 16:27:10.323 9 INFO neutron.plugins.ml2.plugin [None req-ae9029ba-6d85-4ed1-a594-03b511ad510c - - - - - -] Attempt 1 to provision port f46ea5a4-63b5-409e-b4c8-5f1e49379180
2026-06-18 16:27:10.505 10 INFO neutron.wsgi [req-d95ab806-c8b4-4100-b86b-a9a644ff6257 req-7dec5c93-8a5d-4b77-b864-8d8d622231bf 904dfcd0042142e5896a667eef09f1ad 1b0811b8348d4d22b803316b5a75872a - - 4df68552b8fc48988c746818700f8910 4df68552b8fc48988c746818700f8910] 199.19.213.203 "GET /v2.0/networks?id=aaef13f5-3fa2-48b0-809c-d119a16bd3ad HTTP/1.1" status: 200 len: 982 time: 0.3211651
2026-06-18 16:27:10.515 9 INFO neutron.notifiers.nova [-] Nova event matching ['req-409bd7eb-05b4-4281-ac22-eeb898234557'] response: {'server_uuid': '75eec0c6-8363-4276-9faf-cf6ac4054a6a', 'name': 'network-vif-plugged', 'status': 'completed', 'tag': 'f46ea5a4-63b5-409e-b4c8-5f1e49379180', 'code': 200}
2026-06-18 16:27:10.572 10 INFO neutron.wsgi [req-d95ab806-c8b4-4100-b86b-a9a644ff6257 req-f9e842ad-1c77-4579-aec5-b76cd13edd19 904dfcd0042142e5896a667eef09f1ad 1b0811b8348d4d22b803316b5a75872a - - 4df68552b8fc48988c746818700f8910 4df68552b8fc48988c746818700f8910] 199.19.213.203 "GET /v2.0/floatingips?fixed_ip_address=10.100.0.14&port_id=f46ea5a4-63b5-409e-b4c8-5f1e49379180 HTTP/1.1" status: 200 len: 217 time: 0.0570176
2026-06-18 16:27:10.632 10 INFO neutron.wsgi [req-d95ab806-c8b4-4100-b86b-a9a644ff6257 req-6e1d8c9a-5f1d-49f8-a8ca-8a6becc8e9af 904dfcd0042142e5896a667eef09f1ad 1b0811b8348d4d22b803316b5a75872a - - 4df68552b8fc48988c746818700f8910 4df68552b8fc48988c746818700f8910] 199.19.213.203 "GET /v2.0/subnets?id=6dcb7d79-5484-44c6-9bbb-b3bb75411091 HTTP/1.1" status: 200 len: 877 time: 0.0526037
2026-06-18 16:27:10.634 10 INFO neutron.db.ovn_revision_numbers_db [None req-80484ea4-37af-413e-92b6-1c989940594e - - - - - -] Successfully bumped revision number for resource 64a168c2-23d6-4ae6-b1af-7aad53d65204 (type: ports) to 4
2026-06-18 16:27:10.702 10 INFO neutron.wsgi [req-d95ab806-c8b4-4100-b86b-a9a644ff6257 req-34324f5f-1f2a-4827-a577-90459592257a 904dfcd0042142e5896a667eef09f1ad 1b0811b8348d4d22b803316b5a75872a - - 4df68552b8fc48988c746818700f8910 4df68552b8fc48988c746818700f8910] 199.19.213.203 "GET /v2.0/ports?network_id=aaef13f5-3fa2-48b0-809c-d119a16bd3ad&device_owner=network%3Adhcp HTTP/1.1" status: 200 len: 210 time: 0.0612912
2026-06-18 16:27:10.785 9 INFO neutron.db.ovn_revision_numbers_db [None req-ae9029ba-6d85-4ed1-a594-03b511ad510c - - - - - -] Successfully bumped revision number for resource f46ea5a4-63b5-409e-b4c8-5f1e49379180 (type: ports) to 4
2026-06-18 16:27:10.801 10 INFO neutron.wsgi [req-d95ab806-c8b4-4100-b86b-a9a644ff6257 req-9b568c0c-7015-4a29-b849-404ee1723e17 904dfcd0042142e5896a667eef09f1ad 1b0811b8348d4d22b803316b5a75872a - - 4df68552b8fc48988c746818700f8910 4df68552b8fc48988c746818700f8910] 199.19.213.203 "GET /v2.0/networks/aaef13f5-3fa2-48b0-809c-d119a16bd3ad?fields=segments HTTP/1.1" status: 200 len: 212 time: 0.0897803 /var/lib/openstack/lib/python3.10/site-packages/pycadf/identifier.py:71: UserWarning: Invalid uuid: neutron. To ensure interoperability, identifiers should be a valid uuid. warnings.warn(('Invalid uuid: %s. To ensure interoperability, '
2026-06-18 16:27:10.871 10 INFO neutron.wsgi [req-d95ab806-c8b4-4100-b86b-a9a644ff6257 req-a686a696-9fd6-4a83-a2af-b66f8a114c91 904dfcd0042142e5896a667eef09f1ad 1b0811b8348d4d22b803316b5a75872a - - 4df68552b8fc48988c746818700f8910 4df68552b8fc48988c746818700f8910] 199.19.213.203 "GET /v2.0/networks/aaef13f5-3fa2-48b0-809c-d119a16bd3ad?fields=provider%3Aphysical_network&fields=provider%3Anetwork_type HTTP/1.1" status: 200 len: 277 time: 0.0640690 /var/lib/openstack/lib/python3.10/site-packages/pycadf/identifier.py:71: UserWarning: Invalid uuid: neutron. To ensure interoperability, identifiers should be a valid uuid. warnings.warn(('Invalid uuid: %s. To ensure interoperability, '
2026-06-18 16:27:11.177 9 INFO neutron.wsgi [req-0d81417d-25a3-49be-b7fc-91decddc7918 req-c57bcc1d-7616-45d0-b7ea-a844065f3d9b 90470e2b3ace4fbebf91806f1b1f16d3 3a97edb0776f4e12932ca7f4fec70cbc - - default default] 10.0.0.28 "GET /v2.0/ports?device_id=879700f6-4210-4a72-b507-58de5a952a87 HTTP/1.1" status: 200 len: 1174 time: 0.0716953
2026-06-18 16:27:11.192 9 INFO neutron.wsgi [req-a63bbcf5-ab1e-44c5-a4de-aa3bb38a8b64 req-16f92c93-a7ff-4c75-b066-0dd37d97bd6b 83298f65f56a46ad89a53ba84432554b df7bce441f494989ac0d5991fb0e82e7 - - default default] 10.0.0.28 "GET /v2.0/ports?device_id=75eec0c6-8363-4276-9faf-cf6ac4054a6a HTTP/1.1" status: 200 len: 1174 time: 0.0839658
2026-06-18 16:27:11.219 9 INFO neutron.wsgi [None req-fc9788b6-8ed1-48d5-a0d3-708c2a1de49b 1a7579f1968d4b94adea2a3f5c5662f4 ac7784256f2b4d08b307a7517c1cbc8c - - - -] 10.0.0.138 "DELETE /v2.0/routers/7164fbf9-1492-404f-9062-9d080a326451 HTTP/1.1" status: 204 len: 168 time: 0.9802110
2026-06-18 16:27:11.257 9 INFO neutron.wsgi [req-a63bbcf5-ab1e-44c5-a4de-aa3bb38a8b64 req-0c3402a4-cb9a-49c7-974f-f204f2e40742 83298f65f56a46ad89a53ba84432554b df7bce441f494989ac0d5991fb0e82e7 - - default default] 10.0.0.28 "GET /v2.0/security-groups?id=470cbbd4-1674-459d-b2a0-cd0dd5fa93db&fields=id&fields=name HTTP/1.1" status: 200 len: 312 time: 0.0543041
2026-06-18 16:27:11.260 9 INFO neutron.wsgi [req-0d81417d-25a3-49be-b7fc-91decddc7918 req-c236dce2-318f-4314-bda5-e413b62bef89 90470e2b3ace4fbebf91806f1b1f16d3 3a97edb0776f4e12932ca7f4fec70cbc - - default default] 10.0.0.28 "GET /v2.0/security-groups?id=9e4ff42c-77f1-44d9-83c6-558f2eb87094&fields=id&fields=name HTTP/1.1" status: 200 len: 313 time: 0.0662332
2026-06-18 16:27:11.428 9 INFO neutron.wsgi [None req-31aa4953-2f67-456d-906f-3f3bfbfcc122 1a7579f1968d4b94adea2a3f5c5662f4 ac7784256f2b4d08b307a7517c1cbc8c - - - -] 10.0.0.138 "DELETE /v2.0/subnets/121f782c-7f82-4c94-9643-545d6938f3a6 HTTP/1.1" status: 204 len: 168 time: 0.2036395
2026-06-18 16:27:11.632 10 INFO neutron.notifiers.nova [-] Nova event matching ['req-1b8e4d57-11c4-40b8-b8f7-f9a0a7b04503'] response: {'server_uuid': '879700f6-4210-4a72-b507-58de5a952a87', 'name': 'network-vif-plugged', 'status': 'completed', 'tag': '64a168c2-23d6-4ae6-b1af-7aad53d65204', 'code': 200}
2026-06-18 16:27:11.632 10 INFO neutron.notifiers.nova [-] Nova event matching ['req-1b8e4d57-11c4-40b8-b8f7-f9a0a7b04503'] response: {'server_uuid': '879700f6-4210-4a72-b507-58de5a952a87', 'name': 'network-vif-plugged', 'status': 'completed', 'tag': '64a168c2-23d6-4ae6-b1af-7aad53d65204', 'code': 200}
2026-06-18 16:27:11.875 9 INFO neutron.services.segments.plugin [-] Segment 80ad1114-0325-454b-8b29-05e96cedca13 resource provider aggregate not found
2026-06-18 16:27:11.883 9 INFO neutron.services.segments.plugin [-] Segment 80ad1114-0325-454b-8b29-05e96cedca13 resource provider aggregate not found
2026-06-18 16:27:11.902 9 INFO neutron.services.segments.plugin [-] Segment 80ad1114-0325-454b-8b29-05e96cedca13 resource provider not found; error: Placement Client Error (4xx): {"errors": [{"status": 404, "title": "Not Found", "detail": "The resource could not be found.\n\n No resource provider with uuid 80ad1114-0325-454b-8b29-05e96cedca13 found for delete ", "request_id": "req-0f3e169e-38ca-4b28-8c0a-cf05a10fe99c"}]}
2026-06-18 16:27:11.904 9 INFO neutron.services.segments.plugin [-] Segment 80ad1114-0325-454b-8b29-05e96cedca13 resource provider not found; error: Placement Client Error (4xx): {"errors": [{"status": 404, "title": "Not Found", "detail": "The resource could not be found.\n\n No resource provider with uuid 80ad1114-0325-454b-8b29-05e96cedca13 found for delete ", "request_id": "req-6cfe4e9b-d6ea-48d7-83d0-e13a16cbca74"}]}
2026-06-18 16:27:11.934 9 INFO neutron.wsgi [None req-09725be8-2c63-4105-a894-dbca76bc63a6 1a7579f1968d4b94adea2a3f5c5662f4 ac7784256f2b4d08b307a7517c1cbc8c - - - -] 10.0.0.138 "DELETE /v2.0/networks/c9d1cc77-e257-48b5-8f97-cbf06a5cc65b HTTP/1.1" status: 204 len: 168 time: 0.5004618
2026-06-18 16:27:12.102 9 INFO neutron.wsgi [None req-54e4166e-eae7-404f-a04e-e1ab108f7304 1a7579f1968d4b94adea2a3f5c5662f4 ac7784256f2b4d08b307a7517c1cbc8c - - default default] 10.0.0.138 "GET /v2.0/security-groups?tenant_id=4165b8b9ce1a4b9da352b1f3cb27aa3f&name=default HTTP/1.1" status: 200 len: 2992 time: 0.0396762
2026-06-18 16:27:12.304 9 INFO neutron.wsgi [None req-c810f905-5d82-49e3-bc7a-e42ceed40ccd 1a7579f1968d4b94adea2a3f5c5662f4 ac7784256f2b4d08b307a7517c1cbc8c - - - -] 10.0.0.138 "DELETE /v2.0/security-groups/9a37a71d-9d0b-4475-b38e-607cbbde1a66 HTTP/1.1" status: 204 len: 168 time: 0.1964979
2026-06-18 16:27:12.317 10 INFO neutron.db.ovn_revision_numbers_db [None req-130fed1c-ee68-4292-a46d-aac849495016 1a7579f1968d4b94adea2a3f5c5662f4 ac7784256f2b4d08b307a7517c1cbc8c - - default default] Successfully bumped revision number for resource 6d606939-7abe-414d-8fbc-1ebc959dd93d (type: security_groups) to 1
2026-06-18 16:27:12.342 10 INFO neutron.wsgi [None req-130fed1c-ee68-4292-a46d-aac849495016 1a7579f1968d4b94adea2a3f5c5662f4 ac7784256f2b4d08b307a7517c1cbc8c - - default default] 10.0.0.138 "GET /v2.0/security-groups?tenant_id=2ddbea36192245039328c41cc9089707&name=default HTTP/1.1" status: 200 len: 2996 time: 0.4825470
2026-06-18 16:27:12.388 9 INFO neutron.wsgi [req-9157d881-743c-432f-9d80-1aabadfdc11a req-5b8a949c-83a2-4b73-9ba4-ee1f61d7d39f 90470e2b3ace4fbebf91806f1b1f16d3 3a97edb0776f4e12932ca7f4fec70cbc - - default default] 10.0.0.28 "GET /v2.0/ports?device_id=879700f6-4210-4a72-b507-58de5a952a87 HTTP/1.1" status: 200 len: 1174 time: 0.0532680
2026-06-18 16:27:12.448 9 INFO neutron.wsgi [req-9157d881-743c-432f-9d80-1aabadfdc11a req-1f035353-b5eb-478b-b294-d717ccb89c41 90470e2b3ace4fbebf91806f1b1f16d3 3a97edb0776f4e12932ca7f4fec70cbc - - default default] 10.0.0.28 "GET /v2.0/security-groups?id=9e4ff42c-77f1-44d9-83c6-558f2eb87094&fields=id&fields=name HTTP/1.1" status: 200 len: 313 time: 0.0529504
2026-06-18 16:27:12.466 9 INFO neutron.wsgi [req-741382c5-e713-44dc-a0e0-79008353d945 req-701aa2df-ac8f-4782-bc79-769406e7271e 83298f65f56a46ad89a53ba84432554b df7bce441f494989ac0d5991fb0e82e7 - - default default] 10.0.0.28 "GET /v2.0/ports?device_id=75eec0c6-8363-4276-9faf-cf6ac4054a6a HTTP/1.1" status: 200 len: 1174 time: 0.1208379
2026-06-18 16:27:12.513 9 INFO neutron.wsgi [req-741382c5-e713-44dc-a0e0-79008353d945 req-d979bc9b-e341-4b15-99e0-34b8304bc95d 83298f65f56a46ad89a53ba84432554b df7bce441f494989ac0d5991fb0e82e7 - - default default] 10.0.0.28 "GET /v2.0/security-groups?id=470cbbd4-1674-459d-b2a0-cd0dd5fa93db&fields=id&fields=name HTTP/1.1" status: 200 len: 312 time: 0.0391438
2026-06-18 16:27:12.564 10 INFO neutron.wsgi [None req-f18b3fcf-682e-45d8-9970-68af24453fba 1a7579f1968d4b94adea2a3f5c5662f4 ac7784256f2b4d08b307a7517c1cbc8c - - - -] 10.0.0.138 "DELETE /v2.0/security-groups/6d606939-7abe-414d-8fbc-1ebc959dd93d HTTP/1.1" status: 204 len: 168 time: 0.2160292
2026-06-18 16:27:12.574 9 INFO neutron.wsgi [req-2284aafc-d5cc-439b-a508-9ce222bf18fb req-c1bae0ca-5199-4bb3-b43c-9a4671974671 90470e2b3ace4fbebf91806f1b1f16d3 3a97edb0776f4e12932ca7f4fec70cbc - - default default] 10.0.0.28 "GET /v2.0/ports?device_id=879700f6-4210-4a72-b507-58de5a952a87 HTTP/1.1" status: 200 len: 1174 time: 0.0491202
2026-06-18 16:27:12.588 9 INFO neutron.notifiers.nova [-] Nova event matching ['req-000fba5a-fad2-4626-837b-516a5263a322'] response: {'server_uuid': '75eec0c6-8363-4276-9faf-cf6ac4054a6a', 'name': 'network-vif-plugged', 'status': 'completed', 'tag': 'f46ea5a4-63b5-409e-b4c8-5f1e49379180', 'code': 200}
2026-06-18 16:27:12.859 10 INFO neutron.db.ovn_revision_numbers_db [None req-e7aed8a9-74c2-4e14-880c-bc15291c267a 1a7579f1968d4b94adea2a3f5c5662f4 ac7784256f2b4d08b307a7517c1cbc8c - - default default] Successfully bumped revision number for resource b161ab7d-ffee-4021-b1a6-3e4a5d3b0502 (type: security_groups) to 1
2026-06-18 16:27:12.899 10 INFO neutron.wsgi [None req-e7aed8a9-74c2-4e14-880c-bc15291c267a 1a7579f1968d4b94adea2a3f5c5662f4 ac7784256f2b4d08b307a7517c1cbc8c - - default default] 10.0.0.138 "GET /v2.0/security-groups?tenant_id=fae312dca4b34d84aa63b92c80ce5c0e&name=default HTTP/1.1" status: 200 len: 2996 time: 0.1572385
2026-06-18 16:27:12.899 9 INFO neutron.wsgi [req-aed060fe-db57-435c-b6ad-55e6a6560c42 req-22145967-52e2-4f09-9294-60f49ce79f9d 83298f65f56a46ad89a53ba84432554b df7bce441f494989ac0d5991fb0e82e7 - - default default] 10.0.0.28 "GET /v2.0/ports?device_id=75eec0c6-8363-4276-9faf-cf6ac4054a6a HTTP/1.1" status: 200 len: 1174 time: 0.0883515
2026-06-18 16:27:13.145 9 INFO neutron.db.l3_db [None req-2449f187-0168-458a-8868-5e4aa9a85f42 90470e2b3ace4fbebf91806f1b1f16d3 3a97edb0776f4e12932ca7f4fec70cbc - - - -] Floating IP 805d30eb-3bfb-412a-9f6d-b3548df2eac3 associated. External IP: 10.96.250.211, port: 64a168c2-23d6-4ae6-b1af-7aad53d65204.
2026-06-18 16:27:13.192 10 INFO neutron.db.l3_db [None req-f1f8bb8b-a6f7-421a-b8d6-bcd951ba5dae 83298f65f56a46ad89a53ba84432554b df7bce441f494989ac0d5991fb0e82e7 - - - -] Floating IP 4506ab58-d895-4574-8675-46349cd81b29 associated. External IP: 10.96.250.220, port: f46ea5a4-63b5-409e-b4c8-5f1e49379180.
2026-06-18 16:27:13.326 10 INFO neutron.wsgi [None req-50bcb5d5-79b5-4905-9e5e-66ba3e5d7071 1a7579f1968d4b94adea2a3f5c5662f4 ac7784256f2b4d08b307a7517c1cbc8c - - - -] 10.0.0.138 "DELETE /v2.0/security-groups/b161ab7d-ffee-4021-b1a6-3e4a5d3b0502 HTTP/1.1" status: 204 len: 168 time: 0.4221654
2026-06-18 16:27:13.376 10 INFO neutron.db.ovn_revision_numbers_db [None req-f1f8bb8b-a6f7-421a-b8d6-bcd951ba5dae 83298f65f56a46ad89a53ba84432554b df7bce441f494989ac0d5991fb0e82e7 - - - -] Successfully bumped revision number for resource 4506ab58-d895-4574-8675-46349cd81b29 (type: floatingips) to 1
2026-06-18 16:27:13.410 9 INFO neutron.db.ovn_revision_numbers_db [None req-2449f187-0168-458a-8868-5e4aa9a85f42 90470e2b3ace4fbebf91806f1b1f16d3 3a97edb0776f4e12932ca7f4fec70cbc - - - -] Successfully bumped revision number for resource 805d30eb-3bfb-412a-9f6d-b3548df2eac3 (type: floatingips) to 1
2026-06-18 16:27:13.494 10 INFO neutron.db.ovn_revision_numbers_db [None req-f1f8bb8b-a6f7-421a-b8d6-bcd951ba5dae 83298f65f56a46ad89a53ba84432554b df7bce441f494989ac0d5991fb0e82e7 - - - -] Successfully bumped revision number for resource 4506ab58-d895-4574-8675-46349cd81b29 (type: floatingips) to 2
2026-06-18 16:27:13.512 9 INFO neutron.db.ovn_revision_numbers_db [None req-2449f187-0168-458a-8868-5e4aa9a85f42 90470e2b3ace4fbebf91806f1b1f16d3 3a97edb0776f4e12932ca7f4fec70cbc - - - -] Successfully bumped revision number for resource 805d30eb-3bfb-412a-9f6d-b3548df2eac3 (type: floatingips) to 2
2026-06-18 16:27:13.539 10 INFO neutron.wsgi [None req-f1f8bb8b-a6f7-421a-b8d6-bcd951ba5dae 83298f65f56a46ad89a53ba84432554b df7bce441f494989ac0d5991fb0e82e7 - - - -] 10.0.0.138 "PUT /v2.0/floatingips/4506ab58-d895-4574-8675-46349cd81b29 HTTP/1.1" status: 200 len: 1050 time: 0.6259797
2026-06-18 16:27:13.553 9 INFO neutron.wsgi [None req-2449f187-0168-458a-8868-5e4aa9a85f42 90470e2b3ace4fbebf91806f1b1f16d3 3a97edb0776f4e12932ca7f4fec70cbc - - - -] 10.0.0.138 "PUT /v2.0/floatingips/805d30eb-3bfb-412a-9f6d-b3548df2eac3 HTTP/1.1" status: 200 len: 1050 time: 0.9606812 /var/lib/openstack/lib/python3.10/site-packages/pycadf/identifier.py:71: UserWarning: Invalid uuid: neutron. To ensure interoperability, identifiers should be a valid uuid. warnings.warn(('Invalid uuid: %s. To ensure interoperability, '
2026-06-18 16:27:13.639 9 INFO neutron.wsgi [req-15023cd5-b836-40c6-85c2-71ce61781027 req-593e0be6-6bfe-4a08-a2ed-230c34719189 83298f65f56a46ad89a53ba84432554b df7bce441f494989ac0d5991fb0e82e7 - - default default] 10.0.0.28 "GET /v2.0/ports?device_id=75eec0c6-8363-4276-9faf-cf6ac4054a6a HTTP/1.1" status: 200 len: 1174 time: 0.0604932
2026-06-18 16:27:13.651 9 INFO neutron.wsgi [req-4b02dea2-3f7b-462d-9ba0-591dd88bbc8c req-26bd860c-2290-486c-890a-a1495407cb24 90470e2b3ace4fbebf91806f1b1f16d3 3a97edb0776f4e12932ca7f4fec70cbc - - default default] 10.0.0.28 "GET /v2.0/ports?device_id=879700f6-4210-4a72-b507-58de5a952a87 HTTP/1.1" status: 200 len: 1174 time: 0.0552487
2026-06-18 16:27:13.730 9 INFO neutron.wsgi [req-15023cd5-b836-40c6-85c2-71ce61781027 req-02463747-daad-465e-a6c5-81633e5138af 83298f65f56a46ad89a53ba84432554b df7bce441f494989ac0d5991fb0e82e7 - - default default] 10.0.0.28 "GET /v2.0/security-groups?id=470cbbd4-1674-459d-b2a0-cd0dd5fa93db&fields=id&fields=name HTTP/1.1" status: 200 len: 312 time: 0.0781527
2026-06-18 16:27:13.743 9 INFO neutron.wsgi [req-4b02dea2-3f7b-462d-9ba0-591dd88bbc8c req-ad570d32-4867-4a18-ab63-87ea27d67d8a 90470e2b3ace4fbebf91806f1b1f16d3 3a97edb0776f4e12932ca7f4fec70cbc - - default default] 10.0.0.28 "GET /v2.0/security-groups?id=9e4ff42c-77f1-44d9-83c6-558f2eb87094&fields=id&fields=name HTTP/1.1" status: 200 len: 313 time: 0.0800159
2026-06-18 16:27:13.782 10 INFO neutron.notifiers.nova [-] Nova event matching ['req-071014fa-2ad6-4e58-94ea-8e64e76d1f63'] response: {'name': 'network-changed', 'server_uuid': '75eec0c6-8363-4276-9faf-cf6ac4054a6a', 'tag': 'f46ea5a4-63b5-409e-b4c8-5f1e49379180', 'status': 'completed', 'code': 200}
2026-06-18 16:27:13.847 10 INFO neutron.wsgi [req-71ecdb6c-4681-4423-851e-3ad008b22a2a req-a5ea76f5-5896-46f6-b584-016369bef3f6 904dfcd0042142e5896a667eef09f1ad 1b0811b8348d4d22b803316b5a75872a - - 4df68552b8fc48988c746818700f8910 4df68552b8fc48988c746818700f8910] 199.19.213.203 "GET /v2.0/ports?tenant_id=df7bce441f494989ac0d5991fb0e82e7&device_id=75eec0c6-8363-4276-9faf-cf6ac4054a6a HTTP/1.1" status: 200 len: 1365 time: 0.0476284
2026-06-18 16:27:13.948 10 INFO neutron.wsgi [req-71ecdb6c-4681-4423-851e-3ad008b22a2a req-957a7c2a-11ee-4ca9-8bf8-07699ef9ea93 904dfcd0042142e5896a667eef09f1ad 1b0811b8348d4d22b803316b5a75872a - - 4df68552b8fc48988c746818700f8910 4df68552b8fc48988c746818700f8910] 199.19.213.203 "GET /v2.0/networks?id=aaef13f5-3fa2-48b0-809c-d119a16bd3ad HTTP/1.1" status: 200 len: 982 time: 0.0917532
2026-06-18 16:27:13.998 10 INFO neutron.wsgi [req-71ecdb6c-4681-4423-851e-3ad008b22a2a req-92ab9503-6253-4301-818d-5e4d51c602a3 904dfcd0042142e5896a667eef09f1ad 1b0811b8348d4d22b803316b5a75872a - - 4df68552b8fc48988c746818700f8910 4df68552b8fc48988c746818700f8910] 199.19.213.203 "GET /v2.0/floatingips?fixed_ip_address=10.100.0.14&port_id=f46ea5a4-63b5-409e-b4c8-5f1e49379180 HTTP/1.1" status: 200 len: 1060 time: 0.0438087
2026-06-18 16:27:14.055 10 INFO neutron.wsgi [req-71ecdb6c-4681-4423-851e-3ad008b22a2a req-bec45fc3-ef2a-44bc-ae5c-96d7c64a863b 904dfcd0042142e5896a667eef09f1ad 1b0811b8348d4d22b803316b5a75872a - - 4df68552b8fc48988c746818700f8910 4df68552b8fc48988c746818700f8910] 199.19.213.203 "GET /v2.0/subnets?id=6dcb7d79-5484-44c6-9bbb-b3bb75411091 HTTP/1.1" status: 200 len: 877 time: 0.0508170
2026-06-18 16:27:14.097 10 INFO neutron.wsgi [req-71ecdb6c-4681-4423-851e-3ad008b22a2a req-edad3198-12aa-4ea5-b49e-348ecfb82709 904dfcd0042142e5896a667eef09f1ad 1b0811b8348d4d22b803316b5a75872a - - 4df68552b8fc48988c746818700f8910 4df68552b8fc48988c746818700f8910] 199.19.213.203 "GET /v2.0/ports?network_id=aaef13f5-3fa2-48b0-809c-d119a16bd3ad&device_owner=network%3Adhcp HTTP/1.1" status: 200 len: 210 time: 0.0360291
2026-06-18 16:27:14.177 10 INFO neutron.plugins.ml2.drivers.ovn.mech_driver.mech_driver [None req-80484ea4-37af-413e-92b6-1c989940594e - - - - - -] OVN reports status down for port: 64a168c2-23d6-4ae6-b1af-7aad53d65204
2026-06-18 16:27:14.182 10 INFO neutron.wsgi [req-71ecdb6c-4681-4423-851e-3ad008b22a2a req-711d3b8b-f39c-4f35-9ac2-5421221e712a 904dfcd0042142e5896a667eef09f1ad 1b0811b8348d4d22b803316b5a75872a - - 4df68552b8fc48988c746818700f8910 4df68552b8fc48988c746818700f8910] 199.19.213.203 "GET /v2.0/networks/aaef13f5-3fa2-48b0-809c-d119a16bd3ad?fields=segments HTTP/1.1" status: 200 len: 212 time: 0.0795538
2026-06-18 16:27:14.187 9 INFO neutron.wsgi [req-2dea5839-7dee-4ed4-8ed8-b0b5fbe6a62d req-1029154d-16af-4d3a-b937-0d19aacb63a6 90470e2b3ace4fbebf91806f1b1f16d3 3a97edb0776f4e12932ca7f4fec70cbc - - default default] 10.0.0.28 "GET /v2.0/ports?device_id=879700f6-4210-4a72-b507-58de5a952a87 HTTP/1.1" status: 200 len: 1174 time: 0.0925672
2026-06-18 16:27:14.243 9 INFO neutron.wsgi [req-2dea5839-7dee-4ed4-8ed8-b0b5fbe6a62d req-9e914a5a-b92f-4e98-84d4-70890b7a841a 90470e2b3ace4fbebf91806f1b1f16d3 3a97edb0776f4e12932ca7f4fec70cbc - - default default] 10.0.0.28 "GET /v2.0/security-groups?id=9e4ff42c-77f1-44d9-83c6-558f2eb87094&fields=id&fields=name HTTP/1.1" status: 200 len: 313 time: 0.0504997
2026-06-18 16:27:14.310 10 INFO neutron.wsgi [req-71ecdb6c-4681-4423-851e-3ad008b22a2a req-cac21c2d-e142-47f3-970e-c2f3b00c1fc3 904dfcd0042142e5896a667eef09f1ad 1b0811b8348d4d22b803316b5a75872a - - 4df68552b8fc48988c746818700f8910 4df68552b8fc48988c746818700f8910] 199.19.213.203 "GET /v2.0/networks/aaef13f5-3fa2-48b0-809c-d119a16bd3ad?fields=provider%3Aphysical_network&fields=provider%3Anetwork_type HTTP/1.1" status: 200 len: 277 time: 0.1065745
2026-06-18 16:27:14.559 10 INFO neutron.wsgi [req-e03b54fd-2206-427e-ac6b-6e33f79ab5d2 req-104d5d2e-f85b-4dd4-9eb4-d0ab35bc6b2c 90470e2b3ace4fbebf91806f1b1f16d3 3a97edb0776f4e12932ca7f4fec70cbc - - default default] 199.19.213.203 "GET /v2.0/ports?device_id=879700f6-4210-4a72-b507-58de5a952a87 HTTP/1.1" status: 200 len: 1172 time: 0.1186323
2026-06-18 16:27:14.604 10 INFO neutron.db.ovn_revision_numbers_db [None req-80484ea4-37af-413e-92b6-1c989940594e - - - - - -] Successfully bumped revision number for resource 64a168c2-23d6-4ae6-b1af-7aad53d65204 (type: ports) to 5
2026-06-18 16:27:14.637 9 INFO neutron.notifiers.nova [-] Nova event matching ['req-19e77cf1-0ef1-44a0-b7d4-20e0227862a3'] response: {'name': 'network-changed', 'server_uuid': '879700f6-4210-4a72-b507-58de5a952a87', 'tag': '64a168c2-23d6-4ae6-b1af-7aad53d65204', 'status': 'completed', 'code': 200}
2026-06-18 16:27:14.728 9 INFO neutron.wsgi [req-a18ce7ef-ee3b-434e-aac7-b90a987bb1b4 req-291fba1a-bed7-4b13-8b25-e0d955a447bb 904dfcd0042142e5896a667eef09f1ad 1b0811b8348d4d22b803316b5a75872a - - 4df68552b8fc48988c746818700f8910 4df68552b8fc48988c746818700f8910] 199.19.213.203 "GET /v2.0/ports?tenant_id=3a97edb0776f4e12932ca7f4fec70cbc&device_id=879700f6-4210-4a72-b507-58de5a952a87 HTTP/1.1" status: 200 len: 1363 time: 0.0641792
2026-06-18 16:27:14.747 9 INFO neutron.wsgi [-] 10.0.0.135 "GET / HTTP/1.1" status: 200 len: 247 time: 0.0015430
2026-06-18 16:27:14.749 9 INFO neutron.wsgi [-] 10.0.0.135 "GET / HTTP/1.1" status: 200 len: 247 time: 0.0012562
2026-06-18 16:27:14.772 9 INFO neutron.db.ovn_revision_numbers_db [None req-802d8ed5-da84-4dfb-9bf1-82c24a7b62dc 1a7579f1968d4b94adea2a3f5c5662f4 ac7784256f2b4d08b307a7517c1cbc8c - - - -] Successfully bumped revision number for resource 867a40ed-0a24-4915-b589-a62b16e4e444 (type: security_groups) to 1
2026-06-18 16:27:14.840 9 INFO neutron.wsgi [req-a18ce7ef-ee3b-434e-aac7-b90a987bb1b4 req-6cf8b57a-e17e-4ffc-9a97-48cc5e6db50b 904dfcd0042142e5896a667eef09f1ad 1b0811b8348d4d22b803316b5a75872a - - 4df68552b8fc48988c746818700f8910 4df68552b8fc48988c746818700f8910] 199.19.213.203 "GET /v2.0/networks?id=4f71ae03-5c9c-4471-9ab4-e494c43021ef HTTP/1.1" status: 200 len: 968 time: 0.1042235
2026-06-18 16:27:14.843 9 INFO neutron.db.segments_db [None req-802d8ed5-da84-4dfb-9bf1-82c24a7b62dc 1a7579f1968d4b94adea2a3f5c5662f4 ac7784256f2b4d08b307a7517c1cbc8c - - - -] Added segment b7abbcfd-6d3d-45b8-9340-12a88cc02368 of type geneve for network 2f8d8565-1f62-47a4-93a0-b8ebb5dfcfc9
2026-06-18 16:27:14.923 10 INFO neutron.db.l3_db [None req-b4557be5-3223-4a17-8c22-8a56ef5605e7 90470e2b3ace4fbebf91806f1b1f16d3 3a97edb0776f4e12932ca7f4fec70cbc - - - -] Floating IP 805d30eb-3bfb-412a-9f6d-b3548df2eac3 disassociated. External IP: 10.96.250.211, port: 64a168c2-23d6-4ae6-b1af-7aad53d65204.
2026-06-18 16:27:14.983 9 INFO neutron.wsgi [req-a18ce7ef-ee3b-434e-aac7-b90a987bb1b4 req-63461285-622e-4093-8a78-9582788f5184 904dfcd0042142e5896a667eef09f1ad 1b0811b8348d4d22b803316b5a75872a - - 4df68552b8fc48988c746818700f8910 4df68552b8fc48988c746818700f8910] 199.19.213.203 "GET /v2.0/floatingips?fixed_ip_address=10.100.0.13&port_id=64a168c2-23d6-4ae6-b1af-7aad53d65204 HTTP/1.1" status: 200 len: 1058 time: 0.1329677 /var/lib/openstack/lib/python3.10/site-packages/pycadf/identifier.py:71: UserWarning: Invalid uuid: neutron. To ensure interoperability, identifiers should be a valid uuid. warnings.warn(('Invalid uuid: %s. To ensure interoperability, '
2026-06-18 16:27:15.045 9 INFO neutron.wsgi [req-a18ce7ef-ee3b-434e-aac7-b90a987bb1b4 req-057bd595-c7cd-4d3e-9105-9ed966d864f6 904dfcd0042142e5896a667eef09f1ad 1b0811b8348d4d22b803316b5a75872a - - 4df68552b8fc48988c746818700f8910 4df68552b8fc48988c746818700f8910] 199.19.213.203 "GET /v2.0/subnets?id=fac39ae8-046b-4b62-aedb-d31d53f7999c HTTP/1.1" status: 200 len: 863 time: 0.0540559
2026-06-18 16:27:15.101 9 INFO neutron.wsgi [req-a18ce7ef-ee3b-434e-aac7-b90a987bb1b4 req-c6812139-8f84-442b-a210-c0f6801a9cb0 904dfcd0042142e5896a667eef09f1ad 1b0811b8348d4d22b803316b5a75872a - - 4df68552b8fc48988c746818700f8910 4df68552b8fc48988c746818700f8910] 199.19.213.203 "GET /v2.0/ports?network_id=4f71ae03-5c9c-4471-9ab4-e494c43021ef&device_owner=network%3Adhcp HTTP/1.1" status: 200 len: 210 time: 0.0464368
2026-06-18 16:27:15.135 9 INFO neutron.db.ovn_revision_numbers_db [None req-802d8ed5-da84-4dfb-9bf1-82c24a7b62dc 1a7579f1968d4b94adea2a3f5c5662f4 ac7784256f2b4d08b307a7517c1cbc8c - - - -] Successfully bumped revision number for resource 2f8d8565-1f62-47a4-93a0-b8ebb5dfcfc9 (type: networks) to 1
2026-06-18 16:27:15.151 10 INFO neutron.wsgi [None req-b4557be5-3223-4a17-8c22-8a56ef5605e7 90470e2b3ace4fbebf91806f1b1f16d3 3a97edb0776f4e12932ca7f4fec70cbc - - - -] 199.19.213.203 "DELETE /v2.0/ports/64a168c2-23d6-4ae6-b1af-7aad53d65204 HTTP/1.1" status: 204 len: 173 time: 0.5878382
2026-06-18 16:27:15.202 9 INFO neutron.wsgi [req-a18ce7ef-ee3b-434e-aac7-b90a987bb1b4 req-91a3fe61-6109-4f75-84fe-fb996e6f71f7 904dfcd0042142e5896a667eef09f1ad 1b0811b8348d4d22b803316b5a75872a - - 4df68552b8fc48988c746818700f8910 4df68552b8fc48988c746818700f8910] 199.19.213.203 "GET /v2.0/networks/4f71ae03-5c9c-4471-9ab4-e494c43021ef?fields=segments HTTP/1.1" status: 200 len: 212 time: 0.0903735
2026-06-18 16:27:15.298 9 INFO neutron.wsgi [req-a18ce7ef-ee3b-434e-aac7-b90a987bb1b4 req-9a3790e0-bc15-425e-a9fa-c357d826949a 904dfcd0042142e5896a667eef09f1ad 1b0811b8348d4d22b803316b5a75872a - - 4df68552b8fc48988c746818700f8910 4df68552b8fc48988c746818700f8910] 199.19.213.203 "GET /v2.0/networks/4f71ae03-5c9c-4471-9ab4-e494c43021ef?fields=provider%3Aphysical_network&fields=provider%3Anetwork_type HTTP/1.1" status: 200 len: 277 time: 0.0884349
2026-06-18 16:27:15.341 9 INFO neutron.wsgi [req-65cdeaf2-7b2f-4580-8436-9472f1bc23d3 req-c810f27a-4318-46d4-8505-d95032460d1f 90470e2b3ace4fbebf91806f1b1f16d3 3a97edb0776f4e12932ca7f4fec70cbc - - default default] 10.0.0.28 "GET /v2.0/ports?device_id=879700f6-4210-4a72-b507-58de5a952a87 HTTP/1.1" status: 200 len: 210 time: 0.0220721
2026-06-18 16:27:15.376 9 WARNING neutron.scheduler.dhcp_agent_scheduler [None req-802d8ed5-da84-4dfb-9bf1-82c24a7b62dc 1a7579f1968d4b94adea2a3f5c5662f4 ac7784256f2b4d08b307a7517c1cbc8c - - - -] No more DHCP agents
2026-06-18 16:27:15.378 9 WARNING neutron.api.rpc.agentnotifiers.dhcp_rpc_agent_api [None req-802d8ed5-da84-4dfb-9bf1-82c24a7b62dc 1a7579f1968d4b94adea2a3f5c5662f4 ac7784256f2b4d08b307a7517c1cbc8c - - - -] Unable to schedule network 2f8d8565-1f62-47a4-93a0-b8ebb5dfcfc9: no agents available; will retry on subsequent port and subnet creation events.
2026-06-18 16:27:15.452 9 INFO neutron.db.ovn_revision_numbers_db [None req-802d8ed5-da84-4dfb-9bf1-82c24a7b62dc 1a7579f1968d4b94adea2a3f5c5662f4 ac7784256f2b4d08b307a7517c1cbc8c - - - -] Successfully bumped revision number for resource ba21ea41-3e53-4fd0-a328-25f29f0538cf (type: ports) to 1
2026-06-18 16:27:15.475 9 INFO neutron.wsgi [None req-802d8ed5-da84-4dfb-9bf1-82c24a7b62dc 1a7579f1968d4b94adea2a3f5c5662f4 ac7784256f2b4d08b307a7517c1cbc8c - - - -] 10.0.0.138 "POST /v2.0/networks HTTP/1.1" status: 201 len: 946 time: 1.1023512
2026-06-18 16:27:15.826 10 INFO neutron.notifiers.nova [-] Nova event matching ['req-5dcb79d6-995e-4e45-a9bf-336c58822ea2'] response: {'server_uuid': '879700f6-4210-4a72-b507-58de5a952a87', 'name': 'network-vif-unplugged', 'status': 'completed', 'tag': '64a168c2-23d6-4ae6-b1af-7aad53d65204', 'code': 200}
2026-06-18 16:27:15.826 10 INFO neutron.notifiers.nova [-] Nova event matching ['req-5dcb79d6-995e-4e45-a9bf-336c58822ea2'] response: {'server_uuid': '879700f6-4210-4a72-b507-58de5a952a87', 'name': 'network-vif-plugged', 'status': 'completed', 'tag': '64a168c2-23d6-4ae6-b1af-7aad53d65204', 'code': 200}
2026-06-18 16:27:15.827 10 INFO neutron.notifiers.nova [-] Nova event matching ['req-5dcb79d6-995e-4e45-a9bf-336c58822ea2'] response: {'server_uuid': '879700f6-4210-4a72-b507-58de5a952a87', 'name': 'network-vif-deleted', 'tag': '64a168c2-23d6-4ae6-b1af-7aad53d65204', 'status': 'completed', 'code': 200}
2026-06-18 16:27:15.871 9 WARNING neutron.scheduler.dhcp_agent_scheduler [None req-c2e3dd20-7599-4dfd-a4ae-5b040db9297e 1a7579f1968d4b94adea2a3f5c5662f4 ac7784256f2b4d08b307a7517c1cbc8c - - - -] No more DHCP agents
2026-06-18 16:27:15.874 9 WARNING neutron.api.rpc.agentnotifiers.dhcp_rpc_agent_api [None req-c2e3dd20-7599-4dfd-a4ae-5b040db9297e 1a7579f1968d4b94adea2a3f5c5662f4 ac7784256f2b4d08b307a7517c1cbc8c - - - -] Unable to schedule network 2f8d8565-1f62-47a4-93a0-b8ebb5dfcfc9: no agents available; will retry on subsequent port and subnet creation events. /var/lib/openstack/lib/python3.10/site-packages/pycadf/identifier.py:71: UserWarning: Invalid uuid: neutron. To ensure interoperability, identifiers should be a valid uuid. warnings.warn(('Invalid uuid: %s. To ensure interoperability, '
2026-06-18 16:27:16.316 10 INFO neutron.db.ovn_revision_numbers_db [None req-e40ddae4-a2de-4ccf-9741-ff58cb8acd05 1a7579f1968d4b94adea2a3f5c5662f4 ac7784256f2b4d08b307a7517c1cbc8c - - default default] Successfully bumped revision number for resource 97ee8296-6834-40ea-90e3-af1ea5b4757e (type: security_groups) to 1
2026-06-18 16:27:16.321 9 INFO neutron.db.ovn_revision_numbers_db [None req-c2e3dd20-7599-4dfd-a4ae-5b040db9297e 1a7579f1968d4b94adea2a3f5c5662f4 ac7784256f2b4d08b307a7517c1cbc8c - - - -] Successfully bumped revision number for resource ba21ea41-3e53-4fd0-a328-25f29f0538cf (type: ports) to 2
2026-06-18 16:27:16.335 9 INFO neutron.db.ovn_revision_numbers_db [None req-c2e3dd20-7599-4dfd-a4ae-5b040db9297e 1a7579f1968d4b94adea2a3f5c5662f4 ac7784256f2b4d08b307a7517c1cbc8c - - - -] Successfully bumped revision number for resource b94cb5b6-d5e6-417d-95c4-6ed73a0d3572 (type: subnets) to 0
2026-06-18 16:27:16.340 10 INFO neutron.wsgi [None req-e40ddae4-a2de-4ccf-9741-ff58cb8acd05 1a7579f1968d4b94adea2a3f5c5662f4 ac7784256f2b4d08b307a7517c1cbc8c - - default default] 10.0.0.138 "GET /v2.0/security-groups?tenant_id=99d0bed18691490584e62c77b983b804&name=default HTTP/1.1" status: 200 len: 2996 time: 0.2924418
2026-06-18 16:27:16.354 9 INFO neutron.wsgi [None req-c2e3dd20-7599-4dfd-a4ae-5b040db9297e 1a7579f1968d4b94adea2a3f5c5662f4 ac7784256f2b4d08b307a7517c1cbc8c - - - -] 10.0.0.138 "POST /v2.0/subnets HTTP/1.1" status: 201 len: 866 time: 0.8722043
2026-06-18 16:27:16.521 9 INFO neutron.wsgi [None req-cad8d824-83eb-4b4b-9bcf-16d709791d39 1a7579f1968d4b94adea2a3f5c5662f4 ac7784256f2b4d08b307a7517c1cbc8c - - - -] 10.0.0.138 "DELETE /v2.0/security-groups/97ee8296-6834-40ea-90e3-af1ea5b4757e HTTP/1.1" status: 204 len: 168 time: 0.1752231
2026-06-18 16:27:16.893 10 INFO neutron.wsgi [None req-9980853a-c4dc-449a-9de9-babf1eb07745 90470e2b3ace4fbebf91806f1b1f16d3 3a97edb0776f4e12932ca7f4fec70cbc - - - -] 10.0.0.138 "DELETE /v2.0/security-groups/9e4ff42c-77f1-44d9-83c6-558f2eb87094 HTTP/1.1" status: 204 len: 168 time: 0.4775593
2026-06-18 16:27:16.914 9 INFO neutron.api.v2.resource [None req-9c97ded4-f1a8-4cbc-9e29-3723c5995f43 90470e2b3ace4fbebf91806f1b1f16d3 3a97edb0776f4e12932ca7f4fec70cbc - - default default] show failed (client error): The resource could not be found.
2026-06-18 16:27:16.916 9 INFO neutron.wsgi [None req-9c97ded4-f1a8-4cbc-9e29-3723c5995f43 90470e2b3ace4fbebf91806f1b1f16d3 3a97edb0776f4e12932ca7f4fec70cbc - - default default] 10.0.0.138 "GET /v2.0/security-groups/9e4ff42c-77f1-44d9-83c6-558f2eb87094 HTTP/1.1" status: 404 len: 347 time: 0.0175760
2026-06-18 16:27:17.123 10 WARNING neutron.scheduler.dhcp_agent_scheduler [None req-108c100d-ecee-4ee1-8c4d-a512144891f2 1a7579f1968d4b94adea2a3f5c5662f4 ac7784256f2b4d08b307a7517c1cbc8c - - - -] No more DHCP agents
2026-06-18 16:27:17.125 10 WARNING neutron.api.rpc.agentnotifiers.dhcp_rpc_agent_api [None req-108c100d-ecee-4ee1-8c4d-a512144891f2 1a7579f1968d4b94adea2a3f5c5662f4 ac7784256f2b4d08b307a7517c1cbc8c - - - -] Unable to schedule network 76aa89d5-b2c9-4704-a82b-d82dba299687: no agents available; will retry on subsequent port and subnet creation events.
2026-06-18 16:27:17.234 10 INFO neutron.db.ovn_revision_numbers_db [None req-108c100d-ecee-4ee1-8c4d-a512144891f2 1a7579f1968d4b94adea2a3f5c5662f4 ac7784256f2b4d08b307a7517c1cbc8c - - - -] Successfully bumped revision number for resource 1be45b88-9f8f-47e2-b193-4062952b4745 (type: ports) to 1
2026-06-18 16:27:17.282 9 INFO neutron.wsgi [None req-ea7685f3-f7c5-4f7f-893b-4ea607ab7c33 90470e2b3ace4fbebf91806f1b1f16d3 3a97edb0776f4e12932ca7f4fec70cbc - - - -] 10.0.0.138 "DELETE /v2.0/floatingips/805d30eb-3bfb-412a-9f6d-b3548df2eac3 HTTP/1.1" status: 204 len: 168 time: 0.3592348
2026-06-18 16:27:17.846 10 INFO neutron.plugins.ml2.drivers.ovn.mech_driver.mech_driver [None req-80484ea4-37af-413e-92b6-1c989940594e - - - - - -] OVN reports status up for port: 1be45b88-9f8f-47e2-b193-4062952b4745
2026-06-18 16:27:17.874 10 INFO neutron.db.ovn_revision_numbers_db [None req-108c100d-ecee-4ee1-8c4d-a512144891f2 1a7579f1968d4b94adea2a3f5c5662f4 ac7784256f2b4d08b307a7517c1cbc8c - - - -] Successfully bumped revision number for resource 1be45b88-9f8f-47e2-b193-4062952b4745 (type: router_ports) to 1
2026-06-18 16:27:17.876 10 INFO neutron.plugins.ml2.plugin [None req-80484ea4-37af-413e-92b6-1c989940594e - - - - - -] Attempt 1 to provision port 1be45b88-9f8f-47e2-b193-4062952b4745
2026-06-18 16:27:17.880 9 INFO neutron.plugins.ml2.drivers.ovn.mech_driver.ovsdb.ovsdb_monitor [None req-42cf4e08-fd64-4c36-b16d-2a64a10148d0 - - - - - -] Router 0ad6fabe-ac70-4bdf-8d63-7989c75fa394 is bound to host instance
2026-06-18 16:27:17.980 10 INFO neutron.db.ovn_revision_numbers_db [None req-108c100d-ecee-4ee1-8c4d-a512144891f2 1a7579f1968d4b94adea2a3f5c5662f4 ac7784256f2b4d08b307a7517c1cbc8c - - - -] Successfully bumped revision number for resource 0ad6fabe-ac70-4bdf-8d63-7989c75fa394 (type: routers) to 3
2026-06-18 16:27:17.994 10 INFO neutron.wsgi [None req-108c100d-ecee-4ee1-8c4d-a512144891f2 1a7579f1968d4b94adea2a3f5c5662f4 ac7784256f2b4d08b307a7517c1cbc8c - - - -] 10.0.0.138 "POST /v2.0/routers HTTP/1.1" status: 201 len: 877 time: 1.6336958
2026-06-18 16:27:18.454 10 WARNING neutron.scheduler.dhcp_agent_scheduler [None req-c83fba5a-ffa0-45e2-89b3-cae529d6ebc4 1a7579f1968d4b94adea2a3f5c5662f4 ac7784256f2b4d08b307a7517c1cbc8c - - default default] No more DHCP agents
2026-06-18 16:27:18.456 10 WARNING neutron.api.rpc.agentnotifiers.dhcp_rpc_agent_api [None req-c83fba5a-ffa0-45e2-89b3-cae529d6ebc4 1a7579f1968d4b94adea2a3f5c5662f4 ac7784256f2b4d08b307a7517c1cbc8c - - default default] Unable to schedule network 2f8d8565-1f62-47a4-93a0-b8ebb5dfcfc9: no agents available; will retry on subsequent port and subnet creation events.
2026-06-18 16:27:18.579 10 INFO neutron.db.ovn_revision_numbers_db [None req-c83fba5a-ffa0-45e2-89b3-cae529d6ebc4 1a7579f1968d4b94adea2a3f5c5662f4 ac7784256f2b4d08b307a7517c1cbc8c - - default default] Successfully bumped revision number for resource 175c9367-5f61-45b0-9d27-8c16373b532c (type: ports) to 1
2026-06-18 16:27:18.820 9 INFO neutron.db.ovn_revision_numbers_db [None req-42cf4e08-fd64-4c36-b16d-2a64a10148d0 - - - - - -] Successfully bumped revision number for resource 1be45b88-9f8f-47e2-b193-4062952b4745 (type: ports) to 1
2026-06-18 16:27:18.935 9 INFO neutron.wsgi [None req-5cd422eb-0566-4cfc-8cff-bb6014f9278e 1a7579f1968d4b94adea2a3f5c5662f4 ac7784256f2b4d08b307a7517c1cbc8c - - - -] 10.0.0.138 "PUT /v2.0/routers/53b33fac-3390-4c3f-a666-96a296855a89/remove_router_interface HTTP/1.1" status: 200 len: 503 time: 1.6479192 /var/lib/openstack/lib/python3.10/site-packages/pycadf/identifier.py:71: UserWarning: Invalid uuid: neutron. To ensure interoperability, identifiers should be a valid uuid. warnings.warn(('Invalid uuid: %s. To ensure interoperability, '
2026-06-18 16:27:19.054 10 INFO neutron.db.ovn_revision_numbers_db [None req-17d81e8c-e72e-4d64-b553-0065d4b35645 1a7579f1968d4b94adea2a3f5c5662f4 ac7784256f2b4d08b307a7517c1cbc8c - - default default] Successfully bumped revision number for resource 831c0bfb-93d0-4496-b0cf-5080bf591c9b (type: security_groups) to 1
2026-06-18 16:27:19.081 10 INFO neutron.wsgi [None req-17d81e8c-e72e-4d64-b553-0065d4b35645 1a7579f1968d4b94adea2a3f5c5662f4 ac7784256f2b4d08b307a7517c1cbc8c - - default default] 10.0.0.138 "GET /v2.0/security-groups?tenant_id=f37b9bbb012746c8b7126a8ca97ed9fe&name=default HTTP/1.1" status: 200 len: 2996 time: 0.3708329
2026-06-18 16:27:19.084 10 INFO neutron.db.ovn_revision_numbers_db [None req-c83fba5a-ffa0-45e2-89b3-cae529d6ebc4 1a7579f1968d4b94adea2a3f5c5662f4 ac7784256f2b4d08b307a7517c1cbc8c - - default default] Successfully bumped revision number for resource 175c9367-5f61-45b0-9d27-8c16373b532c (type: router_ports) to 2
2026-06-18 16:27:19.223 10 INFO neutron.db.ovn_revision_numbers_db [None req-c83fba5a-ffa0-45e2-89b3-cae529d6ebc4 1a7579f1968d4b94adea2a3f5c5662f4 ac7784256f2b4d08b307a7517c1cbc8c - - default default] Successfully bumped revision number for resource 175c9367-5f61-45b0-9d27-8c16373b532c (type: ports) to 2
2026-06-18 16:27:19.255 9 INFO neutron.db.ovn_revision_numbers_db [None req-42cf4e08-fd64-4c36-b16d-2a64a10148d0 - - - - - -] Successfully bumped revision number for resource 1be45b88-9f8f-47e2-b193-4062952b4745 (type: router_ports) to 3
2026-06-18 16:27:19.297 10 WARNING neutron.scheduler.dhcp_agent_scheduler [None req-c83fba5a-ffa0-45e2-89b3-cae529d6ebc4 1a7579f1968d4b94adea2a3f5c5662f4 ac7784256f2b4d08b307a7517c1cbc8c - - default default] No more DHCP agents
2026-06-18 16:27:19.299 10 WARNING neutron.api.rpc.agentnotifiers.dhcp_rpc_agent_api [None req-c83fba5a-ffa0-45e2-89b3-cae529d6ebc4 1a7579f1968d4b94adea2a3f5c5662f4 ac7784256f2b4d08b307a7517c1cbc8c - - default default] Unable to schedule network 2f8d8565-1f62-47a4-93a0-b8ebb5dfcfc9: no agents available; will retry on subsequent port and subnet creation events.
2026-06-18 16:27:19.324 10 INFO neutron.wsgi [None req-fdec109e-e173-4125-92bd-ef2020e4b26f 1a7579f1968d4b94adea2a3f5c5662f4 ac7784256f2b4d08b307a7517c1cbc8c - - - -] 10.0.0.138 "DELETE /v2.0/security-groups/831c0bfb-93d0-4496-b0cf-5080bf591c9b HTTP/1.1" status: 204 len: 168 time: 0.2381876
2026-06-18 16:27:19.457 9 INFO neutron.db.ovn_revision_numbers_db [None req-42cf4e08-fd64-4c36-b16d-2a64a10148d0 - - - - - -] Successfully bumped revision number for resource 1be45b88-9f8f-47e2-b193-4062952b4745 (type: ports) to 2
2026-06-18 16:27:19.838 9 INFO neutron.wsgi [None req-5139feca-40b5-41fd-9ae1-b4249af4b620 1a7579f1968d4b94adea2a3f5c5662f4 ac7784256f2b4d08b307a7517c1cbc8c - - - -] 10.0.0.138 "DELETE /v2.0/routers/53b33fac-3390-4c3f-a666-96a296855a89 HTTP/1.1" status: 204 len: 168 time: 0.8959963
2026-06-18 16:27:19.863 9 INFO neutron.db.ovn_revision_numbers_db [None req-42cf4e08-fd64-4c36-b16d-2a64a10148d0 - - - - - -] Successfully bumped revision number for resource 1be45b88-9f8f-47e2-b193-4062952b4745 (type: ports) to 4
2026-06-18 16:27:20.165 10 INFO neutron.db.ovn_revision_numbers_db [None req-c83fba5a-ffa0-45e2-89b3-cae529d6ebc4 1a7579f1968d4b94adea2a3f5c5662f4 ac7784256f2b4d08b307a7517c1cbc8c - - - -] Successfully bumped revision number for resource 175c9367-5f61-45b0-9d27-8c16373b532c (type: router_ports) to 2
2026-06-18 16:27:20.168 10 INFO neutron.wsgi [None req-c83fba5a-ffa0-45e2-89b3-cae529d6ebc4 1a7579f1968d4b94adea2a3f5c5662f4 ac7784256f2b4d08b307a7517c1cbc8c - - - -] 10.0.0.138 "PUT /v2.0/routers/0ad6fabe-ac70-4bdf-8d63-7989c75fa394/add_router_interface HTTP/1.1" status: 200 len: 503 time: 2.1683042
2026-06-18 16:27:20.377 9 INFO neutron.wsgi [None req-2679e249-37d4-4ff6-bb69-665247e58adb 1a7579f1968d4b94adea2a3f5c5662f4 ac7784256f2b4d08b307a7517c1cbc8c - - - -] 10.0.0.138 "DELETE /v2.0/subnets/fac39ae8-046b-4b62-aedb-d31d53f7999c HTTP/1.1" status: 204 len: 168 time: 0.5335104
2026-06-18 16:27:20.502 9 INFO neutron.db.ovn_revision_numbers_db [None req-42cf4e08-fd64-4c36-b16d-2a64a10148d0 - - - - - -] Successfully bumped revision number for resource 1be45b88-9f8f-47e2-b193-4062952b4745 (type: router_ports) to 4
2026-06-18 16:27:20.811 9 INFO neutron.services.segments.plugin [-] Segment c83c7721-ff30-409b-8d48-d949579d1427 resource provider aggregate not found
2026-06-18 16:27:20.818 9 INFO neutron.services.segments.plugin [-] Segment c83c7721-ff30-409b-8d48-d949579d1427 resource provider aggregate not found
2026-06-18 16:27:20.840 9 INFO neutron.services.segments.plugin [-] Segment c83c7721-ff30-409b-8d48-d949579d1427 resource provider not found; error: Placement Client Error (4xx): {"errors": [{"status": 404, "title": "Not Found", "detail": "The resource could not be found.\n\n No resource provider with uuid c83c7721-ff30-409b-8d48-d949579d1427 found for delete ", "request_id": "req-4759b32d-32c9-40a5-8de0-be5e9fdb19e2"}]}
