2026-06-18 16:29:10.446 9 INFO neutron.wsgi [None req-1f2c5775-d26e-47bd-8efa-8c06f18c658f 231d866e912e4f59aec1a50909d76536 d9d7902f8f794dd7a5440173e910b1e5 - - - -] 10.0.0.138 "PUT /v2.0/security-groups/7ce9f7ce-6a7b-4748-8e2a-9c80bf32296d/tags HTTP/1.1" status: 200 len: 210 time: 0.0474815
2026-06-18 16:29:10.511 10 INFO neutron.wsgi [None req-ce496201-f5c1-4105-abe8-3eab25e4cb88 231d866e912e4f59aec1a50909d76536 d9d7902f8f794dd7a5440173e910b1e5 - - - -] 10.0.0.138 "PUT /v2.0/security-groups/2f61b672-48be-463b-96da-b134b6ca1bba/tags HTTP/1.1" status: 200 len: 218 time: 0.0584767
2026-06-18 16:29:10.545 10 INFO neutron.wsgi [None req-72890e8f-b87d-4b3d-adbd-3654a6b320e3 231d866e912e4f59aec1a50909d76536 d9d7902f8f794dd7a5440173e910b1e5 - - - -] 10.0.0.138 "PUT /v2.0/security-groups/d7f0416a-e70c-4761-b1b8-880ea0a0ccb8/tags HTTP/1.1" status: 200 len: 227 time: 0.0287621
2026-06-18 16:29:10.582 10 INFO neutron.wsgi [None req-adc0a728-38f7-4b9a-ade3-3820648e4ffd 231d866e912e4f59aec1a50909d76536 d9d7902f8f794dd7a5440173e910b1e5 - - - -] 10.0.0.138 "PUT /v2.0/security-groups/9bc01f27-8000-4838-86f7-bd154fb643cf/tags HTTP/1.1" status: 200 len: 212 time: 0.0331521
2026-06-18 16:29:10.647 9 INFO neutron.wsgi [None req-ee56155d-16dd-4c24-8953-f8640de520df 231d866e912e4f59aec1a50909d76536 d9d7902f8f794dd7a5440173e910b1e5 - - default default] 10.0.0.138 "GET /v2.0/security-groups?tags=red HTTP/1.1" status: 200 len: 4813 time: 0.0578392
2026-06-18 16:29:10.706 10 INFO neutron.wsgi [None req-62e366ce-51a1-4d96-8d9d-2ae6fa96723d 231d866e912e4f59aec1a50909d76536 d9d7902f8f794dd7a5440173e910b1e5 - - default default] 10.0.0.138 "GET /v2.0/security-groups?tags=red%2Cblue HTTP/1.1" status: 200 len: 3289 time: 0.0537162
2026-06-18 16:29:10.750 10 INFO neutron.services.segments.plugin [-] Segment 6f0f9657-dda2-4acf-9ff0-5d9b1d10b0ae resource provider aggregate not found
2026-06-18 16:29:10.755 10 INFO neutron.services.segments.plugin [-] Segment 6f0f9657-dda2-4acf-9ff0-5d9b1d10b0ae resource provider aggregate not found
2026-06-18 16:29:10.767 9 INFO neutron.wsgi [None req-0d0e938a-c0d3-4e70-8790-016b5de401a8 231d866e912e4f59aec1a50909d76536 d9d7902f8f794dd7a5440173e910b1e5 - - default default] 10.0.0.138 "GET /v2.0/security-groups?tags-any=blue HTTP/1.1" status: 200 len: 3289 time: 0.0558505
2026-06-18 16:29:10.773 10 INFO neutron.services.segments.plugin [-] Segment 6f0f9657-dda2-4acf-9ff0-5d9b1d10b0ae resource provider not found; error: Placement Client Error (4xx): {"errors": [{"status": 404, "title": "Not Found", "detail": "The resource could not be found.\n\n No resource provider with uuid 6f0f9657-dda2-4acf-9ff0-5d9b1d10b0ae found for delete ", "request_id": "req-23ed25ef-b4e0-4bad-950e-a25d16c97329"}]}
2026-06-18 16:29:10.774 10 INFO neutron.services.segments.plugin [-] Segment 6f0f9657-dda2-4acf-9ff0-5d9b1d10b0ae resource provider not found; error: Placement Client Error (4xx): {"errors": [{"status": 404, "title": "Not Found", "detail": "The resource could not be found.\n\n No resource provider with uuid 6f0f9657-dda2-4acf-9ff0-5d9b1d10b0ae found for delete ", "request_id": "req-2af6d51f-0d44-4825-bf3e-aa8d394b5b0d"}]}
2026-06-18 16:29:10.801 10 INFO neutron.wsgi [None req-fe1f719e-58bc-43fc-a233-54e581c665b8 a04a38d1a2a045909bb4e5424b1dca6c f7e45f64305d433bb0cb2d3b9b1186bb - - - -] 10.0.0.138 "DELETE /v2.0/networks/92195a33-d77c-421b-a80a-0450f9894ad5 HTTP/1.1" status: 204 len: 168 time: 0.8876181
2026-06-18 16:29:10.839 9 INFO neutron.wsgi [None req-116d9cb6-431f-45bb-b214-ac469a3255f0 231d866e912e4f59aec1a50909d76536 d9d7902f8f794dd7a5440173e910b1e5 - - default default] 10.0.0.138 "GET /v2.0/security-groups?tags-any=red%2Cblue HTTP/1.1" status: 200 len: 4813 time: 0.0653689
2026-06-18 16:29:10.935 10 INFO neutron.wsgi [None req-fd30369f-e308-46f3-b6b8-787f6f1b4a38 231d866e912e4f59aec1a50909d76536 d9d7902f8f794dd7a5440173e910b1e5 - - default default] 10.0.0.138 "GET /v2.0/security-groups?not-tags=red HTTP/1.1" status: 200 len: 6041 time: 0.0905411
2026-06-18 16:29:11.011 9 INFO neutron.wsgi [None req-a132e0f7-8db5-4a37-9be2-90c76b414e43 231d866e912e4f59aec1a50909d76536 d9d7902f8f794dd7a5440173e910b1e5 - - default default] 10.0.0.138 "GET /v2.0/security-groups?not-tags=red%2Cblue HTTP/1.1" status: 200 len: 7565 time: 0.0695429
2026-06-18 16:29:11.091 9 INFO neutron.wsgi [None req-d71ab868-f20e-4b11-86c5-05df70b6a555 231d866e912e4f59aec1a50909d76536 d9d7902f8f794dd7a5440173e910b1e5 - - default default] 10.0.0.138 "GET /v2.0/security-groups?not-tags-any=blue HTTP/1.1" status: 200 len: 7565 time: 0.0746889
2026-06-18 16:29:11.175 9 INFO neutron.wsgi [req-f194f608-2d38-48c8-8579-c417396aaefc req-60e7d82d-fe99-424d-a97c-b8add74b15ea a6d831faa2444dddb7fdecf6d0e85a5a c2fdadef49f6414185deb2eeb53ef810 - - default default] 199.19.213.203 "GET /v2.0/networks?id=58dfc627-3f4f-4c16-8e7b-437a6b239ada HTTP/1.1" status: 200 len: 860 time: 0.0981789
2026-06-18 16:29:11.180 9 INFO neutron.wsgi [None req-650e9ef1-5608-4b22-9b74-d29ba4802942 231d866e912e4f59aec1a50909d76536 d9d7902f8f794dd7a5440173e910b1e5 - - default default] 10.0.0.138 "GET /v2.0/security-groups?not-tags-any=red%2Cblue HTTP/1.1" status: 200 len: 6041 time: 0.0821438
2026-06-18 16:29:11.238 9 INFO neutron.wsgi [req-f194f608-2d38-48c8-8579-c417396aaefc req-532fe4c6-6662-4269-b291-55d75d7e8404 a6d831faa2444dddb7fdecf6d0e85a5a c2fdadef49f6414185deb2eeb53ef810 - - default default] 199.19.213.203 "GET /v2.0/security-groups?fields=id&fields=name&tenant_id=c2fdadef49f6414185deb2eeb53ef810 HTTP/1.1" status: 200 len: 379 time: 0.0576541
2026-06-18 16:29:11.293 10 INFO neutron.wsgi [None req-79f9d412-4221-4cf5-ba97-bcaf2e4e0b0f a04a38d1a2a045909bb4e5424b1dca6c f7e45f64305d433bb0cb2d3b9b1186bb - - - -] 10.0.0.138 "DELETE /v2.0/networks/5e8a2568-f85c-46aa-b236-bc11d84253e9 HTTP/1.1" status: 204 len: 168 time: 0.4750247
2026-06-18 16:29:11.393 9 INFO neutron.wsgi [None req-f45c6aac-6ee8-4446-a49d-40754e06605f 231d866e912e4f59aec1a50909d76536 d9d7902f8f794dd7a5440173e910b1e5 - - - -] 10.0.0.138 "DELETE /v2.0/security-groups/7ce9f7ce-6a7b-4748-8e2a-9c80bf32296d HTTP/1.1" status: 204 len: 168 time: 0.2031248
2026-06-18 16:29:11.509 9 INFO neutron.wsgi [req-cbf1742a-6904-4850-b839-68870ca74796 req-f63a6dea-bc1d-408c-86f8-0ec6f36270ae a6d831faa2444dddb7fdecf6d0e85a5a c2fdadef49f6414185deb2eeb53ef810 - - default default] 10.0.0.28 "GET /v2.0/ports?device_id=7e6c24eb-2089-478e-a9da-fd792016b72d HTTP/1.1" status: 200 len: 210 time: 0.0515521
2026-06-18 16:29:11.525 10 INFO neutron.wsgi [None req-f8cbec7e-6539-405b-b173-415cd1fc722f 231d866e912e4f59aec1a50909d76536 d9d7902f8f794dd7a5440173e910b1e5 - - - -] 10.0.0.138 "DELETE /v2.0/security-groups/2f61b672-48be-463b-96da-b134b6ca1bba HTTP/1.1" status: 204 len: 168 time: 0.1207876
2026-06-18 16:29:11.656 10 INFO neutron.wsgi [None req-e858118f-12e4-4510-b336-5b11ea451d52 231d866e912e4f59aec1a50909d76536 d9d7902f8f794dd7a5440173e910b1e5 - - - -] 10.0.0.138 "DELETE /v2.0/security-groups/d7f0416a-e70c-4761-b1b8-880ea0a0ccb8 HTTP/1.1" status: 204 len: 168 time: 0.1272769
2026-06-18 16:29:11.775 9 WARNING neutron.scheduler.dhcp_agent_scheduler [None req-3580d5e8-276f-4b95-8808-fae32f07e186 a6d831faa2444dddb7fdecf6d0e85a5a c2fdadef49f6414185deb2eeb53ef810 - - - -] No more DHCP agents
2026-06-18 16:29:11.779 9 WARNING neutron.api.rpc.agentnotifiers.dhcp_rpc_agent_api [None req-3580d5e8-276f-4b95-8808-fae32f07e186 a6d831faa2444dddb7fdecf6d0e85a5a c2fdadef49f6414185deb2eeb53ef810 - - - -] Unable to schedule network 58dfc627-3f4f-4c16-8e7b-437a6b239ada: no agents available; will retry on subsequent port and subnet creation events.
2026-06-18 16:29:11.803 10 INFO neutron.wsgi [None req-f6238d13-108a-41c9-bf7f-d4d9882af442 231d866e912e4f59aec1a50909d76536 d9d7902f8f794dd7a5440173e910b1e5 - - - -] 10.0.0.138 "DELETE /v2.0/security-groups/9bc01f27-8000-4838-86f7-bd154fb643cf HTTP/1.1" status: 204 len: 168 time: 0.1406136
2026-06-18 16:29:11.889 9 INFO neutron.services.segments.plugin [-] Segment ad8ee15e-ac78-4d8d-b4ae-ffaa20926255 resource provider aggregate not found
2026-06-18 16:29:11.895 9 INFO neutron.services.segments.plugin [-] Segment ad8ee15e-ac78-4d8d-b4ae-ffaa20926255 resource provider aggregate not found
2026-06-18 16:29:11.930 9 INFO neutron.services.segments.plugin [-] Segment ad8ee15e-ac78-4d8d-b4ae-ffaa20926255 resource provider not found; error: Placement Client Error (4xx): {"errors": [{"status": 404, "title": "Not Found", "detail": "The resource could not be found.\n\n No resource provider with uuid ad8ee15e-ac78-4d8d-b4ae-ffaa20926255 found for delete ", "request_id": "req-6b2dc8c6-f7b5-4564-a884-53822fbea421"}]}
2026-06-18 16:29:11.932 9 INFO neutron.services.segments.plugin [-] Segment ad8ee15e-ac78-4d8d-b4ae-ffaa20926255 resource provider not found; error: Placement Client Error (4xx): {"errors": [{"status": 404, "title": "Not Found", "detail": "The resource could not be found.\n\n No resource provider with uuid ad8ee15e-ac78-4d8d-b4ae-ffaa20926255 found for delete ", "request_id": "req-eacf1c39-0251-4fcb-a415-8ed99a207989"}]}
2026-06-18 16:29:11.944 10 INFO neutron.wsgi [None req-7cf22213-f5de-4427-b14e-fddabc7bd9b3 231d866e912e4f59aec1a50909d76536 d9d7902f8f794dd7a5440173e910b1e5 - - - -] 10.0.0.138 "DELETE /v2.0/security-groups/22f040ba-086d-42a6-809e-2fce11413219 HTTP/1.1" status: 204 len: 168 time: 0.1365824
2026-06-18 16:29:11.971 9 INFO neutron.wsgi [None req-5da595bb-b3fb-4a43-a8b5-d43832cba4c5 a04a38d1a2a045909bb4e5424b1dca6c f7e45f64305d433bb0cb2d3b9b1186bb - - - -] 10.0.0.138 "DELETE /v2.0/networks/b28c4540-d860-4311-b87f-aae618315cc8 HTTP/1.1" status: 204 len: 168 time: 0.6713676
2026-06-18 16:29:12.035 9 INFO neutron.db.ovn_revision_numbers_db [None req-3580d5e8-276f-4b95-8808-fae32f07e186 a6d831faa2444dddb7fdecf6d0e85a5a c2fdadef49f6414185deb2eeb53ef810 - - - -] Successfully bumped revision number for resource 0d65979d-69ad-44af-8338-d2e8bd86d0f9 (type: ports) to 1
2026-06-18 16:29:12.070 9 INFO neutron.wsgi [None req-3580d5e8-276f-4b95-8808-fae32f07e186 a6d831faa2444dddb7fdecf6d0e85a5a c2fdadef49f6414185deb2eeb53ef810 - - - -] 199.19.213.203 "POST /v2.0/ports HTTP/1.1" status: 201 len: 1158 time: 0.8261833 /var/lib/openstack/lib/python3.10/site-packages/pycadf/identifier.py:71: UserWarning: Invalid uuid: neutron. To ensure interoperability, identifiers should be a valid uuid. warnings.warn(('Invalid uuid: %s. To ensure interoperability, '
2026-06-18 16:29:12.412 10 INFO neutron.wsgi [None req-92e18e28-7d68-4d4c-932e-745ab59f6ad6 a04a38d1a2a045909bb4e5424b1dca6c f7e45f64305d433bb0cb2d3b9b1186bb - - - -] 10.0.0.138 "DELETE /v2.0/networks/c936315c-9e20-4c28-8f6f-77526beaf2c3 HTTP/1.1" status: 204 len: 168 time: 0.4338806
2026-06-18 16:29:12.520 9 INFO neutron.db.ovn_revision_numbers_db [None req-3c2de8d4-b41e-4c56-93fb-5345ddb1763b 904dfcd0042142e5896a667eef09f1ad 1b0811b8348d4d22b803316b5a75872a - - - -] Successfully bumped revision number for resource 0d65979d-69ad-44af-8338-d2e8bd86d0f9 (type: ports) to 2 /var/lib/openstack/lib/python3.10/site-packages/pycadf/identifier.py:71: UserWarning: Invalid uuid: neutron. To ensure interoperability, identifiers should be a valid uuid. warnings.warn(('Invalid uuid: %s. To ensure interoperability, '
2026-06-18 16:29:12.634 9 INFO neutron.wsgi [req-116e4306-90b5-4fca-ae1b-8d028ba5cf26 req-69d3db83-449c-42b2-9e4e-7494205ee182 a6d831faa2444dddb7fdecf6d0e85a5a c2fdadef49f6414185deb2eeb53ef810 - - default default] 10.0.0.28 "GET /v2.0/ports?device_id=7e6c24eb-2089-478e-a9da-fd792016b72d HTTP/1.1" status: 200 len: 1168 time: 0.0420518
2026-06-18 16:29:12.705 9 INFO neutron.wsgi [req-116e4306-90b5-4fca-ae1b-8d028ba5cf26 req-e4226dfb-d2f6-470a-8adf-cf577a79070b a6d831faa2444dddb7fdecf6d0e85a5a c2fdadef49f6414185deb2eeb53ef810 - - default default] 10.0.0.28 "GET /v2.0/security-groups?id=8f239e59-971c-48fa-8cfe-e6d39eeece37&fields=id&fields=name HTTP/1.1" status: 200 len: 312 time: 0.0634050
2026-06-18 16:29:12.770 9 INFO neutron.db.ovn_revision_numbers_db [None req-3c2de8d4-b41e-4c56-93fb-5345ddb1763b 904dfcd0042142e5896a667eef09f1ad 1b0811b8348d4d22b803316b5a75872a - - - -] Successfully bumped revision number for resource 0d65979d-69ad-44af-8338-d2e8bd86d0f9 (type: ports) to 2
2026-06-18 16:29:12.790 9 INFO neutron.wsgi [None req-3c2de8d4-b41e-4c56-93fb-5345ddb1763b 904dfcd0042142e5896a667eef09f1ad 1b0811b8348d4d22b803316b5a75872a - - - -] 199.19.213.203 "PUT /v2.0/ports/0d65979d-69ad-44af-8338-d2e8bd86d0f9 HTTP/1.1" status: 200 len: 1328 time: 0.7145269
2026-06-18 16:29:12.791 10 INFO neutron.services.segments.plugin [-] Segment 50f567df-87e7-4cc4-b01f-c84366aad8bd resource provider aggregate not found
2026-06-18 16:29:12.802 10 INFO neutron.services.segments.plugin [-] Segment 50f567df-87e7-4cc4-b01f-c84366aad8bd resource provider aggregate not found
2026-06-18 16:29:12.807 10 INFO neutron.services.segments.plugin [-] Segment 50f567df-87e7-4cc4-b01f-c84366aad8bd resource provider not found; error: Placement Client Error (4xx): {"errors": [{"status": 404, "title": "Not Found", "detail": "The resource could not be found.\n\n No resource provider with uuid 50f567df-87e7-4cc4-b01f-c84366aad8bd found for delete ", "request_id": "req-920a54c2-517f-4f30-845a-fc24e12718fa"}]}
2026-06-18 16:29:12.824 10 INFO neutron.services.segments.plugin [-] Segment 50f567df-87e7-4cc4-b01f-c84366aad8bd resource provider not found; error: Placement Client Error (4xx): {"errors": [{"status": 404, "title": "Not Found", "detail": "The resource could not be found.\n\n No resource provider with uuid 50f567df-87e7-4cc4-b01f-c84366aad8bd found for delete ", "request_id": "req-6511dec0-5c1d-4916-885d-8b00f1b989df"}]}
2026-06-18 16:29:12.829 10 INFO neutron.services.segments.plugin [-] Segment da230a88-8f68-4af8-9e97-69dad5e7777f resource provider aggregate not found /var/lib/openstack/lib/python3.10/site-packages/pycadf/identifier.py:71: UserWarning: Invalid uuid: neutron. To ensure interoperability, identifiers should be a valid uuid. warnings.warn(('Invalid uuid: %s. To ensure interoperability, '
2026-06-18 16:29:12.846 9 INFO neutron.notifiers.nova [-] Nova event matching ['req-b8248fe9-b84f-4f0a-ab97-3a2121950e75'] response: {'name': 'network-changed', 'server_uuid': '7e6c24eb-2089-478e-a9da-fd792016b72d', 'tag': '0d65979d-69ad-44af-8338-d2e8bd86d0f9', 'status': 'completed', 'code': 200}
2026-06-18 16:29:12.849 10 INFO neutron.services.segments.plugin [-] Segment da230a88-8f68-4af8-9e97-69dad5e7777f resource provider not found; error: Placement Client Error (4xx): {"errors": [{"status": 404, "title": "Not Found", "detail": "The resource could not be found.\n\n No resource provider with uuid da230a88-8f68-4af8-9e97-69dad5e7777f found for delete ", "request_id": "req-57dd0512-628d-4cde-b06d-118f7813df48"}]}
2026-06-18 16:29:12.863 10 INFO neutron.services.segments.plugin [-] Segment da230a88-8f68-4af8-9e97-69dad5e7777f resource provider aggregate not found
2026-06-18 16:29:12.879 9 INFO neutron.wsgi [req-f194f608-2d38-48c8-8579-c417396aaefc req-3d2ea068-f21c-4467-8517-feaf98490346 904dfcd0042142e5896a667eef09f1ad 1b0811b8348d4d22b803316b5a75872a - - 4df68552b8fc48988c746818700f8910 4df68552b8fc48988c746818700f8910] 199.19.213.203 "GET /v2.0/ports?tenant_id=c2fdadef49f6414185deb2eeb53ef810&device_id=7e6c24eb-2089-478e-a9da-fd792016b72d HTTP/1.1" status: 200 len: 1359 time: 0.0508101
2026-06-18 16:29:12.881 10 INFO neutron.services.segments.plugin [-] Segment da230a88-8f68-4af8-9e97-69dad5e7777f resource provider not found; error: Placement Client Error (4xx): {"errors": [{"status": 404, "title": "Not Found", "detail": "The resource could not be found.\n\n No resource provider with uuid da230a88-8f68-4af8-9e97-69dad5e7777f found for delete ", "request_id": "req-ee4f8c30-a8f4-4cd9-b2bc-a30b6df06f19"}]}
2026-06-18 16:29:12.923 9 INFO neutron.wsgi [req-f194f608-2d38-48c8-8579-c417396aaefc req-eb4ac671-d51a-44c3-8dc3-34432799944f 904dfcd0042142e5896a667eef09f1ad 1b0811b8348d4d22b803316b5a75872a - - 4df68552b8fc48988c746818700f8910 4df68552b8fc48988c746818700f8910] 199.19.213.203 "GET /v2.0/floatingips?fixed_ip_address=10.100.0.6&port_id=0d65979d-69ad-44af-8338-d2e8bd86d0f9 HTTP/1.1" status: 200 len: 217 time: 0.0374653
2026-06-18 16:29:12.971 9 WARNING neutron.plugins.ml2.drivers.ovn.mech_driver.ovsdb.ovn_client [None req-ae9029ba-6d85-4ed1-a594-03b511ad510c - - - - - -] No hosting information found for port d5a412ed-b839-49d0-8fdd-416ac6379305: RuntimeError: No hosting information found for port d5a412ed-b839-49d0-8fdd-416ac6379305
2026-06-18 16:29:12.977 9 INFO neutron.wsgi [req-f194f608-2d38-48c8-8579-c417396aaefc req-3e255d47-1d89-4573-969b-9761edf5dc79 904dfcd0042142e5896a667eef09f1ad 1b0811b8348d4d22b803316b5a75872a - - 4df68552b8fc48988c746818700f8910 4df68552b8fc48988c746818700f8910] 199.19.213.203 "GET /v2.0/subnets?id=a620a792-7444-4071-83dd-f92f0142c4be HTTP/1.1" status: 200 len: 852 time: 0.0481815
2026-06-18 16:29:13.011 9 INFO neutron.wsgi [req-f194f608-2d38-48c8-8579-c417396aaefc req-55884184-b874-4422-adfe-4894ecf9d6a2 904dfcd0042142e5896a667eef09f1ad 1b0811b8348d4d22b803316b5a75872a - - 4df68552b8fc48988c746818700f8910 4df68552b8fc48988c746818700f8910] 199.19.213.203 "GET /v2.0/ports?network_id=58dfc627-3f4f-4c16-8e7b-437a6b239ada&device_owner=network%3Adhcp HTTP/1.1" status: 200 len: 210 time: 0.0279427
2026-06-18 16:29:13.080 9 INFO neutron.wsgi [req-f194f608-2d38-48c8-8579-c417396aaefc req-c0517bf5-a00f-4b34-beb4-bb8b2facbb57 904dfcd0042142e5896a667eef09f1ad 1b0811b8348d4d22b803316b5a75872a - - 4df68552b8fc48988c746818700f8910 4df68552b8fc48988c746818700f8910] 199.19.213.203 "GET /v2.0/networks/58dfc627-3f4f-4c16-8e7b-437a6b239ada?fields=segments HTTP/1.1" status: 200 len: 212 time: 0.0604627
2026-06-18 16:29:13.127 10 INFO neutron.wsgi [None req-42435d9c-ebfd-4d00-9770-ff00828901c4 1a7579f1968d4b94adea2a3f5c5662f4 ac7784256f2b4d08b307a7517c1cbc8c - - default default] 10.0.0.138 "GET /v2.0/security-groups?tenant_id=f7e45f64305d433bb0cb2d3b9b1186bb&name=default HTTP/1.1" status: 200 len: 2996 time: 0.1631172
2026-06-18 16:29:13.155 9 INFO neutron.wsgi [req-f194f608-2d38-48c8-8579-c417396aaefc req-f107ef16-7cc5-4e63-80f4-54774ec6c7d7 904dfcd0042142e5896a667eef09f1ad 1b0811b8348d4d22b803316b5a75872a - - 4df68552b8fc48988c746818700f8910 4df68552b8fc48988c746818700f8910] 199.19.213.203 "GET /v2.0/networks/58dfc627-3f4f-4c16-8e7b-437a6b239ada?fields=provider%3Aphysical_network&fields=provider%3Anetwork_type HTTP/1.1" status: 200 len: 277 time: 0.0666721
2026-06-18 16:29:13.173 10 INFO neutron.db.ovn_revision_numbers_db [None req-aced37fa-12e0-4e84-a4eb-b51f00802200 1a7579f1968d4b94adea2a3f5c5662f4 ac7784256f2b4d08b307a7517c1cbc8c - - default default] Successfully bumped revision number for resource 790cb158-7097-4f8e-a4bd-570df91246d6 (type: security_groups) to 1
2026-06-18 16:29:13.203 10 INFO neutron.wsgi [None req-aced37fa-12e0-4e84-a4eb-b51f00802200 1a7579f1968d4b94adea2a3f5c5662f4 ac7784256f2b4d08b307a7517c1cbc8c - - default default] 10.0.0.138 "GET /v2.0/security-groups?tenant_id=8e3df8f6d08f462fa194d26a055f3fbc&name=default HTTP/1.1" status: 200 len: 2996 time: 0.2970471
2026-06-18 16:29:13.237 9 INFO neutron.wsgi [req-a48e024c-35fd-4c0f-921f-08b81785d7d5 req-904fb9ff-a0f1-4d6e-b400-f0e45f38f63f 904dfcd0042142e5896a667eef09f1ad 1b0811b8348d4d22b803316b5a75872a - - 4df68552b8fc48988c746818700f8910 4df68552b8fc48988c746818700f8910] 199.19.213.203 "GET /v2.0/ports?tenant_id=c2fdadef49f6414185deb2eeb53ef810&device_id=7e6c24eb-2089-478e-a9da-fd792016b72d HTTP/1.1" status: 200 len: 1359 time: 0.0378258
2026-06-18 16:29:13.324 9 INFO neutron.wsgi [req-a48e024c-35fd-4c0f-921f-08b81785d7d5 req-7a02f55e-1f0d-4f79-983d-e308f49d778e 904dfcd0042142e5896a667eef09f1ad 1b0811b8348d4d22b803316b5a75872a - - 4df68552b8fc48988c746818700f8910 4df68552b8fc48988c746818700f8910] 199.19.213.203 "GET /v2.0/networks?id=58dfc627-3f4f-4c16-8e7b-437a6b239ada HTTP/1.1" status: 200 len: 958 time: 0.0737684
2026-06-18 16:29:13.377 10 INFO neutron.plugins.ml2.drivers.ovn.mech_driver.mech_driver [None req-80484ea4-37af-413e-92b6-1c989940594e - - - - - -] OVN reports status up for port: 0d65979d-69ad-44af-8338-d2e8bd86d0f9
2026-06-18 16:29:13.386 9 INFO neutron.wsgi [req-a48e024c-35fd-4c0f-921f-08b81785d7d5 req-dddcf6d3-8382-4666-a94a-6755908c4d74 904dfcd0042142e5896a667eef09f1ad 1b0811b8348d4d22b803316b5a75872a - - 4df68552b8fc48988c746818700f8910 4df68552b8fc48988c746818700f8910] 199.19.213.203 "GET /v2.0/floatingips?fixed_ip_address=10.100.0.6&port_id=0d65979d-69ad-44af-8338-d2e8bd86d0f9 HTTP/1.1" status: 200 len: 217 time: 0.0446386
2026-06-18 16:29:13.403 10 INFO neutron.plugins.ml2.plugin [None req-80484ea4-37af-413e-92b6-1c989940594e - - - - - -] Attempt 1 to provision port 0d65979d-69ad-44af-8338-d2e8bd86d0f9
2026-06-18 16:29:13.430 9 INFO neutron.wsgi [req-a48e024c-35fd-4c0f-921f-08b81785d7d5 req-98efe1d8-e867-4ea1-a5d7-65f86873dac9 904dfcd0042142e5896a667eef09f1ad 1b0811b8348d4d22b803316b5a75872a - - 4df68552b8fc48988c746818700f8910 4df68552b8fc48988c746818700f8910] 199.19.213.203 "GET /v2.0/subnets?id=a620a792-7444-4071-83dd-f92f0142c4be HTTP/1.1" status: 200 len: 852 time: 0.0380559
2026-06-18 16:29:13.431 10 INFO neutron.wsgi [None req-662675ba-4e7e-4e20-8454-d41b5314c3df 1a7579f1968d4b94adea2a3f5c5662f4 ac7784256f2b4d08b307a7517c1cbc8c - - - -] 10.0.0.138 "DELETE /v2.0/security-groups/7161a0b2-d0e4-45de-8093-e675367e6a0d HTTP/1.1" status: 204 len: 168 time: 0.2978694
2026-06-18 16:29:13.474 9 INFO neutron.wsgi [req-a48e024c-35fd-4c0f-921f-08b81785d7d5 req-f9ae980d-e370-42d3-bed2-dac67fbf64fd 904dfcd0042142e5896a667eef09f1ad 1b0811b8348d4d22b803316b5a75872a - - 4df68552b8fc48988c746818700f8910 4df68552b8fc48988c746818700f8910] 199.19.213.203 "GET /v2.0/ports?network_id=58dfc627-3f4f-4c16-8e7b-437a6b239ada&device_owner=network%3Adhcp HTTP/1.1" status: 200 len: 210 time: 0.0379462
2026-06-18 16:29:13.507 10 INFO neutron.wsgi [None req-f0ca7a7f-767a-4610-8dfe-efdd15c80265 1a7579f1968d4b94adea2a3f5c5662f4 ac7784256f2b4d08b307a7517c1cbc8c - - - -] 10.0.0.138 "DELETE /v2.0/security-groups/790cb158-7097-4f8e-a4bd-570df91246d6 HTTP/1.1" status: 204 len: 168 time: 0.2963457
2026-06-18 16:29:13.561 10 INFO neutron.notifiers.nova [-] Nova event matching ['req-0c8a618d-4dfb-43d4-a55c-02e303aef333'] response: {'server_uuid': '7e6c24eb-2089-478e-a9da-fd792016b72d', 'name': 'network-vif-plugged', 'status': 'completed', 'tag': '0d65979d-69ad-44af-8338-d2e8bd86d0f9', 'code': 200}
2026-06-18 16:29:13.564 9 INFO neutron.wsgi [req-a48e024c-35fd-4c0f-921f-08b81785d7d5 req-1fec3b6a-39a1-429c-9695-1190d4878d3e 904dfcd0042142e5896a667eef09f1ad 1b0811b8348d4d22b803316b5a75872a - - 4df68552b8fc48988c746818700f8910 4df68552b8fc48988c746818700f8910] 199.19.213.203 "GET /v2.0/networks/58dfc627-3f4f-4c16-8e7b-437a6b239ada?fields=segments HTTP/1.1" status: 200 len: 212 time: 0.0814190
2026-06-18 16:29:13.661 9 INFO neutron.wsgi [req-a48e024c-35fd-4c0f-921f-08b81785d7d5 req-c6661d49-0978-4227-b81c-06e927d8c148 904dfcd0042142e5896a667eef09f1ad 1b0811b8348d4d22b803316b5a75872a - - 4df68552b8fc48988c746818700f8910 4df68552b8fc48988c746818700f8910] 199.19.213.203 "GET /v2.0/networks/58dfc627-3f4f-4c16-8e7b-437a6b239ada?fields=provider%3Aphysical_network&fields=provider%3Anetwork_type HTTP/1.1" status: 200 len: 277 time: 0.0908997
2026-06-18 16:29:13.755 10 INFO neutron.db.ovn_revision_numbers_db [None req-80484ea4-37af-413e-92b6-1c989940594e - - - - - -] Successfully bumped revision number for resource 0d65979d-69ad-44af-8338-d2e8bd86d0f9 (type: ports) to 4
2026-06-18 16:29:13.805 10 INFO neutron.wsgi [None req-83866131-b228-4048-8abe-458d26e66223 1a7579f1968d4b94adea2a3f5c5662f4 ac7784256f2b4d08b307a7517c1cbc8c - - default default] 10.0.0.138 "GET /v2.0/security-groups?tenant_id=d9d7902f8f794dd7a5440173e910b1e5&name=default HTTP/1.1" status: 200 len: 2996 time: 0.0566707
2026-06-18 16:29:13.809 9 INFO neutron.wsgi [req-488a0f92-23a9-4076-b7ff-2e9c34fbf8c9 req-a0fcb0fd-761c-4e6e-833c-a69162317247 a6d831faa2444dddb7fdecf6d0e85a5a c2fdadef49f6414185deb2eeb53ef810 - - default default] 10.0.0.28 "GET /v2.0/ports?device_id=7e6c24eb-2089-478e-a9da-fd792016b72d HTTP/1.1" status: 200 len: 1170 time: 0.0376339
2026-06-18 16:29:13.858 9 INFO neutron.wsgi [req-488a0f92-23a9-4076-b7ff-2e9c34fbf8c9 req-0c9d8fd5-e5c2-4ccc-8f09-295898cfd537 a6d831faa2444dddb7fdecf6d0e85a5a c2fdadef49f6414185deb2eeb53ef810 - - default default] 10.0.0.28 "GET /v2.0/security-groups?id=8f239e59-971c-48fa-8cfe-e6d39eeece37&fields=id&fields=name HTTP/1.1" status: 200 len: 312 time: 0.0399520
2026-06-18 16:29:14.040 10 INFO neutron.wsgi [None req-5c5c0ccc-73ec-4108-b9e0-7b78f777e6d9 1a7579f1968d4b94adea2a3f5c5662f4 ac7784256f2b4d08b307a7517c1cbc8c - - - -] 10.0.0.138 "DELETE /v2.0/security-groups/9c9bd731-7aa9-44dc-9e51-5a4817c2b47c HTTP/1.1" status: 204 len: 168 time: 0.2288229
2026-06-18 16:29:14.266 9 INFO neutron.db.ovn_revision_numbers_db [None req-a539aa86-e235-4e0d-a4b5-22d6118d01e0 1a7579f1968d4b94adea2a3f5c5662f4 ac7784256f2b4d08b307a7517c1cbc8c - - default default] Successfully bumped revision number for resource ef571f36-5f5b-4d93-a6a3-2e17dfadb097 (type: security_groups) to 1
2026-06-18 16:29:14.297 9 INFO neutron.wsgi [None req-a539aa86-e235-4e0d-a4b5-22d6118d01e0 1a7579f1968d4b94adea2a3f5c5662f4 ac7784256f2b4d08b307a7517c1cbc8c - - default default] 10.0.0.138 "GET /v2.0/security-groups?tenant_id=77f209b4580e43e68d6b06c9a3096f93&name=default HTTP/1.1" status: 200 len: 2996 time: 0.1375823
2026-06-18 16:29:14.525 9 INFO neutron.wsgi [None req-e3d57437-7146-4066-9778-b504e9b41e2a 1a7579f1968d4b94adea2a3f5c5662f4 ac7784256f2b4d08b307a7517c1cbc8c - - - -] 10.0.0.138 "DELETE /v2.0/security-groups/ef571f36-5f5b-4d93-a6a3-2e17dfadb097 HTTP/1.1" status: 204 len: 168 time: 0.2220774
2026-06-18 16:29:14.741 10 INFO neutron.wsgi [-] 10.0.0.135 "GET / HTTP/1.1" status: 200 len: 247 time: 0.0024085
2026-06-18 16:29:14.742 9 INFO neutron.wsgi [-] 10.0.0.135 "GET / HTTP/1.1" status: 200 len: 247 time: 0.0029342
2026-06-18 16:29:14.982 9 INFO neutron.wsgi [req-3eebc8e1-092b-493c-b7c6-8e49ff879800 req-72dbeb1c-f84c-4adf-8641-c0762997d08d a6d831faa2444dddb7fdecf6d0e85a5a c2fdadef49f6414185deb2eeb53ef810 - - default default] 10.0.0.28 "GET /v2.0/ports?device_id=7e6c24eb-2089-478e-a9da-fd792016b72d HTTP/1.1" status: 200 len: 1170 time: 0.0480049
2026-06-18 16:29:15.037 9 INFO neutron.wsgi [req-3eebc8e1-092b-493c-b7c6-8e49ff879800 req-1c3982e5-3ab0-484e-bce8-82e08e44ab2e a6d831faa2444dddb7fdecf6d0e85a5a c2fdadef49f6414185deb2eeb53ef810 - - default default] 10.0.0.28 "GET /v2.0/security-groups?id=8f239e59-971c-48fa-8cfe-e6d39eeece37&fields=id&fields=name HTTP/1.1" status: 200 len: 312 time: 0.0467429
2026-06-18 16:29:15.220 9 INFO neutron.wsgi [req-125b0157-65c8-470f-9ede-e91427733b11 req-d22d6a70-37d3-439d-af50-3d2cbc183eb4 a6d831faa2444dddb7fdecf6d0e85a5a c2fdadef49f6414185deb2eeb53ef810 - - default default] 10.0.0.28 "GET /v2.0/ports?device_id=7e6c24eb-2089-478e-a9da-fd792016b72d HTTP/1.1" status: 200 len: 1170 time: 0.1021292
2026-06-18 16:29:15.269 9 INFO neutron.wsgi [req-125b0157-65c8-470f-9ede-e91427733b11 req-f33c48df-77cd-4d51-a279-bd4fa5aa25ee a6d831faa2444dddb7fdecf6d0e85a5a c2fdadef49f6414185deb2eeb53ef810 - - default default] 10.0.0.28 "GET /v2.0/security-groups?id=8f239e59-971c-48fa-8cfe-e6d39eeece37&fields=id&fields=name HTTP/1.1" status: 200 len: 312 time: 0.0404532 /var/lib/openstack/lib/python3.10/site-packages/pycadf/identifier.py:71: UserWarning: Invalid uuid: neutron. To ensure interoperability, identifiers should be a valid uuid. warnings.warn(('Invalid uuid: %s. To ensure interoperability, '
2026-06-18 16:29:15.374 10 INFO neutron.wsgi [None req-d51eecb0-88d9-4a31-aabd-7cb99107e407 a396774ecf8f4075ad85937e6eacdb44 d896cd30c41049ec84de6cb75a06bcba - - default default] 10.0.0.138 "GET /v2.0/ports?device_id=7e6c24eb-2089-478e-a9da-fd792016b72d HTTP/1.1" status: 200 len: 1356 time: 0.0702062
2026-06-18 16:29:15.619 10 INFO neutron.notifiers.nova [-] Nova event matching ['req-32f24e63-5670-4c79-aec9-ac291256b49b'] response: {'server_uuid': '7e6c24eb-2089-478e-a9da-fd792016b72d', 'name': 'network-vif-plugged', 'status': 'completed', 'tag': '0d65979d-69ad-44af-8338-d2e8bd86d0f9', 'code': 200}
2026-06-18 16:29:15.699 10 WARNING neutron.scheduler.dhcp_agent_scheduler [None req-5f7548c1-7f34-40f3-8838-cc1df2e309c3 a6d831faa2444dddb7fdecf6d0e85a5a c2fdadef49f6414185deb2eeb53ef810 - - - -] No more DHCP agents
2026-06-18 16:29:15.703 10 WARNING neutron.api.rpc.agentnotifiers.dhcp_rpc_agent_api [None req-5f7548c1-7f34-40f3-8838-cc1df2e309c3 a6d831faa2444dddb7fdecf6d0e85a5a c2fdadef49f6414185deb2eeb53ef810 - - - -] Unable to schedule network 76aa89d5-b2c9-4704-a82b-d82dba299687: no agents available; will retry on subsequent port and subnet creation events.
2026-06-18 16:29:15.946 9 INFO neutron.db.ovn_revision_numbers_db [None req-011f101a-e181-4167-8f2d-8baf5533eaf1 4402176f1c03491eb36fe30a5ea61c3d 906a968c76de427ab55d86ee382bc7ef - - - -] Successfully bumped revision number for resource 18d5c41e-6e9a-44cf-9ded-7b50eb5b2a6f (type: security_groups) to 1
2026-06-18 16:29:16.020 9 INFO neutron.db.segments_db [None req-011f101a-e181-4167-8f2d-8baf5533eaf1 4402176f1c03491eb36fe30a5ea61c3d 906a968c76de427ab55d86ee382bc7ef - - - -] Added segment 8400b454-2700-4f3a-b895-57738fe520fb of type geneve for network a9cc15ee-c22e-4929-b009-b368ba833908
2026-06-18 16:29:16.170 9 INFO neutron.db.ovn_revision_numbers_db [None req-011f101a-e181-4167-8f2d-8baf5533eaf1 4402176f1c03491eb36fe30a5ea61c3d 906a968c76de427ab55d86ee382bc7ef - - - -] Successfully bumped revision number for resource a9cc15ee-c22e-4929-b009-b368ba833908 (type: networks) to 1
2026-06-18 16:29:16.440 10 INFO neutron.db.l3_db [None req-5f7548c1-7f34-40f3-8838-cc1df2e309c3 a6d831faa2444dddb7fdecf6d0e85a5a c2fdadef49f6414185deb2eeb53ef810 - - - -] Floating IP 76e4ab99-27e3-4ac9-8807-9ba5aabf8496 associated. External IP: 10.96.250.205, port: 0d65979d-69ad-44af-8338-d2e8bd86d0f9.
2026-06-18 16:29:16.634 10 INFO neutron.db.ovn_revision_numbers_db [None req-5f7548c1-7f34-40f3-8838-cc1df2e309c3 a6d831faa2444dddb7fdecf6d0e85a5a c2fdadef49f6414185deb2eeb53ef810 - - - -] Successfully bumped revision number for resource 76e4ab99-27e3-4ac9-8807-9ba5aabf8496 (type: floatingips) to 0
2026-06-18 16:29:16.721 9 WARNING neutron.scheduler.dhcp_agent_scheduler [None req-011f101a-e181-4167-8f2d-8baf5533eaf1 4402176f1c03491eb36fe30a5ea61c3d 906a968c76de427ab55d86ee382bc7ef - - - -] No more DHCP agents
2026-06-18 16:29:16.722 9 WARNING neutron.api.rpc.agentnotifiers.dhcp_rpc_agent_api [None req-011f101a-e181-4167-8f2d-8baf5533eaf1 4402176f1c03491eb36fe30a5ea61c3d 906a968c76de427ab55d86ee382bc7ef - - - -] Unable to schedule network a9cc15ee-c22e-4929-b009-b368ba833908: no agents available; will retry on subsequent port and subnet creation events.
2026-06-18 16:29:16.735 10 INFO neutron.db.ovn_revision_numbers_db [None req-5f7548c1-7f34-40f3-8838-cc1df2e309c3 a6d831faa2444dddb7fdecf6d0e85a5a c2fdadef49f6414185deb2eeb53ef810 - - - -] Successfully bumped revision number for resource 76e4ab99-27e3-4ac9-8807-9ba5aabf8496 (type: floatingips) to 1
2026-06-18 16:29:16.782 10 INFO neutron.wsgi [None req-5f7548c1-7f34-40f3-8838-cc1df2e309c3 a6d831faa2444dddb7fdecf6d0e85a5a c2fdadef49f6414185deb2eeb53ef810 - - - -] 10.0.0.138 "POST /v2.0/floatingips HTTP/1.1" status: 201 len: 1054 time: 1.3956304
2026-06-18 16:29:16.790 9 INFO neutron.db.ovn_revision_numbers_db [None req-011f101a-e181-4167-8f2d-8baf5533eaf1 4402176f1c03491eb36fe30a5ea61c3d 906a968c76de427ab55d86ee382bc7ef - - - -] Successfully bumped revision number for resource ff348e4b-8601-47e0-836f-6c312468e1c7 (type: ports) to 1
2026-06-18 16:29:16.812 9 INFO neutron.wsgi [None req-011f101a-e181-4167-8f2d-8baf5533eaf1 4402176f1c03491eb36fe30a5ea61c3d 906a968c76de427ab55d86ee382bc7ef - - - -] 10.0.0.138 "POST /v2.0/networks HTTP/1.1" status: 201 len: 843 time: 1.2719193
2026-06-18 16:29:16.846 10 INFO neutron.wsgi [None req-a510172f-69c9-4237-96e0-1456f5d1d1ad a6d831faa2444dddb7fdecf6d0e85a5a c2fdadef49f6414185deb2eeb53ef810 - - default default] 10.0.0.138 "GET /v2.0/floatingips/76e4ab99-27e3-4ac9-8807-9ba5aabf8496 HTTP/1.1" status: 200 len: 1051 time: 0.0553391
2026-06-18 16:29:17.158 10 WARNING neutron.scheduler.dhcp_agent_scheduler [None req-2ee09e86-65bb-4231-bc9b-5a56e6d38629 4402176f1c03491eb36fe30a5ea61c3d 906a968c76de427ab55d86ee382bc7ef - - - -] No more DHCP agents
2026-06-18 16:29:17.160 10 WARNING neutron.api.rpc.agentnotifiers.dhcp_rpc_agent_api [None req-2ee09e86-65bb-4231-bc9b-5a56e6d38629 4402176f1c03491eb36fe30a5ea61c3d 906a968c76de427ab55d86ee382bc7ef - - - -] Unable to schedule network a9cc15ee-c22e-4929-b009-b368ba833908: no agents available; will retry on subsequent port and subnet creation events.
2026-06-18 16:29:17.668 10 INFO neutron.notifiers.nova [-] Nova event matching ['req-8a4a4ebc-cf6e-4818-b4b2-4c0a62ce1cf3'] response: {'name': 'network-changed', 'server_uuid': '7e6c24eb-2089-478e-a9da-fd792016b72d', 'tag': '0d65979d-69ad-44af-8338-d2e8bd86d0f9', 'status': 'completed', 'code': 200} /var/lib/openstack/lib/python3.10/site-packages/pycadf/identifier.py:71: UserWarning: Invalid uuid: neutron. To ensure interoperability, identifiers should be a valid uuid. warnings.warn(('Invalid uuid: %s. To ensure interoperability, '
2026-06-18 16:29:17.768 9 INFO neutron.wsgi [req-0fb83d64-2821-4fde-991a-a1066f8728b4 req-25d48e2e-bf23-4664-9579-2cf3f9d43ea5 904dfcd0042142e5896a667eef09f1ad 1b0811b8348d4d22b803316b5a75872a - - 4df68552b8fc48988c746818700f8910 4df68552b8fc48988c746818700f8910] 199.19.213.203 "GET /v2.0/ports?tenant_id=c2fdadef49f6414185deb2eeb53ef810&device_id=7e6c24eb-2089-478e-a9da-fd792016b72d HTTP/1.1" status: 200 len: 1361 time: 0.0367782
2026-06-18 16:29:17.788 10 INFO neutron.db.ovn_revision_numbers_db [None req-2ee09e86-65bb-4231-bc9b-5a56e6d38629 4402176f1c03491eb36fe30a5ea61c3d 906a968c76de427ab55d86ee382bc7ef - - - -] Successfully bumped revision number for resource ff348e4b-8601-47e0-836f-6c312468e1c7 (type: ports) to 2
2026-06-18 16:29:17.804 10 INFO neutron.db.ovn_revision_numbers_db [None req-2ee09e86-65bb-4231-bc9b-5a56e6d38629 4402176f1c03491eb36fe30a5ea61c3d 906a968c76de427ab55d86ee382bc7ef - - - -] Successfully bumped revision number for resource 05d015db-b099-478d-8c33-52959a4751d9 (type: subnets) to 0
2026-06-18 16:29:17.825 10 INFO neutron.wsgi [None req-2ee09e86-65bb-4231-bc9b-5a56e6d38629 4402176f1c03491eb36fe30a5ea61c3d 906a968c76de427ab55d86ee382bc7ef - - - -] 10.0.0.138 "POST /v2.0/subnets HTTP/1.1" status: 201 len: 816 time: 0.9764709
2026-06-18 16:29:17.856 9 INFO neutron.wsgi [req-0fb83d64-2821-4fde-991a-a1066f8728b4 req-717b55a0-a72b-47bf-9dcb-6a7c61fbb08f 904dfcd0042142e5896a667eef09f1ad 1b0811b8348d4d22b803316b5a75872a - - 4df68552b8fc48988c746818700f8910 4df68552b8fc48988c746818700f8910] 199.19.213.203 "GET /v2.0/networks?id=58dfc627-3f4f-4c16-8e7b-437a6b239ada HTTP/1.1" status: 200 len: 958 time: 0.0786700
2026-06-18 16:29:17.923 10 INFO neutron.db.segments_db [None req-58c518ea-54fe-4537-89ec-15bd467cb6ec 4402176f1c03491eb36fe30a5ea61c3d 906a968c76de427ab55d86ee382bc7ef - - - -] Added segment 3ddcc87a-a629-4f15-9550-f78018fcdbc3 of type geneve for network bbd65ec2-daa7-46c5-b116-1a058fd3fd3b
2026-06-18 16:29:17.942 9 INFO neutron.wsgi [req-0fb83d64-2821-4fde-991a-a1066f8728b4 req-0d34a5ad-a811-4aaa-aca6-98c024bc55d3 904dfcd0042142e5896a667eef09f1ad 1b0811b8348d4d22b803316b5a75872a - - 4df68552b8fc48988c746818700f8910 4df68552b8fc48988c746818700f8910] 199.19.213.203 "GET /v2.0/floatingips?fixed_ip_address=10.100.0.6&port_id=0d65979d-69ad-44af-8338-d2e8bd86d0f9 HTTP/1.1" status: 200 len: 1059 time: 0.0788035
2026-06-18 16:29:17.983 9 INFO neutron.wsgi [req-0fb83d64-2821-4fde-991a-a1066f8728b4 req-59adf34f-c404-49f5-8dec-4f57ba6ccbb7 904dfcd0042142e5896a667eef09f1ad 1b0811b8348d4d22b803316b5a75872a - - 4df68552b8fc48988c746818700f8910 4df68552b8fc48988c746818700f8910] 199.19.213.203 "GET /v2.0/subnets?id=a620a792-7444-4071-83dd-f92f0142c4be HTTP/1.1" status: 200 len: 852 time: 0.0353544
2026-06-18 16:29:18.014 9 INFO neutron.wsgi [req-0fb83d64-2821-4fde-991a-a1066f8728b4 req-7017630d-af53-431d-bbe4-bbe81c2b3459 904dfcd0042142e5896a667eef09f1ad 1b0811b8348d4d22b803316b5a75872a - - 4df68552b8fc48988c746818700f8910 4df68552b8fc48988c746818700f8910] 199.19.213.203 "GET /v2.0/ports?network_id=58dfc627-3f4f-4c16-8e7b-437a6b239ada&device_owner=network%3Adhcp HTTP/1.1" status: 200 len: 210 time: 0.0234437
2026-06-18 16:29:18.063 10 INFO neutron.db.ovn_revision_numbers_db [None req-58c518ea-54fe-4537-89ec-15bd467cb6ec 4402176f1c03491eb36fe30a5ea61c3d 906a968c76de427ab55d86ee382bc7ef - - - -] Successfully bumped revision number for resource bbd65ec2-daa7-46c5-b116-1a058fd3fd3b (type: networks) to 1
2026-06-18 16:29:18.088 9 INFO neutron.wsgi [req-0fb83d64-2821-4fde-991a-a1066f8728b4 req-9aa1c320-8450-421d-bf1b-bb1f9d5c5fb4 904dfcd0042142e5896a667eef09f1ad 1b0811b8348d4d22b803316b5a75872a - - 4df68552b8fc48988c746818700f8910 4df68552b8fc48988c746818700f8910] 199.19.213.203 "GET /v2.0/networks/58dfc627-3f4f-4c16-8e7b-437a6b239ada?fields=segments HTTP/1.1" status: 200 len: 212 time: 0.0643640
2026-06-18 16:29:18.162 9 INFO neutron.wsgi [req-0fb83d64-2821-4fde-991a-a1066f8728b4 req-f2dbf8d8-1062-4c18-8e8f-62dce6b57915 904dfcd0042142e5896a667eef09f1ad 1b0811b8348d4d22b803316b5a75872a - - 4df68552b8fc48988c746818700f8910 4df68552b8fc48988c746818700f8910] 199.19.213.203 "GET /v2.0/networks/58dfc627-3f4f-4c16-8e7b-437a6b239ada?fields=provider%3Aphysical_network&fields=provider%3Anetwork_type HTTP/1.1" status: 200 len: 277 time: 0.0695293
2026-06-18 16:29:18.275 10 WARNING neutron.scheduler.dhcp_agent_scheduler [None req-58c518ea-54fe-4537-89ec-15bd467cb6ec 4402176f1c03491eb36fe30a5ea61c3d 906a968c76de427ab55d86ee382bc7ef - - - -] No more DHCP agents
2026-06-18 16:29:18.279 10 WARNING neutron.api.rpc.agentnotifiers.dhcp_rpc_agent_api [None req-58c518ea-54fe-4537-89ec-15bd467cb6ec 4402176f1c03491eb36fe30a5ea61c3d 906a968c76de427ab55d86ee382bc7ef - - - -] Unable to schedule network bbd65ec2-daa7-46c5-b116-1a058fd3fd3b: no agents available; will retry on subsequent port and subnet creation events.
2026-06-18 16:29:18.375 10 INFO neutron.db.ovn_revision_numbers_db [None req-58c518ea-54fe-4537-89ec-15bd467cb6ec 4402176f1c03491eb36fe30a5ea61c3d 906a968c76de427ab55d86ee382bc7ef - - - -] Successfully bumped revision number for resource 7e4133bd-54ec-4ae7-b022-8bb3d5eb858d (type: ports) to 1
2026-06-18 16:29:18.402 10 INFO neutron.wsgi [None req-58c518ea-54fe-4537-89ec-15bd467cb6ec 4402176f1c03491eb36fe30a5ea61c3d 906a968c76de427ab55d86ee382bc7ef - - - -] 10.0.0.138 "POST /v2.0/networks HTTP/1.1" status: 201 len: 841 time: 0.5716879
2026-06-18 16:29:18.587 10 INFO neutron.db.ovn_revision_numbers_db [None req-16ec1d3d-7bf1-47c8-abe9-8bfd767c3b5d 4402176f1c03491eb36fe30a5ea61c3d 906a968c76de427ab55d86ee382bc7ef - - - -] Successfully bumped revision number for resource bbd65ec2-daa7-46c5-b116-1a058fd3fd3b (type: networks) to 2
2026-06-18 16:29:18.592 10 INFO neutron.wsgi [None req-16ec1d3d-7bf1-47c8-abe9-8bfd767c3b5d 4402176f1c03491eb36fe30a5ea61c3d 906a968c76de427ab55d86ee382bc7ef - - - -] 10.0.0.138 "PUT /v2.0/networks/bbd65ec2-daa7-46c5-b116-1a058fd3fd3b HTTP/1.1" status: 200 len: 792 time: 0.1835580
2026-06-18 16:29:18.920 9 WARNING neutron.scheduler.dhcp_agent_scheduler [None req-3110b214-241e-4389-a258-bf8fe90ae58d 4402176f1c03491eb36fe30a5ea61c3d 906a968c76de427ab55d86ee382bc7ef - - - -] No more DHCP agents
2026-06-18 16:29:18.925 9 WARNING neutron.api.rpc.agentnotifiers.dhcp_rpc_agent_api [None req-3110b214-241e-4389-a258-bf8fe90ae58d 4402176f1c03491eb36fe30a5ea61c3d 906a968c76de427ab55d86ee382bc7ef - - - -] Unable to schedule network bbd65ec2-daa7-46c5-b116-1a058fd3fd3b: no agents available; will retry on subsequent port and subnet creation events.
2026-06-18 16:29:19.431 9 INFO neutron.wsgi [None req-4c3dacb5-4ef4-4632-8a6e-133c78e069c9 123df5f34f58489380bcaa89f9851452 234261420d6b4d03aa935808e5b3f1b8 - - - -] 10.0.0.138 "POST /v2.0/subnetpools HTTP/1.1" status: 201 len: 715 time: 0.2887759
2026-06-18 16:29:19.459 9 INFO neutron.db.ovn_revision_numbers_db [None req-3110b214-241e-4389-a258-bf8fe90ae58d 4402176f1c03491eb36fe30a5ea61c3d 906a968c76de427ab55d86ee382bc7ef - - - -] Successfully bumped revision number for resource 7e4133bd-54ec-4ae7-b022-8bb3d5eb858d (type: ports) to 2
2026-06-18 16:29:19.477 9 INFO neutron.db.ovn_revision_numbers_db [None req-3110b214-241e-4389-a258-bf8fe90ae58d 4402176f1c03491eb36fe30a5ea61c3d 906a968c76de427ab55d86ee382bc7ef - - - -] Successfully bumped revision number for resource 659a5735-5d52-4a36-9740-87d4d662d4cf (type: subnets) to 0
2026-06-18 16:29:19.494 9 INFO neutron.wsgi [None req-3110b214-241e-4389-a258-bf8fe90ae58d 4402176f1c03491eb36fe30a5ea61c3d 906a968c76de427ab55d86ee382bc7ef - - - -] 10.0.0.138 "POST /v2.0/subnets HTTP/1.1" status: 201 len: 801 time: 0.8930779
2026-06-18 16:29:19.500 9 INFO neutron.wsgi [None req-b1d263ea-0442-4b30-9208-8cce161aa4bb 123df5f34f58489380bcaa89f9851452 234261420d6b4d03aa935808e5b3f1b8 - - - -] 10.0.0.138 "POST /v2.0/subnetpools HTTP/1.1" status: 201 len: 715 time: 0.0630922
2026-06-18 16:29:19.554 9 INFO neutron.wsgi [None req-73f3d5ea-47e5-4761-8303-028612ea4a83 123df5f34f58489380bcaa89f9851452 234261420d6b4d03aa935808e5b3f1b8 - - - -] 10.0.0.138 "POST /v2.0/subnetpools HTTP/1.1" status: 201 len: 715 time: 0.0501339
2026-06-18 16:29:19.617 9 INFO neutron.wsgi [None req-8159b7ab-239e-45b3-a6d6-c2f3cc74e3dd 123df5f34f58489380bcaa89f9851452 234261420d6b4d03aa935808e5b3f1b8 - - - -] 10.0.0.138 "POST /v2.0/subnetpools HTTP/1.1" status: 201 len: 715 time: 0.0576122
2026-06-18 16:29:19.679 9 INFO neutron.wsgi [None req-51f0edf3-f15e-4c7d-aa98-7c98edde98ac 123df5f34f58489380bcaa89f9851452 234261420d6b4d03aa935808e5b3f1b8 - - - -] 10.0.0.138 "POST /v2.0/subnetpools HTTP/1.1" status: 201 len: 715 time: 0.0564797
2026-06-18 16:29:19.717 9 INFO neutron.wsgi [None req-173297d7-9756-4fb4-9e87-46ccfe1eeb4d 123df5f34f58489380bcaa89f9851452 234261420d6b4d03aa935808e5b3f1b8 - - - -] 10.0.0.138 "PUT /v2.0/subnetpools/ce9530cf-ec34-4385-b55a-d05de8d3a437/tags HTTP/1.1" status: 200 len: 210 time: 0.0341587
2026-06-18 16:29:19.755 9 INFO neutron.wsgi [None req-e2492bf5-80c0-411e-8ac7-dee77a9e744a 123df5f34f58489380bcaa89f9851452 234261420d6b4d03aa935808e5b3f1b8 - - - -] 10.0.0.138 "PUT /v2.0/subnetpools/2d9ff2ad-ca9e-419b-acaa-58a9258069f6/tags HTTP/1.1" status: 200 len: 218 time: 0.0326200
2026-06-18 16:29:19.810 10 INFO neutron.wsgi [None req-ff8d9c44-2140-4332-a150-71838533a49f 123df5f34f58489380bcaa89f9851452 234261420d6b4d03aa935808e5b3f1b8 - - - -] 10.0.0.138 "PUT /v2.0/subnetpools/8900c5d1-ca9a-4bac-a5cd-f28ec57891f6/tags HTTP/1.1" status: 200 len: 227 time: 0.0504730
2026-06-18 16:29:19.881 10 INFO neutron.wsgi [None req-8bdb7ba7-5905-4262-b3f6-8e0ef74dfdd3 123df5f34f58489380bcaa89f9851452 234261420d6b4d03aa935808e5b3f1b8 - - - -] 10.0.0.138 "PUT /v2.0/subnetpools/b660393d-9ab6-45fa-8c99-9e0b91729c65/tags HTTP/1.1" status: 200 len: 212 time: 0.0656893
2026-06-18 16:29:19.893 10 INFO neutron.db.ovn_revision_numbers_db [None req-e6243f82-9c53-4f74-80a6-08e9540b0a17 4402176f1c03491eb36fe30a5ea61c3d 906a968c76de427ab55d86ee382bc7ef - - - -] Successfully bumped revision number for resource 659a5735-5d52-4a36-9740-87d4d662d4cf (type: subnets) to 1
2026-06-18 16:29:19.897 10 INFO neutron.wsgi [None req-e6243f82-9c53-4f74-80a6-08e9540b0a17 4402176f1c03491eb36fe30a5ea61c3d 906a968c76de427ab55d86ee382bc7ef - - - -] 10.0.0.138 "PUT /v2.0/subnets/659a5735-5d52-4a36-9740-87d4d662d4cf HTTP/1.1" status: 200 len: 806 time: 0.3965349
2026-06-18 16:29:19.928 9 INFO neutron.wsgi [None req-53cb3b8c-5131-457a-a879-c447b5544f57 123df5f34f58489380bcaa89f9851452 234261420d6b4d03aa935808e5b3f1b8 - - default default] 10.0.0.138 "GET /v2.0/subnetpools?tags=red HTTP/1.1" status: 200 len: 1758 time: 0.0407257
2026-06-18 16:29:19.986 9 INFO neutron.wsgi [None req-df4cfad6-0aca-4456-8328-f692212acee9 123df5f34f58489380bcaa89f9851452 234261420d6b4d03aa935808e5b3f1b8 - - default default] 10.0.0.138 "GET /v2.0/subnetpools?tags=red%2Cblue HTTP/1.1" status: 200 len: 1251 time: 0.0512969
2026-06-18 16:29:20.037 9 INFO neutron.wsgi [None req-17c1dc07-22a2-4c20-9717-ec515a41938d 123df5f34f58489380bcaa89f9851452 234261420d6b4d03aa935808e5b3f1b8 - - default default] 10.0.0.138 "GET /v2.0/subnetpools?tags-any=blue HTTP/1.1" status: 200 len: 1251 time: 0.0403931
2026-06-18 16:29:20.075 10 INFO neutron.wsgi [None req-bb9b6e37-023f-446c-b87c-13fd3189b3ee 123df5f34f58489380bcaa89f9851452 234261420d6b4d03aa935808e5b3f1b8 - - default default] 10.0.0.138 "GET /v2.0/subnetpools?tags-any=red%2Cblue HTTP/1.1" status: 200 len: 1758 time: 0.0329936
2026-06-18 16:29:20.118 9 INFO neutron.wsgi [None req-08f4cb42-3499-4b79-9096-3d787e2c8ab4 123df5f34f58489380bcaa89f9851452 234261420d6b4d03aa935808e5b3f1b8 - - default default] 10.0.0.138 "GET /v2.0/subnetpools?not-tags=red HTTP/1.1" status: 200 len: 1223 time: 0.0380318
2026-06-18 16:29:20.166 9 INFO neutron.wsgi [None req-ecd41ff5-48cb-4315-a634-f9c93636598d 123df5f34f58489380bcaa89f9851452 234261420d6b4d03aa935808e5b3f1b8 - - default default] 10.0.0.138 "GET /v2.0/subnetpools?not-tags=red%2Cblue HTTP/1.1" status: 200 len: 1730 time: 0.0431414
2026-06-18 16:29:20.197 9 INFO neutron.wsgi [None req-b4b42c31-9e2c-4bb5-9e78-c85239f52251 123df5f34f58489380bcaa89f9851452 234261420d6b4d03aa935808e5b3f1b8 - - default default] 10.0.0.138 "GET /v2.0/subnetpools?not-tags-any=blue HTTP/1.1" status: 200 len: 1730 time: 0.0297046
2026-06-18 16:29:20.220 9 INFO neutron.wsgi [None req-8f99f11c-12e4-43cd-92d9-fc46ead15b2c 123df5f34f58489380bcaa89f9851452 234261420d6b4d03aa935808e5b3f1b8 - - default default] 10.0.0.138 "GET /v2.0/subnetpools?not-tags-any=red%2Cblue HTTP/1.1" status: 200 len: 1223 time: 0.0197995
2026-06-18 16:29:20.288 9 INFO neutron.wsgi [None req-d05de29b-371e-4ab8-90b4-bd243a8ecc2e 123df5f34f58489380bcaa89f9851452 234261420d6b4d03aa935808e5b3f1b8 - - - -] 10.0.0.138 "DELETE /v2.0/subnetpools/ce9530cf-ec34-4385-b55a-d05de8d3a437 HTTP/1.1" status: 204 len: 168 time: 0.0615242
2026-06-18 16:29:20.359 9 INFO neutron.wsgi [None req-6e5aa82c-5e8b-482c-a504-b634f1c634de 123df5f34f58489380bcaa89f9851452 234261420d6b4d03aa935808e5b3f1b8 - - - -] 10.0.0.138 "DELETE /v2.0/subnetpools/2d9ff2ad-ca9e-419b-acaa-58a9258069f6 HTTP/1.1" status: 204 len: 168 time: 0.0665574
2026-06-18 16:29:20.469 10 INFO neutron.wsgi [None req-d2462390-f5b2-4b0a-8fa2-e0697616c2c3 123df5f34f58489380bcaa89f9851452 234261420d6b4d03aa935808e5b3f1b8 - - - -] 10.0.0.138 "DELETE /v2.0/subnetpools/8900c5d1-ca9a-4bac-a5cd-f28ec57891f6 HTTP/1.1" status: 204 len: 168 time: 0.1043544
2026-06-18 16:29:20.528 9 INFO neutron.wsgi [None req-e7238188-2207-45db-944b-af9872785590 123df5f34f58489380bcaa89f9851452 234261420d6b4d03aa935808e5b3f1b8 - - - -] 10.0.0.138 "DELETE /v2.0/subnetpools/b660393d-9ab6-45fa-8c99-9e0b91729c65 HTTP/1.1" status: 204 len: 168 time: 0.0530317
2026-06-18 16:29:20.587 9 INFO neutron.wsgi [None req-53fe5268-12d8-423e-a265-570940752476 123df5f34f58489380bcaa89f9851452 234261420d6b4d03aa935808e5b3f1b8 - - - -] 10.0.0.138 "DELETE /v2.0/subnetpools/405a138c-501c-41b8-a8bf-314284b7d379 HTTP/1.1" status: 204 len: 168 time: 0.0540483
2026-06-18 16:29:20.643 10 INFO neutron.services.segments.plugin [-] Segment 3ddcc87a-a629-4f15-9550-f78018fcdbc3 resource provider aggregate not found
2026-06-18 16:29:20.650 10 INFO neutron.services.segments.plugin [-] Segment 3ddcc87a-a629-4f15-9550-f78018fcdbc3 resource provider aggregate not found
2026-06-18 16:29:20.918 10 INFO neutron.services.segments.plugin [-] Segment 3ddcc87a-a629-4f15-9550-f78018fcdbc3 resource provider not found; error: Placement Client Error (4xx): {"errors": [{"status": 404, "title": "Not Found", "detail": "The resource could not be found.\n\n No resource provider with uuid 3ddcc87a-a629-4f15-9550-f78018fcdbc3 found for delete ", "request_id": "req-2f684857-3ebd-4b41-98dc-cd58ac723b1f"}]}
2026-06-18 16:29:20.919 10 INFO neutron.services.segments.plugin [-] Segment 3ddcc87a-a629-4f15-9550-f78018fcdbc3 resource provider not found; error: Placement Client Error (4xx): {"errors": [{"status": 404, "title": "Not Found", "detail": "The resource could not be found.\n\n No resource provider with uuid 3ddcc87a-a629-4f15-9550-f78018fcdbc3 found for delete ", "request_id": "req-f37a553e-d5b5-4c14-986a-62d5c397f69b"}]}
2026-06-18 16:29:20.958 10 INFO neutron.wsgi [None req-030082b6-798e-44b5-8222-01b5ae817594 4402176f1c03491eb36fe30a5ea61c3d 906a968c76de427ab55d86ee382bc7ef - - - -] 10.0.0.138 "DELETE /v2.0/networks/bbd65ec2-daa7-46c5-b116-1a058fd3fd3b HTTP/1.1" status: 204 len: 168 time: 1.0548422
2026-06-18 16:29:20.986 9 INFO neutron.pecan_wsgi.hooks.translation [None req-576aa462-61b8-4ea5-95d0-9ceb97407a68 4402176f1c03491eb36fe30a5ea61c3d 906a968c76de427ab55d86ee382bc7ef - - - -] DELETE failed (client error): The resource could not be found.
2026-06-18 16:29:20.990 9 INFO neutron.wsgi [None req-576aa462-61b8-4ea5-95d0-9ceb97407a68 4402176f1c03491eb36fe30a5ea61c3d 906a968c76de427ab55d86ee382bc7ef - - - -] 10.0.0.138 "DELETE /v2.0/networks/bbd65ec2-daa7-46c5-b116-1a058fd3fd3b HTTP/1.1" status: 404 len: 339 time: 0.0240669
2026-06-18 16:29:21.029 9 INFO neutron.db.ovn_revision_numbers_db [None req-8715ba02-0d78-47b7-a140-b4d5df3745d7 1a7579f1968d4b94adea2a3f5c5662f4 ac7784256f2b4d08b307a7517c1cbc8c - - default default] Successfully bumped revision number for resource 9ac3dd8b-ffd6-4942-a0b4-147b54fa45f1 (type: security_groups) to 1
