2026-06-18 16:29:32.008 9 INFO neutron.wsgi [req-e781ab0e-ec79-4d16-b082-8f8bd85d0a0a req-8a61c1a4-90a6-4589-9ffc-3d482430eb3d a6d831faa2444dddb7fdecf6d0e85a5a c2fdadef49f6414185deb2eeb53ef810 - - default default] 10.0.0.28 "GET /v2.0/security-groups?name=tempest-secgroup-smoke-208925343&fields=id&tenant_id=c2fdadef49f6414185deb2eeb53ef810 HTTP/1.1" status: 200 len: 267 time: 0.0746200
2026-06-18 16:29:32.059 9 INFO neutron.wsgi [None req-b7aa92c4-ac28-4f3b-804c-903371a008e8 1a7579f1968d4b94adea2a3f5c5662f4 ac7784256f2b4d08b307a7517c1cbc8c - - - -] 10.0.0.138 "POST /v2.0/networks HTTP/1.1" status: 201 len: 943 time: 1.3697689
2026-06-18 16:29:32.153 9 INFO neutron.wsgi [req-e781ab0e-ec79-4d16-b082-8f8bd85d0a0a req-c623f7fb-7513-49f0-8f43-5bf1cba08e4a a6d831faa2444dddb7fdecf6d0e85a5a c2fdadef49f6414185deb2eeb53ef810 - - default default] 10.0.0.28 "GET /v2.0/networks?id=58dfc627-3f4f-4c16-8e7b-437a6b239ada HTTP/1.1" status: 200 len: 860 time: 0.1305199
2026-06-18 16:29:32.183 9 INFO neutron.wsgi [None req-d66b05e7-14b4-46bf-8d41-f8f59da37c2f 1a7579f1968d4b94adea2a3f5c5662f4 ac7784256f2b4d08b307a7517c1cbc8c - - - -] 10.0.0.138 "DELETE /v2.0/security-groups/43cb8f5f-cce1-4940-8d1e-36f8ed77ea1a HTTP/1.1" status: 204 len: 168 time: 0.8637764
2026-06-18 16:29:32.185 9 INFO neutron.wsgi [req-e781ab0e-ec79-4d16-b082-8f8bd85d0a0a req-009317af-6edd-424e-a236-123258c0bec8 a6d831faa2444dddb7fdecf6d0e85a5a c2fdadef49f6414185deb2eeb53ef810 - - default default] 10.0.0.28 "GET /v2.0/quotas/c2fdadef49f6414185deb2eeb53ef810 HTTP/1.1" status: 200 len: 386 time: 0.0258274
2026-06-18 16:29:32.249 10 WARNING neutron.scheduler.dhcp_agent_scheduler [None req-615b7149-d3e7-4ac3-b448-884af2a80bd4 1a7579f1968d4b94adea2a3f5c5662f4 ac7784256f2b4d08b307a7517c1cbc8c - - - -] No more DHCP agents
2026-06-18 16:29:32.251 10 WARNING neutron.api.rpc.agentnotifiers.dhcp_rpc_agent_api [None req-615b7149-d3e7-4ac3-b448-884af2a80bd4 1a7579f1968d4b94adea2a3f5c5662f4 ac7784256f2b4d08b307a7517c1cbc8c - - - -] Unable to schedule network 8dbca10e-274a-45d1-a387-a339f054c058: no agents available; will retry on subsequent port and subnet creation events.
2026-06-18 16:29:32.328 10 INFO neutron.wsgi [None req-76a9b4c0-ab77-4f29-870e-f55d98174aa0 1a7579f1968d4b94adea2a3f5c5662f4 ac7784256f2b4d08b307a7517c1cbc8c - - default default] 10.0.0.138 "GET /v2.0/security-groups?tenant_id=d2ad30a56bf9402fbf629e5148609736&name=default HTTP/1.1" status: 200 len: 2996 time: 0.0373349
2026-06-18 16:29:32.340 9 INFO neutron.wsgi [req-e781ab0e-ec79-4d16-b082-8f8bd85d0a0a req-aac1aac2-daa1-4567-899d-b4b549fd3bbd a6d831faa2444dddb7fdecf6d0e85a5a c2fdadef49f6414185deb2eeb53ef810 - - default default] 10.0.0.28 "GET /v2.0/ports?tenant_id=c2fdadef49f6414185deb2eeb53ef810&fields=id HTTP/1.1" status: 200 len: 348 time: 0.1487072
2026-06-18 16:29:32.479 9 INFO neutron.wsgi [req-e781ab0e-ec79-4d16-b082-8f8bd85d0a0a req-e14e5fa0-dc45-4406-9677-5ede72a15ee2 904dfcd0042142e5896a667eef09f1ad 1b0811b8348d4d22b803316b5a75872a - - 4df68552b8fc48988c746818700f8910 4df68552b8fc48988c746818700f8910] 10.0.0.28 "GET /v2.0/networks/58dfc627-3f4f-4c16-8e7b-437a6b239ada?fields=segments HTTP/1.1" status: 200 len: 212 time: 0.1247201
2026-06-18 16:29:32.599 9 INFO neutron.wsgi [req-e781ab0e-ec79-4d16-b082-8f8bd85d0a0a req-55fe20b6-0d63-4ebc-aaa9-20a933ba52f1 904dfcd0042142e5896a667eef09f1ad 1b0811b8348d4d22b803316b5a75872a - - 4df68552b8fc48988c746818700f8910 4df68552b8fc48988c746818700f8910] 10.0.0.28 "GET /v2.0/networks/58dfc627-3f4f-4c16-8e7b-437a6b239ada?fields=provider%3Aphysical_network&fields=provider%3Anetwork_type HTTP/1.1" status: 200 len: 277 time: 0.1020031
2026-06-18 16:29:32.634 9 INFO neutron.db.ovn_revision_numbers_db [None req-f4eb8280-51db-46df-bd73-3d908ec77d68 b90f37e4429441d087f75dc371455b10 3c50b41b3e8f40f5a5b494a635847ac3 - - default default] Successfully bumped revision number for resource 815c2a05-7184-4b2a-9932-eaacced42a50 (type: router_ports) to 2
2026-06-18 16:29:32.757 9 INFO neutron.wsgi [None req-0f2efebe-e4ac-4fe2-84a4-7fe21b89b911 1a7579f1968d4b94adea2a3f5c5662f4 ac7784256f2b4d08b307a7517c1cbc8c - - - -] 10.0.0.138 "DELETE /v2.0/security-groups/e580e9d3-0314-4bc7-a225-0a290e6fe320 HTTP/1.1" status: 204 len: 168 time: 0.4228032
2026-06-18 16:29:32.758 10 INFO neutron.db.ovn_revision_numbers_db [None req-615b7149-d3e7-4ac3-b448-884af2a80bd4 1a7579f1968d4b94adea2a3f5c5662f4 ac7784256f2b4d08b307a7517c1cbc8c - - - -] Successfully bumped revision number for resource cada3322-119c-4c8f-a2b7-e7f910675104 (type: ports) to 2
2026-06-18 16:29:32.773 10 INFO neutron.db.ovn_revision_numbers_db [None req-615b7149-d3e7-4ac3-b448-884af2a80bd4 1a7579f1968d4b94adea2a3f5c5662f4 ac7784256f2b4d08b307a7517c1cbc8c - - - -] Successfully bumped revision number for resource d6fcc709-3beb-49f1-a872-dda8d86bc147 (type: subnets) to 0
2026-06-18 16:29:32.787 10 INFO neutron.wsgi [None req-615b7149-d3e7-4ac3-b448-884af2a80bd4 1a7579f1968d4b94adea2a3f5c5662f4 ac7784256f2b4d08b307a7517c1cbc8c - - - -] 10.0.0.138 "POST /v2.0/subnets HTTP/1.1" status: 201 len: 863 time: 0.7217109
2026-06-18 16:29:32.808 9 INFO neutron.wsgi [req-a47e410d-81bf-4e69-8526-9de70b60ce59 req-47acc526-d162-4d79-997c-711a211a593f a6d831faa2444dddb7fdecf6d0e85a5a c2fdadef49f6414185deb2eeb53ef810 - - default default] 10.0.0.28 "GET /v2.0/ports?device_id=29a8791e-0706-4e05-99f5-65e68ced87b4 HTTP/1.1" status: 200 len: 210 time: 0.0574741
2026-06-18 16:29:32.835 9 INFO neutron.db.ovn_revision_numbers_db [None req-f4eb8280-51db-46df-bd73-3d908ec77d68 b90f37e4429441d087f75dc371455b10 3c50b41b3e8f40f5a5b494a635847ac3 - - default default] Successfully bumped revision number for resource 815c2a05-7184-4b2a-9932-eaacced42a50 (type: ports) to 2
2026-06-18 16:29:32.935 9 WARNING neutron.scheduler.dhcp_agent_scheduler [None req-f4eb8280-51db-46df-bd73-3d908ec77d68 b90f37e4429441d087f75dc371455b10 3c50b41b3e8f40f5a5b494a635847ac3 - - default default] No more DHCP agents
2026-06-18 16:29:32.937 9 WARNING neutron.api.rpc.agentnotifiers.dhcp_rpc_agent_api [None req-f4eb8280-51db-46df-bd73-3d908ec77d68 b90f37e4429441d087f75dc371455b10 3c50b41b3e8f40f5a5b494a635847ac3 - - default default] Unable to schedule network 16d89b6d-061a-45f9-8aa0-f30913e610f8: no agents available; will retry on subsequent port and subnet creation events.
2026-06-18 16:29:33.182 9 INFO neutron.db.ovn_revision_numbers_db [None req-f4eb8280-51db-46df-bd73-3d908ec77d68 b90f37e4429441d087f75dc371455b10 3c50b41b3e8f40f5a5b494a635847ac3 - - - -] Successfully bumped revision number for resource 815c2a05-7184-4b2a-9932-eaacced42a50 (type: router_ports) to 2
2026-06-18 16:29:33.187 9 INFO neutron.wsgi [None req-f4eb8280-51db-46df-bd73-3d908ec77d68 b90f37e4429441d087f75dc371455b10 3c50b41b3e8f40f5a5b494a635847ac3 - - - -] 10.0.0.138 "PUT /v2.0/routers/2657b288-4849-4df9-9ef6-e4994d6d17d8/add_router_interface HTTP/1.1" status: 200 len: 503 time: 2.5665314
2026-06-18 16:29:33.296 9 INFO neutron.wsgi [None req-86cbf6a2-06fc-40ed-b6a4-7b3729812473 b90f37e4429441d087f75dc371455b10 3c50b41b3e8f40f5a5b494a635847ac3 - - default default] 10.0.0.138 "GET /v2.0/ports/815c2a05-7184-4b2a-9932-eaacced42a50 HTTP/1.1" status: 200 len: 1135 time: 0.1046388
2026-06-18 16:29:33.697 9 INFO neutron.wsgi [req-e781ab0e-ec79-4d16-b082-8f8bd85d0a0a req-c4771759-5d52-4be8-b49b-aab5a3bcfbb2 a6d831faa2444dddb7fdecf6d0e85a5a c2fdadef49f6414185deb2eeb53ef810 - - default default] 199.19.213.203 "GET /v2.0/networks?id=58dfc627-3f4f-4c16-8e7b-437a6b239ada HTTP/1.1" status: 200 len: 860 time: 0.1117074
2026-06-18 16:29:33.807 9 INFO neutron.wsgi [req-e781ab0e-ec79-4d16-b082-8f8bd85d0a0a req-718bc8ab-539a-4f8f-a098-4788976a21b7 a6d831faa2444dddb7fdecf6d0e85a5a c2fdadef49f6414185deb2eeb53ef810 - - default default] 199.19.213.203 "GET /v2.0/security-groups?fields=id&fields=name&tenant_id=c2fdadef49f6414185deb2eeb53ef810 HTTP/1.1" status: 200 len: 471 time: 0.0945559
2026-06-18 16:29:33.933 10 WARNING neutron.scheduler.dhcp_agent_scheduler [None req-9bb44cf8-5e4e-405e-b218-f5d6992114dd 1a7579f1968d4b94adea2a3f5c5662f4 ac7784256f2b4d08b307a7517c1cbc8c - - - -] No more DHCP agents
2026-06-18 16:29:33.939 10 WARNING neutron.api.rpc.agentnotifiers.dhcp_rpc_agent_api [None req-9bb44cf8-5e4e-405e-b218-f5d6992114dd 1a7579f1968d4b94adea2a3f5c5662f4 ac7784256f2b4d08b307a7517c1cbc8c - - - -] Unable to schedule network 76aa89d5-b2c9-4704-a82b-d82dba299687: no agents available; will retry on subsequent port and subnet creation events.
2026-06-18 16:29:33.966 9 INFO neutron.wsgi [req-71958219-323c-4b16-8948-d3e56502ab01 req-9b8af9b5-2069-46d0-bf44-90c7535a8e8f a6d831faa2444dddb7fdecf6d0e85a5a c2fdadef49f6414185deb2eeb53ef810 - - default default] 10.0.0.28 "GET /v2.0/ports?device_id=29a8791e-0706-4e05-99f5-65e68ced87b4 HTTP/1.1" status: 200 len: 210 time: 0.0562925
2026-06-18 16:29:34.007 9 WARNING neutron.scheduler.dhcp_agent_scheduler [None req-bc589d0b-088b-4bd8-9bff-1a5c455a9c28 b90f37e4429441d087f75dc371455b10 3c50b41b3e8f40f5a5b494a635847ac3 - - default default] No more DHCP agents
2026-06-18 16:29:34.013 9 WARNING neutron.api.rpc.agentnotifiers.dhcp_rpc_agent_api [None req-bc589d0b-088b-4bd8-9bff-1a5c455a9c28 b90f37e4429441d087f75dc371455b10 3c50b41b3e8f40f5a5b494a635847ac3 - - default default] Unable to schedule network bc2078e1-d314-4f50-a6cb-6882c411d760: no agents available; will retry on subsequent port and subnet creation events.
2026-06-18 16:29:34.139 10 INFO neutron.db.ovn_revision_numbers_db [None req-9bb44cf8-5e4e-405e-b218-f5d6992114dd 1a7579f1968d4b94adea2a3f5c5662f4 ac7784256f2b4d08b307a7517c1cbc8c - - - -] Successfully bumped revision number for resource 3f2b5ba5-39e6-465c-92eb-4d1d798c3dce (type: ports) to 1
2026-06-18 16:29:34.283 9 INFO neutron.db.ovn_revision_numbers_db [None req-bc589d0b-088b-4bd8-9bff-1a5c455a9c28 b90f37e4429441d087f75dc371455b10 3c50b41b3e8f40f5a5b494a635847ac3 - - default default] Successfully bumped revision number for resource 6ed5ae40-603d-428e-bb3a-9a6303d0ac34 (type: ports) to 1
2026-06-18 16:29:34.391 9 WARNING neutron.scheduler.dhcp_agent_scheduler [None req-6bf51f84-5c0d-4550-a0bb-f7db31ab2043 a6d831faa2444dddb7fdecf6d0e85a5a c2fdadef49f6414185deb2eeb53ef810 - - - -] No more DHCP agents
2026-06-18 16:29:34.393 9 WARNING neutron.api.rpc.agentnotifiers.dhcp_rpc_agent_api [None req-6bf51f84-5c0d-4550-a0bb-f7db31ab2043 a6d831faa2444dddb7fdecf6d0e85a5a c2fdadef49f6414185deb2eeb53ef810 - - - -] Unable to schedule network 58dfc627-3f4f-4c16-8e7b-437a6b239ada: no agents available; will retry on subsequent port and subnet creation events.
2026-06-18 16:29:34.900 10 INFO neutron.db.ovn_revision_numbers_db [None req-9bb44cf8-5e4e-405e-b218-f5d6992114dd 1a7579f1968d4b94adea2a3f5c5662f4 ac7784256f2b4d08b307a7517c1cbc8c - - - -] Successfully bumped revision number for resource 3f2b5ba5-39e6-465c-92eb-4d1d798c3dce (type: router_ports) to 1
2026-06-18 16:29:34.949 9 INFO neutron.plugins.ml2.drivers.ovn.mech_driver.ovsdb.ovsdb_monitor [None req-42cf4e08-fd64-4c36-b16d-2a64a10148d0 - - - - - -] Router e4fd9898-5d2a-4794-94ad-6b6344afd66e is bound to host instance
2026-06-18 16:29:35.009 10 INFO neutron.db.ovn_revision_numbers_db [None req-9bb44cf8-5e4e-405e-b218-f5d6992114dd 1a7579f1968d4b94adea2a3f5c5662f4 ac7784256f2b4d08b307a7517c1cbc8c - - - -] Successfully bumped revision number for resource e4fd9898-5d2a-4794-94ad-6b6344afd66e (type: routers) to 3
2026-06-18 16:29:35.017 10 WARNING neutron.plugins.ml2.drivers.ovn.mech_driver.ovsdb.ovn_client [None req-80484ea4-37af-413e-92b6-1c989940594e - - - - - -] No hosting information found for port dece9414-ed21-49ec-8e94-db4bea0a7740: RuntimeError: No hosting information found for port dece9414-ed21-49ec-8e94-db4bea0a7740
2026-06-18 16:29:35.017 10 INFO neutron.plugins.ml2.drivers.ovn.mech_driver.mech_driver [None req-80484ea4-37af-413e-92b6-1c989940594e - - - - - -] OVN reports status up for port: 815c2a05-7184-4b2a-9932-eaacced42a50
2026-06-18 16:29:35.028 10 INFO neutron.wsgi [None req-9bb44cf8-5e4e-405e-b218-f5d6992114dd 1a7579f1968d4b94adea2a3f5c5662f4 ac7784256f2b4d08b307a7517c1cbc8c - - - -] 10.0.0.138 "POST /v2.0/routers HTTP/1.1" status: 201 len: 874 time: 2.2286100
2026-06-18 16:29:35.030 10 INFO neutron.plugins.ml2.plugin [None req-80484ea4-37af-413e-92b6-1c989940594e - - - - - -] Attempt 1 to provision port 815c2a05-7184-4b2a-9932-eaacced42a50
2026-06-18 16:29:35.039 9 INFO neutron.db.ovn_revision_numbers_db [None req-6bf51f84-5c0d-4550-a0bb-f7db31ab2043 a6d831faa2444dddb7fdecf6d0e85a5a c2fdadef49f6414185deb2eeb53ef810 - - - -] Successfully bumped revision number for resource 4a8529db-9c2b-4fa1-976f-ade8e607030e (type: ports) to 1 /var/lib/openstack/lib/python3.10/site-packages/pycadf/identifier.py:71: UserWarning: Invalid uuid: neutron. To ensure interoperability, identifiers should be a valid uuid. warnings.warn(('Invalid uuid: %s. To ensure interoperability, '
2026-06-18 16:29:35.177 9 INFO neutron.wsgi [None req-6bf51f84-5c0d-4550-a0bb-f7db31ab2043 a6d831faa2444dddb7fdecf6d0e85a5a c2fdadef49f6414185deb2eeb53ef810 - - - -] 199.19.213.203 "POST /v2.0/ports HTTP/1.1" status: 201 len: 1158 time: 1.3626630
2026-06-18 16:29:35.195 9 INFO neutron.wsgi [req-1e79fd7a-f2c3-476f-ba61-20bfc5c15e45 req-d0f17876-30d7-4502-ae30-3851792b635a a6d831faa2444dddb7fdecf6d0e85a5a c2fdadef49f6414185deb2eeb53ef810 - - default default] 10.0.0.28 "GET /v2.0/ports?device_id=29a8791e-0706-4e05-99f5-65e68ced87b4 HTTP/1.1" status: 200 len: 1156 time: 0.1506383
2026-06-18 16:29:35.330 10 INFO neutron.db.ovn_revision_numbers_db [None req-80484ea4-37af-413e-92b6-1c989940594e - - - - - -] Successfully bumped revision number for resource 815c2a05-7184-4b2a-9932-eaacced42a50 (type: ports) to 3
2026-06-18 16:29:35.352 9 INFO neutron.wsgi [req-1e79fd7a-f2c3-476f-ba61-20bfc5c15e45 req-d7cbcd7f-2d54-409a-8373-b23fe6517707 a6d831faa2444dddb7fdecf6d0e85a5a c2fdadef49f6414185deb2eeb53ef810 - - default default] 10.0.0.28 "GET /v2.0/security-groups?id=3f6c0333-de9c-4a9a-98f0-6ea3b6eca9c5&fields=id&fields=name HTTP/1.1" status: 200 len: 312 time: 0.1456075
2026-06-18 16:29:35.440 10 INFO neutron.db.ovn_revision_numbers_db [None req-80484ea4-37af-413e-92b6-1c989940594e - - - - - -] Successfully bumped revision number for resource 815c2a05-7184-4b2a-9932-eaacced42a50 (type: router_ports) to 3
2026-06-18 16:29:35.588 9 INFO neutron.plugins.ml2.drivers.ovn.mech_driver.mech_driver [None req-ae9029ba-6d85-4ed1-a594-03b511ad510c - - - - - -] OVN reports status up for port: 6ed5ae40-603d-428e-bb3a-9a6303d0ac34
2026-06-18 16:29:35.645 9 INFO neutron.plugins.ml2.plugin [None req-ae9029ba-6d85-4ed1-a594-03b511ad510c - - - - - -] Attempt 1 to provision port 6ed5ae40-603d-428e-bb3a-9a6303d0ac34
2026-06-18 16:29:35.646 9 INFO neutron.db.ovn_revision_numbers_db [None req-bc589d0b-088b-4bd8-9bff-1a5c455a9c28 b90f37e4429441d087f75dc371455b10 3c50b41b3e8f40f5a5b494a635847ac3 - - default default] Successfully bumped revision number for resource 6ed5ae40-603d-428e-bb3a-9a6303d0ac34 (type: router_ports) to 2
2026-06-18 16:29:36.444 9 INFO neutron.db.ovn_revision_numbers_db [None req-bc589d0b-088b-4bd8-9bff-1a5c455a9c28 b90f37e4429441d087f75dc371455b10 3c50b41b3e8f40f5a5b494a635847ac3 - - default default] Successfully bumped revision number for resource 6ed5ae40-603d-428e-bb3a-9a6303d0ac34 (type: ports) to 2 /var/lib/openstack/lib/python3.10/site-packages/pycadf/identifier.py:71: UserWarning: Invalid uuid: neutron. To ensure interoperability, identifiers should be a valid uuid. warnings.warn(('Invalid uuid: %s. To ensure interoperability, '
2026-06-18 16:29:36.587 9 INFO neutron.wsgi [req-f08b3ef0-61e7-40ce-a630-c5d223c61673 req-0d5d3484-0d39-4644-a56d-5859b7dd8f57 a6d831faa2444dddb7fdecf6d0e85a5a c2fdadef49f6414185deb2eeb53ef810 - - default default] 10.0.0.28 "GET /v2.0/ports?device_id=29a8791e-0706-4e05-99f5-65e68ced87b4 HTTP/1.1" status: 200 len: 1168 time: 0.1155162
2026-06-18 16:29:36.727 9 INFO neutron.wsgi [None req-9c826d52-c974-4757-86e2-22f693a33275 1a7579f1968d4b94adea2a3f5c5662f4 ac7784256f2b4d08b307a7517c1cbc8c - - default default] 10.0.0.238 "GET /v2.0/subnets HTTP/1.1" status: 200 len: 4604 time: 0.2985480
2026-06-18 16:29:36.738 10 INFO neutron.db.ovn_revision_numbers_db [None req-46e9ae44-7793-4b64-9070-8aeef8277a54 face2b37662440a484559ff7f07636e3 feed2a5779ef4c19a69211984745e3a7 - - - -] Successfully bumped revision number for resource e802e751-cd6b-416d-92ce-b82950345666 (type: security_groups) to 1
2026-06-18 16:29:36.800 9 WARNING neutron.scheduler.dhcp_agent_scheduler [None req-bc589d0b-088b-4bd8-9bff-1a5c455a9c28 b90f37e4429441d087f75dc371455b10 3c50b41b3e8f40f5a5b494a635847ac3 - - default default] No more DHCP agents
2026-06-18 16:29:36.804 9 INFO neutron.wsgi [req-f08b3ef0-61e7-40ce-a630-c5d223c61673 req-b860318a-5a82-411f-a6ff-d06bd6df7961 a6d831faa2444dddb7fdecf6d0e85a5a c2fdadef49f6414185deb2eeb53ef810 - - default default] 10.0.0.28 "GET /v2.0/security-groups?id=3f6c0333-de9c-4a9a-98f0-6ea3b6eca9c5&fields=id&fields=name HTTP/1.1" status: 200 len: 312 time: 0.2051694
2026-06-18 16:29:36.836 9 WARNING neutron.api.rpc.agentnotifiers.dhcp_rpc_agent_api [None req-bc589d0b-088b-4bd8-9bff-1a5c455a9c28 b90f37e4429441d087f75dc371455b10 3c50b41b3e8f40f5a5b494a635847ac3 - - default default] Unable to schedule network bc2078e1-d314-4f50-a6cb-6882c411d760: no agents available; will retry on subsequent port and subnet creation events.
2026-06-18 16:29:36.838 10 INFO neutron.db.ovn_revision_numbers_db [None req-46e9ae44-7793-4b64-9070-8aeef8277a54 face2b37662440a484559ff7f07636e3 feed2a5779ef4c19a69211984745e3a7 - - - -] Successfully bumped revision number for resource 010bca4d-e79a-42eb-b81a-2e0d5c1c3d65 (type: security_groups) to 1
2026-06-18 16:29:36.863 9 WARNING neutron.scheduler.dhcp_agent_scheduler [None req-9127f76c-3eaa-4a02-a591-7715cfadd8dc 1a7579f1968d4b94adea2a3f5c5662f4 ac7784256f2b4d08b307a7517c1cbc8c - - default default] No more DHCP agents
2026-06-18 16:29:36.886 10 INFO neutron.wsgi [None req-46e9ae44-7793-4b64-9070-8aeef8277a54 face2b37662440a484559ff7f07636e3 feed2a5779ef4c19a69211984745e3a7 - - - -] 10.0.0.138 "POST /v2.0/security-groups HTTP/1.1" status: 201 len: 1737 time: 0.5092120
2026-06-18 16:29:36.888 9 WARNING neutron.api.rpc.agentnotifiers.dhcp_rpc_agent_api [None req-9127f76c-3eaa-4a02-a591-7715cfadd8dc 1a7579f1968d4b94adea2a3f5c5662f4 ac7784256f2b4d08b307a7517c1cbc8c - - default default] Unable to schedule network 8dbca10e-274a-45d1-a387-a339f054c058: no agents available; will retry on subsequent port and subnet creation events.
2026-06-18 16:29:36.889 9 INFO neutron.db.ovn_revision_numbers_db [None req-790eab6c-118e-4bd3-8c04-73dbdec92add 904dfcd0042142e5896a667eef09f1ad 1b0811b8348d4d22b803316b5a75872a - - - -] Successfully bumped revision number for resource 4a8529db-9c2b-4fa1-976f-ade8e607030e (type: ports) to 2
2026-06-18 16:29:36.928 10 INFO neutron.wsgi [None req-e59b3a8c-49f0-4523-a329-3c0d436ca057 face2b37662440a484559ff7f07636e3 feed2a5779ef4c19a69211984745e3a7 - - - -] 10.0.0.138 "PUT /v2.0/security-groups/010bca4d-e79a-42eb-b81a-2e0d5c1c3d65/tags HTTP/1.1" status: 200 len: 218 time: 0.0354884
2026-06-18 16:29:36.935 9 INFO neutron.wsgi [None req-38c111d3-232a-4135-a16e-31e8ed0915f1 1a7579f1968d4b94adea2a3f5c5662f4 ac7784256f2b4d08b307a7517c1cbc8c - - default default] 10.0.0.238 "GET /v2.0/ports HTTP/1.1" status: 200 len: 22163 time: 0.1958735
2026-06-18 16:29:36.969 10 INFO neutron.wsgi [None req-3516931a-af7b-4062-b6e4-7d81e494b92b face2b37662440a484559ff7f07636e3 feed2a5779ef4c19a69211984745e3a7 - - default default] 10.0.0.138 "GET /v2.0/security-groups/010bca4d-e79a-42eb-b81a-2e0d5c1c3d65/tags HTTP/1.1" status: 200 len: 218 time: 0.0308883
2026-06-18 16:29:37.007 10 INFO neutron.wsgi [None req-5bb24253-fb48-4507-8081-c7907805b768 face2b37662440a484559ff7f07636e3 feed2a5779ef4c19a69211984745e3a7 - - - -] 10.0.0.138 "PUT /v2.0/security-groups/010bca4d-e79a-42eb-b81a-2e0d5c1c3d65/tags/green HTTP/1.1" status: 201 len: 201 time: 0.0334036
2026-06-18 16:29:37.032 10 INFO neutron.wsgi [None req-c09ee457-2460-4599-9fc4-658ead5aa999 face2b37662440a484559ff7f07636e3 feed2a5779ef4c19a69211984745e3a7 - - default default] 10.0.0.138 "GET /v2.0/security-groups/010bca4d-e79a-42eb-b81a-2e0d5c1c3d65/tags HTTP/1.1" status: 200 len: 227 time: 0.0178401
2026-06-18 16:29:37.042 9 INFO neutron.db.ovn_revision_numbers_db [None req-ae9029ba-6d85-4ed1-a594-03b511ad510c - - - - - -] Successfully bumped revision number for resource 6ed5ae40-603d-428e-bb3a-9a6303d0ac34 (type: ports) to 3
2026-06-18 16:29:37.054 10 INFO neutron.wsgi [None req-0c5dba00-9d27-43bf-9c26-8703e173b5f3 face2b37662440a484559ff7f07636e3 feed2a5779ef4c19a69211984745e3a7 - - - -] 10.0.0.138 "PUT /v2.0/security-groups/010bca4d-e79a-42eb-b81a-2e0d5c1c3d65/tags/red HTTP/1.1" status: 201 len: 201 time: 0.0176351
2026-06-18 16:29:37.081 10 INFO neutron.wsgi [None req-4f200b30-fa10-4525-af37-78eccce2cb62 face2b37662440a484559ff7f07636e3 feed2a5779ef4c19a69211984745e3a7 - - default default] 10.0.0.138 "GET /v2.0/security-groups/010bca4d-e79a-42eb-b81a-2e0d5c1c3d65/tags HTTP/1.1" status: 200 len: 227 time: 0.0225847
2026-06-18 16:29:37.118 10 INFO neutron.wsgi [None req-feb7f5da-0b07-4c64-8bc6-5d14cd5d6fbf face2b37662440a484559ff7f07636e3 feed2a5779ef4c19a69211984745e3a7 - - - -] 10.0.0.138 "PUT /v2.0/security-groups/010bca4d-e79a-42eb-b81a-2e0d5c1c3d65/tags/black.or.white HTTP/1.1" status: 201 len: 201 time: 0.0321879
2026-06-18 16:29:37.136 10 INFO neutron.wsgi [None req-6c3a7bd8-db02-47c8-a05a-6119b4c59db1 face2b37662440a484559ff7f07636e3 feed2a5779ef4c19a69211984745e3a7 - - default default] 10.0.0.138 "GET /v2.0/security-groups/010bca4d-e79a-42eb-b81a-2e0d5c1c3d65/tags HTTP/1.1" status: 200 len: 245 time: 0.0133145
2026-06-18 16:29:37.168 10 INFO neutron.wsgi [None req-c3e92620-566c-440a-9710-f4fc89a93b52 face2b37662440a484559ff7f07636e3 feed2a5779ef4c19a69211984745e3a7 - - - -] 10.0.0.138 "PUT /v2.0/security-groups/010bca4d-e79a-42eb-b81a-2e0d5c1c3d65/tags HTTP/1.1" status: 200 len: 230 time: 0.0280368
2026-06-18 16:29:37.176 9 INFO neutron.db.ovn_revision_numbers_db [None req-42cf4e08-fd64-4c36-b16d-2a64a10148d0 - - - - - -] Successfully bumped revision number for resource 3f2b5ba5-39e6-465c-92eb-4d1d798c3dce (type: ports) to 1
2026-06-18 16:29:37.187 10 INFO neutron.wsgi [None req-c3e8f0ec-34f9-4aa3-9b26-8b50b6bf1b09 face2b37662440a484559ff7f07636e3 feed2a5779ef4c19a69211984745e3a7 - - default default] 10.0.0.138 "GET /v2.0/security-groups/010bca4d-e79a-42eb-b81a-2e0d5c1c3d65/tags HTTP/1.1" status: 200 len: 230 time: 0.0139310
2026-06-18 16:29:37.207 10 INFO neutron.wsgi [None req-bdb09a05-6c75-4fd9-9549-44669838b28c face2b37662440a484559ff7f07636e3 feed2a5779ef4c19a69211984745e3a7 - - default default] 10.0.0.138 "GET /v2.0/security-groups/010bca4d-e79a-42eb-b81a-2e0d5c1c3d65/tags/red HTTP/1.1" status: 204 len: 168 time: 0.0142004
2026-06-18 16:29:37.225 10 INFO neutron.api.v2.resource [None req-2c34d61e-8878-473c-bac7-74c6e9492df8 face2b37662440a484559ff7f07636e3 feed2a5779ef4c19a69211984745e3a7 - - default default] show failed (client error): The resource could not be found.
2026-06-18 16:29:37.227 10 INFO neutron.wsgi [None req-2c34d61e-8878-473c-bac7-74c6e9492df8 face2b37662440a484559ff7f07636e3 feed2a5779ef4c19a69211984745e3a7 - - default default] 10.0.0.138 "GET /v2.0/security-groups/010bca4d-e79a-42eb-b81a-2e0d5c1c3d65/tags/green HTTP/1.1" status: 404 len: 299 time: 0.0154536
2026-06-18 16:29:37.265 10 INFO neutron.wsgi [None req-42c7a76d-0b10-4faf-8839-fcac2a0eb05c face2b37662440a484559ff7f07636e3 feed2a5779ef4c19a69211984745e3a7 - - - -] 10.0.0.138 "DELETE /v2.0/security-groups/010bca4d-e79a-42eb-b81a-2e0d5c1c3d65/tags/red HTTP/1.1" status: 204 len: 168 time: 0.0331225
2026-06-18 16:29:37.287 10 INFO neutron.wsgi [None req-ef9c230b-3f32-418d-81ff-feb63bfa62cb face2b37662440a484559ff7f07636e3 feed2a5779ef4c19a69211984745e3a7 - - default default] 10.0.0.138 "GET /v2.0/security-groups/010bca4d-e79a-42eb-b81a-2e0d5c1c3d65/tags HTTP/1.1" status: 200 len: 223 time: 0.0161142
2026-06-18 16:29:37.311 10 INFO neutron.api.v2.resource [None req-285d6de1-c2c2-429c-8c0e-f375a28dc2ad face2b37662440a484559ff7f07636e3 feed2a5779ef4c19a69211984745e3a7 - - - -] delete failed (client error): The resource could not be found.
2026-06-18 16:29:37.313 10 INFO neutron.wsgi [None req-285d6de1-c2c2-429c-8c0e-f375a28dc2ad face2b37662440a484559ff7f07636e3 feed2a5779ef4c19a69211984745e3a7 - - - -] 10.0.0.138 "DELETE /v2.0/security-groups/010bca4d-e79a-42eb-b81a-2e0d5c1c3d65/tags/green HTTP/1.1" status: 404 len: 299 time: 0.0196259
2026-06-18 16:29:37.346 10 INFO neutron.wsgi [None req-0aa1eee9-6008-4758-adb9-b5be63d2716a face2b37662440a484559ff7f07636e3 feed2a5779ef4c19a69211984745e3a7 - - - -] 10.0.0.138 "DELETE /v2.0/security-groups/010bca4d-e79a-42eb-b81a-2e0d5c1c3d65/tags HTTP/1.1" status: 204 len: 168 time: 0.0282757
2026-06-18 16:29:37.385 10 INFO neutron.wsgi [None req-eff1c09a-e07b-4324-b5a0-5b083d352e65 face2b37662440a484559ff7f07636e3 feed2a5779ef4c19a69211984745e3a7 - - default default] 10.0.0.138 "GET /v2.0/security-groups/010bca4d-e79a-42eb-b81a-2e0d5c1c3d65/tags HTTP/1.1" status: 200 len: 205 time: 0.0337267
2026-06-18 16:29:37.536 10 INFO neutron.wsgi [None req-461167c2-7b93-4220-9aa8-6b0f46f9cac8 face2b37662440a484559ff7f07636e3 feed2a5779ef4c19a69211984745e3a7 - - - -] 10.0.0.138 "DELETE /v2.0/security-groups/010bca4d-e79a-42eb-b81a-2e0d5c1c3d65 HTTP/1.1" status: 204 len: 168 time: 0.1414154
2026-06-18 16:29:37.584 9 INFO neutron.wsgi [None req-ffe84dfd-b3a5-428c-a7b0-75ccbaf1cace 1a7579f1968d4b94adea2a3f5c5662f4 ac7784256f2b4d08b307a7517c1cbc8c - - default default] 10.0.0.238 "GET /v2.0/routers HTTP/1.1" status: 200 len: 2684 time: 0.6149044
2026-06-18 16:29:37.661 9 INFO neutron.wsgi [None req-6cd45228-bf54-4a4e-8137-e7f77c7f81ba 1a7579f1968d4b94adea2a3f5c5662f4 ac7784256f2b4d08b307a7517c1cbc8c - - default default] 10.0.0.238 "GET /v2.0/agents?binary=ovn-controller HTTP/1.1" status: 200 len: 591 time: 0.0682085
2026-06-18 16:29:37.802 9 INFO neutron.wsgi [None req-20be02ef-bd70-4c27-86cd-c7708915d8d4 1a7579f1968d4b94adea2a3f5c5662f4 ac7784256f2b4d08b307a7517c1cbc8c - - default default] 10.0.0.238 "GET /v2.0/subnets HTTP/1.1" status: 200 len: 4604 time: 0.1295657
2026-06-18 16:29:37.848 9 INFO neutron.wsgi [None req-952748a4-acff-4da1-8a8c-354bd74cb871 1a7579f1968d4b94adea2a3f5c5662f4 ac7784256f2b4d08b307a7517c1cbc8c - - default default] 10.0.0.238 "GET /v2.0/subnetpools HTTP/1.1" status: 200 len: 193 time: 0.0408726 /var/lib/openstack/lib/python3.10/site-packages/pycadf/identifier.py:71: UserWarning: Invalid uuid: neutron. To ensure interoperability, identifiers should be a valid uuid. warnings.warn(('Invalid uuid: %s. To ensure interoperability, '
2026-06-18 16:29:37.871 9 INFO neutron.db.ovn_revision_numbers_db [None req-ae9029ba-6d85-4ed1-a594-03b511ad510c - - - - - -] Successfully bumped revision number for resource 6ed5ae40-603d-428e-bb3a-9a6303d0ac34 (type: router_ports) to 3
2026-06-18 16:29:37.883 9 INFO neutron.db.ovn_revision_numbers_db [None req-bc589d0b-088b-4bd8-9bff-1a5c455a9c28 b90f37e4429441d087f75dc371455b10 3c50b41b3e8f40f5a5b494a635847ac3 - - - -] Successfully bumped revision number for resource 6ed5ae40-603d-428e-bb3a-9a6303d0ac34 (type: router_ports) to 3
2026-06-18 16:29:37.886 9 INFO neutron.wsgi [None req-bc589d0b-088b-4bd8-9bff-1a5c455a9c28 b90f37e4429441d087f75dc371455b10 3c50b41b3e8f40f5a5b494a635847ac3 - - - -] 10.0.0.138 "PUT /v2.0/routers/2657b288-4849-4df9-9ef6-e4994d6d17d8/add_router_interface HTTP/1.1" status: 200 len: 503 time: 4.5859220
2026-06-18 16:29:37.934 9 INFO neutron.db.ovn_revision_numbers_db [None req-9127f76c-3eaa-4a02-a591-7715cfadd8dc 1a7579f1968d4b94adea2a3f5c5662f4 ac7784256f2b4d08b307a7517c1cbc8c - - default default] Successfully bumped revision number for resource 815f430a-07ef-4aa8-878c-7c032d07152e (type: ports) to 1
2026-06-18 16:29:38.020 10 INFO neutron.wsgi [None req-c1f695ec-8397-4369-812f-9140d29083d2 b90f37e4429441d087f75dc371455b10 3c50b41b3e8f40f5a5b494a635847ac3 - - default default] 10.0.0.138 "GET /v2.0/ports/6ed5ae40-603d-428e-bb3a-9a6303d0ac34 HTTP/1.1" status: 200 len: 1137 time: 0.1261663
2026-06-18 16:29:38.059 10 INFO neutron.wsgi [None req-64345bcc-0e96-42b6-b6e3-35fdfc6fe1e4 b90f37e4429441d087f75dc371455b10 3c50b41b3e8f40f5a5b494a635847ac3 - - default default] 10.0.0.138 "GET /v2.0/ports/6ed5ae40-603d-428e-bb3a-9a6303d0ac34 HTTP/1.1" status: 200 len: 1137 time: 0.0364635
2026-06-18 16:29:38.224 9 INFO neutron.db.ovn_revision_numbers_db [None req-790eab6c-118e-4bd3-8c04-73dbdec92add 904dfcd0042142e5896a667eef09f1ad 1b0811b8348d4d22b803316b5a75872a - - - -] Successfully bumped revision number for resource 4a8529db-9c2b-4fa1-976f-ade8e607030e (type: ports) to 2
2026-06-18 16:29:38.243 9 INFO neutron.wsgi [req-d6e0d465-c33e-4a4e-8264-f5e5f8da832a req-4572b975-fd62-44b8-8cf6-2d4a43056846 a6d831faa2444dddb7fdecf6d0e85a5a c2fdadef49f6414185deb2eeb53ef810 - - default default] 10.0.0.28 "GET /v2.0/ports?device_id=29a8791e-0706-4e05-99f5-65e68ced87b4 HTTP/1.1" status: 200 len: 1168 time: 0.3391309
2026-06-18 16:29:38.318 9 INFO neutron.wsgi [None req-790eab6c-118e-4bd3-8c04-73dbdec92add 904dfcd0042142e5896a667eef09f1ad 1b0811b8348d4d22b803316b5a75872a - - - -] 199.19.213.203 "PUT /v2.0/ports/4a8529db-9c2b-4fa1-976f-ade8e607030e HTTP/1.1" status: 200 len: 1328 time: 3.1327069
2026-06-18 16:29:38.341 9 INFO neutron.wsgi [None req-5887b7b6-7702-48f3-a71f-219531546929 1a7579f1968d4b94adea2a3f5c5662f4 ac7784256f2b4d08b307a7517c1cbc8c - - default default] 10.0.0.238 "GET /v2.0/security-groups HTTP/1.1" status: 200 len: 40887 time: 0.4879405
2026-06-18 16:29:38.381 9 INFO neutron.notifiers.nova [-] Nova event matching ['req-02e9ed40-63dd-46ba-b47a-8dea6c09c685'] response: {'name': 'network-changed', 'server_uuid': '29a8791e-0706-4e05-99f5-65e68ced87b4', 'tag': '4a8529db-9c2b-4fa1-976f-ade8e607030e', 'status': 'completed', 'code': 200}
2026-06-18 16:29:38.401 9 INFO neutron.wsgi [None req-d17e2aa0-abd7-49ac-8670-5bf4c628ad6f 1a7579f1968d4b94adea2a3f5c5662f4 ac7784256f2b4d08b307a7517c1cbc8c - - default default] 10.0.0.238 "GET /v2.0/agents HTTP/1.1" status: 200 len: 997 time: 0.0377784
2026-06-18 16:29:38.414 9 INFO neutron.wsgi [req-d6e0d465-c33e-4a4e-8264-f5e5f8da832a req-c98370d6-be40-4ad0-a8f7-b4ff9059e9f7 a6d831faa2444dddb7fdecf6d0e85a5a c2fdadef49f6414185deb2eeb53ef810 - - default default] 10.0.0.28 "GET /v2.0/security-groups?id=3f6c0333-de9c-4a9a-98f0-6ea3b6eca9c5&fields=id&fields=name HTTP/1.1" status: 200 len: 312 time: 0.1556618
2026-06-18 16:29:38.469 9 INFO neutron.wsgi [None req-f923f69c-6572-4668-8b26-a400f02fb8e4 1a7579f1968d4b94adea2a3f5c5662f4 ac7784256f2b4d08b307a7517c1cbc8c - - default default] 10.0.0.238 "GET /v2.0/floatingips HTTP/1.1" status: 200 len: 730 time: 0.0531781
2026-06-18 16:29:38.472 9 INFO neutron.wsgi [req-e781ab0e-ec79-4d16-b082-8f8bd85d0a0a req-ff65bc46-5fa9-40e9-b7ae-e13cb96d4903 904dfcd0042142e5896a667eef09f1ad 1b0811b8348d4d22b803316b5a75872a - - 4df68552b8fc48988c746818700f8910 4df68552b8fc48988c746818700f8910] 199.19.213.203 "GET /v2.0/ports?tenant_id=c2fdadef49f6414185deb2eeb53ef810&device_id=29a8791e-0706-4e05-99f5-65e68ced87b4 HTTP/1.1" status: 200 len: 1359 time: 0.1119592
2026-06-18 16:29:38.552 9 INFO neutron.wsgi [req-e781ab0e-ec79-4d16-b082-8f8bd85d0a0a req-226bfac6-841c-4ce6-ac6c-028bdba5533f 904dfcd0042142e5896a667eef09f1ad 1b0811b8348d4d22b803316b5a75872a - - 4df68552b8fc48988c746818700f8910 4df68552b8fc48988c746818700f8910] 199.19.213.203 "GET /v2.0/floatingips?fixed_ip_address=10.100.0.5&port_id=4a8529db-9c2b-4fa1-976f-ade8e607030e HTTP/1.1" status: 200 len: 217 time: 0.0664539
2026-06-18 16:29:38.670 10 INFO neutron.db.ovn_revision_numbers_db [None req-2107df5a-e2e1-45b4-bdc3-2387668b6d5d 1a7579f1968d4b94adea2a3f5c5662f4 ac7784256f2b4d08b307a7517c1cbc8c - - default default] Successfully bumped revision number for resource fbc47ca4-348b-4233-a838-41fdbd79e900 (type: security_groups) to 1
2026-06-18 16:29:38.705 10 INFO neutron.wsgi [None req-2107df5a-e2e1-45b4-bdc3-2387668b6d5d 1a7579f1968d4b94adea2a3f5c5662f4 ac7784256f2b4d08b307a7517c1cbc8c - - default default] 10.0.0.138 "GET /v2.0/security-groups?tenant_id=baf1c86e869c4b91b86cd84269adefeb&name=default HTTP/1.1" status: 200 len: 2996 time: 0.3987594
2026-06-18 16:29:39.016 9 INFO neutron.wsgi [None req-ae5abe84-e1c7-47e1-926c-38335c7c3ad5 1a7579f1968d4b94adea2a3f5c5662f4 ac7784256f2b4d08b307a7517c1cbc8c - - default default] 10.0.0.238 "GET /v2.0/networks HTTP/1.1" status: 200 len: 6094 time: 0.5412192
2026-06-18 16:29:39.026 9 INFO neutron.wsgi [req-e781ab0e-ec79-4d16-b082-8f8bd85d0a0a req-2dd16e0f-b3e9-442e-aa84-38202b7e3772 904dfcd0042142e5896a667eef09f1ad 1b0811b8348d4d22b803316b5a75872a - - 4df68552b8fc48988c746818700f8910 4df68552b8fc48988c746818700f8910] 199.19.213.203 "GET /v2.0/subnets?id=a620a792-7444-4071-83dd-f92f0142c4be HTTP/1.1" status: 200 len: 852 time: 0.4557493
2026-06-18 16:29:39.062 9 INFO neutron.wsgi [req-e781ab0e-ec79-4d16-b082-8f8bd85d0a0a req-65d4bef5-b5d8-4880-8ab7-1605007dff1d 904dfcd0042142e5896a667eef09f1ad 1b0811b8348d4d22b803316b5a75872a - - 4df68552b8fc48988c746818700f8910 4df68552b8fc48988c746818700f8910] 199.19.213.203 "GET /v2.0/ports?network_id=58dfc627-3f4f-4c16-8e7b-437a6b239ada&device_owner=network%3Adhcp HTTP/1.1" status: 200 len: 210 time: 0.0272079
2026-06-18 16:29:39.063 9 INFO neutron.wsgi [None req-709b6d8a-661c-49e8-ae4a-185e65faab75 1a7579f1968d4b94adea2a3f5c5662f4 ac7784256f2b4d08b307a7517c1cbc8c - - default default] 10.0.0.238 "GET /v2.0/network-ip-availabilities HTTP/1.1" status: 200 len: 3493 time: 0.0412412
2026-06-18 16:29:39.084 9 INFO neutron.db.ovn_revision_numbers_db [None req-42cf4e08-fd64-4c36-b16d-2a64a10148d0 - - - - - -] Successfully bumped revision number for resource 3f2b5ba5-39e6-465c-92eb-4d1d798c3dce (type: router_ports) to 3
2026-06-18 16:29:39.100 10 INFO neutron.wsgi [None req-7d777460-95e6-4d31-8433-2dc974e992c1 b90f37e4429441d087f75dc371455b10 3c50b41b3e8f40f5a5b494a635847ac3 - - - -] 10.0.0.138 "PUT /v2.0/routers/2657b288-4849-4df9-9ef6-e4994d6d17d8/remove_router_interface HTTP/1.1" status: 200 len: 503 time: 1.0349045 /var/lib/openstack/lib/python3.10/site-packages/pycadf/identifier.py:71: UserWarning: Invalid uuid: neutron. To ensure interoperability, identifiers should be a valid uuid. warnings.warn(('Invalid uuid: %s. To ensure interoperability, '
2026-06-18 16:29:39.154 10 INFO neutron.wsgi [None req-1a528248-7987-4c45-a3cf-8556e861e3ee 1a7579f1968d4b94adea2a3f5c5662f4 ac7784256f2b4d08b307a7517c1cbc8c - - - -] 10.0.0.138 "DELETE /v2.0/security-groups/fbc47ca4-348b-4233-a838-41fdbd79e900 HTTP/1.1" status: 204 len: 168 time: 0.4311228
2026-06-18 16:29:39.175 9 INFO neutron.wsgi [req-e781ab0e-ec79-4d16-b082-8f8bd85d0a0a req-cdaa9cf4-0dd9-4a8f-a6c9-7c56e99302e8 904dfcd0042142e5896a667eef09f1ad 1b0811b8348d4d22b803316b5a75872a - - 4df68552b8fc48988c746818700f8910 4df68552b8fc48988c746818700f8910] 199.19.213.203 "GET /v2.0/networks/58dfc627-3f4f-4c16-8e7b-437a6b239ada?fields=segments HTTP/1.1" status: 200 len: 212 time: 0.1013241
2026-06-18 16:29:39.228 10 INFO neutron.wsgi [None req-a1f696fa-733d-4c2d-b6ab-32f6258ca310 b90f37e4429441d087f75dc371455b10 3c50b41b3e8f40f5a5b494a635847ac3 - - default default] 10.0.0.138 "GET /v2.0/ports/815c2a05-7184-4b2a-9932-eaacced42a50 HTTP/1.1" status: 200 len: 1137 time: 0.1223133
2026-06-18 16:29:39.290 9 INFO neutron.wsgi [req-e781ab0e-ec79-4d16-b082-8f8bd85d0a0a req-5500a1c1-8b95-4fc8-890a-da2d905aceb1 904dfcd0042142e5896a667eef09f1ad 1b0811b8348d4d22b803316b5a75872a - - 4df68552b8fc48988c746818700f8910 4df68552b8fc48988c746818700f8910] 199.19.213.203 "GET /v2.0/networks/58dfc627-3f4f-4c16-8e7b-437a6b239ada?fields=provider%3Aphysical_network&fields=provider%3Anetwork_type HTTP/1.1" status: 200 len: 277 time: 0.1085002
2026-06-18 16:29:39.310 10 INFO neutron.wsgi [None req-ea49aad2-8c35-4ae3-be21-ac3a8bd2afea 1a7579f1968d4b94adea2a3f5c5662f4 ac7784256f2b4d08b307a7517c1cbc8c - - default default] 10.0.0.138 "GET /v2.0/security-groups?tenant_id=feed2a5779ef4c19a69211984745e3a7&name=default HTTP/1.1" status: 200 len: 2996 time: 0.0467651
2026-06-18 16:29:39.404 9 INFO neutron.wsgi [req-4a02b3a8-e888-4290-b4af-71e74a34c59f req-0530a50d-950c-4173-a241-cea64640a6b6 904dfcd0042142e5896a667eef09f1ad 1b0811b8348d4d22b803316b5a75872a - - 4df68552b8fc48988c746818700f8910 4df68552b8fc48988c746818700f8910] 199.19.213.203 "GET /v2.0/ports?tenant_id=c2fdadef49f6414185deb2eeb53ef810&device_id=29a8791e-0706-4e05-99f5-65e68ced87b4 HTTP/1.1" status: 200 len: 1359 time: 0.0687919
2026-06-18 16:29:39.431 9 INFO neutron.db.ovn_revision_numbers_db [None req-42cf4e08-fd64-4c36-b16d-2a64a10148d0 - - - - - -] Successfully bumped revision number for resource 3f2b5ba5-39e6-465c-92eb-4d1d798c3dce (type: ports) to 2
2026-06-18 16:29:39.515 9 INFO neutron.wsgi [req-4a02b3a8-e888-4290-b4af-71e74a34c59f req-f31aba69-cf05-4bd3-9225-a80ef1c315ad 904dfcd0042142e5896a667eef09f1ad 1b0811b8348d4d22b803316b5a75872a - - 4df68552b8fc48988c746818700f8910 4df68552b8fc48988c746818700f8910] 199.19.213.203 "GET /v2.0/networks?id=58dfc627-3f4f-4c16-8e7b-437a6b239ada HTTP/1.1" status: 200 len: 958 time: 0.0978029
2026-06-18 16:29:39.582 9 INFO neutron.wsgi [req-4a02b3a8-e888-4290-b4af-71e74a34c59f req-31e04c45-66fd-4f90-9b24-ade251c4df89 904dfcd0042142e5896a667eef09f1ad 1b0811b8348d4d22b803316b5a75872a - - 4df68552b8fc48988c746818700f8910 4df68552b8fc48988c746818700f8910] 199.19.213.203 "GET /v2.0/floatingips?fixed_ip_address=10.100.0.5&port_id=4a8529db-9c2b-4fa1-976f-ade8e607030e HTTP/1.1" status: 200 len: 217 time: 0.0562308
2026-06-18 16:29:39.600 9 INFO neutron.wsgi [req-501725b0-a243-41ee-9437-46cfd1568b1b req-6b5649ba-9dbb-4a57-96d0-325d385803a8 a6d831faa2444dddb7fdecf6d0e85a5a c2fdadef49f6414185deb2eeb53ef810 - - default default] 10.0.0.28 "GET /v2.0/ports?device_id=29a8791e-0706-4e05-99f5-65e68ced87b4 HTTP/1.1" status: 200 len: 1168 time: 0.0914555
2026-06-18 16:29:39.632 9 INFO neutron.db.ovn_revision_numbers_db [None req-9127f76c-3eaa-4a02-a591-7715cfadd8dc 1a7579f1968d4b94adea2a3f5c5662f4 ac7784256f2b4d08b307a7517c1cbc8c - - default default] Successfully bumped revision number for resource 815f430a-07ef-4aa8-878c-7c032d07152e (type: router_ports) to 2
2026-06-18 16:29:39.693 9 INFO neutron.wsgi [req-4a02b3a8-e888-4290-b4af-71e74a34c59f req-fb0d9bc8-2c7c-46a5-a01b-0db43b78f59b 904dfcd0042142e5896a667eef09f1ad 1b0811b8348d4d22b803316b5a75872a - - 4df68552b8fc48988c746818700f8910 4df68552b8fc48988c746818700f8910] 199.19.213.203 "GET /v2.0/subnets?id=a620a792-7444-4071-83dd-f92f0142c4be HTTP/1.1" status: 200 len: 852 time: 0.0989809
2026-06-18 16:29:39.697 9 INFO neutron.wsgi [req-501725b0-a243-41ee-9437-46cfd1568b1b req-a686be57-fce9-4c53-8ebf-144a7a498309 a6d831faa2444dddb7fdecf6d0e85a5a c2fdadef49f6414185deb2eeb53ef810 - - default default] 10.0.0.28 "GET /v2.0/security-groups?id=3f6c0333-de9c-4a9a-98f0-6ea3b6eca9c5&fields=id&fields=name HTTP/1.1" status: 200 len: 312 time: 0.0878041
2026-06-18 16:29:39.759 9 INFO neutron.wsgi [req-4a02b3a8-e888-4290-b4af-71e74a34c59f req-d49abd07-4670-426a-857a-e8d7ca3fae47 904dfcd0042142e5896a667eef09f1ad 1b0811b8348d4d22b803316b5a75872a - - 4df68552b8fc48988c746818700f8910 4df68552b8fc48988c746818700f8910] 199.19.213.203 "GET /v2.0/ports?network_id=58dfc627-3f4f-4c16-8e7b-437a6b239ada&device_owner=network%3Adhcp HTTP/1.1" status: 200 len: 210 time: 0.0567167
2026-06-18 16:29:39.901 9 INFO neutron.wsgi [req-4a02b3a8-e888-4290-b4af-71e74a34c59f req-69c36672-6824-482d-a327-931ebecb0603 904dfcd0042142e5896a667eef09f1ad 1b0811b8348d4d22b803316b5a75872a - - 4df68552b8fc48988c746818700f8910 4df68552b8fc48988c746818700f8910] 199.19.213.203 "GET /v2.0/networks/58dfc627-3f4f-4c16-8e7b-437a6b239ada?fields=segments HTTP/1.1" status: 200 len: 212 time: 0.1331804
2026-06-18 16:29:39.936 9 INFO neutron.wsgi [None req-85119a50-5927-4a55-9823-2bb5caabbd34 1a7579f1968d4b94adea2a3f5c5662f4 ac7784256f2b4d08b307a7517c1cbc8c - - - -] 10.0.0.138 "DELETE /v2.0/security-groups/e802e751-cd6b-416d-92ce-b82950345666 HTTP/1.1" status: 204 len: 168 time: 0.6212928
2026-06-18 16:29:39.988 9 INFO neutron.db.ovn_revision_numbers_db [None req-9127f76c-3eaa-4a02-a591-7715cfadd8dc 1a7579f1968d4b94adea2a3f5c5662f4 ac7784256f2b4d08b307a7517c1cbc8c - - default default] Successfully bumped revision number for resource 815f430a-07ef-4aa8-878c-7c032d07152e (type: ports) to 2
2026-06-18 16:29:39.999 9 INFO neutron.wsgi [req-4a02b3a8-e888-4290-b4af-71e74a34c59f req-cccbce0f-af4b-4e5b-bed3-c315813b2f99 904dfcd0042142e5896a667eef09f1ad 1b0811b8348d4d22b803316b5a75872a - - 4df68552b8fc48988c746818700f8910 4df68552b8fc48988c746818700f8910] 199.19.213.203 "GET /v2.0/networks/58dfc627-3f4f-4c16-8e7b-437a6b239ada?fields=provider%3Aphysical_network&fields=provider%3Anetwork_type HTTP/1.1" status: 200 len: 277 time: 0.0887761
2026-06-18 16:29:40.000 9 INFO neutron.db.ovn_revision_numbers_db [None req-42cf4e08-fd64-4c36-b16d-2a64a10148d0 - - - - - -] Successfully bumped revision number for resource 3f2b5ba5-39e6-465c-92eb-4d1d798c3dce (type: ports) to 4
2026-06-18 16:29:40.096 9 WARNING neutron.scheduler.dhcp_agent_scheduler [None req-9127f76c-3eaa-4a02-a591-7715cfadd8dc 1a7579f1968d4b94adea2a3f5c5662f4 ac7784256f2b4d08b307a7517c1cbc8c - - default default] No more DHCP agents
2026-06-18 16:29:40.097 9 WARNING neutron.api.rpc.agentnotifiers.dhcp_rpc_agent_api [None req-9127f76c-3eaa-4a02-a591-7715cfadd8dc 1a7579f1968d4b94adea2a3f5c5662f4 ac7784256f2b4d08b307a7517c1cbc8c - - default default] Unable to schedule network 8dbca10e-274a-45d1-a387-a339f054c058: no agents available; will retry on subsequent port and subnet creation events.
2026-06-18 16:29:40.264 10 INFO neutron.wsgi [None req-ce364a63-1fc2-4384-a175-9e3601910ba4 b90f37e4429441d087f75dc371455b10 3c50b41b3e8f40f5a5b494a635847ac3 - - - -] 10.0.0.138 "PUT /v2.0/routers/2657b288-4849-4df9-9ef6-e4994d6d17d8/remove_router_interface HTTP/1.1" status: 200 len: 503 time: 1.0301995 /var/lib/openstack/lib/python3.10/site-packages/pycadf/identifier.py:71: UserWarning: Invalid uuid: neutron. To ensure interoperability, identifiers should be a valid uuid. warnings.warn(('Invalid uuid: %s. To ensure interoperability, '
2026-06-18 16:29:40.300 10 INFO neutron.wsgi [None req-88310e42-e8db-4205-b068-9ef96ba34466 b90f37e4429441d087f75dc371455b10 3c50b41b3e8f40f5a5b494a635847ac3 - - default default] 10.0.0.138 "GET /v2.0/ports?device_id=2657b288-4849-4df9-9ef6-e4994d6d17d8 HTTP/1.1" status: 200 len: 205 time: 0.0290003
2026-06-18 16:29:40.320 9 INFO neutron.db.ovn_revision_numbers_db [None req-42cf4e08-fd64-4c36-b16d-2a64a10148d0 - - - - - -] Successfully bumped revision number for resource 3f2b5ba5-39e6-465c-92eb-4d1d798c3dce (type: router_ports) to 4
2026-06-18 16:29:40.536 10 INFO neutron.wsgi [None req-6c45f0bc-3538-4f4a-a9e1-2c8e73c36a31 b90f37e4429441d087f75dc371455b10 3c50b41b3e8f40f5a5b494a635847ac3 - - - -] 10.0.0.138 "DELETE /v2.0/routers/2657b288-4849-4df9-9ef6-e4994d6d17d8 HTTP/1.1" status: 204 len: 168 time: 0.2253079
2026-06-18 16:29:40.813 10 INFO neutron.wsgi [None req-7328faad-fb72-400c-845b-237207848410 b90f37e4429441d087f75dc371455b10 3c50b41b3e8f40f5a5b494a635847ac3 - - - -] 10.0.0.138 "DELETE /v2.0/subnets/98e49a59-8fca-4cff-a0f6-57ed6e621952 HTTP/1.1" status: 204 len: 168 time: 0.2713320
2026-06-18 16:29:40.872 10 WARNING neutron.plugins.ml2.drivers.ovn.mech_driver.ovsdb.ovn_client [None req-80484ea4-37af-413e-92b6-1c989940594e - - - - - -] No port found with ID 815c2a05-7184-4b2a-9932-eaacced42a50: RuntimeError: No port found with ID 815c2a05-7184-4b2a-9932-eaacced42a50
2026-06-18 16:29:40.873 10 INFO neutron.plugins.ml2.drivers.ovn.mech_driver.mech_driver [None req-80484ea4-37af-413e-92b6-1c989940594e - - - - - -] OVN reports status up for port: 3f2b5ba5-39e6-465c-92eb-4d1d798c3dce
2026-06-18 16:29:40.902 10 INFO neutron.plugins.ml2.plugin [None req-80484ea4-37af-413e-92b6-1c989940594e - - - - - -] Attempt 1 to provision port 3f2b5ba5-39e6-465c-92eb-4d1d798c3dce
2026-06-18 16:29:41.031 10 INFO neutron.plugins.ml2.drivers.ovn.mech_driver.mech_driver [None req-80484ea4-37af-413e-92b6-1c989940594e - - - - - -] OVN reports status up for port: 4a8529db-9c2b-4fa1-976f-ade8e607030e
2026-06-18 16:29:41.052 10 INFO neutron.plugins.ml2.plugin [None req-80484ea4-37af-413e-92b6-1c989940594e - - - - - -] Attempt 1 to provision port 4a8529db-9c2b-4fa1-976f-ade8e607030e
2026-06-18 16:29:41.111 9 INFO neutron.wsgi [req-763a847a-f2cf-4e68-ad81-99c1f8b0b44e req-08833b6d-fa9e-46e3-99a0-fef36842d7aa a6d831faa2444dddb7fdecf6d0e85a5a c2fdadef49f6414185deb2eeb53ef810 - - default default] 10.0.0.28 "GET /v2.0/ports?device_id=29a8791e-0706-4e05-99f5-65e68ced87b4 HTTP/1.1" status: 200 len: 1168 time: 0.0493345
2026-06-18 16:29:41.133 10 INFO neutron.wsgi [None req-acab98e9-7b49-4fa6-9a41-5093f171ba33 b90f37e4429441d087f75dc371455b10 3c50b41b3e8f40f5a5b494a635847ac3 - - - -] 10.0.0.138 "DELETE /v2.0/subnets/89b6ecee-40b6-4042-a61a-d0d21f4b8a00 HTTP/1.1" status: 204 len: 168 time: 0.3143346
2026-06-18 16:29:41.187 10 INFO neutron.notifiers.nova [-] Nova event matching ['req-cf135fa2-533a-4ed4-9cda-5716f87195cb'] response: {'server_uuid': '29a8791e-0706-4e05-99f5-65e68ced87b4', 'name': 'network-vif-plugged', 'status': 'completed', 'tag': '4a8529db-9c2b-4fa1-976f-ade8e607030e', 'code': 200}
2026-06-18 16:29:41.224 9 INFO neutron.wsgi [req-763a847a-f2cf-4e68-ad81-99c1f8b0b44e req-d5bbd635-7501-46c0-8673-4a61a53a0e8f a6d831faa2444dddb7fdecf6d0e85a5a c2fdadef49f6414185deb2eeb53ef810 - - default default] 10.0.0.28 "GET /v2.0/security-groups?id=3f6c0333-de9c-4a9a-98f0-6ea3b6eca9c5&fields=id&fields=name HTTP/1.1" status: 200 len: 312 time: 0.1042302
2026-06-18 16:29:41.321 10 INFO neutron.db.ovn_revision_numbers_db [None req-80484ea4-37af-413e-92b6-1c989940594e - - - - - -] Successfully bumped revision number for resource 4a8529db-9c2b-4fa1-976f-ade8e607030e (type: ports) to 4
2026-06-18 16:29:41.729 9 INFO neutron.db.ovn_revision_numbers_db [None req-9127f76c-3eaa-4a02-a591-7715cfadd8dc 1a7579f1968d4b94adea2a3f5c5662f4 ac7784256f2b4d08b307a7517c1cbc8c - - - -] Successfully bumped revision number for resource 815f430a-07ef-4aa8-878c-7c032d07152e (type: router_ports) to 2
2026-06-18 16:29:41.732 9 INFO neutron.wsgi [None req-9127f76c-3eaa-4a02-a591-7715cfadd8dc 1a7579f1968d4b94adea2a3f5c5662f4 ac7784256f2b4d08b307a7517c1cbc8c - - - -] 10.0.0.138 "PUT /v2.0/routers/e4fd9898-5d2a-4794-94ad-6b6344afd66e/add_router_interface HTTP/1.1" status: 200 len: 503 time: 6.6899016
2026-06-18 16:29:41.774 9 INFO neutron.services.segments.plugin [-] Segment b633b0c6-246a-45d5-91b4-57e77d174643 resource provider aggregate not found
2026-06-18 16:29:41.781 9 INFO neutron.services.segments.plugin [-] Segment b633b0c6-246a-45d5-91b4-57e77d174643 resource provider aggregate not found
2026-06-18 16:29:41.809 9 INFO neutron.services.segments.plugin [-] Segment b633b0c6-246a-45d5-91b4-57e77d174643 resource provider not found; error: Placement Client Error (4xx): {"errors": [{"status": 404, "title": "Not Found", "detail": "The resource could not be found.\n\n No resource provider with uuid b633b0c6-246a-45d5-91b4-57e77d174643 found for delete ", "request_id": "req-64bddea6-79b7-4cad-b3dd-d16f3fc8b201"}]}
2026-06-18 16:29:41.810 9 INFO neutron.services.segments.plugin [-] Segment b633b0c6-246a-45d5-91b4-57e77d174643 resource provider not found; error: Placement Client Error (4xx): {"errors": [{"status": 404, "title": "Not Found", "detail": "The resource could not be found.\n\n No resource provider with uuid b633b0c6-246a-45d5-91b4-57e77d174643 found for delete ", "request_id": "req-324e65d9-644d-45e4-b023-22750a6d5104"}]}
2026-06-18 16:29:41.845 9 INFO neutron.wsgi [None req-0d5a95d9-7ee9-433f-bded-fdbb01f4c0cf b90f37e4429441d087f75dc371455b10 3c50b41b3e8f40f5a5b494a635847ac3 - - - -] 10.0.0.138 "DELETE /v2.0/networks/bc2078e1-d314-4f50-a6cb-6882c411d760 HTTP/1.1" status: 204 len: 168 time: 0.7045026 /var/lib/openstack/lib/python3.10/site-packages/pycadf/identifier.py:71: UserWarning: Invalid uuid: neutron. To ensure interoperability, identifiers should be a valid uuid. warnings.warn(('Invalid uuid: %s. To ensure interoperability, '
2026-06-18 16:29:42.283 10 INFO neutron.services.segments.plugin [-] Segment f38ad150-f991-4a6a-ab65-9ca2e51157f1 resource provider aggregate not found
2026-06-18 16:29:42.289 10 INFO neutron.services.segments.plugin [-] Segment f38ad150-f991-4a6a-ab65-9ca2e51157f1 resource provider aggregate not found
2026-06-18 16:29:42.311 10 INFO neutron.services.segments.plugin [-] Segment f38ad150-f991-4a6a-ab65-9ca2e51157f1 resource provider not found; error: Placement Client Error (4xx): {"errors": [{"status": 404, "title": "Not Found", "detail": "The resource could not be found.\n\n No resource provider with uuid f38ad150-f991-4a6a-ab65-9ca2e51157f1 found for delete ", "request_id": "req-06e2538b-638e-47a0-93fb-a32564bfb348"}]}
2026-06-18 16:29:42.315 10 INFO neutron.services.segments.plugin [-] Segment f38ad150-f991-4a6a-ab65-9ca2e51157f1 resource provider not found; error: Placement Client Error (4xx): {"errors": [{"status": 404, "title": "Not Found", "detail": "The resource could not be found.\n\n No resource provider with uuid f38ad150-f991-4a6a-ab65-9ca2e51157f1 found for delete ", "request_id": "req-5f25793e-33f5-47fb-bc5b-84e80917c4f7"}]}
2026-06-18 16:29:42.331 10 INFO neutron.wsgi [None req-393b372e-7c88-4e04-b9e9-ab1b989027c0 b90f37e4429441d087f75dc371455b10 3c50b41b3e8f40f5a5b494a635847ac3 - - - -] 10.0.0.138 "DELETE /v2.0/networks/16d89b6d-061a-45f9-8aa0-f30913e610f8 HTTP/1.1" status: 204 len: 168 time: 0.4796281
