2026-06-18 16:29:17.478 7 INFO cinder.api.openstack.wsgi [None req-33af64c9-4a2a-463c-895d-47f38762d16a 445c39077bf84c6ea6e9421b90b44c8e d79faf8bb973466883dea85c23775696 - - default default] PUT http://cinder-api.openstack.svc.cluster.local:8776/v3/d79faf8bb973466883dea85c23775696/volumes/2d38100d-3005-4458-8e48-717b149a9ba8 /var/lib/openstack/lib/python3.10/site-packages/oslo_context/context.py:100: DeprecationWarning: Policy enforcement is depending on the value of is_admin. This key is deprecated. Please update your policy file to use the standard policy values. warnings.warn('Policy enforcement is depending on the value of '
2026-06-18 16:29:17.509 7 INFO cinder.volume.api [None req-33af64c9-4a2a-463c-895d-47f38762d16a 445c39077bf84c6ea6e9421b90b44c8e d79faf8bb973466883dea85c23775696 - - default default] Volume info retrieved successfully.
2026-06-18 16:29:17.523 7 INFO cinder.volume.api [None req-33af64c9-4a2a-463c-895d-47f38762d16a 445c39077bf84c6ea6e9421b90b44c8e d79faf8bb973466883dea85c23775696 - - default default] Volume updated successfully.
2026-06-18 16:29:17.524 7 INFO cinder.api.openstack.wsgi [None req-33af64c9-4a2a-463c-895d-47f38762d16a 445c39077bf84c6ea6e9421b90b44c8e d79faf8bb973466883dea85c23775696 - - default default] http://cinder-api.openstack.svc.cluster.local:8776/v3/d79faf8bb973466883dea85c23775696/volumes/2d38100d-3005-4458-8e48-717b149a9ba8 returned with HTTP 200 [pid: 7|app: 0|req: 429/860] 10.0.0.138 () {34 vars in 795 bytes} [Thu Jun 18 16:29:17 2026] PUT /v3/d79faf8bb973466883dea85c23775696/volumes/2d38100d-3005-4458-8e48-717b149a9ba8 => generated 881 bytes in 52 msecs (HTTP/1.1 200) 7 headers in 285 bytes (1 switches on core 0) /var/lib/openstack/lib/python3.10/site-packages/pycadf/identifier.py:71: UserWarning: Invalid uuid: cinderv3. To ensure interoperability, identifiers should be a valid uuid. warnings.warn(('Invalid uuid: %s. To ensure interoperability, '
2026-06-18 16:29:17.546 8 INFO cinder.api.openstack.wsgi [None req-e55d2a6d-ddef-4da1-8f88-eb26a84c4bcc 445c39077bf84c6ea6e9421b90b44c8e d79faf8bb973466883dea85c23775696 - - default default] GET http://cinder-api.openstack.svc.cluster.local:8776/v3/d79faf8bb973466883dea85c23775696/volumes/2d38100d-3005-4458-8e48-717b149a9ba8 /var/lib/openstack/lib/python3.10/site-packages/oslo_context/context.py:100: DeprecationWarning: Policy enforcement is depending on the value of is_admin. This key is deprecated. Please update your policy file to use the standard policy values. warnings.warn('Policy enforcement is depending on the value of '
2026-06-18 16:29:17.564 8 INFO cinder.volume.api [None req-e55d2a6d-ddef-4da1-8f88-eb26a84c4bcc 445c39077bf84c6ea6e9421b90b44c8e d79faf8bb973466883dea85c23775696 - - default default] Volume info retrieved successfully.
2026-06-18 16:29:17.571 8 INFO cinder.api.openstack.wsgi [None req-e55d2a6d-ddef-4da1-8f88-eb26a84c4bcc 445c39077bf84c6ea6e9421b90b44c8e d79faf8bb973466883dea85c23775696 - - default default] http://cinder-api.openstack.svc.cluster.local:8776/v3/d79faf8bb973466883dea85c23775696/volumes/2d38100d-3005-4458-8e48-717b149a9ba8 returned with HTTP 200 [pid: 8|app: 0|req: 432/861] 10.0.0.138 () {32 vars in 775 bytes} [Thu Jun 18 16:29:17 2026] GET /v3/d79faf8bb973466883dea85c23775696/volumes/2d38100d-3005-4458-8e48-717b149a9ba8 => generated 949 bytes in 33 msecs (HTTP/1.1 200) 7 headers in 285 bytes (1 switches on core 0) /var/lib/openstack/lib/python3.10/site-packages/pycadf/identifier.py:71: UserWarning: Invalid uuid: cinderv3. To ensure interoperability, identifiers should be a valid uuid. warnings.warn(('Invalid uuid: %s. To ensure interoperability, '
2026-06-18 16:29:17.591 7 INFO cinder.api.openstack.wsgi [None req-3a750d57-c726-4fc9-b5de-afb2fe7240bc 445c39077bf84c6ea6e9421b90b44c8e d79faf8bb973466883dea85c23775696 - - default default] DELETE http://cinder-api.openstack.svc.cluster.local:8776/v3/d79faf8bb973466883dea85c23775696/volumes/2d38100d-3005-4458-8e48-717b149a9ba8
2026-06-18 16:29:17.592 7 INFO cinder.api.v3.volumes [None req-3a750d57-c726-4fc9-b5de-afb2fe7240bc 445c39077bf84c6ea6e9421b90b44c8e d79faf8bb973466883dea85c23775696 - - default default] Delete volume with id: 2d38100d-3005-4458-8e48-717b149a9ba8  /var/lib/openstack/lib/python3.10/site-packages/oslo_context/context.py:100: DeprecationWarning: Policy enforcement is depending on the value of is_admin. This key is deprecated. Please update your policy file to use the standard policy values. warnings.warn('Policy enforcement is depending on the value of '
2026-06-18 16:29:17.607 7 INFO cinder.volume.api [None req-3a750d57-c726-4fc9-b5de-afb2fe7240bc 445c39077bf84c6ea6e9421b90b44c8e d79faf8bb973466883dea85c23775696 - - default default] Volume info retrieved successfully.
2026-06-18 16:29:17.643 7 INFO cinder.volume.api [None req-3a750d57-c726-4fc9-b5de-afb2fe7240bc 445c39077bf84c6ea6e9421b90b44c8e d79faf8bb973466883dea85c23775696 - - default default] Delete volume request issued successfully.
2026-06-18 16:29:17.643 7 INFO cinder.api.openstack.wsgi [None req-3a750d57-c726-4fc9-b5de-afb2fe7240bc 445c39077bf84c6ea6e9421b90b44c8e d79faf8bb973466883dea85c23775696 - - default default] http://cinder-api.openstack.svc.cluster.local:8776/v3/d79faf8bb973466883dea85c23775696/volumes/2d38100d-3005-4458-8e48-717b149a9ba8 returned with HTTP 202 [pid: 7|app: 0|req: 430/862] 10.0.0.138 () {32 vars in 778 bytes} [Thu Jun 18 16:29:17 2026] DELETE /v3/d79faf8bb973466883dea85c23775696/volumes/2d38100d-3005-4458-8e48-717b149a9ba8 => generated 0 bytes in 58 msecs (HTTP/1.1 202) 6 headers in 233 bytes (1 switches on core 0) /var/lib/openstack/lib/python3.10/site-packages/pycadf/identifier.py:71: UserWarning: Invalid uuid: cinderv3. To ensure interoperability, identifiers should be a valid uuid. warnings.warn(('Invalid uuid: %s. To ensure interoperability, '
2026-06-18 16:29:17.659 8 INFO cinder.api.openstack.wsgi [None req-3c42afc4-989c-4792-bbaf-b9e8810bc5fc 445c39077bf84c6ea6e9421b90b44c8e d79faf8bb973466883dea85c23775696 - - default default] GET http://cinder-api.openstack.svc.cluster.local:8776/v3/d79faf8bb973466883dea85c23775696/volumes/2d38100d-3005-4458-8e48-717b149a9ba8 /var/lib/openstack/lib/python3.10/site-packages/oslo_context/context.py:100: DeprecationWarning: Policy enforcement is depending on the value of is_admin. This key is deprecated. Please update your policy file to use the standard policy values. warnings.warn('Policy enforcement is depending on the value of '
2026-06-18 16:29:17.686 8 INFO cinder.volume.api [None req-3c42afc4-989c-4792-bbaf-b9e8810bc5fc 445c39077bf84c6ea6e9421b90b44c8e d79faf8bb973466883dea85c23775696 - - default default] Volume info retrieved successfully.
2026-06-18 16:29:17.694 8 INFO cinder.api.openstack.wsgi [None req-3c42afc4-989c-4792-bbaf-b9e8810bc5fc 445c39077bf84c6ea6e9421b90b44c8e d79faf8bb973466883dea85c23775696 - - default default] http://cinder-api.openstack.svc.cluster.local:8776/v3/d79faf8bb973466883dea85c23775696/volumes/2d38100d-3005-4458-8e48-717b149a9ba8 returned with HTTP 200 [pid: 8|app: 0|req: 433/863] 10.0.0.138 () {32 vars in 775 bytes} [Thu Jun 18 16:29:17 2026] GET /v3/d79faf8bb973466883dea85c23775696/volumes/2d38100d-3005-4458-8e48-717b149a9ba8 => generated 948 bytes in 45 msecs (HTTP/1.1 200) 7 headers in 285 bytes (1 switches on core 0)
2026-06-18 16:29:18.409 8 INFO cinder.api.openstack.wsgi [None req-3c42afc4-989c-4792-bbaf-b9e8810bc5fc 445c39077bf84c6ea6e9421b90b44c8e d79faf8bb973466883dea85c23775696 - - default default] GET http://10.0.0.230:8776/
2026-06-18 16:29:18.409 7 INFO cinder.api.openstack.wsgi [None req-3a750d57-c726-4fc9-b5de-afb2fe7240bc 445c39077bf84c6ea6e9421b90b44c8e d79faf8bb973466883dea85c23775696 - - default default] GET http://10.0.0.230:8776/
2026-06-18 16:29:18.409 8 INFO cinder.api.openstack.wsgi [None req-3c42afc4-989c-4792-bbaf-b9e8810bc5fc 445c39077bf84c6ea6e9421b90b44c8e d79faf8bb973466883dea85c23775696 - - default default] http://10.0.0.230:8776/ returned with HTTP 300
2026-06-18 16:29:18.410 7 INFO cinder.api.openstack.wsgi [None req-3a750d57-c726-4fc9-b5de-afb2fe7240bc 445c39077bf84c6ea6e9421b90b44c8e d79faf8bb973466883dea85c23775696 - - default default] http://10.0.0.230:8776/ returned with HTTP 300 /var/lib/openstack/lib/python3.10/site-packages/pycadf/identifier.py:71: UserWarning: Invalid uuid: cinderv3. To ensure interoperability, identifiers should be a valid uuid. warnings.warn(('Invalid uuid: %s. To ensure interoperability, '
2026-06-18 16:29:18.719 8 INFO cinder.api.openstack.wsgi [None req-9bd028d0-d706-4c4b-a2af-8498708a2a65 445c39077bf84c6ea6e9421b90b44c8e d79faf8bb973466883dea85c23775696 - - default default] GET http://cinder-api.openstack.svc.cluster.local:8776/v3/d79faf8bb973466883dea85c23775696/volumes/2d38100d-3005-4458-8e48-717b149a9ba8
2026-06-18 16:29:18.731 8 INFO cinder.api.openstack.wsgi [None req-9bd028d0-d706-4c4b-a2af-8498708a2a65 445c39077bf84c6ea6e9421b90b44c8e d79faf8bb973466883dea85c23775696 - - default default] http://cinder-api.openstack.svc.cluster.local:8776/v3/d79faf8bb973466883dea85c23775696/volumes/2d38100d-3005-4458-8e48-717b149a9ba8 returned with HTTP 404 [pid: 8|app: 0|req: 435/866] 10.0.0.138 () {32 vars in 775 bytes} [Thu Jun 18 16:29:18 2026] GET /v3/d79faf8bb973466883dea85c23775696/volumes/2d38100d-3005-4458-8e48-717b149a9ba8 => generated 109 bytes in 20 msecs (HTTP/1.1 404) 7 headers in 292 bytes (1 switches on core 0) /var/lib/openstack/lib/python3.10/site-packages/pycadf/identifier.py:71: UserWarning: Invalid uuid: cinderv3. To ensure interoperability, identifiers should be a valid uuid. warnings.warn(('Invalid uuid: %s. To ensure interoperability, '
2026-06-18 16:29:18.749 7 INFO cinder.api.openstack.wsgi [None req-3b31a353-725e-43db-8598-95a1f59313ff 445c39077bf84c6ea6e9421b90b44c8e d79faf8bb973466883dea85c23775696 - - default default] GET http://cinder-api.openstack.svc.cluster.local:8776/v3/d79faf8bb973466883dea85c23775696/volumes/eb42bd69-317a-4b4a-ac16-e4413655e020 /var/lib/openstack/lib/python3.10/site-packages/oslo_context/context.py:100: DeprecationWarning: Policy enforcement is depending on the value of is_admin. This key is deprecated. Please update your policy file to use the standard policy values. warnings.warn('Policy enforcement is depending on the value of '
2026-06-18 16:29:18.774 7 INFO cinder.volume.api [None req-3b31a353-725e-43db-8598-95a1f59313ff 445c39077bf84c6ea6e9421b90b44c8e d79faf8bb973466883dea85c23775696 - - default default] Volume info retrieved successfully.
2026-06-18 16:29:18.780 7 INFO cinder.api.openstack.wsgi [None req-3b31a353-725e-43db-8598-95a1f59313ff 445c39077bf84c6ea6e9421b90b44c8e d79faf8bb973466883dea85c23775696 - - default default] http://cinder-api.openstack.svc.cluster.local:8776/v3/d79faf8bb973466883dea85c23775696/volumes/eb42bd69-317a-4b4a-ac16-e4413655e020 returned with HTTP 200 [pid: 7|app: 0|req: 432/867] 10.0.0.138 () {32 vars in 775 bytes} [Thu Jun 18 16:29:18 2026] GET /v3/d79faf8bb973466883dea85c23775696/volumes/eb42bd69-317a-4b4a-ac16-e4413655e020 => generated 1386 bytes in 44 msecs (HTTP/1.1 200) 7 headers in 286 bytes (1 switches on core 0)
2026-06-18 16:29:18.804 8 INFO cinder.api.openstack.wsgi [None req-5b8122ea-4846-4862-964f-27d24242fe2c 445c39077bf84c6ea6e9421b90b44c8e d79faf8bb973466883dea85c23775696 - - default default] DELETE http://cinder-api.openstack.svc.cluster.local:8776/v3/d79faf8bb973466883dea85c23775696/volumes/eb42bd69-317a-4b4a-ac16-e4413655e020
2026-06-18 16:29:18.804 8 INFO cinder.api.v3.volumes [None req-5b8122ea-4846-4862-964f-27d24242fe2c 445c39077bf84c6ea6e9421b90b44c8e d79faf8bb973466883dea85c23775696 - - default default] Delete volume with id: eb42bd69-317a-4b4a-ac16-e4413655e020  /var/lib/openstack/lib/python3.10/site-packages/oslo_context/context.py:100: DeprecationWarning: Policy enforcement is depending on the value of is_admin. This key is deprecated. Please update your policy file to use the standard policy values. warnings.warn('Policy enforcement is depending on the value of '
2026-06-18 16:29:18.823 8 INFO cinder.volume.api [None req-5b8122ea-4846-4862-964f-27d24242fe2c 445c39077bf84c6ea6e9421b90b44c8e d79faf8bb973466883dea85c23775696 - - default default] Volume info retrieved successfully.
2026-06-18 16:29:18.859 8 INFO cinder.volume.api [None req-5b8122ea-4846-4862-964f-27d24242fe2c 445c39077bf84c6ea6e9421b90b44c8e d79faf8bb973466883dea85c23775696 - - default default] Delete volume request issued successfully.
2026-06-18 16:29:18.859 8 INFO cinder.api.openstack.wsgi [None req-5b8122ea-4846-4862-964f-27d24242fe2c 445c39077bf84c6ea6e9421b90b44c8e d79faf8bb973466883dea85c23775696 - - default default] http://cinder-api.openstack.svc.cluster.local:8776/v3/d79faf8bb973466883dea85c23775696/volumes/eb42bd69-317a-4b4a-ac16-e4413655e020 returned with HTTP 202 [pid: 8|app: 0|req: 436/868] 10.0.0.138 () {32 vars in 778 bytes} [Thu Jun 18 16:29:18 2026] DELETE /v3/d79faf8bb973466883dea85c23775696/volumes/eb42bd69-317a-4b4a-ac16-e4413655e020 => generated 0 bytes in 64 msecs (HTTP/1.1 202) 6 headers in 233 bytes (1 switches on core 0) /var/lib/openstack/lib/python3.10/site-packages/pycadf/identifier.py:71: UserWarning: Invalid uuid: cinderv3. To ensure interoperability, identifiers should be a valid uuid. warnings.warn(('Invalid uuid: %s. To ensure interoperability, '
2026-06-18 16:29:18.871 7 INFO cinder.api.openstack.wsgi [None req-11cb6b8f-ebeb-44d0-82b8-27b7de8e7e5c 445c39077bf84c6ea6e9421b90b44c8e d79faf8bb973466883dea85c23775696 - - default default] GET http://cinder-api.openstack.svc.cluster.local:8776/v3/d79faf8bb973466883dea85c23775696/volumes/eb42bd69-317a-4b4a-ac16-e4413655e020 /var/lib/openstack/lib/python3.10/site-packages/oslo_context/context.py:100: DeprecationWarning: Policy enforcement is depending on the value of is_admin. This key is deprecated. Please update your policy file to use the standard policy values. warnings.warn('Policy enforcement is depending on the value of '
2026-06-18 16:29:18.887 7 INFO cinder.volume.api [None req-11cb6b8f-ebeb-44d0-82b8-27b7de8e7e5c 445c39077bf84c6ea6e9421b90b44c8e d79faf8bb973466883dea85c23775696 - - default default] Volume info retrieved successfully.
2026-06-18 16:29:18.895 7 INFO cinder.api.openstack.wsgi [None req-11cb6b8f-ebeb-44d0-82b8-27b7de8e7e5c 445c39077bf84c6ea6e9421b90b44c8e d79faf8bb973466883dea85c23775696 - - default default] http://cinder-api.openstack.svc.cluster.local:8776/v3/d79faf8bb973466883dea85c23775696/volumes/eb42bd69-317a-4b4a-ac16-e4413655e020 returned with HTTP 200 [pid: 7|app: 0|req: 433/869] 10.0.0.138 () {32 vars in 775 bytes} [Thu Jun 18 16:29:18 2026] GET /v3/d79faf8bb973466883dea85c23775696/volumes/eb42bd69-317a-4b4a-ac16-e4413655e020 => generated 1385 bytes in 29 msecs (HTTP/1.1 200) 7 headers in 286 bytes (1 switches on core 0) /var/lib/openstack/lib/python3.10/site-packages/pycadf/identifier.py:71: UserWarning: Invalid uuid: cinderv3. To ensure interoperability, identifiers should be a valid uuid. warnings.warn(('Invalid uuid: %s. To ensure interoperability, '
2026-06-18 16:29:19.919 8 INFO cinder.api.openstack.wsgi [None req-a07d17c9-d69f-48c4-b86a-340469fb61c1 445c39077bf84c6ea6e9421b90b44c8e d79faf8bb973466883dea85c23775696 - - default default] GET http://cinder-api.openstack.svc.cluster.local:8776/v3/d79faf8bb973466883dea85c23775696/volumes/eb42bd69-317a-4b4a-ac16-e4413655e020
2026-06-18 16:29:19.933 8 INFO cinder.api.openstack.wsgi [None req-a07d17c9-d69f-48c4-b86a-340469fb61c1 445c39077bf84c6ea6e9421b90b44c8e d79faf8bb973466883dea85c23775696 - - default default] http://cinder-api.openstack.svc.cluster.local:8776/v3/d79faf8bb973466883dea85c23775696/volumes/eb42bd69-317a-4b4a-ac16-e4413655e020 returned with HTTP 404 [pid: 8|app: 0|req: 437/870] 10.0.0.138 () {32 vars in 775 bytes} [Thu Jun 18 16:29:19 2026] GET /v3/d79faf8bb973466883dea85c23775696/volumes/eb42bd69-317a-4b4a-ac16-e4413655e020 => generated 109 bytes in 26 msecs (HTTP/1.1 404) 7 headers in 292 bytes (1 switches on core 0)
2026-06-18 16:29:28.409 7 INFO cinder.api.openstack.wsgi [None req-11cb6b8f-ebeb-44d0-82b8-27b7de8e7e5c 445c39077bf84c6ea6e9421b90b44c8e d79faf8bb973466883dea85c23775696 - - default default] GET http://10.0.0.230:8776/
2026-06-18 16:29:28.410 7 INFO cinder.api.openstack.wsgi [None req-11cb6b8f-ebeb-44d0-82b8-27b7de8e7e5c 445c39077bf84c6ea6e9421b90b44c8e d79faf8bb973466883dea85c23775696 - - default default] http://10.0.0.230:8776/ returned with HTTP 300
2026-06-18 16:29:28.410 8 INFO cinder.api.openstack.wsgi [None req-a07d17c9-d69f-48c4-b86a-340469fb61c1 445c39077bf84c6ea6e9421b90b44c8e d79faf8bb973466883dea85c23775696 - - default default] GET http://10.0.0.230:8776/
2026-06-18 16:29:28.412 8 INFO cinder.api.openstack.wsgi [None req-a07d17c9-d69f-48c4-b86a-340469fb61c1 445c39077bf84c6ea6e9421b90b44c8e d79faf8bb973466883dea85c23775696 - - default default] http://10.0.0.230:8776/ returned with HTTP 300 /var/lib/openstack/lib/python3.10/site-packages/pycadf/identifier.py:71: UserWarning: Invalid uuid: cinderv3. To ensure interoperability, identifiers should be a valid uuid. warnings.warn(('Invalid uuid: %s. To ensure interoperability, '
2026-06-18 16:29:36.605 7 INFO cinder.api.openstack.wsgi [None req-e2b17a5e-ba2a-434c-81b0-76905cf6caa5 1a7579f1968d4b94adea2a3f5c5662f4 ac7784256f2b4d08b307a7517c1cbc8c - - default default] GET http://cinder-api.openstack.svc.cluster.local:8776/v3/ac7784256f2b4d08b307a7517c1cbc8c/os-services
2026-06-18 16:29:36.612 7 INFO cinder.api.openstack.wsgi [None req-e2b17a5e-ba2a-434c-81b0-76905cf6caa5 1a7579f1968d4b94adea2a3f5c5662f4 ac7784256f2b4d08b307a7517c1cbc8c - - default default] http://cinder-api.openstack.svc.cluster.local:8776/v3/ac7784256f2b4d08b307a7517c1cbc8c/os-services returned with HTTP 200 [pid: 7|app: 0|req: 435/873] 10.0.0.238 () {28 vars in 645 bytes} [Thu Jun 18 16:29:36 2026] GET /v3/ac7784256f2b4d08b307a7517c1cbc8c/os-services => generated 646 bytes in 191 msecs (HTTP/1.1 200) 7 headers in 285 bytes (1 switches on core 0)
2026-06-18 16:29:36.625 8 INFO cinder.api.openstack.wsgi [None req-d273a52a-5668-40ed-b951-b2ba44bfb72e 1a7579f1968d4b94adea2a3f5c5662f4 ac7784256f2b4d08b307a7517c1cbc8c - - default default] GET http://cinder-api.openstack.svc.cluster.local:8776/v3/ac7784256f2b4d08b307a7517c1cbc8c/volumes/detail?all_tenants=true
2026-06-18 16:29:36.637 8 INFO cinder.volume.api [None req-d273a52a-5668-40ed-b951-b2ba44bfb72e 1a7579f1968d4b94adea2a3f5c5662f4 ac7784256f2b4d08b307a7517c1cbc8c - - default default] Get all volumes completed successfully.
2026-06-18 16:29:36.640 8 INFO cinder.api.openstack.wsgi [None req-d273a52a-5668-40ed-b951-b2ba44bfb72e 1a7579f1968d4b94adea2a3f5c5662f4 ac7784256f2b4d08b307a7517c1cbc8c - - default default] http://cinder-api.openstack.svc.cluster.local:8776/v3/ac7784256f2b4d08b307a7517c1cbc8c/volumes/detail?all_tenants=true returned with HTTP 200 [pid: 8|app: 0|req: 439/874] 10.0.0.238 () {28 vars in 684 bytes} [Thu Jun 18 16:29:36 2026] GET /v3/ac7784256f2b4d08b307a7517c1cbc8c/volumes/detail?all_tenants=true => generated 15 bytes in 22 msecs (HTTP/1.1 200) 7 headers in 284 bytes (1 switches on core 0)
2026-06-18 16:29:36.652 7 INFO cinder.api.openstack.wsgi [None req-cbaeba47-ce03-4632-b380-1b2535726ae0 1a7579f1968d4b94adea2a3f5c5662f4 ac7784256f2b4d08b307a7517c1cbc8c - - default default] GET http://cinder-api.openstack.svc.cluster.local:8776/v3/ac7784256f2b4d08b307a7517c1cbc8c/volumes/detail?all_tenants=true
2026-06-18 16:29:36.663 7 INFO cinder.volume.api [None req-cbaeba47-ce03-4632-b380-1b2535726ae0 1a7579f1968d4b94adea2a3f5c5662f4 ac7784256f2b4d08b307a7517c1cbc8c - - default default] Get all volumes completed successfully.
2026-06-18 16:29:36.665 7 INFO cinder.api.openstack.wsgi [None req-cbaeba47-ce03-4632-b380-1b2535726ae0 1a7579f1968d4b94adea2a3f5c5662f4 ac7784256f2b4d08b307a7517c1cbc8c - - default default] http://cinder-api.openstack.svc.cluster.local:8776/v3/ac7784256f2b4d08b307a7517c1cbc8c/volumes/detail?all_tenants=true returned with HTTP 200 [pid: 7|app: 0|req: 436/875] 10.0.0.238 () {28 vars in 684 bytes} [Thu Jun 18 16:29:36 2026] GET /v3/ac7784256f2b4d08b307a7517c1cbc8c/volumes/detail?all_tenants=true => generated 15 bytes in 21 msecs (HTTP/1.1 200) 7 headers in 284 bytes (1 switches on core 0)
2026-06-18 16:29:36.683 8 INFO cinder.api.openstack.wsgi [None req-f0bd530a-726d-4fd1-8e9c-8e8343687a7c 1a7579f1968d4b94adea2a3f5c5662f4 ac7784256f2b4d08b307a7517c1cbc8c - - default default] GET http://cinder-api.openstack.svc.cluster.local:8776/v3/ac7784256f2b4d08b307a7517c1cbc8c/scheduler-stats/get_pools?detail=true
2026-06-18 16:29:36.700 8 INFO cinder.api.openstack.wsgi [None req-f0bd530a-726d-4fd1-8e9c-8e8343687a7c 1a7579f1968d4b94adea2a3f5c5662f4 ac7784256f2b4d08b307a7517c1cbc8c - - default default] http://cinder-api.openstack.svc.cluster.local:8776/v3/ac7784256f2b4d08b307a7517c1cbc8c/scheduler-stats/get_pools?detail=true returned with HTTP 200 [pid: 8|app: 0|req: 440/876] 10.0.0.238 () {28 vars in 696 bytes} [Thu Jun 18 16:29:36 2026] GET /v3/ac7784256f2b4d08b307a7517c1cbc8c/scheduler-stats/get_pools?detail=true => generated 670 bytes in 30 msecs (HTTP/1.1 200) 7 headers in 285 bytes (1 switches on core 0)
2026-06-18 16:29:36.757 7 INFO cinder.api.openstack.wsgi [None req-ae5ef0c4-1bb4-44f4-a6e5-1fc4c5949a4b 1a7579f1968d4b94adea2a3f5c5662f4 ac7784256f2b4d08b307a7517c1cbc8c - - default default] GET http://cinder-api.openstack.svc.cluster.local:8776/v3/ac7784256f2b4d08b307a7517c1cbc8c/os-quota-sets/1b0811b8348d4d22b803316b5a75872a?usage=true
2026-06-18 16:29:36.789 7 INFO cinder.api.openstack.wsgi [None req-ae5ef0c4-1bb4-44f4-a6e5-1fc4c5949a4b 1a7579f1968d4b94adea2a3f5c5662f4 ac7784256f2b4d08b307a7517c1cbc8c - - default default] http://cinder-api.openstack.svc.cluster.local:8776/v3/ac7784256f2b4d08b307a7517c1cbc8c/os-quota-sets/1b0811b8348d4d22b803316b5a75872a?usage=true returned with HTTP 200 [pid: 7|app: 0|req: 437/877] 10.0.0.238 () {28 vars in 736 bytes} [Thu Jun 18 16:29:36 2026] GET /v3/ac7784256f2b4d08b307a7517c1cbc8c/os-quota-sets/1b0811b8348d4d22b803316b5a75872a?usage=true => generated 845 bytes in 44 msecs (HTTP/1.1 200) 7 headers in 285 bytes (1 switches on core 0)
2026-06-18 16:29:36.806 8 INFO cinder.api.openstack.wsgi [None req-bd105ea9-9f0f-4917-b5e6-ef8f82f5cd07 1a7579f1968d4b94adea2a3f5c5662f4 ac7784256f2b4d08b307a7517c1cbc8c - - default default] GET http://cinder-api.openstack.svc.cluster.local:8776/v3/ac7784256f2b4d08b307a7517c1cbc8c/os-quota-sets/3c50b41b3e8f40f5a5b494a635847ac3?usage=true
2026-06-18 16:29:36.855 8 INFO cinder.api.openstack.wsgi [None req-bd105ea9-9f0f-4917-b5e6-ef8f82f5cd07 1a7579f1968d4b94adea2a3f5c5662f4 ac7784256f2b4d08b307a7517c1cbc8c - - default default] http://cinder-api.openstack.svc.cluster.local:8776/v3/ac7784256f2b4d08b307a7517c1cbc8c/os-quota-sets/3c50b41b3e8f40f5a5b494a635847ac3?usage=true returned with HTTP 200 [pid: 8|app: 0|req: 441/878] 10.0.0.238 () {28 vars in 736 bytes} [Thu Jun 18 16:29:36 2026] GET /v3/ac7784256f2b4d08b307a7517c1cbc8c/os-quota-sets/3c50b41b3e8f40f5a5b494a635847ac3?usage=true => generated 847 bytes in 60 msecs (HTTP/1.1 200) 7 headers in 285 bytes (1 switches on core 0)
2026-06-18 16:29:36.872 7 INFO cinder.api.openstack.wsgi [None req-41a90f75-80b0-403a-b94e-8b358a16dacd 1a7579f1968d4b94adea2a3f5c5662f4 ac7784256f2b4d08b307a7517c1cbc8c - - default default] GET http://cinder-api.openstack.svc.cluster.local:8776/v3/ac7784256f2b4d08b307a7517c1cbc8c/os-quota-sets/8b1bdb127e424cecb51cd32b293f60d8?usage=true
2026-06-18 16:29:36.897 7 INFO cinder.api.openstack.wsgi [None req-41a90f75-80b0-403a-b94e-8b358a16dacd 1a7579f1968d4b94adea2a3f5c5662f4 ac7784256f2b4d08b307a7517c1cbc8c - - default default] http://cinder-api.openstack.svc.cluster.local:8776/v3/ac7784256f2b4d08b307a7517c1cbc8c/os-quota-sets/8b1bdb127e424cecb51cd32b293f60d8?usage=true returned with HTTP 200 [pid: 7|app: 0|req: 438/879] 10.0.0.238 () {28 vars in 736 bytes} [Thu Jun 18 16:29:36 2026] GET /v3/ac7784256f2b4d08b307a7517c1cbc8c/os-quota-sets/8b1bdb127e424cecb51cd32b293f60d8?usage=true => generated 847 bytes in 33 msecs (HTTP/1.1 200) 7 headers in 285 bytes (1 switches on core 0)
2026-06-18 16:29:36.919 8 INFO cinder.api.openstack.wsgi [None req-6112f056-72ef-45b2-a127-1a30edc2debb 1a7579f1968d4b94adea2a3f5c5662f4 ac7784256f2b4d08b307a7517c1cbc8c - - default default] GET http://cinder-api.openstack.svc.cluster.local:8776/v3/ac7784256f2b4d08b307a7517c1cbc8c/os-quota-sets/a48cf6d3c02444ed8e3d4fd7c1c0e829?usage=true
2026-06-18 16:29:36.978 8 INFO cinder.api.openstack.wsgi [None req-6112f056-72ef-45b2-a127-1a30edc2debb 1a7579f1968d4b94adea2a3f5c5662f4 ac7784256f2b4d08b307a7517c1cbc8c - - default default] http://cinder-api.openstack.svc.cluster.local:8776/v3/ac7784256f2b4d08b307a7517c1cbc8c/os-quota-sets/a48cf6d3c02444ed8e3d4fd7c1c0e829?usage=true returned with HTTP 200 [pid: 8|app: 0|req: 442/880] 10.0.0.238 () {28 vars in 736 bytes} [Thu Jun 18 16:29:36 2026] GET /v3/ac7784256f2b4d08b307a7517c1cbc8c/os-quota-sets/a48cf6d3c02444ed8e3d4fd7c1c0e829?usage=true => generated 847 bytes in 75 msecs (HTTP/1.1 200) 7 headers in 285 bytes (1 switches on core 0)
2026-06-18 16:29:36.994 7 INFO cinder.api.openstack.wsgi [None req-554c62e6-527b-4fe4-871f-2d79f9566f0d 1a7579f1968d4b94adea2a3f5c5662f4 ac7784256f2b4d08b307a7517c1cbc8c - - default default] GET http://cinder-api.openstack.svc.cluster.local:8776/v3/ac7784256f2b4d08b307a7517c1cbc8c/os-quota-sets/ac7784256f2b4d08b307a7517c1cbc8c?usage=true
2026-06-18 16:29:37.024 7 INFO cinder.api.openstack.wsgi [None req-554c62e6-527b-4fe4-871f-2d79f9566f0d 1a7579f1968d4b94adea2a3f5c5662f4 ac7784256f2b4d08b307a7517c1cbc8c - - default default] http://cinder-api.openstack.svc.cluster.local:8776/v3/ac7784256f2b4d08b307a7517c1cbc8c/os-quota-sets/ac7784256f2b4d08b307a7517c1cbc8c?usage=true returned with HTTP 200 [pid: 7|app: 0|req: 439/881] 10.0.0.238 () {28 vars in 736 bytes} [Thu Jun 18 16:29:36 2026] GET /v3/ac7784256f2b4d08b307a7517c1cbc8c/os-quota-sets/ac7784256f2b4d08b307a7517c1cbc8c?usage=true => generated 845 bytes in 42 msecs (HTTP/1.1 200) 7 headers in 285 bytes (1 switches on core 0)
2026-06-18 16:29:37.036 8 INFO cinder.api.openstack.wsgi [None req-b0e8b30c-2f71-44e3-a216-910eedc82b59 1a7579f1968d4b94adea2a3f5c5662f4 ac7784256f2b4d08b307a7517c1cbc8c - - default default] GET http://cinder-api.openstack.svc.cluster.local:8776/v3/ac7784256f2b4d08b307a7517c1cbc8c/os-quota-sets/baf1c86e869c4b91b86cd84269adefeb?usage=true
2026-06-18 16:29:37.071 8 INFO cinder.api.openstack.wsgi [None req-b0e8b30c-2f71-44e3-a216-910eedc82b59 1a7579f1968d4b94adea2a3f5c5662f4 ac7784256f2b4d08b307a7517c1cbc8c - - default default] http://cinder-api.openstack.svc.cluster.local:8776/v3/ac7784256f2b4d08b307a7517c1cbc8c/os-quota-sets/baf1c86e869c4b91b86cd84269adefeb?usage=true returned with HTTP 200 [pid: 8|app: 0|req: 443/882] 10.0.0.238 () {28 vars in 736 bytes} [Thu Jun 18 16:29:37 2026] GET /v3/ac7784256f2b4d08b307a7517c1cbc8c/os-quota-sets/baf1c86e869c4b91b86cd84269adefeb?usage=true => generated 847 bytes in 44 msecs (HTTP/1.1 200) 7 headers in 285 bytes (1 switches on core 0)
2026-06-18 16:29:37.090 7 INFO cinder.api.openstack.wsgi [None req-320399db-735e-4514-a94f-ab50ab9d604d 1a7579f1968d4b94adea2a3f5c5662f4 ac7784256f2b4d08b307a7517c1cbc8c - - default default] GET http://cinder-api.openstack.svc.cluster.local:8776/v3/ac7784256f2b4d08b307a7517c1cbc8c/os-quota-sets/c2fdadef49f6414185deb2eeb53ef810?usage=true
2026-06-18 16:29:37.124 7 INFO cinder.api.openstack.wsgi [None req-320399db-735e-4514-a94f-ab50ab9d604d 1a7579f1968d4b94adea2a3f5c5662f4 ac7784256f2b4d08b307a7517c1cbc8c - - default default] http://cinder-api.openstack.svc.cluster.local:8776/v3/ac7784256f2b4d08b307a7517c1cbc8c/os-quota-sets/c2fdadef49f6414185deb2eeb53ef810?usage=true returned with HTTP 200 [pid: 7|app: 0|req: 440/883] 10.0.0.238 () {28 vars in 736 bytes} [Thu Jun 18 16:29:37 2026] GET /v3/ac7784256f2b4d08b307a7517c1cbc8c/os-quota-sets/c2fdadef49f6414185deb2eeb53ef810?usage=true => generated 847 bytes in 46 msecs (HTTP/1.1 200) 7 headers in 285 bytes (1 switches on core 0)
2026-06-18 16:29:37.136 8 INFO cinder.api.openstack.wsgi [None req-7c906537-65c5-4a32-bee9-ed7a81c84e23 1a7579f1968d4b94adea2a3f5c5662f4 ac7784256f2b4d08b307a7517c1cbc8c - - default default] GET http://cinder-api.openstack.svc.cluster.local:8776/v3/ac7784256f2b4d08b307a7517c1cbc8c/os-quota-sets/d0ae90c98fc8472ca2c6f90b1375144c?usage=true
2026-06-18 16:29:37.166 8 INFO cinder.api.openstack.wsgi [None req-7c906537-65c5-4a32-bee9-ed7a81c84e23 1a7579f1968d4b94adea2a3f5c5662f4 ac7784256f2b4d08b307a7517c1cbc8c - - default default] http://cinder-api.openstack.svc.cluster.local:8776/v3/ac7784256f2b4d08b307a7517c1cbc8c/os-quota-sets/d0ae90c98fc8472ca2c6f90b1375144c?usage=true returned with HTTP 200 [pid: 8|app: 0|req: 444/884] 10.0.0.238 () {28 vars in 736 bytes} [Thu Jun 18 16:29:37 2026] GET /v3/ac7784256f2b4d08b307a7517c1cbc8c/os-quota-sets/d0ae90c98fc8472ca2c6f90b1375144c?usage=true => generated 847 bytes in 38 msecs (HTTP/1.1 200) 7 headers in 285 bytes (1 switches on core 0)
2026-06-18 16:29:37.181 7 INFO cinder.api.openstack.wsgi [None req-109dabc4-ed48-4d52-ba4f-91338bb7a02f 1a7579f1968d4b94adea2a3f5c5662f4 ac7784256f2b4d08b307a7517c1cbc8c - - default default] GET http://cinder-api.openstack.svc.cluster.local:8776/v3/ac7784256f2b4d08b307a7517c1cbc8c/os-quota-sets/d896cd30c41049ec84de6cb75a06bcba?usage=true
2026-06-18 16:29:37.212 7 INFO cinder.api.openstack.wsgi [None req-109dabc4-ed48-4d52-ba4f-91338bb7a02f 1a7579f1968d4b94adea2a3f5c5662f4 ac7784256f2b4d08b307a7517c1cbc8c - - default default] http://cinder-api.openstack.svc.cluster.local:8776/v3/ac7784256f2b4d08b307a7517c1cbc8c/os-quota-sets/d896cd30c41049ec84de6cb75a06bcba?usage=true returned with HTTP 200 [pid: 7|app: 0|req: 441/885] 10.0.0.238 () {28 vars in 736 bytes} [Thu Jun 18 16:29:37 2026] GET /v3/ac7784256f2b4d08b307a7517c1cbc8c/os-quota-sets/d896cd30c41049ec84de6cb75a06bcba?usage=true => generated 847 bytes in 42 msecs (HTTP/1.1 200) 7 headers in 285 bytes (1 switches on core 0)
2026-06-18 16:29:37.225 8 INFO cinder.api.openstack.wsgi [None req-b9919391-3c88-4638-aeef-f08432205427 1a7579f1968d4b94adea2a3f5c5662f4 ac7784256f2b4d08b307a7517c1cbc8c - - default default] GET http://cinder-api.openstack.svc.cluster.local:8776/v3/ac7784256f2b4d08b307a7517c1cbc8c/os-quota-sets/feed2a5779ef4c19a69211984745e3a7?usage=true
2026-06-18 16:29:37.261 8 INFO cinder.api.openstack.wsgi [None req-b9919391-3c88-4638-aeef-f08432205427 1a7579f1968d4b94adea2a3f5c5662f4 ac7784256f2b4d08b307a7517c1cbc8c - - default default] http://cinder-api.openstack.svc.cluster.local:8776/v3/ac7784256f2b4d08b307a7517c1cbc8c/os-quota-sets/feed2a5779ef4c19a69211984745e3a7?usage=true returned with HTTP 200 [pid: 8|app: 0|req: 445/886] 10.0.0.238 () {28 vars in 736 bytes} [Thu Jun 18 16:29:37 2026] GET /v3/ac7784256f2b4d08b307a7517c1cbc8c/os-quota-sets/feed2a5779ef4c19a69211984745e3a7?usage=true => generated 847 bytes in 45 msecs (HTTP/1.1 200) 7 headers in 285 bytes (1 switches on core 0)
2026-06-18 16:29:37.280 7 INFO cinder.api.openstack.wsgi [None req-283ac0e2-5084-4ccd-ae7e-33147958e515 1a7579f1968d4b94adea2a3f5c5662f4 ac7784256f2b4d08b307a7517c1cbc8c - - default default] GET http://cinder-api.openstack.svc.cluster.local:8776/v3/ac7784256f2b4d08b307a7517c1cbc8c/snapshots?all_tenants=true
2026-06-18 16:29:37.288 7 INFO cinder.volume.api [None req-283ac0e2-5084-4ccd-ae7e-33147958e515 1a7579f1968d4b94adea2a3f5c5662f4 ac7784256f2b4d08b307a7517c1cbc8c - - default default] Get all snapshots completed successfully.
2026-06-18 16:29:37.288 7 INFO cinder.api.openstack.wsgi [None req-283ac0e2-5084-4ccd-ae7e-33147958e515 1a7579f1968d4b94adea2a3f5c5662f4 ac7784256f2b4d08b307a7517c1cbc8c - - default default] http://cinder-api.openstack.svc.cluster.local:8776/v3/ac7784256f2b4d08b307a7517c1cbc8c/snapshots?all_tenants=true returned with HTTP 200 [pid: 7|app: 0|req: 442/887] 10.0.0.238 () {28 vars in 674 bytes} [Thu Jun 18 16:29:37 2026] GET /v3/ac7784256f2b4d08b307a7517c1cbc8c/snapshots?all_tenants=true => generated 17 bytes in 19 msecs (HTTP/1.1 200) 7 headers in 284 bytes (1 switches on core 0)
2026-06-18 16:29:38.409 8 INFO cinder.api.openstack.wsgi [None req-b9919391-3c88-4638-aeef-f08432205427 1a7579f1968d4b94adea2a3f5c5662f4 ac7784256f2b4d08b307a7517c1cbc8c - - default default] GET http://10.0.0.230:8776/
2026-06-18 16:29:38.410 8 INFO cinder.api.openstack.wsgi [None req-b9919391-3c88-4638-aeef-f08432205427 1a7579f1968d4b94adea2a3f5c5662f4 ac7784256f2b4d08b307a7517c1cbc8c - - default default] http://10.0.0.230:8776/ returned with HTTP 300
2026-06-18 16:29:38.410 7 INFO cinder.api.openstack.wsgi [None req-283ac0e2-5084-4ccd-ae7e-33147958e515 1a7579f1968d4b94adea2a3f5c5662f4 ac7784256f2b4d08b307a7517c1cbc8c - - default default] GET http://10.0.0.230:8776/
2026-06-18 16:29:38.412 7 INFO cinder.api.openstack.wsgi [None req-283ac0e2-5084-4ccd-ae7e-33147958e515 1a7579f1968d4b94adea2a3f5c5662f4 ac7784256f2b4d08b307a7517c1cbc8c - - default default] http://10.0.0.230:8776/ returned with HTTP 300
2026-06-18 16:29:48.409 7 INFO cinder.api.openstack.wsgi [None req-283ac0e2-5084-4ccd-ae7e-33147958e515 1a7579f1968d4b94adea2a3f5c5662f4 ac7784256f2b4d08b307a7517c1cbc8c - - default default] GET http://10.0.0.230:8776/
2026-06-18 16:29:48.409 8 INFO cinder.api.openstack.wsgi [None req-b9919391-3c88-4638-aeef-f08432205427 1a7579f1968d4b94adea2a3f5c5662f4 ac7784256f2b4d08b307a7517c1cbc8c - - default default] GET http://10.0.0.230:8776/
2026-06-18 16:29:48.410 7 INFO cinder.api.openstack.wsgi [None req-283ac0e2-5084-4ccd-ae7e-33147958e515 1a7579f1968d4b94adea2a3f5c5662f4 ac7784256f2b4d08b307a7517c1cbc8c - - default default] http://10.0.0.230:8776/ returned with HTTP 300
2026-06-18 16:29:48.410 8 INFO cinder.api.openstack.wsgi [None req-b9919391-3c88-4638-aeef-f08432205427 1a7579f1968d4b94adea2a3f5c5662f4 ac7784256f2b4d08b307a7517c1cbc8c - - default default] http://10.0.0.230:8776/ returned with HTTP 300
2026-06-18 16:29:58.409 7 INFO cinder.api.openstack.wsgi [None req-283ac0e2-5084-4ccd-ae7e-33147958e515 1a7579f1968d4b94adea2a3f5c5662f4 ac7784256f2b4d08b307a7517c1cbc8c - - default default] GET http://10.0.0.230:8776/
2026-06-18 16:29:58.410 8 INFO cinder.api.openstack.wsgi [None req-b9919391-3c88-4638-aeef-f08432205427 1a7579f1968d4b94adea2a3f5c5662f4 ac7784256f2b4d08b307a7517c1cbc8c - - default default] GET http://10.0.0.230:8776/
2026-06-18 16:29:58.411 7 INFO cinder.api.openstack.wsgi [None req-283ac0e2-5084-4ccd-ae7e-33147958e515 1a7579f1968d4b94adea2a3f5c5662f4 ac7784256f2b4d08b307a7517c1cbc8c - - default default] http://10.0.0.230:8776/ returned with HTTP 300
2026-06-18 16:29:58.412 8 INFO cinder.api.openstack.wsgi [None req-b9919391-3c88-4638-aeef-f08432205427 1a7579f1968d4b94adea2a3f5c5662f4 ac7784256f2b4d08b307a7517c1cbc8c - - default default] http://10.0.0.230:8776/ returned with HTTP 300
2026-06-18 16:30:08.408 7 INFO cinder.api.openstack.wsgi [None req-283ac0e2-5084-4ccd-ae7e-33147958e515 1a7579f1968d4b94adea2a3f5c5662f4 ac7784256f2b4d08b307a7517c1cbc8c - - default default] GET http://10.0.0.230:8776/
2026-06-18 16:30:08.409 8 INFO cinder.api.openstack.wsgi [None req-b9919391-3c88-4638-aeef-f08432205427 1a7579f1968d4b94adea2a3f5c5662f4 ac7784256f2b4d08b307a7517c1cbc8c - - default default] GET http://10.0.0.230:8776/
2026-06-18 16:30:08.410 7 INFO cinder.api.openstack.wsgi [None req-283ac0e2-5084-4ccd-ae7e-33147958e515 1a7579f1968d4b94adea2a3f5c5662f4 ac7784256f2b4d08b307a7517c1cbc8c - - default default] http://10.0.0.230:8776/ returned with HTTP 300
2026-06-18 16:30:08.410 8 INFO cinder.api.openstack.wsgi [None req-b9919391-3c88-4638-aeef-f08432205427 1a7579f1968d4b94adea2a3f5c5662f4 ac7784256f2b4d08b307a7517c1cbc8c - - default default] http://10.0.0.230:8776/ returned with HTTP 300
2026-06-18 16:30:18.409 7 INFO cinder.api.openstack.wsgi [None req-283ac0e2-5084-4ccd-ae7e-33147958e515 1a7579f1968d4b94adea2a3f5c5662f4 ac7784256f2b4d08b307a7517c1cbc8c - - default default] GET http://10.0.0.230:8776/
2026-06-18 16:30:18.410 8 INFO cinder.api.openstack.wsgi [None req-b9919391-3c88-4638-aeef-f08432205427 1a7579f1968d4b94adea2a3f5c5662f4 ac7784256f2b4d08b307a7517c1cbc8c - - default default] GET http://10.0.0.230:8776/
2026-06-18 16:30:18.410 7 INFO cinder.api.openstack.wsgi [None req-283ac0e2-5084-4ccd-ae7e-33147958e515 1a7579f1968d4b94adea2a3f5c5662f4 ac7784256f2b4d08b307a7517c1cbc8c - - default default] http://10.0.0.230:8776/ returned with HTTP 300
2026-06-18 16:30:18.411 8 INFO cinder.api.openstack.wsgi [None req-b9919391-3c88-4638-aeef-f08432205427 1a7579f1968d4b94adea2a3f5c5662f4 ac7784256f2b4d08b307a7517c1cbc8c - - default default] http://10.0.0.230:8776/ returned with HTTP 300
2026-06-18 16:30:28.409 8 INFO cinder.api.openstack.wsgi [None req-b9919391-3c88-4638-aeef-f08432205427 1a7579f1968d4b94adea2a3f5c5662f4 ac7784256f2b4d08b307a7517c1cbc8c - - default default] GET http://10.0.0.230:8776/
2026-06-18 16:30:28.410 8 INFO cinder.api.openstack.wsgi [None req-b9919391-3c88-4638-aeef-f08432205427 1a7579f1968d4b94adea2a3f5c5662f4 ac7784256f2b4d08b307a7517c1cbc8c - - default default] http://10.0.0.230:8776/ returned with HTTP 300
2026-06-18 16:30:28.410 7 INFO cinder.api.openstack.wsgi [None req-283ac0e2-5084-4ccd-ae7e-33147958e515 1a7579f1968d4b94adea2a3f5c5662f4 ac7784256f2b4d08b307a7517c1cbc8c - - default default] GET http://10.0.0.230:8776/
2026-06-18 16:30:28.411 7 INFO cinder.api.openstack.wsgi [None req-283ac0e2-5084-4ccd-ae7e-33147958e515 1a7579f1968d4b94adea2a3f5c5662f4 ac7784256f2b4d08b307a7517c1cbc8c - - default default] http://10.0.0.230:8776/ returned with HTTP 300
2026-06-18 16:30:36.541 8 INFO cinder.api.openstack.wsgi [None req-aca45a88-bc1b-4df7-8ad4-051c6f516dca 1a7579f1968d4b94adea2a3f5c5662f4 ac7784256f2b4d08b307a7517c1cbc8c - - default default] GET http://cinder-api.openstack.svc.cluster.local:8776/v3/ac7784256f2b4d08b307a7517c1cbc8c/os-quota-sets/1b0811b8348d4d22b803316b5a75872a?usage=true
2026-06-18 16:30:36.567 8 INFO cinder.api.openstack.wsgi [None req-aca45a88-bc1b-4df7-8ad4-051c6f516dca 1a7579f1968d4b94adea2a3f5c5662f4 ac7784256f2b4d08b307a7517c1cbc8c - - default default] http://cinder-api.openstack.svc.cluster.local:8776/v3/ac7784256f2b4d08b307a7517c1cbc8c/os-quota-sets/1b0811b8348d4d22b803316b5a75872a?usage=true returned with HTTP 200 [pid: 8|app: 0|req: 452/900] 10.0.0.238 () {28 vars in 736 bytes} [Thu Jun 18 16:30:36 2026] GET /v3/ac7784256f2b4d08b307a7517c1cbc8c/os-quota-sets/1b0811b8348d4d22b803316b5a75872a?usage=true => generated 845 bytes in 158 msecs (HTTP/1.1 200) 7 headers in 285 bytes (1 switches on core 0)
2026-06-18 16:30:36.584 7 INFO cinder.api.openstack.wsgi [None req-79eccb07-e281-4f19-98df-1e5cf8cfe629 1a7579f1968d4b94adea2a3f5c5662f4 ac7784256f2b4d08b307a7517c1cbc8c - - default default] GET http://cinder-api.openstack.svc.cluster.local:8776/v3/ac7784256f2b4d08b307a7517c1cbc8c/os-quota-sets/27fa690184e04576a3de16d7f4135dc9?usage=true
2026-06-18 16:30:36.636 7 INFO cinder.api.openstack.wsgi [None req-79eccb07-e281-4f19-98df-1e5cf8cfe629 1a7579f1968d4b94adea2a3f5c5662f4 ac7784256f2b4d08b307a7517c1cbc8c - - default default] http://cinder-api.openstack.svc.cluster.local:8776/v3/ac7784256f2b4d08b307a7517c1cbc8c/os-quota-sets/27fa690184e04576a3de16d7f4135dc9?usage=true returned with HTTP 200 [pid: 7|app: 0|req: 449/901] 10.0.0.238 () {28 vars in 736 bytes} [Thu Jun 18 16:30:36 2026] GET /v3/ac7784256f2b4d08b307a7517c1cbc8c/os-quota-sets/27fa690184e04576a3de16d7f4135dc9?usage=true => generated 847 bytes in 62 msecs (HTTP/1.1 200) 7 headers in 285 bytes (1 switches on core 0)
2026-06-18 16:30:36.655 8 INFO cinder.api.openstack.wsgi [None req-b1f3b6bb-7f54-437b-a805-909df64f5726 1a7579f1968d4b94adea2a3f5c5662f4 ac7784256f2b4d08b307a7517c1cbc8c - - default default] GET http://cinder-api.openstack.svc.cluster.local:8776/v3/ac7784256f2b4d08b307a7517c1cbc8c/os-quota-sets/555008c7c53f4f0093f1716cfddc8c0d?usage=true
2026-06-18 16:30:36.692 8 INFO cinder.api.openstack.wsgi [None req-b1f3b6bb-7f54-437b-a805-909df64f5726 1a7579f1968d4b94adea2a3f5c5662f4 ac7784256f2b4d08b307a7517c1cbc8c - - default default] http://cinder-api.openstack.svc.cluster.local:8776/v3/ac7784256f2b4d08b307a7517c1cbc8c/os-quota-sets/555008c7c53f4f0093f1716cfddc8c0d?usage=true returned with HTTP 200 [pid: 8|app: 0|req: 453/902] 10.0.0.238 () {28 vars in 736 bytes} [Thu Jun 18 16:30:36 2026] GET /v3/ac7784256f2b4d08b307a7517c1cbc8c/os-quota-sets/555008c7c53f4f0093f1716cfddc8c0d?usage=true => generated 847 bytes in 48 msecs (HTTP/1.1 200) 7 headers in 285 bytes (1 switches on core 0)
2026-06-18 16:30:36.706 7 INFO cinder.api.openstack.wsgi [None req-6f509dbf-b6d1-49f5-9b47-cb9e52306d2b 1a7579f1968d4b94adea2a3f5c5662f4 ac7784256f2b4d08b307a7517c1cbc8c - - default default] GET http://cinder-api.openstack.svc.cluster.local:8776/v3/ac7784256f2b4d08b307a7517c1cbc8c/os-quota-sets/63eaabcc0d254733a41b884cc6fc7896?usage=true
2026-06-18 16:30:36.733 7 INFO cinder.api.openstack.wsgi [None req-6f509dbf-b6d1-49f5-9b47-cb9e52306d2b 1a7579f1968d4b94adea2a3f5c5662f4 ac7784256f2b4d08b307a7517c1cbc8c - - default default] http://cinder-api.openstack.svc.cluster.local:8776/v3/ac7784256f2b4d08b307a7517c1cbc8c/os-quota-sets/63eaabcc0d254733a41b884cc6fc7896?usage=true returned with HTTP 200 [pid: 7|app: 0|req: 450/903] 10.0.0.238 () {28 vars in 736 bytes} [Thu Jun 18 16:30:36 2026] GET /v3/ac7784256f2b4d08b307a7517c1cbc8c/os-quota-sets/63eaabcc0d254733a41b884cc6fc7896?usage=true => generated 847 bytes in 38 msecs (HTTP/1.1 200) 7 headers in 285 bytes (1 switches on core 0)
2026-06-18 16:30:36.748 8 INFO cinder.api.openstack.wsgi [None req-6a9e827f-ac7a-4e7b-b8e7-ca23fc1afc17 1a7579f1968d4b94adea2a3f5c5662f4 ac7784256f2b4d08b307a7517c1cbc8c - - default default] GET http://cinder-api.openstack.svc.cluster.local:8776/v3/ac7784256f2b4d08b307a7517c1cbc8c/os-quota-sets/a0953e4909c14d7f8fcb9345b90004f9?usage=true
2026-06-18 16:30:36.774 8 INFO cinder.api.openstack.wsgi [None req-6a9e827f-ac7a-4e7b-b8e7-ca23fc1afc17 1a7579f1968d4b94adea2a3f5c5662f4 ac7784256f2b4d08b307a7517c1cbc8c - - default default] http://cinder-api.openstack.svc.cluster.local:8776/v3/ac7784256f2b4d08b307a7517c1cbc8c/os-quota-sets/a0953e4909c14d7f8fcb9345b90004f9?usage=true returned with HTTP 200 [pid: 8|app: 0|req: 454/904] 10.0.0.238 () {28 vars in 736 bytes} [Thu Jun 18 16:30:36 2026] GET /v3/ac7784256f2b4d08b307a7517c1cbc8c/os-quota-sets/a0953e4909c14d7f8fcb9345b90004f9?usage=true => generated 847 bytes in 36 msecs (HTTP/1.1 200) 7 headers in 285 bytes (1 switches on core 0)
2026-06-18 16:30:36.786 7 INFO cinder.api.openstack.wsgi [None req-45420d07-e8a5-4f79-ac98-0744e982aaf6 1a7579f1968d4b94adea2a3f5c5662f4 ac7784256f2b4d08b307a7517c1cbc8c - - default default] GET http://cinder-api.openstack.svc.cluster.local:8776/v3/ac7784256f2b4d08b307a7517c1cbc8c/os-quota-sets/ac7784256f2b4d08b307a7517c1cbc8c?usage=true
2026-06-18 16:30:36.821 7 INFO cinder.api.openstack.wsgi [None req-45420d07-e8a5-4f79-ac98-0744e982aaf6 1a7579f1968d4b94adea2a3f5c5662f4 ac7784256f2b4d08b307a7517c1cbc8c - - default default] http://cinder-api.openstack.svc.cluster.local:8776/v3/ac7784256f2b4d08b307a7517c1cbc8c/os-quota-sets/ac7784256f2b4d08b307a7517c1cbc8c?usage=true returned with HTTP 200 [pid: 7|app: 0|req: 451/905] 10.0.0.238 () {28 vars in 736 bytes} [Thu Jun 18 16:30:36 2026] GET /v3/ac7784256f2b4d08b307a7517c1cbc8c/os-quota-sets/ac7784256f2b4d08b307a7517c1cbc8c?usage=true => generated 845 bytes in 44 msecs (HTTP/1.1 200) 7 headers in 285 bytes (1 switches on core 0)
2026-06-18 16:30:36.840 8 INFO cinder.api.openstack.wsgi [None req-ace56941-a219-46f1-8912-3e128617dcd6 1a7579f1968d4b94adea2a3f5c5662f4 ac7784256f2b4d08b307a7517c1cbc8c - - default default] GET http://cinder-api.openstack.svc.cluster.local:8776/v3/ac7784256f2b4d08b307a7517c1cbc8c/os-quota-sets/b14e67b3156a4fcf9d2059b81b0fc44c?usage=true
2026-06-18 16:30:36.878 8 INFO cinder.api.openstack.wsgi [None req-ace56941-a219-46f1-8912-3e128617dcd6 1a7579f1968d4b94adea2a3f5c5662f4 ac7784256f2b4d08b307a7517c1cbc8c - - default default] http://cinder-api.openstack.svc.cluster.local:8776/v3/ac7784256f2b4d08b307a7517c1cbc8c/os-quota-sets/b14e67b3156a4fcf9d2059b81b0fc44c?usage=true returned with HTTP 200 [pid: 8|app: 0|req: 455/906] 10.0.0.238 () {28 vars in 736 bytes} [Thu Jun 18 16:30:36 2026] GET /v3/ac7784256f2b4d08b307a7517c1cbc8c/os-quota-sets/b14e67b3156a4fcf9d2059b81b0fc44c?usage=true => generated 847 bytes in 52 msecs (HTTP/1.1 200) 7 headers in 285 bytes (1 switches on core 0)
2026-06-18 16:30:36.894 7 INFO cinder.api.openstack.wsgi [None req-2f622ff0-5401-4ddc-9e4b-f14cb35153d1 1a7579f1968d4b94adea2a3f5c5662f4 ac7784256f2b4d08b307a7517c1cbc8c - - default default] GET http://cinder-api.openstack.svc.cluster.local:8776/v3/ac7784256f2b4d08b307a7517c1cbc8c/os-quota-sets/d0ae90c98fc8472ca2c6f90b1375144c?usage=true
2026-06-18 16:30:36.926 7 INFO cinder.api.openstack.wsgi [None req-2f622ff0-5401-4ddc-9e4b-f14cb35153d1 1a7579f1968d4b94adea2a3f5c5662f4 ac7784256f2b4d08b307a7517c1cbc8c - - default default] http://cinder-api.openstack.svc.cluster.local:8776/v3/ac7784256f2b4d08b307a7517c1cbc8c/os-quota-sets/d0ae90c98fc8472ca2c6f90b1375144c?usage=true returned with HTTP 200 [pid: 7|app: 0|req: 452/907] 10.0.0.238 () {28 vars in 736 bytes} [Thu Jun 18 16:30:36 2026] GET /v3/ac7784256f2b4d08b307a7517c1cbc8c/os-quota-sets/d0ae90c98fc8472ca2c6f90b1375144c?usage=true => generated 847 bytes in 42 msecs (HTTP/1.1 200) 7 headers in 285 bytes (1 switches on core 0)
2026-06-18 16:30:36.936 8 INFO cinder.api.openstack.wsgi [None req-515f0fe3-3046-44d5-b29a-f339e7a6fce8 1a7579f1968d4b94adea2a3f5c5662f4 ac7784256f2b4d08b307a7517c1cbc8c - - default default] GET http://cinder-api.openstack.svc.cluster.local:8776/v3/ac7784256f2b4d08b307a7517c1cbc8c/volumes/detail?all_tenants=true
2026-06-18 16:30:36.949 8 INFO cinder.volume.api [None req-515f0fe3-3046-44d5-b29a-f339e7a6fce8 1a7579f1968d4b94adea2a3f5c5662f4 ac7784256f2b4d08b307a7517c1cbc8c - - default default] Get all volumes completed successfully.
2026-06-18 16:30:36.951 8 INFO cinder.api.openstack.wsgi [None req-515f0fe3-3046-44d5-b29a-f339e7a6fce8 1a7579f1968d4b94adea2a3f5c5662f4 ac7784256f2b4d08b307a7517c1cbc8c - - default default] http://cinder-api.openstack.svc.cluster.local:8776/v3/ac7784256f2b4d08b307a7517c1cbc8c/volumes/detail?all_tenants=true returned with HTTP 200 [pid: 8|app: 0|req: 456/908] 10.0.0.238 () {28 vars in 684 bytes} [Thu Jun 18 16:30:36 2026] GET /v3/ac7784256f2b4d08b307a7517c1cbc8c/volumes/detail?all_tenants=true => generated 15 bytes in 20 msecs (HTTP/1.1 200) 7 headers in 284 bytes (1 switches on core 0)
2026-06-18 16:30:36.962 7 INFO cinder.api.openstack.wsgi [None req-a7a5fce0-e394-410a-bd52-b303f87f1c14 1a7579f1968d4b94adea2a3f5c5662f4 ac7784256f2b4d08b307a7517c1cbc8c - - default default] GET http://cinder-api.openstack.svc.cluster.local:8776/v3/ac7784256f2b4d08b307a7517c1cbc8c/snapshots?all_tenants=true
2026-06-18 16:30:36.969 7 INFO cinder.volume.api [None req-a7a5fce0-e394-410a-bd52-b303f87f1c14 1a7579f1968d4b94adea2a3f5c5662f4 ac7784256f2b4d08b307a7517c1cbc8c - - default default] Get all snapshots completed successfully.
2026-06-18 16:30:36.969 7 INFO cinder.api.openstack.wsgi [None req-a7a5fce0-e394-410a-bd52-b303f87f1c14 1a7579f1968d4b94adea2a3f5c5662f4 ac7784256f2b4d08b307a7517c1cbc8c - - default default] http://cinder-api.openstack.svc.cluster.local:8776/v3/ac7784256f2b4d08b307a7517c1cbc8c/snapshots?all_tenants=true returned with HTTP 200 [pid: 7|app: 0|req: 453/909] 10.0.0.238 () {28 vars in 674 bytes} [Thu Jun 18 16:30:36 2026] GET /v3/ac7784256f2b4d08b307a7517c1cbc8c/snapshots?all_tenants=true => generated 17 bytes in 13 msecs (HTTP/1.1 200) 7 headers in 284 bytes (1 switches on core 0)
2026-06-18 16:30:36.981 8 INFO cinder.api.openstack.wsgi [None req-379fcd2d-edff-4830-978a-4d11e87ae6f0 1a7579f1968d4b94adea2a3f5c5662f4 ac7784256f2b4d08b307a7517c1cbc8c - - default default] GET http://cinder-api.openstack.svc.cluster.local:8776/v3/ac7784256f2b4d08b307a7517c1cbc8c/os-services
2026-06-18 16:30:36.989 8 INFO cinder.api.openstack.wsgi [None req-379fcd2d-edff-4830-978a-4d11e87ae6f0 1a7579f1968d4b94adea2a3f5c5662f4 ac7784256f2b4d08b307a7517c1cbc8c - - default default] http://cinder-api.openstack.svc.cluster.local:8776/v3/ac7784256f2b4d08b307a7517c1cbc8c/os-services returned with HTTP 200 [pid: 8|app: 0|req: 457/910] 10.0.0.238 () {28 vars in 645 bytes} [Thu Jun 18 16:30:36 2026] GET /v3/ac7784256f2b4d08b307a7517c1cbc8c/os-services => generated 646 bytes in 18 msecs (HTTP/1.1 200) 7 headers in 285 bytes (1 switches on core 0)
2026-06-18 16:30:37.003 7 INFO cinder.api.openstack.wsgi [None req-d754f3c5-0fe0-4569-b014-e686ea59e9c0 1a7579f1968d4b94adea2a3f5c5662f4 ac7784256f2b4d08b307a7517c1cbc8c - - default default] GET http://cinder-api.openstack.svc.cluster.local:8776/v3/ac7784256f2b4d08b307a7517c1cbc8c/volumes/detail?all_tenants=true
2026-06-18 16:30:37.014 7 INFO cinder.volume.api [None req-d754f3c5-0fe0-4569-b014-e686ea59e9c0 1a7579f1968d4b94adea2a3f5c5662f4 ac7784256f2b4d08b307a7517c1cbc8c - - default default] Get all volumes completed successfully.
2026-06-18 16:30:37.016 7 INFO cinder.api.openstack.wsgi [None req-d754f3c5-0fe0-4569-b014-e686ea59e9c0 1a7579f1968d4b94adea2a3f5c5662f4 ac7784256f2b4d08b307a7517c1cbc8c - - default default] http://cinder-api.openstack.svc.cluster.local:8776/v3/ac7784256f2b4d08b307a7517c1cbc8c/volumes/detail?all_tenants=true returned with HTTP 200 [pid: 7|app: 0|req: 454/911] 10.0.0.238 () {28 vars in 684 bytes} [Thu Jun 18 16:30:36 2026] GET /v3/ac7784256f2b4d08b307a7517c1cbc8c/volumes/detail?all_tenants=true => generated 15 bytes in 21 msecs (HTTP/1.1 200) 7 headers in 284 bytes (1 switches on core 0)
