Mar 23 05:37:16.188828 np0000160290 nova-scheduler[107460]: DEBUG cotyledon.oslo_config_glue [-] vnc.vencrypt_client_key = None {{(pid=107460) log_opt_values /opt/stack/data/venv/lib/python3.12/site-packages/oslo_config/cfg.py:3006}}
Mar 23 05:37:16.188828 np0000160290 nova-scheduler[107460]: DEBUG cotyledon.oslo_config_glue [-] workarounds.disable_compute_service_check_for_ffu = False {{(pid=107460) log_opt_values /opt/stack/data/venv/lib/python3.12/site-packages/oslo_config/cfg.py:3006}}
Mar 23 05:37:16.188828 np0000160290 nova-scheduler[107460]: DEBUG cotyledon.oslo_config_glue [-] workarounds.disable_deep_image_inspection = False {{(pid=107460) log_opt_values /opt/stack/data/venv/lib/python3.12/site-packages/oslo_config/cfg.py:3006}}
Mar 23 05:37:16.188828 np0000160290 nova-scheduler[107460]: DEBUG cotyledon.oslo_config_glue [-] workarounds.disable_fallback_pcpu_query = False {{(pid=107460) log_opt_values /opt/stack/data/venv/lib/python3.12/site-packages/oslo_config/cfg.py:3006}}
Mar 23 05:37:16.188828 np0000160290 nova-scheduler[107460]: DEBUG cotyledon.oslo_config_glue [-] workarounds.disable_group_policy_check_upcall = False {{(pid=107460) log_opt_values /opt/stack/data/venv/lib/python3.12/site-packages/oslo_config/cfg.py:3006}}
Mar 23 05:37:16.188828 np0000160290 nova-scheduler[107460]: DEBUG cotyledon.oslo_config_glue [-] workarounds.disable_libvirt_livesnapshot = False {{(pid=107460) log_opt_values /opt/stack/data/venv/lib/python3.12/site-packages/oslo_config/cfg.py:3006}}
Mar 23 05:37:16.188828 np0000160290 nova-scheduler[107460]: DEBUG cotyledon.oslo_config_glue [-] workarounds.disable_rootwrap = False {{(pid=107460) log_opt_values /opt/stack/data/venv/lib/python3.12/site-packages/oslo_config/cfg.py:3006}}
Mar 23 05:37:16.189049 np0000160290 nova-scheduler[107460]: DEBUG cotyledon.oslo_config_glue [-] workarounds.enable_numa_live_migration = False {{(pid=107460) log_opt_values /opt/stack/data/venv/lib/python3.12/site-packages/oslo_config/cfg.py:3006}}
Mar 23 05:37:16.189049 np0000160290 nova-scheduler[107460]: DEBUG cotyledon.oslo_config_glue [-] workarounds.enable_qemu_monitor_announce_self = False {{(pid=107460) log_opt_values /opt/stack/data/venv/lib/python3.12/site-packages/oslo_config/cfg.py:3006}}
Mar 23 05:37:16.189049 np0000160290 nova-scheduler[107460]: DEBUG cotyledon.oslo_config_glue [-] workarounds.ensure_libvirt_rbd_instance_dir_cleanup = False {{(pid=107460) log_opt_values /opt/stack/data/venv/lib/python3.12/site-packages/oslo_config/cfg.py:3006}}
Mar 23 05:37:16.189049 np0000160290 nova-scheduler[107460]: DEBUG cotyledon.oslo_config_glue [-] workarounds.handle_virt_lifecycle_events = True {{(pid=107460) log_opt_values /opt/stack/data/venv/lib/python3.12/site-packages/oslo_config/cfg.py:3006}}
Mar 23 05:37:16.189049 np0000160290 nova-scheduler[107460]: DEBUG cotyledon.oslo_config_glue [-] workarounds.libvirt_disable_apic = False {{(pid=107460) log_opt_values /opt/stack/data/venv/lib/python3.12/site-packages/oslo_config/cfg.py:3006}}
Mar 23 05:37:16.189049 np0000160290 nova-scheduler[107460]: DEBUG cotyledon.oslo_config_glue [-] workarounds.never_download_image_if_on_rbd = False {{(pid=107460) log_opt_values /opt/stack/data/venv/lib/python3.12/site-packages/oslo_config/cfg.py:3006}}
Mar 23 05:37:16.189049 np0000160290 nova-scheduler[107460]: DEBUG cotyledon.oslo_config_glue [-] workarounds.qemu_monitor_announce_self_count = 3 {{(pid=107460) log_opt_values /opt/stack/data/venv/lib/python3.12/site-packages/oslo_config/cfg.py:3006}}
Mar 23 05:37:16.189049 np0000160290 nova-scheduler[107460]: DEBUG cotyledon.oslo_config_glue [-] workarounds.qemu_monitor_announce_self_interval = 1 {{(pid=107460) log_opt_values /opt/stack/data/venv/lib/python3.12/site-packages/oslo_config/cfg.py:3006}}
Mar 23 05:37:16.189049 np0000160290 nova-scheduler[107460]: DEBUG cotyledon.oslo_config_glue [-] workarounds.reserve_disk_resource_for_image_cache = False {{(pid=107460) log_opt_values /opt/stack/data/venv/lib/python3.12/site-packages/oslo_config/cfg.py:3006}}
Mar 23 05:37:16.189305 np0000160290 nova-scheduler[107460]: DEBUG cotyledon.oslo_config_glue [-] workarounds.skip_cpu_compare_at_startup = False {{(pid=107460) log_opt_values /opt/stack/data/venv/lib/python3.12/site-packages/oslo_config/cfg.py:3006}}
Mar 23 05:37:16.189337 np0000160290 nova-scheduler[107450]: DEBUG oslo_db.sqlalchemy.engines [None req-061db4cd-dd41-4da4-9901-e50ebcb5c28b None None] MySQL server mode set to STRICT_TRANS_TABLES,STRICT_ALL_TABLES,NO_ZERO_IN_DATE,NO_ZERO_DATE,ERROR_FOR_DIVISION_BY_ZERO,TRADITIONAL,NO_ENGINE_SUBSTITUTION {{(pid=107450) _check_effective_sql_mode /opt/stack/data/venv/lib/python3.12/site-packages/oslo_db/sqlalchemy/engines.py:325}}
Mar 23 05:37:16.189366 np0000160290 nova-scheduler[107460]: DEBUG cotyledon.oslo_config_glue [-] workarounds.skip_cpu_compare_on_dest = False {{(pid=107460) log_opt_values /opt/stack/data/venv/lib/python3.12/site-packages/oslo_config/cfg.py:3006}}
Mar 23 05:37:16.189366 np0000160290 nova-scheduler[107460]: DEBUG cotyledon.oslo_config_glue [-] workarounds.skip_hypervisor_version_check_on_lm = False {{(pid=107460) log_opt_values /opt/stack/data/venv/lib/python3.12/site-packages/oslo_config/cfg.py:3006}}
Mar 23 05:37:16.189366 np0000160290 nova-scheduler[107460]: DEBUG cotyledon.oslo_config_glue [-] workarounds.skip_reserve_in_use_ironic_nodes = False {{(pid=107460) log_opt_values /opt/stack/data/venv/lib/python3.12/site-packages/oslo_config/cfg.py:3006}}
Mar 23 05:37:16.189366 np0000160290 nova-scheduler[107460]: DEBUG cotyledon.oslo_config_glue [-] workarounds.unified_limits_count_pcpu_as_vcpu = False {{(pid=107460) log_opt_values /opt/stack/data/venv/lib/python3.12/site-packages/oslo_config/cfg.py:3006}}
Mar 23 05:37:16.189366 np0000160290 nova-scheduler[107460]: DEBUG cotyledon.oslo_config_glue [-] workarounds.wait_for_vif_plugged_event_during_hard_reboot = [] {{(pid=107460) log_opt_values /opt/stack/data/venv/lib/python3.12/site-packages/oslo_config/cfg.py:3006}}
Mar 23 05:37:16.189366 np0000160290 nova-scheduler[107460]: DEBUG cotyledon.oslo_config_glue [-] wsgi.api_paste_config = /etc/nova/api-paste.ini {{(pid=107460) log_opt_values /opt/stack/data/venv/lib/python3.12/site-packages/oslo_config/cfg.py:3006}}
Mar 23 05:37:16.189366 np0000160290 nova-scheduler[107460]: DEBUG cotyledon.oslo_config_glue [-] wsgi.secure_proxy_ssl_header = None {{(pid=107460) log_opt_values /opt/stack/data/venv/lib/python3.12/site-packages/oslo_config/cfg.py:3006}}
Mar 23 05:37:16.189366 np0000160290 nova-scheduler[107460]: DEBUG cotyledon.oslo_config_glue [-] zvm.ca_file = None {{(pid=107460) log_opt_values /opt/stack/data/venv/lib/python3.12/site-packages/oslo_config/cfg.py:3006}}
Mar 23 05:37:16.189366 np0000160290 nova-scheduler[107460]: DEBUG cotyledon.oslo_config_glue [-] zvm.cloud_connector_url = None {{(pid=107460) log_opt_values /opt/stack/data/venv/lib/python3.12/site-packages/oslo_config/cfg.py:3006}}
Mar 23 05:37:16.189569 np0000160290 nova-scheduler[107460]: DEBUG cotyledon.oslo_config_glue [-] zvm.image_tmp_path = /opt/stack/data/nova/images {{(pid=107460) log_opt_values /opt/stack/data/venv/lib/python3.12/site-packages/oslo_config/cfg.py:3006}}
Mar 23 05:37:16.189569 np0000160290 nova-scheduler[107460]: DEBUG cotyledon.oslo_config_glue [-] zvm.reachable_timeout = 300 {{(pid=107460) log_opt_values /opt/stack/data/venv/lib/python3.12/site-packages/oslo_config/cfg.py:3006}}
Mar 23 05:37:16.189569 np0000160290 nova-scheduler[107460]: DEBUG cotyledon.oslo_config_glue [-] oslo_versionedobjects.fatal_exception_format_errors = False {{(pid=107460) log_opt_values /opt/stack/data/venv/lib/python3.12/site-packages/oslo_config/cfg.py:3006}}
Mar 23 05:37:16.189569 np0000160290 nova-scheduler[107460]: DEBUG cotyledon.oslo_config_glue [-] oslo_middleware.http_basic_auth_user_file = /etc/htpasswd {{(pid=107460) log_opt_values /opt/stack/data/venv/lib/python3.12/site-packages/oslo_config/cfg.py:3006}}
Mar 23 05:37:16.189569 np0000160290 nova-scheduler[107460]: DEBUG cotyledon.oslo_config_glue [-] oslo_messaging_metrics.metrics_buffer_size = 1000 {{(pid=107460) log_opt_values /opt/stack/data/venv/lib/python3.12/site-packages/oslo_config/cfg.py:3006}}
Mar 23 05:37:16.189569 np0000160290 nova-scheduler[107460]: DEBUG cotyledon.oslo_config_glue [-] oslo_messaging_metrics.metrics_enabled = False {{(pid=107460) log_opt_values /opt/stack/data/venv/lib/python3.12/site-packages/oslo_config/cfg.py:3006}}
Mar 23 05:37:16.189569 np0000160290 nova-scheduler[107460]: DEBUG cotyledon.oslo_config_glue [-] oslo_messaging_metrics.metrics_process_name = {{(pid=107460) log_opt_values /opt/stack/data/venv/lib/python3.12/site-packages/oslo_config/cfg.py:3006}}
Mar 23 05:37:16.189569 np0000160290 nova-scheduler[107460]: DEBUG cotyledon.oslo_config_glue [-] oslo_messaging_metrics.metrics_socket_file = /var/tmp/metrics_collector.sock {{(pid=107460) log_opt_values /opt/stack/data/venv/lib/python3.12/site-packages/oslo_config/cfg.py:3006}}
Mar 23 05:37:16.189746 np0000160290 nova-scheduler[107460]: DEBUG cotyledon.oslo_config_glue [-] oslo_messaging_metrics.metrics_thread_stop_timeout = 10 {{(pid=107460) log_opt_values /opt/stack/data/venv/lib/python3.12/site-packages/oslo_config/cfg.py:3006}}
Mar 23 05:37:16.189746 np0000160290 nova-scheduler[107460]: DEBUG cotyledon.oslo_config_glue [-] profiler.connection_string = messaging:// {{(pid=107460) log_opt_values /opt/stack/data/venv/lib/python3.12/site-packages/oslo_config/cfg.py:3006}}
Mar 23 05:37:16.189746 np0000160290 nova-scheduler[107460]: DEBUG cotyledon.oslo_config_glue [-] profiler.enabled = False {{(pid=107460) log_opt_values /opt/stack/data/venv/lib/python3.12/site-packages/oslo_config/cfg.py:3006}}
Mar 23 05:37:16.189746 np0000160290 nova-scheduler[107460]: DEBUG cotyledon.oslo_config_glue [-] profiler.es_doc_type = notification {{(pid=107460) log_opt_values /opt/stack/data/venv/lib/python3.12/site-packages/oslo_config/cfg.py:3006}}
Mar 23 05:37:16.189746 np0000160290 nova-scheduler[107460]: DEBUG cotyledon.oslo_config_glue [-] profiler.es_scroll_size = 10000 {{(pid=107460) log_opt_values /opt/stack/data/venv/lib/python3.12/site-packages/oslo_config/cfg.py:3006}}
Mar 23 05:37:16.189746 np0000160290 nova-scheduler[107460]: DEBUG cotyledon.oslo_config_glue [-] profiler.es_scroll_time = 2m {{(pid=107460) log_opt_values /opt/stack/data/venv/lib/python3.12/site-packages/oslo_config/cfg.py:3006}}
Mar 23 05:37:16.189746 np0000160290 nova-scheduler[107460]: DEBUG cotyledon.oslo_config_glue [-] profiler.filter_error_trace = False {{(pid=107460) log_opt_values /opt/stack/data/venv/lib/python3.12/site-packages/oslo_config/cfg.py:3006}}
Mar 23 05:37:16.189746 np0000160290 nova-scheduler[107460]: DEBUG cotyledon.oslo_config_glue [-] profiler.hmac_keys = **** {{(pid=107460) log_opt_values /opt/stack/data/venv/lib/python3.12/site-packages/oslo_config/cfg.py:3006}}
Mar 23 05:37:16.189746 np0000160290 nova-scheduler[107460]: DEBUG cotyledon.oslo_config_glue [-] profiler.sentinel_service_name = mymaster {{(pid=107460) log_opt_values /opt/stack/data/venv/lib/python3.12/site-packages/oslo_config/cfg.py:3006}}
Mar 23 05:37:16.189957 np0000160290 nova-scheduler[107460]: DEBUG cotyledon.oslo_config_glue [-] profiler.socket_timeout = 0.1 {{(pid=107460) log_opt_values /opt/stack/data/venv/lib/python3.12/site-packages/oslo_config/cfg.py:3006}}
Mar 23 05:37:16.189957 np0000160290 nova-scheduler[107460]: DEBUG cotyledon.oslo_config_glue [-] profiler.trace_requests = False {{(pid=107460) log_opt_values /opt/stack/data/venv/lib/python3.12/site-packages/oslo_config/cfg.py:3006}}
Mar 23 05:37:16.189957 np0000160290 nova-scheduler[107460]: DEBUG cotyledon.oslo_config_glue [-] profiler.trace_sqlalchemy = False {{(pid=107460) log_opt_values /opt/stack/data/venv/lib/python3.12/site-packages/oslo_config/cfg.py:3006}}
Mar 23 05:37:16.189957 np0000160290 nova-scheduler[107460]: DEBUG cotyledon.oslo_config_glue [-] profiler_jaeger.process_tags = {} {{(pid=107460) log_opt_values /opt/stack/data/venv/lib/python3.12/site-packages/oslo_config/cfg.py:3006}}
Mar 23 05:37:16.189957 np0000160290 nova-scheduler[107460]: DEBUG cotyledon.oslo_config_glue [-] profiler_jaeger.service_name_prefix = None {{(pid=107460) log_opt_values /opt/stack/data/venv/lib/python3.12/site-packages/oslo_config/cfg.py:3006}}
Mar 23 05:37:16.189957 np0000160290 nova-scheduler[107460]: DEBUG cotyledon.oslo_config_glue [-] profiler_otlp.service_name_prefix = None {{(pid=107460) log_opt_values /opt/stack/data/venv/lib/python3.12/site-packages/oslo_config/cfg.py:3006}}
Mar 23 05:37:16.189957 np0000160290 nova-scheduler[107460]: DEBUG cotyledon.oslo_config_glue [-] oslo_messaging_rabbit.amqp_auto_delete = False {{(pid=107460) log_opt_values /opt/stack/data/venv/lib/python3.12/site-packages/oslo_config/cfg.py:3006}}
Mar 23 05:37:16.189957 np0000160290 nova-scheduler[107460]: DEBUG cotyledon.oslo_config_glue [-] oslo_messaging_rabbit.amqp_durable_queues = False {{(pid=107460) log_opt_values /opt/stack/data/venv/lib/python3.12/site-packages/oslo_config/cfg.py:3006}}
Mar 23 05:37:16.189957 np0000160290 nova-scheduler[107460]: DEBUG cotyledon.oslo_config_glue [-] oslo_messaging_rabbit.conn_pool_min_size = 2 {{(pid=107460) log_opt_values /opt/stack/data/venv/lib/python3.12/site-packages/oslo_config/cfg.py:3006}}
Mar 23 05:37:16.190230 np0000160290 nova-scheduler[107460]: DEBUG cotyledon.oslo_config_glue [-] oslo_messaging_rabbit.conn_pool_ttl = 1200 {{(pid=107460) log_opt_values /opt/stack/data/venv/lib/python3.12/site-packages/oslo_config/cfg.py:3006}}
Mar 23 05:37:16.190230 np0000160290 nova-scheduler[107460]: DEBUG cotyledon.oslo_config_glue [-] oslo_messaging_rabbit.direct_mandatory_flag = True {{(pid=107460) log_opt_values /opt/stack/data/venv/lib/python3.12/site-packages/oslo_config/cfg.py:3006}}
Mar 23 05:37:16.190230 np0000160290 nova-scheduler[107460]: DEBUG cotyledon.oslo_config_glue [-] oslo_messaging_rabbit.enable_cancel_on_failover = False {{(pid=107460) log_opt_values /opt/stack/data/venv/lib/python3.12/site-packages/oslo_config/cfg.py:3006}}
Mar 23 05:37:16.190230 np0000160290 nova-scheduler[107460]: DEBUG cotyledon.oslo_config_glue [-] oslo_messaging_rabbit.heartbeat_in_pthread = False {{(pid=107460) log_opt_values /opt/stack/data/venv/lib/python3.12/site-packages/oslo_config/cfg.py:3006}}
Mar 23 05:37:16.190230 np0000160290 nova-scheduler[107460]: DEBUG cotyledon.oslo_config_glue [-] oslo_messaging_rabbit.heartbeat_rate = 3 {{(pid=107460) log_opt_values /opt/stack/data/venv/lib/python3.12/site-packages/oslo_config/cfg.py:3006}}
Mar 23 05:37:16.190230 np0000160290 nova-scheduler[107460]: DEBUG cotyledon.oslo_config_glue [-] oslo_messaging_rabbit.heartbeat_timeout_threshold = 60 {{(pid=107460) log_opt_values /opt/stack/data/venv/lib/python3.12/site-packages/oslo_config/cfg.py:3006}}
Mar 23 05:37:16.190230 np0000160290 nova-scheduler[107460]: DEBUG cotyledon.oslo_config_glue [-] oslo_messaging_rabbit.hostname = np0000160290 {{(pid=107460) log_opt_values /opt/stack/data/venv/lib/python3.12/site-packages/oslo_config/cfg.py:3006}}
Mar 23 05:37:16.190230 np0000160290 nova-scheduler[107460]: DEBUG cotyledon.oslo_config_glue [-] oslo_messaging_rabbit.kombu_compression = None {{(pid=107460) log_opt_values /opt/stack/data/venv/lib/python3.12/site-packages/oslo_config/cfg.py:3006}}
Mar 23 05:37:16.190230 np0000160290 nova-scheduler[107460]: DEBUG cotyledon.oslo_config_glue [-] oslo_messaging_rabbit.kombu_failover_strategy = round-robin {{(pid=107460) log_opt_values /opt/stack/data/venv/lib/python3.12/site-packages/oslo_config/cfg.py:3006}}
Mar 23 05:37:16.190439 np0000160290 nova-scheduler[107460]: DEBUG cotyledon.oslo_config_glue [-] oslo_messaging_rabbit.kombu_missing_consumer_retry_timeout = 60 {{(pid=107460) log_opt_values /opt/stack/data/venv/lib/python3.12/site-packages/oslo_config/cfg.py:3006}}
Mar 23 05:37:16.190439 np0000160290 nova-scheduler[107460]: DEBUG cotyledon.oslo_config_glue [-] oslo_messaging_rabbit.kombu_reconnect_delay = 1.0 {{(pid=107460) log_opt_values /opt/stack/data/venv/lib/python3.12/site-packages/oslo_config/cfg.py:3006}}
Mar 23 05:37:16.190439 np0000160290 nova-scheduler[107460]: DEBUG cotyledon.oslo_config_glue [-] oslo_messaging_rabbit.kombu_reconnect_splay = 0.0 {{(pid=107460) log_opt_values /opt/stack/data/venv/lib/python3.12/site-packages/oslo_config/cfg.py:3006}}
Mar 23 05:37:16.190439 np0000160290 nova-scheduler[107460]: DEBUG cotyledon.oslo_config_glue [-] oslo_messaging_rabbit.processname = nova-scheduler {{(pid=107460) log_opt_values /opt/stack/data/venv/lib/python3.12/site-packages/oslo_config/cfg.py:3006}}
Mar 23 05:37:16.190439 np0000160290 nova-scheduler[107460]: DEBUG cotyledon.oslo_config_glue [-] oslo_messaging_rabbit.rabbit_ha_queues = False {{(pid=107460) log_opt_values /opt/stack/data/venv/lib/python3.12/site-packages/oslo_config/cfg.py:3006}}
Mar 23 05:37:16.190439 np0000160290 nova-scheduler[107460]: DEBUG cotyledon.oslo_config_glue [-] oslo_messaging_rabbit.rabbit_interval_max = 30 {{(pid=107460) log_opt_values /opt/stack/data/venv/lib/python3.12/site-packages/oslo_config/cfg.py:3006}}
Mar 23 05:37:16.190439 np0000160290 nova-scheduler[107460]: DEBUG cotyledon.oslo_config_glue [-] oslo_messaging_rabbit.rabbit_login_method = AMQPLAIN {{(pid=107460) log_opt_values /opt/stack/data/venv/lib/python3.12/site-packages/oslo_config/cfg.py:3006}}
Mar 23 05:37:16.190439 np0000160290 nova-scheduler[107460]: DEBUG cotyledon.oslo_config_glue [-] oslo_messaging_rabbit.rabbit_qos_prefetch_count = 0 {{(pid=107460) log_opt_values /opt/stack/data/venv/lib/python3.12/site-packages/oslo_config/cfg.py:3006}}
Mar 23 05:37:16.190640 np0000160290 nova-scheduler[107460]: DEBUG cotyledon.oslo_config_glue [-] oslo_messaging_rabbit.rabbit_quorum_delivery_limit = 0 {{(pid=107460) log_opt_values /opt/stack/data/venv/lib/python3.12/site-packages/oslo_config/cfg.py:3006}}
Mar 23 05:37:16.190640 np0000160290 nova-scheduler[107460]: DEBUG cotyledon.oslo_config_glue [-] oslo_messaging_rabbit.rabbit_quorum_max_memory_bytes = 0 {{(pid=107460) log_opt_values /opt/stack/data/venv/lib/python3.12/site-packages/oslo_config/cfg.py:3006}}
Mar 23 05:37:16.190640 np0000160290 nova-scheduler[107460]: DEBUG cotyledon.oslo_config_glue [-] oslo_messaging_rabbit.rabbit_quorum_max_memory_length = 0 {{(pid=107460) log_opt_values /opt/stack/data/venv/lib/python3.12/site-packages/oslo_config/cfg.py:3006}}
Mar 23 05:37:16.190640 np0000160290 nova-scheduler[107460]: DEBUG cotyledon.oslo_config_glue [-] oslo_messaging_rabbit.rabbit_quorum_queue = False {{(pid=107460) log_opt_values /opt/stack/data/venv/lib/python3.12/site-packages/oslo_config/cfg.py:3006}}
Mar 23 05:37:16.190640 np0000160290 nova-scheduler[107460]: DEBUG cotyledon.oslo_config_glue [-] oslo_messaging_rabbit.rabbit_retry_backoff = 2 {{(pid=107460) log_opt_values /opt/stack/data/venv/lib/python3.12/site-packages/oslo_config/cfg.py:3006}}
Mar 23 05:37:16.190640 np0000160290 nova-scheduler[107460]: DEBUG cotyledon.oslo_config_glue [-] oslo_messaging_rabbit.rabbit_retry_interval = 1 {{(pid=107460) log_opt_values /opt/stack/data/venv/lib/python3.12/site-packages/oslo_config/cfg.py:3006}}
Mar 23 05:37:16.190640 np0000160290 nova-scheduler[107460]: DEBUG cotyledon.oslo_config_glue [-] oslo_messaging_rabbit.rabbit_stream_fanout = False {{(pid=107460) log_opt_values /opt/stack/data/venv/lib/python3.12/site-packages/oslo_config/cfg.py:3006}}
Mar 23 05:37:16.190640 np0000160290 nova-scheduler[107460]: DEBUG cotyledon.oslo_config_glue [-] oslo_messaging_rabbit.rabbit_transient_queues_ttl = 1800 {{(pid=107460) log_opt_values /opt/stack/data/venv/lib/python3.12/site-packages/oslo_config/cfg.py:3006}}
Mar 23 05:37:16.190833 np0000160290 nova-scheduler[107460]: DEBUG cotyledon.oslo_config_glue [-] oslo_messaging_rabbit.rabbit_transient_quorum_queue = False {{(pid=107460) log_opt_values /opt/stack/data/venv/lib/python3.12/site-packages/oslo_config/cfg.py:3006}}
Mar 23 05:37:16.190833 np0000160290 nova-scheduler[107460]: DEBUG cotyledon.oslo_config_glue [-] oslo_messaging_rabbit.rpc_conn_pool_size = 30 {{(pid=107460) log_opt_values /opt/stack/data/venv/lib/python3.12/site-packages/oslo_config/cfg.py:3006}}
Mar 23 05:37:16.190833 np0000160290 nova-scheduler[107460]: DEBUG cotyledon.oslo_config_glue [-] oslo_messaging_rabbit.ssl = False {{(pid=107460) log_opt_values /opt/stack/data/venv/lib/python3.12/site-packages/oslo_config/cfg.py:3006}}
Mar 23 05:37:16.190833 np0000160290 nova-scheduler[107460]: DEBUG cotyledon.oslo_config_glue [-] oslo_messaging_rabbit.ssl_ca_file = {{(pid=107460) log_opt_values /opt/stack/data/venv/lib/python3.12/site-packages/oslo_config/cfg.py:3006}}
Mar 23 05:37:16.190833 np0000160290 nova-scheduler[107460]: DEBUG cotyledon.oslo_config_glue [-] oslo_messaging_rabbit.ssl_cert_file = {{(pid=107460) log_opt_values /opt/stack/data/venv/lib/python3.12/site-packages/oslo_config/cfg.py:3006}}
Mar 23 05:37:16.190833 np0000160290 nova-scheduler[107460]: DEBUG cotyledon.oslo_config_glue [-] oslo_messaging_rabbit.ssl_enforce_fips_mode = False {{(pid=107460) log_opt_values /opt/stack/data/venv/lib/python3.12/site-packages/oslo_config/cfg.py:3006}}
Mar 23 05:37:16.190833 np0000160290 nova-scheduler[107460]: DEBUG cotyledon.oslo_config_glue [-] oslo_messaging_rabbit.ssl_key_file = {{(pid=107460) log_opt_values /opt/stack/data/venv/lib/python3.12/site-packages/oslo_config/cfg.py:3006}}
Mar 23 05:37:16.190833 np0000160290 nova-scheduler[107460]: DEBUG cotyledon.oslo_config_glue [-] oslo_messaging_rabbit.ssl_version = {{(pid=107460) log_opt_values /opt/stack/data/venv/lib/python3.12/site-packages/oslo_config/cfg.py:3006}}
Mar 23 05:37:16.190833 np0000160290 nova-scheduler[107460]: DEBUG cotyledon.oslo_config_glue [-] oslo_messaging_rabbit.use_queue_manager = False {{(pid=107460) log_opt_values /opt/stack/data/venv/lib/python3.12/site-packages/oslo_config/cfg.py:3006}}
Mar 23 05:37:16.191029 np0000160290 nova-scheduler[107460]: DEBUG cotyledon.oslo_config_glue [-] oslo_messaging_notifications.driver = ['messagingv2'] {{(pid=107460) log_opt_values /opt/stack/data/venv/lib/python3.12/site-packages/oslo_config/cfg.py:3006}}
Mar 23 05:37:16.191029 np0000160290 nova-scheduler[107460]: DEBUG cotyledon.oslo_config_glue [-] oslo_messaging_notifications.retry = -1 {{(pid=107460) log_opt_values /opt/stack/data/venv/lib/python3.12/site-packages/oslo_config/cfg.py:3006}}
Mar 23 05:37:16.191029 np0000160290 nova-scheduler[107460]: DEBUG cotyledon.oslo_config_glue [-] oslo_messaging_notifications.topics = ['notifications'] {{(pid=107460) log_opt_values /opt/stack/data/venv/lib/python3.12/site-packages/oslo_config/cfg.py:3006}}
Mar 23 05:37:16.191029 np0000160290 nova-scheduler[107460]: DEBUG cotyledon.oslo_config_glue [-] oslo_messaging_notifications.transport_url = **** {{(pid=107460) log_opt_values /opt/stack/data/venv/lib/python3.12/site-packages/oslo_config/cfg.py:3006}}
Mar 23 05:37:16.191029 np0000160290 nova-scheduler[107460]: DEBUG cotyledon.oslo_config_glue [-] oslo_limit.auth_section = None {{(pid=107460) log_opt_values /opt/stack/data/venv/lib/python3.12/site-packages/oslo_config/cfg.py:3006}}
Mar 23 05:37:16.191029 np0000160290 nova-scheduler[107460]: DEBUG cotyledon.oslo_config_glue [-] oslo_limit.auth_type = None {{(pid=107460) log_opt_values /opt/stack/data/venv/lib/python3.12/site-packages/oslo_config/cfg.py:3006}}
Mar 23 05:37:16.191029 np0000160290 nova-scheduler[107460]: DEBUG cotyledon.oslo_config_glue [-] oslo_limit.cafile = None {{(pid=107460) log_opt_values /opt/stack/data/venv/lib/python3.12/site-packages/oslo_config/cfg.py:3006}}
Mar 23 05:37:16.191029 np0000160290 nova-scheduler[107460]: DEBUG cotyledon.oslo_config_glue [-] oslo_limit.certfile = None {{(pid=107460) log_opt_values /opt/stack/data/venv/lib/python3.12/site-packages/oslo_config/cfg.py:3006}}
Mar 23 05:37:16.191029 np0000160290 nova-scheduler[107460]: DEBUG cotyledon.oslo_config_glue [-] oslo_limit.collect_timing = False {{(pid=107460) log_opt_values /opt/stack/data/venv/lib/python3.12/site-packages/oslo_config/cfg.py:3006}}
Mar 23 05:37:16.191238 np0000160290 nova-scheduler[107460]: DEBUG cotyledon.oslo_config_glue [-] oslo_limit.connect_retries = None {{(pid=107460) log_opt_values /opt/stack/data/venv/lib/python3.12/site-packages/oslo_config/cfg.py:3006}}
Mar 23 05:37:16.191238 np0000160290 nova-scheduler[107460]: DEBUG cotyledon.oslo_config_glue [-] oslo_limit.connect_retry_delay = None {{(pid=107460) log_opt_values /opt/stack/data/venv/lib/python3.12/site-packages/oslo_config/cfg.py:3006}}
Mar 23 05:37:16.191238 np0000160290 nova-scheduler[107460]: DEBUG cotyledon.oslo_config_glue [-] oslo_limit.endpoint_id = None {{(pid=107460) log_opt_values /opt/stack/data/venv/lib/python3.12/site-packages/oslo_config/cfg.py:3006}}
Mar 23 05:37:16.191238 np0000160290 nova-scheduler[107460]: DEBUG cotyledon.oslo_config_glue [-] oslo_limit.endpoint_interface = public {{(pid=107460) log_opt_values /opt/stack/data/venv/lib/python3.12/site-packages/oslo_config/cfg.py:3006}}
Mar 23 05:37:16.191238 np0000160290 nova-scheduler[107460]: DEBUG cotyledon.oslo_config_glue [-] oslo_limit.endpoint_override = None {{(pid=107460) log_opt_values /opt/stack/data/venv/lib/python3.12/site-packages/oslo_config/cfg.py:3006}}
Mar 23 05:37:16.191238 np0000160290 nova-scheduler[107460]: DEBUG cotyledon.oslo_config_glue [-] oslo_limit.endpoint_region_name = None {{(pid=107460) log_opt_values /opt/stack/data/venv/lib/python3.12/site-packages/oslo_config/cfg.py:3006}}
Mar 23 05:37:16.191238 np0000160290 nova-scheduler[107460]: DEBUG cotyledon.oslo_config_glue [-] oslo_limit.endpoint_service_name = None {{(pid=107460) log_opt_values /opt/stack/data/venv/lib/python3.12/site-packages/oslo_config/cfg.py:3006}}
Mar 23 05:37:16.191238 np0000160290 nova-scheduler[107460]: DEBUG cotyledon.oslo_config_glue [-] oslo_limit.endpoint_service_type = None {{(pid=107460) log_opt_values /opt/stack/data/venv/lib/python3.12/site-packages/oslo_config/cfg.py:3006}}
Mar 23 05:37:16.191238 np0000160290 nova-scheduler[107460]: DEBUG cotyledon.oslo_config_glue [-] oslo_limit.insecure = False {{(pid=107460) log_opt_values /opt/stack/data/venv/lib/python3.12/site-packages/oslo_config/cfg.py:3006}}
Mar 23 05:37:16.191419 np0000160290 nova-scheduler[107460]: DEBUG cotyledon.oslo_config_glue [-] oslo_limit.keyfile = None {{(pid=107460) log_opt_values /opt/stack/data/venv/lib/python3.12/site-packages/oslo_config/cfg.py:3006}}
Mar 23 05:37:16.191419 np0000160290 nova-scheduler[107460]: DEBUG cotyledon.oslo_config_glue [-] oslo_limit.max_version = None {{(pid=107460) log_opt_values /opt/stack/data/venv/lib/python3.12/site-packages/oslo_config/cfg.py:3006}}
Mar 23 05:37:16.191419 np0000160290 nova-scheduler[107460]: DEBUG cotyledon.oslo_config_glue [-] oslo_limit.min_version = None {{(pid=107460) log_opt_values /opt/stack/data/venv/lib/python3.12/site-packages/oslo_config/cfg.py:3006}}
Mar 23 05:37:16.191419 np0000160290 nova-scheduler[107460]: DEBUG cotyledon.oslo_config_glue [-] oslo_limit.region_name = None {{(pid=107460) log_opt_values /opt/stack/data/venv/lib/python3.12/site-packages/oslo_config/cfg.py:3006}}
Mar 23 05:37:16.191419 np0000160290 nova-scheduler[107460]: DEBUG cotyledon.oslo_config_glue [-] oslo_limit.retriable_status_codes = None {{(pid=107460) log_opt_values /opt/stack/data/venv/lib/python3.12/site-packages/oslo_config/cfg.py:3006}}
Mar 23 05:37:16.191419 np0000160290 nova-scheduler[107460]: DEBUG cotyledon.oslo_config_glue [-] oslo_limit.service_name = None {{(pid=107460) log_opt_values /opt/stack/data/venv/lib/python3.12/site-packages/oslo_config/cfg.py:3006}}
Mar 23 05:37:16.191419 np0000160290 nova-scheduler[107460]: DEBUG cotyledon.oslo_config_glue [-] oslo_limit.service_type = None {{(pid=107460) log_opt_values /opt/stack/data/venv/lib/python3.12/site-packages/oslo_config/cfg.py:3006}}
Mar 23 05:37:16.191419 np0000160290 nova-scheduler[107460]: DEBUG cotyledon.oslo_config_glue [-] oslo_limit.split_loggers = False {{(pid=107460) log_opt_values /opt/stack/data/venv/lib/python3.12/site-packages/oslo_config/cfg.py:3006}}
Mar 23 05:37:16.191419 np0000160290 nova-scheduler[107460]: DEBUG cotyledon.oslo_config_glue [-] oslo_limit.status_code_retries = None {{(pid=107460) log_opt_values /opt/stack/data/venv/lib/python3.12/site-packages/oslo_config/cfg.py:3006}}
Mar 23 05:37:16.191607 np0000160290 nova-scheduler[107460]: DEBUG cotyledon.oslo_config_glue [-] oslo_limit.status_code_retry_delay = None {{(pid=107460) log_opt_values /opt/stack/data/venv/lib/python3.12/site-packages/oslo_config/cfg.py:3006}}
Mar 23 05:37:16.191607 np0000160290 nova-scheduler[107460]: DEBUG cotyledon.oslo_config_glue [-] oslo_limit.timeout = None {{(pid=107460) log_opt_values /opt/stack/data/venv/lib/python3.12/site-packages/oslo_config/cfg.py:3006}}
Mar 23 05:37:16.191607 np0000160290 nova-scheduler[107460]: DEBUG cotyledon.oslo_config_glue [-] oslo_limit.valid_interfaces = None {{(pid=107460) log_opt_values /opt/stack/data/venv/lib/python3.12/site-packages/oslo_config/cfg.py:3006}}
Mar 23 05:37:16.191607 np0000160290 nova-scheduler[107460]: DEBUG cotyledon.oslo_config_glue [-] oslo_limit.version = None {{(pid=107460) log_opt_values /opt/stack/data/venv/lib/python3.12/site-packages/oslo_config/cfg.py:3006}}
Mar 23 05:37:16.191607 np0000160290 nova-scheduler[107460]: DEBUG cotyledon.oslo_config_glue [-] oslo_reports.file_event_handler = None {{(pid=107460) log_opt_values /opt/stack/data/venv/lib/python3.12/site-packages/oslo_config/cfg.py:3006}}
Mar 23 05:37:16.191607 np0000160290 nova-scheduler[107460]: DEBUG cotyledon.oslo_config_glue [-] oslo_reports.file_event_handler_interval = 1 {{(pid=107460) log_opt_values /opt/stack/data/venv/lib/python3.12/site-packages/oslo_config/cfg.py:3006}}
Mar 23 05:37:16.191607 np0000160290 nova-scheduler[107460]: DEBUG cotyledon.oslo_config_glue [-] oslo_reports.log_dir = None {{(pid=107460) log_opt_values /opt/stack/data/venv/lib/python3.12/site-packages/oslo_config/cfg.py:3006}}
Mar 23 05:37:16.191607 np0000160290 nova-scheduler[107460]: DEBUG cotyledon.oslo_config_glue [-] ******************************************************************************** {{(pid=107460) log_opt_values /opt/stack/data/venv/lib/python3.12/site-packages/oslo_config/cfg.py:3013}}
Mar 23 05:37:16.191607 np0000160290 nova-scheduler[107460]: DEBUG cotyledon._service_worker [-] Run service ServiceWrapper(3) [107460] {{(pid=107460) wait_forever /opt/stack/data/venv/lib/python3.12/site-packages/cotyledon/_service_worker.py:218}}
Mar 23 05:37:16.191795 np0000160290 nova-scheduler[107460]: INFO nova.service [-] Starting scheduler node (version 33.0.0)
Mar 23 05:37:16.191795 np0000160290 nova-scheduler[107460]: INFO dbcounter [None req-c421d063-402e-4514-a935-2776f5c42608 None None] Registered counter for database nova_cell0
Mar 23 05:37:16.191844 np0000160290 nova-scheduler[107438]: DEBUG nova.service [None req-cff542d6-1843-47ed-87d5-a340dc50b1d4 None None] Creating RPC server for service: nova-scheduler on topic: scheduler {{(pid=107438) start /opt/stack/nova/nova/service.py:195}}
Mar 23 05:37:16.191873 np0000160290 nova-scheduler[107450]: DEBUG dbcounter [-] [107450] Writer thread running {{(pid=107450) stat_writer /opt/stack/data/venv/lib/python3.12/site-packages/dbcounter.py:102}}
Mar 23 05:37:16.191897 np0000160290 nova-scheduler[107443]: DEBUG nova.service [None req-8706b357-8218-4f89-b24e-1dc05a3c3f22 None None] Creating RPC server for service: nova-scheduler on topic: scheduler {{(pid=107443) start /opt/stack/nova/nova/service.py:195}}
Mar 23 05:37:16.191922 np0000160290 nova-scheduler[107450]: DEBUG nova.service [None req-061db4cd-dd41-4da4-9901-e50ebcb5c28b None None] Creating RPC server for service: nova-scheduler on topic: scheduler {{(pid=107450) start /opt/stack/nova/nova/service.py:195}}
Mar 23 05:37:16.191946 np0000160290 nova-scheduler[107460]: DEBUG oslo_db.sqlalchemy.engines [None req-c421d063-402e-4514-a935-2776f5c42608 None None] MySQL server mode set to STRICT_TRANS_TABLES,STRICT_ALL_TABLES,NO_ZERO_IN_DATE,NO_ZERO_DATE,ERROR_FOR_DIVISION_BY_ZERO,TRADITIONAL,NO_ENGINE_SUBSTITUTION {{(pid=107460) _check_effective_sql_mode /opt/stack/data/venv/lib/python3.12/site-packages/oslo_db/sqlalchemy/engines.py:325}}
Mar 23 05:37:16.191946 np0000160290 nova-scheduler[107460]: DEBUG dbcounter [-] [107460] Writer thread running {{(pid=107460) stat_writer /opt/stack/data/venv/lib/python3.12/site-packages/dbcounter.py:102}}
Mar 23 05:37:16.193279 np0000160290 nova-scheduler[107460]: DEBUG nova.service [None req-c421d063-402e-4514-a935-2776f5c42608 None None] Creating RPC server for service: nova-scheduler on topic: scheduler {{(pid=107460) start /opt/stack/nova/nova/service.py:195}}
Mar 23 05:37:16.213215 np0000160290 nova-scheduler[107450]: DEBUG nova.service [None req-061db4cd-dd41-4da4-9901-e50ebcb5c28b None None] Join ServiceGroup membership for this service scheduler {{(pid=107450) start /opt/stack/nova/nova/service.py:221}}
Mar 23 05:37:16.213462 np0000160290 nova-scheduler[107450]: DEBUG nova.servicegroup.drivers.db [None req-061db4cd-dd41-4da4-9901-e50ebcb5c28b None None] DB_Driver: join new ServiceGroup member np0000160290 to the scheduler group, service = {{(pid=107450) join /opt/stack/nova/nova/servicegroup/drivers/db.py:44}}
Mar 23 05:37:16.218020 np0000160290 nova-scheduler[107443]: DEBUG nova.service [None req-8706b357-8218-4f89-b24e-1dc05a3c3f22 None None] Join ServiceGroup membership for this service scheduler {{(pid=107443) start /opt/stack/nova/nova/service.py:221}}
Mar 23 05:37:16.218169 np0000160290 nova-scheduler[107460]: DEBUG nova.service [None req-c421d063-402e-4514-a935-2776f5c42608 None None] Join ServiceGroup membership for this service scheduler {{(pid=107460) start /opt/stack/nova/nova/service.py:221}}
Mar 23 05:37:16.218252 np0000160290 nova-scheduler[107460]: DEBUG nova.servicegroup.drivers.db [None req-c421d063-402e-4514-a935-2776f5c42608 None None] DB_Driver: join new ServiceGroup member np0000160290 to the scheduler group, service = {{(pid=107460) join /opt/stack/nova/nova/servicegroup/drivers/db.py:44}}
Mar 23 05:37:16.218325 np0000160290 nova-scheduler[107443]: DEBUG nova.servicegroup.drivers.db [None req-8706b357-8218-4f89-b24e-1dc05a3c3f22 None None] DB_Driver: join new ServiceGroup member np0000160290 to the scheduler group, service = {{(pid=107443) join /opt/stack/nova/nova/servicegroup/drivers/db.py:44}}
Mar 23 05:37:16.219035 np0000160290 nova-scheduler[107438]: DEBUG nova.service [None req-cff542d6-1843-47ed-87d5-a340dc50b1d4 None None] Join ServiceGroup membership for this service scheduler {{(pid=107438) start /opt/stack/nova/nova/service.py:221}}
Mar 23 05:37:16.219341 np0000160290 nova-scheduler[107438]: DEBUG nova.servicegroup.drivers.db [None req-cff542d6-1843-47ed-87d5-a340dc50b1d4 None None] DB_Driver: join new ServiceGroup member np0000160290 to the scheduler group, service = {{(pid=107438) join /opt/stack/nova/nova/servicegroup/drivers/db.py:44}}
Mar 23 05:37:21.237263 np0000160290 nova-scheduler[107438]: DEBUG oslo.service.backend._threading.loopingcall [-] Fixed interval looping call 'nova.servicegroup.drivers.db.DbDriver._report_state' sleeping for 119.98 seconds {{(pid=107438) _run_loop /opt/stack/data/venv/lib/python3.12/site-packages/oslo_service/backend/_threading/loopingcall.py:125}}
Mar 23 05:37:21.237784 np0000160290 nova-scheduler[107460]: DEBUG oslo.service.backend._threading.loopingcall [-] Fixed interval looping call 'nova.servicegroup.drivers.db.DbDriver._report_state' sleeping for 119.98 seconds {{(pid=107460) _run_loop /opt/stack/data/venv/lib/python3.12/site-packages/oslo_service/backend/_threading/loopingcall.py:125}}
Mar 23 05:37:21.238878 np0000160290 nova-scheduler[107443]: DEBUG oslo.service.backend._threading.loopingcall [-] Fixed interval looping call 'nova.servicegroup.drivers.db.DbDriver._report_state' sleeping for 119.98 seconds {{(pid=107443) _run_loop /opt/stack/data/venv/lib/python3.12/site-packages/oslo_service/backend/_threading/loopingcall.py:125}}
Mar 23 05:37:21.239544 np0000160290 nova-scheduler[107450]: DEBUG oslo.service.backend._threading.loopingcall [-] Fixed interval looping call 'nova.servicegroup.drivers.db.DbDriver._report_state' sleeping for 119.98 seconds {{(pid=107450) _run_loop /opt/stack/data/venv/lib/python3.12/site-packages/oslo_service/backend/_threading/loopingcall.py:125}}
Mar 23 05:37:24.809358 np0000160290 nova-scheduler[106664]: DEBUG dbcounter [-] [106664] Writing DB stats nova_api:SELECT=3 {{(pid=106664) stat_writer /opt/stack/data/venv/lib/python3.12/site-packages/dbcounter.py:115}}
Mar 23 05:37:24.913709 np0000160290 nova-scheduler[106664]: DEBUG dbcounter [-] [106664] Writing DB stats nova_cell0:SELECT=1 {{(pid=106664) stat_writer /opt/stack/data/venv/lib/python3.12/site-packages/dbcounter.py:115}}
Mar 23 05:37:24.919036 np0000160290 nova-scheduler[106664]: DEBUG dbcounter [-] [106664] Writing DB stats nova_cell1:SELECT=1 {{(pid=106664) stat_writer /opt/stack/data/venv/lib/python3.12/site-packages/dbcounter.py:115}}
Mar 23 05:37:25.222654 np0000160290 nova-scheduler[107438]: DEBUG oslo.service.backend._threading.loopingcall [None req-1a5bf331-4d41-4171-b81c-39bc1fb99bed None None] Dynamic interval looping call 'nova.service.Service.periodic_tasks' sleeping for 60.00 seconds {{(pid=107438) _run_loop /opt/stack/data/venv/lib/python3.12/site-packages/oslo_service/backend/_threading/loopingcall.py:125}}
Mar 23 05:37:31.230944 np0000160290 nova-scheduler[107438]: DEBUG dbcounter [-] [107438] Writing DB stats nova_cell0:SELECT=4,nova_cell0:INSERT=1,nova_cell0:UPDATE=1 {{(pid=107438) stat_writer /opt/stack/data/venv/lib/python3.12/site-packages/dbcounter.py:115}}
Mar 23 05:37:31.233621 np0000160290 nova-scheduler[107460]: DEBUG dbcounter [-] [107460] Writing DB stats nova_cell0:SELECT=3,nova_cell0:UPDATE=1 {{(pid=107460) stat_writer /opt/stack/data/venv/lib/python3.12/site-packages/dbcounter.py:115}}
Mar 23 05:37:31.234781 np0000160290 nova-scheduler[107443]: DEBUG dbcounter [-] [107443] Writing DB stats nova_cell0:SELECT=5,nova_cell0:INSERT=1,nova_cell0:UPDATE=1 {{(pid=107443) stat_writer /opt/stack/data/venv/lib/python3.12/site-packages/dbcounter.py:115}}
Mar 23 05:37:31.235201 np0000160290 nova-scheduler[107450]: DEBUG dbcounter [-] [107450] Writing DB stats nova_cell0:SELECT=3,nova_cell0:UPDATE=1 {{(pid=107450) stat_writer /opt/stack/data/venv/lib/python3.12/site-packages/dbcounter.py:115}}
Mar 23 05:37:51.220508 np0000160290 nova-scheduler[107443]: DEBUG oslo.service.backend._threading.loopingcall [None req-bce2bc65-96b7-42fb-9629-cca2b4602574 None None] Dynamic interval looping call 'nova.service.Service.periodic_tasks' sleeping for 60.00 seconds {{(pid=107443) _run_loop /opt/stack/data/venv/lib/python3.12/site-packages/oslo_service/backend/_threading/loopingcall.py:125}}
Mar 23 05:37:58.216051 np0000160290 nova-scheduler[107450]: DEBUG oslo.service.backend._threading.loopingcall [None req-fe2cf384-0485-4e0d-bcbc-e91d324649de None None] Dynamic interval looping call 'nova.service.Service.periodic_tasks' sleeping for 60.00 seconds {{(pid=107450) _run_loop /opt/stack/data/venv/lib/python3.12/site-packages/oslo_service/backend/_threading/loopingcall.py:125}}
Mar 23 05:38:00.221130 np0000160290 nova-scheduler[107460]: DEBUG oslo.service.backend._threading.loopingcall [None req-fdd50415-ca21-49a9-916d-1851291c8251 None None] Dynamic interval looping call 'nova.service.Service.periodic_tasks' sleeping for 60.00 seconds {{(pid=107460) _run_loop /opt/stack/data/venv/lib/python3.12/site-packages/oslo_service/backend/_threading/loopingcall.py:125}}
Mar 23 05:38:25.223361 np0000160290 nova-scheduler[107438]: DEBUG oslo.service.backend._threading.loopingcall [None req-1a5bf331-4d41-4171-b81c-39bc1fb99bed None None] Dynamic interval looping call 'nova.service.Service.periodic_tasks' sleeping for 60.00 seconds {{(pid=107438) _run_loop /opt/stack/data/venv/lib/python3.12/site-packages/oslo_service/backend/_threading/loopingcall.py:125}}
Mar 23 05:38:51.221351 np0000160290 nova-scheduler[107443]: DEBUG oslo.service.backend._threading.loopingcall [None req-bce2bc65-96b7-42fb-9629-cca2b4602574 None None] Dynamic interval looping call 'nova.service.Service.periodic_tasks' sleeping for 60.00 seconds {{(pid=107443) _run_loop /opt/stack/data/venv/lib/python3.12/site-packages/oslo_service/backend/_threading/loopingcall.py:125}}
Mar 23 05:38:58.216856 np0000160290 nova-scheduler[107450]: DEBUG oslo.service.backend._threading.loopingcall [None req-fe2cf384-0485-4e0d-bcbc-e91d324649de None None] Dynamic interval looping call 'nova.service.Service.periodic_tasks' sleeping for 60.00 seconds {{(pid=107450) _run_loop /opt/stack/data/venv/lib/python3.12/site-packages/oslo_service/backend/_threading/loopingcall.py:125}}
Mar 23 05:39:00.221698 np0000160290 nova-scheduler[107460]: DEBUG oslo.service.backend._threading.loopingcall [None req-fdd50415-ca21-49a9-916d-1851291c8251 None None] Dynamic interval looping call 'nova.service.Service.periodic_tasks' sleeping for 60.00 seconds {{(pid=107460) _run_loop /opt/stack/data/venv/lib/python3.12/site-packages/oslo_service/backend/_threading/loopingcall.py:125}}
Mar 23 05:39:21.226626 np0000160290 nova-scheduler[107438]: DEBUG oslo.service.backend._threading.loopingcall [-] Fixed interval looping call 'nova.servicegroup.drivers.db.DbDriver._report_state' sleeping for 119.99 seconds {{(pid=107438) _run_loop /opt/stack/data/venv/lib/python3.12/site-packages/oslo_service/backend/_threading/loopingcall.py:125}}
Mar 23 05:39:21.227185 np0000160290 nova-scheduler[107460]: DEBUG oslo.service.backend._threading.loopingcall [-] Fixed interval looping call 'nova.servicegroup.drivers.db.DbDriver._report_state' sleeping for 119.99 seconds {{(pid=107460) _run_loop /opt/stack/data/venv/lib/python3.12/site-packages/oslo_service/backend/_threading/loopingcall.py:125}}
Mar 23 05:39:21.228007 np0000160290 nova-scheduler[107443]: DEBUG oslo.service.backend._threading.loopingcall [-] Fixed interval looping call 'nova.servicegroup.drivers.db.DbDriver._report_state' sleeping for 119.99 seconds {{(pid=107443) _run_loop /opt/stack/data/venv/lib/python3.12/site-packages/oslo_service/backend/_threading/loopingcall.py:125}}
Mar 23 05:39:21.229183 np0000160290 nova-scheduler[107450]: DEBUG oslo.service.backend._threading.loopingcall [-] Fixed interval looping call 'nova.servicegroup.drivers.db.DbDriver._report_state' sleeping for 119.99 seconds {{(pid=107450) _run_loop /opt/stack/data/venv/lib/python3.12/site-packages/oslo_service/backend/_threading/loopingcall.py:125}}
Mar 23 05:39:25.223603 np0000160290 nova-scheduler[107438]: DEBUG oslo.service.backend._threading.loopingcall [None req-1a5bf331-4d41-4171-b81c-39bc1fb99bed None None] Dynamic interval looping call 'nova.service.Service.periodic_tasks' sleeping for 60.00 seconds {{(pid=107438) _run_loop /opt/stack/data/venv/lib/python3.12/site-packages/oslo_service/backend/_threading/loopingcall.py:125}}
Mar 23 05:39:31.221518 np0000160290 nova-scheduler[107438]: DEBUG dbcounter [-] [107438] Writing DB stats nova_cell0:SELECT=1,nova_cell0:UPDATE=1 {{(pid=107438) stat_writer /opt/stack/data/venv/lib/python3.12/site-packages/dbcounter.py:115}}
Mar 23 05:39:31.222260 np0000160290 nova-scheduler[107460]: DEBUG dbcounter [-] [107460] Writing DB stats nova_cell0:SELECT=1,nova_cell0:UPDATE=1 {{(pid=107460) stat_writer /opt/stack/data/venv/lib/python3.12/site-packages/dbcounter.py:115}}
Mar 23 05:39:31.223762 np0000160290 nova-scheduler[107443]: DEBUG dbcounter [-] [107443] Writing DB stats nova_cell0:SELECT=1,nova_cell0:UPDATE=1 {{(pid=107443) stat_writer /opt/stack/data/venv/lib/python3.12/site-packages/dbcounter.py:115}}
Mar 23 05:39:31.224810 np0000160290 nova-scheduler[107450]: DEBUG dbcounter [-] [107450] Writing DB stats nova_cell0:SELECT=1,nova_cell0:UPDATE=1 {{(pid=107450) stat_writer /opt/stack/data/venv/lib/python3.12/site-packages/dbcounter.py:115}}
Mar 23 05:39:51.222076 np0000160290 nova-scheduler[107443]: DEBUG oslo.service.backend._threading.loopingcall [None req-bce2bc65-96b7-42fb-9629-cca2b4602574 None None] Dynamic interval looping call 'nova.service.Service.periodic_tasks' sleeping for 60.00 seconds {{(pid=107443) _run_loop /opt/stack/data/venv/lib/python3.12/site-packages/oslo_service/backend/_threading/loopingcall.py:125}}
Mar 23 05:39:58.217824 np0000160290 nova-scheduler[107450]: DEBUG oslo.service.backend._threading.loopingcall [None req-fe2cf384-0485-4e0d-bcbc-e91d324649de None None] Dynamic interval looping call 'nova.service.Service.periodic_tasks' sleeping for 60.00 seconds {{(pid=107450) _run_loop /opt/stack/data/venv/lib/python3.12/site-packages/oslo_service/backend/_threading/loopingcall.py:125}}
Mar 23 05:40:00.222566 np0000160290 nova-scheduler[107460]: DEBUG oslo.service.backend._threading.loopingcall [None req-fdd50415-ca21-49a9-916d-1851291c8251 None None] Dynamic interval looping call 'nova.service.Service.periodic_tasks' sleeping for 60.00 seconds {{(pid=107460) _run_loop /opt/stack/data/venv/lib/python3.12/site-packages/oslo_service/backend/_threading/loopingcall.py:125}}
Mar 23 05:40:25.224467 np0000160290 nova-scheduler[107438]: DEBUG oslo.service.backend._threading.loopingcall [None req-1a5bf331-4d41-4171-b81c-39bc1fb99bed None None] Dynamic interval looping call 'nova.service.Service.periodic_tasks' sleeping for 60.00 seconds {{(pid=107438) _run_loop /opt/stack/data/venv/lib/python3.12/site-packages/oslo_service/backend/_threading/loopingcall.py:125}}
Mar 23 05:40:51.225938 np0000160290 nova-scheduler[107443]: DEBUG oslo.service.backend._threading.loopingcall [None req-bce2bc65-96b7-42fb-9629-cca2b4602574 None None] Dynamic interval looping call 'nova.service.Service.periodic_tasks' sleeping for 60.00 seconds {{(pid=107443) _run_loop /opt/stack/data/venv/lib/python3.12/site-packages/oslo_service/backend/_threading/loopingcall.py:125}}
Mar 23 05:40:58.218319 np0000160290 nova-scheduler[107450]: DEBUG oslo.service.backend._threading.loopingcall [None req-fe2cf384-0485-4e0d-bcbc-e91d324649de None None] Dynamic interval looping call 'nova.service.Service.periodic_tasks' sleeping for 60.00 seconds {{(pid=107450) _run_loop /opt/stack/data/venv/lib/python3.12/site-packages/oslo_service/backend/_threading/loopingcall.py:125}}
Mar 23 05:41:00.223469 np0000160290 nova-scheduler[107460]: DEBUG oslo.service.backend._threading.loopingcall [None req-fdd50415-ca21-49a9-916d-1851291c8251 None None] Dynamic interval looping call 'nova.service.Service.periodic_tasks' sleeping for 60.00 seconds {{(pid=107460) _run_loop /opt/stack/data/venv/lib/python3.12/site-packages/oslo_service/backend/_threading/loopingcall.py:125}}
Mar 23 05:41:13.903996 np0000160290 nova-scheduler[107450]: DEBUG nova.scheduler.manager [None req-64c8e697-b8e7-4828-9049-52fee069acea demo demo] Starting to schedule for instances: ['1c75510b-61ac-44bb-a1cb-2202e421be02'] {{(pid=107450) select_destinations /opt/stack/nova/nova/scheduler/manager.py:210}}
Mar 23 05:41:13.907201 np0000160290 nova-scheduler[107450]: DEBUG oslo_db.sqlalchemy.engines [None req-64c8e697-b8e7-4828-9049-52fee069acea demo demo] Parent process 106664 forked (107450) with an open database connection, which is being discarded and recreated. {{(pid=107450) checkout /opt/stack/data/venv/lib/python3.12/site-packages/oslo_db/sqlalchemy/engines.py:402}}
Mar 23 05:41:13.913509 np0000160290 nova-scheduler[107450]: DEBUG dbcounter [-] [107450] Writer thread running {{(pid=107450) stat_writer /opt/stack/data/venv/lib/python3.12/site-packages/dbcounter.py:102}}
Mar 23 05:41:13.915827 np0000160290 nova-scheduler[107450]: DEBUG nova.scheduler.request_filter [None req-64c8e697-b8e7-4828-9049-52fee069acea demo demo] Request filter 'map_az_to_placement_aggregate' took 0.0 seconds {{(pid=107450) wrapper /opt/stack/nova/nova/scheduler/request_filter.py:46}}
Mar 23 05:41:13.916295 np0000160290 nova-scheduler[107450]: DEBUG nova.scheduler.request_filter [None req-64c8e697-b8e7-4828-9049-52fee069acea demo demo] compute_status_filter request filter added forbidden trait COMPUTE_STATUS_DISABLED {{(pid=107450) compute_status_filter /opt/stack/nova/nova/scheduler/request_filter.py:253}}
Mar 23 05:41:13.916465 np0000160290 nova-scheduler[107450]: DEBUG nova.scheduler.request_filter [None req-64c8e697-b8e7-4828-9049-52fee069acea demo demo] Request filter 'compute_status_filter' took 0.0 seconds {{(pid=107450) wrapper /opt/stack/nova/nova/scheduler/request_filter.py:46}}
Mar 23 05:41:13.916779 np0000160290 nova-scheduler[107450]: DEBUG nova.scheduler.request_filter [None req-64c8e697-b8e7-4828-9049-52fee069acea demo demo] Request filter 'accelerators_filter' took 0.0 seconds {{(pid=107450) wrapper /opt/stack/nova/nova/scheduler/request_filter.py:46}}
Mar 23 05:41:13.917038 np0000160290 nova-scheduler[107450]: DEBUG nova.scheduler.request_filter [None req-64c8e697-b8e7-4828-9049-52fee069acea demo demo] Request filter 'packed_virtqueue_filter' took 0.0 seconds {{(pid=107450) wrapper /opt/stack/nova/nova/scheduler/request_filter.py:46}}
Mar 23 05:41:13.920226 np0000160290 nova-scheduler[107450]: WARNING neutronclient.v2_0.client [None req-64c8e697-b8e7-4828-9049-52fee069acea demo demo] The python binding code in neutronclient is deprecated in favor of OpenstackSDK, please use that as this will be removed in a future release.
Mar 23 05:41:14.165362 np0000160290 nova-scheduler[107450]: DEBUG nova.scheduler.request_filter [None req-64c8e697-b8e7-4828-9049-52fee069acea demo demo] Request filter 'remote_managed_ports_filter' took 0.2 seconds {{(pid=107450) wrapper /opt/stack/nova/nova/scheduler/request_filter.py:46}}
Mar 23 05:41:14.165725 np0000160290 nova-scheduler[107450]: DEBUG nova.scheduler.request_filter [None req-64c8e697-b8e7-4828-9049-52fee069acea demo demo] ephemeral_encryption_filter skipped {{(pid=107450) ephemeral_encryption_filter /opt/stack/nova/nova/scheduler/request_filter.py:426}}
