May 07 03:35:18.312363 np0000172412 devstack@neutron-api.service[103196]: DEBUG neutron.plugins.ml2.ovo_rpc [None req-97b472c7-cbde-4696-ab56-dd33cc4901cc None None] ML2 OVO RPC backend initialized. {{(pid=103196) __init__ /opt/stack/neutron/neutron/plugins/ml2/ovo_rpc.py:117}}
May 07 03:35:18.312398 np0000172412 devstack@neutron-api.service[103195]: DEBUG neutron.api.extensions [None req-24f05c1c-e6bc-464f-a258-69aed623a50d None None] Loading extension file: fip_port_details.py {{(pid=103195) _load_all_extensions_from_path /opt/stack/neutron/neutron/api/extensions.py:449}}
May 07 03:35:18.312761 np0000172412 devstack@neutron-api.service[103195]: DEBUG neutron.api.extensions [None req-24f05c1c-e6bc-464f-a258-69aed623a50d None None] Ext name="Floating IP Port Details Extension" alias="fip-port-details" description="Add port_details attribute to Floating IP resource" updated="2018-04-09T10:00:00-00:00" {{(pid=103195) _check_extension /opt/stack/neutron/neutron/api/extensions.py:415}}
May 07 03:35:18.312930 np0000172412 devstack@neutron-api.service[103195]: INFO neutron.api.extensions [None req-24f05c1c-e6bc-464f-a258-69aed623a50d None None] Loaded extension: fip-port-details
May 07 03:35:18.313048 np0000172412 devstack@neutron-api.service[103195]: DEBUG neutron.api.extensions [None req-24f05c1c-e6bc-464f-a258-69aed623a50d None None] Loading extension file: flavors.py {{(pid=103195) _load_all_extensions_from_path /opt/stack/neutron/neutron/api/extensions.py:449}}
May 07 03:35:18.313077 np0000172412 devstack@neutron-api.service[103196]: INFO neutron.quota [None req-97b472c7-cbde-4696-ab56-dd33cc4901cc None None] Loaded quota_driver: .
May 07 03:35:18.313149 np0000172412 devstack@neutron-api.service[103196]: INFO neutron.plugins.ml2.plugin [None req-97b472c7-cbde-4696-ab56-dd33cc4901cc None None] Modular L2 Plugin initialization complete
May 07 03:35:18.313338 np0000172412 devstack@neutron-api.service[103196]: DEBUG neutron.manager [None req-97b472c7-cbde-4696-ab56-dd33cc4901cc None None] Loading services supported by the core plugin {{(pid=103196) _load_services_from_core_plugin /opt/stack/neutron/neutron/manager.py:170}}
May 07 03:35:18.313372 np0000172412 devstack@neutron-api.service[103195]: DEBUG neutron.api.extensions [None req-24f05c1c-e6bc-464f-a258-69aed623a50d None None] Ext name="Neutron Service Flavors" alias="flavors" description="Flavor specification for Neutron advanced services." updated="2015-09-17T10:00:00-00:00" {{(pid=103195) _check_extension /opt/stack/neutron/neutron/api/extensions.py:415}}
May 07 03:35:18.313434 np0000172412 devstack@neutron-api.service[103196]: INFO neutron.plugins.ml2.managers [None req-97b472c7-cbde-4696-ab56-dd33cc4901cc None None] Got port-security extension from driver 'port_security'
May 07 03:35:18.313543 np0000172412 devstack@neutron-api.service[103195]: INFO neutron.api.extensions [None req-24f05c1c-e6bc-464f-a258-69aed623a50d None None] Loaded extension: flavors
May 07 03:35:18.313650 np0000172412 devstack@neutron-api.service[103195]: DEBUG neutron.api.extensions [None req-24f05c1c-e6bc-464f-a258-69aed623a50d None None] Loading extension file: floating_ip_port_forwarding.py {{(pid=103195) _load_all_extensions_from_path /opt/stack/neutron/neutron/api/extensions.py:449}}
May 07 03:35:18.313698 np0000172412 devstack@neutron-api.service[103196]: DEBUG neutron.manager [None req-97b472c7-cbde-4696-ab56-dd33cc4901cc None None] Loading service plugins: ['ovn-router', 'auto_allocate', 'tag', 'timestamp', 'network_ip_availability', 'flavors', 'revisions'] {{(pid=103196) _load_service_plugins /opt/stack/neutron/neutron/manager.py:195}}
May 07 03:35:18.313828 np0000172412 devstack@neutron-api.service[103196]: INFO neutron.manager [None req-97b472c7-cbde-4696-ab56-dd33cc4901cc None None] Loading Plugin: ovn-router
May 07 03:35:18.313975 np0000172412 devstack@neutron-api.service[103195]: DEBUG neutron.api.extensions [None req-24f05c1c-e6bc-464f-a258-69aed623a50d None None] Ext name="Floating IP Port Forwarding" alias="floating-ip-port-forwarding" description="Allow port forwarding from floating IP port to an internal port" updated="2018-01-19T10:00:00-00:00" {{(pid=103195) _check_extension /opt/stack/neutron/neutron/api/extensions.py:415}}
May 07 03:35:18.314169 np0000172412 devstack@neutron-api.service[103195]: INFO neutron.api.extensions [None req-24f05c1c-e6bc-464f-a258-69aed623a50d None None] Extension floating-ip-port-forwarding not supported by any of loaded plugins
May 07 03:35:18.314267 np0000172412 devstack@neutron-api.service[103195]: DEBUG neutron.api.extensions [None req-24f05c1c-e6bc-464f-a258-69aed623a50d None None] Loading extension file: floatingip_pools.py {{(pid=103195) _load_all_extensions_from_path /opt/stack/neutron/neutron/api/extensions.py:449}}
May 07 03:35:18.314593 np0000172412 devstack@neutron-api.service[103195]: DEBUG neutron.api.extensions [None req-24f05c1c-e6bc-464f-a258-69aed623a50d None None] Ext name="Floating IP Pools Extension" alias="floatingip-pools" description="Provides a floating IP pools API." updated="2018-03-21T10:00:00-00:00" {{(pid=103195) _check_extension /opt/stack/neutron/neutron/api/extensions.py:415}}
May 07 03:35:18.314738 np0000172412 devstack@neutron-api.service[103195]: INFO neutron.api.extensions [None req-24f05c1c-e6bc-464f-a258-69aed623a50d None None] Loaded extension: floatingip-pools
May 07 03:35:18.314829 np0000172412 devstack@neutron-api.service[103195]: DEBUG neutron.api.extensions [None req-24f05c1c-e6bc-464f-a258-69aed623a50d None None] Loading extension file: ip_allocation.py {{(pid=103195) _load_all_extensions_from_path /opt/stack/neutron/neutron/api/extensions.py:449}}
May 07 03:35:18.315069 np0000172412 devstack@neutron-api.service[103195]: DEBUG neutron.api.extensions [None req-24f05c1c-e6bc-464f-a258-69aed623a50d None None] Ext name="IP Allocation" alias="ip_allocation" description="IP allocation extension." updated="2016-06-10T23:00:00-00:00" {{(pid=103195) _check_extension /opt/stack/neutron/neutron/api/extensions.py:415}}
May 07 03:35:18.315225 np0000172412 devstack@neutron-api.service[103195]: INFO neutron.api.extensions [None req-24f05c1c-e6bc-464f-a258-69aed623a50d None None] Extension ip_allocation not supported by any of loaded plugins
May 07 03:35:18.315313 np0000172412 devstack@neutron-api.service[103195]: DEBUG neutron.api.extensions [None req-24f05c1c-e6bc-464f-a258-69aed623a50d None None] Loading extension file: ip_substring_port_filtering.py {{(pid=103195) _load_all_extensions_from_path /opt/stack/neutron/neutron/api/extensions.py:449}}
May 07 03:35:18.315581 np0000172412 devstack@neutron-api.service[103195]: DEBUG neutron.api.extensions [None req-24f05c1c-e6bc-464f-a258-69aed623a50d None None] Ext name="IP address substring filtering" alias="ip-substring-filtering" description="Provides IP address substring filtering when listing ports" updated="2017-11-28T09:00:00-00:00" {{(pid=103195) _check_extension /opt/stack/neutron/neutron/api/extensions.py:415}}
May 07 03:35:18.315771 np0000172412 devstack@neutron-api.service[103195]: INFO neutron.api.extensions [None req-24f05c1c-e6bc-464f-a258-69aed623a50d None None] Extension ip-substring-filtering not supported by any of loaded plugins
May 07 03:35:18.315873 np0000172412 devstack@neutron-api.service[103195]: DEBUG neutron.api.extensions [None req-24f05c1c-e6bc-464f-a258-69aed623a50d None None] Loading extension file: l2_adjacency.py {{(pid=103195) _load_all_extensions_from_path /opt/stack/neutron/neutron/api/extensions.py:449}}
May 07 03:35:18.316142 np0000172412 devstack@neutron-api.service[103195]: DEBUG neutron.api.extensions [None req-24f05c1c-e6bc-464f-a258-69aed623a50d None None] Ext name="L2 Adjacency" alias="l2_adjacency" description="Display L2 Adjacency for Neutron Networks." updated="2016-04-12T16:00:00-00:00" {{(pid=103195) _check_extension /opt/stack/neutron/neutron/api/extensions.py:415}}
May 07 03:35:18.316388 np0000172412 devstack@neutron-api.service[103195]: INFO neutron.api.extensions [None req-24f05c1c-e6bc-464f-a258-69aed623a50d None None] Extension l2_adjacency not supported by any of loaded plugins
May 07 03:35:18.316534 np0000172412 devstack@neutron-api.service[103195]: DEBUG neutron.api.extensions [None req-24f05c1c-e6bc-464f-a258-69aed623a50d None None] Loading extension file: l3.py {{(pid=103195) _load_all_extensions_from_path /opt/stack/neutron/neutron/api/extensions.py:449}}
May 07 03:35:18.317001 np0000172412 devstack@neutron-api.service[103195]: DEBUG neutron.api.extensions [None req-24f05c1c-e6bc-464f-a258-69aed623a50d None None] Ext name="Neutron L3 Router" alias="router" description="Router abstraction for basic L3 forwarding between L2 Neutron networks and access to external networks via a NAT gateway." updated="2012-07-20T10:00:00-00:00" {{(pid=103195) _check_extension /opt/stack/neutron/neutron/api/extensions.py:415}}
May 07 03:35:18.317186 np0000172412 devstack@neutron-api.service[103195]: INFO neutron.api.extensions [None req-24f05c1c-e6bc-464f-a258-69aed623a50d None None] Loaded extension: router
May 07 03:35:18.317273 np0000172412 devstack@neutron-api.service[103195]: DEBUG neutron.api.extensions [None req-24f05c1c-e6bc-464f-a258-69aed623a50d None None] Loading extension file: l3_conntrack_helper.py {{(pid=103195) _load_all_extensions_from_path /opt/stack/neutron/neutron/api/extensions.py:449}}
May 07 03:35:18.317959 np0000172412 devstack@neutron-api.service[103195]: DEBUG neutron.api.extensions [None req-24f05c1c-e6bc-464f-a258-69aed623a50d None None] Ext name="L3 Conntrack helper" alias="l3-conntrack-helper" description="Allow adding CT target rules for conntrack helper" updated="2019-04-04T10:00:00-00:00" {{(pid=103195) _check_extension /opt/stack/neutron/neutron/api/extensions.py:415}}
May 07 03:35:18.318140 np0000172412 devstack@neutron-api.service[103195]: INFO neutron.api.extensions [None req-24f05c1c-e6bc-464f-a258-69aed623a50d None None] Extension l3-conntrack-helper not supported by any of loaded plugins
May 07 03:35:18.318140 np0000172412 devstack@neutron-api.service[103195]: DEBUG neutron.api.extensions [None req-24f05c1c-e6bc-464f-a258-69aed623a50d None None] Loading extension file: l3_enable_default_route_bfd.py {{(pid=103195) _load_all_extensions_from_path /opt/stack/neutron/neutron/api/extensions.py:449}}
May 07 03:35:18.318422 np0000172412 devstack@neutron-api.service[103195]: DEBUG neutron.api.extensions [None req-24f05c1c-e6bc-464f-a258-69aed623a50d None None] Ext name="Enable Default Route BFD" alias="enable-default-route-bfd" description="Enables configurable BFD behavior for default routes" updated="2023-02-27T00:00:00-00:00" {{(pid=103195) _check_extension /opt/stack/neutron/neutron/api/extensions.py:415}}
May 07 03:35:18.318630 np0000172412 devstack@neutron-api.service[103195]: INFO neutron.api.extensions [None req-24f05c1c-e6bc-464f-a258-69aed623a50d None None] Loaded extension: enable-default-route-bfd
May 07 03:35:18.318720 np0000172412 devstack@neutron-api.service[103195]: DEBUG neutron.api.extensions [None req-24f05c1c-e6bc-464f-a258-69aed623a50d None None] Loading extension file: l3_enable_default_route_ecmp.py {{(pid=103195) _load_all_extensions_from_path /opt/stack/neutron/neutron/api/extensions.py:449}}
May 07 03:35:18.318995 np0000172412 devstack@neutron-api.service[103195]: DEBUG neutron.api.extensions [None req-24f05c1c-e6bc-464f-a258-69aed623a50d None None] Ext name="Enable Default Route ECMP" alias="enable-default-route-ecmp" description="Enables configurable ECMP behavior for default routes" updated="2023-02-27T00:00:00-00:00" {{(pid=103195) _check_extension /opt/stack/neutron/neutron/api/extensions.py:415}}
May 07 03:35:18.319142 np0000172412 devstack@neutron-api.service[103195]: INFO neutron.api.extensions [None req-24f05c1c-e6bc-464f-a258-69aed623a50d None None] Loaded extension: enable-default-route-ecmp
May 07 03:35:18.319226 np0000172412 devstack@neutron-api.service[103195]: DEBUG neutron.api.extensions [None req-24f05c1c-e6bc-464f-a258-69aed623a50d None None] Loading extension file: l3_ext_gw_mode.py {{(pid=103195) _load_all_extensions_from_path /opt/stack/neutron/neutron/api/extensions.py:449}}
May 07 03:35:18.319519 np0000172412 devstack@neutron-api.service[103195]: DEBUG neutron.api.extensions [None req-24f05c1c-e6bc-464f-a258-69aed623a50d None None] Ext name="Neutron L3 Configurable external gateway mode" alias="ext-gw-mode" description="Extension of the router abstraction for specifying whether SNAT should occur on the external gateway" updated="2013-03-28T10:00:00-00:00" {{(pid=103195) _check_extension /opt/stack/neutron/neutron/api/extensions.py:415}}
May 07 03:35:18.319665 np0000172412 devstack@neutron-api.service[103195]: INFO neutron.api.extensions [None req-24f05c1c-e6bc-464f-a258-69aed623a50d None None] Loaded extension: ext-gw-mode
May 07 03:35:18.319764 np0000172412 devstack@neutron-api.service[103195]: DEBUG neutron.api.extensions [None req-24f05c1c-e6bc-464f-a258-69aed623a50d None None] Loading extension file: l3_ext_ha_mode.py {{(pid=103195) _load_all_extensions_from_path /opt/stack/neutron/neutron/api/extensions.py:449}}
May 07 03:35:18.320008 np0000172412 devstack@neutron-api.service[103195]: DEBUG neutron.api.extensions [None req-24f05c1c-e6bc-464f-a258-69aed623a50d None None] Ext name="HA Router extension" alias="l3-ha" description="Adds HA capability to routers." updated="2014-04-26T00:00:00-00:00" {{(pid=103195) _check_extension /opt/stack/neutron/neutron/api/extensions.py:415}}
May 07 03:35:18.320231 np0000172412 devstack@neutron-api.service[103195]: INFO neutron.api.extensions [None req-24f05c1c-e6bc-464f-a258-69aed623a50d None None] Loaded extension: l3-ha
May 07 03:35:18.320377 np0000172412 devstack@neutron-api.service[103195]: DEBUG neutron.api.extensions [None req-24f05c1c-e6bc-464f-a258-69aed623a50d None None] Loading extension file: l3_ext_ndp_proxy.py {{(pid=103195) _load_all_extensions_from_path /opt/stack/neutron/neutron/api/extensions.py:449}}
May 07 03:35:18.320604 np0000172412 devstack@neutron-api.service[103195]: DEBUG neutron.api.extensions [None req-24f05c1c-e6bc-464f-a258-69aed623a50d None None] Ext name="Router support to enable NDP proxy" alias="l3-ext-ndp-proxy" description="Router extension to enable ndp proxy" updated="2020-08-25T00:00:00-00:00" {{(pid=103195) _check_extension /opt/stack/neutron/neutron/api/extensions.py:415}}
May 07 03:35:18.320776 np0000172412 devstack@neutron-api.service[103195]: INFO neutron.api.extensions [None req-24f05c1c-e6bc-464f-a258-69aed623a50d None None] Extension l3-ext-ndp-proxy not supported by any of loaded plugins
May 07 03:35:18.320914 np0000172412 devstack@neutron-api.service[103195]: DEBUG neutron.api.extensions [None req-24f05c1c-e6bc-464f-a258-69aed623a50d None None] Loading extension file: l3_extra_gws.py {{(pid=103195) _load_all_extensions_from_path /opt/stack/neutron/neutron/api/extensions.py:449}}
May 07 03:35:18.321115 np0000172412 devstack@neutron-api.service[103195]: DEBUG neutron.api.extensions [None req-24f05c1c-e6bc-464f-a258-69aed623a50d None None] Ext name="Neutron L3 External Gateway Multihoming" alias="external-gateway-multihoming" description="Allow multiple external gateway ports per router" updated="2023-01-18T00:00:00-00:00" {{(pid=103195) _check_extension /opt/stack/neutron/neutron/api/extensions.py:415}}
May 07 03:35:18.321344 np0000172412 devstack@neutron-api.service[103195]: INFO neutron.api.extensions [None req-24f05c1c-e6bc-464f-a258-69aed623a50d None None] Loaded extension: external-gateway-multihoming
May 07 03:35:18.321504 np0000172412 devstack@neutron-api.service[103195]: DEBUG neutron.api.extensions [None req-24f05c1c-e6bc-464f-a258-69aed623a50d None None] Loading extension file: l3_flavors.py {{(pid=103195) _load_all_extensions_from_path /opt/stack/neutron/neutron/api/extensions.py:449}}
May 07 03:35:18.321684 np0000172412 devstack@neutron-api.service[103195]: DEBUG neutron.api.extensions [None req-24f05c1c-e6bc-464f-a258-69aed623a50d None None] Ext name="Router Flavor Extension" alias="l3-flavors" description="Flavor support for routers." updated="2016-05-17T00:00:00-00:00" {{(pid=103195) _check_extension /opt/stack/neutron/neutron/api/extensions.py:415}}
May 07 03:35:18.321834 np0000172412 devstack@neutron-api.service[103195]: INFO neutron.api.extensions [None req-24f05c1c-e6bc-464f-a258-69aed623a50d None None] Loaded extension: l3-flavors
May 07 03:35:18.322028 np0000172412 devstack@neutron-api.service[103195]: DEBUG neutron.api.extensions [None req-24f05c1c-e6bc-464f-a258-69aed623a50d None None] Loading extension file: l3_ndp_proxy.py {{(pid=103195) _load_all_extensions_from_path /opt/stack/neutron/neutron/api/extensions.py:449}}
May 07 03:35:18.322283 np0000172412 devstack@neutron-api.service[103195]: DEBUG neutron.api.extensions [None req-24f05c1c-e6bc-464f-a258-69aed623a50d None None] Ext name="name" alias="l3-ndp-proxy" description="description" updated="2021-06-29T10:00:00-00:00" {{(pid=103195) _check_extension /opt/stack/neutron/neutron/api/extensions.py:415}}
May 07 03:35:18.322440 np0000172412 devstack@neutron-api.service[103195]: INFO neutron.api.extensions [None req-24f05c1c-e6bc-464f-a258-69aed623a50d None None] Extension l3-ndp-proxy not supported by any of loaded plugins
May 07 03:35:18.322574 np0000172412 devstack@neutron-api.service[103195]: DEBUG neutron.api.extensions [None req-24f05c1c-e6bc-464f-a258-69aed623a50d None None] Loading extension file: l3_port_ip_change_not_allowed.py {{(pid=103195) _load_all_extensions_from_path /opt/stack/neutron/neutron/api/extensions.py:449}}
May 07 03:35:18.322911 np0000172412 devstack@neutron-api.service[103196]: DEBUG neutron_lib.callbacks.manager [None req-97b472c7-cbde-4696-ab56-dd33cc4901cc None None] Subscribe: > router before_delete 55550000, False {{(pid=103196) subscribe /opt/stack/data/venv/lib/python3.12/site-packages/neutron_lib/callbacks/manager.py:52}}
May 07 03:35:18.323061 np0000172412 devstack@neutron-api.service[103195]: DEBUG neutron.api.extensions [None req-24f05c1c-e6bc-464f-a258-69aed623a50d None None] Ext name="Prevent L3 router ports IP address change extension" alias="l3-port-ip-change-not-allowed" description="Prevent change of IP address for some L3 router ports" updated="2018-10-09T10:00:00-00:00" {{(pid=103195) _check_extension /opt/stack/neutron/neutron/api/extensions.py:415}}
May 07 03:35:18.323183 np0000172412 devstack@neutron-api.service[103196]: DEBUG neutron_lib.callbacks.manager [None req-97b472c7-cbde-4696-ab56-dd33cc4901cc None None] Subscribe: port after_update 55550000, False {{(pid=103196) subscribe /opt/stack/data/venv/lib/python3.12/site-packages/neutron_lib/callbacks/manager.py:52}}
May 07 03:35:18.323252 np0000172412 devstack@neutron-api.service[103195]: INFO neutron.api.extensions [None req-24f05c1c-e6bc-464f-a258-69aed623a50d None None] Extension l3-port-ip-change-not-allowed not supported by any of loaded plugins
May 07 03:35:18.323281 np0000172412 devstack@neutron-api.service[103196]: DEBUG neutron_lib.callbacks.manager [None req-97b472c7-cbde-4696-ab56-dd33cc4901cc None None] Subscribe: port after_delete 55550000, False {{(pid=103196) subscribe /opt/stack/data/venv/lib/python3.12/site-packages/neutron_lib/callbacks/manager.py:52}}
May 07 03:35:18.323343 np0000172412 devstack@neutron-api.service[103195]: DEBUG neutron.api.extensions [None req-24f05c1c-e6bc-464f-a258-69aed623a50d None None] Loading extension file: l3agentscheduler.py {{(pid=103195) _load_all_extensions_from_path /opt/stack/neutron/neutron/api/extensions.py:449}}
May 07 03:35:18.323371 np0000172412 devstack@neutron-api.service[103196]: DEBUG neutron_lib.callbacks.manager [None req-97b472c7-cbde-4696-ab56-dd33cc4901cc None None] Subscribe: subnet after_update 55550000, False {{(pid=103196) subscribe /opt/stack/data/venv/lib/python3.12/site-packages/neutron_lib/callbacks/manager.py:52}}
May 07 03:35:18.323371 np0000172412 devstack@neutron-api.service[103196]: DEBUG neutron_lib.callbacks.manager [None req-97b472c7-cbde-4696-ab56-dd33cc4901cc None None] Subscribe: subnetpool_address_scope after_update 55550000, False {{(pid=103196) subscribe /opt/stack/data/venv/lib/python3.12/site-packages/neutron_lib/callbacks/manager.py:52}}
May 07 03:35:18.323504 np0000172412 devstack@neutron-api.service[103196]: DEBUG neutron_lib.callbacks.manager [None req-97b472c7-cbde-4696-ab56-dd33cc4901cc None None] Subscribe: port before_update 55550000, False {{(pid=103196) subscribe /opt/stack/data/venv/lib/python3.12/site-packages/neutron_lib/callbacks/manager.py:52}}
May 07 03:35:18.323564 np0000172412 devstack@neutron-api.service[103196]: DEBUG neutron_lib.callbacks.manager [None req-97b472c7-cbde-4696-ab56-dd33cc4901cc None None] Subscribe: port after_update 55550000, False {{(pid=103196) subscribe /opt/stack/data/venv/lib/python3.12/site-packages/neutron_lib/callbacks/manager.py:52}}
May 07 03:35:18.323661 np0000172412 devstack@neutron-api.service[103196]: DEBUG neutron_lib.callbacks.manager [None req-97b472c7-cbde-4696-ab56-dd33cc4901cc None None] Subscribe: > port precommit_delete 55550000, False {{(pid=103196) subscribe /opt/stack/data/venv/lib/python3.12/site-packages/neutron_lib/callbacks/manager.py:52}}
May 07 03:35:18.323762 np0000172412 devstack@neutron-api.service[103196]: DEBUG neutron_lib.callbacks.manager [None req-97b472c7-cbde-4696-ab56-dd33cc4901cc None None] Subscribe: port before_update 55550000, False {{(pid=103196) subscribe /opt/stack/data/venv/lib/python3.12/site-packages/neutron_lib/callbacks/manager.py:52}}
May 07 03:35:18.324005 np0000172412 devstack@neutron-api.service[103196]: DEBUG neutron_lib.callbacks.manager [None req-97b472c7-cbde-4696-ab56-dd33cc4901cc None None] Subscribe: port before_delete 55550000, False {{(pid=103196) subscribe /opt/stack/data/venv/lib/python3.12/site-packages/neutron_lib/callbacks/manager.py:52}}
May 07 03:35:18.324269 np0000172412 devstack@neutron-api.service[103195]: DEBUG neutron.api.extensions [None req-24f05c1c-e6bc-464f-a258-69aed623a50d None None] Ext name="L3 Agent Scheduler" alias="l3_agent_scheduler" description="Schedule routers among l3 agents" updated="2013-02-07T10:00:00-00:00" {{(pid=103195) _check_extension /opt/stack/neutron/neutron/api/extensions.py:415}}
May 07 03:35:18.324362 np0000172412 devstack@neutron-api.service[103196]: DEBUG neutron_lib.callbacks.manager [None req-97b472c7-cbde-4696-ab56-dd33cc4901cc None None] Subscribe: > router precommit_create 55550000, False {{(pid=103196) subscribe /opt/stack/data/venv/lib/python3.12/site-packages/neutron_lib/callbacks/manager.py:52}}
May 07 03:35:18.324362 np0000172412 devstack@neutron-api.service[103196]: DEBUG neutron_lib.callbacks.manager [None req-97b472c7-cbde-4696-ab56-dd33cc4901cc None None] Subscribe: > router precommit_create 55550000, False {{(pid=103196) subscribe /opt/stack/data/venv/lib/python3.12/site-packages/neutron_lib/callbacks/manager.py:52}}
May 07 03:35:18.324430 np0000172412 devstack@neutron-api.service[103195]: INFO neutron.api.extensions [None req-24f05c1c-e6bc-464f-a258-69aed623a50d None None] Extension l3_agent_scheduler not supported by any of loaded plugins
May 07 03:35:18.324519 np0000172412 devstack@neutron-api.service[103196]: DEBUG neutron_lib.callbacks.manager [None req-97b472c7-cbde-4696-ab56-dd33cc4901cc None None] Subscribe: > router precommit_update 55550000, False {{(pid=103196) subscribe /opt/stack/data/venv/lib/python3.12/site-packages/neutron_lib/callbacks/manager.py:52}}
May 07 03:35:18.324587 np0000172412 devstack@neutron-api.service[103195]: DEBUG neutron.api.extensions [None req-24f05c1c-e6bc-464f-a258-69aed623a50d None None] Loading extension file: local_ip.py {{(pid=103195) _load_all_extensions_from_path /opt/stack/neutron/neutron/api/extensions.py:449}}
May 07 03:35:18.324648 np0000172412 devstack@neutron-api.service[103196]: DEBUG neutron_lib.callbacks.manager [None req-97b472c7-cbde-4696-ab56-dd33cc4901cc None None] Subscribe: subnet after_update 55550000, False {{(pid=103196) subscribe /opt/stack/data/venv/lib/python3.12/site-packages/neutron_lib/callbacks/manager.py:52}}
May 07 03:35:18.324797 np0000172412 devstack@neutron-api.service[103195]: DEBUG neutron.api.extensions [None req-24f05c1c-e6bc-464f-a258-69aed623a50d None None] Ext name="Local IP" alias="local_ip" description="Support Node Local Virtual IP" updated="2021-07-26T10:00:00-00:00" {{(pid=103195) _check_extension /opt/stack/neutron/neutron/api/extensions.py:415}}
May 07 03:35:18.325063 np0000172412 devstack@neutron-api.service[103195]: INFO neutron.api.extensions [None req-24f05c1c-e6bc-464f-a258-69aed623a50d None None] Extension local_ip not supported by any of loaded plugins
May 07 03:35:18.325133 np0000172412 devstack@neutron-api.service[103195]: DEBUG neutron.api.extensions [None req-24f05c1c-e6bc-464f-a258-69aed623a50d None None] Loading extension file: logging.py {{(pid=103195) _load_all_extensions_from_path /opt/stack/neutron/neutron/api/extensions.py:449}}
May 07 03:35:18.325231 np0000172412 devstack@neutron-api.service[103196]: DEBUG neutron.quota.resource_registry [None req-97b472c7-cbde-4696-ab56-dd33cc4901cc None None] Tracking information for resource: router configured {{(pid=103196) set_tracked_resource /opt/stack/neutron/neutron/quota/resource_registry.py:203}}
May 07 03:35:18.325308 np0000172412 devstack@neutron-api.service[103196]: DEBUG neutron.quota.resource_registry [None req-97b472c7-cbde-4696-ab56-dd33cc4901cc None None] Tracking information for resource: floatingip configured {{(pid=103196) set_tracked_resource /opt/stack/neutron/neutron/quota/resource_registry.py:203}}
May 07 03:35:18.325414 np0000172412 devstack@neutron-api.service[103196]: INFO neutron.services.ovn_l3.plugin [None req-97b472c7-cbde-4696-ab56-dd33cc4901cc None None] Starting OVNL3RouterPlugin
May 07 03:35:18.325566 np0000172412 devstack@neutron-api.service[103195]: DEBUG neutron.api.extensions [None req-24f05c1c-e6bc-464f-a258-69aed623a50d None None] Ext name="Logging API Extension" alias="logging" description="Provides a logging API for resources such as security group and firewall." updated="2017-01-01T10:00:00-00:00" {{(pid=103195) _check_extension /opt/stack/neutron/neutron/api/extensions.py:415}}
May 07 03:35:18.325634 np0000172412 devstack@neutron-api.service[103196]: DEBUG neutron_lib.callbacks.manager [None req-97b472c7-cbde-4696-ab56-dd33cc4901cc None None] Subscribe: > port_forwarding_plugin after_init 55550000, False {{(pid=103196) subscribe /opt/stack/data/venv/lib/python3.12/site-packages/neutron_lib/callbacks/manager.py:52}}
May 07 03:35:18.325805 np0000172412 devstack@neutron-api.service[103195]: INFO neutron.api.extensions [None req-24f05c1c-e6bc-464f-a258-69aed623a50d None None] Extension logging not supported by any of loaded plugins
May 07 03:35:18.325890 np0000172412 devstack@neutron-api.service[103196]: DEBUG neutron_lib.callbacks.manager [None req-97b472c7-cbde-4696-ab56-dd33cc4901cc None None] Subscribe: > router before_create 55550100, False {{(pid=103196) subscribe /opt/stack/data/venv/lib/python3.12/site-packages/neutron_lib/callbacks/manager.py:52}}
May 07 03:35:18.325973 np0000172412 devstack@neutron-api.service[103195]: DEBUG neutron.api.extensions [None req-24f05c1c-e6bc-464f-a258-69aed623a50d None None] Loading extension file: metering.py {{(pid=103195) _load_all_extensions_from_path /opt/stack/neutron/neutron/api/extensions.py:449}}
May 07 03:35:18.326064 np0000172412 devstack@neutron-api.service[103196]: DEBUG neutron_lib.callbacks.manager [None req-97b472c7-cbde-4696-ab56-dd33cc4901cc None None] Subscribe: > router precommit_delete 55550100, False {{(pid=103196) subscribe /opt/stack/data/venv/lib/python3.12/site-packages/neutron_lib/callbacks/manager.py:52}}
May 07 03:35:18.326064 np0000172412 devstack@neutron-api.service[103196]: DEBUG neutron_lib.callbacks.manager [None req-97b472c7-cbde-4696-ab56-dd33cc4901cc None None] Subscribe: > router precommit_create 55550100, False {{(pid=103196) subscribe /opt/stack/data/venv/lib/python3.12/site-packages/neutron_lib/callbacks/manager.py:52}}
May 07 03:35:18.326186 np0000172412 devstack@neutron-api.service[103196]: DEBUG neutron_lib.callbacks.manager [None req-97b472c7-cbde-4696-ab56-dd33cc4901cc None None] Subscribe: > router precommit_update 55550100, False {{(pid=103196) subscribe /opt/stack/data/venv/lib/python3.12/site-packages/neutron_lib/callbacks/manager.py:52}}
May 07 03:35:18.326573 np0000172412 devstack@neutron-api.service[103195]: DEBUG neutron.api.extensions [None req-24f05c1c-e6bc-464f-a258-69aed623a50d None None] Ext name="Neutron Metering" alias="metering" description="Neutron Metering extension." updated="2013-06-12T10:00:00-00:00" {{(pid=103195) _check_extension /opt/stack/neutron/neutron/api/extensions.py:415}}
May 07 03:35:18.326820 np0000172412 devstack@neutron-api.service[103195]: INFO neutron.api.extensions [None req-24f05c1c-e6bc-464f-a258-69aed623a50d None None] Extension metering not supported by any of loaded plugins
May 07 03:35:18.326960 np0000172412 devstack@neutron-api.service[103195]: DEBUG neutron.api.extensions [None req-24f05c1c-e6bc-464f-a258-69aed623a50d None None] Loading extension file: metering_source_and_destination_fields.py {{(pid=103195) _load_all_extensions_from_path /opt/stack/neutron/neutron/api/extensions.py:449}}
May 07 03:35:18.327309 np0000172412 devstack@neutron-api.service[103195]: DEBUG neutron.api.extensions [None req-24f05c1c-e6bc-464f-a258-69aed623a50d None None] Ext name="Neutron Metering with source and destination filtering" alias="metering_source_and_destination_fields" description="Neutron Metering extension that enables the use of source and destination IP prefixes to create metering label rules." updated="2020-08-21T08:12:00-00:00" {{(pid=103195) _check_extension /opt/stack/neutron/neutron/api/extensions.py:415}}
May 07 03:35:18.327521 np0000172412 devstack@neutron-api.service[103195]: INFO neutron.api.extensions [None req-24f05c1c-e6bc-464f-a258-69aed623a50d None None] Extension metering_source_and_destination_fields not supported by any of loaded plugins
May 07 03:35:18.327661 np0000172412 devstack@neutron-api.service[103195]: DEBUG neutron.api.extensions [None req-24f05c1c-e6bc-464f-a258-69aed623a50d None None] Loading extension file: multiprovidernet.py {{(pid=103195) _load_all_extensions_from_path /opt/stack/neutron/neutron/api/extensions.py:449}}
May 07 03:35:18.327998 np0000172412 devstack@neutron-api.service[103195]: DEBUG neutron.api.extensions [None req-24f05c1c-e6bc-464f-a258-69aed623a50d None None] Ext name="Multi Provider Network" alias="multi-provider" description="Expose mapping of virtual networks to multiple physical networks" updated="2013-06-27T10:00:00-00:00" {{(pid=103195) _check_extension /opt/stack/neutron/neutron/api/extensions.py:415}}
May 07 03:35:18.328306 np0000172412 devstack@neutron-api.service[103195]: INFO neutron.api.extensions [None req-24f05c1c-e6bc-464f-a258-69aed623a50d None None] Loaded extension: multi-provider
May 07 03:35:18.328395 np0000172412 devstack@neutron-api.service[103195]: DEBUG neutron.api.extensions [None req-24f05c1c-e6bc-464f-a258-69aed623a50d None None] Loading extension file: netmtu.py {{(pid=103195) _load_all_extensions_from_path /opt/stack/neutron/neutron/api/extensions.py:449}}
May 07 03:35:18.328705 np0000172412 devstack@neutron-api.service[103195]: DEBUG neutron.api.extensions [None req-24f05c1c-e6bc-464f-a258-69aed623a50d None None] Ext name="Network MTU" alias="net-mtu" description="Provides MTU attribute for a network resource." updated="2015-03-25T10:00:00-00:00" {{(pid=103195) _check_extension /opt/stack/neutron/neutron/api/extensions.py:415}}
May 07 03:35:18.328943 np0000172412 devstack@neutron-api.service[103195]: INFO neutron.api.extensions [None req-24f05c1c-e6bc-464f-a258-69aed623a50d None None] Loaded extension: net-mtu
May 07 03:35:18.329096 np0000172412 devstack@neutron-api.service[103195]: DEBUG neutron.api.extensions [None req-24f05c1c-e6bc-464f-a258-69aed623a50d None None] Loading extension file: netmtu_writable.py {{(pid=103195) _load_all_extensions_from_path /opt/stack/neutron/neutron/api/extensions.py:449}}
May 07 03:35:18.329375 np0000172412 devstack@neutron-api.service[103195]: DEBUG neutron.api.extensions [None req-24f05c1c-e6bc-464f-a258-69aed623a50d None None] Ext name="Network MTU (writable)" alias="net-mtu-writable" description="Provides a writable MTU attribute for a network resource." updated="2017-07-12T00:00:00-00:00" {{(pid=103195) _check_extension /opt/stack/neutron/neutron/api/extensions.py:415}}
May 07 03:35:18.329646 np0000172412 devstack@neutron-api.service[103196]: DEBUG neutron.services.provider_configuration [None req-97b472c7-cbde-4696-ab56-dd33cc4901cc None None] Service providers = [] {{(pid=103196) parse_service_provider_opt /opt/stack/neutron/neutron/services/provider_configuration.py:170}}
May 07 03:35:18.329767 np0000172412 devstack@neutron-api.service[103195]: INFO neutron.api.extensions [None req-24f05c1c-e6bc-464f-a258-69aed623a50d None None] Loaded extension: net-mtu-writable
May 07 03:35:18.329810 np0000172412 devstack@neutron-api.service[103196]: DEBUG neutron.db.servicetype_db [None req-97b472c7-cbde-4696-ab56-dd33cc4901cc None None] Adding provider configuration for service L3_ROUTER_NAT {{(pid=103196) add_provider_configuration /opt/stack/neutron/neutron/db/servicetype_db.py:42}}
May 07 03:35:18.329941 np0000172412 devstack@neutron-api.service[103195]: DEBUG neutron.api.extensions [None req-24f05c1c-e6bc-464f-a258-69aed623a50d None None] Loading extension file: network_availability_zone.py {{(pid=103195) _load_all_extensions_from_path /opt/stack/neutron/neutron/api/extensions.py:449}}
May 07 03:35:18.330297 np0000172412 devstack@neutron-api.service[103195]: DEBUG neutron.api.extensions [None req-24f05c1c-e6bc-464f-a258-69aed623a50d None None] Ext name="Network Availability Zone" alias="network_availability_zone" description="Availability zone support for network." updated="2015-01-01T10:00:00-00:00" {{(pid=103195) _check_extension /opt/stack/neutron/neutron/api/extensions.py:415}}
May 07 03:35:18.330472 np0000172412 devstack@neutron-api.service[103195]: INFO neutron.api.extensions [None req-24f05c1c-e6bc-464f-a258-69aed623a50d None None] Loaded extension: network_availability_zone
May 07 03:35:18.330521 np0000172412 devstack@neutron-api.service[103195]: DEBUG neutron.api.extensions [None req-24f05c1c-e6bc-464f-a258-69aed623a50d None None] Loading extension file: network_ha.py {{(pid=103195) _load_all_extensions_from_path /opt/stack/neutron/neutron/api/extensions.py:449}}
May 07 03:35:18.330829 np0000172412 devstack@neutron-api.service[103195]: DEBUG neutron.api.extensions [None req-24f05c1c-e6bc-464f-a258-69aed623a50d None None] Ext name="Network HA creation flag" alias="network_ha" description="Network high availability creation flag." updated="2023-04-27T10:00:00-00:00" {{(pid=103195) _check_extension /opt/stack/neutron/neutron/api/extensions.py:415}}
May 07 03:35:18.331078 np0000172412 devstack@neutron-api.service[103195]: INFO neutron.api.extensions [None req-24f05c1c-e6bc-464f-a258-69aed623a50d None None] Extension network_ha not supported by any of loaded plugins
May 07 03:35:18.331187 np0000172412 devstack@neutron-api.service[103195]: DEBUG neutron.api.extensions [None req-24f05c1c-e6bc-464f-a258-69aed623a50d None None] Loading extension file: network_ip_availability.py {{(pid=103195) _load_all_extensions_from_path /opt/stack/neutron/neutron/api/extensions.py:449}}
May 07 03:35:18.331381 np0000172412 devstack@neutron-api.service[103196]: DEBUG neutron_lib.callbacks.manager [None req-97b472c7-cbde-4696-ab56-dd33cc4901cc None None] Subscribe: > router precommit_create 55549900, False {{(pid=103196) subscribe /opt/stack/data/venv/lib/python3.12/site-packages/neutron_lib/callbacks/manager.py:52}}
May 07 03:35:18.331536 np0000172412 devstack@neutron-api.service[103195]: DEBUG neutron.api.extensions [None req-24f05c1c-e6bc-464f-a258-69aed623a50d None None] Ext name="Network IP Availability" alias="network-ip-availability" description="Provides IP availability data for each network and subnet." updated="2015-09-24T00:00:00-00:00" {{(pid=103195) _check_extension /opt/stack/neutron/neutron/api/extensions.py:415}}
May 07 03:35:18.331566 np0000172412 devstack@neutron-api.service[103196]: DEBUG neutron_lib.callbacks.manager [None req-97b472c7-cbde-4696-ab56-dd33cc4901cc None None] Subscribe: > router_interface after_create 55550000, False {{(pid=103196) subscribe /opt/stack/data/venv/lib/python3.12/site-packages/neutron_lib/callbacks/manager.py:52}}
May 07 03:35:18.331699 np0000172412 devstack@neutron-api.service[103196]: DEBUG neutron_lib.callbacks.manager [None req-97b472c7-cbde-4696-ab56-dd33cc4901cc None None] Subscribe: > floatingip after_create 55550000, False {{(pid=103196) subscribe /opt/stack/data/venv/lib/python3.12/site-packages/neutron_lib/callbacks/manager.py:52}}
May 07 03:35:18.331786 np0000172412 devstack@neutron-api.service[103195]: INFO neutron.api.extensions [None req-24f05c1c-e6bc-464f-a258-69aed623a50d None None] Loaded extension: network-ip-availability
May 07 03:35:18.331812 np0000172412 devstack@neutron-api.service[103196]: DEBUG neutron_lib.callbacks.manager [None req-97b472c7-cbde-4696-ab56-dd33cc4901cc None None] Subscribe: > floatingip precommit_create 55550000, False {{(pid=103196) subscribe /opt/stack/data/venv/lib/python3.12/site-packages/neutron_lib/callbacks/manager.py:52}}
May 07 03:35:18.331877 np0000172412 devstack@neutron-api.service[103195]: DEBUG neutron.api.extensions [None req-24f05c1c-e6bc-464f-a258-69aed623a50d None None] Loading extension file: network_ip_availability_details.py {{(pid=103195) _load_all_extensions_from_path /opt/stack/neutron/neutron/api/extensions.py:449}}
May 07 03:35:18.331913 np0000172412 devstack@neutron-api.service[103196]: DEBUG neutron_lib.callbacks.manager [None req-97b472c7-cbde-4696-ab56-dd33cc4901cc None None] Subscribe: > floatingip precommit_update 55550000, False {{(pid=103196) subscribe /opt/stack/data/venv/lib/python3.12/site-packages/neutron_lib/callbacks/manager.py:52}}
May 07 03:35:18.332002 np0000172412 devstack@neutron-api.service[103196]: DEBUG neutron_lib.callbacks.manager [None req-97b472c7-cbde-4696-ab56-dd33cc4901cc None None] Subscribe: > floatingip after_delete 55550000, False {{(pid=103196) subscribe /opt/stack/data/venv/lib/python3.12/site-packages/neutron_lib/callbacks/manager.py:52}}
May 07 03:35:18.332132 np0000172412 devstack@neutron-api.service[103195]: DEBUG neutron.api.extensions [None req-24f05c1c-e6bc-464f-a258-69aed623a50d None None] Ext name="Network IP Availability Details Extension" alias="network-ip-availability-details" description="Add ip_availability_details attribute to network-ip-availabilities resource." updated="2025-10-31T00:00:00-00:00" {{(pid=103195) _check_extension /opt/stack/neutron/neutron/api/extensions.py:415}}
May 07 03:35:18.332166 np0000172412 devstack@neutron-api.service[103196]: DEBUG neutron_lib.callbacks.manager [None req-97b472c7-cbde-4696-ab56-dd33cc4901cc None None] Subscribe: > floatingip after_status_update 55550000, False {{(pid=103196) subscribe /opt/stack/data/venv/lib/python3.12/site-packages/neutron_lib/callbacks/manager.py:52}}
May 07 03:35:18.332284 np0000172412 devstack@neutron-api.service[103196]: DEBUG neutron_lib.callbacks.manager [None req-97b472c7-cbde-4696-ab56-dd33cc4901cc None None] Subscribe: > floatingip after_update 55550000, False {{(pid=103196) subscribe /opt/stack/data/venv/lib/python3.12/site-packages/neutron_lib/callbacks/manager.py:52}}
May 07 03:35:18.332360 np0000172412 devstack@neutron-api.service[103195]: INFO neutron.api.extensions [None req-24f05c1c-e6bc-464f-a258-69aed623a50d None None] Loaded extension: network-ip-availability-details
May 07 03:35:18.332389 np0000172412 devstack@neutron-api.service[103196]: DEBUG neutron_lib.callbacks.manager [None req-97b472c7-cbde-4696-ab56-dd33cc4901cc None None] Subscribe: > port_forwarding after_create 55550000, False {{(pid=103196) subscribe /opt/stack/data/venv/lib/python3.12/site-packages/neutron_lib/callbacks/manager.py:52}}
May 07 03:35:18.332445 np0000172412 devstack@neutron-api.service[103195]: DEBUG neutron.api.extensions [None req-24f05c1c-e6bc-464f-a258-69aed623a50d None None] Loading extension file: network_segment_range.py {{(pid=103195) _load_all_extensions_from_path /opt/stack/neutron/neutron/api/extensions.py:449}}
May 07 03:35:18.332500 np0000172412 devstack@neutron-api.service[103196]: DEBUG neutron_lib.callbacks.manager [None req-97b472c7-cbde-4696-ab56-dd33cc4901cc None None] Subscribe: > router_interface after_delete 55550000, False {{(pid=103196) subscribe /opt/stack/data/venv/lib/python3.12/site-packages/neutron_lib/callbacks/manager.py:52}}
May 07 03:35:18.332617 np0000172412 devstack@neutron-api.service[103196]: DEBUG neutron_lib.callbacks.manager [None req-97b472c7-cbde-4696-ab56-dd33cc4901cc None None] Subscribe: > router after_create 55550000, False {{(pid=103196) subscribe /opt/stack/data/venv/lib/python3.12/site-packages/neutron_lib/callbacks/manager.py:52}}
May 07 03:35:18.332763 np0000172412 devstack@neutron-api.service[103196]: DEBUG neutron_lib.callbacks.manager [None req-97b472c7-cbde-4696-ab56-dd33cc4901cc None None] Subscribe: > router precommit_create 55550000, False {{(pid=103196) subscribe /opt/stack/data/venv/lib/python3.12/site-packages/neutron_lib/callbacks/manager.py:52}}
May 07 03:35:18.332850 np0000172412 devstack@neutron-api.service[103195]: DEBUG neutron.api.extensions [None req-24f05c1c-e6bc-464f-a258-69aed623a50d None None] Ext name="Neutron Network Segment Range" alias="network-segment-range" description="Provides support for the network segment range management" updated="2018-11-29T00:00:00-00:00" {{(pid=103195) _check_extension /opt/stack/neutron/neutron/api/extensions.py:415}}
May 07 03:35:18.332878 np0000172412 devstack@neutron-api.service[103196]: DEBUG neutron_lib.callbacks.manager [None req-97b472c7-cbde-4696-ab56-dd33cc4901cc None None] Subscribe: > router after_delete 55550000, False {{(pid=103196) subscribe /opt/stack/data/venv/lib/python3.12/site-packages/neutron_lib/callbacks/manager.py:52}}
May 07 03:35:18.332933 np0000172412 devstack@neutron-api.service[103196]: DEBUG neutron_lib.callbacks.manager [None req-97b472c7-cbde-4696-ab56-dd33cc4901cc None None] Subscribe: > router after_update 55550000, False {{(pid=103196) subscribe /opt/stack/data/venv/lib/python3.12/site-packages/neutron_lib/callbacks/manager.py:52}}
May 07 03:35:18.333019 np0000172412 devstack@neutron-api.service[103195]: INFO neutron.api.extensions [None req-24f05c1c-e6bc-464f-a258-69aed623a50d None None] Extension network-segment-range not supported by any of loaded plugins
May 07 03:35:18.333049 np0000172412 devstack@neutron-api.service[103196]: DEBUG neutron.services.service_base [None req-97b472c7-cbde-4696-ab56-dd33cc4901cc None None] Loaded 'neutron.services.ovn_l3.service_providers.ovn.OvnDriver' provider for service L3_ROUTER_NAT {{(pid=103196) load_drivers /opt/stack/neutron/neutron/services/service_base.py:49}}
May 07 03:35:18.333085 np0000172412 devstack@neutron-api.service[103195]: DEBUG neutron.api.extensions [None req-24f05c1c-e6bc-464f-a258-69aed623a50d None None] Loading extension file: pagination.py {{(pid=103195) _load_all_extensions_from_path /opt/stack/neutron/neutron/api/extensions.py:449}}
May 07 03:35:18.333193 np0000172412 devstack@neutron-api.service[103196]: DEBUG neutron_lib.callbacks.manager [None req-97b472c7-cbde-4696-ab56-dd33cc4901cc None None] Subscribe: > process after_init 55550001, True {{(pid=103196) subscribe /opt/stack/data/venv/lib/python3.12/site-packages/neutron_lib/callbacks/manager.py:52}}
May 07 03:35:18.333343 np0000172412 devstack@neutron-api.service[103195]: DEBUG neutron.api.extensions [None req-24f05c1c-e6bc-464f-a258-69aed623a50d None None] Ext name="Pagination support" alias="pagination" description="Extension that indicates that pagination is enabled." updated="2016-06-12T00:00:00-00:00" {{(pid=103195) _check_extension /opt/stack/neutron/neutron/api/extensions.py:415}}
May 07 03:35:18.333910 np0000172412 devstack@neutron-api.service[103196]: DEBUG neutron.manager [None req-97b472c7-cbde-4696-ab56-dd33cc4901cc None None] Successfully loaded L3_ROUTER_NAT plugin. Description: L3 Router Service Plugin for basic L3 forwarding using OVN {{(pid=103196) _create_and_add_service_plugin /opt/stack/neutron/neutron/manager.py:239}}
May 07 03:35:18.333910 np0000172412 devstack@neutron-api.service[103196]: INFO neutron.manager [None req-97b472c7-cbde-4696-ab56-dd33cc4901cc None None] Loading Plugin: auto_allocate
May 07 03:35:18.334413 np0000172412 devstack@neutron-api.service[103195]: INFO neutron.api.extensions [None req-24f05c1c-e6bc-464f-a258-69aed623a50d None None] Loaded extension: pagination
May 07 03:35:18.334413 np0000172412 devstack@neutron-api.service[103195]: DEBUG neutron.api.extensions [None req-24f05c1c-e6bc-464f-a258-69aed623a50d None None] Loading extension file: port_device_profile.py {{(pid=103195) _load_all_extensions_from_path /opt/stack/neutron/neutron/api/extensions.py:449}}
May 07 03:35:18.334413 np0000172412 devstack@neutron-api.service[103195]: DEBUG neutron.api.extensions [None req-24f05c1c-e6bc-464f-a258-69aed623a50d None None] Ext name="Port device profile" alias="port-device-profile" description="Expose the port device profile (Cyborg)" updated="2020-12-17T10:00:00-00:00" {{(pid=103195) _check_extension /opt/stack/neutron/neutron/api/extensions.py:415}}
May 07 03:35:18.334413 np0000172412 devstack@neutron-api.service[103195]: INFO neutron.api.extensions [None req-24f05c1c-e6bc-464f-a258-69aed623a50d None None] Loaded extension: port-device-profile
May 07 03:35:18.334413 np0000172412 devstack@neutron-api.service[103195]: DEBUG neutron.api.extensions [None req-24f05c1c-e6bc-464f-a258-69aed623a50d None None] Loading extension file: port_hardware_offload_type.py {{(pid=103195) _load_all_extensions_from_path /opt/stack/neutron/neutron/api/extensions.py:449}}
May 07 03:35:18.334413 np0000172412 devstack@neutron-api.service[103195]: DEBUG neutron.api.extensions [None req-24f05c1c-e6bc-464f-a258-69aed623a50d None None] Ext name="Port hardware offload" alias="port-hardware-offload-type" description="Expose port hardware offload extension" updated="2023-05-09T10:00:00-00:00" {{(pid=103195) _check_extension /opt/stack/neutron/neutron/api/extensions.py:415}}
May 07 03:35:18.335050 np0000172412 devstack@neutron-api.service[103196]: DEBUG neutron_lib.callbacks.manager [None req-97b472c7-cbde-4696-ab56-dd33cc4901cc None None] Subscribe: network precommit_update 55550000, False {{(pid=103196) subscribe /opt/stack/data/venv/lib/python3.12/site-packages/neutron_lib/callbacks/manager.py:52}}
May 07 03:35:18.335279 np0000172412 devstack@neutron-api.service[103195]: INFO neutron.api.extensions [None req-24f05c1c-e6bc-464f-a258-69aed623a50d None None] Extension port-hardware-offload-type not supported by any of loaded plugins
May 07 03:35:18.335402 np0000172412 devstack@neutron-api.service[103196]: DEBUG neutron_lib.callbacks.manager [None req-97b472c7-cbde-4696-ab56-dd33cc4901cc None None] Subscribe: network precommit_create 55550000, False {{(pid=103196) subscribe /opt/stack/data/venv/lib/python3.12/site-packages/neutron_lib/callbacks/manager.py:52}}
May 07 03:35:18.335486 np0000172412 devstack@neutron-api.service[103195]: DEBUG neutron.api.extensions [None req-24f05c1c-e6bc-464f-a258-69aed623a50d None None] Loading extension file: port_hint_ovs_tx_steering.py {{(pid=103195) _load_all_extensions_from_path /opt/stack/neutron/neutron/api/extensions.py:449}}
May 07 03:35:18.335549 np0000172412 devstack@neutron-api.service[103196]: DEBUG neutron.manager [None req-97b472c7-cbde-4696-ab56-dd33cc4901cc None None] Successfully loaded auto-allocated-topology plugin. Description: Auto Allocated Topology - aka get me a network. {{(pid=103196) _create_and_add_service_plugin /opt/stack/neutron/neutron/manager.py:239}}
May 07 03:35:18.335549 np0000172412 devstack@neutron-api.service[103196]: INFO neutron.manager [None req-97b472c7-cbde-4696-ab56-dd33cc4901cc None None] Loading Plugin: tag
May 07 03:35:18.335635 np0000172412 devstack@neutron-api.service[103195]: DEBUG neutron.api.extensions [None req-24f05c1c-e6bc-464f-a258-69aed623a50d None None] Ext name="Port hint: Open vSwitch Tx steering" alias="port-hint-ovs-tx-steering" description="Enable Port hint: Open vSwitch Tx steering" updated="2023-01-01T00:00:00-00:00" {{(pid=103195) _check_extension /opt/stack/neutron/neutron/api/extensions.py:415}}
May 07 03:35:18.335635 np0000172412 devstack@neutron-api.service[103195]: INFO neutron.api.extensions [None req-24f05c1c-e6bc-464f-a258-69aed623a50d None None] Extension port-hint-ovs-tx-steering not supported by any of loaded plugins
May 07 03:35:18.335635 np0000172412 devstack@neutron-api.service[103195]: DEBUG neutron.api.extensions [None req-24f05c1c-e6bc-464f-a258-69aed623a50d None None] Loading extension file: port_hints.py {{(pid=103195) _load_all_extensions_from_path /opt/stack/neutron/neutron/api/extensions.py:449}}
May 07 03:35:18.335635 np0000172412 devstack@neutron-api.service[103195]: DEBUG neutron.api.extensions [None req-24f05c1c-e6bc-464f-a258-69aed623a50d None None] Ext name="Port hints" alias="port-hints" description="Backend specific port hints to allow backend specific tuning" updated="2023-01-01T00:00:00-00:00" {{(pid=103195) _check_extension /opt/stack/neutron/neutron/api/extensions.py:415}}
May 07 03:35:18.335907 np0000172412 devstack@neutron-api.service[103195]: INFO neutron.api.extensions [None req-24f05c1c-e6bc-464f-a258-69aed623a50d None None] Extension port-hints not supported by any of loaded plugins
