May 27 06:07:06.324002 np0000176833 devstack@neutron-api.service[103325]: INFO neutron.manager [None req-40f7afae-9f50-437e-8a1c-a88c09f6d17d None None] Loading Plugin: auto_allocate
May 27 06:07:06.324511 np0000176833 devstack@neutron-api.service[103323]: DEBUG neutron.plugins.ml2.plugin [None req-451299a0-e79e-4cfd-9ee2-782efe181b24 None None] neutron.plugins.ml2.plugin.Ml2Plugin method _start_rpc_notifiers called with arguments () {} {{(pid=103323) wrapper /opt/stack/data/venv/lib/python3.12/site-packages/oslo_log/helpers.py:77}}
May 27 06:07:06.324601 np0000176833 devstack@neutron-api.service[103325]: DEBUG neutron_lib.callbacks.manager [None req-40f7afae-9f50-437e-8a1c-a88c09f6d17d None None] Subscribe: network precommit_update 55550000, False {{(pid=103325) subscribe /opt/stack/data/venv/lib/python3.12/site-packages/neutron_lib/callbacks/manager.py:52}}
May 27 06:07:06.324818 np0000176833 devstack@neutron-api.service[103325]: DEBUG neutron_lib.callbacks.manager [None req-40f7afae-9f50-437e-8a1c-a88c09f6d17d None None] Subscribe: network precommit_create 55550000, False {{(pid=103325) subscribe /opt/stack/data/venv/lib/python3.12/site-packages/neutron_lib/callbacks/manager.py:52}}
May 27 06:07:06.324848 np0000176833 devstack@neutron-api.service[103323]: DEBUG neutron_lib.callbacks.manager [None req-451299a0-e79e-4cfd-9ee2-782efe181b24 None None] Subscribe: > port after_create 55550000, False {{(pid=103323) subscribe /opt/stack/data/venv/lib/python3.12/site-packages/neutron_lib/callbacks/manager.py:52}}
May 27 06:07:06.324896 np0000176833 devstack@neutron-api.service[103325]: DEBUG neutron.manager [None req-40f7afae-9f50-437e-8a1c-a88c09f6d17d None None] Successfully loaded auto-allocated-topology plugin. Description: Auto Allocated Topology - aka get me a network. {{(pid=103325) _create_and_add_service_plugin /opt/stack/neutron/neutron/manager.py:239}}
May 27 06:07:06.324924 np0000176833 devstack@neutron-api.service[103323]: DEBUG neutron_lib.callbacks.manager [None req-451299a0-e79e-4cfd-9ee2-782efe181b24 None None] Subscribe: > port after_update 55550000, False {{(pid=103323) subscribe /opt/stack/data/venv/lib/python3.12/site-packages/neutron_lib/callbacks/manager.py:52}}
May 27 06:07:06.324977 np0000176833 devstack@neutron-api.service[103325]: INFO neutron.manager [None req-40f7afae-9f50-437e-8a1c-a88c09f6d17d None None] Loading Plugin: tag
May 27 06:07:06.325007 np0000176833 devstack@neutron-api.service[103323]: DEBUG neutron_lib.callbacks.manager [None req-451299a0-e79e-4cfd-9ee2-782efe181b24 None None] Subscribe: > port after_delete 55550000, False {{(pid=103323) subscribe /opt/stack/data/venv/lib/python3.12/site-packages/neutron_lib/callbacks/manager.py:52}}
May 27 06:07:06.325204 np0000176833 devstack@neutron-api.service[103323]: DEBUG neutron_lib.callbacks.manager [None req-451299a0-e79e-4cfd-9ee2-782efe181b24 None None] Subscribe: > subnet after_create 55550000, False {{(pid=103323) subscribe /opt/stack/data/venv/lib/python3.12/site-packages/neutron_lib/callbacks/manager.py:52}}
May 27 06:07:06.325204 np0000176833 devstack@neutron-api.service[103323]: DEBUG neutron_lib.callbacks.manager [None req-451299a0-e79e-4cfd-9ee2-782efe181b24 None None] Subscribe: > subnet after_update 55550000, False {{(pid=103323) subscribe /opt/stack/data/venv/lib/python3.12/site-packages/neutron_lib/callbacks/manager.py:52}}
May 27 06:07:06.325425 np0000176833 devstack@neutron-api.service[103323]: DEBUG neutron_lib.callbacks.manager [None req-451299a0-e79e-4cfd-9ee2-782efe181b24 None None] Subscribe: > subnet after_delete 55550000, False {{(pid=103323) subscribe /opt/stack/data/venv/lib/python3.12/site-packages/neutron_lib/callbacks/manager.py:52}}
May 27 06:07:06.325425 np0000176833 devstack@neutron-api.service[103323]: DEBUG neutron_lib.callbacks.manager [None req-451299a0-e79e-4cfd-9ee2-782efe181b24 None None] Subscribe: > network after_create 55550000, False {{(pid=103323) subscribe /opt/stack/data/venv/lib/python3.12/site-packages/neutron_lib/callbacks/manager.py:52}}
May 27 06:07:06.325653 np0000176833 devstack@neutron-api.service[103323]: DEBUG neutron_lib.callbacks.manager [None req-451299a0-e79e-4cfd-9ee2-782efe181b24 None None] Subscribe: > network after_update 55550000, False {{(pid=103323) subscribe /opt/stack/data/venv/lib/python3.12/site-packages/neutron_lib/callbacks/manager.py:52}}
May 27 06:07:06.325653 np0000176833 devstack@neutron-api.service[103323]: DEBUG neutron_lib.callbacks.manager [None req-451299a0-e79e-4cfd-9ee2-782efe181b24 None None] Subscribe: > network after_delete 55550000, False {{(pid=103323) subscribe /opt/stack/data/venv/lib/python3.12/site-packages/neutron_lib/callbacks/manager.py:52}}
May 27 06:07:06.325764 np0000176833 devstack@neutron-api.service[103323]: DEBUG neutron_lib.callbacks.manager [None req-451299a0-e79e-4cfd-9ee2-782efe181b24 None None] Subscribe: > security_group after_create 55550000, False {{(pid=103323) subscribe /opt/stack/data/venv/lib/python3.12/site-packages/neutron_lib/callbacks/manager.py:52}}
May 27 06:07:06.325813 np0000176833 devstack@neutron-api.service[103323]: DEBUG neutron_lib.callbacks.manager [None req-451299a0-e79e-4cfd-9ee2-782efe181b24 None None] Subscribe: > security_group after_update 55550000, False {{(pid=103323) subscribe /opt/stack/data/venv/lib/python3.12/site-packages/neutron_lib/callbacks/manager.py:52}}
May 27 06:07:06.325869 np0000176833 devstack@neutron-api.service[103323]: DEBUG neutron_lib.callbacks.manager [None req-451299a0-e79e-4cfd-9ee2-782efe181b24 None None] Subscribe: > security_group after_delete 55550000, False {{(pid=103323) subscribe /opt/stack/data/venv/lib/python3.12/site-packages/neutron_lib/callbacks/manager.py:52}}
May 27 06:07:06.326133 np0000176833 devstack@neutron-api.service[103323]: DEBUG neutron_lib.callbacks.manager [None req-451299a0-e79e-4cfd-9ee2-782efe181b24 None None] Subscribe: > security_group_rule after_create 55550000, False {{(pid=103323) subscribe /opt/stack/data/venv/lib/python3.12/site-packages/neutron_lib/callbacks/manager.py:52}}
May 27 06:07:06.326133 np0000176833 devstack@neutron-api.service[103323]: DEBUG neutron_lib.callbacks.manager [None req-451299a0-e79e-4cfd-9ee2-782efe181b24 None None] Subscribe: > security_group_rule after_update 55550000, False {{(pid=103323) subscribe /opt/stack/data/venv/lib/python3.12/site-packages/neutron_lib/callbacks/manager.py:52}}
May 27 06:07:06.326364 np0000176833 devstack@neutron-api.service[103323]: DEBUG neutron_lib.callbacks.manager [None req-451299a0-e79e-4cfd-9ee2-782efe181b24 None None] Subscribe: > security_group_rule after_delete 55550000, False {{(pid=103323) subscribe /opt/stack/data/venv/lib/python3.12/site-packages/neutron_lib/callbacks/manager.py:52}}
May 27 06:07:06.326364 np0000176833 devstack@neutron-api.service[103323]: DEBUG neutron_lib.callbacks.manager [None req-451299a0-e79e-4cfd-9ee2-782efe181b24 None None] Subscribe: > address_group after_create 55550000, False {{(pid=103323) subscribe /opt/stack/data/venv/lib/python3.12/site-packages/neutron_lib/callbacks/manager.py:52}}
May 27 06:07:06.326364 np0000176833 devstack@neutron-api.service[103323]: DEBUG neutron_lib.callbacks.manager [None req-451299a0-e79e-4cfd-9ee2-782efe181b24 None None] Subscribe: > address_group after_update 55550000, False {{(pid=103323) subscribe /opt/stack/data/venv/lib/python3.12/site-packages/neutron_lib/callbacks/manager.py:52}}
May 27 06:07:06.326788 np0000176833 devstack@neutron-api.service[103323]: DEBUG neutron_lib.callbacks.manager [None req-451299a0-e79e-4cfd-9ee2-782efe181b24 None None] Subscribe: > address_group after_delete 55550000, False {{(pid=103323) subscribe /opt/stack/data/venv/lib/python3.12/site-packages/neutron_lib/callbacks/manager.py:52}}
May 27 06:07:06.326788 np0000176833 devstack@neutron-api.service[103323]: DEBUG neutron.plugins.ml2.ovo_rpc [None req-451299a0-e79e-4cfd-9ee2-782efe181b24 None None] ML2 OVO RPC backend initialized. {{(pid=103323) __init__ /opt/stack/neutron/neutron/plugins/ml2/ovo_rpc.py:117}}
May 27 06:07:06.327418 np0000176833 devstack@neutron-api.service[103323]: INFO neutron.quota [None req-451299a0-e79e-4cfd-9ee2-782efe181b24 None None] Loaded quota_driver: .
May 27 06:07:06.327585 np0000176833 devstack@neutron-api.service[103323]: INFO neutron.plugins.ml2.plugin [None req-451299a0-e79e-4cfd-9ee2-782efe181b24 None None] Modular L2 Plugin initialization complete
May 27 06:07:06.327648 np0000176833 devstack@neutron-api.service[103325]: DEBUG neutron.manager [None req-40f7afae-9f50-437e-8a1c-a88c09f6d17d None None] Successfully loaded TAG plugin. Description: Tag support {{(pid=103325) _create_and_add_service_plugin /opt/stack/neutron/neutron/manager.py:239}}
May 27 06:07:06.327790 np0000176833 devstack@neutron-api.service[103323]: DEBUG neutron.manager [None req-451299a0-e79e-4cfd-9ee2-782efe181b24 None None] Loading services supported by the core plugin {{(pid=103323) _load_services_from_core_plugin /opt/stack/neutron/neutron/manager.py:170}}
May 27 06:07:06.327910 np0000176833 devstack@neutron-api.service[103325]: INFO neutron.manager [None req-40f7afae-9f50-437e-8a1c-a88c09f6d17d None None] Loading Plugin: timestamp
May 27 06:07:06.327937 np0000176833 devstack@neutron-api.service[103323]: INFO neutron.plugins.ml2.managers [None req-451299a0-e79e-4cfd-9ee2-782efe181b24 None None] Got port-security extension from driver 'port_security'
May 27 06:07:06.328237 np0000176833 devstack@neutron-api.service[103323]: DEBUG neutron.manager [None req-451299a0-e79e-4cfd-9ee2-782efe181b24 None None] Loading service plugins: ['ovn-router', 'auto_allocate', 'tag', 'timestamp', 'network_ip_availability', 'flavors', 'revisions'] {{(pid=103323) _load_service_plugins /opt/stack/neutron/neutron/manager.py:195}}
May 27 06:07:06.328237 np0000176833 devstack@neutron-api.service[103323]: INFO neutron.manager [None req-451299a0-e79e-4cfd-9ee2-782efe181b24 None None] Loading Plugin: ovn-router
May 27 06:07:06.328863 np0000176833 devstack@neutron-api.service[103325]: DEBUG neutron.manager [None req-40f7afae-9f50-437e-8a1c-a88c09f6d17d None None] Successfully loaded timestamp plugin. Description: Adds timestamps to Neutron resources with standard attributes {{(pid=103325) _create_and_add_service_plugin /opt/stack/neutron/neutron/manager.py:239}}
May 27 06:07:06.328983 np0000176833 devstack@neutron-api.service[103325]: INFO neutron.manager [None req-40f7afae-9f50-437e-8a1c-a88c09f6d17d None None] Loading Plugin: network_ip_availability
May 27 06:07:06.330452 np0000176833 devstack@neutron-api.service[103325]: DEBUG neutron.manager [None req-40f7afae-9f50-437e-8a1c-a88c09f6d17d None None] Successfully loaded network-ip-availability plugin. Description: Provides IP availability data for each network and subnet. {{(pid=103325) _create_and_add_service_plugin /opt/stack/neutron/neutron/manager.py:239}}
May 27 06:07:06.330452 np0000176833 devstack@neutron-api.service[103325]: INFO neutron.manager [None req-40f7afae-9f50-437e-8a1c-a88c09f6d17d None None] Loading Plugin: flavors
May 27 06:07:06.331325 np0000176833 devstack@neutron-api.service[103325]: DEBUG neutron.manager [None req-40f7afae-9f50-437e-8a1c-a88c09f6d17d None None] Successfully loaded FLAVORS plugin. Description: Neutron Flavors and Service Profiles manager plugin {{(pid=103325) _create_and_add_service_plugin /opt/stack/neutron/neutron/manager.py:239}}
May 27 06:07:06.331376 np0000176833 devstack@neutron-api.service[103325]: INFO neutron.manager [None req-40f7afae-9f50-437e-8a1c-a88c09f6d17d None None] Loading Plugin: revisions
May 27 06:07:06.332395 np0000176833 devstack@neutron-api.service[103325]: DEBUG neutron.manager [None req-40f7afae-9f50-437e-8a1c-a88c09f6d17d None None] Successfully loaded revision_plugin plugin. Description: Adds revision numbers to resources. {{(pid=103325) _create_and_add_service_plugin /opt/stack/neutron/neutron/manager.py:239}}
May 27 06:07:06.332618 np0000176833 devstack@neutron-api.service[103325]: DEBUG oslo_concurrency.lockutils [None req-40f7afae-9f50-437e-8a1c-a88c09f6d17d None None] Lock "manager" "released" by "neutron.manager.NeutronManager._create_instance" :: held 4.552s {{(pid=103325) inner /opt/stack/data/venv/lib/python3.12/site-packages/oslo_concurrency/lockutils.py:543}}
May 27 06:07:06.332720 np0000176833 devstack@neutron-api.service[103325]: DEBUG neutron.api.extensions [None req-40f7afae-9f50-437e-8a1c-a88c09f6d17d None None] get_extension_paths = OrderedDict({'/opt/stack/neutron/neutron/extensions': 1}) {{(pid=103325) get_extensions_path /opt/stack/neutron/neutron/api/extensions.py:640}}
May 27 06:07:06.332879 np0000176833 devstack@neutron-api.service[103325]: INFO neutron.api.extensions [None req-40f7afae-9f50-437e-8a1c-a88c09f6d17d None None] Initializing extension manager.
May 27 06:07:06.333060 np0000176833 devstack@neutron-api.service[103325]: DEBUG neutron.api.extensions [None req-40f7afae-9f50-437e-8a1c-a88c09f6d17d None None] Loading extension file: __init__.py {{(pid=103325) _load_all_extensions_from_path /opt/stack/neutron/neutron/api/extensions.py:449}}
May 27 06:07:06.333191 np0000176833 devstack@neutron-api.service[103325]: DEBUG neutron.api.extensions [None req-40f7afae-9f50-437e-8a1c-a88c09f6d17d None None] Loading extension file: __pycache__ {{(pid=103325) _load_all_extensions_from_path /opt/stack/neutron/neutron/api/extensions.py:449}}
May 27 06:07:06.333243 np0000176833 devstack@neutron-api.service[103325]: DEBUG neutron.api.extensions [None req-40f7afae-9f50-437e-8a1c-a88c09f6d17d None None] Loading extension file: aap_reject_multicast.py {{(pid=103325) _load_all_extensions_from_path /opt/stack/neutron/neutron/api/extensions.py:449}}
May 27 06:07:06.333492 np0000176833 devstack@neutron-api.service[103325]: DEBUG neutron.api.extensions [None req-40f7afae-9f50-437e-8a1c-a88c09f6d17d None None] Ext name="Allowed address pairs reject multicast extension" alias="aap-reject-multicast" description="Reject multicast addresses in Allowed Address Pairs" updated="2026-04-01T00:00:00-00:00" {{(pid=103325) _check_extension /opt/stack/neutron/neutron/api/extensions.py:415}}
May 27 06:07:06.333519 np0000176833 devstack@neutron-api.service[103327]: INFO neutron.plugins.ml2.drivers.type_vlan [None req-c51b2d35-7d75-402b-9e6b-7a248c519d83 None None] VlanTypeDriver initialization complete
May 27 06:07:06.333718 np0000176833 devstack@neutron-api.service[103327]: INFO neutron.plugins.ml2.managers [None req-c51b2d35-7d75-402b-9e6b-7a248c519d83 None None] Initializing extension driver 'port_security'
May 27 06:07:06.333820 np0000176833 devstack@neutron-api.service[103325]: INFO neutron.api.extensions [None req-40f7afae-9f50-437e-8a1c-a88c09f6d17d None None] Extension aap-reject-multicast not supported by any of loaded plugins
May 27 06:07:06.333868 np0000176833 devstack@neutron-api.service[103327]: INFO neutron.plugins.ml2.extensions.port_security [None req-c51b2d35-7d75-402b-9e6b-7a248c519d83 None None] PortSecurityExtensionDriver initialization complete
May 27 06:07:06.333919 np0000176833 devstack@neutron-api.service[103325]: DEBUG neutron.api.extensions [None req-40f7afae-9f50-437e-8a1c-a88c09f6d17d None None] Loading extension file: address_group.py {{(pid=103325) _load_all_extensions_from_path /opt/stack/neutron/neutron/api/extensions.py:449}}
May 27 06:07:06.333943 np0000176833 devstack@neutron-api.service[103327]: INFO neutron.plugins.ml2.managers [None req-c51b2d35-7d75-402b-9e6b-7a248c519d83 None None] Initializing extension driver 'qos'
May 27 06:07:06.333943 np0000176833 devstack@neutron-api.service[103327]: DEBUG neutron.plugins.ml2.extensions.qos [None req-c51b2d35-7d75-402b-9e6b-7a248c519d83 None None] QosExtensionDriver initialization complete {{(pid=103327) initialize /opt/stack/neutron/neutron/plugins/ml2/extensions/qos.py:31}}
May 27 06:07:06.334257 np0000176833 devstack@neutron-api.service[103327]: INFO neutron.plugins.ml2.managers [None req-c51b2d35-7d75-402b-9e6b-7a248c519d83 None None] Initializing mechanism driver 'ovn'
May 27 06:07:06.334441 np0000176833 devstack@neutron-api.service[103325]: DEBUG neutron.api.extensions [None req-40f7afae-9f50-437e-8a1c-a88c09f6d17d None None] Ext name="Address group" alias="address-group" description="Support address group" updated="2020-07-15T10:00:00-00:00" {{(pid=103325) _check_extension /opt/stack/neutron/neutron/api/extensions.py:415}}
May 27 06:07:06.334622 np0000176833 devstack@neutron-api.service[103327]: INFO neutron.plugins.ml2.drivers.ovn.mech_driver.mech_driver [None req-c51b2d35-7d75-402b-9e6b-7a248c519d83 None None] Starting OVNMechanismDriver
May 27 06:07:06.334767 np0000176833 devstack@neutron-api.service[103325]: INFO neutron.api.extensions [None req-40f7afae-9f50-437e-8a1c-a88c09f6d17d None None] Loaded extension: address-group
May 27 06:07:06.334767 np0000176833 devstack@neutron-api.service[103325]: DEBUG neutron.api.extensions [None req-40f7afae-9f50-437e-8a1c-a88c09f6d17d None None] Loading extension file: address_scope.py {{(pid=103325) _load_all_extensions_from_path /opt/stack/neutron/neutron/api/extensions.py:449}}
May 27 06:07:06.334767 np0000176833 devstack@neutron-api.service[103325]: DEBUG neutron.api.extensions [None req-40f7afae-9f50-437e-8a1c-a88c09f6d17d None None] Ext name="Address scope" alias="address-scope" description="Address scopes extension." updated="2015-07-26T10:00:00-00:00" {{(pid=103325) _check_extension /opt/stack/neutron/neutron/api/extensions.py:415}}
May 27 06:07:06.335061 np0000176833 devstack@neutron-api.service[103325]: INFO neutron.api.extensions [None req-40f7afae-9f50-437e-8a1c-a88c09f6d17d None None] Loaded extension: address-scope
May 27 06:07:06.335061 np0000176833 devstack@neutron-api.service[103325]: DEBUG neutron.api.extensions [None req-40f7afae-9f50-437e-8a1c-a88c09f6d17d None None] Loading extension file: admin_state_down_before_update.py {{(pid=103325) _load_all_extensions_from_path /opt/stack/neutron/neutron/api/extensions.py:449}}
May 27 06:07:06.335397 np0000176833 devstack@neutron-api.service[103325]: DEBUG neutron.api.extensions [None req-40f7afae-9f50-437e-8a1c-a88c09f6d17d None None] Ext name="Enforce Router's Admin State Down Before Update Extension" alias="router-admin-state-down-before-update" description="Ensure that the admin state of a router is DOWN (admin_state_up=False) before updating the distributed attribute" updated="2019-07-02T15:56:00" {{(pid=103325) _check_extension /opt/stack/neutron/neutron/api/extensions.py:415}}
May 27 06:07:06.335397 np0000176833 devstack@neutron-api.service[103325]: INFO neutron.api.extensions [None req-40f7afae-9f50-437e-8a1c-a88c09f6d17d None None] Extension router-admin-state-down-before-update not supported by any of loaded plugins
May 27 06:07:06.335550 np0000176833 devstack@neutron-api.service[103325]: DEBUG neutron.api.extensions [None req-40f7afae-9f50-437e-8a1c-a88c09f6d17d None None] Loading extension file: agent.py {{(pid=103325) _load_all_extensions_from_path /opt/stack/neutron/neutron/api/extensions.py:449}}
May 27 06:07:06.335772 np0000176833 devstack@neutron-api.service[103327]: DEBUG neutron_lib.callbacks.manager [None req-c51b2d35-7d75-402b-9e6b-7a248c519d83 None None] Subscribe: > process before_spawn 55550000, False {{(pid=103327) subscribe /opt/stack/data/venv/lib/python3.12/site-packages/neutron_lib/callbacks/manager.py:52}}
May 27 06:07:06.335828 np0000176833 devstack@neutron-api.service[103325]: DEBUG neutron.api.extensions [None req-40f7afae-9f50-437e-8a1c-a88c09f6d17d None None] Ext name="agent" alias="agent" description="The agent management extension." updated="2013-02-03T10:00:00-00:00" {{(pid=103325) _check_extension /opt/stack/neutron/neutron/api/extensions.py:415}}
May 27 06:07:06.335959 np0000176833 devstack@neutron-api.service[103327]: DEBUG neutron_lib.callbacks.manager [None req-c51b2d35-7d75-402b-9e6b-7a248c519d83 None None] Subscribe: > process after_init 55550000, True {{(pid=103327) subscribe /opt/stack/data/venv/lib/python3.12/site-packages/neutron_lib/callbacks/manager.py:52}}
May 27 06:07:06.336011 np0000176833 devstack@neutron-api.service[103325]: INFO neutron.api.extensions [None req-40f7afae-9f50-437e-8a1c-a88c09f6d17d None None] Loaded extension: agent
May 27 06:07:06.336043 np0000176833 devstack@neutron-api.service[103327]: DEBUG neutron_lib.callbacks.manager [None req-c51b2d35-7d75-402b-9e6b-7a248c519d83 None None] Subscribe: > segment after_create 55550000, False {{(pid=103327) subscribe /opt/stack/data/venv/lib/python3.12/site-packages/neutron_lib/callbacks/manager.py:52}}
May 27 06:07:06.336092 np0000176833 devstack@neutron-api.service[103325]: DEBUG neutron.api.extensions [None req-40f7afae-9f50-437e-8a1c-a88c09f6d17d None None] Loading extension file: agent_resources_synced.py {{(pid=103325) _load_all_extensions_from_path /opt/stack/neutron/neutron/api/extensions.py:449}}
May 27 06:07:06.336116 np0000176833 devstack@neutron-api.service[103327]: DEBUG neutron_lib.callbacks.manager [None req-c51b2d35-7d75-402b-9e6b-7a248c519d83 None None] Subscribe: > segment after_create 55550000, False {{(pid=103327) subscribe /opt/stack/data/venv/lib/python3.12/site-packages/neutron_lib/callbacks/manager.py:52}}
May 27 06:07:06.336164 np0000176833 devstack@neutron-api.service[103327]: DEBUG neutron_lib.callbacks.manager [None req-c51b2d35-7d75-402b-9e6b-7a248c519d83 None None] Subscribe: > segment after_delete 55550000, False {{(pid=103327) subscribe /opt/stack/data/venv/lib/python3.12/site-packages/neutron_lib/callbacks/manager.py:52}}
May 27 06:07:06.336328 np0000176833 devstack@neutron-api.service[103325]: DEBUG neutron.api.extensions [None req-40f7afae-9f50-437e-8a1c-a88c09f6d17d None None] Ext name="Agent's Resource View Synced to Placement" alias="agent-resources-synced" description="Stores success/failure of last sync to Placement" updated="2018-12-19T00:00:00-00:00" {{(pid=103325) _check_extension /opt/stack/neutron/neutron/api/extensions.py:415}}
May 27 06:07:06.336490 np0000176833 devstack@neutron-api.service[103327]: DEBUG neutron_lib.callbacks.manager [None req-c51b2d35-7d75-402b-9e6b-7a248c519d83 None None] Subscribe: > allowed_address_pair before_create 55550000, False {{(pid=103327) subscribe /opt/stack/data/venv/lib/python3.12/site-packages/neutron_lib/callbacks/manager.py:52}}
May 27 06:07:06.336490 np0000176833 devstack@neutron-api.service[103327]: DEBUG neutron_lib.callbacks.manager [None req-c51b2d35-7d75-402b-9e6b-7a248c519d83 None None] Subscribe: > security_group precommit_create 55550000, False {{(pid=103327) subscribe /opt/stack/data/venv/lib/python3.12/site-packages/neutron_lib/callbacks/manager.py:52}}
May 27 06:07:06.336776 np0000176833 devstack@neutron-api.service[103325]: INFO neutron.api.extensions [None req-40f7afae-9f50-437e-8a1c-a88c09f6d17d None None] Extension agent-resources-synced not supported by any of loaded plugins
May 27 06:07:06.336916 np0000176833 devstack@neutron-api.service[103327]: DEBUG neutron_lib.callbacks.manager [None req-c51b2d35-7d75-402b-9e6b-7a248c519d83 None None] Subscribe: > security_group after_update 55550000, False {{(pid=103327) subscribe /opt/stack/data/venv/lib/python3.12/site-packages/neutron_lib/callbacks/manager.py:52}}
May 27 06:07:06.337027 np0000176833 devstack@neutron-api.service[103325]: DEBUG neutron.api.extensions [None req-40f7afae-9f50-437e-8a1c-a88c09f6d17d None None] Loading extension file: agent_sort_key.py {{(pid=103325) _load_all_extensions_from_path /opt/stack/neutron/neutron/api/extensions.py:449}}
May 27 06:07:06.337081 np0000176833 devstack@neutron-api.service[103327]: DEBUG neutron_lib.callbacks.manager [None req-c51b2d35-7d75-402b-9e6b-7a248c519d83 None None] Subscribe: > security_group after_create 55550000, False {{(pid=103327) subscribe /opt/stack/data/venv/lib/python3.12/site-packages/neutron_lib/callbacks/manager.py:52}}
May 27 06:07:06.337081 np0000176833 devstack@neutron-api.service[103327]: DEBUG neutron_lib.callbacks.manager [None req-c51b2d35-7d75-402b-9e6b-7a248c519d83 None None] Subscribe: > security_group precommit_delete 55550000, False {{(pid=103327) subscribe /opt/stack/data/venv/lib/python3.12/site-packages/neutron_lib/callbacks/manager.py:52}}
May 27 06:07:06.337152 np0000176833 devstack@neutron-api.service[103325]: DEBUG neutron.api.extensions [None req-40f7afae-9f50-437e-8a1c-a88c09f6d17d None None] Ext name="Agents Sort Key" alias="agent_sort_key" description="Enabling the keyword sort_key for sorting in agents." updated="2013-02-03T10:00:00-00:00" {{(pid=103325) _check_extension /opt/stack/neutron/neutron/api/extensions.py:415}}
May 27 06:07:06.337178 np0000176833 devstack@neutron-api.service[103327]: DEBUG neutron_lib.callbacks.manager [None req-c51b2d35-7d75-402b-9e6b-7a248c519d83 None None] Subscribe: > security_group after_delete 55550000, False {{(pid=103327) subscribe /opt/stack/data/venv/lib/python3.12/site-packages/neutron_lib/callbacks/manager.py:52}}
May 27 06:07:06.337178 np0000176833 devstack@neutron-api.service[103327]: DEBUG neutron_lib.callbacks.manager [None req-c51b2d35-7d75-402b-9e6b-7a248c519d83 None None] Subscribe: > security_group_rule precommit_create 55550000, False {{(pid=103327) subscribe /opt/stack/data/venv/lib/python3.12/site-packages/neutron_lib/callbacks/manager.py:52}}
May 27 06:07:06.337257 np0000176833 devstack@neutron-api.service[103325]: INFO neutron.api.extensions [None req-40f7afae-9f50-437e-8a1c-a88c09f6d17d None None] Extension agent_sort_key not supported by any of loaded plugins
May 27 06:07:06.337304 np0000176833 devstack@neutron-api.service[103327]: DEBUG neutron_lib.callbacks.manager [None req-c51b2d35-7d75-402b-9e6b-7a248c519d83 None None] Subscribe: > security_group_rule after_create 55550000, False {{(pid=103327) subscribe /opt/stack/data/venv/lib/python3.12/site-packages/neutron_lib/callbacks/manager.py:52}}
May 27 06:07:06.337329 np0000176833 devstack@neutron-api.service[103325]: DEBUG neutron.api.extensions [None req-40f7afae-9f50-437e-8a1c-a88c09f6d17d None None] Loading extension file: allowedaddresspairs.py {{(pid=103325) _load_all_extensions_from_path /opt/stack/neutron/neutron/api/extensions.py:449}}
May 27 06:07:06.337375 np0000176833 devstack@neutron-api.service[103327]: DEBUG neutron_lib.callbacks.manager [None req-c51b2d35-7d75-402b-9e6b-7a248c519d83 None None] Subscribe: > security_group_rule before_delete 55550000, False {{(pid=103327) subscribe /opt/stack/data/venv/lib/python3.12/site-packages/neutron_lib/callbacks/manager.py:52}}
May 27 06:07:06.337375 np0000176833 devstack@neutron-api.service[103327]: DEBUG neutron_lib.callbacks.manager [None req-c51b2d35-7d75-402b-9e6b-7a248c519d83 None None] Subscribe: > address_group after_create 55550000, False {{(pid=103327) subscribe /opt/stack/data/venv/lib/python3.12/site-packages/neutron_lib/callbacks/manager.py:52}}
May 27 06:07:06.337375 np0000176833 devstack@neutron-api.service[103327]: DEBUG neutron_lib.callbacks.manager [None req-c51b2d35-7d75-402b-9e6b-7a248c519d83 None None] Subscribe: > address_group after_update 55550000, False {{(pid=103327) subscribe /opt/stack/data/venv/lib/python3.12/site-packages/neutron_lib/callbacks/manager.py:52}}
May 27 06:07:06.337375 np0000176833 devstack@neutron-api.service[103327]: DEBUG neutron_lib.callbacks.manager [None req-c51b2d35-7d75-402b-9e6b-7a248c519d83 None None] Subscribe: > address_group after_delete 55550000, False {{(pid=103327) subscribe /opt/stack/data/venv/lib/python3.12/site-packages/neutron_lib/callbacks/manager.py:52}}
May 27 06:07:06.337524 np0000176833 devstack@neutron-api.service[103327]: DEBUG neutron_lib.callbacks.manager [None req-c51b2d35-7d75-402b-9e6b-7a248c519d83 None None] Subscribe: > qos_plugin after_init 55550000, False {{(pid=103327) subscribe /opt/stack/data/venv/lib/python3.12/site-packages/neutron_lib/callbacks/manager.py:52}}
May 27 06:07:06.337894 np0000176833 devstack@neutron-api.service[103325]: DEBUG neutron.api.extensions [None req-40f7afae-9f50-437e-8a1c-a88c09f6d17d None None] Ext name="Allowed Address Pairs" alias="allowed-address-pairs" description="Provides allowed address pairs" updated="2013-07-23T10:00:00-00:00" {{(pid=103325) _check_extension /opt/stack/neutron/neutron/api/extensions.py:415}}
May 27 06:07:06.338193 np0000176833 devstack@neutron-api.service[103323]: DEBUG neutron_lib.callbacks.manager [None req-451299a0-e79e-4cfd-9ee2-782efe181b24 None None] Subscribe: > router before_delete 55550000, False {{(pid=103323) subscribe /opt/stack/data/venv/lib/python3.12/site-packages/neutron_lib/callbacks/manager.py:52}}
May 27 06:07:06.338593 np0000176833 devstack@neutron-api.service[103327]: DEBUG neutron_lib.callbacks.manager [None req-c51b2d35-7d75-402b-9e6b-7a248c519d83 None None] Subscribe: > trunk_plugin after_init 55550000, False {{(pid=103327) subscribe /opt/stack/data/venv/lib/python3.12/site-packages/neutron_lib/callbacks/manager.py:52}}
May 27 06:07:06.338933 np0000176833 devstack@neutron-api.service[103323]: DEBUG neutron_lib.callbacks.manager [None req-451299a0-e79e-4cfd-9ee2-782efe181b24 None None] Subscribe: port before_update 55550000, False {{(pid=103323) subscribe /opt/stack/data/venv/lib/python3.12/site-packages/neutron_lib/callbacks/manager.py:52}}
May 27 06:07:06.339120 np0000176833 devstack@neutron-api.service[103325]: INFO neutron.api.extensions [None req-40f7afae-9f50-437e-8a1c-a88c09f6d17d None None] Loaded extension: allowed-address-pairs
May 27 06:07:06.339315 np0000176833 devstack@neutron-api.service[103327]: DEBUG neutron_lib.callbacks.manager [None req-c51b2d35-7d75-402b-9e6b-7a248c519d83 None None] Subscribe: > logging-plugin after_init 55550000, False {{(pid=103327) subscribe /opt/stack/data/venv/lib/python3.12/site-packages/neutron_lib/callbacks/manager.py:52}}
May 27 06:07:06.339463 np0000176833 devstack@neutron-api.service[103323]: DEBUG neutron_lib.callbacks.manager [None req-451299a0-e79e-4cfd-9ee2-782efe181b24 None None] Subscribe: port after_update 55550000, False {{(pid=103323) subscribe /opt/stack/data/venv/lib/python3.12/site-packages/neutron_lib/callbacks/manager.py:52}}
May 27 06:07:06.339588 np0000176833 devstack@neutron-api.service[103325]: DEBUG neutron.api.extensions [None req-40f7afae-9f50-437e-8a1c-a88c09f6d17d None None] Loading extension file: auto_allocated_topology.py {{(pid=103325) _load_all_extensions_from_path /opt/stack/neutron/neutron/api/extensions.py:449}}
May 27 06:07:06.339614 np0000176833 devstack@neutron-api.service[103323]: DEBUG neutron_lib.callbacks.manager [None req-451299a0-e79e-4cfd-9ee2-782efe181b24 None None] Subscribe: > port precommit_delete 55550000, False {{(pid=103323) subscribe /opt/stack/data/venv/lib/python3.12/site-packages/neutron_lib/callbacks/manager.py:52}}
May 27 06:07:06.339614 np0000176833 devstack@neutron-api.service[103323]: DEBUG neutron_lib.callbacks.manager [None req-451299a0-e79e-4cfd-9ee2-782efe181b24 None None] Subscribe: port before_update 55550000, False {{(pid=103323) subscribe /opt/stack/data/venv/lib/python3.12/site-packages/neutron_lib/callbacks/manager.py:52}}
May 27 06:07:06.339614 np0000176833 devstack@neutron-api.service[103323]: DEBUG neutron_lib.callbacks.manager [None req-451299a0-e79e-4cfd-9ee2-782efe181b24 None None] Subscribe: port before_delete 55550000, False {{(pid=103323) subscribe /opt/stack/data/venv/lib/python3.12/site-packages/neutron_lib/callbacks/manager.py:52}}
May 27 06:07:06.339706 np0000176833 devstack@neutron-api.service[103325]: DEBUG neutron.api.extensions [None req-40f7afae-9f50-437e-8a1c-a88c09f6d17d None None] Ext name="Auto Allocated Topology Services" alias="auto-allocated-topology" description="Auto Allocated Topology Services." updated="2016-01-01T00:00:00-00:00" {{(pid=103325) _check_extension /opt/stack/neutron/neutron/api/extensions.py:415}}
May 27 06:07:06.339758 np0000176833 devstack@neutron-api.service[103323]: DEBUG neutron_lib.callbacks.manager [None req-451299a0-e79e-4cfd-9ee2-782efe181b24 None None] Subscribe: > router precommit_create 55550000, False {{(pid=103323) subscribe /opt/stack/data/venv/lib/python3.12/site-packages/neutron_lib/callbacks/manager.py:52}}
May 27 06:07:06.339784 np0000176833 devstack@neutron-api.service[103327]: INFO neutron.services.logapi.drivers.ovn.driver [None req-c51b2d35-7d75-402b-9e6b-7a248c519d83 None None] OVN logging driver registered
May 27 06:07:06.339830 np0000176833 devstack@neutron-api.service[103325]: INFO neutron.api.extensions [None req-40f7afae-9f50-437e-8a1c-a88c09f6d17d None None] Loaded extension: auto-allocated-topology
May 27 06:07:06.339852 np0000176833 devstack@neutron-api.service[103323]: DEBUG neutron_lib.callbacks.manager [None req-451299a0-e79e-4cfd-9ee2-782efe181b24 None None] Subscribe: > router precommit_create 55550000, False {{(pid=103323) subscribe /opt/stack/data/venv/lib/python3.12/site-packages/neutron_lib/callbacks/manager.py:52}}
May 27 06:07:06.339879 np0000176833 devstack@neutron-api.service[103325]: DEBUG neutron.api.extensions [None req-40f7afae-9f50-437e-8a1c-a88c09f6d17d None None] Loading extension file: availability_zone.py {{(pid=103325) _load_all_extensions_from_path /opt/stack/neutron/neutron/api/extensions.py:449}}
May 27 06:07:06.339934 np0000176833 devstack@neutron-api.service[103323]: DEBUG neutron_lib.callbacks.manager [None req-451299a0-e79e-4cfd-9ee2-782efe181b24 None None] Subscribe: > router precommit_update 55550000, False {{(pid=103323) subscribe /opt/stack/data/venv/lib/python3.12/site-packages/neutron_lib/callbacks/manager.py:52}}
May 27 06:07:06.339934 np0000176833 devstack@neutron-api.service[103323]: DEBUG neutron_lib.callbacks.manager [None req-451299a0-e79e-4cfd-9ee2-782efe181b24 None None] Subscribe: subnet after_update 55550000, False {{(pid=103323) subscribe /opt/stack/data/venv/lib/python3.12/site-packages/neutron_lib/callbacks/manager.py:52}}
May 27 06:07:06.339934 np0000176833 devstack@neutron-api.service[103323]: DEBUG neutron.quota.resource_registry [None req-451299a0-e79e-4cfd-9ee2-782efe181b24 None None] Tracking information for resource: router configured {{(pid=103323) set_tracked_resource /opt/stack/neutron/neutron/quota/resource_registry.py:203}}
May 27 06:07:06.340003 np0000176833 devstack@neutron-api.service[103325]: DEBUG neutron.api.extensions [None req-40f7afae-9f50-437e-8a1c-a88c09f6d17d None None] Ext name="Availability Zone" alias="availability_zone" description="The availability zone extension." updated="2015-01-01T10:00:00-00:00" {{(pid=103325) _check_extension /opt/stack/neutron/neutron/api/extensions.py:415}}
May 27 06:07:06.340073 np0000176833 devstack@neutron-api.service[103323]: DEBUG neutron.quota.resource_registry [None req-451299a0-e79e-4cfd-9ee2-782efe181b24 None None] Tracking information for resource: floatingip configured {{(pid=103323) set_tracked_resource /opt/stack/neutron/neutron/quota/resource_registry.py:203}}
May 27 06:07:06.340073 np0000176833 devstack@neutron-api.service[103323]: INFO neutron.services.ovn_l3.plugin [None req-451299a0-e79e-4cfd-9ee2-782efe181b24 None None] Starting OVNL3RouterPlugin
May 27 06:07:06.340115 np0000176833 devstack@neutron-api.service[103325]: INFO neutron.api.extensions [None req-40f7afae-9f50-437e-8a1c-a88c09f6d17d None None] Loaded extension: availability_zone
May 27 06:07:06.340115 np0000176833 devstack@neutron-api.service[103325]: DEBUG neutron.api.extensions [None req-40f7afae-9f50-437e-8a1c-a88c09f6d17d None None] Loading extension file: availability_zone_filter.py {{(pid=103325) _load_all_extensions_from_path /opt/stack/neutron/neutron/api/extensions.py:449}}
May 27 06:07:06.340191 np0000176833 devstack@neutron-api.service[103323]: DEBUG neutron_lib.callbacks.manager [None req-451299a0-e79e-4cfd-9ee2-782efe181b24 None None] Subscribe: > port_forwarding_plugin after_init 55550000, False {{(pid=103323) subscribe /opt/stack/data/venv/lib/python3.12/site-packages/neutron_lib/callbacks/manager.py:52}}
May 27 06:07:06.340239 np0000176833 devstack@neutron-api.service[103325]: DEBUG neutron.api.extensions [None req-40f7afae-9f50-437e-8a1c-a88c09f6d17d None None] Ext name="Availability Zone Filter Extension" alias="availability_zone_filter" description="Add filter parameters to AvailabilityZone resource" updated="2018-06-22T10:00:00-00:00" {{(pid=103325) _check_extension /opt/stack/neutron/neutron/api/extensions.py:415}}
May 27 06:07:06.340265 np0000176833 devstack@neutron-api.service[103323]: DEBUG neutron_lib.callbacks.manager [None req-451299a0-e79e-4cfd-9ee2-782efe181b24 None None] Subscribe: > router before_create 55550100, False {{(pid=103323) subscribe /opt/stack/data/venv/lib/python3.12/site-packages/neutron_lib/callbacks/manager.py:52}}
May 27 06:07:06.340265 np0000176833 devstack@neutron-api.service[103323]: DEBUG neutron_lib.callbacks.manager [None req-451299a0-e79e-4cfd-9ee2-782efe181b24 None None] Subscribe: > router precommit_delete 55550100, False {{(pid=103323) subscribe /opt/stack/data/venv/lib/python3.12/site-packages/neutron_lib/callbacks/manager.py:52}}
May 27 06:07:06.340340 np0000176833 devstack@neutron-api.service[103325]: INFO neutron.api.extensions [None req-40f7afae-9f50-437e-8a1c-a88c09f6d17d None None] Extension availability_zone_filter not supported by any of loaded plugins
May 27 06:07:06.340397 np0000176833 devstack@neutron-api.service[103323]: DEBUG neutron_lib.callbacks.manager [None req-451299a0-e79e-4cfd-9ee2-782efe181b24 None None] Subscribe: > router precommit_create 55550100, False {{(pid=103323) subscribe /opt/stack/data/venv/lib/python3.12/site-packages/neutron_lib/callbacks/manager.py:52}}
May 27 06:07:06.340423 np0000176833 devstack@neutron-api.service[103325]: DEBUG neutron.api.extensions [None req-40f7afae-9f50-437e-8a1c-a88c09f6d17d None None] Loading extension file: data_plane_status.py {{(pid=103325) _load_all_extensions_from_path /opt/stack/neutron/neutron/api/extensions.py:449}}
May 27 06:07:06.340474 np0000176833 devstack@neutron-api.service[103323]: DEBUG neutron_lib.callbacks.manager [None req-451299a0-e79e-4cfd-9ee2-782efe181b24 None None] Subscribe: > router precommit_update 55550100, False {{(pid=103323) subscribe /opt/stack/data/venv/lib/python3.12/site-packages/neutron_lib/callbacks/manager.py:52}}
May 27 06:07:06.340502 np0000176833 devstack@neutron-api.service[103327]: DEBUG neutron.plugins.ml2.plugin [None req-c51b2d35-7d75-402b-9e6b-7a248c519d83 None None] neutron.plugins.ml2.plugin.Ml2Plugin method _start_rpc_notifiers called with arguments () {} {{(pid=103327) wrapper /opt/stack/data/venv/lib/python3.12/site-packages/oslo_log/helpers.py:77}}
May 27 06:07:06.340567 np0000176833 devstack@neutron-api.service[103325]: DEBUG neutron.api.extensions [None req-40f7afae-9f50-437e-8a1c-a88c09f6d17d None None] Ext name="Port data plane status extension" alias="data-plane-status" description="Expose status of underlying data plane" updated="2017-01-24T10:00:00-00:00" {{(pid=103325) _check_extension /opt/stack/neutron/neutron/api/extensions.py:415}}
May 27 06:07:06.340591 np0000176833 devstack@neutron-api.service[103327]: DEBUG neutron_lib.callbacks.manager [None req-c51b2d35-7d75-402b-9e6b-7a248c519d83 None None] Subscribe: > port after_create 55550000, False {{(pid=103327) subscribe /opt/stack/data/venv/lib/python3.12/site-packages/neutron_lib/callbacks/manager.py:52}}
May 27 06:07:06.340638 np0000176833 devstack@neutron-api.service[103325]: INFO neutron.api.extensions [None req-40f7afae-9f50-437e-8a1c-a88c09f6d17d None None] Extension data-plane-status not supported by any of loaded plugins
May 27 06:07:06.340662 np0000176833 devstack@neutron-api.service[103327]: DEBUG neutron_lib.callbacks.manager [None req-c51b2d35-7d75-402b-9e6b-7a248c519d83 None None] Subscribe: > port after_update 55550000, False {{(pid=103327) subscribe /opt/stack/data/venv/lib/python3.12/site-packages/neutron_lib/callbacks/manager.py:52}}
May 27 06:07:06.340695 np0000176833 devstack@neutron-api.service[103325]: DEBUG neutron.api.extensions [None req-40f7afae-9f50-437e-8a1c-a88c09f6d17d None None] Loading extension file: default_subnetpools.py {{(pid=103325) _load_all_extensions_from_path /opt/stack/neutron/neutron/api/extensions.py:449}}
May 27 06:07:06.340747 np0000176833 devstack@neutron-api.service[103327]: DEBUG neutron_lib.callbacks.manager [None req-c51b2d35-7d75-402b-9e6b-7a248c519d83 None None] Subscribe: > port after_delete 55550000, False {{(pid=103327) subscribe /opt/stack/data/venv/lib/python3.12/site-packages/neutron_lib/callbacks/manager.py:52}}
May 27 06:07:06.340747 np0000176833 devstack@neutron-api.service[103327]: DEBUG neutron_lib.callbacks.manager [None req-c51b2d35-7d75-402b-9e6b-7a248c519d83 None None] Subscribe: > subnet after_create 55550000, False {{(pid=103327) subscribe /opt/stack/data/venv/lib/python3.12/site-packages/neutron_lib/callbacks/manager.py:52}}
May 27 06:07:06.340796 np0000176833 devstack@neutron-api.service[103325]: DEBUG neutron.api.extensions [None req-40f7afae-9f50-437e-8a1c-a88c09f6d17d None None] Ext name="Default Subnetpools" alias="default-subnetpools" description="Provides ability to mark and use a subnetpool as the default." updated="2016-02-18T18:00:00-00:00" {{(pid=103325) _check_extension /opt/stack/neutron/neutron/api/extensions.py:415}}
May 27 06:07:06.340845 np0000176833 devstack@neutron-api.service[103327]: DEBUG neutron_lib.callbacks.manager [None req-c51b2d35-7d75-402b-9e6b-7a248c519d83 None None] Subscribe: > subnet after_update 55550000, False {{(pid=103327) subscribe /opt/stack/data/venv/lib/python3.12/site-packages/neutron_lib/callbacks/manager.py:52}}
May 27 06:07:06.340845 np0000176833 devstack@neutron-api.service[103327]: DEBUG neutron_lib.callbacks.manager [None req-c51b2d35-7d75-402b-9e6b-7a248c519d83 None None] Subscribe: > subnet after_delete 55550000, False {{(pid=103327) subscribe /opt/stack/data/venv/lib/python3.12/site-packages/neutron_lib/callbacks/manager.py:52}}
May 27 06:07:06.340918 np0000176833 devstack@neutron-api.service[103325]: INFO neutron.api.extensions [None req-40f7afae-9f50-437e-8a1c-a88c09f6d17d None None] Loaded extension: default-subnetpools
May 27 06:07:06.340918 np0000176833 devstack@neutron-api.service[103325]: DEBUG neutron.api.extensions [None req-40f7afae-9f50-437e-8a1c-a88c09f6d17d None None] Loading extension file: dhcpagentscheduler.py {{(pid=103325) _load_all_extensions_from_path /opt/stack/neutron/neutron/api/extensions.py:449}}
May 27 06:07:06.340992 np0000176833 devstack@neutron-api.service[103327]: DEBUG neutron_lib.callbacks.manager [None req-c51b2d35-7d75-402b-9e6b-7a248c519d83 None None] Subscribe: > network after_create 55550000, False {{(pid=103327) subscribe /opt/stack/data/venv/lib/python3.12/site-packages/neutron_lib/callbacks/manager.py:52}}
May 27 06:07:06.340992 np0000176833 devstack@neutron-api.service[103327]: DEBUG neutron_lib.callbacks.manager [None req-c51b2d35-7d75-402b-9e6b-7a248c519d83 None None] Subscribe: > network after_update 55550000, False {{(pid=103327) subscribe /opt/stack/data/venv/lib/python3.12/site-packages/neutron_lib/callbacks/manager.py:52}}
May 27 06:07:06.340992 np0000176833 devstack@neutron-api.service[103327]: DEBUG neutron_lib.callbacks.manager [None req-c51b2d35-7d75-402b-9e6b-7a248c519d83 None None] Subscribe: > network after_delete 55550000, False {{(pid=103327) subscribe /opt/stack/data/venv/lib/python3.12/site-packages/neutron_lib/callbacks/manager.py:52}}
May 27 06:07:06.340992 np0000176833 devstack@neutron-api.service[103327]: DEBUG neutron_lib.callbacks.manager [None req-c51b2d35-7d75-402b-9e6b-7a248c519d83 None None] Subscribe: > security_group after_create 55550000, False {{(pid=103327) subscribe /opt/stack/data/venv/lib/python3.12/site-packages/neutron_lib/callbacks/manager.py:52}}
May 27 06:07:06.341136 np0000176833 devstack@neutron-api.service[103325]: DEBUG neutron.api.extensions [None req-40f7afae-9f50-437e-8a1c-a88c09f6d17d None None] Ext name="DHCP Agent Scheduler" alias="dhcp_agent_scheduler" description="Schedule networks among dhcp agents" updated="2013-02-07T10:00:00-00:00" {{(pid=103325) _check_extension /opt/stack/neutron/neutron/api/extensions.py:415}}
May 27 06:07:06.341163 np0000176833 devstack@neutron-api.service[103327]: DEBUG neutron_lib.callbacks.manager [None req-c51b2d35-7d75-402b-9e6b-7a248c519d83 None None] Subscribe: > security_group after_update 55550000, False {{(pid=103327) subscribe /opt/stack/data/venv/lib/python3.12/site-packages/neutron_lib/callbacks/manager.py:52}}
May 27 06:07:06.341163 np0000176833 devstack@neutron-api.service[103327]: DEBUG neutron_lib.callbacks.manager [None req-c51b2d35-7d75-402b-9e6b-7a248c519d83 None None] Subscribe: > security_group after_delete 55550000, False {{(pid=103327) subscribe /opt/stack/data/venv/lib/python3.12/site-packages/neutron_lib/callbacks/manager.py:52}}
May 27 06:07:06.341238 np0000176833 devstack@neutron-api.service[103325]: INFO neutron.api.extensions [None req-40f7afae-9f50-437e-8a1c-a88c09f6d17d None None] Loaded extension: dhcp_agent_scheduler
May 27 06:07:06.341316 np0000176833 devstack@neutron-api.service[103327]: DEBUG neutron_lib.callbacks.manager [None req-c51b2d35-7d75-402b-9e6b-7a248c519d83 None None] Subscribe: > security_group_rule after_create 55550000, False {{(pid=103327) subscribe /opt/stack/data/venv/lib/python3.12/site-packages/neutron_lib/callbacks/manager.py:52}}
May 27 06:07:06.341371 np0000176833 devstack@neutron-api.service[103325]: DEBUG neutron.api.extensions [None req-40f7afae-9f50-437e-8a1c-a88c09f6d17d None None] Loading extension file: dns.py {{(pid=103325) _load_all_extensions_from_path /opt/stack/neutron/neutron/api/extensions.py:449}}
May 27 06:07:06.341396 np0000176833 devstack@neutron-api.service[103327]: DEBUG neutron_lib.callbacks.manager [None req-c51b2d35-7d75-402b-9e6b-7a248c519d83 None None] Subscribe: > security_group_rule after_update 55550000, False {{(pid=103327) subscribe /opt/stack/data/venv/lib/python3.12/site-packages/neutron_lib/callbacks/manager.py:52}}
May 27 06:07:06.341396 np0000176833 devstack@neutron-api.service[103327]: DEBUG neutron_lib.callbacks.manager [None req-c51b2d35-7d75-402b-9e6b-7a248c519d83 None None] Subscribe: > security_group_rule after_delete 55550000, False {{(pid=103327) subscribe /opt/stack/data/venv/lib/python3.12/site-packages/neutron_lib/callbacks/manager.py:52}}
May 27 06:07:06.341468 np0000176833 devstack@neutron-api.service[103325]: DEBUG neutron.api.extensions [None req-40f7afae-9f50-437e-8a1c-a88c09f6d17d None None] Ext name="DNS Integration" alias="dns-integration" description="Provides integration with DNS." updated="2015-08-15T18:00:00-00:00" {{(pid=103325) _check_extension /opt/stack/neutron/neutron/api/extensions.py:415}}
May 27 06:07:06.341493 np0000176833 devstack@neutron-api.service[103327]: DEBUG neutron_lib.callbacks.manager [None req-c51b2d35-7d75-402b-9e6b-7a248c519d83 None None] Subscribe: > address_group after_create 55550000, False {{(pid=103327) subscribe /opt/stack/data/venv/lib/python3.12/site-packages/neutron_lib/callbacks/manager.py:52}}
May 27 06:07:06.341618 np0000176833 devstack@neutron-api.service[103327]: DEBUG neutron_lib.callbacks.manager [None req-c51b2d35-7d75-402b-9e6b-7a248c519d83 None None] Subscribe: > address_group after_update 55550000, False {{(pid=103327) subscribe /opt/stack/data/venv/lib/python3.12/site-packages/neutron_lib/callbacks/manager.py:52}}
May 27 06:07:06.341644 np0000176833 devstack@neutron-api.service[103325]: INFO neutron.api.extensions [None req-40f7afae-9f50-437e-8a1c-a88c09f6d17d None None] Loaded extension: dns-integration
May 27 06:07:06.341747 np0000176833 devstack@neutron-api.service[103327]: DEBUG neutron_lib.callbacks.manager [None req-c51b2d35-7d75-402b-9e6b-7a248c519d83 None None] Subscribe: > address_group after_delete 55550000, False {{(pid=103327) subscribe /opt/stack/data/venv/lib/python3.12/site-packages/neutron_lib/callbacks/manager.py:52}}
May 27 06:07:06.342818 np0000176833 devstack@neutron-api.service[103325]: DEBUG neutron.api.extensions [None req-40f7afae-9f50-437e-8a1c-a88c09f6d17d None None] Loading extension file: dns_domain_ports.py {{(pid=103325) _load_all_extensions_from_path /opt/stack/neutron/neutron/api/extensions.py:449}}
May 27 06:07:06.343151 np0000176833 devstack@neutron-api.service[103327]: DEBUG neutron.plugins.ml2.ovo_rpc [None req-c51b2d35-7d75-402b-9e6b-7a248c519d83 None None] ML2 OVO RPC backend initialized. {{(pid=103327) __init__ /opt/stack/neutron/neutron/plugins/ml2/ovo_rpc.py:117}}
May 27 06:07:06.343589 np0000176833 devstack@neutron-api.service[103325]: DEBUG neutron.api.extensions [None req-40f7afae-9f50-437e-8a1c-a88c09f6d17d None None] Ext name="dns_domain for ports" alias="dns-domain-ports" description="Allows the DNS domain to be specified for a network port." updated="2017-04-24T10:00:00-00:00" {{(pid=103325) _check_extension /opt/stack/neutron/neutron/api/extensions.py:415}}
May 27 06:07:06.343589 np0000176833 devstack@neutron-api.service[103325]: INFO neutron.api.extensions [None req-40f7afae-9f50-437e-8a1c-a88c09f6d17d None None] Loaded extension: dns-domain-ports
May 27 06:07:06.343589 np0000176833 devstack@neutron-api.service[103325]: DEBUG neutron.api.extensions [None req-40f7afae-9f50-437e-8a1c-a88c09f6d17d None None] Loading extension file: dns_integration_domain_keywords.py {{(pid=103325) _load_all_extensions_from_path /opt/stack/neutron/neutron/api/extensions.py:449}}
May 27 06:07:06.343589 np0000176833 devstack@neutron-api.service[103325]: DEBUG neutron.api.extensions [None req-40f7afae-9f50-437e-8a1c-a88c09f6d17d None None] Ext name="DNS domain names with keywords allowed" alias="dns-integration-domain-keywords" description="Allows to use keywords like , , and as DNS domain name" updated="2020-06-15T18:00:00-00:00" {{(pid=103325) _check_extension /opt/stack/neutron/neutron/api/extensions.py:415}}
May 27 06:07:06.344195 np0000176833 devstack@neutron-api.service[103327]: INFO neutron.quota [None req-c51b2d35-7d75-402b-9e6b-7a248c519d83 None None] Loaded quota_driver: .
