Apr 07 19:28:18.537089 np0000164073 devstack@neutron-api.service[102419]: DEBUG neutron_lib.callbacks.manager [None req-8fa84589-d74f-44ad-9bc9-c94e9b830c2e None None] Subscribe: > security_group_rule before_delete 55550000, False {{(pid=102419) subscribe /opt/stack/data/venv/lib/python3.12/site-packages/neutron_lib/callbacks/manager.py:52}}
Apr 07 19:28:18.537089 np0000164073 devstack@neutron-api.service[102419]: DEBUG neutron_lib.callbacks.manager [None req-8fa84589-d74f-44ad-9bc9-c94e9b830c2e None None] Subscribe: > address_group after_create 55550000, False {{(pid=102419) subscribe /opt/stack/data/venv/lib/python3.12/site-packages/neutron_lib/callbacks/manager.py:52}}
Apr 07 19:28:18.537182 np0000164073 devstack@neutron-api.service[102421]: DEBUG neutron.api.extensions [None req-0963c972-3bb7-4ce9-8b8f-390bca8c8c3c None None] Ext name="Port data plane status extension" alias="data-plane-status" description="Expose status of underlying data plane" updated="2017-01-24T10:00:00-00:00" {{(pid=102421) _check_extension /opt/stack/neutron/neutron/api/extensions.py:415}}
Apr 07 19:28:18.537238 np0000164073 devstack@neutron-api.service[102419]: DEBUG neutron_lib.callbacks.manager [None req-8fa84589-d74f-44ad-9bc9-c94e9b830c2e None None] Subscribe: > address_group after_update 55550000, False {{(pid=102419) subscribe /opt/stack/data/venv/lib/python3.12/site-packages/neutron_lib/callbacks/manager.py:52}}
Apr 07 19:28:18.537238 np0000164073 devstack@neutron-api.service[102419]: DEBUG neutron_lib.callbacks.manager [None req-8fa84589-d74f-44ad-9bc9-c94e9b830c2e None None] Subscribe: > address_group after_delete 55550000, False {{(pid=102419) subscribe /opt/stack/data/venv/lib/python3.12/site-packages/neutron_lib/callbacks/manager.py:52}}
Apr 07 19:28:18.537428 np0000164073 devstack@neutron-api.service[102421]: INFO neutron.api.extensions [None req-0963c972-3bb7-4ce9-8b8f-390bca8c8c3c None None] Extension data-plane-status not supported by any of loaded plugins
Apr 07 19:28:18.537428 np0000164073 devstack@neutron-api.service[102421]: DEBUG neutron.api.extensions [None req-0963c972-3bb7-4ce9-8b8f-390bca8c8c3c None None] Loading extension file: default_subnetpools.py {{(pid=102421) _load_all_extensions_from_path /opt/stack/neutron/neutron/api/extensions.py:449}}
Apr 07 19:28:18.537551 np0000164073 devstack@neutron-api.service[102419]: DEBUG neutron_lib.callbacks.manager [None req-8fa84589-d74f-44ad-9bc9-c94e9b830c2e None None] Subscribe: > qos_plugin after_init 55550000, False {{(pid=102419) subscribe /opt/stack/data/venv/lib/python3.12/site-packages/neutron_lib/callbacks/manager.py:52}}
Apr 07 19:28:18.537702 np0000164073 devstack@neutron-api.service[102421]: DEBUG neutron.api.extensions [None req-0963c972-3bb7-4ce9-8b8f-390bca8c8c3c None None] Ext name="Default Subnetpools" alias="default-subnetpools" description="Provides ability to mark and use a subnetpool as the default." updated="2016-02-18T18:00:00-00:00" {{(pid=102421) _check_extension /opt/stack/neutron/neutron/api/extensions.py:415}}
Apr 07 19:28:18.537737 np0000164073 devstack@neutron-api.service[102419]: DEBUG neutron_lib.callbacks.manager [None req-8fa84589-d74f-44ad-9bc9-c94e9b830c2e None None] Subscribe: > trunk_plugin after_init 55550000, False {{(pid=102419) subscribe /opt/stack/data/venv/lib/python3.12/site-packages/neutron_lib/callbacks/manager.py:52}}
Apr 07 19:28:18.537797 np0000164073 devstack@neutron-api.service[102421]: INFO neutron.api.extensions [None req-0963c972-3bb7-4ce9-8b8f-390bca8c8c3c None None] Loaded extension: default-subnetpools
Apr 07 19:28:18.537797 np0000164073 devstack@neutron-api.service[102421]: DEBUG neutron.api.extensions [None req-0963c972-3bb7-4ce9-8b8f-390bca8c8c3c None None] Loading extension file: dhcpagentscheduler.py {{(pid=102421) _load_all_extensions_from_path /opt/stack/neutron/neutron/api/extensions.py:449}}
Apr 07 19:28:18.538057 np0000164073 devstack@neutron-api.service[102420]: DEBUG neutron.manager [None req-b9e26328-2c7a-4f5d-9033-113fb9efb12b None None] Successfully loaded TAG plugin. Description: Tag support {{(pid=102420) _create_and_add_service_plugin /opt/stack/neutron/neutron/manager.py:239}}
Apr 07 19:28:18.538086 np0000164073 devstack@neutron-api.service[102421]: DEBUG neutron.api.extensions [None req-0963c972-3bb7-4ce9-8b8f-390bca8c8c3c None None] Ext name="DHCP Agent Scheduler" alias="dhcp_agent_scheduler" description="Schedule networks among dhcp agents" updated="2013-02-07T10:00:00-00:00" {{(pid=102421) _check_extension /opt/stack/neutron/neutron/api/extensions.py:415}}
Apr 07 19:28:18.538114 np0000164073 devstack@neutron-api.service[102420]: INFO neutron.manager [None req-b9e26328-2c7a-4f5d-9033-113fb9efb12b None None] Loading Plugin: timestamp
Apr 07 19:28:18.538138 np0000164073 devstack@neutron-api.service[102421]: INFO neutron.api.extensions [None req-0963c972-3bb7-4ce9-8b8f-390bca8c8c3c None None] Loaded extension: dhcp_agent_scheduler
Apr 07 19:28:18.538236 np0000164073 devstack@neutron-api.service[102421]: DEBUG neutron.api.extensions [None req-0963c972-3bb7-4ce9-8b8f-390bca8c8c3c None None] Loading extension file: dns.py {{(pid=102421) _load_all_extensions_from_path /opt/stack/neutron/neutron/api/extensions.py:449}}
Apr 07 19:28:18.538412 np0000164073 devstack@neutron-api.service[102421]: DEBUG neutron.api.extensions [None req-0963c972-3bb7-4ce9-8b8f-390bca8c8c3c None None] Ext name="DNS Integration" alias="dns-integration" description="Provides integration with DNS." updated="2015-08-15T18:00:00-00:00" {{(pid=102421) _check_extension /opt/stack/neutron/neutron/api/extensions.py:415}}
Apr 07 19:28:18.538624 np0000164073 devstack@neutron-api.service[102421]: INFO neutron.api.extensions [None req-0963c972-3bb7-4ce9-8b8f-390bca8c8c3c None None] Loaded extension: dns-integration
Apr 07 19:28:18.538658 np0000164073 devstack@neutron-api.service[102421]: DEBUG neutron.api.extensions [None req-0963c972-3bb7-4ce9-8b8f-390bca8c8c3c None None] Loading extension file: dns_domain_ports.py {{(pid=102421) _load_all_extensions_from_path /opt/stack/neutron/neutron/api/extensions.py:449}}
Apr 07 19:28:18.538902 np0000164073 devstack@neutron-api.service[102421]: DEBUG neutron.api.extensions [None req-0963c972-3bb7-4ce9-8b8f-390bca8c8c3c None None] Ext name="dns_domain for ports" alias="dns-domain-ports" description="Allows the DNS domain to be specified for a network port." updated="2017-04-24T10:00:00-00:00" {{(pid=102421) _check_extension /opt/stack/neutron/neutron/api/extensions.py:415}}
Apr 07 19:28:18.539053 np0000164073 devstack@neutron-api.service[102421]: INFO neutron.api.extensions [None req-0963c972-3bb7-4ce9-8b8f-390bca8c8c3c None None] Loaded extension: dns-domain-ports
Apr 07 19:28:18.539176 np0000164073 devstack@neutron-api.service[102421]: DEBUG neutron.api.extensions [None req-0963c972-3bb7-4ce9-8b8f-390bca8c8c3c None None] Loading extension file: dns_integration_domain_keywords.py {{(pid=102421) _load_all_extensions_from_path /opt/stack/neutron/neutron/api/extensions.py:449}}
Apr 07 19:28:18.539209 np0000164073 devstack@neutron-api.service[102420]: DEBUG neutron.manager [None req-b9e26328-2c7a-4f5d-9033-113fb9efb12b None None] Successfully loaded timestamp plugin. Description: Adds timestamps to Neutron resources with standard attributes {{(pid=102420) _create_and_add_service_plugin /opt/stack/neutron/neutron/manager.py:239}}
Apr 07 19:28:18.539314 np0000164073 devstack@neutron-api.service[102419]: DEBUG neutron_lib.callbacks.manager [None req-8fa84589-d74f-44ad-9bc9-c94e9b830c2e None None] Subscribe: > logging-plugin after_init 55550000, False {{(pid=102419) subscribe /opt/stack/data/venv/lib/python3.12/site-packages/neutron_lib/callbacks/manager.py:52}}
Apr 07 19:28:18.539392 np0000164073 devstack@neutron-api.service[102420]: INFO neutron.manager [None req-b9e26328-2c7a-4f5d-9033-113fb9efb12b None None] Loading Plugin: network_ip_availability
Apr 07 19:28:18.539515 np0000164073 devstack@neutron-api.service[102421]: DEBUG neutron.api.extensions [None req-0963c972-3bb7-4ce9-8b8f-390bca8c8c3c None None] Ext name="DNS domain names with keywords allowed" alias="dns-integration-domain-keywords" description="Allows to use keywords like , , and as DNS domain name" updated="2020-06-15T18:00:00-00:00" {{(pid=102421) _check_extension /opt/stack/neutron/neutron/api/extensions.py:415}}
Apr 07 19:28:18.539556 np0000164073 devstack@neutron-api.service[102421]: INFO neutron.api.extensions [None req-0963c972-3bb7-4ce9-8b8f-390bca8c8c3c None None] Loaded extension: dns-integration-domain-keywords
Apr 07 19:28:18.539653 np0000164073 devstack@neutron-api.service[102421]: DEBUG neutron.api.extensions [None req-0963c972-3bb7-4ce9-8b8f-390bca8c8c3c None None] Loading extension file: dvr.py {{(pid=102421) _load_all_extensions_from_path /opt/stack/neutron/neutron/api/extensions.py:449}}
Apr 07 19:28:18.540175 np0000164073 devstack@neutron-api.service[102421]: DEBUG neutron.api.extensions [None req-0963c972-3bb7-4ce9-8b8f-390bca8c8c3c None None] Ext name="Distributed Virtual Router" alias="dvr" description="Enables configuration of Distributed Virtual Routers." updated="2014-06-1T10:00:00-00:00" {{(pid=102421) _check_extension /opt/stack/neutron/neutron/api/extensions.py:415}}
Apr 07 19:28:18.540175 np0000164073 devstack@neutron-api.service[102421]: INFO neutron.api.extensions [None req-0963c972-3bb7-4ce9-8b8f-390bca8c8c3c None None] Extension dvr not supported by any of loaded plugins
Apr 07 19:28:18.540175 np0000164073 devstack@neutron-api.service[102421]: DEBUG neutron.api.extensions [None req-0963c972-3bb7-4ce9-8b8f-390bca8c8c3c None None] Loading extension file: ecmp_routes.py {{(pid=102421) _load_all_extensions_from_path /opt/stack/neutron/neutron/api/extensions.py:449}}
Apr 07 19:28:18.540401 np0000164073 devstack@neutron-api.service[102421]: DEBUG neutron.api.extensions [None req-0963c972-3bb7-4ce9-8b8f-390bca8c8c3c None None] Ext name="Equal Cost Multipath Routing" alias="ecmp_routes" description="Allows traffic to reach thesame destination via multiple different links " updated="2020-11-26T18:00:00-00:00" {{(pid=102421) _check_extension /opt/stack/neutron/neutron/api/extensions.py:415}}
Apr 07 19:28:18.540582 np0000164073 devstack@neutron-api.service[102421]: INFO neutron.api.extensions [None req-0963c972-3bb7-4ce9-8b8f-390bca8c8c3c None None] Extension ecmp_routes not supported by any of loaded plugins
Apr 07 19:28:18.540640 np0000164073 devstack@neutron-api.service[102421]: DEBUG neutron.api.extensions [None req-0963c972-3bb7-4ce9-8b8f-390bca8c8c3c None None] Loading extension file: empty_string_filtering.py {{(pid=102421) _load_all_extensions_from_path /opt/stack/neutron/neutron/api/extensions.py:449}}
Apr 07 19:28:18.540899 np0000164073 devstack@neutron-api.service[102420]: DEBUG neutron.manager [None req-b9e26328-2c7a-4f5d-9033-113fb9efb12b None None] Successfully loaded network-ip-availability plugin. Description: Provides IP availability data for each network and subnet. {{(pid=102420) _create_and_add_service_plugin /opt/stack/neutron/neutron/manager.py:239}}
Apr 07 19:28:18.540939 np0000164073 devstack@neutron-api.service[102421]: DEBUG neutron.api.extensions [None req-0963c972-3bb7-4ce9-8b8f-390bca8c8c3c None None] Ext name="Empty String Filtering Extension" alias="empty-string-filtering" description="Allow filtering by attributes with empty string value" updated="2018-05-01T10:00:00-00:00" {{(pid=102421) _check_extension /opt/stack/neutron/neutron/api/extensions.py:415}}
Apr 07 19:28:18.541003 np0000164073 devstack@neutron-api.service[102420]: INFO neutron.manager [None req-b9e26328-2c7a-4f5d-9033-113fb9efb12b None None] Loading Plugin: flavors
Apr 07 19:28:18.541036 np0000164073 devstack@neutron-api.service[102419]: INFO neutron.services.logapi.drivers.ovn.driver [None req-8fa84589-d74f-44ad-9bc9-c94e9b830c2e None None] OVN logging driver registered
Apr 07 19:28:18.541069 np0000164073 devstack@neutron-api.service[102421]: INFO neutron.api.extensions [None req-0963c972-3bb7-4ce9-8b8f-390bca8c8c3c None None] Loaded extension: empty-string-filtering
Apr 07 19:28:18.541136 np0000164073 devstack@neutron-api.service[102421]: DEBUG neutron.api.extensions [None req-0963c972-3bb7-4ce9-8b8f-390bca8c8c3c None None] Loading extension file: expose_l3_conntrack_helper.py {{(pid=102421) _load_all_extensions_from_path /opt/stack/neutron/neutron/api/extensions.py:449}}
Apr 07 19:28:18.541400 np0000164073 devstack@neutron-api.service[102421]: DEBUG neutron.api.extensions [None req-0963c972-3bb7-4ce9-8b8f-390bca8c8c3c None None] Ext name="Expose CT target rules for conntrack helper" alias="expose-l3-conntrack-helper" description="Expose allow adding CT target rules for conntrack helper" updated="2019-04-04T10:00:00-00:00" {{(pid=102421) _check_extension /opt/stack/neutron/neutron/api/extensions.py:415}}
Apr 07 19:28:18.541557 np0000164073 devstack@neutron-api.service[102421]: INFO neutron.api.extensions [None req-0963c972-3bb7-4ce9-8b8f-390bca8c8c3c None None] Extension expose-l3-conntrack-helper not supported by any of loaded plugins
Apr 07 19:28:18.541607 np0000164073 devstack@neutron-api.service[102421]: DEBUG neutron.api.extensions [None req-0963c972-3bb7-4ce9-8b8f-390bca8c8c3c None None] Loading extension file: expose_port_forwarding_in_fip.py {{(pid=102421) _load_all_extensions_from_path /opt/stack/neutron/neutron/api/extensions.py:449}}
Apr 07 19:28:18.541830 np0000164073 devstack@neutron-api.service[102420]: DEBUG neutron.manager [None req-b9e26328-2c7a-4f5d-9033-113fb9efb12b None None] Successfully loaded FLAVORS plugin. Description: Neutron Flavors and Service Profiles manager plugin {{(pid=102420) _create_and_add_service_plugin /opt/stack/neutron/neutron/manager.py:239}}
Apr 07 19:28:18.541868 np0000164073 devstack@neutron-api.service[102421]: DEBUG neutron.api.extensions [None req-0963c972-3bb7-4ce9-8b8f-390bca8c8c3c None None] Ext name="Expose Floating IP port forwardings" alias="expose-port-forwarding-in-fip" description="Expose port forwarding fields in floating IP response" updated="2018-06-28T16:00:00-00:00" {{(pid=102421) _check_extension /opt/stack/neutron/neutron/api/extensions.py:415}}
Apr 07 19:28:18.541941 np0000164073 devstack@neutron-api.service[102420]: INFO neutron.manager [None req-b9e26328-2c7a-4f5d-9033-113fb9efb12b None None] Loading Plugin: revisions
Apr 07 19:28:18.542015 np0000164073 devstack@neutron-api.service[102421]: INFO neutron.api.extensions [None req-0963c972-3bb7-4ce9-8b8f-390bca8c8c3c None None] Extension expose-port-forwarding-in-fip not supported by any of loaded plugins
Apr 07 19:28:18.542201 np0000164073 devstack@neutron-api.service[102421]: DEBUG neutron.api.extensions [None req-0963c972-3bb7-4ce9-8b8f-390bca8c8c3c None None] Loading extension file: external_net.py {{(pid=102421) _load_all_extensions_from_path /opt/stack/neutron/neutron/api/extensions.py:449}}
Apr 07 19:28:18.542313 np0000164073 devstack@neutron-api.service[102421]: DEBUG neutron.api.extensions [None req-0963c972-3bb7-4ce9-8b8f-390bca8c8c3c None None] Ext name="Neutron external network" alias="external-net" description="Adds external network attribute to network resource." updated="2013-01-14T10:00:00-00:00" {{(pid=102421) _check_extension /opt/stack/neutron/neutron/api/extensions.py:415}}
Apr 07 19:28:18.542499 np0000164073 devstack@neutron-api.service[102421]: INFO neutron.api.extensions [None req-0963c972-3bb7-4ce9-8b8f-390bca8c8c3c None None] Loaded extension: external-net
Apr 07 19:28:18.542623 np0000164073 devstack@neutron-api.service[102421]: DEBUG neutron.api.extensions [None req-0963c972-3bb7-4ce9-8b8f-390bca8c8c3c None None] Loading extension file: extra_dhcp_opt.py {{(pid=102421) _load_all_extensions_from_path /opt/stack/neutron/neutron/api/extensions.py:449}}
Apr 07 19:28:18.542812 np0000164073 devstack@neutron-api.service[102421]: DEBUG neutron.api.extensions [None req-0963c972-3bb7-4ce9-8b8f-390bca8c8c3c None None] Ext name="Neutron Extra DHCP options" alias="extra_dhcp_opt" description="Extra options configuration for DHCP. For example PXE boot options to DHCP clients can be specified (e.g. tftp-server, server-ip-address, bootfile-name)" updated="2013-03-17T12:00:00-00:00" {{(pid=102421) _check_extension /opt/stack/neutron/neutron/api/extensions.py:415}}
Apr 07 19:28:18.542897 np0000164073 devstack@neutron-api.service[102420]: DEBUG neutron.manager [None req-b9e26328-2c7a-4f5d-9033-113fb9efb12b None None] Successfully loaded revision_plugin plugin. Description: Adds revision numbers to resources. {{(pid=102420) _create_and_add_service_plugin /opt/stack/neutron/neutron/manager.py:239}}
Apr 07 19:28:18.543009 np0000164073 devstack@neutron-api.service[102421]: INFO neutron.api.extensions [None req-0963c972-3bb7-4ce9-8b8f-390bca8c8c3c None None] Loaded extension: extra_dhcp_opt
Apr 07 19:28:18.543055 np0000164073 devstack@neutron-api.service[102420]: DEBUG oslo_concurrency.lockutils [None req-b9e26328-2c7a-4f5d-9033-113fb9efb12b None None] Lock "manager" "released" by "neutron.manager.NeutronManager._create_instance" :: held 4.485s {{(pid=102420) inner /opt/stack/data/venv/lib/python3.12/site-packages/oslo_concurrency/lockutils.py:538}}
Apr 07 19:28:18.543123 np0000164073 devstack@neutron-api.service[102421]: DEBUG neutron.api.extensions [None req-0963c972-3bb7-4ce9-8b8f-390bca8c8c3c None None] Loading extension file: extraroute.py {{(pid=102421) _load_all_extensions_from_path /opt/stack/neutron/neutron/api/extensions.py:449}}
Apr 07 19:28:18.543209 np0000164073 devstack@neutron-api.service[102420]: DEBUG neutron.api.extensions [None req-b9e26328-2c7a-4f5d-9033-113fb9efb12b None None] get_extension_paths = OrderedDict({'/opt/stack/neutron/neutron/extensions': 1}) {{(pid=102420) get_extensions_path /opt/stack/neutron/neutron/api/extensions.py:640}}
Apr 07 19:28:18.543295 np0000164073 devstack@neutron-api.service[102421]: DEBUG neutron.api.extensions [None req-0963c972-3bb7-4ce9-8b8f-390bca8c8c3c None None] Ext name="Neutron Extra Route" alias="extraroute" description="Extra routes configuration for L3 router" updated="2013-02-01T10:00:00-00:00" {{(pid=102421) _check_extension /opt/stack/neutron/neutron/api/extensions.py:415}}
Apr 07 19:28:18.543331 np0000164073 devstack@neutron-api.service[102420]: INFO neutron.api.extensions [None req-b9e26328-2c7a-4f5d-9033-113fb9efb12b None None] Initializing extension manager.
Apr 07 19:28:18.543507 np0000164073 devstack@neutron-api.service[102421]: INFO neutron.api.extensions [None req-0963c972-3bb7-4ce9-8b8f-390bca8c8c3c None None] Loaded extension: extraroute
Apr 07 19:28:18.543595 np0000164073 devstack@neutron-api.service[102421]: DEBUG neutron.api.extensions [None req-0963c972-3bb7-4ce9-8b8f-390bca8c8c3c None None] Loading extension file: extraroute_atomic.py {{(pid=102421) _load_all_extensions_from_path /opt/stack/neutron/neutron/api/extensions.py:449}}
Apr 07 19:28:18.543631 np0000164073 devstack@neutron-api.service[102420]: DEBUG neutron.api.extensions [None req-b9e26328-2c7a-4f5d-9033-113fb9efb12b None None] Loading extension file: __init__.py {{(pid=102420) _load_all_extensions_from_path /opt/stack/neutron/neutron/api/extensions.py:449}}
Apr 07 19:28:18.543751 np0000164073 devstack@neutron-api.service[102420]: DEBUG neutron.api.extensions [None req-b9e26328-2c7a-4f5d-9033-113fb9efb12b None None] Loading extension file: __pycache__ {{(pid=102420) _load_all_extensions_from_path /opt/stack/neutron/neutron/api/extensions.py:449}}
Apr 07 19:28:18.543751 np0000164073 devstack@neutron-api.service[102420]: DEBUG neutron.api.extensions [None req-b9e26328-2c7a-4f5d-9033-113fb9efb12b None None] Loading extension file: address_group.py {{(pid=102420) _load_all_extensions_from_path /opt/stack/neutron/neutron/api/extensions.py:449}}
Apr 07 19:28:18.543868 np0000164073 devstack@neutron-api.service[102421]: DEBUG neutron.api.extensions [None req-0963c972-3bb7-4ce9-8b8f-390bca8c8c3c None None] Ext name="Atomically add/remove extra routes" alias="extraroute-atomic" description="Edit extra routes of a router on server side by atomically adding/removing extra routes" updated="2019-07-10T00:00:00+00:00" {{(pid=102421) _check_extension /opt/stack/neutron/neutron/api/extensions.py:415}}
Apr 07 19:28:18.543990 np0000164073 devstack@neutron-api.service[102421]: INFO neutron.api.extensions [None req-0963c972-3bb7-4ce9-8b8f-390bca8c8c3c None None] Loaded extension: extraroute-atomic
Apr 07 19:28:18.544100 np0000164073 devstack@neutron-api.service[102421]: DEBUG neutron.api.extensions [None req-0963c972-3bb7-4ce9-8b8f-390bca8c8c3c None None] Loading extension file: filter_validation.py {{(pid=102421) _load_all_extensions_from_path /opt/stack/neutron/neutron/api/extensions.py:449}}
Apr 07 19:28:18.544139 np0000164073 devstack@neutron-api.service[102420]: DEBUG neutron.api.extensions [None req-b9e26328-2c7a-4f5d-9033-113fb9efb12b None None] Ext name="Address group" alias="address-group" description="Support address group" updated="2020-07-15T10:00:00-00:00" {{(pid=102420) _check_extension /opt/stack/neutron/neutron/api/extensions.py:415}}
Apr 07 19:28:18.544319 np0000164073 devstack@neutron-api.service[102421]: DEBUG neutron.api.extensions [None req-0963c972-3bb7-4ce9-8b8f-390bca8c8c3c None None] Ext name="Filter parameters validation" alias="filter-validation" description="Provides validation on filter parameters." updated="2018-07-04T10:00:00-00:00" {{(pid=102421) _check_extension /opt/stack/neutron/neutron/api/extensions.py:415}}
Apr 07 19:28:18.544381 np0000164073 devstack@neutron-api.service[102420]: INFO neutron.api.extensions [None req-b9e26328-2c7a-4f5d-9033-113fb9efb12b None None] Loaded extension: address-group
Apr 07 19:28:18.544460 np0000164073 devstack@neutron-api.service[102420]: DEBUG neutron.api.extensions [None req-b9e26328-2c7a-4f5d-9033-113fb9efb12b None None] Loading extension file: address_scope.py {{(pid=102420) _load_all_extensions_from_path /opt/stack/neutron/neutron/api/extensions.py:449}}
Apr 07 19:28:18.544494 np0000164073 devstack@neutron-api.service[102421]: INFO neutron.api.extensions [None req-0963c972-3bb7-4ce9-8b8f-390bca8c8c3c None None] Loaded extension: filter-validation
Apr 07 19:28:18.544609 np0000164073 devstack@neutron-api.service[102421]: DEBUG neutron.api.extensions [None req-0963c972-3bb7-4ce9-8b8f-390bca8c8c3c None None] Loading extension file: fip_pf_description.py {{(pid=102421) _load_all_extensions_from_path /opt/stack/neutron/neutron/api/extensions.py:449}}
Apr 07 19:28:18.544722 np0000164073 devstack@neutron-api.service[102419]: DEBUG neutron.plugins.ml2.plugin [None req-8fa84589-d74f-44ad-9bc9-c94e9b830c2e None None] neutron.plugins.ml2.plugin.Ml2Plugin method _start_rpc_notifiers called with arguments () {} {{(pid=102419) wrapper /opt/stack/data/venv/lib/python3.12/site-packages/oslo_log/helpers.py:77}}
Apr 07 19:28:18.544780 np0000164073 devstack@neutron-api.service[102420]: DEBUG neutron.api.extensions [None req-b9e26328-2c7a-4f5d-9033-113fb9efb12b None None] Ext name="Address scope" alias="address-scope" description="Address scopes extension." updated="2015-07-26T10:00:00-00:00" {{(pid=102420) _check_extension /opt/stack/neutron/neutron/api/extensions.py:415}}
Apr 07 19:28:18.544833 np0000164073 devstack@neutron-api.service[102421]: DEBUG neutron.api.extensions [None req-0963c972-3bb7-4ce9-8b8f-390bca8c8c3c None None] Ext name="Floating IP Port Forwarding new attribute description" alias="floating-ip-port-forwarding-description" description="Add a description field to Port Forwarding rules" updated="2019-11-01T10:00:00-00:00" {{(pid=102421) _check_extension /opt/stack/neutron/neutron/api/extensions.py:415}}
Apr 07 19:28:18.544914 np0000164073 devstack@neutron-api.service[102420]: INFO neutron.api.extensions [None req-b9e26328-2c7a-4f5d-9033-113fb9efb12b None None] Loaded extension: address-scope
Apr 07 19:28:18.544959 np0000164073 devstack@neutron-api.service[102421]: INFO neutron.api.extensions [None req-0963c972-3bb7-4ce9-8b8f-390bca8c8c3c None None] Extension floating-ip-port-forwarding-description not supported by any of loaded plugins
Apr 07 19:28:18.545015 np0000164073 devstack@neutron-api.service[102420]: DEBUG neutron.api.extensions [None req-b9e26328-2c7a-4f5d-9033-113fb9efb12b None None] Loading extension file: admin_state_down_before_update.py {{(pid=102420) _load_all_extensions_from_path /opt/stack/neutron/neutron/api/extensions.py:449}}
Apr 07 19:28:18.545096 np0000164073 devstack@neutron-api.service[102421]: DEBUG neutron.api.extensions [None req-0963c972-3bb7-4ce9-8b8f-390bca8c8c3c None None] Loading extension file: fip_pf_detail.py {{(pid=102421) _load_all_extensions_from_path /opt/stack/neutron/neutron/api/extensions.py:449}}
Apr 07 19:28:18.545236 np0000164073 devstack@neutron-api.service[102420]: DEBUG neutron.api.extensions [None req-b9e26328-2c7a-4f5d-9033-113fb9efb12b None None] Ext name="Enforce Router's Admin State Down Before Update Extension" alias="router-admin-state-down-before-update" description="Ensure that the admin state of a router is DOWN (admin_state_up=False) before updating the distributed attribute" updated="2019-07-02T15:56:00" {{(pid=102420) _check_extension /opt/stack/neutron/neutron/api/extensions.py:415}}
Apr 07 19:28:18.545274 np0000164073 devstack@neutron-api.service[102421]: DEBUG neutron.api.extensions [None req-0963c972-3bb7-4ce9-8b8f-390bca8c8c3c None None] Ext name="Floating IP port forwarding detail" alias="floating-ip-port-forwarding-detail" description="Allow list floating ip return more port forwarding data, include'id' and 'internal_port_id'" updated="2022-05-06T10:00:00-00:00" {{(pid=102421) _check_extension /opt/stack/neutron/neutron/api/extensions.py:415}}
Apr 07 19:28:18.545400 np0000164073 devstack@neutron-api.service[102419]: DEBUG neutron_lib.callbacks.manager [None req-8fa84589-d74f-44ad-9bc9-c94e9b830c2e None None] Subscribe: > port after_create 55550000, False {{(pid=102419) subscribe /opt/stack/data/venv/lib/python3.12/site-packages/neutron_lib/callbacks/manager.py:52}}
Apr 07 19:28:18.545445 np0000164073 devstack@neutron-api.service[102420]: INFO neutron.api.extensions [None req-b9e26328-2c7a-4f5d-9033-113fb9efb12b None None] Extension router-admin-state-down-before-update not supported by any of loaded plugins
Apr 07 19:28:18.545492 np0000164073 devstack@neutron-api.service[102421]: INFO neutron.api.extensions [None req-0963c972-3bb7-4ce9-8b8f-390bca8c8c3c None None] Loaded extension: floating-ip-port-forwarding-detail
Apr 07 19:28:18.545527 np0000164073 devstack@neutron-api.service[102420]: DEBUG neutron.api.extensions [None req-b9e26328-2c7a-4f5d-9033-113fb9efb12b None None] Loading extension file: agent.py {{(pid=102420) _load_all_extensions_from_path /opt/stack/neutron/neutron/api/extensions.py:449}}
Apr 07 19:28:18.545558 np0000164073 devstack@neutron-api.service[102421]: DEBUG neutron.api.extensions [None req-0963c972-3bb7-4ce9-8b8f-390bca8c8c3c None None] Loading extension file: fip_pf_port_range.py {{(pid=102421) _load_all_extensions_from_path /opt/stack/neutron/neutron/api/extensions.py:449}}
Apr 07 19:28:18.545695 np0000164073 devstack@neutron-api.service[102419]: DEBUG neutron_lib.callbacks.manager [None req-8fa84589-d74f-44ad-9bc9-c94e9b830c2e None None] Subscribe: > port after_update 55550000, False {{(pid=102419) subscribe /opt/stack/data/venv/lib/python3.12/site-packages/neutron_lib/callbacks/manager.py:52}}
Apr 07 19:28:18.545769 np0000164073 devstack@neutron-api.service[102421]: DEBUG neutron.api.extensions [None req-0963c972-3bb7-4ce9-8b8f-390bca8c8c3c None None] Ext name="Floating IP Port Forwarding support port ranges" alias="floating-ip-port-forwarding-port-ranges" description="Add support to port ranges" updated="2020-07-01T10:00:00-00:00" {{(pid=102421) _check_extension /opt/stack/neutron/neutron/api/extensions.py:415}}
Apr 07 19:28:18.545809 np0000164073 devstack@neutron-api.service[102420]: DEBUG neutron.api.extensions [None req-b9e26328-2c7a-4f5d-9033-113fb9efb12b None None] Ext name="agent" alias="agent" description="The agent management extension." updated="2013-02-03T10:00:00-00:00" {{(pid=102420) _check_extension /opt/stack/neutron/neutron/api/extensions.py:415}}
Apr 07 19:28:18.545929 np0000164073 devstack@neutron-api.service[102421]: INFO neutron.api.extensions [None req-0963c972-3bb7-4ce9-8b8f-390bca8c8c3c None None] Extension floating-ip-port-forwarding-port-ranges not supported by any of loaded plugins
Apr 07 19:28:18.545992 np0000164073 devstack@neutron-api.service[102419]: DEBUG neutron_lib.callbacks.manager [None req-8fa84589-d74f-44ad-9bc9-c94e9b830c2e None None] Subscribe: > port after_delete 55550000, False {{(pid=102419) subscribe /opt/stack/data/venv/lib/python3.12/site-packages/neutron_lib/callbacks/manager.py:52}}
Apr 07 19:28:18.546092 np0000164073 devstack@neutron-api.service[102420]: INFO neutron.api.extensions [None req-b9e26328-2c7a-4f5d-9033-113fb9efb12b None None] Loaded extension: agent
Apr 07 19:28:18.546136 np0000164073 devstack@neutron-api.service[102421]: DEBUG neutron.api.extensions [None req-0963c972-3bb7-4ce9-8b8f-390bca8c8c3c None None] Loading extension file: fip_port_details.py {{(pid=102421) _load_all_extensions_from_path /opt/stack/neutron/neutron/api/extensions.py:449}}
Apr 07 19:28:18.546205 np0000164073 devstack@neutron-api.service[102420]: DEBUG neutron.api.extensions [None req-b9e26328-2c7a-4f5d-9033-113fb9efb12b None None] Loading extension file: agent_resources_synced.py {{(pid=102420) _load_all_extensions_from_path /opt/stack/neutron/neutron/api/extensions.py:449}}
Apr 07 19:28:18.546283 np0000164073 devstack@neutron-api.service[102419]: DEBUG neutron_lib.callbacks.manager [None req-8fa84589-d74f-44ad-9bc9-c94e9b830c2e None None] Subscribe: > subnet after_create 55550000, False {{(pid=102419) subscribe /opt/stack/data/venv/lib/python3.12/site-packages/neutron_lib/callbacks/manager.py:52}}
Apr 07 19:28:18.546440 np0000164073 devstack@neutron-api.service[102421]: DEBUG neutron.api.extensions [None req-0963c972-3bb7-4ce9-8b8f-390bca8c8c3c None None] Ext name="Floating IP Port Details Extension" alias="fip-port-details" description="Add port_details attribute to Floating IP resource" updated="2018-04-09T10:00:00-00:00" {{(pid=102421) _check_extension /opt/stack/neutron/neutron/api/extensions.py:415}}
Apr 07 19:28:18.546494 np0000164073 devstack@neutron-api.service[102420]: DEBUG neutron.api.extensions [None req-b9e26328-2c7a-4f5d-9033-113fb9efb12b None None] Ext name="Agent's Resource View Synced to Placement" alias="agent-resources-synced" description="Stores success/failure of last sync to Placement" updated="2018-12-19T00:00:00-00:00" {{(pid=102420) _check_extension /opt/stack/neutron/neutron/api/extensions.py:415}}
Apr 07 19:28:18.546697 np0000164073 devstack@neutron-api.service[102421]: INFO neutron.api.extensions [None req-0963c972-3bb7-4ce9-8b8f-390bca8c8c3c None None] Loaded extension: fip-port-details
Apr 07 19:28:18.546833 np0000164073 devstack@neutron-api.service[102419]: DEBUG neutron_lib.callbacks.manager [None req-8fa84589-d74f-44ad-9bc9-c94e9b830c2e None None] Subscribe: > subnet after_update 55550000, False {{(pid=102419) subscribe /opt/stack/data/venv/lib/python3.12/site-packages/neutron_lib/callbacks/manager.py:52}}
Apr 07 19:28:18.546871 np0000164073 devstack@neutron-api.service[102420]: INFO neutron.api.extensions [None req-b9e26328-2c7a-4f5d-9033-113fb9efb12b None None] Extension agent-resources-synced not supported by any of loaded plugins
Apr 07 19:28:18.546989 np0000164073 devstack@neutron-api.service[102421]: DEBUG neutron.api.extensions [None req-0963c972-3bb7-4ce9-8b8f-390bca8c8c3c None None] Loading extension file: flavors.py {{(pid=102421) _load_all_extensions_from_path /opt/stack/neutron/neutron/api/extensions.py:449}}
Apr 07 19:28:18.547147 np0000164073 devstack@neutron-api.service[102420]: DEBUG neutron.api.extensions [None req-b9e26328-2c7a-4f5d-9033-113fb9efb12b None None] Loading extension file: allowedaddresspairs.py {{(pid=102420) _load_all_extensions_from_path /opt/stack/neutron/neutron/api/extensions.py:449}}
Apr 07 19:28:18.547204 np0000164073 devstack@neutron-api.service[102419]: DEBUG neutron_lib.callbacks.manager [None req-8fa84589-d74f-44ad-9bc9-c94e9b830c2e None None] Subscribe: > subnet after_delete 55550000, False {{(pid=102419) subscribe /opt/stack/data/venv/lib/python3.12/site-packages/neutron_lib/callbacks/manager.py:52}}
Apr 07 19:28:18.547274 np0000164073 devstack@neutron-api.service[102421]: DEBUG neutron.api.extensions [None req-0963c972-3bb7-4ce9-8b8f-390bca8c8c3c None None] Ext name="Neutron Service Flavors" alias="flavors" description="Flavor specification for Neutron advanced services." updated="2015-09-17T10:00:00-00:00" {{(pid=102421) _check_extension /opt/stack/neutron/neutron/api/extensions.py:415}}
Apr 07 19:28:18.547473 np0000164073 devstack@neutron-api.service[102419]: DEBUG neutron_lib.callbacks.manager [None req-8fa84589-d74f-44ad-9bc9-c94e9b830c2e None None] Subscribe: > network after_create 55550000, False {{(pid=102419) subscribe /opt/stack/data/venv/lib/python3.12/site-packages/neutron_lib/callbacks/manager.py:52}}
Apr 07 19:28:18.547541 np0000164073 devstack@neutron-api.service[102421]: INFO neutron.api.extensions [None req-0963c972-3bb7-4ce9-8b8f-390bca8c8c3c None None] Loaded extension: flavors
Apr 07 19:28:18.547541 np0000164073 devstack@neutron-api.service[102421]: DEBUG neutron.api.extensions [None req-0963c972-3bb7-4ce9-8b8f-390bca8c8c3c None None] Loading extension file: floating_ip_port_forwarding.py {{(pid=102421) _load_all_extensions_from_path /opt/stack/neutron/neutron/api/extensions.py:449}}
Apr 07 19:28:18.547603 np0000164073 devstack@neutron-api.service[102419]: DEBUG neutron_lib.callbacks.manager [None req-8fa84589-d74f-44ad-9bc9-c94e9b830c2e None None] Subscribe: > network after_update 55550000, False {{(pid=102419) subscribe /opt/stack/data/venv/lib/python3.12/site-packages/neutron_lib/callbacks/manager.py:52}}
Apr 07 19:28:18.547646 np0000164073 devstack@neutron-api.service[102420]: DEBUG neutron.api.extensions [None req-b9e26328-2c7a-4f5d-9033-113fb9efb12b None None] Ext name="Allowed Address Pairs" alias="allowed-address-pairs" description="Provides allowed address pairs" updated="2013-07-23T10:00:00-00:00" {{(pid=102420) _check_extension /opt/stack/neutron/neutron/api/extensions.py:415}}
Apr 07 19:28:18.547646 np0000164073 devstack@neutron-api.service[102420]: INFO neutron.api.extensions [None req-b9e26328-2c7a-4f5d-9033-113fb9efb12b None None] Loaded extension: allowed-address-pairs
Apr 07 19:28:18.547818 np0000164073 devstack@neutron-api.service[102419]: DEBUG neutron_lib.callbacks.manager [None req-8fa84589-d74f-44ad-9bc9-c94e9b830c2e None None] Subscribe: > network after_delete 55550000, False {{(pid=102419) subscribe /opt/stack/data/venv/lib/python3.12/site-packages/neutron_lib/callbacks/manager.py:52}}
Apr 07 19:28:18.547911 np0000164073 devstack@neutron-api.service[102421]: DEBUG neutron.api.extensions [None req-0963c972-3bb7-4ce9-8b8f-390bca8c8c3c None None] Ext name="Floating IP Port Forwarding" alias="floating-ip-port-forwarding" description="Allow port forwarding from floating IP port to an internal port" updated="2018-01-19T10:00:00-00:00" {{(pid=102421) _check_extension /opt/stack/neutron/neutron/api/extensions.py:415}}
Apr 07 19:28:18.547946 np0000164073 devstack@neutron-api.service[102420]: DEBUG neutron.api.extensions [None req-b9e26328-2c7a-4f5d-9033-113fb9efb12b None None] Loading extension file: auto_allocated_topology.py {{(pid=102420) _load_all_extensions_from_path /opt/stack/neutron/neutron/api/extensions.py:449}}
Apr 07 19:28:18.547978 np0000164073 devstack@neutron-api.service[102421]: INFO neutron.api.extensions [None req-0963c972-3bb7-4ce9-8b8f-390bca8c8c3c None None] Extension floating-ip-port-forwarding not supported by any of loaded plugins
Apr 07 19:28:18.548049 np0000164073 devstack@neutron-api.service[102419]: DEBUG neutron_lib.callbacks.manager [None req-8fa84589-d74f-44ad-9bc9-c94e9b830c2e None None] Subscribe: > security_group after_create 55550000, False {{(pid=102419) subscribe /opt/stack/data/venv/lib/python3.12/site-packages/neutron_lib/callbacks/manager.py:52}}
Apr 07 19:28:18.548081 np0000164073 devstack@neutron-api.service[102421]: DEBUG neutron.api.extensions [None req-0963c972-3bb7-4ce9-8b8f-390bca8c8c3c None None] Loading extension file: floatingip_pools.py {{(pid=102421) _load_all_extensions_from_path /opt/stack/neutron/neutron/api/extensions.py:449}}
Apr 07 19:28:18.548111 np0000164073 devstack@neutron-api.service[102420]: DEBUG neutron.api.extensions [None req-b9e26328-2c7a-4f5d-9033-113fb9efb12b None None] Ext name="Auto Allocated Topology Services" alias="auto-allocated-topology" description="Auto Allocated Topology Services." updated="2016-01-01T00:00:00-00:00" {{(pid=102420) _check_extension /opt/stack/neutron/neutron/api/extensions.py:415}}
Apr 07 19:28:18.548111 np0000164073 devstack@neutron-api.service[102420]: INFO neutron.api.extensions [None req-b9e26328-2c7a-4f5d-9033-113fb9efb12b None None] Loaded extension: auto-allocated-topology
Apr 07 19:28:18.548224 np0000164073 devstack@neutron-api.service[102419]: DEBUG neutron_lib.callbacks.manager [None req-8fa84589-d74f-44ad-9bc9-c94e9b830c2e None None] Subscribe: > security_group after_update 55550000, False {{(pid=102419) subscribe /opt/stack/data/venv/lib/python3.12/site-packages/neutron_lib/callbacks/manager.py:52}}
Apr 07 19:28:18.548256 np0000164073 devstack@neutron-api.service[102421]: DEBUG neutron.api.extensions [None req-0963c972-3bb7-4ce9-8b8f-390bca8c8c3c None None] Ext name="Floating IP Pools Extension" alias="floatingip-pools" description="Provides a floating IP pools API." updated="2018-03-21T10:00:00-00:00" {{(pid=102421) _check_extension /opt/stack/neutron/neutron/api/extensions.py:415}}
Apr 07 19:28:18.548283 np0000164073 devstack@neutron-api.service[102420]: DEBUG neutron.api.extensions [None req-b9e26328-2c7a-4f5d-9033-113fb9efb12b None None] Loading extension file: availability_zone.py {{(pid=102420) _load_all_extensions_from_path /opt/stack/neutron/neutron/api/extensions.py:449}}
Apr 07 19:28:18.548312 np0000164073 devstack@neutron-api.service[102421]: INFO neutron.api.extensions [None req-0963c972-3bb7-4ce9-8b8f-390bca8c8c3c None None] Loaded extension: floatingip-pools
Apr 07 19:28:18.548337 np0000164073 devstack@neutron-api.service[102419]: DEBUG neutron_lib.callbacks.manager [None req-8fa84589-d74f-44ad-9bc9-c94e9b830c2e None None] Subscribe: > security_group after_delete 55550000, False {{(pid=102419) subscribe /opt/stack/data/venv/lib/python3.12/site-packages/neutron_lib/callbacks/manager.py:52}}
Apr 07 19:28:18.548388 np0000164073 devstack@neutron-api.service[102421]: DEBUG neutron.api.extensions [None req-0963c972-3bb7-4ce9-8b8f-390bca8c8c3c None None] Loading extension file: ip_allocation.py {{(pid=102421) _load_all_extensions_from_path /opt/stack/neutron/neutron/api/extensions.py:449}}
Apr 07 19:28:18.548451 np0000164073 devstack@neutron-api.service[102420]: DEBUG neutron.api.extensions [None req-b9e26328-2c7a-4f5d-9033-113fb9efb12b None None] Ext name="Availability Zone" alias="availability_zone" description="The availability zone extension." updated="2015-01-01T10:00:00-00:00" {{(pid=102420) _check_extension /opt/stack/neutron/neutron/api/extensions.py:415}}
Apr 07 19:28:18.548451 np0000164073 devstack@neutron-api.service[102420]: INFO neutron.api.extensions [None req-b9e26328-2c7a-4f5d-9033-113fb9efb12b None None] Loaded extension: availability_zone
Apr 07 19:28:18.548512 np0000164073 devstack@neutron-api.service[102419]: DEBUG neutron_lib.callbacks.manager [None req-8fa84589-d74f-44ad-9bc9-c94e9b830c2e None None] Subscribe: > security_group_rule after_create 55550000, False {{(pid=102419) subscribe /opt/stack/data/venv/lib/python3.12/site-packages/neutron_lib/callbacks/manager.py:52}}
Apr 07 19:28:18.548580 np0000164073 devstack@neutron-api.service[102421]: DEBUG neutron.api.extensions [None req-0963c972-3bb7-4ce9-8b8f-390bca8c8c3c None None] Ext name="IP Allocation" alias="ip_allocation" description="IP allocation extension." updated="2016-06-10T23:00:00-00:00" {{(pid=102421) _check_extension /opt/stack/neutron/neutron/api/extensions.py:415}}
Apr 07 19:28:18.548642 np0000164073 devstack@neutron-api.service[102420]: DEBUG neutron.api.extensions [None req-b9e26328-2c7a-4f5d-9033-113fb9efb12b None None] Loading extension file: availability_zone_filter.py {{(pid=102420) _load_all_extensions_from_path /opt/stack/neutron/neutron/api/extensions.py:449}}
Apr 07 19:28:18.548672 np0000164073 devstack@neutron-api.service[102419]: DEBUG neutron_lib.callbacks.manager [None req-8fa84589-d74f-44ad-9bc9-c94e9b830c2e None None] Subscribe: > security_group_rule after_update 55550000, False {{(pid=102419) subscribe /opt/stack/data/venv/lib/python3.12/site-packages/neutron_lib/callbacks/manager.py:52}}
Apr 07 19:28:18.548708 np0000164073 devstack@neutron-api.service[102421]: INFO neutron.api.extensions [None req-0963c972-3bb7-4ce9-8b8f-390bca8c8c3c None None] Extension ip_allocation not supported by any of loaded plugins
Apr 07 19:28:18.548779 np0000164073 devstack@neutron-api.service[102419]: DEBUG neutron_lib.callbacks.manager [None req-8fa84589-d74f-44ad-9bc9-c94e9b830c2e None None] Subscribe: > security_group_rule after_delete 55550000, False {{(pid=102419) subscribe /opt/stack/data/venv/lib/python3.12/site-packages/neutron_lib/callbacks/manager.py:52}}
Apr 07 19:28:18.548843 np0000164073 devstack@neutron-api.service[102421]: DEBUG neutron.api.extensions [None req-0963c972-3bb7-4ce9-8b8f-390bca8c8c3c None None] Loading extension file: ip_substring_port_filtering.py {{(pid=102421) _load_all_extensions_from_path /opt/stack/neutron/neutron/api/extensions.py:449}}
Apr 07 19:28:18.548872 np0000164073 devstack@neutron-api.service[102420]: DEBUG neutron.api.extensions [None req-b9e26328-2c7a-4f5d-9033-113fb9efb12b None None] Ext name="Availability Zone Filter Extension" alias="availability_zone_filter" description="Add filter parameters to AvailabilityZone resource" updated="2018-06-22T10:00:00-00:00" {{(pid=102420) _check_extension /opt/stack/neutron/neutron/api/extensions.py:415}}
Apr 07 19:28:18.548909 np0000164073 devstack@neutron-api.service[102419]: DEBUG neutron_lib.callbacks.manager [None req-8fa84589-d74f-44ad-9bc9-c94e9b830c2e None None] Subscribe: > address_group after_create 55550000, False {{(pid=102419) subscribe /opt/stack/data/venv/lib/python3.12/site-packages/neutron_lib/callbacks/manager.py:52}}
Apr 07 19:28:18.548909 np0000164073 devstack@neutron-api.service[102419]: DEBUG neutron_lib.callbacks.manager [None req-8fa84589-d74f-44ad-9bc9-c94e9b830c2e None None] Subscribe: > address_group after_update 55550000, False {{(pid=102419) subscribe /opt/stack/data/venv/lib/python3.12/site-packages/neutron_lib/callbacks/manager.py:52}}
Apr 07 19:28:18.549015 np0000164073 devstack@neutron-api.service[102420]: INFO neutron.api.extensions [None req-b9e26328-2c7a-4f5d-9033-113fb9efb12b None None] Extension availability_zone_filter not supported by any of loaded plugins
Apr 07 19:28:18.549046 np0000164073 devstack@neutron-api.service[102421]: DEBUG neutron.api.extensions [None req-0963c972-3bb7-4ce9-8b8f-390bca8c8c3c None None] Ext name="IP address substring filtering" alias="ip-substring-filtering" description="Provides IP address substring filtering when listing ports" updated="2017-11-28T09:00:00-00:00" {{(pid=102421) _check_extension /opt/stack/neutron/neutron/api/extensions.py:415}}
Apr 07 19:28:18.549078 np0000164073 devstack@neutron-api.service[102419]: DEBUG neutron_lib.callbacks.manager [None req-8fa84589-d74f-44ad-9bc9-c94e9b830c2e None None] Subscribe: > address_group after_delete 55550000, False {{(pid=102419) subscribe /opt/stack/data/venv/lib/python3.12/site-packages/neutron_lib/callbacks/manager.py:52}}
Apr 07 19:28:18.549110 np0000164073 devstack@neutron-api.service[102420]: DEBUG neutron.api.extensions [None req-b9e26328-2c7a-4f5d-9033-113fb9efb12b None None] Loading extension file: data_plane_status.py {{(pid=102420) _load_all_extensions_from_path /opt/stack/neutron/neutron/api/extensions.py:449}}
Apr 07 19:28:18.549179 np0000164073 devstack@neutron-api.service[102419]: DEBUG neutron.plugins.ml2.ovo_rpc [None req-8fa84589-d74f-44ad-9bc9-c94e9b830c2e None None] ML2 OVO RPC backend initialized. {{(pid=102419) __init__ /opt/stack/neutron/neutron/plugins/ml2/ovo_rpc.py:117}}
Apr 07 19:28:18.549240 np0000164073 devstack@neutron-api.service[102421]: INFO neutron.api.extensions [None req-0963c972-3bb7-4ce9-8b8f-390bca8c8c3c None None] Extension ip-substring-filtering not supported by any of loaded plugins
Apr 07 19:28:18.549240 np0000164073 devstack@neutron-api.service[102421]: DEBUG neutron.api.extensions [None req-0963c972-3bb7-4ce9-8b8f-390bca8c8c3c None None] Loading extension file: l2_adjacency.py {{(pid=102421) _load_all_extensions_from_path /opt/stack/neutron/neutron/api/extensions.py:449}}
Apr 07 19:28:18.549296 np0000164073 devstack@neutron-api.service[102420]: DEBUG neutron.api.extensions [None req-b9e26328-2c7a-4f5d-9033-113fb9efb12b None None] Ext name="Port data plane status extension" alias="data-plane-status" description="Expose status of underlying data plane" updated="2017-01-24T10:00:00-00:00" {{(pid=102420) _check_extension /opt/stack/neutron/neutron/api/extensions.py:415}}
Apr 07 19:28:18.549402 np0000164073 devstack@neutron-api.service[102420]: INFO neutron.api.extensions [None req-b9e26328-2c7a-4f5d-9033-113fb9efb12b None None] Extension data-plane-status not supported by any of loaded plugins
Apr 07 19:28:18.549437 np0000164073 devstack@neutron-api.service[102421]: DEBUG neutron.api.extensions [None req-0963c972-3bb7-4ce9-8b8f-390bca8c8c3c None None] Ext name="L2 Adjacency" alias="l2_adjacency" description="Display L2 Adjacency for Neutron Networks." updated="2016-04-12T16:00:00-00:00" {{(pid=102421) _check_extension /opt/stack/neutron/neutron/api/extensions.py:415}}
Apr 07 19:28:18.549492 np0000164073 devstack@neutron-api.service[102420]: DEBUG neutron.api.extensions [None req-b9e26328-2c7a-4f5d-9033-113fb9efb12b None None] Loading extension file: default_subnetpools.py {{(pid=102420) _load_all_extensions_from_path /opt/stack/neutron/neutron/api/extensions.py:449}}
Apr 07 19:28:18.549591 np0000164073 devstack@neutron-api.service[102421]: INFO neutron.api.extensions [None req-0963c972-3bb7-4ce9-8b8f-390bca8c8c3c None None] Extension l2_adjacency not supported by any of loaded plugins
Apr 07 19:28:18.549681 np0000164073 devstack@neutron-api.service[102421]: DEBUG neutron.api.extensions [None req-0963c972-3bb7-4ce9-8b8f-390bca8c8c3c None None] Loading extension file: l3.py {{(pid=102421) _load_all_extensions_from_path /opt/stack/neutron/neutron/api/extensions.py:449}}
Apr 07 19:28:18.549744 np0000164073 devstack@neutron-api.service[102420]: DEBUG neutron.api.extensions [None req-b9e26328-2c7a-4f5d-9033-113fb9efb12b None None] Ext name="Default Subnetpools" alias="default-subnetpools" description="Provides ability to mark and use a subnetpool as the default." updated="2016-02-18T18:00:00-00:00" {{(pid=102420) _check_extension /opt/stack/neutron/neutron/api/extensions.py:415}}
Apr 07 19:28:18.549882 np0000164073 devstack@neutron-api.service[102420]: INFO neutron.api.extensions [None req-b9e26328-2c7a-4f5d-9033-113fb9efb12b None None] Loaded extension: default-subnetpools
Apr 07 19:28:18.549973 np0000164073 devstack@neutron-api.service[102420]: DEBUG neutron.api.extensions [None req-b9e26328-2c7a-4f5d-9033-113fb9efb12b None None] Loading extension file: dhcpagentscheduler.py {{(pid=102420) _load_all_extensions_from_path /opt/stack/neutron/neutron/api/extensions.py:449}}
Apr 07 19:28:18.550080 np0000164073 devstack@neutron-api.service[102421]: DEBUG neutron.api.extensions [None req-0963c972-3bb7-4ce9-8b8f-390bca8c8c3c None None] Ext name="Neutron L3 Router" alias="router" description="Router abstraction for basic L3 forwarding between L2 Neutron networks and access to external networks via a NAT gateway." updated="2012-07-20T10:00:00-00:00" {{(pid=102421) _check_extension /opt/stack/neutron/neutron/api/extensions.py:415}}
Apr 07 19:28:18.550278 np0000164073 devstack@neutron-api.service[102421]: INFO neutron.api.extensions [None req-0963c972-3bb7-4ce9-8b8f-390bca8c8c3c None None] Loaded extension: router
Apr 07 19:28:18.550308 np0000164073 devstack@neutron-api.service[102419]: INFO neutron.quota [None req-8fa84589-d74f-44ad-9bc9-c94e9b830c2e None None] Loaded quota_driver: .
Apr 07 19:28:18.550339 np0000164073 devstack@neutron-api.service[102420]: DEBUG neutron.api.extensions [None req-b9e26328-2c7a-4f5d-9033-113fb9efb12b None None] Ext name="DHCP Agent Scheduler" alias="dhcp_agent_scheduler" description="Schedule networks among dhcp agents" updated="2013-02-07T10:00:00-00:00" {{(pid=102420) _check_extension /opt/stack/neutron/neutron/api/extensions.py:415}}
Apr 07 19:28:18.550395 np0000164073 devstack@neutron-api.service[102421]: DEBUG neutron.api.extensions [None req-0963c972-3bb7-4ce9-8b8f-390bca8c8c3c None None] Loading extension file: l3_conntrack_helper.py {{(pid=102421) _load_all_extensions_from_path /opt/stack/neutron/neutron/api/extensions.py:449}}
Apr 07 19:28:18.550426 np0000164073 devstack@neutron-api.service[102419]: INFO neutron.plugins.ml2.plugin [None req-8fa84589-d74f-44ad-9bc9-c94e9b830c2e None None] Modular L2 Plugin initialization complete
Apr 07 19:28:18.550570 np0000164073 devstack@neutron-api.service[102419]: DEBUG neutron.manager [None req-8fa84589-d74f-44ad-9bc9-c94e9b830c2e None None] Loading services supported by the core plugin {{(pid=102419) _load_services_from_core_plugin /opt/stack/neutron/neutron/manager.py:170}}
Apr 07 19:28:18.550610 np0000164073 devstack@neutron-api.service[102420]: INFO neutron.api.extensions [None req-b9e26328-2c7a-4f5d-9033-113fb9efb12b None None] Loaded extension: dhcp_agent_scheduler
