Mar 05 11:17:54.500237 np0000157866 neutron-periodic-workers[105397]: DEBUG cotyledon.oslo_config_glue [-] database.connection_debug = 0 {{(pid=105397) log_opt_values /opt/stack/data/venv/lib/python3.12/site-packages/oslo_config/cfg.py:3006}}
Mar 05 11:17:54.500288 np0000157866 neutron-periodic-workers[105397]: DEBUG cotyledon.oslo_config_glue [-] database.connection_parameters = {{(pid=105397) log_opt_values /opt/stack/data/venv/lib/python3.12/site-packages/oslo_config/cfg.py:3006}}
Mar 05 11:17:54.500348 np0000157866 neutron-periodic-workers[105397]: DEBUG cotyledon.oslo_config_glue [-] database.connection_recycle_time = 3600 {{(pid=105397) log_opt_values /opt/stack/data/venv/lib/python3.12/site-packages/oslo_config/cfg.py:3006}}
Mar 05 11:17:54.500392 np0000157866 neutron-periodic-workers[105397]: DEBUG cotyledon.oslo_config_glue [-] database.connection_trace = False {{(pid=105397) log_opt_values /opt/stack/data/venv/lib/python3.12/site-packages/oslo_config/cfg.py:3006}}
Mar 05 11:17:54.500447 np0000157866 neutron-periodic-workers[105397]: DEBUG cotyledon.oslo_config_glue [-] database.db_inc_retry_interval = True {{(pid=105397) log_opt_values /opt/stack/data/venv/lib/python3.12/site-packages/oslo_config/cfg.py:3006}}
Mar 05 11:17:54.500503 np0000157866 neutron-periodic-workers[105397]: DEBUG cotyledon.oslo_config_glue [-] database.db_max_retries = 20 {{(pid=105397) log_opt_values /opt/stack/data/venv/lib/python3.12/site-packages/oslo_config/cfg.py:3006}}
Mar 05 11:17:54.500561 np0000157866 neutron-periodic-workers[105397]: DEBUG cotyledon.oslo_config_glue [-] database.db_max_retry_interval = 10 {{(pid=105397) log_opt_values /opt/stack/data/venv/lib/python3.12/site-packages/oslo_config/cfg.py:3006}}
Mar 05 11:17:54.500610 np0000157866 neutron-periodic-workers[105397]: DEBUG cotyledon.oslo_config_glue [-] database.db_retry_interval = 1 {{(pid=105397) log_opt_values /opt/stack/data/venv/lib/python3.12/site-packages/oslo_config/cfg.py:3006}}
Mar 05 11:17:54.500649 np0000157866 neutron-periodic-workers[105397]: DEBUG cotyledon.oslo_config_glue [-] database.max_overflow = 50 {{(pid=105397) log_opt_values /opt/stack/data/venv/lib/python3.12/site-packages/oslo_config/cfg.py:3006}}
Mar 05 11:17:54.500684 np0000157866 neutron-periodic-workers[105397]: DEBUG cotyledon.oslo_config_glue [-] database.max_pool_size = 5 {{(pid=105397) log_opt_values /opt/stack/data/venv/lib/python3.12/site-packages/oslo_config/cfg.py:3006}}
Mar 05 11:17:54.500738 np0000157866 neutron-periodic-workers[105397]: DEBUG cotyledon.oslo_config_glue [-] database.max_retries = 10 {{(pid=105397) log_opt_values /opt/stack/data/venv/lib/python3.12/site-packages/oslo_config/cfg.py:3006}}
Mar 05 11:17:54.500769 np0000157866 neutron-periodic-workers[105397]: DEBUG cotyledon.oslo_config_glue [-] database.mysql_sql_mode = TRADITIONAL {{(pid=105397) log_opt_values /opt/stack/data/venv/lib/python3.12/site-packages/oslo_config/cfg.py:3006}}
Mar 05 11:17:54.500830 np0000157866 neutron-periodic-workers[105397]: DEBUG cotyledon.oslo_config_glue [-] database.mysql_wsrep_sync_wait = None {{(pid=105397) log_opt_values /opt/stack/data/venv/lib/python3.12/site-packages/oslo_config/cfg.py:3006}}
Mar 05 11:17:54.500870 np0000157866 neutron-periodic-workers[105397]: DEBUG cotyledon.oslo_config_glue [-] database.pool_timeout = None {{(pid=105397) log_opt_values /opt/stack/data/venv/lib/python3.12/site-packages/oslo_config/cfg.py:3006}}
Mar 05 11:17:54.500915 np0000157866 neutron-periodic-workers[105397]: DEBUG cotyledon.oslo_config_glue [-] database.retry_interval = 10 {{(pid=105397) log_opt_values /opt/stack/data/venv/lib/python3.12/site-packages/oslo_config/cfg.py:3006}}
Mar 05 11:17:54.500984 np0000157866 neutron-periodic-workers[105397]: DEBUG cotyledon.oslo_config_glue [-] database.slave_connection = **** {{(pid=105397) log_opt_values /opt/stack/data/venv/lib/python3.12/site-packages/oslo_config/cfg.py:3006}}
Mar 05 11:17:54.501026 np0000157866 neutron-periodic-workers[105397]: DEBUG cotyledon.oslo_config_glue [-] database.sqlite_synchronous = True {{(pid=105397) log_opt_values /opt/stack/data/venv/lib/python3.12/site-packages/oslo_config/cfg.py:3006}}
Mar 05 11:17:54.501080 np0000157866 neutron-periodic-workers[105397]: DEBUG cotyledon.oslo_config_glue [-] database.synchronous_reader = True {{(pid=105397) log_opt_values /opt/stack/data/venv/lib/python3.12/site-packages/oslo_config/cfg.py:3006}}
Mar 05 11:17:54.501115 np0000157866 neutron-periodic-workers[105397]: DEBUG cotyledon.oslo_config_glue [-] database.use_db_reconnect = False {{(pid=105397) log_opt_values /opt/stack/data/venv/lib/python3.12/site-packages/oslo_config/cfg.py:3006}}
Mar 05 11:17:54.501187 np0000157866 neutron-periodic-workers[105397]: DEBUG cotyledon.oslo_config_glue [-] ovn.broadcast_arps_to_all_routers = True {{(pid=105397) log_opt_values /opt/stack/data/venv/lib/python3.12/site-packages/oslo_config/cfg.py:3006}}
Mar 05 11:17:54.501247 np0000157866 neutron-periodic-workers[105397]: DEBUG cotyledon.oslo_config_glue [-] ovn.dhcp_default_lease_time = 43200 {{(pid=105397) log_opt_values /opt/stack/data/venv/lib/python3.12/site-packages/oslo_config/cfg.py:3006}}
Mar 05 11:17:54.501287 np0000157866 neutron-periodic-workers[105397]: DEBUG cotyledon.oslo_config_glue [-] ovn.disable_ovn_dhcp_for_baremetal_ports = False {{(pid=105397) log_opt_values /opt/stack/data/venv/lib/python3.12/site-packages/oslo_config/cfg.py:3006}}
Mar 05 11:17:54.501318 np0000157866 neutron-periodic-workers[105397]: DEBUG cotyledon.oslo_config_glue [-] ovn.dns_records_ovn_owned = False {{(pid=105397) log_opt_values /opt/stack/data/venv/lib/python3.12/site-packages/oslo_config/cfg.py:3006}}
Mar 05 11:17:54.501360 np0000157866 neutron-periodic-workers[105397]: DEBUG cotyledon.oslo_config_glue [-] ovn.dns_servers = [] {{(pid=105397) log_opt_values /opt/stack/data/venv/lib/python3.12/site-packages/oslo_config/cfg.py:3006}}
Mar 05 11:17:54.501398 np0000157866 neutron-periodic-workers[105397]: DEBUG cotyledon.oslo_config_glue [-] ovn.enable_distributed_floating_ip = False {{(pid=105397) log_opt_values /opt/stack/data/venv/lib/python3.12/site-packages/oslo_config/cfg.py:3006}}
Mar 05 11:17:54.501440 np0000157866 neutron-periodic-workers[105397]: DEBUG cotyledon.oslo_config_glue [-] ovn.fdb_age_threshold = 300 {{(pid=105397) log_opt_values /opt/stack/data/venv/lib/python3.12/site-packages/oslo_config/cfg.py:3006}}
Mar 05 11:17:54.501480 np0000157866 neutron-periodic-workers[105397]: DEBUG cotyledon.oslo_config_glue [-] ovn.live_migration_activation_strategy = rarp {{(pid=105397) log_opt_values /opt/stack/data/venv/lib/python3.12/site-packages/oslo_config/cfg.py:3006}}
Mar 05 11:17:54.501528 np0000157866 neutron-periodic-workers[105397]: DEBUG cotyledon.oslo_config_glue [-] ovn.localnet_learn_fdb = False {{(pid=105397) log_opt_values /opt/stack/data/venv/lib/python3.12/site-packages/oslo_config/cfg.py:3006}}
Mar 05 11:17:54.501566 np0000157866 neutron-periodic-workers[105397]: DEBUG cotyledon.oslo_config_glue [-] ovn.mac_binding_age_threshold = 300 {{(pid=105397) log_opt_values /opt/stack/data/venv/lib/python3.12/site-packages/oslo_config/cfg.py:3006}}
Mar 05 11:17:54.501596 np0000157866 neutron-periodic-workers[105397]: DEBUG cotyledon.oslo_config_glue [-] ovn.neutron_sync_mode = log {{(pid=105397) log_opt_values /opt/stack/data/venv/lib/python3.12/site-packages/oslo_config/cfg.py:3006}}
Mar 05 11:17:54.501648 np0000157866 neutron-periodic-workers[105397]: DEBUG cotyledon.oslo_config_glue [-] ovn.ovn_dhcp4_global_options = {} {{(pid=105397) log_opt_values /opt/stack/data/venv/lib/python3.12/site-packages/oslo_config/cfg.py:3006}}
Mar 05 11:17:54.501702 np0000157866 neutron-periodic-workers[105397]: DEBUG cotyledon.oslo_config_glue [-] ovn.ovn_dhcp6_global_options = {} {{(pid=105397) log_opt_values /opt/stack/data/venv/lib/python3.12/site-packages/oslo_config/cfg.py:3006}}
Mar 05 11:17:54.501745 np0000157866 neutron-periodic-workers[105397]: DEBUG cotyledon.oslo_config_glue [-] ovn.ovn_l3_scheduler = leastloaded {{(pid=105397) log_opt_values /opt/stack/data/venv/lib/python3.12/site-packages/oslo_config/cfg.py:3006}}
Mar 05 11:17:54.501794 np0000157866 neutron-periodic-workers[105397]: DEBUG cotyledon.oslo_config_glue [-] ovn.ovn_metadata_enabled = True {{(pid=105397) log_opt_values /opt/stack/data/venv/lib/python3.12/site-packages/oslo_config/cfg.py:3006}}
Mar 05 11:17:54.501847 np0000157866 neutron-periodic-workers[105397]: DEBUG cotyledon.oslo_config_glue [-] ovn.ovn_nb_ca_cert = /opt/stack/data/CA/int-ca/ca-chain.pem {{(pid=105397) log_opt_values /opt/stack/data/venv/lib/python3.12/site-packages/oslo_config/cfg.py:3006}}
Mar 05 11:17:54.501904 np0000157866 neutron-periodic-workers[105397]: DEBUG cotyledon.oslo_config_glue [-] ovn.ovn_nb_certificate = /opt/stack/data/CA/int-ca/devstack-cert.crt {{(pid=105397) log_opt_values /opt/stack/data/venv/lib/python3.12/site-packages/oslo_config/cfg.py:3006}}
Mar 05 11:17:54.501953 np0000157866 neutron-periodic-workers[105397]: DEBUG cotyledon.oslo_config_glue [-] ovn.ovn_nb_connection = ['ssl:199.204.45.99:6641'] {{(pid=105397) log_opt_values /opt/stack/data/venv/lib/python3.12/site-packages/oslo_config/cfg.py:3006}}
Mar 05 11:17:54.502015 np0000157866 neutron-periodic-workers[105397]: DEBUG cotyledon.oslo_config_glue [-] ovn.ovn_nb_private_key = /opt/stack/data/CA/int-ca/private/devstack-cert.key {{(pid=105397) log_opt_values /opt/stack/data/venv/lib/python3.12/site-packages/oslo_config/cfg.py:3006}}
Mar 05 11:17:54.502047 np0000157866 neutron-periodic-workers[105397]: DEBUG cotyledon.oslo_config_glue [-] ovn.ovn_router_indirect_snat = False {{(pid=105397) log_opt_values /opt/stack/data/venv/lib/python3.12/site-packages/oslo_config/cfg.py:3006}}
Mar 05 11:17:54.502101 np0000157866 neutron-periodic-workers[105397]: DEBUG cotyledon.oslo_config_glue [-] ovn.ovn_sb_ca_cert = /opt/stack/data/CA/int-ca/ca-chain.pem {{(pid=105397) log_opt_values /opt/stack/data/venv/lib/python3.12/site-packages/oslo_config/cfg.py:3006}}
Mar 05 11:17:54.502132 np0000157866 neutron-periodic-workers[105397]: DEBUG cotyledon.oslo_config_glue [-] ovn.ovn_sb_certificate = /opt/stack/data/CA/int-ca/devstack-cert.crt {{(pid=105397) log_opt_values /opt/stack/data/venv/lib/python3.12/site-packages/oslo_config/cfg.py:3006}}
Mar 05 11:17:54.502162 np0000157866 neutron-periodic-workers[105397]: DEBUG cotyledon.oslo_config_glue [-] ovn.ovn_sb_connection = ['ssl:199.204.45.99:6642'] {{(pid=105397) log_opt_values /opt/stack/data/venv/lib/python3.12/site-packages/oslo_config/cfg.py:3006}}
Mar 05 11:17:54.502212 np0000157866 neutron-periodic-workers[105397]: DEBUG cotyledon.oslo_config_glue [-] ovn.ovn_sb_private_key = /opt/stack/data/CA/int-ca/private/devstack-cert.key {{(pid=105397) log_opt_values /opt/stack/data/venv/lib/python3.12/site-packages/oslo_config/cfg.py:3006}}
Mar 05 11:17:54.502244 np0000157866 neutron-periodic-workers[105397]: DEBUG cotyledon.oslo_config_glue [-] ovn.ovs_create_tap = False {{(pid=105397) log_opt_values /opt/stack/data/venv/lib/python3.12/site-packages/oslo_config/cfg.py:3006}}
Mar 05 11:17:54.502295 np0000157866 neutron-periodic-workers[105397]: DEBUG cotyledon.oslo_config_glue [-] ovn.ovsdb_connection_timeout = 180 {{(pid=105397) log_opt_values /opt/stack/data/venv/lib/python3.12/site-packages/oslo_config/cfg.py:3006}}
Mar 05 11:17:54.502331 np0000157866 neutron-periodic-workers[105397]: DEBUG cotyledon.oslo_config_glue [-] ovn.ovsdb_log_level = INFO {{(pid=105397) log_opt_values /opt/stack/data/venv/lib/python3.12/site-packages/oslo_config/cfg.py:3006}}
Mar 05 11:17:54.502379 np0000157866 neutron-periodic-workers[105397]: DEBUG cotyledon.oslo_config_glue [-] ovn.ovsdb_probe_interval = 60000 {{(pid=105397) log_opt_values /opt/stack/data/venv/lib/python3.12/site-packages/oslo_config/cfg.py:3006}}
Mar 05 11:17:54.502410 np0000157866 neutron-periodic-workers[105397]: DEBUG cotyledon.oslo_config_glue [-] ovn.ovsdb_retry_max_interval = 180 {{(pid=105397) log_opt_values /opt/stack/data/venv/lib/python3.12/site-packages/oslo_config/cfg.py:3006}}
Mar 05 11:17:54.502462 np0000157866 neutron-periodic-workers[105397]: DEBUG cotyledon.oslo_config_glue [-] ovn.stateless_nat_enabled = False {{(pid=105397) log_opt_values /opt/stack/data/venv/lib/python3.12/site-packages/oslo_config/cfg.py:3006}}
Mar 05 11:17:54.502519 np0000157866 neutron-periodic-workers[105397]: DEBUG cotyledon.oslo_config_glue [-] ovn.vhost_sock_dir = /var/run/openvswitch {{(pid=105397) log_opt_values /opt/stack/data/venv/lib/python3.12/site-packages/oslo_config/cfg.py:3006}}
Mar 05 11:17:54.502567 np0000157866 neutron-periodic-workers[105397]: DEBUG cotyledon.oslo_config_glue [-] OVS.bridge_mac_table_size = 50000 {{(pid=105397) log_opt_values /opt/stack/data/venv/lib/python3.12/site-packages/oslo_config/cfg.py:3006}}
Mar 05 11:17:54.502603 np0000157866 neutron-periodic-workers[105397]: DEBUG cotyledon.oslo_config_glue [-] OVS.igmp_flood = False {{(pid=105397) log_opt_values /opt/stack/data/venv/lib/python3.12/site-packages/oslo_config/cfg.py:3006}}
Mar 05 11:17:54.502656 np0000157866 neutron-periodic-workers[105397]: DEBUG cotyledon.oslo_config_glue [-] OVS.igmp_flood_reports = True {{(pid=105397) log_opt_values /opt/stack/data/venv/lib/python3.12/site-packages/oslo_config/cfg.py:3006}}
Mar 05 11:17:54.502691 np0000157866 neutron-periodic-workers[105397]: DEBUG cotyledon.oslo_config_glue [-] OVS.igmp_flood_unregistered = False {{(pid=105397) log_opt_values /opt/stack/data/venv/lib/python3.12/site-packages/oslo_config/cfg.py:3006}}
Mar 05 11:17:54.502727 np0000157866 neutron-periodic-workers[105397]: DEBUG cotyledon.oslo_config_glue [-] OVS.igmp_snooping_enable = False {{(pid=105397) log_opt_values /opt/stack/data/venv/lib/python3.12/site-packages/oslo_config/cfg.py:3006}}
Mar 05 11:17:54.502780 np0000157866 neutron-periodic-workers[105397]: DEBUG cotyledon.oslo_config_glue [-] OVS.ovsdb_timeout = 10 {{(pid=105397) log_opt_values /opt/stack/data/venv/lib/python3.12/site-packages/oslo_config/cfg.py:3006}}
Mar 05 11:17:54.502839 np0000157866 neutron-periodic-workers[105397]: DEBUG cotyledon.oslo_config_glue [-] ovn_nb_global.fdb_removal_limit = 0 {{(pid=105397) log_opt_values /opt/stack/data/venv/lib/python3.12/site-packages/oslo_config/cfg.py:3006}}
Mar 05 11:17:54.502892 np0000157866 neutron-periodic-workers[105397]: DEBUG cotyledon.oslo_config_glue [-] ovn_nb_global.ignore_lsp_down = False {{(pid=105397) log_opt_values /opt/stack/data/venv/lib/python3.12/site-packages/oslo_config/cfg.py:3006}}
Mar 05 11:17:54.502945 np0000157866 neutron-periodic-workers[105397]: DEBUG cotyledon.oslo_config_glue [-] ovn_nb_global.mac_binding_removal_limit = 0 {{(pid=105397) log_opt_values /opt/stack/data/venv/lib/python3.12/site-packages/oslo_config/cfg.py:3006}}
Mar 05 11:17:54.503006 np0000157866 neutron-periodic-workers[105397]: DEBUG cotyledon.oslo_config_glue [-] ******************************************************************************** {{(pid=105397) log_opt_values /opt/stack/data/venv/lib/python3.12/site-packages/oslo_config/cfg.py:3013}}
Mar 05 11:17:54.503175 np0000157866 neutron-periodic-workers[105397]: DEBUG cotyledon._service_worker [-] Run service ServiceWrapper(0) [105397] {{(pid=105397) wait_forever /opt/stack/data/venv/lib/python3.12/site-packages/cotyledon/_service_worker.py:218}}
Mar 05 11:18:04.139464 np0000157866 neutron-periodic-workers[104536]: DEBUG dbcounter [-] [104536] Writing DB stats neutron:SELECT=4 {{(pid=104536) stat_writer /opt/stack/data/venv/lib/python3.12/site-packages/dbcounter.py:115}}
Mar 05 11:18:41.484337 np0000157866 neutron-periodic-workers[105379]: DEBUG oslo_db.sqlalchemy.engines [None req-1ef79ecd-04d6-4459-909b-3e74b98782cb None None] Parent process 104536 forked (105379) with an open database connection, which is being discarded and recreated. {{(pid=105379) checkout /opt/stack/data/venv/lib/python3.12/site-packages/oslo_db/sqlalchemy/engines.py:402}}
Mar 05 11:18:41.491626 np0000157866 neutron-periodic-workers[105379]: DEBUG dbcounter [-] [105379] Writer thread running {{(pid=105379) stat_writer /opt/stack/data/venv/lib/python3.12/site-packages/dbcounter.py:102}}
Mar 05 11:18:41.495668 np0000157866 neutron-periodic-workers[105379]: DEBUG neutron.db.agents_db [None req-1ef79ecd-04d6-4459-909b-3e74b98782cb None None] Agent healthcheck: found 0 active agents {{(pid=105379) agent_health_check /opt/stack/neutron/neutron/db/agents_db.py:317}}
Mar 05 11:18:41.495834 np0000157866 neutron-periodic-workers[105379]: DEBUG oslo.service.backend._threading.loopingcall [None req-1ef79ecd-04d6-4459-909b-3e74b98782cb None None] Fixed interval looping call 'neutron.plugins.ml2.plugin.AgentDbMixin.agent_health_check' sleeping for 36.97 seconds {{(pid=105379) _run_loop /opt/stack/data/venv/lib/python3.12/site-packages/oslo_service/backend/_threading/loopingcall.py:125}}
Mar 05 11:18:51.492332 np0000157866 neutron-periodic-workers[105379]: DEBUG dbcounter [-] [105379] Writing DB stats neutron:SELECT=1 {{(pid=105379) stat_writer /opt/stack/data/venv/lib/python3.12/site-packages/dbcounter.py:115}}
Mar 05 11:18:53.465020 np0000157866 neutron-periodic-workers[105371]: DEBUG dbcounter [-] [105371] Writer thread running {{(pid=105371) stat_writer /opt/stack/data/venv/lib/python3.12/site-packages/dbcounter.py:102}}
Mar 05 11:18:53.476124 np0000157866 neutron-periodic-workers[105371]: DEBUG oslo.service.backend._threading.loopingcall [None req-bb8d7000-a851-40f8-9cc0-22660cfb5608 None None] Fixed interval looping call 'neutron.plugins.ml2.plugin.DhcpAgentSchedulerDbMixin.remove_networks_from_down_agents' sleeping for 36.97 seconds {{(pid=105371) _run_loop /opt/stack/data/venv/lib/python3.12/site-packages/oslo_service/backend/_threading/loopingcall.py:125}}
Mar 05 11:19:03.474841 np0000157866 neutron-periodic-workers[105371]: DEBUG dbcounter [-] [105371] Writing DB stats neutron:SELECT=3 {{(pid=105371) stat_writer /opt/stack/data/venv/lib/python3.12/site-packages/dbcounter.py:115}}
Mar 05 11:19:18.472254 np0000157866 neutron-periodic-workers[105379]: DEBUG neutron.db.agents_db [None req-1ef79ecd-04d6-4459-909b-3e74b98782cb None None] Agent healthcheck: found 0 active agents {{(pid=105379) agent_health_check /opt/stack/neutron/neutron/db/agents_db.py:317}}
Mar 05 11:19:18.472836 np0000157866 neutron-periodic-workers[105379]: DEBUG oslo.service.backend._threading.loopingcall [None req-1ef79ecd-04d6-4459-909b-3e74b98782cb None None] Fixed interval looping call 'neutron.plugins.ml2.plugin.AgentDbMixin.agent_health_check' sleeping for 36.99 seconds {{(pid=105379) _run_loop /opt/stack/data/venv/lib/python3.12/site-packages/oslo_service/backend/_threading/loopingcall.py:125}}
Mar 05 11:19:28.470287 np0000157866 neutron-periodic-workers[105379]: DEBUG dbcounter [-] [105379] Writing DB stats neutron:SELECT=1 {{(pid=105379) stat_writer /opt/stack/data/venv/lib/python3.12/site-packages/dbcounter.py:115}}
Mar 05 11:19:30.457663 np0000157866 neutron-periodic-workers[105371]: DEBUG oslo.service.backend._threading.loopingcall [None req-bb8d7000-a851-40f8-9cc0-22660cfb5608 None None] Fixed interval looping call 'neutron.plugins.ml2.plugin.DhcpAgentSchedulerDbMixin.remove_networks_from_down_agents' sleeping for 36.99 seconds {{(pid=105371) _run_loop /opt/stack/data/venv/lib/python3.12/site-packages/oslo_service/backend/_threading/loopingcall.py:125}}
Mar 05 11:19:40.456131 np0000157866 neutron-periodic-workers[105371]: DEBUG dbcounter [-] [105371] Writing DB stats neutron:SELECT=3 {{(pid=105371) stat_writer /opt/stack/data/venv/lib/python3.12/site-packages/dbcounter.py:115}}
Mar 05 11:19:54.503334 np0000157866 neutron-periodic-workers[105386]: DEBUG dbcounter [-] [105386] Writer thread running {{(pid=105386) stat_writer /opt/stack/data/venv/lib/python3.12/site-packages/dbcounter.py:102}}
Mar 05 11:19:54.505552 np0000157866 neutron-periodic-workers[105386]: DEBUG oslo.service.backend._threading.loopingcall [None req-94cd2651-f0ce-408c-96bf-78b84ae13e96 None None] Fixed interval looping call 'neutron.db.quota.driver_nolock.DbQuotaNoLockDriver._remove_expired_reservations' sleeping for 119.98 seconds {{(pid=105386) _run_loop /opt/stack/data/venv/lib/python3.12/site-packages/oslo_service/backend/_threading/loopingcall.py:125}}
Mar 05 11:19:55.468151 np0000157866 neutron-periodic-workers[105379]: DEBUG neutron.db.agents_db [None req-1ef79ecd-04d6-4459-909b-3e74b98782cb None None] Agent healthcheck: found 0 active agents {{(pid=105379) agent_health_check /opt/stack/neutron/neutron/db/agents_db.py:317}}
Mar 05 11:19:55.468902 np0000157866 neutron-periodic-workers[105379]: DEBUG oslo.service.backend._threading.loopingcall [None req-1ef79ecd-04d6-4459-909b-3e74b98782cb None None] Fixed interval looping call 'neutron.plugins.ml2.plugin.AgentDbMixin.agent_health_check' sleeping for 36.99 seconds {{(pid=105379) _run_loop /opt/stack/data/venv/lib/python3.12/site-packages/oslo_service/backend/_threading/loopingcall.py:125}}
Mar 05 11:20:04.504455 np0000157866 neutron-periodic-workers[105386]: DEBUG dbcounter [-] [105386] Writing DB stats neutron:DELETE=1 {{(pid=105386) stat_writer /opt/stack/data/venv/lib/python3.12/site-packages/dbcounter.py:115}}
Mar 05 11:20:05.468077 np0000157866 neutron-periodic-workers[105379]: DEBUG dbcounter [-] [105379] Writing DB stats neutron:SELECT=1 {{(pid=105379) stat_writer /opt/stack/data/venv/lib/python3.12/site-packages/dbcounter.py:115}}
Mar 05 11:20:07.456212 np0000157866 neutron-periodic-workers[105371]: DEBUG oslo.service.backend._threading.loopingcall [None req-bb8d7000-a851-40f8-9cc0-22660cfb5608 None None] Fixed interval looping call 'neutron.plugins.ml2.plugin.DhcpAgentSchedulerDbMixin.remove_networks_from_down_agents' sleeping for 36.99 seconds {{(pid=105371) _run_loop /opt/stack/data/venv/lib/python3.12/site-packages/oslo_service/backend/_threading/loopingcall.py:125}}
Mar 05 11:20:17.454552 np0000157866 neutron-periodic-workers[105371]: DEBUG dbcounter [-] [105371] Writing DB stats neutron:SELECT=3 {{(pid=105371) stat_writer /opt/stack/data/venv/lib/python3.12/site-packages/dbcounter.py:115}}
Mar 05 11:20:32.464507 np0000157866 neutron-periodic-workers[105379]: DEBUG neutron.db.agents_db [None req-1ef79ecd-04d6-4459-909b-3e74b98782cb None None] Agent healthcheck: found 0 active agents {{(pid=105379) agent_health_check /opt/stack/neutron/neutron/db/agents_db.py:317}}
Mar 05 11:20:32.465296 np0000157866 neutron-periodic-workers[105379]: DEBUG oslo.service.backend._threading.loopingcall [None req-1ef79ecd-04d6-4459-909b-3e74b98782cb None None] Fixed interval looping call 'neutron.plugins.ml2.plugin.AgentDbMixin.agent_health_check' sleeping for 36.99 seconds {{(pid=105379) _run_loop /opt/stack/data/venv/lib/python3.12/site-packages/oslo_service/backend/_threading/loopingcall.py:125}}
Mar 05 11:20:42.463417 np0000157866 neutron-periodic-workers[105379]: DEBUG dbcounter [-] [105379] Writing DB stats neutron:SELECT=1 {{(pid=105379) stat_writer /opt/stack/data/venv/lib/python3.12/site-packages/dbcounter.py:115}}
Mar 05 11:20:44.462937 np0000157866 neutron-periodic-workers[105371]: DEBUG oslo.service.backend._threading.loopingcall [None req-bb8d7000-a851-40f8-9cc0-22660cfb5608 None None] Fixed interval looping call 'neutron.plugins.ml2.plugin.DhcpAgentSchedulerDbMixin.remove_networks_from_down_agents' sleeping for 36.98 seconds {{(pid=105371) _run_loop /opt/stack/data/venv/lib/python3.12/site-packages/oslo_service/backend/_threading/loopingcall.py:125}}
Mar 05 11:20:54.458698 np0000157866 neutron-periodic-workers[105371]: DEBUG dbcounter [-] [105371] Writing DB stats neutron:SELECT=3 {{(pid=105371) stat_writer /opt/stack/data/venv/lib/python3.12/site-packages/dbcounter.py:115}}
Mar 05 11:21:09.461443 np0000157866 neutron-periodic-workers[105379]: DEBUG neutron.db.agents_db [None req-1ef79ecd-04d6-4459-909b-3e74b98782cb None None] Agent healthcheck: found 0 active agents {{(pid=105379) agent_health_check /opt/stack/neutron/neutron/db/agents_db.py:317}}
Mar 05 11:21:09.462114 np0000157866 neutron-periodic-workers[105379]: DEBUG oslo.service.backend._threading.loopingcall [None req-1ef79ecd-04d6-4459-909b-3e74b98782cb None None] Fixed interval looping call 'neutron.plugins.ml2.plugin.AgentDbMixin.agent_health_check' sleeping for 36.99 seconds {{(pid=105379) _run_loop /opt/stack/data/venv/lib/python3.12/site-packages/oslo_service/backend/_threading/loopingcall.py:125}}
Mar 05 11:21:19.459321 np0000157866 neutron-periodic-workers[105379]: DEBUG dbcounter [-] [105379] Writing DB stats neutron:SELECT=1 {{(pid=105379) stat_writer /opt/stack/data/venv/lib/python3.12/site-packages/dbcounter.py:115}}
Mar 05 11:21:21.451030 np0000157866 neutron-periodic-workers[105371]: DEBUG oslo.service.backend._threading.loopingcall [None req-bb8d7000-a851-40f8-9cc0-22660cfb5608 None None] Fixed interval looping call 'neutron.plugins.ml2.plugin.DhcpAgentSchedulerDbMixin.remove_networks_from_down_agents' sleeping for 36.99 seconds {{(pid=105371) _run_loop /opt/stack/data/venv/lib/python3.12/site-packages/oslo_service/backend/_threading/loopingcall.py:125}}
Mar 05 11:21:29.542533 np0000157866 neutron-periodic-workers[105397]: DEBUG dbcounter [-] [105397] Writer thread running {{(pid=105397) stat_writer /opt/stack/data/venv/lib/python3.12/site-packages/dbcounter.py:102}}
Mar 05 11:21:29.554795 np0000157866 neutron-periodic-workers[105397]: DEBUG oslo.service.backend._threading.loopingcall [None req-defc7f60-c4a8-45b2-ad14-5e03d38b32d4 None None] Fixed interval looping call 'neutron.services.ovn_l3.plugin.L3_NAT_dbonly_mixin._clean_garbage' sleeping for 299.95 seconds {{(pid=105397) _run_loop /opt/stack/data/venv/lib/python3.12/site-packages/oslo_service/backend/_threading/loopingcall.py:125}}
Mar 05 11:21:31.450166 np0000157866 neutron-periodic-workers[105371]: DEBUG dbcounter [-] [105371] Writing DB stats neutron:SELECT=3 {{(pid=105371) stat_writer /opt/stack/data/venv/lib/python3.12/site-packages/dbcounter.py:115}}
Mar 05 11:21:39.543367 np0000157866 neutron-periodic-workers[105397]: DEBUG dbcounter [-] [105397] Writing DB stats neutron:SELECT=1 {{(pid=105397) stat_writer /opt/stack/data/venv/lib/python3.12/site-packages/dbcounter.py:115}}
Mar 05 11:21:46.455624 np0000157866 neutron-periodic-workers[105379]: DEBUG neutron.db.agents_db [None req-1ef79ecd-04d6-4459-909b-3e74b98782cb None None] Agent healthcheck: found 0 active agents {{(pid=105379) agent_health_check /opt/stack/neutron/neutron/db/agents_db.py:317}}
Mar 05 11:21:46.456450 np0000157866 neutron-periodic-workers[105379]: DEBUG oslo.service.backend._threading.loopingcall [None req-1ef79ecd-04d6-4459-909b-3e74b98782cb None None] Fixed interval looping call 'neutron.plugins.ml2.plugin.AgentDbMixin.agent_health_check' sleeping for 37.00 seconds {{(pid=105379) _run_loop /opt/stack/data/venv/lib/python3.12/site-packages/oslo_service/backend/_threading/loopingcall.py:125}}
Mar 05 11:21:54.493179 np0000157866 neutron-periodic-workers[105386]: DEBUG oslo.service.backend._threading.loopingcall [None req-94cd2651-f0ce-408c-96bf-78b84ae13e96 None None] Fixed interval looping call 'neutron.db.quota.driver_nolock.DbQuotaNoLockDriver._remove_expired_reservations' sleeping for 119.99 seconds {{(pid=105386) _run_loop /opt/stack/data/venv/lib/python3.12/site-packages/oslo_service/backend/_threading/loopingcall.py:125}}
Mar 05 11:21:56.454581 np0000157866 neutron-periodic-workers[105379]: DEBUG dbcounter [-] [105379] Writing DB stats neutron:SELECT=1 {{(pid=105379) stat_writer /opt/stack/data/venv/lib/python3.12/site-packages/dbcounter.py:115}}
Mar 05 11:21:58.448174 np0000157866 neutron-periodic-workers[105371]: DEBUG oslo.service.backend._threading.loopingcall [None req-bb8d7000-a851-40f8-9cc0-22660cfb5608 None None] Fixed interval looping call 'neutron.plugins.ml2.plugin.DhcpAgentSchedulerDbMixin.remove_networks_from_down_agents' sleeping for 36.99 seconds {{(pid=105371) _run_loop /opt/stack/data/venv/lib/python3.12/site-packages/oslo_service/backend/_threading/loopingcall.py:125}}
Mar 05 11:22:04.491167 np0000157866 neutron-periodic-workers[105386]: DEBUG dbcounter [-] [105386] Writing DB stats neutron:DELETE=1 {{(pid=105386) stat_writer /opt/stack/data/venv/lib/python3.12/site-packages/dbcounter.py:115}}
Mar 05 11:22:08.447325 np0000157866 neutron-periodic-workers[105371]: DEBUG dbcounter [-] [105371] Writing DB stats neutron:SELECT=3 {{(pid=105371) stat_writer /opt/stack/data/venv/lib/python3.12/site-packages/dbcounter.py:115}}
Mar 05 11:22:23.462519 np0000157866 neutron-periodic-workers[105379]: DEBUG neutron.db.agents_db [None req-1ef79ecd-04d6-4459-909b-3e74b98782cb None None] Agent healthcheck: found 0 active agents {{(pid=105379) agent_health_check /opt/stack/neutron/neutron/db/agents_db.py:317}}
Mar 05 11:22:23.463459 np0000157866 neutron-periodic-workers[105379]: DEBUG oslo.service.backend._threading.loopingcall [None req-1ef79ecd-04d6-4459-909b-3e74b98782cb None None] Fixed interval looping call 'neutron.plugins.ml2.plugin.AgentDbMixin.agent_health_check' sleeping for 36.99 seconds {{(pid=105379) _run_loop /opt/stack/data/venv/lib/python3.12/site-packages/oslo_service/backend/_threading/loopingcall.py:125}}
Mar 05 11:22:33.460607 np0000157866 neutron-periodic-workers[105379]: DEBUG dbcounter [-] [105379] Writing DB stats neutron:SELECT=1 {{(pid=105379) stat_writer /opt/stack/data/venv/lib/python3.12/site-packages/dbcounter.py:115}}
Mar 05 11:22:35.449440 np0000157866 neutron-periodic-workers[105371]: DEBUG oslo.service.backend._threading.loopingcall [None req-bb8d7000-a851-40f8-9cc0-22660cfb5608 None None] Fixed interval looping call 'neutron.plugins.ml2.plugin.DhcpAgentSchedulerDbMixin.remove_networks_from_down_agents' sleeping for 36.99 seconds {{(pid=105371) _run_loop /opt/stack/data/venv/lib/python3.12/site-packages/oslo_service/backend/_threading/loopingcall.py:125}}
Mar 05 11:22:45.447483 np0000157866 neutron-periodic-workers[105371]: DEBUG dbcounter [-] [105371] Writing DB stats neutron:SELECT=3 {{(pid=105371) stat_writer /opt/stack/data/venv/lib/python3.12/site-packages/dbcounter.py:115}}
Mar 05 11:23:00.458734 np0000157866 neutron-periodic-workers[105379]: DEBUG neutron.db.agents_db [None req-1ef79ecd-04d6-4459-909b-3e74b98782cb None None] Agent healthcheck: found 0 active agents {{(pid=105379) agent_health_check /opt/stack/neutron/neutron/db/agents_db.py:317}}
Mar 05 11:23:00.459586 np0000157866 neutron-periodic-workers[105379]: DEBUG oslo.service.backend._threading.loopingcall [None req-1ef79ecd-04d6-4459-909b-3e74b98782cb None None] Fixed interval looping call 'neutron.plugins.ml2.plugin.AgentDbMixin.agent_health_check' sleeping for 36.99 seconds {{(pid=105379) _run_loop /opt/stack/data/venv/lib/python3.12/site-packages/oslo_service/backend/_threading/loopingcall.py:125}}
Mar 05 11:23:10.456870 np0000157866 neutron-periodic-workers[105379]: DEBUG dbcounter [-] [105379] Writing DB stats neutron:SELECT=1 {{(pid=105379) stat_writer /opt/stack/data/venv/lib/python3.12/site-packages/dbcounter.py:115}}
Mar 05 11:23:12.449597 np0000157866 neutron-periodic-workers[105371]: DEBUG oslo.service.backend._threading.loopingcall [None req-bb8d7000-a851-40f8-9cc0-22660cfb5608 None None] Fixed interval looping call 'neutron.plugins.ml2.plugin.DhcpAgentSchedulerDbMixin.remove_networks_from_down_agents' sleeping for 36.99 seconds {{(pid=105371) _run_loop /opt/stack/data/venv/lib/python3.12/site-packages/oslo_service/backend/_threading/loopingcall.py:125}}
Mar 05 11:23:22.448463 np0000157866 neutron-periodic-workers[105371]: DEBUG dbcounter [-] [105371] Writing DB stats neutron:SELECT=3 {{(pid=105371) stat_writer /opt/stack/data/venv/lib/python3.12/site-packages/dbcounter.py:115}}
Mar 05 11:23:37.454567 np0000157866 neutron-periodic-workers[105379]: DEBUG neutron.db.agents_db [None req-1ef79ecd-04d6-4459-909b-3e74b98782cb None None] Agent healthcheck: found 0 active agents {{(pid=105379) agent_health_check /opt/stack/neutron/neutron/db/agents_db.py:317}}
Mar 05 11:23:37.454822 np0000157866 neutron-periodic-workers[105379]: DEBUG oslo.service.backend._threading.loopingcall [None req-1ef79ecd-04d6-4459-909b-3e74b98782cb None None] Fixed interval looping call 'neutron.plugins.ml2.plugin.AgentDbMixin.agent_health_check' sleeping for 36.99 seconds {{(pid=105379) _run_loop /opt/stack/data/venv/lib/python3.12/site-packages/oslo_service/backend/_threading/loopingcall.py:125}}
Mar 05 11:23:47.451960 np0000157866 neutron-periodic-workers[105379]: DEBUG dbcounter [-] [105379] Writing DB stats neutron:SELECT=1 {{(pid=105379) stat_writer /opt/stack/data/venv/lib/python3.12/site-packages/dbcounter.py:115}}
Mar 05 11:23:49.449859 np0000157866 neutron-periodic-workers[105371]: DEBUG oslo.service.backend._threading.loopingcall [None req-bb8d7000-a851-40f8-9cc0-22660cfb5608 None None] Fixed interval looping call 'neutron.plugins.ml2.plugin.DhcpAgentSchedulerDbMixin.remove_networks_from_down_agents' sleeping for 36.99 seconds {{(pid=105371) _run_loop /opt/stack/data/venv/lib/python3.12/site-packages/oslo_service/backend/_threading/loopingcall.py:125}}
Mar 05 11:23:54.488267 np0000157866 neutron-periodic-workers[105386]: DEBUG oslo.service.backend._threading.loopingcall [None req-94cd2651-f0ce-408c-96bf-78b84ae13e96 None None] Fixed interval looping call 'neutron.db.quota.driver_nolock.DbQuotaNoLockDriver._remove_expired_reservations' sleeping for 120.00 seconds {{(pid=105386) _run_loop /opt/stack/data/venv/lib/python3.12/site-packages/oslo_service/backend/_threading/loopingcall.py:125}}
Mar 05 11:23:59.449547 np0000157866 neutron-periodic-workers[105371]: DEBUG dbcounter [-] [105371] Writing DB stats neutron:SELECT=3 {{(pid=105371) stat_writer /opt/stack/data/venv/lib/python3.12/site-packages/dbcounter.py:115}}
Mar 05 11:24:04.487227 np0000157866 neutron-periodic-workers[105386]: DEBUG dbcounter [-] [105386] Writing DB stats neutron:DELETE=1 {{(pid=105386) stat_writer /opt/stack/data/venv/lib/python3.12/site-packages/dbcounter.py:115}}
Mar 05 11:24:14.453761 np0000157866 neutron-periodic-workers[105379]: DEBUG neutron.db.agents_db [None req-1ef79ecd-04d6-4459-909b-3e74b98782cb None None] Agent healthcheck: found 0 active agents {{(pid=105379) agent_health_check /opt/stack/neutron/neutron/db/agents_db.py:317}}
Mar 05 11:24:14.453761 np0000157866 neutron-periodic-workers[105379]: DEBUG oslo.service.backend._threading.loopingcall [None req-1ef79ecd-04d6-4459-909b-3e74b98782cb None None] Fixed interval looping call 'neutron.plugins.ml2.plugin.AgentDbMixin.agent_health_check' sleeping for 36.99 seconds {{(pid=105379) _run_loop /opt/stack/data/venv/lib/python3.12/site-packages/oslo_service/backend/_threading/loopingcall.py:125}}
Mar 05 11:24:24.516780 np0000157866 neutron-periodic-workers[105379]: DEBUG dbcounter [-] [105379] Writing DB stats neutron:SELECT=1 {{(pid=105379) stat_writer /opt/stack/data/venv/lib/python3.12/site-packages/dbcounter.py:115}}
Mar 05 11:24:26.449455 np0000157866 neutron-periodic-workers[105371]: DEBUG oslo.service.backend._threading.loopingcall [None req-bb8d7000-a851-40f8-9cc0-22660cfb5608 None None] Fixed interval looping call 'neutron.plugins.ml2.plugin.DhcpAgentSchedulerDbMixin.remove_networks_from_down_agents' sleeping for 36.99 seconds {{(pid=105371) _run_loop /opt/stack/data/venv/lib/python3.12/site-packages/oslo_service/backend/_threading/loopingcall.py:125}}
Mar 05 11:24:36.447965 np0000157866 neutron-periodic-workers[105371]: DEBUG dbcounter [-] [105371] Writing DB stats neutron:SELECT=3 {{(pid=105371) stat_writer /opt/stack/data/venv/lib/python3.12/site-packages/dbcounter.py:115}}
Mar 05 11:24:51.449646 np0000157866 neutron-periodic-workers[105379]: DEBUG neutron.db.agents_db [None req-1ef79ecd-04d6-4459-909b-3e74b98782cb None None] Agent healthcheck: found 0 active agents {{(pid=105379) agent_health_check /opt/stack/neutron/neutron/db/agents_db.py:317}}
Mar 05 11:24:51.450784 np0000157866 neutron-periodic-workers[105379]: DEBUG oslo.service.backend._threading.loopingcall [None req-1ef79ecd-04d6-4459-909b-3e74b98782cb None None] Fixed interval looping call 'neutron.plugins.ml2.plugin.AgentDbMixin.agent_health_check' sleeping for 36.99 seconds {{(pid=105379) _run_loop /opt/stack/data/venv/lib/python3.12/site-packages/oslo_service/backend/_threading/loopingcall.py:125}}
Mar 05 11:25:01.449268 np0000157866 neutron-periodic-workers[105379]: DEBUG dbcounter [-] [105379] Writing DB stats neutron:SELECT=1 {{(pid=105379) stat_writer /opt/stack/data/venv/lib/python3.12/site-packages/dbcounter.py:115}}
Mar 05 11:25:03.448652 np0000157866 neutron-periodic-workers[105371]: DEBUG oslo.service.backend._threading.loopingcall [None req-bb8d7000-a851-40f8-9cc0-22660cfb5608 None None] Fixed interval looping call 'neutron.plugins.ml2.plugin.DhcpAgentSchedulerDbMixin.remove_networks_from_down_agents' sleeping for 36.99 seconds {{(pid=105371) _run_loop /opt/stack/data/venv/lib/python3.12/site-packages/oslo_service/backend/_threading/loopingcall.py:125}}
Mar 05 11:25:13.447842 np0000157866 neutron-periodic-workers[105371]: DEBUG dbcounter [-] [105371] Writing DB stats neutron:SELECT=3 {{(pid=105371) stat_writer /opt/stack/data/venv/lib/python3.12/site-packages/dbcounter.py:115}}
Mar 05 11:25:28.446605 np0000157866 neutron-periodic-workers[105379]: DEBUG neutron.db.agents_db [None req-1ef79ecd-04d6-4459-909b-3e74b98782cb None None] Agent healthcheck: found 0 active agents {{(pid=105379) agent_health_check /opt/stack/neutron/neutron/db/agents_db.py:317}}
Mar 05 11:25:28.446605 np0000157866 neutron-periodic-workers[105379]: DEBUG oslo.service.backend._threading.loopingcall [None req-1ef79ecd-04d6-4459-909b-3e74b98782cb None None] Fixed interval looping call 'neutron.plugins.ml2.plugin.AgentDbMixin.agent_health_check' sleeping for 36.99 seconds {{(pid=105379) _run_loop /opt/stack/data/venv/lib/python3.12/site-packages/oslo_service/backend/_threading/loopingcall.py:125}}
Mar 05 11:25:38.444125 np0000157866 neutron-periodic-workers[105379]: DEBUG dbcounter [-] [105379] Writing DB stats neutron:SELECT=1 {{(pid=105379) stat_writer /opt/stack/data/venv/lib/python3.12/site-packages/dbcounter.py:115}}
Mar 05 11:25:40.449151 np0000157866 neutron-periodic-workers[105371]: DEBUG oslo.service.backend._threading.loopingcall [None req-bb8d7000-a851-40f8-9cc0-22660cfb5608 None None] Fixed interval looping call 'neutron.plugins.ml2.plugin.DhcpAgentSchedulerDbMixin.remove_networks_from_down_agents' sleeping for 36.99 seconds {{(pid=105371) _run_loop /opt/stack/data/venv/lib/python3.12/site-packages/oslo_service/backend/_threading/loopingcall.py:125}}
Mar 05 11:25:50.451659 np0000157866 neutron-periodic-workers[105371]: DEBUG dbcounter [-] [105371] Writing DB stats neutron:SELECT=3 {{(pid=105371) stat_writer /opt/stack/data/venv/lib/python3.12/site-packages/dbcounter.py:115}}
Mar 05 11:25:54.495208 np0000157866 neutron-periodic-workers[105386]: DEBUG oslo.service.backend._threading.loopingcall [None req-94cd2651-f0ce-408c-96bf-78b84ae13e96 None None] Fixed interval looping call 'neutron.db.quota.driver_nolock.DbQuotaNoLockDriver._remove_expired_reservations' sleeping for 119.99 seconds {{(pid=105386) _run_loop /opt/stack/data/venv/lib/python3.12/site-packages/oslo_service/backend/_threading/loopingcall.py:125}}
Mar 05 11:26:04.493544 np0000157866 neutron-periodic-workers[105386]: DEBUG dbcounter [-] [105386] Writing DB stats neutron:DELETE=1 {{(pid=105386) stat_writer /opt/stack/data/venv/lib/python3.12/site-packages/dbcounter.py:115}}
Mar 05 11:26:05.442606 np0000157866 neutron-periodic-workers[105379]: DEBUG neutron.db.agents_db [None req-1ef79ecd-04d6-4459-909b-3e74b98782cb None None] Agent healthcheck: found 0 active agents {{(pid=105379) agent_health_check /opt/stack/neutron/neutron/db/agents_db.py:317}}
Mar 05 11:26:05.443583 np0000157866 neutron-periodic-workers[105379]: DEBUG oslo.service.backend._threading.loopingcall [None req-1ef79ecd-04d6-4459-909b-3e74b98782cb None None] Fixed interval looping call 'neutron.plugins.ml2.plugin.AgentDbMixin.agent_health_check' sleeping for 36.99 seconds {{(pid=105379) _run_loop /opt/stack/data/venv/lib/python3.12/site-packages/oslo_service/backend/_threading/loopingcall.py:125}}
Mar 05 11:26:15.441207 np0000157866 neutron-periodic-workers[105379]: DEBUG dbcounter [-] [105379] Writing DB stats neutron:SELECT=1 {{(pid=105379) stat_writer /opt/stack/data/venv/lib/python3.12/site-packages/dbcounter.py:115}}
Mar 05 11:26:17.449751 np0000157866 neutron-periodic-workers[105371]: DEBUG oslo.service.backend._threading.loopingcall [None req-bb8d7000-a851-40f8-9cc0-22660cfb5608 None None] Fixed interval looping call 'neutron.plugins.ml2.plugin.DhcpAgentSchedulerDbMixin.remove_networks_from_down_agents' sleeping for 36.99 seconds {{(pid=105371) _run_loop /opt/stack/data/venv/lib/python3.12/site-packages/oslo_service/backend/_threading/loopingcall.py:125}}
Mar 05 11:26:27.448854 np0000157866 neutron-periodic-workers[105371]: DEBUG dbcounter [-] [105371] Writing DB stats neutron:SELECT=3 {{(pid=105371) stat_writer /opt/stack/data/venv/lib/python3.12/site-packages/dbcounter.py:115}}
Mar 05 11:26:29.518900 np0000157866 neutron-periodic-workers[105397]: DEBUG oslo.service.backend._threading.loopingcall [None req-defc7f60-c4a8-45b2-ad14-5e03d38b32d4 None None] Fixed interval looping call 'neutron.services.ovn_l3.plugin.L3_NAT_dbonly_mixin._clean_garbage' sleeping for 299.99 seconds {{(pid=105397) _run_loop /opt/stack/data/venv/lib/python3.12/site-packages/oslo_service/backend/_threading/loopingcall.py:125}}
Mar 05 11:26:39.509501 np0000157866 neutron-periodic-workers[105397]: DEBUG dbcounter [-] [105397] Writing DB stats neutron:SELECT=1 {{(pid=105397) stat_writer /opt/stack/data/venv/lib/python3.12/site-packages/dbcounter.py:115}}
Mar 05 11:26:42.438280 np0000157866 neutron-periodic-workers[105379]: DEBUG neutron.db.agents_db [None req-1ef79ecd-04d6-4459-909b-3e74b98782cb None None] Agent healthcheck: found 0 active agents {{(pid=105379) agent_health_check /opt/stack/neutron/neutron/db/agents_db.py:317}}
Mar 05 11:26:42.439175 np0000157866 neutron-periodic-workers[105379]: DEBUG oslo.service.backend._threading.loopingcall [None req-1ef79ecd-04d6-4459-909b-3e74b98782cb None None] Fixed interval looping call 'neutron.plugins.ml2.plugin.AgentDbMixin.agent_health_check' sleeping for 36.99 seconds {{(pid=105379) _run_loop /opt/stack/data/venv/lib/python3.12/site-packages/oslo_service/backend/_threading/loopingcall.py:125}}
Mar 05 11:26:52.437748 np0000157866 neutron-periodic-workers[105379]: DEBUG dbcounter [-] [105379] Writing DB stats neutron:SELECT=1 {{(pid=105379) stat_writer /opt/stack/data/venv/lib/python3.12/site-packages/dbcounter.py:115}}
Mar 05 11:26:54.454020 np0000157866 neutron-periodic-workers[105371]: DEBUG oslo.service.backend._threading.loopingcall [None req-bb8d7000-a851-40f8-9cc0-22660cfb5608 None None] Fixed interval looping call 'neutron.plugins.ml2.plugin.DhcpAgentSchedulerDbMixin.remove_networks_from_down_agents' sleeping for 36.99 seconds {{(pid=105371) _run_loop /opt/stack/data/venv/lib/python3.12/site-packages/oslo_service/backend/_threading/loopingcall.py:125}}
Mar 05 11:27:04.452291 np0000157866 neutron-periodic-workers[105371]: DEBUG dbcounter [-] [105371] Writing DB stats neutron:SELECT=3 {{(pid=105371) stat_writer /opt/stack/data/venv/lib/python3.12/site-packages/dbcounter.py:115}}
Mar 05 11:27:19.434391 np0000157866 neutron-periodic-workers[105379]: DEBUG neutron.db.agents_db [None req-1ef79ecd-04d6-4459-909b-3e74b98782cb None None] Agent healthcheck: found 0 active agents {{(pid=105379) agent_health_check /opt/stack/neutron/neutron/db/agents_db.py:317}}
Mar 05 11:27:19.435324 np0000157866 neutron-periodic-workers[105379]: DEBUG oslo.service.backend._threading.loopingcall [None req-1ef79ecd-04d6-4459-909b-3e74b98782cb None None] Fixed interval looping call 'neutron.plugins.ml2.plugin.AgentDbMixin.agent_health_check' sleeping for 36.99 seconds {{(pid=105379) _run_loop /opt/stack/data/venv/lib/python3.12/site-packages/oslo_service/backend/_threading/loopingcall.py:125}}
Mar 05 11:27:29.432883 np0000157866 neutron-periodic-workers[105379]: DEBUG dbcounter [-] [105379] Writing DB stats neutron:SELECT=1 {{(pid=105379) stat_writer /opt/stack/data/venv/lib/python3.12/site-packages/dbcounter.py:115}}
Mar 05 11:27:31.455118 np0000157866 neutron-periodic-workers[105371]: DEBUG oslo.service.backend._threading.loopingcall [None req-bb8d7000-a851-40f8-9cc0-22660cfb5608 None None] Fixed interval looping call 'neutron.plugins.ml2.plugin.DhcpAgentSchedulerDbMixin.remove_networks_from_down_agents' sleeping for 36.99 seconds {{(pid=105371) _run_loop /opt/stack/data/venv/lib/python3.12/site-packages/oslo_service/backend/_threading/loopingcall.py:125}}
Mar 05 11:27:41.453852 np0000157866 neutron-periodic-workers[105371]: DEBUG dbcounter [-] [105371] Writing DB stats neutron:SELECT=3 {{(pid=105371) stat_writer /opt/stack/data/venv/lib/python3.12/site-packages/dbcounter.py:115}}
Mar 05 11:27:54.490651 np0000157866 neutron-periodic-workers[105386]: DEBUG oslo.service.backend._threading.loopingcall [None req-94cd2651-f0ce-408c-96bf-78b84ae13e96 None None] Fixed interval looping call 'neutron.db.quota.driver_nolock.DbQuotaNoLockDriver._remove_expired_reservations' sleeping for 120.00 seconds {{(pid=105386) _run_loop /opt/stack/data/venv/lib/python3.12/site-packages/oslo_service/backend/_threading/loopingcall.py:125}}
Mar 05 11:27:56.431009 np0000157866 neutron-periodic-workers[105379]: DEBUG neutron.db.agents_db [None req-1ef79ecd-04d6-4459-909b-3e74b98782cb None None] Agent healthcheck: found 0 active agents {{(pid=105379) agent_health_check /opt/stack/neutron/neutron/db/agents_db.py:317}}
Mar 05 11:27:56.431650 np0000157866 neutron-periodic-workers[105379]: DEBUG oslo.service.backend._threading.loopingcall [None req-1ef79ecd-04d6-4459-909b-3e74b98782cb None None] Fixed interval looping call 'neutron.plugins.ml2.plugin.AgentDbMixin.agent_health_check' sleeping for 36.99 seconds {{(pid=105379) _run_loop /opt/stack/data/venv/lib/python3.12/site-packages/oslo_service/backend/_threading/loopingcall.py:125}}
Mar 05 11:28:04.489943 np0000157866 neutron-periodic-workers[105386]: DEBUG dbcounter [-] [105386] Writing DB stats neutron:DELETE=1 {{(pid=105386) stat_writer /opt/stack/data/venv/lib/python3.12/site-packages/dbcounter.py:115}}
Mar 05 11:28:06.432804 np0000157866 neutron-periodic-workers[105379]: DEBUG dbcounter [-] [105379] Writing DB stats neutron:SELECT=1 {{(pid=105379) stat_writer /opt/stack/data/venv/lib/python3.12/site-packages/dbcounter.py:115}}
Mar 05 11:28:08.454038 np0000157866 neutron-periodic-workers[105371]: DEBUG oslo.service.backend._threading.loopingcall [None req-bb8d7000-a851-40f8-9cc0-22660cfb5608 None None] Fixed interval looping call 'neutron.plugins.ml2.plugin.DhcpAgentSchedulerDbMixin.remove_networks_from_down_agents' sleeping for 36.99 seconds {{(pid=105371) _run_loop /opt/stack/data/venv/lib/python3.12/site-packages/oslo_service/backend/_threading/loopingcall.py:125}}
Mar 05 11:28:18.453073 np0000157866 neutron-periodic-workers[105371]: DEBUG dbcounter [-] [105371] Writing DB stats neutron:SELECT=3 {{(pid=105371) stat_writer /opt/stack/data/venv/lib/python3.12/site-packages/dbcounter.py:115}}
Mar 05 11:28:33.428335 np0000157866 neutron-periodic-workers[105379]: DEBUG neutron.db.agents_db [None req-1ef79ecd-04d6-4459-909b-3e74b98782cb None None] Agent healthcheck: found 0 active agents {{(pid=105379) agent_health_check /opt/stack/neutron/neutron/db/agents_db.py:317}}
Mar 05 11:28:33.429053 np0000157866 neutron-periodic-workers[105379]: DEBUG oslo.service.backend._threading.loopingcall [None req-1ef79ecd-04d6-4459-909b-3e74b98782cb None None] Fixed interval looping call 'neutron.plugins.ml2.plugin.AgentDbMixin.agent_health_check' sleeping for 36.99 seconds {{(pid=105379) _run_loop /opt/stack/data/venv/lib/python3.12/site-packages/oslo_service/backend/_threading/loopingcall.py:125}}
Mar 05 11:28:43.426415 np0000157866 neutron-periodic-workers[105379]: DEBUG dbcounter [-] [105379] Writing DB stats neutron:SELECT=1 {{(pid=105379) stat_writer /opt/stack/data/venv/lib/python3.12/site-packages/dbcounter.py:115}}
Mar 05 11:28:45.453268 np0000157866 neutron-periodic-workers[105371]: DEBUG oslo.service.backend._threading.loopingcall [None req-bb8d7000-a851-40f8-9cc0-22660cfb5608 None None] Fixed interval looping call 'neutron.plugins.ml2.plugin.DhcpAgentSchedulerDbMixin.remove_networks_from_down_agents' sleeping for 36.99 seconds {{(pid=105371) _run_loop /opt/stack/data/venv/lib/python3.12/site-packages/oslo_service/backend/_threading/loopingcall.py:125}}
Mar 05 11:28:55.452159 np0000157866 neutron-periodic-workers[105371]: DEBUG dbcounter [-] [105371] Writing DB stats neutron:SELECT=3 {{(pid=105371) stat_writer /opt/stack/data/venv/lib/python3.12/site-packages/dbcounter.py:115}}
Mar 05 11:29:10.423965 np0000157866 neutron-periodic-workers[105379]: DEBUG neutron.db.agents_db [None req-1ef79ecd-04d6-4459-909b-3e74b98782cb None None] Agent healthcheck: found 0 active agents {{(pid=105379) agent_health_check /opt/stack/neutron/neutron/db/agents_db.py:317}}
Mar 05 11:29:10.424406 np0000157866 neutron-periodic-workers[105379]: DEBUG oslo.service.backend._threading.loopingcall [None req-1ef79ecd-04d6-4459-909b-3e74b98782cb None None] Fixed interval looping call 'neutron.plugins.ml2.plugin.AgentDbMixin.agent_health_check' sleeping for 36.99 seconds {{(pid=105379) _run_loop /opt/stack/data/venv/lib/python3.12/site-packages/oslo_service/backend/_threading/loopingcall.py:125}}
Mar 05 11:29:20.422127 np0000157866 neutron-periodic-workers[105379]: DEBUG dbcounter [-] [105379] Writing DB stats neutron:SELECT=1 {{(pid=105379) stat_writer /opt/stack/data/venv/lib/python3.12/site-packages/dbcounter.py:115}}
