Jun 29 04:57:05.367051 np0000183408 devstack@neutron-api.service[103460]: DEBUG neutron.plugins.ml2.drivers.ovn.mech_driver.mech_driver [None req-322c14e7-74f1-476d-87f6-19043ff319b0 service neutron] Attempting to bind port 84e39f4b-4241-476a-af4d-945930a7234f on host np0000183408 for network segment with type geneve, segmentation ID 26114, physical network None {{(pid=103460) bind_port /opt/stack/neutron/neutron/plugins/ml2/drivers/ovn/mech_driver/mech_driver.py:1209}}
Jun 29 04:57:05.367523 np0000183408 devstack@neutron-api.service[103460]: DEBUG neutron.plugins.ml2.managers [None req-322c14e7-74f1-476d-87f6-19043ff319b0 service neutron] Bound port: 84e39f4b-4241-476a-af4d-945930a7234f, host: np0000183408, vif_type: ovs, vif_details: {"port_filter": true, "connectivity": "l2", "ovs_create_tap": false, "bridge_name": "br-int", "datapath_type": "system"}, binding_levels: [{'bound_driver': 'ovn', 'bound_segment': {'id': '9a4127ca-9168-4d49-97f7-5f5ee125efda', 'network_type': 'geneve', 'physical_network': None, 'segmentation_id': 26114, 'network_id': '72ba4708-c06b-4f1b-a65a-9ef385153c13'}}] {{(pid=103460) _bind_port_level /opt/stack/neutron/neutron/plugins/ml2/managers.py:1001}}
Jun 29 04:57:05.367664 np0000183408 devstack@neutron-api.service[103460]: DEBUG neutron_lib.callbacks.manager [None req-322c14e7-74f1-476d-87f6-19043ff319b0 service neutron] Publish callbacks ['neutron.plugins.ml2.plugin.SecurityGroupDbMixin._ensure_default_security_group_handler-4063367', 'neutron.services.ovn_l3.plugin.OVNL3RouterPlugin._port_update-8786135477862', 'neutron.db.l3_db.L3_NAT_dbonly_mixin._prevent_internal_ip_change_for_fip-8786137011080'] for port (84e39f4b-4241-476a-af4d-945930a7234f), before_update {{(pid=103460) _notify_loop /opt/stack/data/venv/lib/python3.12/site-packages/neutron_lib/callbacks/manager.py:184}}
Jun 29 04:57:05.394533 np0000183408 devstack@neutron-api.service[103459]: DEBUG neutron.plugins.ml2.plugin [None req-27c39510-354e-477c-b894-376ea4f03f87 None None] Current status of the port 84e39f4b-4241-476a-af4d-945930a7234f is: DOWN; New status is: DOWN {{(pid=103459) _update_individual_port_db_status /opt/stack/neutron/neutron/plugins/ml2/plugin.py:2473}}
Jun 29 04:57:05.395950 np0000183408 devstack@neutron-api.service[103459]: DEBUG ovsdbapp.backend.ovs_idl.transaction [None req-bada725d-730f-49d2-889d-db9584863513 None None] Running txn n=1 command(idx=0): DbRemoveCommand(_result=None, table=Logical_Switch_Port, record=84e39f4b-4241-476a-af4d-945930a7234f, column=external_ids, values=('neutron:host_id',), keyvalues={}, if_exists=True) {{(pid=103459) do_commit /opt/stack/data/venv/lib/python3.12/site-packages/ovsdbapp/backend/ovs_idl/transaction.py:89}}
Jun 29 04:57:05.412536 np0000183408 devstack@neutron-api.service[103460]: DEBUG neutron.plugins.ml2.db [None req-322c14e7-74f1-476d-87f6-19043ff319b0 service neutron] For port 84e39f4b-4241-476a-af4d-945930a7234f, host np0000183408, cleared binding levels {{(pid=103460) clear_binding_levels /opt/stack/neutron/neutron/plugins/ml2/db.py:87}}
Jun 29 04:57:05.415186 np0000183408 devstack@neutron-api.service[103460]: DEBUG neutron.plugins.ml2.db [None req-322c14e7-74f1-476d-87f6-19043ff319b0 service neutron] For port 84e39f4b-4241-476a-af4d-945930a7234f, host np0000183408, set binding levels [PortBindingLevel(driver='ovn',host='np0000183408',level=0,port_id=84e39f4b-4241-476a-af4d-945930a7234f,segment=NetworkSegment(9a4127ca-9168-4d49-97f7-5f5ee125efda),segment_id=9a4127ca-9168-4d49-97f7-5f5ee125efda)] {{(pid=103460) set_binding_levels /opt/stack/neutron/neutron/plugins/ml2/db.py:59}}
Jun 29 04:57:05.416198 np0000183408 devstack@neutron-api.service[103460]: DEBUG neutron.plugins.ml2.drivers.ovn.mech_driver.mech_driver [None req-322c14e7-74f1-476d-87f6-19043ff319b0 service neutron] No provisioning block for port 84e39f4b-4241-476a-af4d-945930a7234f since host unchanged {{(pid=103460) _is_port_provisioning_required /opt/stack/neutron/neutron/plugins/ml2/drivers/ovn/mech_driver/mech_driver.py:904}}
Jun 29 04:57:05.423673 np0000183408 devstack@neutron-api.service[103460]: DEBUG neutron_lib.callbacks.manager [None req-322c14e7-74f1-476d-87f6-19043ff319b0 service neutron] Publish callbacks ['neutron.plugins.ml2.ovo_rpc._ObjectChangeHandler.handle_event-15598177', 'neutron.services.ovn_l3.plugin.OVNL3RouterPlugin._port_update-8786135477862'] for port (84e39f4b-4241-476a-af4d-945930a7234f), after_update {{(pid=103460) _notify_loop /opt/stack/data/venv/lib/python3.12/site-packages/neutron_lib/callbacks/manager.py:184}}
Jun 29 04:57:05.454776 np0000183408 devstack@neutron-api.service[103460]: DEBUG neutron.api.rpc.handlers.resources_rpc [None req-322c14e7-74f1-476d-87f6-19043ff319b0 service neutron] Pushing event updated for resources: {'Port': ['ID=84e39f4b-4241-476a-af4d-945930a7234f,revision_number=3']} {{(pid=103460) push /opt/stack/neutron/neutron/api/rpc/handlers/resources_rpc.py:237}}
Jun 29 04:57:05.486017 np0000183408 devstack@neutron-api.service[103460]: DEBUG neutron.plugins.ml2.drivers.ovn.mech_driver.ovsdb.commands [None req-322c14e7-74f1-476d-87f6-19043ff319b0 service neutron] Converting tag [] to a tag_request {{(pid=103460) _tag_column_to_tag_request /opt/stack/neutron/neutron/plugins/ml2/drivers/ovn/mech_driver/ovsdb/commands.py:205}}
Jun 29 04:57:05.487091 np0000183408 devstack@neutron-api.service[103460]: DEBUG ovsdbapp.backend.ovs_idl.transaction [None req-58d62338-de5c-4c05-b4d0-a01091f565c5 None None] Running txn n=1 command(idx=0): CheckRevisionNumberCommand(_result=None, name=84e39f4b-4241-476a-af4d-945930a7234f, resource={'id': '84e39f4b-4241-476a-af4d-945930a7234f', 'name': '', 'network_id': '72ba4708-c06b-4f1b-a65a-9ef385153c13', 'project_id': 'e855c0937f5c4d519a2ebb26746f4171', 'mac_address': 'fa:16:3e:54:46:c5', 'admin_state_up': True, 'status': 'DOWN', 'device_id': 'manila-admin-share', 'device_owner': 'manila:share', 'standard_attr_id': 46, 'fixed_ips': [{'subnet_id': '19694c44-8737-4b44-85cf-d2609ab33de8', 'ip_address': '10.2.5.210'}], 'allowed_address_pairs': [], 'extra_dhcp_opts': [], 'security_groups': [], 'description': '', 'binding:vnic_type': 'normal', 'binding:profile': {}, 'binding:host_id': 'np0000183408', 'binding:vif_type': 'ovs', 'binding:vif_details': {'port_filter': True, 'connectivity': 'l2', 'ovs_create_tap': False, 'bridge_name': 'br-int', 'datapath_type': 'system', 'bound_drivers': {'0': 'ovn'}}, 'port_security_enabled': False, 'tags': [], 'created_at': '2026-06-29T04:57:05Z', 'updated_at': '2026-06-29T04:57:05Z', 'revision_number': 3, 'tenant_id': 'e855c0937f5c4d519a2ebb26746f4171', 'network': {'id': '72ba4708-c06b-4f1b-a65a-9ef385153c13', 'name': 'admin_net', 'tenant_id': 'e855c0937f5c4d519a2ebb26746f4171', 'project_id': 'e855c0937f5c4d519a2ebb26746f4171', 'admin_state_up': True, 'mtu': 1372, 'status': 'ACTIVE', 'subnets': ['19694c44-8737-4b44-85cf-d2609ab33de8'], 'standard_attr_id': 42, 'shared': False, 'availability_zone_hints': [], 'availability_zones': [], 'ipv4_address_scope': None, 'ipv6_address_scope': None, 'router:external': False, 'qinq': False, 'vlan_transparent': False, 'description': '', 'port_security_enabled': True, 'tags': [], 'created_at': '2026-06-29T04:56:58Z', 'updated_at': '2026-06-29T04:56:59Z', 'revision_number': 2, 'provider:network_type': 'geneve', 'provider:physical_network': None, 'provider:segmentation_id': 26114}}, resource_type=ports, if_exists=True) {{(pid=103460) do_commit /opt/stack/data/venv/lib/python3.12/site-packages/ovsdbapp/backend/ovs_idl/transaction.py:89}}
Jun 29 04:57:05.487587 np0000183408 devstack@neutron-api.service[103460]: DEBUG ovsdbapp.backend.ovs_idl.transaction [None req-58d62338-de5c-4c05-b4d0-a01091f565c5 None None] Running txn n=1 command(idx=1): SetLSwitchPortCommand(_result=None, lport=84e39f4b-4241-476a-af4d-945930a7234f, external_ids_update=None, columns={'external_ids': {'neutron:port_name': '', 'neutron:device_id': 'manila-admin-share', 'neutron:project_id': 'e855c0937f5c4d519a2ebb26746f4171', 'neutron:cidrs': '10.2.5.210/24', 'neutron:device_owner': 'manila:share', 'neutron:subnet_pool_addr_scope4': '', 'neutron:subnet_pool_addr_scope6': '', 'neutron:network_name': 'neutron-72ba4708-c06b-4f1b-a65a-9ef385153c13', 'neutron:security_group_ids': '', 'neutron:revision_number': '3', 'neutron:vnic_type': 'normal', 'neutron:port_capabilities': '', 'neutron:mtu': ''}, 'parent_name': [], 'options': {'requested-chassis': 'np0000183408'}, 'enabled': True, 'port_security': [], 'dhcpv4_options': [UUID('63a36ff7-0e23-4a59-8f98-6aa80a950eae')], 'dhcpv6_options': [], 'type': '', 'addresses': ['fa:16:3e:54:46:c5 10.2.5.210', 'unknown'], 'ha_chassis_group': [], 'tag_request': []}, if_exists=False) {{(pid=103460) do_commit /opt/stack/data/venv/lib/python3.12/site-packages/ovsdbapp/backend/ovs_idl/transaction.py:89}}
Jun 29 04:57:05.488584 np0000183408 devstack@neutron-api.service[103460]: DEBUG ovsdbapp.backend.ovs_idl.transaction [None req-58d62338-de5c-4c05-b4d0-a01091f565c5 None None] Running txn n=1 command(idx=2): PgDelPortCommand(_result=None, port_group=neutron_pg_drop, lsp=['84e39f4b-4241-476a-af4d-945930a7234f'], if_exists=False) {{(pid=103460) do_commit /opt/stack/data/venv/lib/python3.12/site-packages/ovsdbapp/backend/ovs_idl/transaction.py:89}}
Jun 29 04:57:05.502263 np0000183408 devstack@neutron-api.service[103459]: DEBUG neutron.plugins.ml2.drivers.ovn.mech_driver.ovsdb.ovsdb_monitor [None req-bada725d-730f-49d2-889d-db9584863513 None None] Touching Hash Ring node "eef3827c3c5c5037a37297bb8f37368b" from IDL notify handler {{(pid=103459) notify /opt/stack/neutron/neutron/plugins/ml2/drivers/ovn/mech_driver/ovsdb/ovsdb_monitor.py:1007}}
Jun 29 04:57:05.503667 np0000183408 devstack@neutron-api.service[103461]: DEBUG neutron.plugins.ml2.drivers.ovn.mech_driver.ovsdb.ovsdb_monitor [None req-6a1a1651-bee9-4085-a545-299e78adf14b None None] Touching Hash Ring node "3118b63fcc955752afd2407ebb879a42" from IDL notify handler {{(pid=103461) notify /opt/stack/neutron/neutron/plugins/ml2/drivers/ovn/mech_driver/ovsdb/ovsdb_monitor.py:1007}}
Jun 29 04:57:05.511871 np0000183408 devstack@neutron-api.service[103461]: DEBUG neutron.plugins.ml2.drivers.ovn.mech_driver.ovsdb.ovsdb_monitor [None req-6a1a1651-bee9-4085-a545-299e78adf14b None None] Hash Ring: Node 3118b63fcc955752afd2407ebb879a42 (host: np0000183408) handling event "update" for row 5a2953ec-99e6-4aa0-8e43-5d08493d5015 (table: Port_Binding) {{(pid=103461) notify /opt/stack/neutron/neutron/plugins/ml2/drivers/ovn/mech_driver/ovsdb/ovsdb_monitor.py:1015}}
Jun 29 04:57:05.513205 np0000183408 devstack@neutron-api.service[103459]: DEBUG neutron.plugins.ml2.drivers.ovn.mech_driver.ovsdb.ovsdb_monitor [None req-bada725d-730f-49d2-889d-db9584863513 None None] Hash Ring: Node eef3827c3c5c5037a37297bb8f37368b (host: np0000183408) handling event "update" for row a90b7050-1cad-4657-aca8-82ab687d749b (table: Logical_Switch_Port) {{(pid=103459) notify /opt/stack/neutron/neutron/plugins/ml2/drivers/ovn/mech_driver/ovsdb/ovsdb_monitor.py:1015}}
Jun 29 04:57:05.541310 np0000183408 devstack@neutron-api.service[103460]: INFO neutron.db.ovn_revision_numbers_db [None req-322c14e7-74f1-476d-87f6-19043ff319b0 service neutron] Successfully bumped revision number for resource 84e39f4b-4241-476a-af4d-945930a7234f (type: ports) to 3
Jun 29 04:57:05.553922 np0000183408 devstack@neutron-api.service[103460]: DEBUG neutron.pecan_wsgi.hooks.policy_enforcement [None req-322c14e7-74f1-476d-87f6-19043ff319b0 service neutron] Attributes excluded by policy engine: ['standard_attr_id'] {{(pid=103460) _exclude_attributes_by_policy /opt/stack/neutron/neutron/pecan_wsgi/hooks/policy_enforcement.py:259}}
Jun 29 04:57:05.554174 np0000183408 devstack@neutron-api.service[103460]: DEBUG neutron_lib.callbacks.manager [None req-322c14e7-74f1-476d-87f6-19043ff319b0 service neutron] Publish callbacks ['neutron.notifiers.nova.Notifier._send_nova_notification-2014494'] for port (None), before_response {{(pid=103460) _notify_loop /opt/stack/data/venv/lib/python3.12/site-packages/neutron_lib/callbacks/manager.py:184}}
Jun 29 04:57:05.567838 np0000183408 devstack@neutron-api.service[103460]: [pid: 103460|app: 0|req: 26/104] 199.204.45.240 () {68 vars in 1304 bytes} [Mon Jun 29 04:57:05 2026] POST /networking/v2.0/ports => generated 927 bytes in 511 msecs (HTTP/1.1 201) 4 headers in 162 bytes (1 switches on core 0)
Jun 29 04:57:05.913541 np0000183408 devstack@neutron-api.service[103461]: DEBUG neutron.plugins.ml2.drivers.ovn.mech_driver.ovsdb.ovsdb_monitor [None req-6a1a1651-bee9-4085-a545-299e78adf14b None None] Touching Hash Ring node "3118b63fcc955752afd2407ebb879a42" from IDL notify handler {{(pid=103461) notify /opt/stack/neutron/neutron/plugins/ml2/drivers/ovn/mech_driver/ovsdb/ovsdb_monitor.py:1007}}
Jun 29 04:57:05.917584 np0000183408 devstack@neutron-api.service[103461]: DEBUG neutron.plugins.ml2.drivers.ovn.mech_driver.ovsdb.ovsdb_monitor [None req-6a1a1651-bee9-4085-a545-299e78adf14b None None] Hash Ring: Node 3118b63fcc955752afd2407ebb879a42 (host: np0000183408) handling event "update" for row 5a2953ec-99e6-4aa0-8e43-5d08493d5015 (table: Port_Binding) {{(pid=103461) notify /opt/stack/neutron/neutron/plugins/ml2/drivers/ovn/mech_driver/ovsdb/ovsdb_monitor.py:1015}}
Jun 29 04:57:05.975270 np0000183408 devstack@neutron-api.service[103461]: DEBUG neutron.plugins.ml2.drivers.ovn.mech_driver.ovsdb.ovsdb_monitor [None req-6a1a1651-bee9-4085-a545-299e78adf14b None None] Touching Hash Ring node "3118b63fcc955752afd2407ebb879a42" from IDL notify handler {{(pid=103461) notify /opt/stack/neutron/neutron/plugins/ml2/drivers/ovn/mech_driver/ovsdb/ovsdb_monitor.py:1007}}
Jun 29 04:57:05.981214 np0000183408 devstack@neutron-api.service[103459]: DEBUG neutron.plugins.ml2.drivers.ovn.mech_driver.ovsdb.ovsdb_monitor [None req-bada725d-730f-49d2-889d-db9584863513 None None] Touching Hash Ring node "eef3827c3c5c5037a37297bb8f37368b" from IDL notify handler {{(pid=103459) notify /opt/stack/neutron/neutron/plugins/ml2/drivers/ovn/mech_driver/ovsdb/ovsdb_monitor.py:1007}}
Jun 29 04:57:05.984501 np0000183408 devstack@neutron-api.service[103461]: DEBUG neutron.plugins.ml2.drivers.ovn.mech_driver.ovsdb.ovsdb_monitor [None req-6a1a1651-bee9-4085-a545-299e78adf14b None None] Hash Ring: Node 3118b63fcc955752afd2407ebb879a42 (host: np0000183408) handling event "update" for row 5a2953ec-99e6-4aa0-8e43-5d08493d5015 (table: Port_Binding) {{(pid=103461) notify /opt/stack/neutron/neutron/plugins/ml2/drivers/ovn/mech_driver/ovsdb/ovsdb_monitor.py:1015}}
Jun 29 04:57:05.987365 np0000183408 devstack@neutron-api.service[103459]: DEBUG neutron.plugins.ml2.drivers.ovn.mech_driver.ovsdb.ovsdb_monitor [None req-bada725d-730f-49d2-889d-db9584863513 None None] Hash Ring: Node eef3827c3c5c5037a37297bb8f37368b (host: np0000183408) handling event "update" for row a90b7050-1cad-4657-aca8-82ab687d749b (table: Logical_Switch_Port) {{(pid=103459) notify /opt/stack/neutron/neutron/plugins/ml2/drivers/ovn/mech_driver/ovsdb/ovsdb_monitor.py:1015}}
Jun 29 04:57:05.990023 np0000183408 devstack@neutron-api.service[103459]: DEBUG ovsdbapp.backend.ovs_idl.event [None req-bada725d-730f-49d2-889d-db9584863513 None None] Matched UPDATE: LogicalSwitchPortUpdateUpEvent(events=('update',), table='Logical_Switch_Port', conditions=None, old_conditions=None), priority=20 to row=Logical_Switch_Port(uuid=a90b7050-1cad-4657-aca8-82ab687d749b, addresses=['fa:16:3e:54:46:c5 10.2.5.210', 'unknown'], dhcpv4_options=63a36ff7-0e23-4a59-8f98-6aa80a950eae, dhcpv6_options=[], dynamic_addresses=[], enabled=True, external_ids={'neutron:cidrs': '10.2.5.210/24', 'neutron:device_id': 'manila-admin-share', 'neutron:device_owner': 'manila:share', 'neutron:mtu': '', 'neutron:network_name': 'neutron-72ba4708-c06b-4f1b-a65a-9ef385153c13', 'neutron:port_capabilities': '', 'neutron:port_name': '', 'neutron:project_id': 'e855c0937f5c4d519a2ebb26746f4171', 'neutron:revision_number': '3', 'neutron:security_group_ids': '', 'neutron:subnet_pool_addr_scope4': '', 'neutron:subnet_pool_addr_scope6': '', 'neutron:vnic_type': 'normal'}, ha_chassis_group=[], mirror_rules=[], name='84e39f4b-4241-476a-af4d-945930a7234f', options={'requested-chassis': 'np0000183408'}, parent_name=[], port_security=[], tag=[], tag_request=[], type='', up=True) old=Logical_Switch_Port(uuid=a90b7050-1cad-4657-aca8-82ab687d749b, up=False) {{(pid=103459) matches /opt/stack/data/venv/lib/python3.12/site-packages/ovsdbapp/backend/ovs_idl/event.py:55}}
Jun 29 04:57:05.991492 np0000183408 devstack@neutron-api.service[103459]: INFO neutron.plugins.ml2.drivers.ovn.mech_driver.mech_driver [None req-27c39510-354e-477c-b894-376ea4f03f87 None None] OVN reports status up for port: 84e39f4b-4241-476a-af4d-945930a7234f
Jun 29 04:57:05.998501 np0000183408 devstack@neutron-api.service[103459]: DEBUG neutron.db.provisioning_blocks [None req-27c39510-354e-477c-b894-376ea4f03f87 None None] Provisioning for port 84e39f4b-4241-476a-af4d-945930a7234f completed by entity L2. {{(pid=103459) provisioning_complete /opt/stack/neutron/neutron/db/provisioning_blocks.py:133}}
Jun 29 04:57:06.008278 np0000183408 devstack@neutron-api.service[103459]: DEBUG neutron.db.provisioning_blocks [None req-27c39510-354e-477c-b894-376ea4f03f87 None None] Provisioning complete for port 84e39f4b-4241-476a-af4d-945930a7234f triggered by entity L2. {{(pid=103459) provisioning_complete /opt/stack/neutron/neutron/db/provisioning_blocks.py:141}}
Jun 29 04:57:06.008588 np0000183408 devstack@neutron-api.service[103459]: DEBUG neutron_lib.callbacks.manager [None req-27c39510-354e-477c-b894-376ea4f03f87 None None] Publish callbacks ['neutron.plugins.ml2.plugin.Ml2Plugin._port_provisioned-269008'] for port (84e39f4b-4241-476a-af4d-945930a7234f), provisioning_complete {{(pid=103459) _notify_loop /opt/stack/data/venv/lib/python3.12/site-packages/neutron_lib/callbacks/manager.py:184}}
Jun 29 04:57:06.009065 np0000183408 devstack@neutron-api.service[103459]: INFO neutron.plugins.ml2.plugin [None req-27c39510-354e-477c-b894-376ea4f03f87 None None] Attempt 1 to provision port 84e39f4b-4241-476a-af4d-945930a7234f
Jun 29 04:57:06.263159 np0000183408 devstack@neutron-api.service[103459]: DEBUG neutron.plugins.ml2.plugin [None req-27c39510-354e-477c-b894-376ea4f03f87 None None] Current status of the port 84e39f4b-4241-476a-af4d-945930a7234f is: DOWN; New status is: ACTIVE {{(pid=103459) _update_individual_port_db_status /opt/stack/neutron/neutron/plugins/ml2/plugin.py:2473}}
Jun 29 04:57:06.263311 np0000183408 devstack@neutron-api.service[103459]: DEBUG neutron_lib.callbacks.manager [None req-27c39510-354e-477c-b894-376ea4f03f87 None None] Publish callbacks ['neutron.plugins.ml2.plugin.SecurityGroupDbMixin._ensure_default_security_group_handler-51428', 'neutron.services.ovn_l3.plugin.OVNL3RouterPlugin._port_update-8786135516504', 'neutron.db.l3_db.L3_NAT_dbonly_mixin._prevent_internal_ip_change_for_fip-8786137017688'] for port (84e39f4b-4241-476a-af4d-945930a7234f), before_update {{(pid=103459) _notify_loop /opt/stack/data/venv/lib/python3.12/site-packages/neutron_lib/callbacks/manager.py:184}}
Jun 29 04:57:06.325679 np0000183408 devstack@neutron-api.service[103459]: DEBUG neutron.plugins.ml2.db [None req-27c39510-354e-477c-b894-376ea4f03f87 None None] For port 84e39f4b-4241-476a-af4d-945930a7234f, host np0000183408, got binding levels [PortBindingLevel(driver='ovn',host='np0000183408',level=0,port_id=84e39f4b-4241-476a-af4d-945930a7234f,segment=NetworkSegment(9a4127ca-9168-4d49-97f7-5f5ee125efda),segment_id=9a4127ca-9168-4d49-97f7-5f5ee125efda)] {{(pid=103459) get_binding_level_objs /opt/stack/neutron/neutron/plugins/ml2/db.py:74}}
Jun 29 04:57:06.325679 np0000183408 devstack@neutron-api.service[103459]: DEBUG neutron.plugins.ml2.drivers.ovn.mech_driver.mech_driver [None req-27c39510-354e-477c-b894-376ea4f03f87 None None] No provisioning block for port 84e39f4b-4241-476a-af4d-945930a7234f since it is active {{(pid=103459) _is_port_provisioning_required /opt/stack/neutron/neutron/plugins/ml2/drivers/ovn/mech_driver/mech_driver.py:894}}
Jun 29 04:57:06.379630 np0000183408 devstack@neutron-api.service[103459]: DEBUG neutron.plugins.ml2.drivers.ovn.mech_driver.ovsdb.commands [None req-27c39510-354e-477c-b894-376ea4f03f87 None None] Converting tag [] to a tag_request {{(pid=103459) _tag_column_to_tag_request /opt/stack/neutron/neutron/plugins/ml2/drivers/ovn/mech_driver/ovsdb/commands.py:205}}
Jun 29 04:57:06.380998 np0000183408 devstack@neutron-api.service[103459]: DEBUG ovsdbapp.backend.ovs_idl.transaction [None req-bada725d-730f-49d2-889d-db9584863513 None None] Running txn n=1 command(idx=0): CheckRevisionNumberCommand(_result=None, name=84e39f4b-4241-476a-af4d-945930a7234f, resource={'id': '84e39f4b-4241-476a-af4d-945930a7234f', 'name': '', 'network_id': '72ba4708-c06b-4f1b-a65a-9ef385153c13', 'project_id': 'e855c0937f5c4d519a2ebb26746f4171', 'mac_address': 'fa:16:3e:54:46:c5', 'admin_state_up': True, 'status': 'ACTIVE', 'device_id': 'manila-admin-share', 'device_owner': 'manila:share', 'standard_attr_id': 46, 'fixed_ips': [{'subnet_id': '19694c44-8737-4b44-85cf-d2609ab33de8', 'ip_address': '10.2.5.210'}], 'allowed_address_pairs': [], 'extra_dhcp_opts': [], 'security_groups': [], 'description': '', 'binding:vnic_type': 'normal', 'binding:profile': {}, 'binding:host_id': 'np0000183408', 'binding:vif_type': 'ovs', 'binding:vif_details': {'port_filter': True, 'connectivity': 'l2', 'ovs_create_tap': False, 'bridge_name': 'br-int', 'datapath_type': 'system', 'bound_drivers': {'0': 'ovn'}}, 'port_security_enabled': False, 'tags': [], 'created_at': '2026-06-29T04:57:05Z', 'updated_at': '2026-06-29T04:57:06Z', 'revision_number': 4, 'tenant_id': 'e855c0937f5c4d519a2ebb26746f4171', 'network': {'id': '72ba4708-c06b-4f1b-a65a-9ef385153c13', 'name': 'admin_net', 'tenant_id': 'e855c0937f5c4d519a2ebb26746f4171', 'project_id': 'e855c0937f5c4d519a2ebb26746f4171', 'admin_state_up': True, 'mtu': 1372, 'status': 'ACTIVE', 'subnets': ['19694c44-8737-4b44-85cf-d2609ab33de8'], 'standard_attr_id': 42, 'shared': False, 'availability_zone_hints': [], 'availability_zones': [], 'ipv4_address_scope': None, 'ipv6_address_scope': None, 'router:external': False, 'qinq': False, 'vlan_transparent': False, 'description': '', 'port_security_enabled': True, 'tags': [], 'created_at': '2026-06-29T04:56:58Z', 'updated_at': '2026-06-29T04:56:59Z', 'revision_number': 2, 'provider:network_type': 'geneve', 'provider:physical_network': None, 'provider:segmentation_id': 26114}}, resource_type=ports, if_exists=True) {{(pid=103459) do_commit /opt/stack/data/venv/lib/python3.12/site-packages/ovsdbapp/backend/ovs_idl/transaction.py:89}}
Jun 29 04:57:06.381719 np0000183408 devstack@neutron-api.service[103459]: DEBUG ovsdbapp.backend.ovs_idl.transaction [None req-bada725d-730f-49d2-889d-db9584863513 None None] Running txn n=1 command(idx=1): SetLSwitchPortCommand(_result=None, lport=84e39f4b-4241-476a-af4d-945930a7234f, external_ids_update=None, columns={'external_ids': {'neutron:port_name': '', 'neutron:device_id': 'manila-admin-share', 'neutron:project_id': 'e855c0937f5c4d519a2ebb26746f4171', 'neutron:cidrs': '10.2.5.210/24', 'neutron:device_owner': 'manila:share', 'neutron:subnet_pool_addr_scope4': '', 'neutron:subnet_pool_addr_scope6': '', 'neutron:network_name': 'neutron-72ba4708-c06b-4f1b-a65a-9ef385153c13', 'neutron:security_group_ids': '', 'neutron:revision_number': '4', 'neutron:vnic_type': 'normal', 'neutron:port_capabilities': '', 'neutron:mtu': ''}, 'parent_name': [], 'options': {'requested-chassis': 'np0000183408'}, 'enabled': True, 'port_security': [], 'dhcpv4_options': [UUID('63a36ff7-0e23-4a59-8f98-6aa80a950eae')], 'dhcpv6_options': [], 'type': '', 'addresses': ['fa:16:3e:54:46:c5 10.2.5.210', 'unknown'], 'ha_chassis_group': [], 'tag_request': []}, if_exists=False) {{(pid=103459) do_commit /opt/stack/data/venv/lib/python3.12/site-packages/ovsdbapp/backend/ovs_idl/transaction.py:89}}
Jun 29 04:57:06.383249 np0000183408 devstack@neutron-api.service[103459]: DEBUG ovsdbapp.backend.ovs_idl.transaction [None req-bada725d-730f-49d2-889d-db9584863513 None None] Running txn n=1 command(idx=2): PgDelPortCommand(_result=None, port_group=neutron_pg_drop, lsp=['84e39f4b-4241-476a-af4d-945930a7234f'], if_exists=False) {{(pid=103459) do_commit /opt/stack/data/venv/lib/python3.12/site-packages/ovsdbapp/backend/ovs_idl/transaction.py:89}}
Jun 29 04:57:06.390822 np0000183408 devstack@neutron-api.service[103459]: DEBUG neutron.plugins.ml2.drivers.ovn.mech_driver.ovsdb.ovsdb_monitor [None req-bada725d-730f-49d2-889d-db9584863513 None None] Touching Hash Ring node "eef3827c3c5c5037a37297bb8f37368b" from IDL notify handler {{(pid=103459) notify /opt/stack/neutron/neutron/plugins/ml2/drivers/ovn/mech_driver/ovsdb/ovsdb_monitor.py:1007}}
Jun 29 04:57:06.396568 np0000183408 devstack@neutron-api.service[103461]: DEBUG neutron.plugins.ml2.drivers.ovn.mech_driver.ovsdb.ovsdb_monitor [None req-6a1a1651-bee9-4085-a545-299e78adf14b None None] Touching Hash Ring node "3118b63fcc955752afd2407ebb879a42" from IDL notify handler {{(pid=103461) notify /opt/stack/neutron/neutron/plugins/ml2/drivers/ovn/mech_driver/ovsdb/ovsdb_monitor.py:1007}}
Jun 29 04:57:06.399618 np0000183408 devstack@neutron-api.service[103459]: DEBUG neutron.plugins.ml2.drivers.ovn.mech_driver.ovsdb.ovsdb_monitor [None req-bada725d-730f-49d2-889d-db9584863513 None None] Hash Ring: Node eef3827c3c5c5037a37297bb8f37368b (host: np0000183408) handling event "update" for row a90b7050-1cad-4657-aca8-82ab687d749b (table: Logical_Switch_Port) {{(pid=103459) notify /opt/stack/neutron/neutron/plugins/ml2/drivers/ovn/mech_driver/ovsdb/ovsdb_monitor.py:1015}}
Jun 29 04:57:06.399653 np0000183408 devstack@neutron-api.service[103461]: DEBUG neutron.plugins.ml2.drivers.ovn.mech_driver.ovsdb.ovsdb_monitor [None req-6a1a1651-bee9-4085-a545-299e78adf14b None None] Hash Ring: Node 3118b63fcc955752afd2407ebb879a42 (host: np0000183408) handling event "update" for row 5a2953ec-99e6-4aa0-8e43-5d08493d5015 (table: Port_Binding) {{(pid=103461) notify /opt/stack/neutron/neutron/plugins/ml2/drivers/ovn/mech_driver/ovsdb/ovsdb_monitor.py:1015}}
Jun 29 04:57:06.431688 np0000183408 devstack@neutron-api.service[103459]: INFO neutron.db.ovn_revision_numbers_db [None req-27c39510-354e-477c-b894-376ea4f03f87 None None] Successfully bumped revision number for resource 84e39f4b-4241-476a-af4d-945930a7234f (type: ports) to 4
Jun 29 04:57:06.437487 np0000183408 devstack@neutron-api.service[103459]: DEBUG neutron_lib.callbacks.manager [None req-27c39510-354e-477c-b894-376ea4f03f87 None None] Publish callbacks ['neutron.plugins.ml2.ovo_rpc._ObjectChangeHandler.handle_event-1109133', 'neutron.services.ovn_l3.plugin.OVNL3RouterPlugin._port_update-8786135516504'] for port (84e39f4b-4241-476a-af4d-945930a7234f), after_update {{(pid=103459) _notify_loop /opt/stack/data/venv/lib/python3.12/site-packages/neutron_lib/callbacks/manager.py:184}}
Jun 29 04:57:06.463508 np0000183408 devstack@neutron-api.service[103459]: DEBUG neutron.api.rpc.handlers.resources_rpc [None req-899e76d3-dbb6-4264-9944-23e4543a8d82 None None] Pushing event updated for resources: {'Port': ['ID=84e39f4b-4241-476a-af4d-945930a7234f,revision_number=4']} {{(pid=103459) push /opt/stack/neutron/neutron/api/rpc/handlers/resources_rpc.py:237}}
Jun 29 04:57:06.468837 np0000183408 devstack@neutron-api.service[103459]: DEBUG neutron.api.rpc.callbacks.version_manager [None req-899e76d3-dbb6-4264-9944-23e4543a8d82 None None] Tracked resource versions report:
Jun 29 04:57:06.468837 np0000183408 devstack@neutron-api.service[103459]: pushed versions:
Jun 29 04:57:06.468837 np0000183408 devstack@neutron-api.service[103459]: { 'AddressGroup': {'1.2'},
Jun 29 04:57:06.468837 np0000183408 devstack@neutron-api.service[103459]: 'Agent': {'1.1'},
Jun 29 04:57:06.468837 np0000183408 devstack@neutron-api.service[103459]: 'ConntrackHelper': {'1.0'},
Jun 29 04:57:06.468837 np0000183408 devstack@neutron-api.service[103459]: 'LocalIPAssociation': {'1.0'},
Jun 29 04:57:06.468837 np0000183408 devstack@neutron-api.service[103459]: 'Log': {'1.0'},
Jun 29 04:57:06.468837 np0000183408 devstack@neutron-api.service[103459]: 'NDPProxy': {'1.0'},
Jun 29 04:57:06.468837 np0000183408 devstack@neutron-api.service[103459]: 'Network': {'1.3'},
Jun 29 04:57:06.468837 np0000183408 devstack@neutron-api.service[103459]: 'Port': {'1.11'},
Jun 29 04:57:06.468837 np0000183408 devstack@neutron-api.service[103459]: 'PortForwarding': {'1.3'},
Jun 29 04:57:06.468837 np0000183408 devstack@neutron-api.service[103459]: 'QosPolicy': {'1.10'},
Jun 29 04:57:06.468837 np0000183408 devstack@neutron-api.service[103459]: 'SecurityGroup': {'1.6'},
Jun 29 04:57:06.468837 np0000183408 devstack@neutron-api.service[103459]: 'SecurityGroupRule': {'1.3'},
Jun 29 04:57:06.468837 np0000183408 devstack@neutron-api.service[103459]: 'SubPort': {'1.0'},
Jun 29 04:57:06.468837 np0000183408 devstack@neutron-api.service[103459]: 'Subnet': {'1.2'},
Jun 29 04:57:06.468837 np0000183408 devstack@neutron-api.service[103459]: 'Trunk': {'1.1'}}
Jun 29 04:57:06.468837 np0000183408 devstack@neutron-api.service[103459]: consumer versions:
Jun 29 04:57:06.468837 np0000183408 devstack@neutron-api.service[103459]: { OVN Neutron agent@np0000183408: {},
Jun 29 04:57:06.468837 np0000183408 devstack@neutron-api.service[103459]: OVN Controller Gateway agent@np0000183408: {}}
Jun 29 04:57:06.468837 np0000183408 devstack@neutron-api.service[103459]: {{(pid=103459) report /opt/stack/neutron/neutron/api/rpc/callbacks/version_manager.py:183}}
Jun 29 04:57:06.489266 np0000183408 devstack@neutron-api.service[103459]: DEBUG ovsdbapp.backend.ovs_idl.transaction [None req-bada725d-730f-49d2-889d-db9584863513 None None] Running txn n=1 command(idx=0): DbSetCommand(_result=None, table=Logical_Switch_Port, record=84e39f4b-4241-476a-af4d-945930a7234f, col_values=(('external_ids', {'neutron:host_id': 'np0000183408'}),), if_exists=True) {{(pid=103459) do_commit /opt/stack/data/venv/lib/python3.12/site-packages/ovsdbapp/backend/ovs_idl/transaction.py:89}}
Jun 29 04:57:06.499929 np0000183408 devstack@neutron-api.service[103459]: DEBUG neutron.plugins.ml2.drivers.ovn.mech_driver.ovsdb.ovsdb_monitor [None req-bada725d-730f-49d2-889d-db9584863513 None None] Touching Hash Ring node "eef3827c3c5c5037a37297bb8f37368b" from IDL notify handler {{(pid=103459) notify /opt/stack/neutron/neutron/plugins/ml2/drivers/ovn/mech_driver/ovsdb/ovsdb_monitor.py:1007}}
Jun 29 04:57:06.501385 np0000183408 devstack@neutron-api.service[103461]: DEBUG neutron.plugins.ml2.drivers.ovn.mech_driver.ovsdb.ovsdb_monitor [None req-6a1a1651-bee9-4085-a545-299e78adf14b None None] Touching Hash Ring node "3118b63fcc955752afd2407ebb879a42" from IDL notify handler {{(pid=103461) notify /opt/stack/neutron/neutron/plugins/ml2/drivers/ovn/mech_driver/ovsdb/ovsdb_monitor.py:1007}}
Jun 29 04:57:06.513914 np0000183408 devstack@neutron-api.service[103461]: DEBUG neutron.plugins.ml2.drivers.ovn.mech_driver.ovsdb.ovsdb_monitor [None req-6a1a1651-bee9-4085-a545-299e78adf14b None None] Hash Ring: Node 3118b63fcc955752afd2407ebb879a42 (host: np0000183408) handling event "update" for row 5a2953ec-99e6-4aa0-8e43-5d08493d5015 (table: Port_Binding) {{(pid=103461) notify /opt/stack/neutron/neutron/plugins/ml2/drivers/ovn/mech_driver/ovsdb/ovsdb_monitor.py:1015}}
Jun 29 04:57:06.515821 np0000183408 devstack@neutron-api.service[103459]: DEBUG neutron.plugins.ml2.drivers.ovn.mech_driver.ovsdb.ovsdb_monitor [None req-bada725d-730f-49d2-889d-db9584863513 None None] Hash Ring: Node eef3827c3c5c5037a37297bb8f37368b (host: np0000183408) handling event "update" for row a90b7050-1cad-4657-aca8-82ab687d749b (table: Logical_Switch_Port) {{(pid=103459) notify /opt/stack/neutron/neutron/plugins/ml2/drivers/ovn/mech_driver/ovsdb/ovsdb_monitor.py:1015}}
Jun 29 04:57:06.768858 np0000183408 devstack@neutron-api.service[103461]: DEBUG neutron.pecan_wsgi.hooks.policy_enforcement [None req-93f781f9-bb78-4e0a-8f04-b0f1ddc835c4 service neutron] Attributes excluded by policy engine: ['standard_attr_id', 'shared'] {{(pid=103461) _exclude_attributes_by_policy /opt/stack/neutron/neutron/pecan_wsgi/hooks/policy_enforcement.py:259}}
Jun 29 04:57:06.770072 np0000183408 devstack@neutron-api.service[103461]: [pid: 103461|app: 0|req: 26/105] 199.204.45.240 () {64 vars in 1367 bytes} [Mon Jun 29 04:57:06 2026] GET /networking/v2.0/subnets/19694c44-8737-4b44-85cf-d2609ab33de8 => generated 625 bytes in 26 msecs (HTTP/1.1 200) 4 headers in 157 bytes (1 switches on core 0)
Jun 29 04:57:07.639683 np0000183408 devstack@neutron-api.service[103459]: DEBUG neutron.pecan_wsgi.hooks.policy_enforcement [None req-582b9528-70ee-49d7-bdf8-ee9c21e50e10 service neutron] Attributes excluded by policy engine: ['standard_attr_id'] {{(pid=103459) _exclude_attributes_by_policy /opt/stack/neutron/neutron/pecan_wsgi/hooks/policy_enforcement.py:259}}
Jun 29 04:57:07.641186 np0000183408 devstack@neutron-api.service[103459]: [pid: 103459|app: 0|req: 28/106] 199.204.45.240 () {64 vars in 1369 bytes} [Mon Jun 29 04:57:07 2026] GET /networking/v2.0/ports?device_id=manila-admin-share&binding%3Ahost_id=np0000183408 => generated 932 bytes in 41 msecs (HTTP/1.1 200) 4 headers in 157 bytes (1 switches on core 0)
Jun 29 04:57:08.129620 np0000183408 devstack@neutron-api.service[103458]: DEBUG neutron.pecan_wsgi.hooks.policy_enforcement [None req-83cb4e5c-e715-4e6c-8cc9-53f4c779d822 service neutron] Attributes excluded by policy engine: ['standard_attr_id', 'shared'] {{(pid=103458) _exclude_attributes_by_policy /opt/stack/neutron/neutron/pecan_wsgi/hooks/policy_enforcement.py:259}}
Jun 29 04:57:08.131753 np0000183408 devstack@neutron-api.service[103458]: [pid: 103458|app: 0|req: 27/107] 199.204.45.240 () {64 vars in 1367 bytes} [Mon Jun 29 04:57:08 2026] GET /networking/v2.0/subnets/19694c44-8737-4b44-85cf-d2609ab33de8 => generated 625 bytes in 23 msecs (HTTP/1.1 200) 4 headers in 157 bytes (1 switches on core 0)
Jun 29 04:57:14.313653 np0000183408 devstack@neutron-api.service[103459]: DEBUG futurist.periodics [-] Submitting periodic callback 'neutron.plugins.ml2.drivers.ovn.mech_driver.ovsdb.maintenance.HashRingHealthCheckPeriodics.touch_hash_ring_node' {{(pid=103459) _process_scheduled /opt/stack/data/venv/lib/python3.12/site-packages/futurist/periodics.py:784}}
Jun 29 04:57:14.314320 np0000183408 devstack@neutron-api.service[103459]: DEBUG neutron.plugins.ml2.drivers.ovn.mech_driver.ovsdb.maintenance [-] Touching Hash Ring node "eef3827c3c5c5037a37297bb8f37368b" from periodic health check thread {{(pid=103459) touch_hash_ring_node /opt/stack/neutron/neutron/plugins/ml2/drivers/ovn/mech_driver/ovsdb/maintenance.py:1419}}
Jun 29 04:57:15.221656 np0000183408 devstack@neutron-api.service[103458]: DEBUG futurist.periodics [-] Submitting periodic callback 'neutron.plugins.ml2.drivers.ovn.mech_driver.ovsdb.maintenance.HashRingHealthCheckPeriodics.touch_hash_ring_node' {{(pid=103458) _process_scheduled /opt/stack/data/venv/lib/python3.12/site-packages/futurist/periodics.py:784}}
Jun 29 04:57:15.224464 np0000183408 devstack@neutron-api.service[103458]: DEBUG neutron.plugins.ml2.drivers.ovn.mech_driver.ovsdb.maintenance [-] Touching Hash Ring node "bfa6d1b6296e5171aefa744d232f7c03" from periodic health check thread {{(pid=103458) touch_hash_ring_node /opt/stack/neutron/neutron/plugins/ml2/drivers/ovn/mech_driver/ovsdb/maintenance.py:1419}}
Jun 29 04:57:15.240659 np0000183408 devstack@neutron-api.service[103460]: DEBUG futurist.periodics [-] Submitting periodic callback 'neutron.plugins.ml2.drivers.ovn.mech_driver.ovsdb.maintenance.HashRingHealthCheckPeriodics.touch_hash_ring_node' {{(pid=103460) _process_scheduled /opt/stack/data/venv/lib/python3.12/site-packages/futurist/periodics.py:784}}
Jun 29 04:57:15.241508 np0000183408 devstack@neutron-api.service[103460]: DEBUG neutron.plugins.ml2.drivers.ovn.mech_driver.ovsdb.maintenance [-] Touching Hash Ring node "18cd717ed6f75b1086b1117b9e19cf93" from periodic health check thread {{(pid=103460) touch_hash_ring_node /opt/stack/neutron/neutron/plugins/ml2/drivers/ovn/mech_driver/ovsdb/maintenance.py:1419}}
Jun 29 04:57:15.284288 np0000183408 devstack@neutron-api.service[103461]: DEBUG futurist.periodics [-] Submitting periodic callback 'neutron.plugins.ml2.drivers.ovn.mech_driver.ovsdb.maintenance.HashRingHealthCheckPeriodics.touch_hash_ring_node' {{(pid=103461) _process_scheduled /opt/stack/data/venv/lib/python3.12/site-packages/futurist/periodics.py:784}}
Jun 29 04:57:15.285023 np0000183408 devstack@neutron-api.service[103461]: DEBUG neutron.plugins.ml2.drivers.ovn.mech_driver.ovsdb.maintenance [-] Touching Hash Ring node "3118b63fcc955752afd2407ebb879a42" from periodic health check thread {{(pid=103461) touch_hash_ring_node /opt/stack/neutron/neutron/plugins/ml2/drivers/ovn/mech_driver/ovsdb/maintenance.py:1419}}
Jun 29 04:57:21.419889 np0000183408 devstack@neutron-api.service[103460]: [pid: 103460|app: 0|req: 27/108] 199.204.45.240 () {62 vars in 1059 bytes} [Mon Jun 29 04:57:21 2026] GET /networking => generated 130 bytes in 4 msecs (HTTP/1.1 200) 3 headers in 91 bytes (1 switches on core 0)
Jun 29 04:57:21.513023 np0000183408 devstack@neutron-api.service[103461]: DEBUG neutron.pecan_wsgi.hooks.policy_enforcement [None req-8fe026a3-b45e-4457-808a-d74f5012887d demo demo] Attributes excluded by policy engine: ['standard_attr_id', 'provider:network_type', 'provider:physical_network', 'provider:segmentation_id'] {{(pid=103461) _exclude_attributes_by_policy /opt/stack/neutron/neutron/pecan_wsgi/hooks/policy_enforcement.py:259}}
Jun 29 04:57:21.514466 np0000183408 devstack@neutron-api.service[103461]: [pid: 103461|app: 0|req: 27/109] 199.204.45.240 () {64 vars in 1348 bytes} [Mon Jun 29 04:57:21 2026] GET /networking/v2.0/networks?router%3Aexternal=True => generated 659 bytes in 60 msecs (HTTP/1.1 200) 4 headers in 157 bytes (1 switches on core 0)
Jun 29 04:57:24.352720 np0000183408 devstack@neutron-api.service[103459]: DEBUG dbcounter [-] [103459] Writing DB stats neutron:SELECT=174,neutron:INSERT=1,neutron:UPDATE=12,neutron:DELETE=1 {{(pid=103459) stat_writer /opt/stack/data/venv/lib/python3.12/site-packages/dbcounter.py:115}}
Jun 29 04:57:25.244303 np0000183408 devstack@neutron-api.service[103458]: DEBUG dbcounter [-] [103458] Writing DB stats neutron:SELECT=256,neutron:INSERT=11,neutron:UPDATE=8,neutron:DELETE=2 {{(pid=103458) stat_writer /opt/stack/data/venv/lib/python3.12/site-packages/dbcounter.py:115}}
Jun 29 04:57:25.271555 np0000183408 devstack@neutron-api.service[103460]: DEBUG dbcounter [-] [103460] Writing DB stats neutron:SELECT=183,neutron:UPDATE=13,neutron:INSERT=11,neutron:DELETE=2 {{(pid=103460) stat_writer /opt/stack/data/venv/lib/python3.12/site-packages/dbcounter.py:115}}
Jun 29 04:57:26.546085 np0000183408 devstack@neutron-api.service[103459]: [pid: 103459|app: 0|req: 29/110] 199.204.45.240 () {62 vars in 1059 bytes} [Mon Jun 29 04:57:26 2026] GET /networking => generated 130 bytes in 4 msecs (HTTP/1.1 200) 3 headers in 91 bytes (1 switches on core 0)
Jun 29 04:57:26.624998 np0000183408 devstack@neutron-api.service[103458]: DEBUG neutron.pecan_wsgi.hooks.policy_enforcement [None req-247d2508-df0c-4d83-b0b6-d925993622df demo demo] Attributes excluded by policy engine: ['standard_attr_id', 'provider:network_type', 'provider:physical_network', 'provider:segmentation_id'] {{(pid=103458) _exclude_attributes_by_policy /opt/stack/neutron/neutron/pecan_wsgi/hooks/policy_enforcement.py:259}}
Jun 29 04:57:26.626388 np0000183408 devstack@neutron-api.service[103458]: [pid: 103458|app: 0|req: 28/111] 199.204.45.240 () {64 vars in 1348 bytes} [Mon Jun 29 04:57:26 2026] GET /networking/v2.0/networks?router%3Aexternal=True => generated 659 bytes in 46 msecs (HTTP/1.1 200) 4 headers in 157 bytes (1 switches on core 0)
Jun 29 04:57:29.314448 np0000183408 devstack@neutron-api.service[103459]: DEBUG futurist.periodics [-] Submitting periodic callback 'neutron.plugins.ml2.drivers.ovn.mech_driver.ovsdb.maintenance.HashRingHealthCheckPeriodics.touch_hash_ring_node' {{(pid=103459) _process_scheduled /opt/stack/data/venv/lib/python3.12/site-packages/futurist/periodics.py:784}}
Jun 29 04:57:29.315071 np0000183408 devstack@neutron-api.service[103459]: DEBUG neutron.plugins.ml2.drivers.ovn.mech_driver.ovsdb.maintenance [-] Touching Hash Ring node "eef3827c3c5c5037a37297bb8f37368b" from periodic health check thread {{(pid=103459) touch_hash_ring_node /opt/stack/neutron/neutron/plugins/ml2/drivers/ovn/mech_driver/ovsdb/maintenance.py:1419}}
Jun 29 04:57:30.222856 np0000183408 devstack@neutron-api.service[103458]: DEBUG futurist.periodics [-] Submitting periodic callback 'neutron.plugins.ml2.drivers.ovn.mech_driver.ovsdb.maintenance.HashRingHealthCheckPeriodics.touch_hash_ring_node' {{(pid=103458) _process_scheduled /opt/stack/data/venv/lib/python3.12/site-packages/futurist/periodics.py:784}}
Jun 29 04:57:30.224368 np0000183408 devstack@neutron-api.service[103458]: DEBUG neutron.plugins.ml2.drivers.ovn.mech_driver.ovsdb.maintenance [-] Touching Hash Ring node "bfa6d1b6296e5171aefa744d232f7c03" from periodic health check thread {{(pid=103458) touch_hash_ring_node /opt/stack/neutron/neutron/plugins/ml2/drivers/ovn/mech_driver/ovsdb/maintenance.py:1419}}
Jun 29 04:57:30.241361 np0000183408 devstack@neutron-api.service[103460]: DEBUG futurist.periodics [-] Submitting periodic callback 'neutron.plugins.ml2.drivers.ovn.mech_driver.ovsdb.maintenance.HashRingHealthCheckPeriodics.touch_hash_ring_node' {{(pid=103460) _process_scheduled /opt/stack/data/venv/lib/python3.12/site-packages/futurist/periodics.py:784}}
Jun 29 04:57:30.241843 np0000183408 devstack@neutron-api.service[103460]: DEBUG neutron.plugins.ml2.drivers.ovn.mech_driver.ovsdb.maintenance [-] Touching Hash Ring node "18cd717ed6f75b1086b1117b9e19cf93" from periodic health check thread {{(pid=103460) touch_hash_ring_node /opt/stack/neutron/neutron/plugins/ml2/drivers/ovn/mech_driver/ovsdb/maintenance.py:1419}}
Jun 29 04:57:30.285007 np0000183408 devstack@neutron-api.service[103461]: DEBUG futurist.periodics [-] Submitting periodic callback 'neutron.plugins.ml2.drivers.ovn.mech_driver.ovsdb.maintenance.HashRingHealthCheckPeriodics.touch_hash_ring_node' {{(pid=103461) _process_scheduled /opt/stack/data/venv/lib/python3.12/site-packages/futurist/periodics.py:784}}
Jun 29 04:57:30.286343 np0000183408 devstack@neutron-api.service[103461]: DEBUG neutron.plugins.ml2.drivers.ovn.mech_driver.ovsdb.maintenance [-] Touching Hash Ring node "3118b63fcc955752afd2407ebb879a42" from periodic health check thread {{(pid=103461) touch_hash_ring_node /opt/stack/neutron/neutron/plugins/ml2/drivers/ovn/mech_driver/ovsdb/maintenance.py:1419}}
Jun 29 04:57:34.342305 np0000183408 devstack@neutron-api.service[103460]: [pid: 103460|app: 0|req: 28/112] 199.204.45.240 () {62 vars in 1070 bytes} [Mon Jun 29 04:57:34 2026] GET /networking => generated 130 bytes in 3 msecs (HTTP/1.1 200) 3 headers in 91 bytes (1 switches on core 0)
Jun 29 04:57:34.430452 np0000183408 devstack@neutron-api.service[103461]: DEBUG neutron.pecan_wsgi.hooks.policy_enforcement [None req-d22c22f3-fdf0-45fb-8875-2c5ed0b01c25 demo demo] Attributes excluded by policy engine: ['standard_attr_id', 'provider:network_type', 'provider:physical_network', 'provider:segmentation_id'] {{(pid=103461) _exclude_attributes_by_policy /opt/stack/neutron/neutron/pecan_wsgi/hooks/policy_enforcement.py:259}}
Jun 29 04:57:34.431740 np0000183408 devstack@neutron-api.service[103461]: [pid: 103461|app: 0|req: 28/113] 199.204.45.240 () {64 vars in 1383 bytes} [Mon Jun 29 04:57:34 2026] GET /networking/v2.0/networks?name=public&router%3Aexternal=True => generated 659 bytes in 53 msecs (HTTP/1.1 200) 4 headers in 157 bytes (1 switches on core 0)
Jun 29 04:57:36.678260 np0000183408 devstack@neutron-api.service[103459]: [pid: 103459|app: 0|req: 30/114] 199.204.45.240 () {64 vars in 1267 bytes} [Mon Jun 29 04:57:36 2026] GET /networking/ => generated 130 bytes in 2 msecs (HTTP/1.1 200) 3 headers in 91 bytes (1 switches on core 0)
Jun 29 04:57:36.853637 np0000183408 devstack@neutron-api.service[103458]: DEBUG neutron.pecan_wsgi.hooks.policy_enforcement [None req-38bd9eda-5354-4809-a542-45066038b9a4 demo demo] Attributes excluded by policy engine: ['standard_attr_id', 'provider:network_type', 'provider:physical_network', 'provider:segmentation_id'] {{(pid=103458) _exclude_attributes_by_policy /opt/stack/neutron/neutron/pecan_wsgi/hooks/policy_enforcement.py:259}}
Jun 29 04:57:36.855968 np0000183408 devstack@neutron-api.service[103458]: [pid: 103458|app: 0|req: 29/115] 199.204.45.240 () {64 vars in 1416 bytes} [Mon Jun 29 04:57:36 2026] GET /networking/v2.0/networks/6da92d29-ec80-4cb2-9bb3-73f196df1b85 => generated 656 bytes in 168 msecs (HTTP/1.1 200) 4 headers in 157 bytes (1 switches on core 0)
Jun 29 04:57:36.888501 np0000183408 devstack@neutron-api.service[103460]: [pid: 103460|app: 0|req: 29/116] 199.204.45.240 () {64 vars in 1410 bytes} [Mon Jun 29 04:57:36 2026] GET /networking/v2.0/networks?name=k8s-clusterapi-cluster-magnum-system-kube-yygbs => generated 15 bytes in 26 msecs (HTTP/1.1 200) 4 headers in 156 bytes (1 switches on core 0)
Jun 29 04:57:36.897808 np0000183408 devstack@neutron-api.service[103461]: DEBUG neutron.api.v2.base [None req-c55fa20d-abe4-4f2e-b7ac-f09efe5fb50c demo demo] Request body: {'network': {'admin_state_up': True, 'name': 'k8s-clusterapi-cluster-magnum-system-kube-yygbs'}} {{(pid=103461) prepare_request_body /opt/stack/neutron/neutron/api/v2/base.py:727}}
Jun 29 04:57:36.917775 np0000183408 devstack@neutron-api.service[103461]: DEBUG neutron.pecan_wsgi.hooks.quota_enforcement [None req-c55fa20d-abe4-4f2e-b7ac-f09efe5fb50c demo demo] Made reservation on behalf of fb21c9a3bf9e4564ba5d634b3ae6e67a for: {'network': 1} {{(pid=103461) before /opt/stack/neutron/neutron/pecan_wsgi/hooks/quota_enforcement.py:66}}
Jun 29 04:57:36.920516 np0000183408 devstack@neutron-api.service[103461]: DEBUG neutron_lib.callbacks.manager [None req-c55fa20d-abe4-4f2e-b7ac-f09efe5fb50c demo demo] Publish callbacks ['neutron.plugins.ml2.plugin.SecurityGroupDbMixin._ensure_default_security_group_handler-3248091'] for network (None), before_create {{(pid=103461) _notify_loop /opt/stack/data/venv/lib/python3.12/site-packages/neutron_lib/callbacks/manager.py:184}}
Jun 29 04:57:36.926002 np0000183408 devstack@neutron-api.service[103461]: DEBUG neutron_lib.callbacks.manager [None req-c55fa20d-abe4-4f2e-b7ac-f09efe5fb50c demo demo] Publish callbacks [] for security_group (None), before_create {{(pid=103461) _notify_loop /opt/stack/data/venv/lib/python3.12/site-packages/neutron_lib/callbacks/manager.py:184}}
Jun 29 04:57:36.973413 np0000183408 devstack@neutron-api.service[103461]: DEBUG neutron_lib.callbacks.manager [None req-c55fa20d-abe4-4f2e-b7ac-f09efe5fb50c demo demo] Publish callbacks ['neutron.plugins.ml2.drivers.ovn.mech_driver.mech_driver.OVNMechanismDriver._create_security_group_precommit-1916263'] for security_group (86fd66bc-3731-4e42-b8ef-53fb1ebf0558), precommit_create {{(pid=103461) _notify_loop /opt/stack/data/venv/lib/python3.12/site-packages/neutron_lib/callbacks/manager.py:184}}
Jun 29 04:57:36.973568 np0000183408 devstack@neutron-api.service[103461]: DEBUG neutron.db.ovn_revision_numbers_db [None req-c55fa20d-abe4-4f2e-b7ac-f09efe5fb50c demo demo] create_initial_revision uuid=86fd66bc-3731-4e42-b8ef-53fb1ebf0558, type=security_groups, rev=-1 {{(pid=103461) create_initial_revision /opt/stack/neutron/neutron/db/ovn_revision_numbers_db.py:98}}
Jun 29 04:57:36.974579 np0000183408 devstack@neutron-api.service[103461]: DEBUG neutron.db.ovn_revision_numbers_db [None req-c55fa20d-abe4-4f2e-b7ac-f09efe5fb50c demo demo] create_initial_revision uuid=0145853c-1411-4b65-b131-c0085f15689a, type=security_group_rules, rev=-1 {{(pid=103461) create_initial_revision /opt/stack/neutron/neutron/db/ovn_revision_numbers_db.py:98}}
Jun 29 04:57:36.975478 np0000183408 devstack@neutron-api.service[103461]: DEBUG neutron.db.ovn_revision_numbers_db [None req-c55fa20d-abe4-4f2e-b7ac-f09efe5fb50c demo demo] create_initial_revision uuid=05847e75-7fa5-445e-9432-176696d1fd2d, type=security_group_rules, rev=-1 {{(pid=103461) create_initial_revision /opt/stack/neutron/neutron/db/ovn_revision_numbers_db.py:98}}
Jun 29 04:57:36.976372 np0000183408 devstack@neutron-api.service[103461]: DEBUG neutron.db.ovn_revision_numbers_db [None req-c55fa20d-abe4-4f2e-b7ac-f09efe5fb50c demo demo] create_initial_revision uuid=1a5289f6-1476-4293-b0d4-e9b7b20d4d08, type=security_group_rules, rev=-1 {{(pid=103461) create_initial_revision /opt/stack/neutron/neutron/db/ovn_revision_numbers_db.py:98}}
Jun 29 04:57:36.977362 np0000183408 devstack@neutron-api.service[103461]: DEBUG neutron.db.ovn_revision_numbers_db [None req-c55fa20d-abe4-4f2e-b7ac-f09efe5fb50c demo demo] create_initial_revision uuid=e121f7b9-a4ce-441b-a8b1-9692ab7f1199, type=security_group_rules, rev=-1 {{(pid=103461) create_initial_revision /opt/stack/neutron/neutron/db/ovn_revision_numbers_db.py:98}}
Jun 29 04:57:36.985176 np0000183408 devstack@neutron-api.service[103461]: DEBUG neutron_lib.callbacks.manager [None req-c55fa20d-abe4-4f2e-b7ac-f09efe5fb50c demo demo] Publish callbacks ['neutron.plugins.ml2.drivers.ovn.mech_driver.mech_driver.OVNMechanismDriver._create_security_group-1916273', 'neutron.plugins.ml2.ovo_rpc._ObjectChangeHandler.handle_event-15643697'] for security_group (86fd66bc-3731-4e42-b8ef-53fb1ebf0558), after_create {{(pid=103461) _notify_loop /opt/stack/data/venv/lib/python3.12/site-packages/neutron_lib/callbacks/manager.py:184}}
