2026-06-30 19:13:20.064 9 INFO neutron.wsgi [None req-4c686f71-92fc-40df-8b55-6b26b8990d2f e7502072da0148aea0bcd9b13356268d 6b37d144137d4f63bdb6e69354ff24bc - - default default] 10.0.0.184 "GET /v2.0/security-group-rules/8fe5d0f7-e605-4052-9775-1b44b39ac7a9 HTTP/1.1" status: 404 len: 356 time: 0.0085688
2026-06-30 19:13:20.073 10 INFO neutron.wsgi [None req-962533a9-9a00-4ab0-9b65-ccf9ba980991 b129833bdb694860913f07e824c57854 a3cd5a73218e499391d5f3e620430459 - - default default] 10.0.0.220 "GET /v2.0/ports HTTP/1.1" status: 200 len: 12741 time: 0.1023874
2026-06-30 19:13:20.165 10 INFO neutron.wsgi [None req-5b81580b-97cf-4535-bb4f-b0f62e3f2a6f b129833bdb694860913f07e824c57854 a3cd5a73218e499391d5f3e620430459 - - default default] 10.0.0.220 "GET /v2.0/routers HTTP/1.1" status: 200 len: 848 time: 0.0814745
2026-06-30 19:13:20.176 10 INFO neutron.wsgi [None req-bd58b562-b7dc-4523-bbac-d507472b054f b129833bdb694860913f07e824c57854 a3cd5a73218e499391d5f3e620430459 - - default default] 10.0.0.220 "GET /v2.0/agents?binary=ovn-controller HTTP/1.1" status: 200 len: 591 time: 0.0101173
2026-06-30 19:13:20.193 9 INFO neutron.wsgi [None req-2cafe521-10b9-4574-99e1-9945213d7cca e7502072da0148aea0bcd9b13356268d 6b37d144137d4f63bdb6e69354ff24bc - - default default] 10.0.0.184 "DELETE /v2.0/security-group-rules/25fcc748-6f18-448a-b5f0-ea82b63b8bf7 HTTP/1.1" status: 204 len: 168 time: 0.1254461
2026-06-30 19:13:20.200 10 INFO neutron.wsgi [None req-1288e1ba-5747-476c-ae77-1708ee8f4afc b129833bdb694860913f07e824c57854 a3cd5a73218e499391d5f3e620430459 - - default default] 10.0.0.220 "GET /v2.0/floatingips HTTP/1.1" status: 200 len: 193 time: 0.0234101
2026-06-30 19:13:20.207 9 INFO neutron.api.v2.resource [None req-91ba64f7-bb15-4d3e-94db-588f00340393 e7502072da0148aea0bcd9b13356268d 6b37d144137d4f63bdb6e69354ff24bc - - default default] show failed (client error): The resource could not be found.
2026-06-30 19:13:20.208 9 INFO neutron.wsgi [None req-91ba64f7-bb15-4d3e-94db-588f00340393 e7502072da0148aea0bcd9b13356268d 6b37d144137d4f63bdb6e69354ff24bc - - default default] 10.0.0.184 "GET /v2.0/security-group-rules/25fcc748-6f18-448a-b5f0-ea82b63b8bf7 HTTP/1.1" status: 404 len: 356 time: 0.0103214
2026-06-30 19:13:20.283 10 INFO neutron.wsgi [None req-d317a27b-96e6-46de-b947-635d903992ac b129833bdb694860913f07e824c57854 a3cd5a73218e499391d5f3e620430459 - - default default] 10.0.0.220 "GET /v2.0/networks HTTP/1.1" status: 200 len: 4718 time: 0.0815341
2026-06-30 19:13:20.328 9 INFO neutron.wsgi [None req-7a735b5b-25e4-4f3e-a68f-0a206bffda75 e7502072da0148aea0bcd9b13356268d 6b37d144137d4f63bdb6e69354ff24bc - - default default] 10.0.0.184 "DELETE /v2.0/security-group-rules/fc9c6523-6674-4380-bf09-4b5b8656ca12 HTTP/1.1" status: 204 len: 168 time: 0.1149426
2026-06-30 19:13:20.343 9 INFO neutron.api.v2.resource [None req-4ad4d84e-b5ff-45c2-802a-80c9c0efb584 e7502072da0148aea0bcd9b13356268d 6b37d144137d4f63bdb6e69354ff24bc - - default default] show failed (client error): The resource could not be found.
2026-06-30 19:13:20.344 9 INFO neutron.wsgi [None req-4ad4d84e-b5ff-45c2-802a-80c9c0efb584 e7502072da0148aea0bcd9b13356268d 6b37d144137d4f63bdb6e69354ff24bc - - default default] 10.0.0.184 "GET /v2.0/security-group-rules/fc9c6523-6674-4380-bf09-4b5b8656ca12 HTTP/1.1" status: 404 len: 356 time: 0.0107782
2026-06-30 19:13:20.473 9 INFO neutron.wsgi [None req-eac33a38-27c4-45df-a565-3b8497127be2 e7502072da0148aea0bcd9b13356268d 6b37d144137d4f63bdb6e69354ff24bc - - default default] 10.0.0.184 "DELETE /v2.0/security-group-rules/7414d0fe-1c28-490a-9f6e-d290eb37f36b HTTP/1.1" status: 204 len: 168 time: 0.1248593
2026-06-30 19:13:20.487 9 INFO neutron.api.v2.resource [None req-311880c4-0328-49be-93b6-a20ba1219c38 e7502072da0148aea0bcd9b13356268d 6b37d144137d4f63bdb6e69354ff24bc - - default default] show failed (client error): The resource could not be found.
2026-06-30 19:13:20.488 9 INFO neutron.wsgi [None req-311880c4-0328-49be-93b6-a20ba1219c38 e7502072da0148aea0bcd9b13356268d 6b37d144137d4f63bdb6e69354ff24bc - - default default] 10.0.0.184 "GET /v2.0/security-group-rules/7414d0fe-1c28-490a-9f6e-d290eb37f36b HTTP/1.1" status: 404 len: 356 time: 0.0096591
2026-06-30 19:13:20.594 9 INFO neutron.wsgi [None req-7021151a-0c63-43c2-83e7-b69dbd4f8e05 e7502072da0148aea0bcd9b13356268d 6b37d144137d4f63bdb6e69354ff24bc - - default default] 10.0.0.184 "DELETE /v2.0/security-group-rules/7243beb7-c2c2-484b-ad80-34c518e3f663 HTTP/1.1" status: 204 len: 168 time: 0.1019735
2026-06-30 19:13:20.605 9 INFO neutron.api.v2.resource [None req-e91dec73-bf7d-44e4-80e2-e05ec92d7041 e7502072da0148aea0bcd9b13356268d 6b37d144137d4f63bdb6e69354ff24bc - - default default] show failed (client error): The resource could not be found.
2026-06-30 19:13:20.606 9 INFO neutron.wsgi [None req-e91dec73-bf7d-44e4-80e2-e05ec92d7041 e7502072da0148aea0bcd9b13356268d 6b37d144137d4f63bdb6e69354ff24bc - - default default] 10.0.0.184 "GET /v2.0/security-group-rules/7243beb7-c2c2-484b-ad80-34c518e3f663 HTTP/1.1" status: 404 len: 356 time: 0.0072052
2026-06-30 19:13:20.734 9 INFO neutron.wsgi [None req-8aad079f-cf1a-47a2-86f3-7fbd3f1fa3af e7502072da0148aea0bcd9b13356268d 6b37d144137d4f63bdb6e69354ff24bc - - default default] 10.0.0.184 "DELETE /v2.0/security-groups/bc255b15-02ec-457b-a691-1855e365f83f HTTP/1.1" status: 204 len: 168 time: 0.1245940
2026-06-30 19:13:20.750 9 INFO neutron.api.v2.resource [None req-27ae4128-70e8-4555-9c18-55a813fea1cf e7502072da0148aea0bcd9b13356268d 6b37d144137d4f63bdb6e69354ff24bc - - default default] show failed (client error): The resource could not be found.
2026-06-30 19:13:20.751 9 INFO neutron.wsgi [None req-27ae4128-70e8-4555-9c18-55a813fea1cf e7502072da0148aea0bcd9b13356268d 6b37d144137d4f63bdb6e69354ff24bc - - default default] 10.0.0.184 "GET /v2.0/security-groups/bc255b15-02ec-457b-a691-1855e365f83f HTTP/1.1" status: 404 len: 347 time: 0.0119393
2026-06-30 19:13:21.769 9 INFO neutron.wsgi [None req-826a4543-3678-48ef-9b3e-6978283ddc5f e7502072da0148aea0bcd9b13356268d 6b37d144137d4f63bdb6e69354ff24bc - - default default] 10.0.0.184 "PUT /v2.0/routers/84be3a9e-9b48-466e-ba04-4492f9d1c526/remove_router_interface HTTP/1.1" status: 200 len: 503 time: 0.9624717 /var/lib/openstack/lib/python3.10/site-packages/pycadf/identifier.py:71: UserWarning: Invalid uuid: neutron. To ensure interoperability, identifiers should be a valid uuid. warnings.warn(('Invalid uuid: %s. To ensure interoperability, '
2026-06-30 19:13:21.915 9 INFO neutron.api.v2.resource [None req-86d9115a-11ca-499d-bd0e-a3dd2cfaf79e e7502072da0148aea0bcd9b13356268d 6b37d144137d4f63bdb6e69354ff24bc - - default default] remove_router_interface failed (client error): The resource could not be found.
2026-06-30 19:13:21.917 9 INFO neutron.wsgi [None req-86d9115a-11ca-499d-bd0e-a3dd2cfaf79e e7502072da0148aea0bcd9b13356268d 6b37d144137d4f63bdb6e69354ff24bc - - default default] 10.0.0.184 "PUT /v2.0/routers/84be3a9e-9b48-466e-ba04-4492f9d1c526/remove_router_interface HTTP/1.1" status: 404 len: 399 time: 0.1407981
2026-06-30 19:13:22.839 9 INFO neutron.wsgi [None req-e57c1b0e-127c-4f7c-a5b7-a31176cf6b84 e7502072da0148aea0bcd9b13356268d 6b37d144137d4f63bdb6e69354ff24bc - - default default] 10.0.0.184 "PUT /v2.0/routers/84be3a9e-9b48-466e-ba04-4492f9d1c526/remove_router_interface HTTP/1.1" status: 200 len: 503 time: 0.9145513
2026-06-30 19:13:23.037 10 INFO neutron.api.v2.resource [None req-e80f5064-a07a-4c01-b94c-0aa5f27a2bf1 e7502072da0148aea0bcd9b13356268d 6b37d144137d4f63bdb6e69354ff24bc - - default default] remove_router_interface failed (client error): The resource could not be found.
2026-06-30 19:13:23.038 10 INFO neutron.wsgi [None req-e80f5064-a07a-4c01-b94c-0aa5f27a2bf1 e7502072da0148aea0bcd9b13356268d 6b37d144137d4f63bdb6e69354ff24bc - - default default] 10.0.0.184 "PUT /v2.0/routers/84be3a9e-9b48-466e-ba04-4492f9d1c526/remove_router_interface HTTP/1.1" status: 404 len: 399 time: 0.1935642 /var/lib/openstack/lib/python3.10/site-packages/pycadf/identifier.py:71: UserWarning: Invalid uuid: neutron. To ensure interoperability, identifiers should be a valid uuid. warnings.warn(('Invalid uuid: %s. To ensure interoperability, '
2026-06-30 19:13:23.896 9 INFO neutron.wsgi [None req-6d8e231d-948f-4cf2-ab45-5c7cd9ae11a1 e7502072da0148aea0bcd9b13356268d 6b37d144137d4f63bdb6e69354ff24bc - - default default] 10.0.0.184 "PUT /v2.0/routers/84be3a9e-9b48-466e-ba04-4492f9d1c526/remove_router_interface HTTP/1.1" status: 200 len: 503 time: 0.8506968 /var/lib/openstack/lib/python3.10/site-packages/pycadf/identifier.py:71: UserWarning: Invalid uuid: neutron. To ensure interoperability, identifiers should be a valid uuid. warnings.warn(('Invalid uuid: %s. To ensure interoperability, '
2026-06-30 19:13:24.536 9 INFO neutron.api.v2.resource [None req-29310e1d-0bdd-48d4-9cb4-1ddb5bc588f3 e7502072da0148aea0bcd9b13356268d 6b37d144137d4f63bdb6e69354ff24bc - - default default] remove_router_interface failed (client error): The resource could not be found.
2026-06-30 19:13:24.539 9 INFO neutron.wsgi [None req-29310e1d-0bdd-48d4-9cb4-1ddb5bc588f3 e7502072da0148aea0bcd9b13356268d 6b37d144137d4f63bdb6e69354ff24bc - - default default] 10.0.0.184 "PUT /v2.0/routers/84be3a9e-9b48-466e-ba04-4492f9d1c526/remove_router_interface HTTP/1.1" status: 404 len: 399 time: 0.6380889
2026-06-30 19:13:25.737 10 INFO neutron.wsgi [None req-63ec2369-e724-4389-9ea9-8a04b0546c0e e7502072da0148aea0bcd9b13356268d 6b37d144137d4f63bdb6e69354ff24bc - - default default] 10.0.0.184 "DELETE /v2.0/routers/84be3a9e-9b48-466e-ba04-4492f9d1c526 HTTP/1.1" status: 204 len: 168 time: 1.1910918
2026-06-30 19:13:25.773 10 INFO neutron.api.v2.resource [None req-f77cbe90-a045-4932-97bc-3a5d7bbb71a9 e7502072da0148aea0bcd9b13356268d 6b37d144137d4f63bdb6e69354ff24bc - - default default] show failed (client error): The resource could not be found.
2026-06-30 19:13:25.775 10 INFO neutron.wsgi [None req-f77cbe90-a045-4932-97bc-3a5d7bbb71a9 e7502072da0148aea0bcd9b13356268d 6b37d144137d4f63bdb6e69354ff24bc - - default default] 10.0.0.184 "GET /v2.0/routers/84be3a9e-9b48-466e-ba04-4492f9d1c526 HTTP/1.1" status: 404 len: 336 time: 0.0323577
2026-06-30 19:13:25.958 10 INFO neutron.wsgi [None req-75f23a63-346f-43ed-b4df-110133b6bddd e7502072da0148aea0bcd9b13356268d 6b37d144137d4f63bdb6e69354ff24bc - - default default] 10.0.0.184 "DELETE /v2.0/subnets/ff86c8ae-706d-4a8d-aae1-dd5d1db65bea HTTP/1.1" status: 204 len: 168 time: 0.1776769
2026-06-30 19:13:25.982 10 INFO neutron.pecan_wsgi.hooks.translation [None req-1b930fe5-6721-4441-8833-4e25439ae08e e7502072da0148aea0bcd9b13356268d 6b37d144137d4f63bdb6e69354ff24bc - - default default] GET failed (client error): The resource could not be found.
2026-06-30 19:13:25.984 10 INFO neutron.wsgi [None req-1b930fe5-6721-4441-8833-4e25439ae08e e7502072da0148aea0bcd9b13356268d 6b37d144137d4f63bdb6e69354ff24bc - - default default] 10.0.0.184 "GET /v2.0/subnets/ff86c8ae-706d-4a8d-aae1-dd5d1db65bea HTTP/1.1" status: 404 len: 337 time: 0.0210459
2026-06-30 19:13:26.203 10 INFO neutron.wsgi [None req-a14bb3ea-1e67-497a-8aa0-c9b1ba1cd13b e7502072da0148aea0bcd9b13356268d 6b37d144137d4f63bdb6e69354ff24bc - - default default] 10.0.0.184 "DELETE /v2.0/subnets/33df34e2-4921-4f1f-b2bd-2782ae35867c HTTP/1.1" status: 204 len: 168 time: 0.2113402
2026-06-30 19:13:26.226 10 INFO neutron.pecan_wsgi.hooks.translation [None req-ad38fe2d-facb-4f96-8715-661192d4b4cd e7502072da0148aea0bcd9b13356268d 6b37d144137d4f63bdb6e69354ff24bc - - default default] GET failed (client error): The resource could not be found.
2026-06-30 19:13:26.227 10 INFO neutron.wsgi [None req-ad38fe2d-facb-4f96-8715-661192d4b4cd e7502072da0148aea0bcd9b13356268d 6b37d144137d4f63bdb6e69354ff24bc - - default default] 10.0.0.184 "GET /v2.0/subnets/33df34e2-4921-4f1f-b2bd-2782ae35867c HTTP/1.1" status: 404 len: 337 time: 0.0177400
2026-06-30 19:13:26.595 10 INFO neutron.services.segments.plugin [-] Segment 8c655a46-a4df-4ad9-a1fd-2c124c179ab3 resource provider aggregate not found
2026-06-30 19:13:26.599 10 INFO neutron.services.segments.plugin [-] Segment 8c655a46-a4df-4ad9-a1fd-2c124c179ab3 resource provider aggregate not found
2026-06-30 19:13:26.621 10 INFO neutron.services.segments.plugin [-] Segment 8c655a46-a4df-4ad9-a1fd-2c124c179ab3 resource provider not found; error: Placement Client Error (4xx): {"errors": [{"status": 404, "title": "Not Found", "detail": "The resource could not be found.\n\n No resource provider with uuid 8c655a46-a4df-4ad9-a1fd-2c124c179ab3 found for delete ", "request_id": "req-f8889e37-628d-4d95-862d-d07266209a99"}]}
2026-06-30 19:13:26.622 10 INFO neutron.services.segments.plugin [-] Segment 8c655a46-a4df-4ad9-a1fd-2c124c179ab3 resource provider not found; error: Placement Client Error (4xx): {"errors": [{"status": 404, "title": "Not Found", "detail": "The resource could not be found.\n\n No resource provider with uuid 8c655a46-a4df-4ad9-a1fd-2c124c179ab3 found for delete ", "request_id": "req-1f27da68-5c75-49ea-9821-097eb4fc50e7"}]}
2026-06-30 19:13:26.644 10 INFO neutron.wsgi [None req-a0b6a788-575f-4f01-a805-301c9037e3cb e7502072da0148aea0bcd9b13356268d 6b37d144137d4f63bdb6e69354ff24bc - - default default] 10.0.0.184 "DELETE /v2.0/networks/b0e5eaa2-3118-4e8c-bb34-e30612f65e00 HTTP/1.1" status: 204 len: 168 time: 0.4121435
2026-06-30 19:13:26.665 10 INFO neutron.pecan_wsgi.hooks.translation [None req-2af9dbc2-d8d6-4ba7-9aa7-059dca228cda e7502072da0148aea0bcd9b13356268d 6b37d144137d4f63bdb6e69354ff24bc - - default default] GET failed (client error): The resource could not be found.
2026-06-30 19:13:26.667 10 INFO neutron.wsgi [None req-2af9dbc2-d8d6-4ba7-9aa7-059dca228cda e7502072da0148aea0bcd9b13356268d 6b37d144137d4f63bdb6e69354ff24bc - - default default] 10.0.0.184 "GET /v2.0/networks/b0e5eaa2-3118-4e8c-bb34-e30612f65e00 HTTP/1.1" status: 404 len: 339 time: 0.0141137
2026-06-30 19:13:26.848 10 INFO neutron.wsgi [None req-b9c1f312-21fa-4247-aa06-fdec1367ddf2 e7502072da0148aea0bcd9b13356268d 6b37d144137d4f63bdb6e69354ff24bc - - default default] 10.0.0.184 "DELETE /v2.0/subnets/760fbf37-c686-4425-b8d2-ad68f763aa72 HTTP/1.1" status: 204 len: 168 time: 0.1762111
2026-06-30 19:13:26.868 10 INFO neutron.pecan_wsgi.hooks.translation [None req-e696bbde-76b3-4f57-91f8-081c42426cb2 e7502072da0148aea0bcd9b13356268d 6b37d144137d4f63bdb6e69354ff24bc - - default default] GET failed (client error): The resource could not be found.
2026-06-30 19:13:26.869 10 INFO neutron.wsgi [None req-e696bbde-76b3-4f57-91f8-081c42426cb2 e7502072da0148aea0bcd9b13356268d 6b37d144137d4f63bdb6e69354ff24bc - - default default] 10.0.0.184 "GET /v2.0/subnets/760fbf37-c686-4425-b8d2-ad68f763aa72 HTTP/1.1" status: 404 len: 337 time: 0.0156410
2026-06-30 19:13:27.148 10 INFO neutron.wsgi [None req-ff8dc2a7-d7f2-468f-bd37-8aa6f8abb4b0 e7502072da0148aea0bcd9b13356268d 6b37d144137d4f63bdb6e69354ff24bc - - default default] 10.0.0.184 "DELETE /v2.0/subnets/f37d031f-8120-41f7-9df1-a61b08be8666 HTTP/1.1" status: 204 len: 168 time: 0.2731502
2026-06-30 19:13:27.172 10 INFO neutron.pecan_wsgi.hooks.translation [None req-6fa8fbc5-6e64-4f06-b371-83e61c140b0d e7502072da0148aea0bcd9b13356268d 6b37d144137d4f63bdb6e69354ff24bc - - default default] GET failed (client error): The resource could not be found.
2026-06-30 19:13:27.174 10 INFO neutron.wsgi [None req-6fa8fbc5-6e64-4f06-b371-83e61c140b0d e7502072da0148aea0bcd9b13356268d 6b37d144137d4f63bdb6e69354ff24bc - - default default] 10.0.0.184 "GET /v2.0/subnets/f37d031f-8120-41f7-9df1-a61b08be8666 HTTP/1.1" status: 404 len: 337 time: 0.0198138
2026-06-30 19:13:27.561 10 INFO neutron.wsgi [None req-eec7c0c4-15f7-4064-8002-c778a8a5a2ee e7502072da0148aea0bcd9b13356268d 6b37d144137d4f63bdb6e69354ff24bc - - default default] 10.0.0.184 "DELETE /v2.0/networks/8a1f2292-1f17-44c7-932b-01c6bc730438 HTTP/1.1" status: 204 len: 168 time: 0.3821626
2026-06-30 19:13:27.586 9 INFO neutron.pecan_wsgi.hooks.translation [None req-c23c91e8-e6fb-4a00-bb1e-bbd3f4643083 e7502072da0148aea0bcd9b13356268d 6b37d144137d4f63bdb6e69354ff24bc - - default default] GET failed (client error): The resource could not be found.
2026-06-30 19:13:27.588 9 INFO neutron.wsgi [None req-c23c91e8-e6fb-4a00-bb1e-bbd3f4643083 e7502072da0148aea0bcd9b13356268d 6b37d144137d4f63bdb6e69354ff24bc - - default default] 10.0.0.184 "GET /v2.0/networks/8a1f2292-1f17-44c7-932b-01c6bc730438 HTTP/1.1" status: 404 len: 339 time: 0.0208280
2026-06-30 19:13:27.726 9 INFO neutron.wsgi [-] 10.0.0.95 "GET / HTTP/1.1" status: 200 len: 246 time: 0.0015855
2026-06-30 19:13:27.727 10 INFO neutron.wsgi [-] 10.0.0.95 "GET / HTTP/1.1" status: 200 len: 246 time: 0.0028310
2026-06-30 19:13:27.815 9 INFO neutron.wsgi [None req-a4fbff02-d96c-4e13-97a6-fc5f20f7bc69 e7502072da0148aea0bcd9b13356268d 6b37d144137d4f63bdb6e69354ff24bc - - default default] 10.0.0.184 "DELETE /v2.0/subnets/d5907a43-3b94-42a5-a03e-87335c3c5d9e HTTP/1.1" status: 204 len: 168 time: 0.2227509
2026-06-30 19:13:27.841 10 INFO neutron.pecan_wsgi.hooks.translation [None req-78d44000-42d4-4a27-a94d-7f6b5e1c8b3b e7502072da0148aea0bcd9b13356268d 6b37d144137d4f63bdb6e69354ff24bc - - default default] GET failed (client error): The resource could not be found.
2026-06-30 19:13:27.843 10 INFO neutron.wsgi [None req-78d44000-42d4-4a27-a94d-7f6b5e1c8b3b e7502072da0148aea0bcd9b13356268d 6b37d144137d4f63bdb6e69354ff24bc - - default default] 10.0.0.184 "GET /v2.0/subnets/d5907a43-3b94-42a5-a03e-87335c3c5d9e HTTP/1.1" status: 404 len: 337 time: 0.0206590
2026-06-30 19:13:28.118 10 INFO neutron.wsgi [None req-f36f3566-bed4-41ff-ad5a-2575dc048b5a e7502072da0148aea0bcd9b13356268d 6b37d144137d4f63bdb6e69354ff24bc - - default default] 10.0.0.184 "DELETE /v2.0/subnets/681b070d-a3bd-443c-ac8c-aa7c9b85c203 HTTP/1.1" status: 204 len: 168 time: 0.2704337
2026-06-30 19:13:28.143 10 INFO neutron.pecan_wsgi.hooks.translation [None req-d0effa23-3ae5-40e5-859f-52b93c14e570 e7502072da0148aea0bcd9b13356268d 6b37d144137d4f63bdb6e69354ff24bc - - default default] GET failed (client error): The resource could not be found.
2026-06-30 19:13:28.145 10 INFO neutron.wsgi [None req-d0effa23-3ae5-40e5-859f-52b93c14e570 e7502072da0148aea0bcd9b13356268d 6b37d144137d4f63bdb6e69354ff24bc - - default default] 10.0.0.184 "GET /v2.0/subnets/681b070d-a3bd-443c-ac8c-aa7c9b85c203 HTTP/1.1" status: 404 len: 337 time: 0.0206244
2026-06-30 19:13:28.509 10 INFO neutron.wsgi [None req-394472be-84b2-4340-8bee-c3c8a2bd0bb5 e7502072da0148aea0bcd9b13356268d 6b37d144137d4f63bdb6e69354ff24bc - - default default] 10.0.0.184 "DELETE /v2.0/networks/67489223-e1f5-44ee-8164-84da6b903b25 HTTP/1.1" status: 204 len: 168 time: 0.3589981
2026-06-30 19:13:28.536 9 INFO neutron.pecan_wsgi.hooks.translation [None req-7e0be6f3-8837-4b10-ba43-3bae21cdbea9 e7502072da0148aea0bcd9b13356268d 6b37d144137d4f63bdb6e69354ff24bc - - default default] GET failed (client error): The resource could not be found.
2026-06-30 19:13:28.537 9 INFO neutron.wsgi [None req-7e0be6f3-8837-4b10-ba43-3bae21cdbea9 e7502072da0148aea0bcd9b13356268d 6b37d144137d4f63bdb6e69354ff24bc - - default default] 10.0.0.184 "GET /v2.0/networks/67489223-e1f5-44ee-8164-84da6b903b25 HTTP/1.1" status: 404 len: 339 time: 0.0210037
2026-06-30 19:13:28.646 10 INFO neutron.services.segments.plugin [-] Segment ea1bdedb-cd82-4645-8f34-9417756183d4 resource provider aggregate not found
2026-06-30 19:13:28.651 10 INFO neutron.services.segments.plugin [-] Segment ea1bdedb-cd82-4645-8f34-9417756183d4 resource provider aggregate not found
2026-06-30 19:13:28.659 10 INFO neutron.services.segments.plugin [-] Segment ea1bdedb-cd82-4645-8f34-9417756183d4 resource provider not found; error: Placement Client Error (4xx): {"errors": [{"status": 404, "title": "Not Found", "detail": "The resource could not be found.\n\n No resource provider with uuid ea1bdedb-cd82-4645-8f34-9417756183d4 found for delete ", "request_id": "req-02de1ab5-772c-4cb7-bc4b-b057c104643d"}]}
2026-06-30 19:13:28.668 10 INFO neutron.services.segments.plugin [-] Segment ea1bdedb-cd82-4645-8f34-9417756183d4 resource provider not found; error: Placement Client Error (4xx): {"errors": [{"status": 404, "title": "Not Found", "detail": "The resource could not be found.\n\n No resource provider with uuid ea1bdedb-cd82-4645-8f34-9417756183d4 found for delete ", "request_id": "req-b3062478-770f-4cb5-83bd-92584d3f3606"}]}
2026-06-30 19:13:28.677 10 INFO neutron.services.segments.plugin [-] Segment cbc2a34a-eaa1-49e5-b1df-dc132fbebb15 resource provider aggregate not found
2026-06-30 19:13:28.682 10 INFO neutron.services.segments.plugin [-] Segment cbc2a34a-eaa1-49e5-b1df-dc132fbebb15 resource provider aggregate not found
2026-06-30 19:13:28.694 10 INFO neutron.services.segments.plugin [-] Segment cbc2a34a-eaa1-49e5-b1df-dc132fbebb15 resource provider not found; error: Placement Client Error (4xx): {"errors": [{"status": 404, "title": "Not Found", "detail": "The resource could not be found.\n\n No resource provider with uuid cbc2a34a-eaa1-49e5-b1df-dc132fbebb15 found for delete ", "request_id": "req-87cf78c9-e899-47f0-920e-9789d33735f4"}]}
2026-06-30 19:13:28.696 10 INFO neutron.services.segments.plugin [-] Segment cbc2a34a-eaa1-49e5-b1df-dc132fbebb15 resource provider not found; error: Placement Client Error (4xx): {"errors": [{"status": 404, "title": "Not Found", "detail": "The resource could not be found.\n\n No resource provider with uuid cbc2a34a-eaa1-49e5-b1df-dc132fbebb15 found for delete ", "request_id": "req-647fffa8-a5b5-4b0a-89e3-d1eb5dbe95ec"}]}
2026-06-30 19:13:30.839 9 INFO neutron.db.ovn_revision_numbers_db [None req-d55aef0b-d909-4007-8e96-38dc101a6f2b b129833bdb694860913f07e824c57854 a3cd5a73218e499391d5f3e620430459 - - default default] Successfully bumped revision number for resource 19b47fba-2ffb-49e2-94d6-840ebecacfa3 (type: security_groups) to 1
2026-06-30 19:13:30.853 9 INFO neutron.db.ovn_revision_numbers_db [None req-d55aef0b-d909-4007-8e96-38dc101a6f2b b129833bdb694860913f07e824c57854 a3cd5a73218e499391d5f3e620430459 - - default default] Successfully bumped revision number for resource 2e9cf7e4-e131-46ed-b7aa-a7a6b04ecec7 (type: security_group_rules) to 0
2026-06-30 19:13:30.867 9 INFO neutron.db.ovn_revision_numbers_db [None req-d55aef0b-d909-4007-8e96-38dc101a6f2b b129833bdb694860913f07e824c57854 a3cd5a73218e499391d5f3e620430459 - - default default] Successfully bumped revision number for resource 31259c71-ede8-412e-aada-dcebb7337703 (type: security_group_rules) to 0
2026-06-30 19:13:30.883 9 INFO neutron.db.ovn_revision_numbers_db [None req-d55aef0b-d909-4007-8e96-38dc101a6f2b b129833bdb694860913f07e824c57854 a3cd5a73218e499391d5f3e620430459 - - default default] Successfully bumped revision number for resource 6d7efa86-5f76-4683-aa9e-f7c2e27f549e (type: security_group_rules) to 0
2026-06-30 19:13:30.898 9 INFO neutron.db.ovn_revision_numbers_db [None req-d55aef0b-d909-4007-8e96-38dc101a6f2b b129833bdb694860913f07e824c57854 a3cd5a73218e499391d5f3e620430459 - - default default] Successfully bumped revision number for resource b8df82ab-70fa-4df9-9359-c33ee0e3bd58 (type: security_group_rules) to 0
2026-06-30 19:13:30.928 9 INFO neutron.wsgi [None req-d55aef0b-d909-4007-8e96-38dc101a6f2b b129833bdb694860913f07e824c57854 a3cd5a73218e499391d5f3e620430459 - - default default] 10.0.0.184 "GET /v2.0/security-groups?tenant_id=7d976ae8949a4c8686154feda7b9e73e&name=default HTTP/1.1" status: 200 len: 3000 time: 0.3765585
2026-06-30 19:13:31.220 9 INFO neutron.wsgi [None req-06541f35-2c42-4b74-a66c-77b84990662e b129833bdb694860913f07e824c57854 a3cd5a73218e499391d5f3e620430459 - - default default] 10.0.0.184 "DELETE /v2.0/security-groups/19b47fba-2ffb-49e2-94d6-840ebecacfa3 HTTP/1.1" status: 204 len: 168 time: 0.2830637
2026-06-30 19:13:31.452 9 INFO neutron.db.ovn_revision_numbers_db [None req-b1549264-678f-4f93-a53d-1fb490934238 b129833bdb694860913f07e824c57854 a3cd5a73218e499391d5f3e620430459 - - default default] Successfully bumped revision number for resource b11e9ad8-0317-4987-9257-9a78852914c0 (type: security_groups) to 1
2026-06-30 19:13:31.468 9 INFO neutron.db.ovn_revision_numbers_db [None req-b1549264-678f-4f93-a53d-1fb490934238 b129833bdb694860913f07e824c57854 a3cd5a73218e499391d5f3e620430459 - - default default] Successfully bumped revision number for resource 1ace7d35-fba4-4af7-9d66-6be3743b7aa0 (type: security_group_rules) to 0
2026-06-30 19:13:31.484 9 INFO neutron.db.ovn_revision_numbers_db [None req-b1549264-678f-4f93-a53d-1fb490934238 b129833bdb694860913f07e824c57854 a3cd5a73218e499391d5f3e620430459 - - default default] Successfully bumped revision number for resource 9a60c9a3-173e-474a-9aca-abec08357853 (type: security_group_rules) to 0
2026-06-30 19:13:31.502 9 INFO neutron.db.ovn_revision_numbers_db [None req-b1549264-678f-4f93-a53d-1fb490934238 b129833bdb694860913f07e824c57854 a3cd5a73218e499391d5f3e620430459 - - default default] Successfully bumped revision number for resource c3b8853e-8c6e-4609-bddc-e542b8b16d4b (type: security_group_rules) to 0
2026-06-30 19:13:31.518 9 INFO neutron.db.ovn_revision_numbers_db [None req-b1549264-678f-4f93-a53d-1fb490934238 b129833bdb694860913f07e824c57854 a3cd5a73218e499391d5f3e620430459 - - default default] Successfully bumped revision number for resource d12531e8-8bc9-4e26-9e01-59d89bd0d625 (type: security_group_rules) to 0
2026-06-30 19:13:31.545 9 INFO neutron.wsgi [None req-b1549264-678f-4f93-a53d-1fb490934238 b129833bdb694860913f07e824c57854 a3cd5a73218e499391d5f3e620430459 - - default default] 10.0.0.184 "GET /v2.0/security-groups?tenant_id=cd16f83d4d7d4433af43ec4dbcc14af7&name=default HTTP/1.1" status: 200 len: 3000 time: 0.2238829
2026-06-30 19:13:31.751 9 INFO neutron.wsgi [None req-c8370b5e-5a3b-461a-bc15-6b9a0c89a7fd b129833bdb694860913f07e824c57854 a3cd5a73218e499391d5f3e620430459 - - default default] 10.0.0.184 "DELETE /v2.0/security-groups/b11e9ad8-0317-4987-9257-9a78852914c0 HTTP/1.1" status: 204 len: 168 time: 0.2004604
2026-06-30 19:13:32.047 10 INFO neutron.db.ovn_revision_numbers_db [None req-9db78538-680e-47f1-a2b5-c15d371e6adf b129833bdb694860913f07e824c57854 a3cd5a73218e499391d5f3e620430459 - - default default] Successfully bumped revision number for resource fda85c14-084b-466c-8244-21050a2d2038 (type: security_groups) to 1
2026-06-30 19:13:32.064 10 INFO neutron.db.ovn_revision_numbers_db [None req-9db78538-680e-47f1-a2b5-c15d371e6adf b129833bdb694860913f07e824c57854 a3cd5a73218e499391d5f3e620430459 - - default default] Successfully bumped revision number for resource 4037d7cd-fe43-4444-be7c-f9fdc4bdc95c (type: security_group_rules) to 0
2026-06-30 19:13:32.080 10 INFO neutron.db.ovn_revision_numbers_db [None req-9db78538-680e-47f1-a2b5-c15d371e6adf b129833bdb694860913f07e824c57854 a3cd5a73218e499391d5f3e620430459 - - default default] Successfully bumped revision number for resource 6fc19eb9-529c-4ec5-be63-abf70aee86f8 (type: security_group_rules) to 0
2026-06-30 19:13:32.098 10 INFO neutron.db.ovn_revision_numbers_db [None req-9db78538-680e-47f1-a2b5-c15d371e6adf b129833bdb694860913f07e824c57854 a3cd5a73218e499391d5f3e620430459 - - default default] Successfully bumped revision number for resource a21c44c2-31b6-4f5c-be9a-cf8d55fbf990 (type: security_group_rules) to 0
2026-06-30 19:13:32.115 10 INFO neutron.db.ovn_revision_numbers_db [None req-9db78538-680e-47f1-a2b5-c15d371e6adf b129833bdb694860913f07e824c57854 a3cd5a73218e499391d5f3e620430459 - - default default] Successfully bumped revision number for resource e32c7257-8799-42fd-a157-6cab4158411d (type: security_group_rules) to 0
2026-06-30 19:13:32.144 10 INFO neutron.wsgi [None req-9db78538-680e-47f1-a2b5-c15d371e6adf b129833bdb694860913f07e824c57854 a3cd5a73218e499391d5f3e620430459 - - default default] 10.0.0.184 "GET /v2.0/security-groups?tenant_id=9e34234381934a649e3424a489825318&name=default HTTP/1.1" status: 200 len: 3000 time: 0.2408059
2026-06-30 19:13:32.329 10 INFO neutron.wsgi [None req-5b6710ac-0261-4372-a91f-460f54029082 b129833bdb694860913f07e824c57854 a3cd5a73218e499391d5f3e620430459 - - default default] 10.0.0.184 "DELETE /v2.0/security-groups/fda85c14-084b-466c-8244-21050a2d2038 HTTP/1.1" status: 204 len: 168 time: 0.1799388
2026-06-30 19:13:32.512 10 INFO neutron.wsgi [None req-e7ee79f8-4ff7-4487-b9a1-dc1e8ff1fb4e b129833bdb694860913f07e824c57854 a3cd5a73218e499391d5f3e620430459 - - default default] 10.0.0.184 "GET /v2.0/security-groups?tenant_id=6b37d144137d4f63bdb6e69354ff24bc&name=default HTTP/1.1" status: 200 len: 2996 time: 0.0413716
2026-06-30 19:13:32.705 10 INFO neutron.wsgi [None req-bf45dc5d-9224-46b5-9938-f267c468099a b129833bdb694860913f07e824c57854 a3cd5a73218e499391d5f3e620430459 - - default default] 10.0.0.184 "DELETE /v2.0/security-groups/0505bf2b-963e-4c58-a25c-a8af54192690 HTTP/1.1" status: 204 len: 168 time: 0.1865623
2026-06-30 19:13:32.980 10 INFO neutron.db.ovn_revision_numbers_db [None req-a2ee3daf-79d8-4fba-aec6-48bcb9817acd b129833bdb694860913f07e824c57854 a3cd5a73218e499391d5f3e620430459 - - default default] Successfully bumped revision number for resource fa54a7fb-df46-41c5-bc69-5d0c5bf95b4a (type: security_groups) to 1
2026-06-30 19:13:32.995 10 INFO neutron.db.ovn_revision_numbers_db [None req-a2ee3daf-79d8-4fba-aec6-48bcb9817acd b129833bdb694860913f07e824c57854 a3cd5a73218e499391d5f3e620430459 - - default default] Successfully bumped revision number for resource 4d2fc3b4-a92b-4b01-b30b-a933b295d44a (type: security_group_rules) to 0
2026-06-30 19:13:33.008 10 INFO neutron.db.ovn_revision_numbers_db [None req-a2ee3daf-79d8-4fba-aec6-48bcb9817acd b129833bdb694860913f07e824c57854 a3cd5a73218e499391d5f3e620430459 - - default default] Successfully bumped revision number for resource 6245f508-b532-41dc-82fa-5c2790204fd7 (type: security_group_rules) to 0
2026-06-30 19:13:33.022 10 INFO neutron.db.ovn_revision_numbers_db [None req-a2ee3daf-79d8-4fba-aec6-48bcb9817acd b129833bdb694860913f07e824c57854 a3cd5a73218e499391d5f3e620430459 - - default default] Successfully bumped revision number for resource 70964ccf-cf33-413d-a772-258daee53893 (type: security_group_rules) to 0
2026-06-30 19:13:33.036 10 INFO neutron.db.ovn_revision_numbers_db [None req-a2ee3daf-79d8-4fba-aec6-48bcb9817acd b129833bdb694860913f07e824c57854 a3cd5a73218e499391d5f3e620430459 - - default default] Successfully bumped revision number for resource f80caa68-6e91-467c-8404-83c5d352fe36 (type: security_group_rules) to 0
2026-06-30 19:13:33.061 10 INFO neutron.wsgi [None req-a2ee3daf-79d8-4fba-aec6-48bcb9817acd b129833bdb694860913f07e824c57854 a3cd5a73218e499391d5f3e620430459 - - default default] 10.0.0.184 "GET /v2.0/security-groups?tenant_id=e6de9b74601548c8a72dac72bd5be4b6&name=default HTTP/1.1" status: 200 len: 3000 time: 0.1895814
2026-06-30 19:13:33.247 10 INFO neutron.wsgi [None req-e0a8e4b5-09e3-4fa7-be70-8ddaac3d5775 b129833bdb694860913f07e824c57854 a3cd5a73218e499391d5f3e620430459 - - default default] 10.0.0.184 "DELETE /v2.0/security-groups/fa54a7fb-df46-41c5-bc69-5d0c5bf95b4a HTTP/1.1" status: 204 len: 168 time: 0.1804497
2026-06-30 19:13:33.538 10 INFO neutron.db.ovn_revision_numbers_db [None req-2a17c69e-bcfa-47a6-9dd7-621473a7180a b129833bdb694860913f07e824c57854 a3cd5a73218e499391d5f3e620430459 - - default default] Successfully bumped revision number for resource dc3a2fa4-5e77-4932-a4ae-85dfcde12d86 (type: security_groups) to 1
2026-06-30 19:13:33.552 10 INFO neutron.db.ovn_revision_numbers_db [None req-2a17c69e-bcfa-47a6-9dd7-621473a7180a b129833bdb694860913f07e824c57854 a3cd5a73218e499391d5f3e620430459 - - default default] Successfully bumped revision number for resource 03aef956-ad56-4f00-a742-094211c00100 (type: security_group_rules) to 0
2026-06-30 19:13:33.584 10 INFO neutron.db.ovn_revision_numbers_db [None req-2a17c69e-bcfa-47a6-9dd7-621473a7180a b129833bdb694860913f07e824c57854 a3cd5a73218e499391d5f3e620430459 - - default default] Successfully bumped revision number for resource 076be4a3-2024-4d23-ae31-97c0f44eae09 (type: security_group_rules) to 0
2026-06-30 19:13:33.599 10 INFO neutron.db.ovn_revision_numbers_db [None req-2a17c69e-bcfa-47a6-9dd7-621473a7180a b129833bdb694860913f07e824c57854 a3cd5a73218e499391d5f3e620430459 - - default default] Successfully bumped revision number for resource b773de26-adfa-4ff8-a844-a4940f4b90ef (type: security_group_rules) to 0
2026-06-30 19:13:33.611 10 INFO neutron.db.ovn_revision_numbers_db [None req-2a17c69e-bcfa-47a6-9dd7-621473a7180a b129833bdb694860913f07e824c57854 a3cd5a73218e499391d5f3e620430459 - - default default] Successfully bumped revision number for resource f3a12401-1200-4791-acfe-245754fa53c6 (type: security_group_rules) to 0
2026-06-30 19:13:33.634 10 INFO neutron.wsgi [None req-2a17c69e-bcfa-47a6-9dd7-621473a7180a b129833bdb694860913f07e824c57854 a3cd5a73218e499391d5f3e620430459 - - default default] 10.0.0.184 "GET /v2.0/security-groups?tenant_id=a2624bc353264952bfb22eeca9cc3b96&name=default HTTP/1.1" status: 200 len: 3000 time: 0.2365110
2026-06-30 19:13:33.837 9 INFO neutron.wsgi [None req-b863144d-ce77-4a70-a87e-ff30afe7bd40 b129833bdb694860913f07e824c57854 a3cd5a73218e499391d5f3e620430459 - - default default] 10.0.0.184 "DELETE /v2.0/security-groups/dc3a2fa4-5e77-4932-a4ae-85dfcde12d86 HTTP/1.1" status: 204 len: 168 time: 0.1973338
2026-06-30 19:13:34.118 10 INFO neutron.db.ovn_revision_numbers_db [None req-3ad6435c-d775-43f9-af7f-eaa81d07e813 b129833bdb694860913f07e824c57854 a3cd5a73218e499391d5f3e620430459 - - default default] Successfully bumped revision number for resource 62f6835c-dfae-4c06-97bc-7cf0a968ab64 (type: security_groups) to 1
2026-06-30 19:13:34.130 10 INFO neutron.db.ovn_revision_numbers_db [None req-3ad6435c-d775-43f9-af7f-eaa81d07e813 b129833bdb694860913f07e824c57854 a3cd5a73218e499391d5f3e620430459 - - default default] Successfully bumped revision number for resource 3a6173e9-4493-43c5-85f7-cbc83b281708 (type: security_group_rules) to 0
2026-06-30 19:13:34.143 10 INFO neutron.db.ovn_revision_numbers_db [None req-3ad6435c-d775-43f9-af7f-eaa81d07e813 b129833bdb694860913f07e824c57854 a3cd5a73218e499391d5f3e620430459 - - default default] Successfully bumped revision number for resource a83ffe9a-eb3a-4c4b-bb2c-dba4578ce7a6 (type: security_group_rules) to 0
2026-06-30 19:13:34.155 10 INFO neutron.db.ovn_revision_numbers_db [None req-3ad6435c-d775-43f9-af7f-eaa81d07e813 b129833bdb694860913f07e824c57854 a3cd5a73218e499391d5f3e620430459 - - default default] Successfully bumped revision number for resource bf7d5e48-3d98-4306-a1f8-2716c6b01018 (type: security_group_rules) to 0
2026-06-30 19:13:34.168 10 INFO neutron.db.ovn_revision_numbers_db [None req-3ad6435c-d775-43f9-af7f-eaa81d07e813 b129833bdb694860913f07e824c57854 a3cd5a73218e499391d5f3e620430459 - - default default] Successfully bumped revision number for resource ed71d1ad-8dad-40df-a211-1ffd9f21197e (type: security_group_rules) to 0
2026-06-30 19:13:34.194 10 INFO neutron.wsgi [None req-3ad6435c-d775-43f9-af7f-eaa81d07e813 b129833bdb694860913f07e824c57854 a3cd5a73218e499391d5f3e620430459 - - default default] 10.0.0.184 "GET /v2.0/security-groups?tenant_id=4e058235572441eda21189a884acaad1&name=default HTTP/1.1" status: 200 len: 3000 time: 0.1995373
2026-06-30 19:13:34.353 10 INFO neutron.wsgi [None req-5e899378-debc-4fda-b73a-5cb4741e5b3f b129833bdb694860913f07e824c57854 a3cd5a73218e499391d5f3e620430459 - - default default] 10.0.0.184 "DELETE /v2.0/security-groups/62f6835c-dfae-4c06-97bc-7cf0a968ab64 HTTP/1.1" status: 204 len: 168 time: 0.1533229
2026-06-30 19:13:38.669 9 INFO neutron.wsgi [None req-95125e06-58a3-4819-a996-6328906cc8a0 0d2bbcaf2b434298bad15931ccb5cdb8 eec303b716ec4f58a5e4f55b605e8b4f - - default default] 10.0.0.184 "POST /v2.0/qos/policies HTTP/1.1" status: 201 len: 558 time: 0.2192340
2026-06-30 19:13:38.721 9 INFO neutron.wsgi [None req-b5de01aa-bf24-4688-97a7-28f88b6cefd0 0d2bbcaf2b434298bad15931ccb5cdb8 eec303b716ec4f58a5e4f55b605e8b4f - - default default] 10.0.0.184 "POST /v2.0/qos/policies HTTP/1.1" status: 201 len: 558 time: 0.0438547
2026-06-30 19:13:38.772 9 INFO neutron.wsgi [None req-78ceb86e-a8d1-4d84-92ef-e6674444e673 0d2bbcaf2b434298bad15931ccb5cdb8 eec303b716ec4f58a5e4f55b605e8b4f - - default default] 10.0.0.184 "POST /v2.0/qos/policies HTTP/1.1" status: 201 len: 558 time: 0.0453019
2026-06-30 19:13:38.819 9 INFO neutron.wsgi [None req-36e23684-cc3a-45d0-8356-82ee9c2c36a4 0d2bbcaf2b434298bad15931ccb5cdb8 eec303b716ec4f58a5e4f55b605e8b4f - - default default] 10.0.0.184 "POST /v2.0/qos/policies HTTP/1.1" status: 201 len: 558 time: 0.0428755
2026-06-30 19:13:38.866 9 INFO neutron.wsgi [None req-3e819e9d-57b2-41d6-bec3-af8f2dca233a 0d2bbcaf2b434298bad15931ccb5cdb8 eec303b716ec4f58a5e4f55b605e8b4f - - default default] 10.0.0.184 "POST /v2.0/qos/policies HTTP/1.1" status: 201 len: 558 time: 0.0415130
2026-06-30 19:13:38.898 9 INFO neutron.wsgi [None req-ab8f9298-c79d-4baf-a9be-51c5055d72f3 0d2bbcaf2b434298bad15931ccb5cdb8 eec303b716ec4f58a5e4f55b605e8b4f - - default default] 10.0.0.184 "PUT /v2.0/policies/d945fcbe-90fe-4b02-a407-bd4ab227e107/tags HTTP/1.1" status: 200 len: 210 time: 0.0281222
2026-06-30 19:13:38.941 10 INFO neutron.wsgi [None req-3c16f639-cc01-4c6c-a187-bec08ac2388f 0d2bbcaf2b434298bad15931ccb5cdb8 eec303b716ec4f58a5e4f55b605e8b4f - - default default] 10.0.0.184 "PUT /v2.0/policies/9a244c63-e192-4370-84ed-df02afff8a6d/tags HTTP/1.1" status: 200 len: 218 time: 0.0364807
2026-06-30 19:13:38.991 9 INFO neutron.wsgi [None req-dd58e6d9-ac33-4a5d-bf77-7c5910e7fe18 0d2bbcaf2b434298bad15931ccb5cdb8 eec303b716ec4f58a5e4f55b605e8b4f - - default default] 10.0.0.184 "PUT /v2.0/policies/c9096b53-8421-4a58-9acb-5c792c0ca328/tags HTTP/1.1" status: 200 len: 227 time: 0.0442359
2026-06-30 19:13:39.037 9 INFO neutron.wsgi [None req-b74a9095-babf-4c5f-9fee-62e501509df1 0d2bbcaf2b434298bad15931ccb5cdb8 eec303b716ec4f58a5e4f55b605e8b4f - - default default] 10.0.0.184 "PUT /v2.0/policies/9d583edf-8552-4841-8a19-3465fafbe920/tags HTTP/1.1" status: 200 len: 212 time: 0.0408180
2026-06-30 19:13:39.525 10 INFO neutron.wsgi [None req-bb7146b5-96ec-423d-a8f7-eeed3bf221f2 0b19bc363068446ca4e4bef9012c392e f7e91de900e942be92c2158133132f57 - - default default] 10.0.0.184 "GET /v2.0/qos/policies?tags=red HTTP/1.1" status: 200 len: 1296 time: 0.1310515
2026-06-30 19:13:39.582 10 INFO neutron.wsgi [None req-8a0873c1-7f3e-49c2-9765-1631e6677c47 0b19bc363068446ca4e4bef9012c392e f7e91de900e942be92c2158133132f57 - - default default] 10.0.0.184 "GET /v2.0/qos/policies?tags=red%2Cblue HTTP/1.1" status: 200 len: 941 time: 0.0505159
2026-06-30 19:13:39.642 10 INFO neutron.wsgi [None req-7577a1a5-9d52-484c-a488-59116eb1ecff 0b19bc363068446ca4e4bef9012c392e f7e91de900e942be92c2158133132f57 - - default default] 10.0.0.184 "GET /v2.0/qos/policies?tags-any=blue HTTP/1.1" status: 200 len: 941 time: 0.0560491
2026-06-30 19:13:39.710 10 INFO neutron.wsgi [None req-601ae83b-8c0f-4a83-b221-87c231c6f967 0b19bc363068446ca4e4bef9012c392e f7e91de900e942be92c2158133132f57 - - default default] 10.0.0.184 "GET /v2.0/qos/policies?tags-any=red%2Cblue HTTP/1.1" status: 200 len: 1296 time: 0.0629137
2026-06-30 19:13:39.763 10 INFO neutron.wsgi [None req-13696e5b-a469-4684-93a9-9e0d8a9bbeb8 0b19bc363068446ca4e4bef9012c392e f7e91de900e942be92c2158133132f57 - - default default] 10.0.0.184 "GET /v2.0/qos/policies?not-tags=red HTTP/1.1" status: 200 len: 913 time: 0.0486789
2026-06-30 19:13:39.849 10 INFO neutron.wsgi [None req-d6cc7ccb-a1a6-46b7-873f-9efa3ea4f37e 0b19bc363068446ca4e4bef9012c392e f7e91de900e942be92c2158133132f57 - - default default] 10.0.0.184 "GET /v2.0/qos/policies?not-tags=red%2Cblue HTTP/1.1" status: 200 len: 1268 time: 0.0811155
2026-06-30 19:13:39.952 10 INFO neutron.wsgi [None req-8210e83d-c8c4-43f1-98db-112e3668ad60 0b19bc363068446ca4e4bef9012c392e f7e91de900e942be92c2158133132f57 - - default default] 10.0.0.184 "GET /v2.0/qos/policies?not-tags-any=blue HTTP/1.1" status: 200 len: 1268 time: 0.0966663
2026-06-30 19:13:40.006 10 INFO neutron.wsgi [None req-dd2d9680-7cfa-4d21-a865-f705934ccb05 0b19bc363068446ca4e4bef9012c392e f7e91de900e942be92c2158133132f57 - - default default] 10.0.0.184 "GET /v2.0/qos/policies?not-tags-any=red%2Cblue HTTP/1.1" status: 200 len: 913 time: 0.0490136
2026-06-30 19:13:40.071 10 INFO neutron.wsgi [None req-d7976fa1-6d7a-4ae5-89e3-1f83a12f53c3 0d2bbcaf2b434298bad15931ccb5cdb8 eec303b716ec4f58a5e4f55b605e8b4f - - default default] 10.0.0.184 "DELETE /v2.0/qos/policies/d945fcbe-90fe-4b02-a407-bd4ab227e107 HTTP/1.1" status: 204 len: 168 time: 0.0601022
2026-06-30 19:13:40.134 10 INFO neutron.wsgi [None req-81295bfc-8acb-4d4c-b1d2-78edcd9ba557 0d2bbcaf2b434298bad15931ccb5cdb8 eec303b716ec4f58a5e4f55b605e8b4f - - default default] 10.0.0.184 "DELETE /v2.0/qos/policies/9a244c63-e192-4370-84ed-df02afff8a6d HTTP/1.1" status: 204 len: 168 time: 0.0566573
2026-06-30 19:13:40.199 10 INFO neutron.wsgi [None req-25786d81-0b71-4361-82ed-95411e64248c 0d2bbcaf2b434298bad15931ccb5cdb8 eec303b716ec4f58a5e4f55b605e8b4f - - default default] 10.0.0.184 "DELETE /v2.0/qos/policies/c9096b53-8421-4a58-9acb-5c792c0ca328 HTTP/1.1" status: 204 len: 168 time: 0.0596755
2026-06-30 19:13:40.274 10 INFO neutron.wsgi [None req-c4941098-aa47-4cc4-b24c-bb83bcd47d9d 0d2bbcaf2b434298bad15931ccb5cdb8 eec303b716ec4f58a5e4f55b605e8b4f - - default default] 10.0.0.184 "DELETE /v2.0/qos/policies/9d583edf-8552-4841-8a19-3465fafbe920 HTTP/1.1" status: 204 len: 168 time: 0.0690157
2026-06-30 19:13:40.336 10 INFO neutron.wsgi [None req-8a6abeaa-5cb1-4597-8b83-d955c40de61c 0d2bbcaf2b434298bad15931ccb5cdb8 eec303b716ec4f58a5e4f55b605e8b4f - - default default] 10.0.0.184 "DELETE /v2.0/qos/policies/9443a7b8-059d-4438-ba8b-3e6517c7a075 HTTP/1.1" status: 204 len: 168 time: 0.0579457
2026-06-30 19:13:41.482 10 INFO neutron.db.ovn_revision_numbers_db [None req-73bc44a8-2312-4156-b776-6ba66e41a223 b129833bdb694860913f07e824c57854 a3cd5a73218e499391d5f3e620430459 - - default default] Successfully bumped revision number for resource ac151504-a6ea-48b6-9ea0-131f2edabc02 (type: security_groups) to 1
2026-06-30 19:13:41.495 10 INFO neutron.db.ovn_revision_numbers_db [None req-73bc44a8-2312-4156-b776-6ba66e41a223 b129833bdb694860913f07e824c57854 a3cd5a73218e499391d5f3e620430459 - - default default] Successfully bumped revision number for resource 125369f4-731e-40ec-aab1-4f0c1a2fb387 (type: security_group_rules) to 0
2026-06-30 19:13:41.506 10 INFO neutron.db.ovn_revision_numbers_db [None req-73bc44a8-2312-4156-b776-6ba66e41a223 b129833bdb694860913f07e824c57854 a3cd5a73218e499391d5f3e620430459 - - default default] Successfully bumped revision number for resource 394c1cd2-8d6b-4e85-9968-d256586ebfa8 (type: security_group_rules) to 0
2026-06-30 19:13:41.520 10 INFO neutron.db.ovn_revision_numbers_db [None req-73bc44a8-2312-4156-b776-6ba66e41a223 b129833bdb694860913f07e824c57854 a3cd5a73218e499391d5f3e620430459 - - default default] Successfully bumped revision number for resource 863ad07f-a553-4504-a4c1-f87e22946d71 (type: security_group_rules) to 0
2026-06-30 19:13:41.532 10 INFO neutron.db.ovn_revision_numbers_db [None req-73bc44a8-2312-4156-b776-6ba66e41a223 b129833bdb694860913f07e824c57854 a3cd5a73218e499391d5f3e620430459 - - default default] Successfully bumped revision number for resource da88adaf-0384-46ae-b2d0-6a4d593f799c (type: security_group_rules) to 0
2026-06-30 19:13:41.565 10 INFO neutron.wsgi [None req-73bc44a8-2312-4156-b776-6ba66e41a223 b129833bdb694860913f07e824c57854 a3cd5a73218e499391d5f3e620430459 - - default default] 10.0.0.184 "GET /v2.0/security-groups?tenant_id=f7e91de900e942be92c2158133132f57&name=default HTTP/1.1" status: 200 len: 3000 time: 0.3590059
2026-06-30 19:13:41.763 10 INFO neutron.wsgi [None req-eada10f7-8914-4f90-808b-9fd0eac1ec61 b129833bdb694860913f07e824c57854 a3cd5a73218e499391d5f3e620430459 - - default default] 10.0.0.184 "DELETE /v2.0/security-groups/ac151504-a6ea-48b6-9ea0-131f2edabc02 HTTP/1.1" status: 204 len: 168 time: 0.1924608
2026-06-30 19:13:41.994 9 INFO neutron.db.ovn_revision_numbers_db [None req-a8e0b55d-a820-4379-9ff0-c80f2f05b002 b129833bdb694860913f07e824c57854 a3cd5a73218e499391d5f3e620430459 - - default default] Successfully bumped revision number for resource cf9fed44-cf6d-4c45-ac45-0a08fd3f8369 (type: security_groups) to 1
2026-06-30 19:13:42.009 9 INFO neutron.db.ovn_revision_numbers_db [None req-a8e0b55d-a820-4379-9ff0-c80f2f05b002 b129833bdb694860913f07e824c57854 a3cd5a73218e499391d5f3e620430459 - - default default] Successfully bumped revision number for resource 89ed18a1-8ce2-44a2-9235-f0e09d4b88db (type: security_group_rules) to 0
2026-06-30 19:13:42.033 9 INFO neutron.db.ovn_revision_numbers_db [None req-a8e0b55d-a820-4379-9ff0-c80f2f05b002 b129833bdb694860913f07e824c57854 a3cd5a73218e499391d5f3e620430459 - - default default] Successfully bumped revision number for resource 8c365a51-99a4-4bfa-89cf-d8d70c357182 (type: security_group_rules) to 0
2026-06-30 19:13:42.054 9 INFO neutron.db.ovn_revision_numbers_db [None req-a8e0b55d-a820-4379-9ff0-c80f2f05b002 b129833bdb694860913f07e824c57854 a3cd5a73218e499391d5f3e620430459 - - default default] Successfully bumped revision number for resource 94faaeca-4a8b-4f01-97c9-373fe210a846 (type: security_group_rules) to 0
2026-06-30 19:13:42.072 9 INFO neutron.db.ovn_revision_numbers_db [None req-a8e0b55d-a820-4379-9ff0-c80f2f05b002 b129833bdb694860913f07e824c57854 a3cd5a73218e499391d5f3e620430459 - - default default] Successfully bumped revision number for resource 9901f0c3-48d8-4f93-b195-01d78b819580 (type: security_group_rules) to 0
2026-06-30 19:13:42.098 9 INFO neutron.wsgi [None req-a8e0b55d-a820-4379-9ff0-c80f2f05b002 b129833bdb694860913f07e824c57854 a3cd5a73218e499391d5f3e620430459 - - default default] 10.0.0.184 "GET /v2.0/security-groups?tenant_id=eec303b716ec4f58a5e4f55b605e8b4f&name=default HTTP/1.1" status: 200 len: 3000 time: 0.2361412
2026-06-30 19:13:42.308 9 INFO neutron.wsgi [None req-6551b5da-285b-4657-80fb-3956e3fdbeb9 b129833bdb694860913f07e824c57854 a3cd5a73218e499391d5f3e620430459 - - default default] 10.0.0.184 "DELETE /v2.0/security-groups/cf9fed44-cf6d-4c45-ac45-0a08fd3f8369 HTTP/1.1" status: 204 len: 168 time: 0.2051210
2026-06-30 19:13:42.580 10 INFO neutron.db.ovn_revision_numbers_db [None req-2f1adeee-674e-4828-837e-1cc624768500 b129833bdb694860913f07e824c57854 a3cd5a73218e499391d5f3e620430459 - - default default] Successfully bumped revision number for resource 7f2dda65-c5ba-476f-9104-97adca1127bc (type: security_groups) to 1
2026-06-30 19:13:42.594 10 INFO neutron.db.ovn_revision_numbers_db [None req-2f1adeee-674e-4828-837e-1cc624768500 b129833bdb694860913f07e824c57854 a3cd5a73218e499391d5f3e620430459 - - default default] Successfully bumped revision number for resource 115e65b3-0143-413b-97cf-b7412432913d (type: security_group_rules) to 0
2026-06-30 19:13:42.613 10 INFO neutron.db.ovn_revision_numbers_db [None req-2f1adeee-674e-4828-837e-1cc624768500 b129833bdb694860913f07e824c57854 a3cd5a73218e499391d5f3e620430459 - - default default] Successfully bumped revision number for resource 42b06869-2d9b-4837-8d96-72f6eb056f74 (type: security_group_rules) to 0
2026-06-30 19:13:42.628 10 INFO neutron.db.ovn_revision_numbers_db [None req-2f1adeee-674e-4828-837e-1cc624768500 b129833bdb694860913f07e824c57854 a3cd5a73218e499391d5f3e620430459 - - default default] Successfully bumped revision number for resource d4bf47b5-2ef9-4782-8cdb-3d5d7c274c9b (type: security_group_rules) to 0
2026-06-30 19:13:42.641 10 INFO neutron.db.ovn_revision_numbers_db [None req-2f1adeee-674e-4828-837e-1cc624768500 b129833bdb694860913f07e824c57854 a3cd5a73218e499391d5f3e620430459 - - default default] Successfully bumped revision number for resource ea2a8665-0fb7-4d9a-a2a7-5234e07b9f10 (type: security_group_rules) to 0
2026-06-30 19:13:42.666 10 INFO neutron.wsgi [None req-2f1adeee-674e-4828-837e-1cc624768500 b129833bdb694860913f07e824c57854 a3cd5a73218e499391d5f3e620430459 - - default default] 10.0.0.184 "GET /v2.0/security-groups?tenant_id=0d1946dc25174c18bdcb6414ca3f768f&name=default HTTP/1.1" status: 200 len: 3000 time: 0.2042484
2026-06-30 19:13:42.729 9 INFO neutron.wsgi [-] 10.0.0.95 "GET / HTTP/1.1" status: 200 len: 246 time: 0.0028238
2026-06-30 19:13:42.732 9 INFO neutron.wsgi [-] 10.0.0.95 "GET / HTTP/1.1" status: 200 len: 246 time: 0.0019495
2026-06-30 19:13:42.920 10 INFO neutron.wsgi [None req-0dc5c075-97b6-4299-b35c-476129071d59 b129833bdb694860913f07e824c57854 a3cd5a73218e499391d5f3e620430459 - - default default] 10.0.0.184 "DELETE /v2.0/security-groups/7f2dda65-c5ba-476f-9104-97adca1127bc HTTP/1.1" status: 204 len: 168 time: 0.2488220
2026-06-30 19:13:47.176 9 WARNING neutron_lib.context [None req-2b483b8d-2972-4b2a-ab98-181208909ee1 c4b122151dec40fe85ed576ddb2f6b00 60d9252ed2fe474d93266c0a2bfe7ffc - - default default] Method 'is_advsvc' is deprecated since 2023.2 release (neutron-lib 3.8.0) and will be removed once support for the old RBAC API policies will be removed from Neutron. Please use method 'is_service_role' instead.
2026-06-30 19:13:47.304 9 INFO neutron.db.ovn_revision_numbers_db [None req-2b483b8d-2972-4b2a-ab98-181208909ee1 c4b122151dec40fe85ed576ddb2f6b00 60d9252ed2fe474d93266c0a2bfe7ffc - - default default] Successfully bumped revision number for resource 71ee8541-e2ea-4adf-afe5-835c7307d3cb (type: security_groups) to 1
2026-06-30 19:13:47.318 9 INFO neutron.db.ovn_revision_numbers_db [None req-2b483b8d-2972-4b2a-ab98-181208909ee1 c4b122151dec40fe85ed576ddb2f6b00 60d9252ed2fe474d93266c0a2bfe7ffc - - default default] Successfully bumped revision number for resource 65b119df-5810-4f04-8872-e326a92de04b (type: security_group_rules) to 0
2026-06-30 19:13:47.338 9 INFO neutron.db.ovn_revision_numbers_db [None req-2b483b8d-2972-4b2a-ab98-181208909ee1 c4b122151dec40fe85ed576ddb2f6b00 60d9252ed2fe474d93266c0a2bfe7ffc - - default default] Successfully bumped revision number for resource a7a44628-dd02-4531-a3d1-d00a96eb9230 (type: security_group_rules) to 0
