2026-06-30 19:07:41.951 9 INFO neutron.wsgi [req-51a85256-2fa3-413c-b32b-44014e07dc25 req-5e4d7111-65aa-42fc-b99c-5ec9e4ff4b00 002d8814c906491586a2fc73e34df638 2e8c30e070594eea800af6805d7d2ae9 - - c8283192793441d78bd44d8b616a71f0 c8283192793441d78bd44d8b616a71f0] 199.204.45.78 "GET /v2.0/subnets?id=e6586780-e5ff-403e-ae03-565f3c17c97e HTTP/1.1" status: 200 len: 876 time: 0.0459235
2026-06-30 19:07:42.009 9 INFO neutron.wsgi [req-51a85256-2fa3-413c-b32b-44014e07dc25 req-26cb4d11-d982-4111-b74e-58af80239dc5 002d8814c906491586a2fc73e34df638 2e8c30e070594eea800af6805d7d2ae9 - - c8283192793441d78bd44d8b616a71f0 c8283192793441d78bd44d8b616a71f0] 199.204.45.78 "GET /v2.0/ports?network_id=5b3ac15d-2e4a-4e76-ace2-37c4eaf163e6&device_owner=network%3Adhcp HTTP/1.1" status: 200 len: 210 time: 0.0512462
2026-06-30 19:07:42.018 9 INFO neutron.wsgi [req-a61ec406-85e5-40fb-bc8c-6cdb49425620 req-d3a764b8-af05-47c0-8a09-903ba5ee6bcd e4da08fb1e6b43c69fd0e2c40fe0aa0c 1cd1d8e992c045cd8c50c72ffde78009 - - default default] 10.0.0.32 "GET /v2.0/ports?device_id=6438d754-439c-4c0c-9a39-10a4777aa9d3 HTTP/1.1" status: 200 len: 210 time: 0.0271990
2026-06-30 19:07:42.096 9 INFO neutron.wsgi [req-51a85256-2fa3-413c-b32b-44014e07dc25 req-7e38574d-fa55-4ed4-9670-d7b2ed0a37cb 002d8814c906491586a2fc73e34df638 2e8c30e070594eea800af6805d7d2ae9 - - c8283192793441d78bd44d8b616a71f0 c8283192793441d78bd44d8b616a71f0] 199.204.45.78 "GET /v2.0/networks/5b3ac15d-2e4a-4e76-ace2-37c4eaf163e6?fields=segments HTTP/1.1" status: 200 len: 212 time: 0.0768192
2026-06-30 19:07:42.130 10 INFO neutron.wsgi [None req-bb2e5aff-b2bb-4548-b94f-fd0fdb69f53f b129833bdb694860913f07e824c57854 a3cd5a73218e499391d5f3e620430459 - - default default] 10.0.0.184 "DELETE /v2.0/subnets/72a89171-f277-4136-9eea-29e03eba0023 HTTP/1.1" status: 204 len: 168 time: 0.3824668
2026-06-30 19:07:42.203 9 INFO neutron.wsgi [req-51a85256-2fa3-413c-b32b-44014e07dc25 req-b3d4a19f-320d-4049-aa10-b0eebdf3207d 002d8814c906491586a2fc73e34df638 2e8c30e070594eea800af6805d7d2ae9 - - c8283192793441d78bd44d8b616a71f0 c8283192793441d78bd44d8b616a71f0] 199.204.45.78 "GET /v2.0/networks/5b3ac15d-2e4a-4e76-ace2-37c4eaf163e6?fields=provider%3Aphysical_network&fields=provider%3Anetwork_type HTTP/1.1" status: 200 len: 277 time: 0.0968473
2026-06-30 19:07:42.217 10 INFO neutron.wsgi [None req-b936601b-4aae-46d6-8d99-494692c335b3 b129833bdb694860913f07e824c57854 a3cd5a73218e499391d5f3e620430459 - - default default] 10.0.0.184 "DELETE /v2.0/routers/017ed87c-3634-4896-84c4-b526986be53c HTTP/1.1" status: 204 len: 168 time: 1.5544193
2026-06-30 19:07:42.258 9 INFO neutron.notifiers.nova [-] Nova event matching ['req-f96d087d-569c-4f08-ae7c-e83ee3e966db'] response: {'name': 'network-changed', 'server_uuid': '9c4604f2-b027-430b-a4d6-5a75d01c923d', 'tag': '546e6bc2-c07f-4e3e-b900-d9714fd3489a', 'status': 'completed', 'code': 200}
2026-06-30 19:07:42.336 9 INFO neutron.wsgi [req-bdfda0cc-768f-4f4a-a465-0cb943b7b275 req-0793ff46-924d-49bc-8b4f-3fcc060a6404 002d8814c906491586a2fc73e34df638 2e8c30e070594eea800af6805d7d2ae9 - - c8283192793441d78bd44d8b616a71f0 c8283192793441d78bd44d8b616a71f0] 199.204.45.78 "GET /v2.0/ports?tenant_id=e82ea95e4c314cb28ebbb23ccf9fe087&device_id=9c4604f2-b027-430b-a4d6-5a75d01c923d HTTP/1.1" status: 200 len: 1407 time: 0.0383933
2026-06-30 19:07:42.424 9 INFO neutron.wsgi [req-bdfda0cc-768f-4f4a-a465-0cb943b7b275 req-ea5eea8f-ba51-4125-97be-45f4e07108f5 002d8814c906491586a2fc73e34df638 2e8c30e070594eea800af6805d7d2ae9 - - c8283192793441d78bd44d8b616a71f0 c8283192793441d78bd44d8b616a71f0] 199.204.45.78 "GET /v2.0/networks?id=5b3ac15d-2e4a-4e76-ace2-37c4eaf163e6 HTTP/1.1" status: 200 len: 981 time: 0.0689642
2026-06-30 19:07:42.449 10 INFO neutron.wsgi [None req-a19f194e-85e5-4e16-bfe7-d62827b27159 b129833bdb694860913f07e824c57854 a3cd5a73218e499391d5f3e620430459 - - default default] 10.0.0.184 "DELETE /v2.0/subnets/1c9eaebd-a671-4bd1-ab63-91ce54198fd8 HTTP/1.1" status: 204 len: 168 time: 0.2241209
2026-06-30 19:07:42.458 9 INFO neutron.wsgi [req-bdfda0cc-768f-4f4a-a465-0cb943b7b275 req-dbb567a3-3a69-4b0f-9f06-32c636c2af27 002d8814c906491586a2fc73e34df638 2e8c30e070594eea800af6805d7d2ae9 - - c8283192793441d78bd44d8b616a71f0 c8283192793441d78bd44d8b616a71f0] 199.204.45.78 "GET /v2.0/floatingips?fixed_ip_address=10.100.0.9&port_id=546e6bc2-c07f-4e3e-b900-d9714fd3489a HTTP/1.1" status: 200 len: 217 time: 0.0265360
2026-06-30 19:07:42.513 9 INFO neutron.wsgi [req-bdfda0cc-768f-4f4a-a465-0cb943b7b275 req-aca94c33-dee7-4fc0-aa06-285c86e1ee31 002d8814c906491586a2fc73e34df638 2e8c30e070594eea800af6805d7d2ae9 - - c8283192793441d78bd44d8b616a71f0 c8283192793441d78bd44d8b616a71f0] 199.204.45.78 "GET /v2.0/subnets?id=e6586780-e5ff-403e-ae03-565f3c17c97e HTTP/1.1" status: 200 len: 876 time: 0.0466063
2026-06-30 19:07:42.632 10 INFO neutron.wsgi [None req-2614ad7b-faa5-45e7-8045-f8bb27aeff65 b129833bdb694860913f07e824c57854 a3cd5a73218e499391d5f3e620430459 - - default default] 10.0.0.184 "DELETE /v2.0/networks/af0475b7-aa3e-4f0a-9425-96160eb99c65 HTTP/1.1" status: 204 len: 168 time: 0.4964657
2026-06-30 19:07:42.657 9 INFO neutron.wsgi [req-bdfda0cc-768f-4f4a-a465-0cb943b7b275 req-58b13f85-a36b-48a0-be78-83618dcc8143 002d8814c906491586a2fc73e34df638 2e8c30e070594eea800af6805d7d2ae9 - - c8283192793441d78bd44d8b616a71f0 c8283192793441d78bd44d8b616a71f0] 199.204.45.78 "GET /v2.0/ports?network_id=5b3ac15d-2e4a-4e76-ace2-37c4eaf163e6&device_owner=network%3Adhcp HTTP/1.1" status: 200 len: 210 time: 0.0499353
2026-06-30 19:07:42.711 9 INFO neutron.wsgi [req-f818500c-b0f4-4dbc-850c-41a7aaa4aeca req-0646d696-23f3-423d-8765-5eda843d6b41 6fe2334dfff44aa7851874c692963379 e82ea95e4c314cb28ebbb23ccf9fe087 - - default default] 10.0.0.32 "GET /v2.0/ports?device_id=9c4604f2-b027-430b-a4d6-5a75d01c923d HTTP/1.1" status: 200 len: 1168 time: 0.0863507
2026-06-30 19:07:42.728 10 INFO neutron.wsgi [-] 10.0.0.95 "GET / HTTP/1.1" status: 200 len: 246 time: 0.0032339
2026-06-30 19:07:42.732 10 INFO neutron.wsgi [-] 10.0.0.95 "GET / HTTP/1.1" status: 200 len: 246 time: 0.0021207
2026-06-30 19:07:42.751 9 INFO neutron.wsgi [req-bdfda0cc-768f-4f4a-a465-0cb943b7b275 req-10d41f54-0750-47a5-82b1-bd2dba8b0e28 002d8814c906491586a2fc73e34df638 2e8c30e070594eea800af6805d7d2ae9 - - c8283192793441d78bd44d8b616a71f0 c8283192793441d78bd44d8b616a71f0] 199.204.45.78 "GET /v2.0/networks/5b3ac15d-2e4a-4e76-ace2-37c4eaf163e6?fields=segments HTTP/1.1" status: 200 len: 212 time: 0.0852973
2026-06-30 19:07:42.792 9 INFO neutron.wsgi [req-f818500c-b0f4-4dbc-850c-41a7aaa4aeca req-71a66e3d-d48c-453c-b77a-871dded51a28 6fe2334dfff44aa7851874c692963379 e82ea95e4c314cb28ebbb23ccf9fe087 - - default default] 10.0.0.32 "GET /v2.0/security-groups?id=7cf91b63-32b8-4ff4-8e40-9b2ad1e82eac&fields=id&fields=name HTTP/1.1" status: 200 len: 313 time: 0.0758626
2026-06-30 19:07:42.827 10 INFO neutron.wsgi [None req-2bb66262-35ac-4a20-aab1-32ff448cb048 b129833bdb694860913f07e824c57854 a3cd5a73218e499391d5f3e620430459 - - default default] 10.0.0.184 "GET /v2.0/security-groups?tenant_id=48fd59dd867e408498d46626ebfbd133&name=default HTTP/1.1" status: 200 len: 2992 time: 0.0468793
2026-06-30 19:07:42.854 9 INFO neutron.wsgi [req-bdfda0cc-768f-4f4a-a465-0cb943b7b275 req-98b114de-7542-4f04-b681-97c06e6a99c0 002d8814c906491586a2fc73e34df638 2e8c30e070594eea800af6805d7d2ae9 - - c8283192793441d78bd44d8b616a71f0 c8283192793441d78bd44d8b616a71f0] 199.204.45.78 "GET /v2.0/networks/5b3ac15d-2e4a-4e76-ace2-37c4eaf163e6?fields=provider%3Aphysical_network&fields=provider%3Anetwork_type HTTP/1.1" status: 200 len: 277 time: 0.0944331
2026-06-30 19:07:43.029 9 INFO neutron.wsgi [None req-6b985e9b-14f1-43b5-9724-bd4eb59700d4 b129833bdb694860913f07e824c57854 a3cd5a73218e499391d5f3e620430459 - - default default] 10.0.0.184 "DELETE /v2.0/networks/e43033a9-a2f0-4a13-ab17-a891b9e86cee HTTP/1.1" status: 204 len: 168 time: 0.5702384
2026-06-30 19:07:43.055 10 INFO neutron.wsgi [None req-b41a9f26-0a11-4ca9-b456-cf2b1262e2d9 b129833bdb694860913f07e824c57854 a3cd5a73218e499391d5f3e620430459 - - default default] 10.0.0.184 "DELETE /v2.0/security-groups/680613ad-e3a9-4435-87ac-de9f8e9f7ec5 HTTP/1.1" status: 204 len: 168 time: 0.2234898
2026-06-30 19:07:43.096 10 INFO neutron.services.segments.plugin [-] Segment cde8c3b2-cffe-4b49-8b13-ef6f17386833 resource provider aggregate not found
2026-06-30 19:07:43.104 10 INFO neutron.services.segments.plugin [-] Segment cde8c3b2-cffe-4b49-8b13-ef6f17386833 resource provider aggregate not found
2026-06-30 19:07:43.125 10 INFO neutron.services.segments.plugin [-] Segment cde8c3b2-cffe-4b49-8b13-ef6f17386833 resource provider not found; error: Placement Client Error (4xx): {"errors": [{"status": 404, "title": "Not Found", "detail": "The resource could not be found.\n\n No resource provider with uuid cde8c3b2-cffe-4b49-8b13-ef6f17386833 found for delete ", "request_id": "req-c06b7f12-5a41-4658-ade7-a4103ef9db95"}]}
2026-06-30 19:07:43.139 10 INFO neutron.services.segments.plugin [-] Segment cde8c3b2-cffe-4b49-8b13-ef6f17386833 resource provider not found; error: Placement Client Error (4xx): {"errors": [{"status": 404, "title": "Not Found", "detail": "The resource could not be found.\n\n No resource provider with uuid cde8c3b2-cffe-4b49-8b13-ef6f17386833 found for delete ", "request_id": "req-24afd0ae-0cd1-4e3c-a1d0-52f8396f38f9"}]}
2026-06-30 19:07:43.154 9 INFO neutron.wsgi [req-98d22d15-fe0e-4126-809a-65023447eeec req-561b24bd-7033-4993-866a-3a7b1dceac6e e4da08fb1e6b43c69fd0e2c40fe0aa0c 1cd1d8e992c045cd8c50c72ffde78009 - - default default] 10.0.0.32 "GET /v2.0/ports?device_id=6438d754-439c-4c0c-9a39-10a4777aa9d3 HTTP/1.1" status: 200 len: 210 time: 0.0334013
2026-06-30 19:07:43.164 9 INFO neutron.wsgi [req-6bc8a837-5b2b-4074-8ce9-be2f13d6a55e req-4b92a5fe-e328-42f9-87b5-9dbb151d43da e4da08fb1e6b43c69fd0e2c40fe0aa0c 1cd1d8e992c045cd8c50c72ffde78009 - - default default] 199.204.45.78 "GET /v2.0/networks?id=321a33b4-0fef-4bc7-9c1a-7ad196c46680 HTTP/1.1" status: 200 len: 879 time: 0.0976005
2026-06-30 19:07:43.227 9 INFO neutron.wsgi [req-6bc8a837-5b2b-4074-8ce9-be2f13d6a55e req-30f41dda-6fcc-4a79-a3c1-8834cbcd8831 e4da08fb1e6b43c69fd0e2c40fe0aa0c 1cd1d8e992c045cd8c50c72ffde78009 - - default default] 199.204.45.78 "GET /v2.0/security-groups?fields=id&fields=name&tenant_id=1cd1d8e992c045cd8c50c72ffde78009 HTTP/1.1" status: 200 len: 380 time: 0.0568521
2026-06-30 19:07:43.255 9 WARNING neutron_lib.context [req-6bc8a837-5b2b-4074-8ce9-be2f13d6a55e req-b52d7c03-1849-42ce-b187-1678d6d0cd73 e4da08fb1e6b43c69fd0e2c40fe0aa0c 1cd1d8e992c045cd8c50c72ffde78009 - - default default] Method 'is_advsvc' is deprecated since 2023.2 release (neutron-lib 3.8.0) and will be removed once support for the old RBAC API policies will be removed from Neutron. Please use method 'is_service_role' instead.
2026-06-30 19:07:43.317 9 INFO neutron.wsgi [None req-99546ea1-6335-4f54-a63e-bfe644960fc3 b129833bdb694860913f07e824c57854 a3cd5a73218e499391d5f3e620430459 - - default default] 10.0.0.184 "GET /v2.0/security-groups?tenant_id=7269fc8ae185468198ae1974d50e899f&name=default HTTP/1.1" status: 200 len: 2992 time: 0.0727236
2026-06-30 19:07:43.550 9 INFO neutron.services.segments.plugin [-] Segment 43c2c5b4-49e3-43c3-8163-28e90c8d3568 resource provider aggregate not found
2026-06-30 19:07:43.558 9 INFO neutron.services.segments.plugin [-] Segment 43c2c5b4-49e3-43c3-8163-28e90c8d3568 resource provider aggregate not found
2026-06-30 19:07:43.576 9 INFO neutron.services.segments.plugin [-] Segment 43c2c5b4-49e3-43c3-8163-28e90c8d3568 resource provider not found; error: Placement Client Error (4xx): {"errors": [{"status": 404, "title": "Not Found", "detail": "The resource could not be found.\n\n No resource provider with uuid 43c2c5b4-49e3-43c3-8163-28e90c8d3568 found for delete ", "request_id": "req-0ea2b600-04c7-40f1-855e-5c1cbc028784"}]}
2026-06-30 19:07:43.577 9 INFO neutron.services.segments.plugin [-] Segment 43c2c5b4-49e3-43c3-8163-28e90c8d3568 resource provider not found; error: Placement Client Error (4xx): {"errors": [{"status": 404, "title": "Not Found", "detail": "The resource could not be found.\n\n No resource provider with uuid 43c2c5b4-49e3-43c3-8163-28e90c8d3568 found for delete ", "request_id": "req-4d686241-db48-433e-a2d9-c9aadaa0f894"}]}
2026-06-30 19:07:43.827 9 WARNING neutron.scheduler.dhcp_agent_scheduler [req-6bc8a837-5b2b-4074-8ce9-be2f13d6a55e req-b52d7c03-1849-42ce-b187-1678d6d0cd73 e4da08fb1e6b43c69fd0e2c40fe0aa0c 1cd1d8e992c045cd8c50c72ffde78009 - - default default] No more DHCP agents
2026-06-30 19:07:43.828 9 WARNING neutron.api.rpc.agentnotifiers.dhcp_rpc_agent_api [req-6bc8a837-5b2b-4074-8ce9-be2f13d6a55e req-b52d7c03-1849-42ce-b187-1678d6d0cd73 e4da08fb1e6b43c69fd0e2c40fe0aa0c 1cd1d8e992c045cd8c50c72ffde78009 - - default default] Unable to schedule network 321a33b4-0fef-4bc7-9c1a-7ad196c46680: no agents available; will retry on subsequent port and subnet creation events.
2026-06-30 19:07:43.831 9 INFO neutron.wsgi [None req-1d1598e3-584f-42f9-a4ed-8af6d18a9b24 b129833bdb694860913f07e824c57854 a3cd5a73218e499391d5f3e620430459 - - default default] 10.0.0.184 "DELETE /v2.0/security-groups/cf707f30-e3b2-42cf-85e5-44a6e628c5b1 HTTP/1.1" status: 204 len: 168 time: 0.4986377 /var/lib/openstack/lib/python3.10/site-packages/pycadf/identifier.py:71: UserWarning: Invalid uuid: neutron. To ensure interoperability, identifiers should be a valid uuid. warnings.warn(('Invalid uuid: %s. To ensure interoperability, '
2026-06-30 19:07:43.910 9 INFO neutron.wsgi [req-019346bc-2e61-4de3-8d34-5992e82ab9f8 req-9c6b1223-e0fc-44d0-bfda-8223c826373e 6fe2334dfff44aa7851874c692963379 e82ea95e4c314cb28ebbb23ccf9fe087 - - default default] 10.0.0.32 "GET /v2.0/ports?device_id=9c4604f2-b027-430b-a4d6-5a75d01c923d HTTP/1.1" status: 200 len: 1168 time: 0.0535808
2026-06-30 19:07:43.991 9 INFO neutron.wsgi [req-019346bc-2e61-4de3-8d34-5992e82ab9f8 req-bf549e8f-95a9-4bef-a182-e19971241cfe 6fe2334dfff44aa7851874c692963379 e82ea95e4c314cb28ebbb23ccf9fe087 - - default default] 10.0.0.32 "GET /v2.0/security-groups?id=7cf91b63-32b8-4ff4-8e40-9b2ad1e82eac&fields=id&fields=name HTTP/1.1" status: 200 len: 313 time: 0.0652735
2026-06-30 19:07:44.004 9 WARNING neutron.plugins.ml2.drivers.ovn.mech_driver.ovsdb.ovn_client [None req-ff501ece-1d4a-407d-93d8-5ebd2ccf866b - - - - - -] No port found with ID 8b59706c-356f-4130-b8f6-d3c0b218ccf4: RuntimeError: No port found with ID 8b59706c-356f-4130-b8f6-d3c0b218ccf4
2026-06-30 19:07:44.083 9 INFO neutron.db.ovn_revision_numbers_db [req-6bc8a837-5b2b-4074-8ce9-be2f13d6a55e req-b52d7c03-1849-42ce-b187-1678d6d0cd73 e4da08fb1e6b43c69fd0e2c40fe0aa0c 1cd1d8e992c045cd8c50c72ffde78009 - - default default] Successfully bumped revision number for resource d85ce923-e376-4b4c-8ec3-508340c280e7 (type: ports) to 1
2026-06-30 19:07:44.108 9 INFO neutron.wsgi [req-6bc8a837-5b2b-4074-8ce9-be2f13d6a55e req-b52d7c03-1849-42ce-b187-1678d6d0cd73 e4da08fb1e6b43c69fd0e2c40fe0aa0c 1cd1d8e992c045cd8c50c72ffde78009 - - default default] 199.204.45.78 "POST /v2.0/ports HTTP/1.1" status: 201 len: 1162 time: 0.8573177
2026-06-30 19:07:44.289 9 INFO neutron.wsgi [req-64092519-e3c9-437e-b2f9-52d95f20abb6 req-a6be98fb-680a-4197-a459-d1abefa8ffdb e4da08fb1e6b43c69fd0e2c40fe0aa0c 1cd1d8e992c045cd8c50c72ffde78009 - - default default] 10.0.0.32 "GET /v2.0/ports?device_id=6438d754-439c-4c0c-9a39-10a4777aa9d3 HTTP/1.1" status: 200 len: 1160 time: 0.0564761
2026-06-30 19:07:44.344 9 INFO neutron.wsgi [req-64092519-e3c9-437e-b2f9-52d95f20abb6 req-da306c59-56a9-4cc8-b581-3637df8ad79f e4da08fb1e6b43c69fd0e2c40fe0aa0c 1cd1d8e992c045cd8c50c72ffde78009 - - default default] 10.0.0.32 "GET /v2.0/security-groups?id=c849096f-9eb6-4dfe-9c6f-a7d6276883d4&fields=id&fields=name HTTP/1.1" status: 200 len: 313 time: 0.0438054
2026-06-30 19:07:44.603 9 INFO neutron.db.ovn_revision_numbers_db [req-6bc8a837-5b2b-4074-8ce9-be2f13d6a55e req-c265c9c4-f729-43b3-b31d-b933d820be80 002d8814c906491586a2fc73e34df638 2e8c30e070594eea800af6805d7d2ae9 - - c8283192793441d78bd44d8b616a71f0 c8283192793441d78bd44d8b616a71f0] Successfully bumped revision number for resource d85ce923-e376-4b4c-8ec3-508340c280e7 (type: ports) to 2
2026-06-30 19:07:44.734 10 WARNING neutron.plugins.ml2.drivers.ovn.mech_driver.ovsdb.ovn_client [None req-9f081d2a-004e-4fe8-bf5c-fc51a6b8af4c - - - - - -] No hosting information found for port 544c2192-e720-4bf1-ac58-31a0ac6ce9c5: RuntimeError: No hosting information found for port 544c2192-e720-4bf1-ac58-31a0ac6ce9c5
2026-06-30 19:07:44.821 9 INFO neutron.db.ovn_revision_numbers_db [req-6bc8a837-5b2b-4074-8ce9-be2f13d6a55e req-c265c9c4-f729-43b3-b31d-b933d820be80 002d8814c906491586a2fc73e34df638 2e8c30e070594eea800af6805d7d2ae9 - - c8283192793441d78bd44d8b616a71f0 c8283192793441d78bd44d8b616a71f0] Successfully bumped revision number for resource d85ce923-e376-4b4c-8ec3-508340c280e7 (type: ports) to 2
2026-06-30 19:07:44.842 9 INFO neutron.wsgi [req-6bc8a837-5b2b-4074-8ce9-be2f13d6a55e req-c265c9c4-f729-43b3-b31d-b933d820be80 002d8814c906491586a2fc73e34df638 2e8c30e070594eea800af6805d7d2ae9 - - c8283192793441d78bd44d8b616a71f0 c8283192793441d78bd44d8b616a71f0] 199.204.45.78 "PUT /v2.0/ports/d85ce923-e376-4b4c-8ec3-508340c280e7 HTTP/1.1" status: 200 len: 1380 time: 0.7287648 /var/lib/openstack/lib/python3.10/site-packages/pycadf/identifier.py:71: UserWarning: Invalid uuid: neutron. To ensure interoperability, identifiers should be a valid uuid. warnings.warn(('Invalid uuid: %s. To ensure interoperability, '
2026-06-30 19:07:44.939 9 INFO neutron.wsgi [req-6bc8a837-5b2b-4074-8ce9-be2f13d6a55e req-78a30d3d-da33-4d32-8805-9b4127954fb5 002d8814c906491586a2fc73e34df638 2e8c30e070594eea800af6805d7d2ae9 - - c8283192793441d78bd44d8b616a71f0 c8283192793441d78bd44d8b616a71f0] 199.204.45.78 "GET /v2.0/ports?tenant_id=1cd1d8e992c045cd8c50c72ffde78009&device_id=6438d754-439c-4c0c-9a39-10a4777aa9d3 HTTP/1.1" status: 200 len: 1411 time: 0.0515802
2026-06-30 19:07:44.940 9 INFO neutron.notifiers.nova [-] Nova event matching ['req-fcd0a580-6af9-4dbe-82e3-0fd5a17f0ca5'] response: {'name': 'network-changed', 'server_uuid': '6438d754-439c-4c0c-9a39-10a4777aa9d3', 'tag': 'd85ce923-e376-4b4c-8ec3-508340c280e7', 'status': 'completed', 'code': 200}
2026-06-30 19:07:44.970 9 INFO neutron.wsgi [req-6bc8a837-5b2b-4074-8ce9-be2f13d6a55e req-4475e4de-ced7-4963-81a0-76410f0af1a9 002d8814c906491586a2fc73e34df638 2e8c30e070594eea800af6805d7d2ae9 - - c8283192793441d78bd44d8b616a71f0 c8283192793441d78bd44d8b616a71f0] 199.204.45.78 "GET /v2.0/floatingips?fixed_ip_address=10.100.0.13&port_id=d85ce923-e376-4b4c-8ec3-508340c280e7 HTTP/1.1" status: 200 len: 217 time: 0.0264907
2026-06-30 19:07:45.023 9 INFO neutron.wsgi [req-6bc8a837-5b2b-4074-8ce9-be2f13d6a55e req-1bedfa21-663f-4297-a487-3eb7afe59dac 002d8814c906491586a2fc73e34df638 2e8c30e070594eea800af6805d7d2ae9 - - c8283192793441d78bd44d8b616a71f0 c8283192793441d78bd44d8b616a71f0] 199.204.45.78 "GET /v2.0/subnets?id=b31427be-57ea-4a9b-b016-7296a3f14e0b HTTP/1.1" status: 200 len: 873 time: 0.0381989
2026-06-30 19:07:45.065 9 INFO neutron.wsgi [req-6bc8a837-5b2b-4074-8ce9-be2f13d6a55e req-6c0ea40d-e31a-4aec-9a29-d2cbea453adc 002d8814c906491586a2fc73e34df638 2e8c30e070594eea800af6805d7d2ae9 - - c8283192793441d78bd44d8b616a71f0 c8283192793441d78bd44d8b616a71f0] 199.204.45.78 "GET /v2.0/ports?network_id=321a33b4-0fef-4bc7-9c1a-7ad196c46680&device_owner=network%3Adhcp HTTP/1.1" status: 200 len: 210 time: 0.0311720
2026-06-30 19:07:45.118 9 INFO neutron.wsgi [req-3c9c0920-42fe-47d4-aa1b-261381db135d req-4b9ae113-5e73-4b6c-88d3-4d2f2f39f75d 6fe2334dfff44aa7851874c692963379 e82ea95e4c314cb28ebbb23ccf9fe087 - - default default] 10.0.0.32 "GET /v2.0/ports?device_id=9c4604f2-b027-430b-a4d6-5a75d01c923d HTTP/1.1" status: 200 len: 1168 time: 0.0614491
2026-06-30 19:07:45.161 9 INFO neutron.wsgi [req-6bc8a837-5b2b-4074-8ce9-be2f13d6a55e req-49a697aa-5ae0-4274-98b3-da725c6e4e0c 002d8814c906491586a2fc73e34df638 2e8c30e070594eea800af6805d7d2ae9 - - c8283192793441d78bd44d8b616a71f0 c8283192793441d78bd44d8b616a71f0] 199.204.45.78 "GET /v2.0/networks/321a33b4-0fef-4bc7-9c1a-7ad196c46680?fields=segments HTTP/1.1" status: 200 len: 212 time: 0.0900023
2026-06-30 19:07:45.206 9 INFO neutron.wsgi [req-3c9c0920-42fe-47d4-aa1b-261381db135d req-e570a4c2-ef40-4a79-a4fa-d2e8cf7cca8d 6fe2334dfff44aa7851874c692963379 e82ea95e4c314cb28ebbb23ccf9fe087 - - default default] 10.0.0.32 "GET /v2.0/security-groups?id=7cf91b63-32b8-4ff4-8e40-9b2ad1e82eac&fields=id&fields=name HTTP/1.1" status: 200 len: 313 time: 0.0817366
2026-06-30 19:07:45.254 9 INFO neutron.wsgi [req-6bc8a837-5b2b-4074-8ce9-be2f13d6a55e req-446b5063-9f41-43d9-8fa0-56264cf11616 002d8814c906491586a2fc73e34df638 2e8c30e070594eea800af6805d7d2ae9 - - c8283192793441d78bd44d8b616a71f0 c8283192793441d78bd44d8b616a71f0] 199.204.45.78 "GET /v2.0/networks/321a33b4-0fef-4bc7-9c1a-7ad196c46680?fields=provider%3Aphysical_network&fields=provider%3Anetwork_type HTTP/1.1" status: 200 len: 277 time: 0.0895224
2026-06-30 19:07:45.277 9 INFO neutron.plugins.ml2.drivers.ovn.mech_driver.mech_driver [None req-ff501ece-1d4a-407d-93d8-5ebd2ccf866b - - - - - -] OVN reports status up for port: 546e6bc2-c07f-4e3e-b900-d9714fd3489a
2026-06-30 19:07:45.312 9 INFO neutron.plugins.ml2.plugin [None req-ff501ece-1d4a-407d-93d8-5ebd2ccf866b - - - - - -] Attempt 1 to provision port 546e6bc2-c07f-4e3e-b900-d9714fd3489a
2026-06-30 19:07:45.328 9 INFO neutron.db.ovn_revision_numbers_db [None req-e464a6a4-85d7-45f2-8a3e-df8c7761b396 b129833bdb694860913f07e824c57854 a3cd5a73218e499391d5f3e620430459 - - default default] Successfully bumped revision number for resource 19119438-b3c3-4e64-b2e9-8a798efd7b21 (type: security_groups) to 1
2026-06-30 19:07:45.365 9 INFO neutron.db.ovn_revision_numbers_db [None req-e464a6a4-85d7-45f2-8a3e-df8c7761b396 b129833bdb694860913f07e824c57854 a3cd5a73218e499391d5f3e620430459 - - default default] Successfully bumped revision number for resource 145a4f9b-1bd6-48ee-ad19-6942c7893b25 (type: security_group_rules) to 0
2026-06-30 19:07:45.372 9 INFO neutron.wsgi [req-9915b86a-4a54-412d-acc2-40f32a2be6f1 req-4a6bdd49-676b-4aef-8176-300459b53ad4 002d8814c906491586a2fc73e34df638 2e8c30e070594eea800af6805d7d2ae9 - - c8283192793441d78bd44d8b616a71f0 c8283192793441d78bd44d8b616a71f0] 199.204.45.78 "GET /v2.0/ports?tenant_id=1cd1d8e992c045cd8c50c72ffde78009&device_id=6438d754-439c-4c0c-9a39-10a4777aa9d3 HTTP/1.1" status: 200 len: 1411 time: 0.0614066
2026-06-30 19:07:45.404 9 INFO neutron.db.ovn_revision_numbers_db [None req-e464a6a4-85d7-45f2-8a3e-df8c7761b396 b129833bdb694860913f07e824c57854 a3cd5a73218e499391d5f3e620430459 - - default default] Successfully bumped revision number for resource 1685f3d3-18dc-4fc6-89d0-53fc72e766a2 (type: security_group_rules) to 0
2026-06-30 19:07:45.464 9 INFO neutron.db.ovn_revision_numbers_db [None req-e464a6a4-85d7-45f2-8a3e-df8c7761b396 b129833bdb694860913f07e824c57854 a3cd5a73218e499391d5f3e620430459 - - default default] Successfully bumped revision number for resource 3ac6b3e6-074e-409c-aed6-59a07f38cc29 (type: security_group_rules) to 0
2026-06-30 19:07:45.491 9 INFO neutron.wsgi [req-fd141fe0-28d7-484e-b43c-12d3c334ebbb req-874fc822-b471-4146-9cb0-cd9a3a5be8a2 e4da08fb1e6b43c69fd0e2c40fe0aa0c 1cd1d8e992c045cd8c50c72ffde78009 - - default default] 10.0.0.32 "GET /v2.0/ports?device_id=6438d754-439c-4c0c-9a39-10a4777aa9d3 HTTP/1.1" status: 200 len: 1172 time: 0.0706735
2026-06-30 19:07:45.505 9 INFO neutron.db.ovn_revision_numbers_db [None req-e464a6a4-85d7-45f2-8a3e-df8c7761b396 b129833bdb694860913f07e824c57854 a3cd5a73218e499391d5f3e620430459 - - default default] Successfully bumped revision number for resource 9ad8fc87-d795-44c9-a60b-ec29a9d263eb (type: security_group_rules) to 0
2026-06-30 19:07:45.515 9 INFO neutron.wsgi [req-9915b86a-4a54-412d-acc2-40f32a2be6f1 req-b6dca69d-a8c0-4750-aca6-f2c41f6c628d 002d8814c906491586a2fc73e34df638 2e8c30e070594eea800af6805d7d2ae9 - - c8283192793441d78bd44d8b616a71f0 c8283192793441d78bd44d8b616a71f0] 199.204.45.78 "GET /v2.0/networks?id=321a33b4-0fef-4bc7-9c1a-7ad196c46680 HTTP/1.1" status: 200 len: 978 time: 0.1340411
2026-06-30 19:07:45.572 9 INFO neutron.wsgi [req-9915b86a-4a54-412d-acc2-40f32a2be6f1 req-a991a8b7-c745-422d-9c53-9d01bee42c59 002d8814c906491586a2fc73e34df638 2e8c30e070594eea800af6805d7d2ae9 - - c8283192793441d78bd44d8b616a71f0 c8283192793441d78bd44d8b616a71f0] 199.204.45.78 "GET /v2.0/floatingips?fixed_ip_address=10.100.0.13&port_id=d85ce923-e376-4b4c-8ec3-508340c280e7 HTTP/1.1" status: 200 len: 217 time: 0.0456731
2026-06-30 19:07:45.605 9 INFO neutron.wsgi [req-fd141fe0-28d7-484e-b43c-12d3c334ebbb req-db7059f5-e395-4063-9b95-47ad202308e6 e4da08fb1e6b43c69fd0e2c40fe0aa0c 1cd1d8e992c045cd8c50c72ffde78009 - - default default] 10.0.0.32 "GET /v2.0/security-groups?id=c849096f-9eb6-4dfe-9c6f-a7d6276883d4&fields=id&fields=name HTTP/1.1" status: 200 len: 313 time: 0.1047049
2026-06-30 19:07:45.609 9 INFO neutron.db.segments_db [None req-e464a6a4-85d7-45f2-8a3e-df8c7761b396 b129833bdb694860913f07e824c57854 a3cd5a73218e499391d5f3e620430459 - - default default] Added segment c379aadf-28ea-48ea-9631-b55686ca8956 of type geneve for network 2a3a096b-72f9-43dd-aa20-77ed01aab83d
2026-06-30 19:07:45.636 9 INFO neutron.wsgi [req-9915b86a-4a54-412d-acc2-40f32a2be6f1 req-e1b084ac-5e05-447f-ace0-82945f9e8805 002d8814c906491586a2fc73e34df638 2e8c30e070594eea800af6805d7d2ae9 - - c8283192793441d78bd44d8b616a71f0 c8283192793441d78bd44d8b616a71f0] 199.204.45.78 "GET /v2.0/subnets?id=b31427be-57ea-4a9b-b016-7296a3f14e0b HTTP/1.1" status: 200 len: 873 time: 0.0576451
2026-06-30 19:07:45.686 9 INFO neutron.wsgi [req-9915b86a-4a54-412d-acc2-40f32a2be6f1 req-7553b8d6-a13e-41b6-8f65-fa63cdd501cb 002d8814c906491586a2fc73e34df638 2e8c30e070594eea800af6805d7d2ae9 - - c8283192793441d78bd44d8b616a71f0 c8283192793441d78bd44d8b616a71f0] 199.204.45.78 "GET /v2.0/ports?network_id=321a33b4-0fef-4bc7-9c1a-7ad196c46680&device_owner=network%3Adhcp HTTP/1.1" status: 200 len: 210 time: 0.0396314
2026-06-30 19:07:45.857 9 INFO neutron.wsgi [req-9915b86a-4a54-412d-acc2-40f32a2be6f1 req-598aa852-f43a-42b3-83fc-dae7fd00d6db 002d8814c906491586a2fc73e34df638 2e8c30e070594eea800af6805d7d2ae9 - - c8283192793441d78bd44d8b616a71f0 c8283192793441d78bd44d8b616a71f0] 199.204.45.78 "GET /v2.0/networks/321a33b4-0fef-4bc7-9c1a-7ad196c46680?fields=segments HTTP/1.1" status: 200 len: 212 time: 0.1654119
2026-06-30 19:07:45.880 9 INFO neutron.db.ovn_revision_numbers_db [None req-e464a6a4-85d7-45f2-8a3e-df8c7761b396 b129833bdb694860913f07e824c57854 a3cd5a73218e499391d5f3e620430459 - - default default] Successfully bumped revision number for resource 2a3a096b-72f9-43dd-aa20-77ed01aab83d (type: networks) to 1
2026-06-30 19:07:45.920 9 INFO neutron.db.ovn_revision_numbers_db [None req-ff501ece-1d4a-407d-93d8-5ebd2ccf866b - - - - - -] Successfully bumped revision number for resource 546e6bc2-c07f-4e3e-b900-d9714fd3489a (type: ports) to 4
2026-06-30 19:07:46.015 9 INFO neutron.wsgi [req-9915b86a-4a54-412d-acc2-40f32a2be6f1 req-d22461fd-bd22-4630-9455-747d44480f83 002d8814c906491586a2fc73e34df638 2e8c30e070594eea800af6805d7d2ae9 - - c8283192793441d78bd44d8b616a71f0 c8283192793441d78bd44d8b616a71f0] 199.204.45.78 "GET /v2.0/networks/321a33b4-0fef-4bc7-9c1a-7ad196c46680?fields=provider%3Aphysical_network&fields=provider%3Anetwork_type HTTP/1.1" status: 200 len: 277 time: 0.1499255
2026-06-30 19:07:46.134 9 WARNING neutron.scheduler.dhcp_agent_scheduler [None req-e464a6a4-85d7-45f2-8a3e-df8c7761b396 b129833bdb694860913f07e824c57854 a3cd5a73218e499391d5f3e620430459 - - default default] No more DHCP agents
2026-06-30 19:07:46.137 9 WARNING neutron.api.rpc.agentnotifiers.dhcp_rpc_agent_api [None req-e464a6a4-85d7-45f2-8a3e-df8c7761b396 b129833bdb694860913f07e824c57854 a3cd5a73218e499391d5f3e620430459 - - default default] Unable to schedule network 2a3a096b-72f9-43dd-aa20-77ed01aab83d: no agents available; will retry on subsequent port and subnet creation events.
2026-06-30 19:07:46.216 9 INFO neutron.db.ovn_revision_numbers_db [None req-e464a6a4-85d7-45f2-8a3e-df8c7761b396 b129833bdb694860913f07e824c57854 a3cd5a73218e499391d5f3e620430459 - - default default] Successfully bumped revision number for resource 5c469090-0a7d-418c-889f-8601893a6d3f (type: ports) to 1
2026-06-30 19:07:46.239 9 INFO neutron.wsgi [None req-e464a6a4-85d7-45f2-8a3e-df8c7761b396 b129833bdb694860913f07e824c57854 a3cd5a73218e499391d5f3e620430459 - - default default] 10.0.0.184 "POST /v2.0/networks HTTP/1.1" status: 201 len: 945 time: 1.3396444 /var/lib/openstack/lib/python3.10/site-packages/pycadf/identifier.py:71: UserWarning: Invalid uuid: neutron. To ensure interoperability, identifiers should be a valid uuid. warnings.warn(('Invalid uuid: %s. To ensure interoperability, '
2026-06-30 19:07:46.341 9 INFO neutron.wsgi [req-2ee27c6c-4f61-4a6d-8a1f-9debf8117eec req-4832d9d8-b2b1-4f0f-9255-59963fe2562e 6fe2334dfff44aa7851874c692963379 e82ea95e4c314cb28ebbb23ccf9fe087 - - default default] 10.0.0.32 "GET /v2.0/ports?device_id=9c4604f2-b027-430b-a4d6-5a75d01c923d HTTP/1.1" status: 200 len: 1170 time: 0.0654407
2026-06-30 19:07:46.394 9 INFO neutron.wsgi [req-2ee27c6c-4f61-4a6d-8a1f-9debf8117eec req-69de156a-82b5-49eb-9dcb-85be2b5ca1f2 6fe2334dfff44aa7851874c692963379 e82ea95e4c314cb28ebbb23ccf9fe087 - - default default] 10.0.0.32 "GET /v2.0/security-groups?id=7cf91b63-32b8-4ff4-8e40-9b2ad1e82eac&fields=id&fields=name HTTP/1.1" status: 200 len: 313 time: 0.0431941
2026-06-30 19:07:46.592 10 INFO neutron.plugins.ml2.drivers.ovn.mech_driver.mech_driver [None req-9f081d2a-004e-4fe8-bf5c-fc51a6b8af4c - - - - - -] OVN reports status up for port: d85ce923-e376-4b4c-8ec3-508340c280e7
2026-06-30 19:07:46.624 10 INFO neutron.plugins.ml2.plugin [None req-9f081d2a-004e-4fe8-bf5c-fc51a6b8af4c - - - - - -] Attempt 1 to provision port d85ce923-e376-4b4c-8ec3-508340c280e7
2026-06-30 19:07:46.741 9 WARNING neutron.scheduler.dhcp_agent_scheduler [None req-738695c7-66ad-4be8-bf3b-e97bd6a2a2fb b129833bdb694860913f07e824c57854 a3cd5a73218e499391d5f3e620430459 - - default default] No more DHCP agents
2026-06-30 19:07:46.751 9 WARNING neutron.api.rpc.agentnotifiers.dhcp_rpc_agent_api [None req-738695c7-66ad-4be8-bf3b-e97bd6a2a2fb b129833bdb694860913f07e824c57854 a3cd5a73218e499391d5f3e620430459 - - default default] Unable to schedule network 2a3a096b-72f9-43dd-aa20-77ed01aab83d: no agents available; will retry on subsequent port and subnet creation events.
2026-06-30 19:07:46.872 9 INFO neutron.wsgi [req-20c4a4f1-77c2-4238-89d3-dd1e7c067045 req-177d08b0-6fcd-45af-bea8-2cdb5b3e10b3 e4da08fb1e6b43c69fd0e2c40fe0aa0c 1cd1d8e992c045cd8c50c72ffde78009 - - default default] 10.0.0.32 "GET /v2.0/ports?device_id=6438d754-439c-4c0c-9a39-10a4777aa9d3 HTTP/1.1" status: 200 len: 1174 time: 0.1471581
2026-06-30 19:07:46.980 9 INFO neutron.wsgi [req-20c4a4f1-77c2-4238-89d3-dd1e7c067045 req-848be55d-968a-4628-a0da-f61b4615b856 e4da08fb1e6b43c69fd0e2c40fe0aa0c 1cd1d8e992c045cd8c50c72ffde78009 - - default default] 10.0.0.32 "GET /v2.0/security-groups?id=c849096f-9eb6-4dfe-9c6f-a7d6276883d4&fields=id&fields=name HTTP/1.1" status: 200 len: 313 time: 0.1011279
2026-06-30 19:07:47.000 9 INFO neutron.notifiers.nova [-] Nova event matching ['req-901f85e6-d82d-4f06-8349-83159f0225b2'] response: {'server_uuid': '9c4604f2-b027-430b-a4d6-5a75d01c923d', 'name': 'network-vif-plugged', 'status': 'completed', 'tag': '546e6bc2-c07f-4e3e-b900-d9714fd3489a', 'code': 200}
2026-06-30 19:07:47.000 9 INFO neutron.notifiers.nova [-] Nova event matching ['req-901f85e6-d82d-4f06-8349-83159f0225b2'] response: {'server_uuid': '9c4604f2-b027-430b-a4d6-5a75d01c923d', 'name': 'network-vif-plugged', 'status': 'completed', 'tag': '546e6bc2-c07f-4e3e-b900-d9714fd3489a', 'code': 200}
2026-06-30 19:07:47.248 10 INFO neutron.db.ovn_revision_numbers_db [None req-9f081d2a-004e-4fe8-bf5c-fc51a6b8af4c - - - - - -] Successfully bumped revision number for resource d85ce923-e376-4b4c-8ec3-508340c280e7 (type: ports) to 4
2026-06-30 19:07:47.277 10 INFO neutron.notifiers.nova [-] Nova event matching ['req-8eb8bba0-ceab-44ee-a995-53229eb2cdd5'] response: {'server_uuid': '6438d754-439c-4c0c-9a39-10a4777aa9d3', 'name': 'network-vif-plugged', 'status': 'completed', 'tag': 'd85ce923-e376-4b4c-8ec3-508340c280e7', 'code': 200}
2026-06-30 19:07:47.392 9 INFO neutron.db.ovn_revision_numbers_db [None req-738695c7-66ad-4be8-bf3b-e97bd6a2a2fb b129833bdb694860913f07e824c57854 a3cd5a73218e499391d5f3e620430459 - - default default] Successfully bumped revision number for resource 5c469090-0a7d-418c-889f-8601893a6d3f (type: ports) to 2
2026-06-30 19:07:47.462 9 INFO neutron.db.ovn_revision_numbers_db [None req-738695c7-66ad-4be8-bf3b-e97bd6a2a2fb b129833bdb694860913f07e824c57854 a3cd5a73218e499391d5f3e620430459 - - default default] Successfully bumped revision number for resource 7a75cf94-5c35-4feb-9853-93ed1a7f97eb (type: subnets) to 0
2026-06-30 19:07:47.512 9 INFO neutron.wsgi [None req-738695c7-66ad-4be8-bf3b-e97bd6a2a2fb b129833bdb694860913f07e824c57854 a3cd5a73218e499391d5f3e620430459 - - default default] 10.0.0.184 "POST /v2.0/subnets HTTP/1.1" status: 201 len: 865 time: 1.2666769
2026-06-30 19:07:47.603 9 INFO neutron.wsgi [req-50d9544a-f860-4ecb-88b7-352955906580 req-1cb888b5-13fe-4cfb-a6cf-d7608947db6b 6fe2334dfff44aa7851874c692963379 e82ea95e4c314cb28ebbb23ccf9fe087 - - default default] 10.0.0.32 "GET /v2.0/ports?device_id=9c4604f2-b027-430b-a4d6-5a75d01c923d HTTP/1.1" status: 200 len: 1170 time: 0.1346087
2026-06-30 19:07:47.688 9 INFO neutron.wsgi [req-50d9544a-f860-4ecb-88b7-352955906580 req-337805b6-5584-4363-9596-3e879f0c7fc7 6fe2334dfff44aa7851874c692963379 e82ea95e4c314cb28ebbb23ccf9fe087 - - default default] 10.0.0.32 "GET /v2.0/security-groups?id=7cf91b63-32b8-4ff4-8e40-9b2ad1e82eac&fields=id&fields=name HTTP/1.1" status: 200 len: 313 time: 0.0683014
2026-06-30 19:07:47.845 9 INFO neutron.wsgi [req-f0c65068-61da-4d7d-b21f-dedc252987a7 req-22c0a4c6-10b9-4d09-b8c1-afc7030ad263 6fe2334dfff44aa7851874c692963379 e82ea95e4c314cb28ebbb23ccf9fe087 - - default default] 10.0.0.32 "GET /v2.0/ports?device_id=9c4604f2-b027-430b-a4d6-5a75d01c923d HTTP/1.1" status: 200 len: 1170 time: 0.0718277 /var/lib/openstack/lib/python3.10/site-packages/pycadf/identifier.py:71: UserWarning: Invalid uuid: neutron. To ensure interoperability, identifiers should be a valid uuid. warnings.warn(('Invalid uuid: %s. To ensure interoperability, '
2026-06-30 19:07:48.092 9 INFO neutron.wsgi [req-f17104d5-90ce-454d-9b58-fff41b5e428b req-ded364ba-8c21-4668-acdc-ecb5acb36a4e e4da08fb1e6b43c69fd0e2c40fe0aa0c 1cd1d8e992c045cd8c50c72ffde78009 - - default default] 10.0.0.32 "GET /v2.0/ports?device_id=6438d754-439c-4c0c-9a39-10a4777aa9d3 HTTP/1.1" status: 200 len: 1174 time: 0.0359883
2026-06-30 19:07:48.123 9 WARNING neutron.scheduler.dhcp_agent_scheduler [None req-5b54e523-0121-466e-a02b-9e6f98e4a81e b129833bdb694860913f07e824c57854 a3cd5a73218e499391d5f3e620430459 - - default default] No more DHCP agents
2026-06-30 19:07:48.128 9 WARNING neutron.api.rpc.agentnotifiers.dhcp_rpc_agent_api [None req-5b54e523-0121-466e-a02b-9e6f98e4a81e b129833bdb694860913f07e824c57854 a3cd5a73218e499391d5f3e620430459 - - default default] Unable to schedule network 4bbe7b58-edde-4517-bc73-12452217406b: no agents available; will retry on subsequent port and subnet creation events.
2026-06-30 19:07:48.169 9 INFO neutron.wsgi [req-f17104d5-90ce-454d-9b58-fff41b5e428b req-e5c893e7-ae3d-4161-b876-ed31c8ad7286 e4da08fb1e6b43c69fd0e2c40fe0aa0c 1cd1d8e992c045cd8c50c72ffde78009 - - default default] 10.0.0.32 "GET /v2.0/security-groups?id=c849096f-9eb6-4dfe-9c6f-a7d6276883d4&fields=id&fields=name HTTP/1.1" status: 200 len: 313 time: 0.0701764
2026-06-30 19:07:48.232 10 INFO neutron.db.l3_db [None req-848a5cb9-f558-4eac-82f0-df5316779f3e 6fe2334dfff44aa7851874c692963379 e82ea95e4c314cb28ebbb23ccf9fe087 - - default default] Floating IP b9d98b4e-22a4-4efa-9886-1a2e8c30b1eb associated. External IP: 10.96.250.205, port: 546e6bc2-c07f-4e3e-b900-d9714fd3489a.
2026-06-30 19:07:48.296 9 INFO neutron.wsgi [req-eb895d50-5417-4d69-9a68-68d5908a69b0 req-648793db-01b2-4552-9723-930b679918a4 e4da08fb1e6b43c69fd0e2c40fe0aa0c 1cd1d8e992c045cd8c50c72ffde78009 - - default default] 10.0.0.32 "GET /v2.0/ports?device_id=6438d754-439c-4c0c-9a39-10a4777aa9d3 HTTP/1.1" status: 200 len: 1174 time: 0.0415223
2026-06-30 19:07:48.340 9 INFO neutron.db.ovn_revision_numbers_db [None req-5b54e523-0121-466e-a02b-9e6f98e4a81e b129833bdb694860913f07e824c57854 a3cd5a73218e499391d5f3e620430459 - - default default] Successfully bumped revision number for resource 6c6f8d7d-9d91-492d-8bd6-80e065c43e97 (type: ports) to 1
2026-06-30 19:07:48.763 10 INFO neutron.db.ovn_revision_numbers_db [None req-848a5cb9-f558-4eac-82f0-df5316779f3e 6fe2334dfff44aa7851874c692963379 e82ea95e4c314cb28ebbb23ccf9fe087 - - default default] Successfully bumped revision number for resource b9d98b4e-22a4-4efa-9886-1a2e8c30b1eb (type: floatingips) to 1
2026-06-30 19:07:48.840 10 INFO neutron.db.l3_db [None req-40fe9521-fa36-4cc4-9ff4-fcf471eca586 e4da08fb1e6b43c69fd0e2c40fe0aa0c 1cd1d8e992c045cd8c50c72ffde78009 - - default default] Floating IP cca5be63-a97d-49c7-ac52-f9b5f6942300 associated. External IP: 10.96.250.215, port: d85ce923-e376-4b4c-8ec3-508340c280e7.
2026-06-30 19:07:48.919 10 INFO neutron.db.ovn_revision_numbers_db [None req-848a5cb9-f558-4eac-82f0-df5316779f3e 6fe2334dfff44aa7851874c692963379 e82ea95e4c314cb28ebbb23ccf9fe087 - - default default] Successfully bumped revision number for resource b9d98b4e-22a4-4efa-9886-1a2e8c30b1eb (type: floatingips) to 2
2026-06-30 19:07:48.969 10 INFO neutron.wsgi [None req-848a5cb9-f558-4eac-82f0-df5316779f3e 6fe2334dfff44aa7851874c692963379 e82ea95e4c314cb28ebbb23ccf9fe087 - - default default] 10.0.0.184 "PUT /v2.0/floatingips/b9d98b4e-22a4-4efa-9886-1a2e8c30b1eb HTTP/1.1" status: 200 len: 1049 time: 1.1063938
2026-06-30 19:07:49.078 10 INFO neutron.db.ovn_revision_numbers_db [None req-40fe9521-fa36-4cc4-9ff4-fcf471eca586 e4da08fb1e6b43c69fd0e2c40fe0aa0c 1cd1d8e992c045cd8c50c72ffde78009 - - default default] Successfully bumped revision number for resource cca5be63-a97d-49c7-ac52-f9b5f6942300 (type: floatingips) to 1
2026-06-30 19:07:49.112 9 INFO neutron.db.ovn_revision_numbers_db [None req-f2367687-ac6a-4d76-8e92-a8d6ece0b8da b129833bdb694860913f07e824c57854 a3cd5a73218e499391d5f3e620430459 - - default default] Successfully bumped revision number for resource d94774ad-c2a0-4f7e-af92-27a387d2843f (type: security_groups) to 1
2026-06-30 19:07:49.161 9 INFO neutron.wsgi [req-f5fe71b4-3d87-47ae-a6c6-6638e346a453 req-d070c5aa-905c-4766-a620-ec37ec92a09e 6fe2334dfff44aa7851874c692963379 e82ea95e4c314cb28ebbb23ccf9fe087 - - default default] 10.0.0.32 "GET /v2.0/ports?device_id=9c4604f2-b027-430b-a4d6-5a75d01c923d HTTP/1.1" status: 200 len: 1170 time: 0.1318727 /var/lib/openstack/lib/python3.10/site-packages/pycadf/identifier.py:71: UserWarning: Invalid uuid: neutron. To ensure interoperability, identifiers should be a valid uuid. warnings.warn(('Invalid uuid: %s. To ensure interoperability, '
2026-06-30 19:07:49.180 9 INFO neutron.db.ovn_revision_numbers_db [None req-f2367687-ac6a-4d76-8e92-a8d6ece0b8da b129833bdb694860913f07e824c57854 a3cd5a73218e499391d5f3e620430459 - - default default] Successfully bumped revision number for resource 0b142f09-7810-4964-8314-c157086f524a (type: security_group_rules) to 0
2026-06-30 19:07:49.208 9 INFO neutron.db.ovn_revision_numbers_db [None req-f2367687-ac6a-4d76-8e92-a8d6ece0b8da b129833bdb694860913f07e824c57854 a3cd5a73218e499391d5f3e620430459 - - default default] Successfully bumped revision number for resource 2be7530a-2b0b-4dd3-8c25-bfd12bcdbf44 (type: security_group_rules) to 0
2026-06-30 19:07:49.209 10 INFO neutron.db.ovn_revision_numbers_db [None req-40fe9521-fa36-4cc4-9ff4-fcf471eca586 e4da08fb1e6b43c69fd0e2c40fe0aa0c 1cd1d8e992c045cd8c50c72ffde78009 - - default default] Successfully bumped revision number for resource cca5be63-a97d-49c7-ac52-f9b5f6942300 (type: floatingips) to 2
2026-06-30 19:07:49.234 9 INFO neutron.plugins.ml2.drivers.ovn.mech_driver.mech_driver [None req-ff501ece-1d4a-407d-93d8-5ebd2ccf866b - - - - - -] OVN reports status up for port: 6c6f8d7d-9d91-492d-8bd6-80e065c43e97
2026-06-30 19:07:49.246 10 INFO neutron.wsgi [None req-40fe9521-fa36-4cc4-9ff4-fcf471eca586 e4da08fb1e6b43c69fd0e2c40fe0aa0c 1cd1d8e992c045cd8c50c72ffde78009 - - default default] 10.0.0.184 "PUT /v2.0/floatingips/cca5be63-a97d-49c7-ac52-f9b5f6942300 HTTP/1.1" status: 200 len: 1050 time: 0.9299393
2026-06-30 19:07:49.247 9 INFO neutron.wsgi [req-f5fe71b4-3d87-47ae-a6c6-6638e346a453 req-db9381b5-cd75-4dac-b720-e3abc529069e 6fe2334dfff44aa7851874c692963379 e82ea95e4c314cb28ebbb23ccf9fe087 - - default default] 10.0.0.32 "GET /v2.0/security-groups?id=7cf91b63-32b8-4ff4-8e40-9b2ad1e82eac&fields=id&fields=name HTTP/1.1" status: 200 len: 313 time: 0.0799518
2026-06-30 19:07:49.253 9 INFO neutron.plugins.ml2.drivers.ovn.mech_driver.ovsdb.ovsdb_monitor [None req-8f98eb4f-b5ee-4e32-a22b-b09c6678a771 - - - - - -] Router e594f8f2-6d62-4e4f-8432-e525df5c92bb is bound to host instance
2026-06-30 19:07:49.257 9 INFO neutron.db.ovn_revision_numbers_db [None req-f2367687-ac6a-4d76-8e92-a8d6ece0b8da b129833bdb694860913f07e824c57854 a3cd5a73218e499391d5f3e620430459 - - default default] Successfully bumped revision number for resource aaab3ac3-8194-4282-b1db-452d2719fa02 (type: security_group_rules) to 0
2026-06-30 19:07:49.260 9 INFO neutron.plugins.ml2.plugin [None req-ff501ece-1d4a-407d-93d8-5ebd2ccf866b - - - - - -] Attempt 1 to provision port 6c6f8d7d-9d91-492d-8bd6-80e065c43e97
2026-06-30 19:07:49.294 9 INFO neutron.db.ovn_revision_numbers_db [None req-f2367687-ac6a-4d76-8e92-a8d6ece0b8da b129833bdb694860913f07e824c57854 a3cd5a73218e499391d5f3e620430459 - - default default] Successfully bumped revision number for resource b46e20e6-11c5-4cc6-8fc0-cd64a4f2af89 (type: security_group_rules) to 0
2026-06-30 19:07:49.312 9 INFO neutron.db.ovn_revision_numbers_db [None req-5b54e523-0121-466e-a02b-9e6f98e4a81e b129833bdb694860913f07e824c57854 a3cd5a73218e499391d5f3e620430459 - - default default] Successfully bumped revision number for resource 6c6f8d7d-9d91-492d-8bd6-80e065c43e97 (type: router_ports) to 1
2026-06-30 19:07:49.329 10 INFO neutron.notifiers.nova [-] Nova event matching ['req-42934e8a-e72f-4e02-a6b3-f552aa3a1d69'] response: {'server_uuid': '6438d754-439c-4c0c-9a39-10a4777aa9d3', 'name': 'network-vif-plugged', 'status': 'completed', 'tag': 'd85ce923-e376-4b4c-8ec3-508340c280e7', 'code': 200}
2026-06-30 19:07:49.329 10 INFO neutron.notifiers.nova [-] Nova event matching ['req-42934e8a-e72f-4e02-a6b3-f552aa3a1d69'] response: {'name': 'network-changed', 'server_uuid': '9c4604f2-b027-430b-a4d6-5a75d01c923d', 'tag': '546e6bc2-c07f-4e3e-b900-d9714fd3489a', 'status': 'completed', 'code': 200}
2026-06-30 19:07:49.329 10 INFO neutron.notifiers.nova [-] Nova event matching ['req-42934e8a-e72f-4e02-a6b3-f552aa3a1d69'] response: {'name': 'network-changed', 'server_uuid': '6438d754-439c-4c0c-9a39-10a4777aa9d3', 'tag': 'd85ce923-e376-4b4c-8ec3-508340c280e7', 'status': 'completed', 'code': 200}
2026-06-30 19:07:49.376 9 INFO neutron.wsgi [None req-f2367687-ac6a-4d76-8e92-a8d6ece0b8da b129833bdb694860913f07e824c57854 a3cd5a73218e499391d5f3e620430459 - - default default] 10.0.0.184 "GET /v2.0/security-groups?tenant_id=8933526ccbcf4f5888f7d7e6dc4256de&name=default HTTP/1.1" status: 200 len: 2996 time: 0.8624830 /var/lib/openstack/lib/python3.10/site-packages/pycadf/identifier.py:71: UserWarning: Invalid uuid: neutron. To ensure interoperability, identifiers should be a valid uuid. warnings.warn(('Invalid uuid: %s. To ensure interoperability, '
2026-06-30 19:07:49.463 9 INFO neutron.wsgi [req-f7858d3e-5e36-4e0d-8a76-c6309bb0e941 req-05fc4d9a-c3fd-4865-9544-c585a49199c3 e4da08fb1e6b43c69fd0e2c40fe0aa0c 1cd1d8e992c045cd8c50c72ffde78009 - - default default] 10.0.0.32 "GET /v2.0/ports?device_id=6438d754-439c-4c0c-9a39-10a4777aa9d3 HTTP/1.1" status: 200 len: 1174 time: 0.1446972
2026-06-30 19:07:49.470 9 INFO neutron.wsgi [req-df1fb72c-4245-42dc-9cc7-4f23ed82b8d4 req-d59dc667-98aa-47c3-8752-e1ae6a9d43ce 002d8814c906491586a2fc73e34df638 2e8c30e070594eea800af6805d7d2ae9 - - c8283192793441d78bd44d8b616a71f0 c8283192793441d78bd44d8b616a71f0] 199.204.45.78 "GET /v2.0/ports?tenant_id=e82ea95e4c314cb28ebbb23ccf9fe087&device_id=9c4604f2-b027-430b-a4d6-5a75d01c923d HTTP/1.1" status: 200 len: 1409 time: 0.1086709
2026-06-30 19:07:49.532 9 INFO neutron.db.ovn_revision_numbers_db [None req-5b54e523-0121-466e-a02b-9e6f98e4a81e b129833bdb694860913f07e824c57854 a3cd5a73218e499391d5f3e620430459 - - default default] Successfully bumped revision number for resource e594f8f2-6d62-4e4f-8432-e525df5c92bb (type: routers) to 2
2026-06-30 19:07:49.558 9 INFO neutron.wsgi [req-f7858d3e-5e36-4e0d-8a76-c6309bb0e941 req-052a562a-6f02-407d-a2bd-fe29af148d96 e4da08fb1e6b43c69fd0e2c40fe0aa0c 1cd1d8e992c045cd8c50c72ffde78009 - - default default] 10.0.0.32 "GET /v2.0/security-groups?id=c849096f-9eb6-4dfe-9c6f-a7d6276883d4&fields=id&fields=name HTTP/1.1" status: 200 len: 313 time: 0.0852170
2026-06-30 19:07:49.560 9 INFO neutron.wsgi [None req-5b54e523-0121-466e-a02b-9e6f98e4a81e b129833bdb694860913f07e824c57854 a3cd5a73218e499391d5f3e620430459 - - default default] 10.0.0.184 "POST /v2.0/routers HTTP/1.1" status: 201 len: 876 time: 2.0396276
2026-06-30 19:07:49.589 10 INFO neutron.wsgi [None req-01c62fb3-fdd0-4339-94ee-b15c15c8e21d b129833bdb694860913f07e824c57854 a3cd5a73218e499391d5f3e620430459 - - default default] 10.0.0.184 "DELETE /v2.0/security-groups/d94774ad-c2a0-4f7e-af92-27a387d2843f HTTP/1.1" status: 204 len: 168 time: 0.2061670
2026-06-30 19:07:49.637 9 INFO neutron.wsgi [req-df1fb72c-4245-42dc-9cc7-4f23ed82b8d4 req-c73b66c0-6ff3-47e4-95da-f11369a379fa 002d8814c906491586a2fc73e34df638 2e8c30e070594eea800af6805d7d2ae9 - - c8283192793441d78bd44d8b616a71f0 c8283192793441d78bd44d8b616a71f0] 199.204.45.78 "GET /v2.0/networks?id=5b3ac15d-2e4a-4e76-ace2-37c4eaf163e6 HTTP/1.1" status: 200 len: 981 time: 0.1595745
2026-06-30 19:07:49.736 9 INFO neutron.wsgi [req-df1fb72c-4245-42dc-9cc7-4f23ed82b8d4 req-681854a0-fb69-4f4d-83f5-4268f94d2f63 002d8814c906491586a2fc73e34df638 2e8c30e070594eea800af6805d7d2ae9 - - c8283192793441d78bd44d8b616a71f0 c8283192793441d78bd44d8b616a71f0] 199.204.45.78 "GET /v2.0/floatingips?fixed_ip_address=10.100.0.9&port_id=546e6bc2-c07f-4e3e-b900-d9714fd3489a HTTP/1.1" status: 200 len: 1059 time: 0.0905063
2026-06-30 19:07:49.802 9 INFO neutron.wsgi [req-df1fb72c-4245-42dc-9cc7-4f23ed82b8d4 req-7dd6081d-6a1f-4f5d-b8c5-7ba9114e62ed 002d8814c906491586a2fc73e34df638 2e8c30e070594eea800af6805d7d2ae9 - - c8283192793441d78bd44d8b616a71f0 c8283192793441d78bd44d8b616a71f0] 199.204.45.78 "GET /v2.0/subnets?id=e6586780-e5ff-403e-ae03-565f3c17c97e HTTP/1.1" status: 200 len: 876 time: 0.0522227
2026-06-30 19:07:49.865 9 INFO neutron.wsgi [req-df1fb72c-4245-42dc-9cc7-4f23ed82b8d4 req-eb8952d5-4343-4ac7-bfda-43ee64193afc 002d8814c906491586a2fc73e34df638 2e8c30e070594eea800af6805d7d2ae9 - - c8283192793441d78bd44d8b616a71f0 c8283192793441d78bd44d8b616a71f0] 199.204.45.78 "GET /v2.0/ports?network_id=5b3ac15d-2e4a-4e76-ace2-37c4eaf163e6&device_owner=network%3Adhcp HTTP/1.1" status: 200 len: 210 time: 0.0542245
2026-06-30 19:07:49.896 10 INFO neutron.db.ovn_revision_numbers_db [None req-ab15ccbe-94cc-48b5-ac8b-581bb460791d b129833bdb694860913f07e824c57854 a3cd5a73218e499391d5f3e620430459 - - default default] Successfully bumped revision number for resource 92de2634-85a8-4f7e-a470-03c4a55a85f4 (type: security_groups) to 1
2026-06-30 19:07:49.924 10 INFO neutron.db.ovn_revision_numbers_db [None req-ab15ccbe-94cc-48b5-ac8b-581bb460791d b129833bdb694860913f07e824c57854 a3cd5a73218e499391d5f3e620430459 - - default default] Successfully bumped revision number for resource 4574b532-b149-4f45-9d01-95ebed9141f7 (type: security_group_rules) to 0
2026-06-30 19:07:49.939 10 INFO neutron.db.ovn_revision_numbers_db [None req-ab15ccbe-94cc-48b5-ac8b-581bb460791d b129833bdb694860913f07e824c57854 a3cd5a73218e499391d5f3e620430459 - - default default] Successfully bumped revision number for resource b50fd428-6c0e-49c1-8034-812b662f647a (type: security_group_rules) to 0
2026-06-30 19:07:49.965 10 INFO neutron.db.ovn_revision_numbers_db [None req-ab15ccbe-94cc-48b5-ac8b-581bb460791d b129833bdb694860913f07e824c57854 a3cd5a73218e499391d5f3e620430459 - - default default] Successfully bumped revision number for resource c4402038-ef1a-4e8f-9ec2-9924ce287d01 (type: security_group_rules) to 0
2026-06-30 19:07:49.980 10 INFO neutron.db.ovn_revision_numbers_db [None req-ab15ccbe-94cc-48b5-ac8b-581bb460791d b129833bdb694860913f07e824c57854 a3cd5a73218e499391d5f3e620430459 - - default default] Successfully bumped revision number for resource d86b1a91-dbe9-4bfd-83b6-73b773822bb9 (type: security_group_rules) to 0
2026-06-30 19:07:50.001 10 INFO neutron.wsgi [None req-ab15ccbe-94cc-48b5-ac8b-581bb460791d b129833bdb694860913f07e824c57854 a3cd5a73218e499391d5f3e620430459 - - default default] 10.0.0.184 "GET /v2.0/security-groups?tenant_id=b6a17cf5ba4941349d10ee4a95c9f8c0&name=default HTTP/1.1" status: 200 len: 2996 time: 0.2728558
2026-06-30 19:07:50.015 10 INFO neutron.plugins.ml2.drivers.ovn.mech_driver.mech_driver [None req-9f081d2a-004e-4fe8-bf5c-fc51a6b8af4c - - - - - -] OVN reports status down for port: d85ce923-e376-4b4c-8ec3-508340c280e7
2026-06-30 19:07:50.235 9 INFO neutron.wsgi [req-df1fb72c-4245-42dc-9cc7-4f23ed82b8d4 req-f014b218-790a-4cfb-869d-d97ea110aa2b 002d8814c906491586a2fc73e34df638 2e8c30e070594eea800af6805d7d2ae9 - - c8283192793441d78bd44d8b616a71f0 c8283192793441d78bd44d8b616a71f0] 199.204.45.78 "GET /v2.0/networks/5b3ac15d-2e4a-4e76-ace2-37c4eaf163e6?fields=segments HTTP/1.1" status: 200 len: 212 time: 0.3627853
