2026-06-30 19:09:15.802 10 WARNING neutron_lib.context [None req-3a73b9df-a09b-495a-9ab7-6c803c853e3c d94b8b9cb8434f56996df7f0bfe9f385 cbaf10bc9959404dae57409ef66e1f76 - - default default] Method 'is_advsvc' is deprecated since 2023.2 release (neutron-lib 3.8.0) and will be removed once support for the old RBAC API policies will be removed from Neutron. Please use method 'is_service_role' instead.
2026-06-30 19:09:16.341 9 INFO neutron.wsgi [None req-38a5464b-f64d-45f3-a071-cbc8726fcfcf 6d98a6e805424aac8b486de3aaa3fcf1 abd1b7e87cc84ad0b243d18424363d02 - - default default] 10.0.0.184 "PUT /v2.0/routers/2f0b3836-1a75-4d99-8e77-96a6fa437c94/remove_router_interface HTTP/1.1" status: 200 len: 503 time: 0.9885316 /var/lib/openstack/lib/python3.10/site-packages/pycadf/identifier.py:71: UserWarning: Invalid uuid: neutron. To ensure interoperability, identifiers should be a valid uuid. warnings.warn(('Invalid uuid: %s. To ensure interoperability, '
2026-06-30 19:09:16.384 9 INFO neutron.wsgi [None req-f4d65886-0836-47c4-8e85-4d3b63706720 6d98a6e805424aac8b486de3aaa3fcf1 abd1b7e87cc84ad0b243d18424363d02 - - default default] 10.0.0.184 "GET /v2.0/ports?device_id=2f0b3836-1a75-4d99-8e77-96a6fa437c94 HTTP/1.1" status: 200 len: 205 time: 0.0291533
2026-06-30 19:09:16.452 9 INFO neutron.wsgi [None req-e6f124f5-8d98-49d0-9912-07f5aeb7db5e cef62d1e1ce64a08a4d123162039a1e5 fea3bbbd4e2f4722a3e102a685677273 - - default default] 10.0.0.184 "PUT /v2.0/routers/7e2c7f7b-a1b6-4c68-9afd-3283985759f8/remove_router_interface HTTP/1.1" status: 200 len: 503 time: 1.1419775 /var/lib/openstack/lib/python3.10/site-packages/pycadf/identifier.py:71: UserWarning: Invalid uuid: neutron. To ensure interoperability, identifiers should be a valid uuid. warnings.warn(('Invalid uuid: %s. To ensure interoperability, '
2026-06-30 19:09:16.493 9 INFO neutron.wsgi [None req-92d893f4-62b6-412e-96dc-c3a88efb1340 cef62d1e1ce64a08a4d123162039a1e5 fea3bbbd4e2f4722a3e102a685677273 - - default default] 10.0.0.184 "GET /v2.0/ports?device_id=7e2c7f7b-a1b6-4c68-9afd-3283985759f8 HTTP/1.1" status: 200 len: 205 time: 0.0308654
2026-06-30 19:09:16.530 10 WARNING neutron.scheduler.dhcp_agent_scheduler [None req-3a73b9df-a09b-495a-9ab7-6c803c853e3c d94b8b9cb8434f56996df7f0bfe9f385 cbaf10bc9959404dae57409ef66e1f76 - - default default] No more DHCP agents
2026-06-30 19:09:16.533 10 WARNING neutron.api.rpc.agentnotifiers.dhcp_rpc_agent_api [None req-3a73b9df-a09b-495a-9ab7-6c803c853e3c d94b8b9cb8434f56996df7f0bfe9f385 cbaf10bc9959404dae57409ef66e1f76 - - default default] Unable to schedule network 4bbe7b58-edde-4517-bc73-12452217406b: no agents available; will retry on subsequent port and subnet creation events.
2026-06-30 19:09:16.658 9 INFO neutron.wsgi [None req-5ab5b931-afea-4c68-9dc2-b00a0a6779b8 6d98a6e805424aac8b486de3aaa3fcf1 abd1b7e87cc84ad0b243d18424363d02 - - default default] 10.0.0.184 "DELETE /v2.0/routers/2f0b3836-1a75-4d99-8e77-96a6fa437c94 HTTP/1.1" status: 204 len: 168 time: 0.2685938
2026-06-30 19:09:16.788 10 INFO neutron.wsgi [None req-211929e6-29a6-4f45-bc30-724c86e7be27 cef62d1e1ce64a08a4d123162039a1e5 fea3bbbd4e2f4722a3e102a685677273 - - default default] 10.0.0.184 "DELETE /v2.0/routers/7e2c7f7b-a1b6-4c68-9afd-3283985759f8 HTTP/1.1" status: 204 len: 168 time: 0.2857492
2026-06-30 19:09:16.801 10 INFO neutron.db.ovn_revision_numbers_db [None req-3a73b9df-a09b-495a-9ab7-6c803c853e3c d94b8b9cb8434f56996df7f0bfe9f385 cbaf10bc9959404dae57409ef66e1f76 - - default default] Successfully bumped revision number for resource ab87fa32-0207-497b-befd-ffc2dfba0d9a (type: ports) to 1
2026-06-30 19:09:16.850 9 INFO neutron.wsgi [None req-c75d4e35-9a1f-482b-8b53-b468a06c8dfe 6d98a6e805424aac8b486de3aaa3fcf1 abd1b7e87cc84ad0b243d18424363d02 - - default default] 10.0.0.184 "DELETE /v2.0/subnets/6ecd3f13-d383-41e2-9ca6-5cbc5dac494c HTTP/1.1" status: 204 len: 168 time: 0.1871443
2026-06-30 19:09:17.076 10 INFO neutron.wsgi [None req-11dcb898-cdb7-42af-86bd-7fa81ced4b0a cef62d1e1ce64a08a4d123162039a1e5 fea3bbbd4e2f4722a3e102a685677273 - - default default] 10.0.0.184 "DELETE /v2.0/subnets/0b279b85-1838-4c91-9452-5b3015942612 HTTP/1.1" status: 204 len: 168 time: 0.2818089
2026-06-30 19:09:17.200 9 INFO neutron.services.segments.plugin [-] Segment 0dca8ddd-efe2-425b-9a87-76f613e17817 resource provider aggregate not found
2026-06-30 19:09:17.209 9 INFO neutron.services.segments.plugin [-] Segment 0dca8ddd-efe2-425b-9a87-76f613e17817 resource provider aggregate not found
2026-06-30 19:09:17.224 9 INFO neutron.services.segments.plugin [-] Segment 0dca8ddd-efe2-425b-9a87-76f613e17817 resource provider not found; error: Placement Client Error (4xx): {"errors": [{"status": 404, "title": "Not Found", "detail": "The resource could not be found.\n\n No resource provider with uuid 0dca8ddd-efe2-425b-9a87-76f613e17817 found for delete ", "request_id": "req-c8288798-f652-4731-906c-4b07f9471e2f"}]}
2026-06-30 19:09:17.228 9 INFO neutron.services.segments.plugin [-] Segment 0dca8ddd-efe2-425b-9a87-76f613e17817 resource provider not found; error: Placement Client Error (4xx): {"errors": [{"status": 404, "title": "Not Found", "detail": "The resource could not be found.\n\n No resource provider with uuid 0dca8ddd-efe2-425b-9a87-76f613e17817 found for delete ", "request_id": "req-c2c7ed43-be88-4f31-85d5-55cdbe6839fd"}]}
2026-06-30 19:09:17.243 9 INFO neutron.wsgi [None req-49ae8307-ce04-438c-9ddd-cb4fbf3fcd13 6d98a6e805424aac8b486de3aaa3fcf1 abd1b7e87cc84ad0b243d18424363d02 - - default default] 10.0.0.184 "DELETE /v2.0/networks/3fb9a7f4-0c6e-4b59-b61a-01e7c0ee32d7 HTTP/1.1" status: 204 len: 168 time: 0.3868299
2026-06-30 19:09:17.257 9 WARNING neutron_lib.context [None req-91234d87-dd9f-426c-ba61-ff5f5de4cfd1 6d98a6e805424aac8b486de3aaa3fcf1 abd1b7e87cc84ad0b243d18424363d02 - - default default] Method 'is_advsvc' is deprecated since 2023.2 release (neutron-lib 3.8.0) and will be removed once support for the old RBAC API policies will be removed from Neutron. Please use method 'is_service_role' instead.
2026-06-30 19:09:17.335 10 INFO neutron.wsgi [None req-551b2d0c-2871-4028-b512-f6ab6c194b65 cef62d1e1ce64a08a4d123162039a1e5 fea3bbbd4e2f4722a3e102a685677273 - - default default] 10.0.0.184 "DELETE /v2.0/subnets/8dc9bcd6-f2bb-4a33-930e-f30fbb1fb644 HTTP/1.1" status: 204 len: 168 time: 0.2543182
2026-06-30 19:09:17.513 9 INFO neutron.plugins.ml2.drivers.ovn.mech_driver.ovsdb.ovsdb_monitor [None req-8f98eb4f-b5ee-4e32-a22b-b09c6678a771 - - - - - -] Router 3ca91466-5351-4015-90b8-05247f513b61 is bound to host instance
2026-06-30 19:09:17.549 10 INFO neutron.db.ovn_revision_numbers_db [None req-3a73b9df-a09b-495a-9ab7-6c803c853e3c d94b8b9cb8434f56996df7f0bfe9f385 cbaf10bc9959404dae57409ef66e1f76 - - default default] Successfully bumped revision number for resource ab87fa32-0207-497b-befd-ffc2dfba0d9a (type: router_ports) to 1
2026-06-30 19:09:17.626 10 INFO neutron.db.ovn_revision_numbers_db [None req-3a73b9df-a09b-495a-9ab7-6c803c853e3c d94b8b9cb8434f56996df7f0bfe9f385 cbaf10bc9959404dae57409ef66e1f76 - - default default] Successfully bumped revision number for resource 3ca91466-5351-4015-90b8-05247f513b61 (type: routers) to 2
2026-06-30 19:09:17.649 10 INFO neutron.wsgi [None req-3a73b9df-a09b-495a-9ab7-6c803c853e3c d94b8b9cb8434f56996df7f0bfe9f385 cbaf10bc9959404dae57409ef66e1f76 - - default default] 10.0.0.184 "POST /v2.0/routers HTTP/1.1" status: 201 len: 874 time: 1.8530965
2026-06-30 19:09:17.729 10 INFO neutron.services.segments.plugin [-] Segment 98b35ed5-c02a-415f-a365-bc63148f0f26 resource provider aggregate not found
2026-06-30 19:09:17.738 10 INFO neutron.services.segments.plugin [-] Segment 98b35ed5-c02a-415f-a365-bc63148f0f26 resource provider aggregate not found
2026-06-30 19:09:17.748 10 INFO neutron.services.segments.plugin [-] Segment 98b35ed5-c02a-415f-a365-bc63148f0f26 resource provider not found; error: Placement Client Error (4xx): {"errors": [{"status": 404, "title": "Not Found", "detail": "The resource could not be found.\n\n No resource provider with uuid 98b35ed5-c02a-415f-a365-bc63148f0f26 found for delete ", "request_id": "req-5f5e6ac3-f147-4202-a70a-0c1c5c0fd621"}]}
2026-06-30 19:09:17.750 10 INFO neutron.wsgi [None req-e95cb73f-e6e5-494d-bea8-f1a6f2f09da6 a5527f2da6c74347b2e18067098eb45a c54bf85ebb4e46e5a07ce0245abd6049 - - default default] 10.0.0.184 "GET /v2.0/subnets?project_id=cbaf10bc9959404dae57409ef66e1f76&cidr=10.100.0.0%2F28 HTTP/1.1" status: 200 len: 207 time: 0.0936632
2026-06-30 19:09:17.766 10 INFO neutron.services.segments.plugin [-] Segment 98b35ed5-c02a-415f-a365-bc63148f0f26 resource provider not found; error: Placement Client Error (4xx): {"errors": [{"status": 404, "title": "Not Found", "detail": "The resource could not be found.\n\n No resource provider with uuid 98b35ed5-c02a-415f-a365-bc63148f0f26 found for delete ", "request_id": "req-be2ca8c5-01cd-4829-9fc2-676fce6c58d0"}]}
2026-06-30 19:09:18.027 10 INFO neutron.wsgi [None req-3b5fbd51-4e55-4223-9682-b1b7401de69e cef62d1e1ce64a08a4d123162039a1e5 fea3bbbd4e2f4722a3e102a685677273 - - default default] 10.0.0.184 "DELETE /v2.0/networks/e086be19-c988-4c4a-80f0-604ae7a33508 HTTP/1.1" status: 204 len: 168 time: 0.6843474
2026-06-30 19:09:18.078 10 INFO neutron.wsgi [None req-3d358950-299b-4168-a281-ddfba66e2128 a5527f2da6c74347b2e18067098eb45a c54bf85ebb4e46e5a07ce0245abd6049 - - default default] 10.0.0.184 "GET /v2.0/networks?router%3Aexternal=True HTTP/1.1" status: 200 len: 947 time: 0.3243258
2026-06-30 19:09:18.105 10 INFO neutron.wsgi [None req-38b62ebe-7006-499c-aa33-5298369c9e8a a5527f2da6c74347b2e18067098eb45a c54bf85ebb4e46e5a07ce0245abd6049 - - default default] 10.0.0.184 "GET /v2.0/subnets?network_id=4bbe7b58-edde-4517-bc73-12452217406b&cidr=10.100.0.0%2F28 HTTP/1.1" status: 200 len: 207 time: 0.0202212
2026-06-30 19:09:18.106 9 WARNING neutron.scheduler.dhcp_agent_scheduler [None req-91234d87-dd9f-426c-ba61-ff5f5de4cfd1 6d98a6e805424aac8b486de3aaa3fcf1 abd1b7e87cc84ad0b243d18424363d02 - - default default] No more DHCP agents
2026-06-30 19:09:18.110 9 WARNING neutron.api.rpc.agentnotifiers.dhcp_rpc_agent_api [None req-91234d87-dd9f-426c-ba61-ff5f5de4cfd1 6d98a6e805424aac8b486de3aaa3fcf1 abd1b7e87cc84ad0b243d18424363d02 - - default default] Unable to schedule network 4bbe7b58-edde-4517-bc73-12452217406b: no agents available; will retry on subsequent port and subnet creation events.
2026-06-30 19:09:18.113 10 WARNING neutron_lib.context [None req-10280600-a034-4644-a587-e34c7778c6fd d94b8b9cb8434f56996df7f0bfe9f385 cbaf10bc9959404dae57409ef66e1f76 - - default default] Method 'is_advsvc' is deprecated since 2023.2 release (neutron-lib 3.8.0) and will be removed once support for the old RBAC API policies will be removed from Neutron. Please use method 'is_service_role' instead.
2026-06-30 19:09:18.347 9 INFO neutron.db.ovn_revision_numbers_db [None req-91234d87-dd9f-426c-ba61-ff5f5de4cfd1 6d98a6e805424aac8b486de3aaa3fcf1 abd1b7e87cc84ad0b243d18424363d02 - - default default] Successfully bumped revision number for resource 73d762c2-5ed0-4139-aece-adbd668a4117 (type: ports) to 1
2026-06-30 19:09:18.400 10 WARNING neutron.scheduler.dhcp_agent_scheduler [None req-10280600-a034-4644-a587-e34c7778c6fd d94b8b9cb8434f56996df7f0bfe9f385 cbaf10bc9959404dae57409ef66e1f76 - - default default] No more DHCP agents
2026-06-30 19:09:18.406 10 WARNING neutron.api.rpc.agentnotifiers.dhcp_rpc_agent_api [None req-10280600-a034-4644-a587-e34c7778c6fd d94b8b9cb8434f56996df7f0bfe9f385 cbaf10bc9959404dae57409ef66e1f76 - - default default] Unable to schedule network 4fca4801-2f30-426a-9782-c4ee3eda3a94: no agents available; will retry on subsequent port and subnet creation events.
2026-06-30 19:09:18.537 10 INFO neutron.wsgi [None req-c3aa8b95-dc4b-45b6-a3cc-39dd77995c4b cef62d1e1ce64a08a4d123162039a1e5 fea3bbbd4e2f4722a3e102a685677273 - - default default] 10.0.0.184 "DELETE /v2.0/networks/bd92f75e-c06b-4771-916d-e47d14359ebf HTTP/1.1" status: 204 len: 168 time: 0.4995060
2026-06-30 19:09:18.541 9 INFO neutron.wsgi [req-daa6726d-1636-4f39-9e43-6762af187235 req-5b16866f-95bf-4522-b448-79db268f7ccb 132884841037490ba1a373ec6cdd9a52 e2686eb07e3f4cbfb5ca1437750a46b2 - - default default] 10.0.0.32 "GET /v2.0/ports?device_id=c79f8856-ff23-40a3-99cf-c970739db56d HTTP/1.1" status: 200 len: 1174 time: 0.1840177
2026-06-30 19:09:18.553 10 WARNING neutron_lib.context [None req-2c6ff82e-2795-4015-99ed-253bb402e3b6 cef62d1e1ce64a08a4d123162039a1e5 fea3bbbd4e2f4722a3e102a685677273 - - default default] Method 'is_advsvc' is deprecated since 2023.2 release (neutron-lib 3.8.0) and will be removed once support for the old RBAC API policies will be removed from Neutron. Please use method 'is_service_role' instead.
2026-06-30 19:09:18.562 9 INFO neutron.db.ovn_revision_numbers_db [None req-8f98eb4f-b5ee-4e32-a22b-b09c6678a771 - - - - - -] Successfully bumped revision number for resource ab87fa32-0207-497b-befd-ffc2dfba0d9a (type: ports) to 1
2026-06-30 19:09:18.627 9 INFO neutron.wsgi [req-daa6726d-1636-4f39-9e43-6762af187235 req-0ef9938a-850c-401e-a663-012bb79e6bf4 132884841037490ba1a373ec6cdd9a52 e2686eb07e3f4cbfb5ca1437750a46b2 - - default default] 10.0.0.32 "GET /v2.0/security-groups?id=616f4358-45e2-4c76-8553-c4defbf51538&fields=id&fields=name HTTP/1.1" status: 200 len: 312 time: 0.0779550
2026-06-30 19:09:18.639 10 INFO neutron.db.segments_db [None req-2c6ff82e-2795-4015-99ed-253bb402e3b6 cef62d1e1ce64a08a4d123162039a1e5 fea3bbbd4e2f4722a3e102a685677273 - - default default] Added segment 15f3f56a-c22a-4977-8e0e-d15c33c77982 of type geneve for network 98b98887-0ba3-42ae-8d54-d12248d84721
2026-06-30 19:09:18.786 9 INFO neutron.wsgi [req-2441e39c-7607-4f26-a055-cd7a74e4b5a6 req-48e11717-6620-4e05-ba23-a382f2950da2 132884841037490ba1a373ec6cdd9a52 e2686eb07e3f4cbfb5ca1437750a46b2 - - default default] 10.0.0.32 "GET /v2.0/ports?device_id=c79f8856-ff23-40a3-99cf-c970739db56d HTTP/1.1" status: 200 len: 1174 time: 0.1014247
2026-06-30 19:09:18.813 10 INFO neutron.db.ovn_revision_numbers_db [None req-2c6ff82e-2795-4015-99ed-253bb402e3b6 cef62d1e1ce64a08a4d123162039a1e5 fea3bbbd4e2f4722a3e102a685677273 - - default default] Successfully bumped revision number for resource 98b98887-0ba3-42ae-8d54-d12248d84721 (type: networks) to 1
2026-06-30 19:09:18.866 9 INFO neutron.wsgi [req-2441e39c-7607-4f26-a055-cd7a74e4b5a6 req-998f820e-95db-4b0d-98cd-351bca04e3ef 132884841037490ba1a373ec6cdd9a52 e2686eb07e3f4cbfb5ca1437750a46b2 - - default default] 10.0.0.32 "GET /v2.0/security-groups?id=616f4358-45e2-4c76-8553-c4defbf51538&fields=id&fields=name HTTP/1.1" status: 200 len: 312 time: 0.0619850
2026-06-30 19:09:19.015 10 WARNING neutron.scheduler.dhcp_agent_scheduler [None req-2c6ff82e-2795-4015-99ed-253bb402e3b6 cef62d1e1ce64a08a4d123162039a1e5 fea3bbbd4e2f4722a3e102a685677273 - - default default] No more DHCP agents
2026-06-30 19:09:19.021 10 WARNING neutron.api.rpc.agentnotifiers.dhcp_rpc_agent_api [None req-2c6ff82e-2795-4015-99ed-253bb402e3b6 cef62d1e1ce64a08a4d123162039a1e5 fea3bbbd4e2f4722a3e102a685677273 - - default default] Unable to schedule network 98b98887-0ba3-42ae-8d54-d12248d84721: no agents available; will retry on subsequent port and subnet creation events.
2026-06-30 19:09:19.024 10 INFO neutron.db.ovn_revision_numbers_db [None req-10280600-a034-4644-a587-e34c7778c6fd d94b8b9cb8434f56996df7f0bfe9f385 cbaf10bc9959404dae57409ef66e1f76 - - default default] Successfully bumped revision number for resource 4da028a1-81a7-41fc-b87f-0762344b2840 (type: ports) to 2
2026-06-30 19:09:19.087 10 INFO neutron.db.ovn_revision_numbers_db [None req-10280600-a034-4644-a587-e34c7778c6fd d94b8b9cb8434f56996df7f0bfe9f385 cbaf10bc9959404dae57409ef66e1f76 - - default default] Successfully bumped revision number for resource 9635e555-bd37-4866-bb02-2d31dfc92627 (type: subnets) to 0
2026-06-30 19:09:19.101 10 INFO neutron.wsgi [None req-10280600-a034-4644-a587-e34c7778c6fd d94b8b9cb8434f56996df7f0bfe9f385 cbaf10bc9959404dae57409ef66e1f76 - - default default] 10.0.0.184 "POST /v2.0/subnets HTTP/1.1" status: 201 len: 831 time: 0.9920511
2026-06-30 19:09:19.124 9 INFO neutron.db.ovn_revision_numbers_db [None req-8f98eb4f-b5ee-4e32-a22b-b09c6678a771 - - - - - -] Successfully bumped revision number for resource ab87fa32-0207-497b-befd-ffc2dfba0d9a (type: router_ports) to 3
2026-06-30 19:09:19.129 10 INFO neutron.db.ovn_revision_numbers_db [None req-2c6ff82e-2795-4015-99ed-253bb402e3b6 cef62d1e1ce64a08a4d123162039a1e5 fea3bbbd4e2f4722a3e102a685677273 - - default default] Successfully bumped revision number for resource fc2a3d02-e558-4704-a884-a6e5978ff173 (type: ports) to 1
2026-06-30 19:09:19.160 10 INFO neutron.wsgi [None req-2c6ff82e-2795-4015-99ed-253bb402e3b6 cef62d1e1ce64a08a4d123162039a1e5 fea3bbbd4e2f4722a3e102a685677273 - - default default] 10.0.0.184 "POST /v2.0/networks HTTP/1.1" status: 201 len: 828 time: 0.6116827
2026-06-30 19:09:19.171 10 WARNING neutron_lib.context [None req-53165107-9a94-4850-a7f9-e1ad88ea9979 cef62d1e1ce64a08a4d123162039a1e5 fea3bbbd4e2f4722a3e102a685677273 - - default default] Method 'is_advsvc' is deprecated since 2023.2 release (neutron-lib 3.8.0) and will be removed once support for the old RBAC API policies will be removed from Neutron. Please use method 'is_service_role' instead.
2026-06-30 19:09:19.298 9 INFO neutron.wsgi [req-dfce63fa-7a5c-4dab-ae0c-7af937799e6c req-de9a0db9-ba15-4761-84fb-18a0e133f1ae 132884841037490ba1a373ec6cdd9a52 e2686eb07e3f4cbfb5ca1437750a46b2 - - default default] 10.0.0.32 "GET /v2.0/ports?device_id=c79f8856-ff23-40a3-99cf-c970739db56d HTTP/1.1" status: 200 len: 1174 time: 0.0731406
2026-06-30 19:09:19.348 9 INFO neutron.wsgi [req-e3b491fc-9929-4295-a7c6-e50a8e222d95 req-475f7196-db38-4361-91f5-abb3de10131f 002d8814c906491586a2fc73e34df638 2e8c30e070594eea800af6805d7d2ae9 - - c8283192793441d78bd44d8b616a71f0 c8283192793441d78bd44d8b616a71f0] 199.204.45.78 "GET /v2.0/ports?tenant_id=e2686eb07e3f4cbfb5ca1437750a46b2&device_id=c79f8856-ff23-40a3-99cf-c970739db56d HTTP/1.1" status: 200 len: 1413 time: 0.0796015
2026-06-30 19:09:19.413 9 INFO neutron.wsgi [req-dfce63fa-7a5c-4dab-ae0c-7af937799e6c req-d7842ab4-377c-4c0f-8395-20c0188fef91 132884841037490ba1a373ec6cdd9a52 e2686eb07e3f4cbfb5ca1437750a46b2 - - default default] 10.0.0.32 "GET /v2.0/security-groups?id=616f4358-45e2-4c76-8553-c4defbf51538&fields=id&fields=name HTTP/1.1" status: 200 len: 312 time: 0.0920317
2026-06-30 19:09:19.414 9 INFO neutron.db.ovn_revision_numbers_db [None req-8f98eb4f-b5ee-4e32-a22b-b09c6678a771 - - - - - -] Successfully bumped revision number for resource ab87fa32-0207-497b-befd-ffc2dfba0d9a (type: ports) to 2
2026-06-30 19:09:19.454 10 WARNING neutron.scheduler.dhcp_agent_scheduler [None req-53165107-9a94-4850-a7f9-e1ad88ea9979 cef62d1e1ce64a08a4d123162039a1e5 fea3bbbd4e2f4722a3e102a685677273 - - default default] No more DHCP agents
2026-06-30 19:09:19.456 9 INFO neutron.wsgi [req-e3b491fc-9929-4295-a7c6-e50a8e222d95 req-65dbd76c-a73a-4cdf-89dc-a2637b60ccce 002d8814c906491586a2fc73e34df638 2e8c30e070594eea800af6805d7d2ae9 - - c8283192793441d78bd44d8b616a71f0 c8283192793441d78bd44d8b616a71f0] 199.204.45.78 "GET /v2.0/networks?id=4465e617-657d-4943-9c17-eadf65d41de8 HTTP/1.1" status: 200 len: 974 time: 0.0941439
2026-06-30 19:09:19.458 10 WARNING neutron.api.rpc.agentnotifiers.dhcp_rpc_agent_api [None req-53165107-9a94-4850-a7f9-e1ad88ea9979 cef62d1e1ce64a08a4d123162039a1e5 fea3bbbd4e2f4722a3e102a685677273 - - default default] Unable to schedule network 98b98887-0ba3-42ae-8d54-d12248d84721: no agents available; will retry on subsequent port and subnet creation events.
2026-06-30 19:09:19.529 9 INFO neutron.wsgi [req-e3b491fc-9929-4295-a7c6-e50a8e222d95 req-f4d8f13b-cf79-4729-b159-29fcf643836d 002d8814c906491586a2fc73e34df638 2e8c30e070594eea800af6805d7d2ae9 - - c8283192793441d78bd44d8b616a71f0 c8283192793441d78bd44d8b616a71f0] 199.204.45.78 "GET /v2.0/floatingips?fixed_ip_address=10.100.0.13&port_id=accf8646-0cf4-411a-99ad-93f5e2843f35 HTTP/1.1" status: 200 len: 1060 time: 0.0662432
2026-06-30 19:09:19.587 9 INFO neutron.db.ovn_revision_numbers_db [None req-91234d87-dd9f-426c-ba61-ff5f5de4cfd1 6d98a6e805424aac8b486de3aaa3fcf1 abd1b7e87cc84ad0b243d18424363d02 - - default default] Successfully bumped revision number for resource 73d762c2-5ed0-4139-aece-adbd668a4117 (type: router_ports) to 1
2026-06-30 19:09:19.592 9 INFO neutron.wsgi [req-e3b491fc-9929-4295-a7c6-e50a8e222d95 req-e4754b99-3f7c-4444-8ca7-97732752feec 002d8814c906491586a2fc73e34df638 2e8c30e070594eea800af6805d7d2ae9 - - c8283192793441d78bd44d8b616a71f0 c8283192793441d78bd44d8b616a71f0] 199.204.45.78 "GET /v2.0/subnets?id=4074b265-f6ad-44c6-bd75-28780dcdc705 HTTP/1.1" status: 200 len: 869 time: 0.0518389
2026-06-30 19:09:19.641 9 INFO neutron.wsgi [req-e3b491fc-9929-4295-a7c6-e50a8e222d95 req-d090e6c3-6d01-424c-bd90-63bb8f0c3830 002d8814c906491586a2fc73e34df638 2e8c30e070594eea800af6805d7d2ae9 - - c8283192793441d78bd44d8b616a71f0 c8283192793441d78bd44d8b616a71f0] 199.204.45.78 "GET /v2.0/ports?network_id=4465e617-657d-4943-9c17-eadf65d41de8&device_owner=network%3Adhcp HTTP/1.1" status: 200 len: 210 time: 0.0324376
2026-06-30 19:09:19.724 9 INFO neutron.db.ovn_revision_numbers_db [None req-91234d87-dd9f-426c-ba61-ff5f5de4cfd1 6d98a6e805424aac8b486de3aaa3fcf1 abd1b7e87cc84ad0b243d18424363d02 - - default default] Successfully bumped revision number for resource 8cfa361f-b6e1-4a4c-b291-20001250d728 (type: routers) to 2
2026-06-30 19:09:19.744 9 INFO neutron.wsgi [req-e3b491fc-9929-4295-a7c6-e50a8e222d95 req-8c6ed9d8-9ffc-4e61-899e-613221322539 002d8814c906491586a2fc73e34df638 2e8c30e070594eea800af6805d7d2ae9 - - c8283192793441d78bd44d8b616a71f0 c8283192793441d78bd44d8b616a71f0] 199.204.45.78 "GET /v2.0/networks/4465e617-657d-4943-9c17-eadf65d41de8?fields=segments HTTP/1.1" status: 200 len: 212 time: 0.0915761
2026-06-30 19:09:19.748 9 INFO neutron.wsgi [None req-91234d87-dd9f-426c-ba61-ff5f5de4cfd1 6d98a6e805424aac8b486de3aaa3fcf1 abd1b7e87cc84ad0b243d18424363d02 - - default default] 10.0.0.184 "POST /v2.0/routers HTTP/1.1" status: 201 len: 870 time: 2.4984300
2026-06-30 19:09:19.766 10 INFO neutron.services.segments.plugin [-] Segment 835abfb9-171c-457a-8238-0a4179c6e3f2 resource provider aggregate not found
2026-06-30 19:09:19.768 9 WARNING neutron.plugins.ml2.drivers.ovn.mech_driver.ovsdb.ovn_client [None req-ff501ece-1d4a-407d-93d8-5ebd2ccf866b - - - - - -] No port found with ID 430be3a0-1fc9-4640-89cc-5bf5cdb27886: RuntimeError: No port found with ID 430be3a0-1fc9-4640-89cc-5bf5cdb27886
2026-06-30 19:09:19.768 9 INFO neutron.plugins.ml2.drivers.ovn.mech_driver.mech_driver [None req-ff501ece-1d4a-407d-93d8-5ebd2ccf866b - - - - - -] OVN reports status up for port: ab87fa32-0207-497b-befd-ffc2dfba0d9a
2026-06-30 19:09:19.812 10 INFO neutron.services.segments.plugin [-] Segment 835abfb9-171c-457a-8238-0a4179c6e3f2 resource provider aggregate not found
2026-06-30 19:09:19.821 10 INFO neutron.services.segments.plugin [-] Segment 835abfb9-171c-457a-8238-0a4179c6e3f2 resource provider not found; error: Placement Client Error (4xx): {"errors": [{"status": 404, "title": "Not Found", "detail": "The resource could not be found.\n\n No resource provider with uuid 835abfb9-171c-457a-8238-0a4179c6e3f2 found for delete ", "request_id": "req-f52a8eea-89c2-49dd-9176-c676efaa2779"}]}
2026-06-30 19:09:19.825 10 WARNING neutron.scheduler.dhcp_agent_scheduler [None req-5701e5c4-5b19-4e24-b216-a595dd230231 d94b8b9cb8434f56996df7f0bfe9f385 cbaf10bc9959404dae57409ef66e1f76 - - default default] No more DHCP agents
2026-06-30 19:09:19.829 10 WARNING neutron.api.rpc.agentnotifiers.dhcp_rpc_agent_api [None req-5701e5c4-5b19-4e24-b216-a595dd230231 d94b8b9cb8434f56996df7f0bfe9f385 cbaf10bc9959404dae57409ef66e1f76 - - default default] Unable to schedule network 4fca4801-2f30-426a-9782-c4ee3eda3a94: no agents available; will retry on subsequent port and subnet creation events.
2026-06-30 19:09:19.833 9 INFO neutron.plugins.ml2.plugin [None req-ff501ece-1d4a-407d-93d8-5ebd2ccf866b - - - - - -] Attempt 1 to provision port ab87fa32-0207-497b-befd-ffc2dfba0d9a
2026-06-30 19:09:19.841 9 INFO neutron.db.ovn_revision_numbers_db [None req-8f98eb4f-b5ee-4e32-a22b-b09c6678a771 - - - - - -] Successfully bumped revision number for resource ab87fa32-0207-497b-befd-ffc2dfba0d9a (type: ports) to 4
2026-06-30 19:09:19.853 10 INFO neutron.services.segments.plugin [-] Segment 835abfb9-171c-457a-8238-0a4179c6e3f2 resource provider not found; error: Placement Client Error (4xx): {"errors": [{"status": 404, "title": "Not Found", "detail": "The resource could not be found.\n\n No resource provider with uuid 835abfb9-171c-457a-8238-0a4179c6e3f2 found for delete ", "request_id": "req-869d86a1-f5a3-4732-a1af-14e3172b6f26"}]}
2026-06-30 19:09:19.858 9 INFO neutron.wsgi [req-e3b491fc-9929-4295-a7c6-e50a8e222d95 req-f0717605-579d-41ee-adfe-947564ec09cd 002d8814c906491586a2fc73e34df638 2e8c30e070594eea800af6805d7d2ae9 - - c8283192793441d78bd44d8b616a71f0 c8283192793441d78bd44d8b616a71f0] 199.204.45.78 "GET /v2.0/networks/4465e617-657d-4943-9c17-eadf65d41de8?fields=provider%3Aphysical_network&fields=provider%3Anetwork_type HTTP/1.1" status: 200 len: 277 time: 0.1049836
2026-06-30 19:09:19.928 10 INFO neutron.wsgi [None req-be5a5ba5-6831-447b-85b4-8f2460c77b00 b129833bdb694860913f07e824c57854 a3cd5a73218e499391d5f3e620430459 - - default default] 10.0.0.220 "GET /v2.0/networks HTTP/1.1" status: 200 len: 4599 time: 0.2450466
2026-06-30 19:09:19.937 10 INFO neutron.wsgi [None req-434ad102-b140-4c9c-ada3-bb27ff910209 6d98a6e805424aac8b486de3aaa3fcf1 abd1b7e87cc84ad0b243d18424363d02 - - default default] 10.0.0.184 "GET /v2.0/routers/8cfa361f-b6e1-4a4c-b291-20001250d728 HTTP/1.1" status: 200 len: 871 time: 0.1746123
2026-06-30 19:09:20.302 9 INFO neutron.plugins.ml2.drivers.ovn.mech_driver.mech_driver [None req-ff501ece-1d4a-407d-93d8-5ebd2ccf866b - - - - - -] OVN reports status down for port: accf8646-0cf4-411a-99ad-93f5e2843f35
2026-06-30 19:09:20.310 9 INFO neutron.wsgi [None req-e906108a-5236-4375-ad18-d815a2123f59 6d98a6e805424aac8b486de3aaa3fcf1 abd1b7e87cc84ad0b243d18424363d02 - - default default] 10.0.0.184 "GET /v2.0/routers HTTP/1.1" status: 200 len: 874 time: 0.3600531
2026-06-30 19:09:20.328 9 INFO neutron.db.ovn_revision_numbers_db [None req-8f98eb4f-b5ee-4e32-a22b-b09c6678a771 - - - - - -] Successfully bumped revision number for resource ab87fa32-0207-497b-befd-ffc2dfba0d9a (type: router_ports) to 4
2026-06-30 19:09:20.361 10 INFO neutron.wsgi [None req-c8958628-128b-49b3-b793-7440ed59609e b129833bdb694860913f07e824c57854 a3cd5a73218e499391d5f3e620430459 - - default default] 10.0.0.220 "GET /v2.0/security-groups HTTP/1.1" status: 200 len: 30664 time: 0.4227161
2026-06-30 19:09:20.499 10 INFO neutron.wsgi [None req-db59df52-358a-4887-8b8b-b13f9ef431f0 b129833bdb694860913f07e824c57854 a3cd5a73218e499391d5f3e620430459 - - default default] 10.0.0.220 "GET /v2.0/routers HTTP/1.1" status: 200 len: 2201 time: 0.1231301
2026-06-30 19:09:20.500 10 INFO neutron.db.ovn_revision_numbers_db [None req-5701e5c4-5b19-4e24-b216-a595dd230231 d94b8b9cb8434f56996df7f0bfe9f385 cbaf10bc9959404dae57409ef66e1f76 - - default default] Successfully bumped revision number for resource 7a2d510a-3f82-4927-816a-ddb1980696a3 (type: ports) to 1
2026-06-30 19:09:20.566 9 INFO neutron.wsgi [req-2bf3bd95-f16e-4ff2-af69-19d123437cf5 req-6da37e4e-d70b-49eb-bb0f-600de3c99462 132884841037490ba1a373ec6cdd9a52 e2686eb07e3f4cbfb5ca1437750a46b2 - - default default] 10.0.0.32 "GET /v2.0/ports?device_id=c79f8856-ff23-40a3-99cf-c970739db56d HTTP/1.1" status: 200 len: 1174 time: 0.0758042
2026-06-30 19:09:20.570 9 INFO neutron.notifiers.nova [-] Nova event matching ['req-bbb8f6a8-438e-45e7-92b7-8e524345d943'] response: {'server_uuid': 'c79f8856-ff23-40a3-99cf-c970739db56d', 'name': 'network-vif-unplugged', 'status': 'completed', 'tag': 'accf8646-0cf4-411a-99ad-93f5e2843f35', 'code': 200}
2026-06-30 19:09:20.577 10 INFO neutron.wsgi [None req-169027c0-c362-4ccb-9292-ab5d2c17e7ad b129833bdb694860913f07e824c57854 a3cd5a73218e499391d5f3e620430459 - - default default] 10.0.0.220 "GET /v2.0/agents?binary=ovn-controller HTTP/1.1" status: 200 len: 591 time: 0.0749891
2026-06-30 19:09:20.599 10 INFO neutron.wsgi [None req-c63c88c4-a8e1-43ed-8428-658ece29a525 b129833bdb694860913f07e824c57854 a3cd5a73218e499391d5f3e620430459 - - default default] 10.0.0.220 "GET /v2.0/agents HTTP/1.1" status: 200 len: 997 time: 0.0197031
2026-06-30 19:09:20.691 10 INFO neutron.wsgi [None req-8c463195-2fc3-44c0-afbd-6ecfbfa5bb00 b129833bdb694860913f07e824c57854 a3cd5a73218e499391d5f3e620430459 - - default default] 10.0.0.220 "GET /v2.0/floatingips HTTP/1.1" status: 200 len: 1034 time: 0.0795791
2026-06-30 19:09:20.724 10 WARNING neutron.plugins.ml2.drivers.ovn.mech_driver.ovsdb.ovn_client [None req-9f081d2a-004e-4fe8-bf5c-fc51a6b8af4c - - - - - -] No port found with ID b1c1c17c-7e00-4471-b5af-3cf93b1a442c: RuntimeError: No port found with ID b1c1c17c-7e00-4471-b5af-3cf93b1a442c
2026-06-30 19:09:20.724 10 INFO neutron.plugins.ml2.drivers.ovn.mech_driver.mech_driver [None req-9f081d2a-004e-4fe8-bf5c-fc51a6b8af4c - - - - - -] OVN reports status up for port: 73d762c2-5ed0-4139-aece-adbd668a4117
2026-06-30 19:09:20.736 9 INFO neutron.wsgi [req-2bf3bd95-f16e-4ff2-af69-19d123437cf5 req-fe700c2e-46f3-42e1-8d1c-c66038d684ec 132884841037490ba1a373ec6cdd9a52 e2686eb07e3f4cbfb5ca1437750a46b2 - - default default] 10.0.0.32 "GET /v2.0/security-groups?id=616f4358-45e2-4c76-8553-c4defbf51538&fields=id&fields=name HTTP/1.1" status: 200 len: 312 time: 0.1592135
2026-06-30 19:09:20.756 10 INFO neutron.db.ovn_revision_numbers_db [None req-53165107-9a94-4850-a7f9-e1ad88ea9979 cef62d1e1ce64a08a4d123162039a1e5 fea3bbbd4e2f4722a3e102a685677273 - - default default] Successfully bumped revision number for resource fc2a3d02-e558-4704-a884-a6e5978ff173 (type: ports) to 2
2026-06-30 19:09:20.796 10 INFO neutron.wsgi [None req-1be8a78f-39b5-4a1c-8bbe-4c25cc0bd85a b129833bdb694860913f07e824c57854 a3cd5a73218e499391d5f3e620430459 - - default default] 10.0.0.220 "GET /v2.0/ports HTTP/1.1" status: 200 len: 16044 time: 0.1034505
2026-06-30 19:09:20.796 10 INFO neutron.plugins.ml2.plugin [None req-9f081d2a-004e-4fe8-bf5c-fc51a6b8af4c - - - - - -] Attempt 1 to provision port 73d762c2-5ed0-4139-aece-adbd668a4117
2026-06-30 19:09:20.866 10 INFO neutron.wsgi [None req-01d1badf-91db-44cf-b2c1-877e9afd7be9 b129833bdb694860913f07e824c57854 a3cd5a73218e499391d5f3e620430459 - - default default] 10.0.0.220 "GET /v2.0/subnets HTTP/1.1" status: 200 len: 3344 time: 0.0642970
2026-06-30 19:09:20.892 10 INFO neutron.wsgi [None req-68fee666-3cda-4e7d-9475-137f03673a82 b129833bdb694860913f07e824c57854 a3cd5a73218e499391d5f3e620430459 - - default default] 10.0.0.220 "GET /v2.0/subnetpools HTTP/1.1" status: 200 len: 193 time: 0.0235007
2026-06-30 19:09:20.897 10 INFO neutron.db.ovn_revision_numbers_db [None req-53165107-9a94-4850-a7f9-e1ad88ea9979 cef62d1e1ce64a08a4d123162039a1e5 fea3bbbd4e2f4722a3e102a685677273 - - default default] Successfully bumped revision number for resource 78729469-0868-4b83-ba71-45363cbd5e87 (type: subnets) to 0
2026-06-30 19:09:20.921 10 INFO neutron.wsgi [None req-85feda1c-7830-4b2f-85a2-59d6370c790d b129833bdb694860913f07e824c57854 a3cd5a73218e499391d5f3e620430459 - - default default] 10.0.0.220 "GET /v2.0/network-ip-availabilities HTTP/1.1" status: 200 len: 2616 time: 0.0265646
2026-06-30 19:09:20.926 9 INFO neutron.db.ovn_revision_numbers_db [None req-ff501ece-1d4a-407d-93d8-5ebd2ccf866b - - - - - -] Successfully bumped revision number for resource accf8646-0cf4-411a-99ad-93f5e2843f35 (type: ports) to 5
2026-06-30 19:09:20.929 10 INFO neutron.wsgi [None req-53165107-9a94-4850-a7f9-e1ad88ea9979 cef62d1e1ce64a08a4d123162039a1e5 fea3bbbd4e2f4722a3e102a685677273 - - default default] 10.0.0.184 "POST /v2.0/subnets HTTP/1.1" status: 201 len: 801 time: 1.7621739
2026-06-30 19:09:20.949 9 WARNING neutron_lib.context [None req-6c2832ca-2123-417c-9013-f633bf88aa92 cef62d1e1ce64a08a4d123162039a1e5 fea3bbbd4e2f4722a3e102a685677273 - - default default] Method 'is_advsvc' is deprecated since 2023.2 release (neutron-lib 3.8.0) and will be removed once support for the old RBAC API policies will be removed from Neutron. Please use method 'is_service_role' instead.
2026-06-30 19:09:20.959 9 WARNING neutron.plugins.ml2.drivers.ovn.mech_driver.ovsdb.ovn_client [None req-ff501ece-1d4a-407d-93d8-5ebd2ccf866b - - - - - -] Logical_Switch_Port %s host information not removed, the port state is up
2026-06-30 19:09:20.960 9 INFO neutron.plugins.ml2.drivers.ovn.mech_driver.mech_driver [None req-ff501ece-1d4a-407d-93d8-5ebd2ccf866b - - - - - -] OVN reports status up for port: accf8646-0cf4-411a-99ad-93f5e2843f35
2026-06-30 19:09:20.988 10 INFO neutron.wsgi [None req-af4856fe-0a85-4f3c-b9bc-d4c8d3db2fc8 b129833bdb694860913f07e824c57854 a3cd5a73218e499391d5f3e620430459 - - default default] 10.0.0.220 "GET /v2.0/subnets HTTP/1.1" status: 200 len: 3344 time: 0.0577188
2026-06-30 19:09:21.010 9 INFO neutron.plugins.ml2.plugin [None req-ff501ece-1d4a-407d-93d8-5ebd2ccf866b - - - - - -] Attempt 1 to provision port accf8646-0cf4-411a-99ad-93f5e2843f35
2026-06-30 19:09:21.120 9 INFO neutron.db.ovn_revision_numbers_db [None req-644ee880-8864-4ff9-9994-ab9ec0d506ec 6d98a6e805424aac8b486de3aaa3fcf1 abd1b7e87cc84ad0b243d18424363d02 - - default default] Successfully bumped revision number for resource 8cfa361f-b6e1-4a4c-b291-20001250d728 (type: routers) to 3
2026-06-30 19:09:21.124 9 INFO neutron.wsgi [None req-644ee880-8864-4ff9-9994-ab9ec0d506ec 6d98a6e805424aac8b486de3aaa3fcf1 abd1b7e87cc84ad0b243d18424363d02 - - default default] 10.0.0.184 "PUT /v2.0/routers/8cfa361f-b6e1-4a4c-b291-20001250d728 HTTP/1.1" status: 200 len: 878 time: 0.8052168 /var/lib/openstack/lib/python3.10/site-packages/pycadf/identifier.py:71: UserWarning: Invalid uuid: neutron. To ensure interoperability, identifiers should be a valid uuid. warnings.warn(('Invalid uuid: %s. To ensure interoperability, '
2026-06-30 19:09:21.258 9 INFO neutron.db.ovn_revision_numbers_db [None req-6c2832ca-2123-417c-9013-f633bf88aa92 cef62d1e1ce64a08a4d123162039a1e5 fea3bbbd4e2f4722a3e102a685677273 - - default default] Successfully bumped revision number for resource 8d906ed7-c435-414b-815f-8ec82fc140b0 (type: routers) to 1
2026-06-30 19:09:21.261 10 INFO neutron.db.ovn_revision_numbers_db [None req-5701e5c4-5b19-4e24-b216-a595dd230231 d94b8b9cb8434f56996df7f0bfe9f385 cbaf10bc9959404dae57409ef66e1f76 - - default default] Successfully bumped revision number for resource 7a2d510a-3f82-4927-816a-ddb1980696a3 (type: router_ports) to 1
2026-06-30 19:09:21.283 9 INFO neutron.wsgi [None req-6c2832ca-2123-417c-9013-f633bf88aa92 cef62d1e1ce64a08a4d123162039a1e5 fea3bbbd4e2f4722a3e102a685677273 - - default default] 10.0.0.184 "POST /v2.0/routers HTTP/1.1" status: 201 len: 686 time: 0.3425345
2026-06-30 19:09:21.289 9 INFO neutron.wsgi [None req-25b7ebc1-400b-45b7-b9d3-5d17554b249f 6d98a6e805424aac8b486de3aaa3fcf1 abd1b7e87cc84ad0b243d18424363d02 - - default default] 10.0.0.184 "GET /v2.0/routers/8cfa361f-b6e1-4a4c-b291-20001250d728 HTTP/1.1" status: 200 len: 878 time: 0.1554511
2026-06-30 19:09:21.316 9 WARNING neutron_lib.context [None req-9aac7678-e028-44b0-8cbc-9326426353ad cef62d1e1ce64a08a4d123162039a1e5 fea3bbbd4e2f4722a3e102a685677273 - - default default] Method 'is_advsvc' is deprecated since 2023.2 release (neutron-lib 3.8.0) and will be removed once support for the old RBAC API policies will be removed from Neutron. Please use method 'is_service_role' instead.
2026-06-30 19:09:21.353 9 INFO neutron.wsgi [None req-71819e19-28d4-49b3-9c64-d0298a93263c 6d98a6e805424aac8b486de3aaa3fcf1 abd1b7e87cc84ad0b243d18424363d02 - - default default] 10.0.0.184 "GET /v2.0/ports?device_id=8cfa361f-b6e1-4a4c-b291-20001250d728 HTTP/1.1" status: 200 len: 205 time: 0.0549257
2026-06-30 19:09:21.436 10 INFO neutron.db.ovn_revision_numbers_db [None req-5701e5c4-5b19-4e24-b216-a595dd230231 d94b8b9cb8434f56996df7f0bfe9f385 cbaf10bc9959404dae57409ef66e1f76 - - default default] Successfully bumped revision number for resource 7a2d510a-3f82-4927-816a-ddb1980696a3 (type: ports) to 1
2026-06-30 19:09:21.505 10 WARNING neutron.scheduler.dhcp_agent_scheduler [None req-5701e5c4-5b19-4e24-b216-a595dd230231 d94b8b9cb8434f56996df7f0bfe9f385 cbaf10bc9959404dae57409ef66e1f76 - - default default] No more DHCP agents
2026-06-30 19:09:21.506 10 WARNING neutron.api.rpc.agentnotifiers.dhcp_rpc_agent_api [None req-5701e5c4-5b19-4e24-b216-a595dd230231 d94b8b9cb8434f56996df7f0bfe9f385 cbaf10bc9959404dae57409ef66e1f76 - - default default] Unable to schedule network 4fca4801-2f30-426a-9782-c4ee3eda3a94: no agents available; will retry on subsequent port and subnet creation events.
2026-06-30 19:09:21.786 10 INFO neutron.db.ovn_revision_numbers_db [None req-5701e5c4-5b19-4e24-b216-a595dd230231 d94b8b9cb8434f56996df7f0bfe9f385 cbaf10bc9959404dae57409ef66e1f76 - - default default] Successfully bumped revision number for resource 7a2d510a-3f82-4927-816a-ddb1980696a3 (type: router_ports) to 1
2026-06-30 19:09:21.789 10 INFO neutron.wsgi [None req-5701e5c4-5b19-4e24-b216-a595dd230231 d94b8b9cb8434f56996df7f0bfe9f385 cbaf10bc9959404dae57409ef66e1f76 - - default default] 10.0.0.184 "PUT /v2.0/routers/3ca91466-5351-4015-90b8-05247f513b61/add_router_interface HTTP/1.1" status: 200 len: 503 time: 2.6816912
2026-06-30 19:09:21.878 10 INFO neutron.wsgi [None req-63b9e0ba-e5a6-44f6-855f-8a279b0d04c3 a5527f2da6c74347b2e18067098eb45a c54bf85ebb4e46e5a07ce0245abd6049 - - default default] 10.0.0.184 "GET /v2.0/networks HTTP/1.1" status: 200 len: 4618 time: 0.0812371
2026-06-30 19:09:21.902 9 INFO neutron.wsgi [req-5117703e-03f5-4937-a685-772969d66352 req-9691ca71-1a83-4831-97e0-74618d68602a 132884841037490ba1a373ec6cdd9a52 e2686eb07e3f4cbfb5ca1437750a46b2 - - default default] 10.0.0.32 "GET /v2.0/ports?device_id=c79f8856-ff23-40a3-99cf-c970739db56d HTTP/1.1" status: 200 len: 1174 time: 0.0769110
2026-06-30 19:09:21.932 10 INFO neutron.wsgi [None req-de30a660-8b6e-4d17-b55b-1eda4eb108d7 a5527f2da6c74347b2e18067098eb45a c54bf85ebb4e46e5a07ce0245abd6049 - - default default] 10.0.0.184 "GET /v2.0/subnets HTTP/1.1" status: 200 len: 3363 time: 0.0452664
2026-06-30 19:09:21.988 9 INFO neutron.db.ovn_revision_numbers_db [None req-ff501ece-1d4a-407d-93d8-5ebd2ccf866b - - - - - -] Successfully bumped revision number for resource accf8646-0cf4-411a-99ad-93f5e2843f35 (type: ports) to 6
2026-06-30 19:09:22.016 10 INFO neutron.wsgi [None req-44592781-d9c7-4fb8-99d4-ff3705fcee62 a5527f2da6c74347b2e18067098eb45a c54bf85ebb4e46e5a07ce0245abd6049 - - default default] 10.0.0.184 "GET /v2.0/routers HTTP/1.1" status: 200 len: 2710 time: 0.0775661
2026-06-30 19:09:22.033 9 INFO neutron.wsgi [req-5117703e-03f5-4937-a685-772969d66352 req-41885579-fc26-4d8c-9721-3fc310cf04e1 132884841037490ba1a373ec6cdd9a52 e2686eb07e3f4cbfb5ca1437750a46b2 - - default default] 10.0.0.32 "GET /v2.0/security-groups?id=616f4358-45e2-4c76-8553-c4defbf51538&fields=id&fields=name HTTP/1.1" status: 200 len: 312 time: 0.1188576
2026-06-30 19:09:22.075 9 INFO neutron.plugins.ml2.drivers.ovn.mech_driver.mech_driver [None req-ff501ece-1d4a-407d-93d8-5ebd2ccf866b - - - - - -] OVN reports status up for port: 7a2d510a-3f82-4927-816a-ddb1980696a3
2026-06-30 19:09:22.087 10 WARNING neutron_lib.context [None req-83e97108-7cf3-4fe3-9e6a-143c1bbc4295 d94b8b9cb8434f56996df7f0bfe9f385 cbaf10bc9959404dae57409ef66e1f76 - - default default] Method 'is_advsvc' is deprecated since 2023.2 release (neutron-lib 3.8.0) and will be removed once support for the old RBAC API policies will be removed from Neutron. Please use method 'is_service_role' instead.
2026-06-30 19:09:22.113 9 INFO neutron.plugins.ml2.plugin [None req-ff501ece-1d4a-407d-93d8-5ebd2ccf866b - - - - - -] Attempt 1 to provision port 7a2d510a-3f82-4927-816a-ddb1980696a3
2026-06-30 19:09:22.190 10 INFO neutron.db.ovn_revision_numbers_db [None req-83e97108-7cf3-4fe3-9e6a-143c1bbc4295 d94b8b9cb8434f56996df7f0bfe9f385 cbaf10bc9959404dae57409ef66e1f76 - - default default] Successfully bumped revision number for resource 623c1720-3e87-46fb-b308-b4ff54df2356 (type: security_groups) to 1
2026-06-30 19:09:22.204 10 INFO neutron.db.ovn_revision_numbers_db [None req-83e97108-7cf3-4fe3-9e6a-143c1bbc4295 d94b8b9cb8434f56996df7f0bfe9f385 cbaf10bc9959404dae57409ef66e1f76 - - default default] Successfully bumped revision number for resource 9e7f7d81-3f73-49d6-8051-6f821e8a7614 (type: security_group_rules) to 0
2026-06-30 19:09:22.217 10 INFO neutron.db.ovn_revision_numbers_db [None req-83e97108-7cf3-4fe3-9e6a-143c1bbc4295 d94b8b9cb8434f56996df7f0bfe9f385 cbaf10bc9959404dae57409ef66e1f76 - - default default] Successfully bumped revision number for resource f488739c-4765-4f7f-abc4-5c3575ad7106 (type: security_group_rules) to 0
2026-06-30 19:09:22.235 10 INFO neutron.wsgi [None req-83e97108-7cf3-4fe3-9e6a-143c1bbc4295 d94b8b9cb8434f56996df7f0bfe9f385 cbaf10bc9959404dae57409ef66e1f76 - - default default] 10.0.0.184 "POST /v2.0/security-groups HTTP/1.1" status: 201 len: 1811 time: 0.1549687
2026-06-30 19:09:22.244 10 WARNING neutron_lib.context [None req-b73a7d15-ba9d-44fe-aeec-fecdf313814c d94b8b9cb8434f56996df7f0bfe9f385 cbaf10bc9959404dae57409ef66e1f76 - - default default] Method 'is_advsvc' is deprecated since 2023.2 release (neutron-lib 3.8.0) and will be removed once support for the old RBAC API policies will be removed from Neutron. Please use method 'is_service_role' instead.
2026-06-30 19:09:22.284 9 WARNING neutron.scheduler.dhcp_agent_scheduler [None req-9aac7678-e028-44b0-8cbc-9326426353ad cef62d1e1ce64a08a4d123162039a1e5 fea3bbbd4e2f4722a3e102a685677273 - - default default] No more DHCP agents
2026-06-30 19:09:22.290 9 WARNING neutron.api.rpc.agentnotifiers.dhcp_rpc_agent_api [None req-9aac7678-e028-44b0-8cbc-9326426353ad cef62d1e1ce64a08a4d123162039a1e5 fea3bbbd4e2f4722a3e102a685677273 - - default default] Unable to schedule network 98b98887-0ba3-42ae-8d54-d12248d84721: no agents available; will retry on subsequent port and subnet creation events.
2026-06-30 19:09:22.355 10 INFO neutron.db.ovn_revision_numbers_db [None req-b73a7d15-ba9d-44fe-aeec-fecdf313814c d94b8b9cb8434f56996df7f0bfe9f385 cbaf10bc9959404dae57409ef66e1f76 - - default default] Successfully bumped revision number for resource d973f015-0e10-4b90-a265-741b1c03083d (type: security_group_rules) to 0
2026-06-30 19:09:22.379 10 INFO neutron.wsgi [None req-b73a7d15-ba9d-44fe-aeec-fecdf313814c d94b8b9cb8434f56996df7f0bfe9f385 cbaf10bc9959404dae57409ef66e1f76 - - default default] 10.0.0.184 "POST /v2.0/security-group-rules HTTP/1.1" status: 201 len: 764 time: 0.1386843
2026-06-30 19:09:22.389 10 WARNING neutron_lib.context [None req-838ee4d3-1384-47f3-8b97-64d4bfb5b136 d94b8b9cb8434f56996df7f0bfe9f385 cbaf10bc9959404dae57409ef66e1f76 - - default default] Method 'is_advsvc' is deprecated since 2023.2 release (neutron-lib 3.8.0) and will be removed once support for the old RBAC API policies will be removed from Neutron. Please use method 'is_service_role' instead.
2026-06-30 19:09:22.483 10 INFO neutron.db.ovn_revision_numbers_db [None req-838ee4d3-1384-47f3-8b97-64d4bfb5b136 d94b8b9cb8434f56996df7f0bfe9f385 cbaf10bc9959404dae57409ef66e1f76 - - default default] Successfully bumped revision number for resource 165083d8-5d12-47c9-b905-7abb3057a2d6 (type: security_group_rules) to 0
2026-06-30 19:09:22.505 10 INFO neutron.wsgi [None req-838ee4d3-1384-47f3-8b97-64d4bfb5b136 d94b8b9cb8434f56996df7f0bfe9f385 cbaf10bc9959404dae57409ef66e1f76 - - default default] 10.0.0.184 "POST /v2.0/security-group-rules HTTP/1.1" status: 201 len: 763 time: 0.1204481
2026-06-30 19:09:22.514 10 WARNING neutron_lib.context [None req-7cc8ea19-14f7-43dc-83ff-772067b62302 d94b8b9cb8434f56996df7f0bfe9f385 cbaf10bc9959404dae57409ef66e1f76 - - default default] Method 'is_advsvc' is deprecated since 2023.2 release (neutron-lib 3.8.0) and will be removed once support for the old RBAC API policies will be removed from Neutron. Please use method 'is_service_role' instead.
2026-06-30 19:09:22.609 9 INFO neutron.db.ovn_revision_numbers_db [None req-9aac7678-e028-44b0-8cbc-9326426353ad cef62d1e1ce64a08a4d123162039a1e5 fea3bbbd4e2f4722a3e102a685677273 - - default default] Successfully bumped revision number for resource caedd201-2373-42d5-ac10-9694a3b25c00 (type: ports) to 1
2026-06-30 19:09:22.620 9 INFO neutron.notifiers.nova [-] Nova event matching ['req-132c8981-033b-4245-97aa-7eebead724fa'] response: {'server_uuid': 'c79f8856-ff23-40a3-99cf-c970739db56d', 'name': 'network-vif-plugged', 'status': 'completed', 'tag': 'accf8646-0cf4-411a-99ad-93f5e2843f35', 'code': 200}
2026-06-30 19:09:22.620 9 INFO neutron.notifiers.nova [-] Nova event matching ['req-132c8981-033b-4245-97aa-7eebead724fa'] response: {'server_uuid': 'c79f8856-ff23-40a3-99cf-c970739db56d', 'name': 'network-vif-plugged', 'status': 'completed', 'tag': 'accf8646-0cf4-411a-99ad-93f5e2843f35', 'code': 200}
2026-06-30 19:09:22.620 9 INFO neutron.notifiers.nova [-] Nova event matching ['req-132c8981-033b-4245-97aa-7eebead724fa'] response: {'server_uuid': 'c79f8856-ff23-40a3-99cf-c970739db56d', 'name': 'network-vif-plugged', 'status': 'completed', 'tag': 'accf8646-0cf4-411a-99ad-93f5e2843f35', 'code': 200}
2026-06-30 19:09:22.637 10 INFO neutron.db.ovn_revision_numbers_db [None req-7cc8ea19-14f7-43dc-83ff-772067b62302 d94b8b9cb8434f56996df7f0bfe9f385 cbaf10bc9959404dae57409ef66e1f76 - - default default] Successfully bumped revision number for resource 21168356-efbe-462b-b100-ed7e0d5cfbb2 (type: security_group_rules) to 0
2026-06-30 19:09:22.645 9 INFO neutron.wsgi [None req-9aac7678-e028-44b0-8cbc-9326426353ad cef62d1e1ce64a08a4d123162039a1e5 fea3bbbd4e2f4722a3e102a685677273 - - default default] 10.0.0.184 "POST /v2.0/ports HTTP/1.1" status: 201 len: 1147 time: 1.3475230
2026-06-30 19:09:22.651 9 INFO neutron.db.ovn_revision_numbers_db [None req-ff501ece-1d4a-407d-93d8-5ebd2ccf866b - - - - - -] Successfully bumped revision number for resource 7a2d510a-3f82-4927-816a-ddb1980696a3 (type: ports) to 2
2026-06-30 19:09:22.672 10 INFO neutron.wsgi [None req-7cc8ea19-14f7-43dc-83ff-772067b62302 d94b8b9cb8434f56996df7f0bfe9f385 cbaf10bc9959404dae57409ef66e1f76 - - default default] 10.0.0.184 "POST /v2.0/security-group-rules HTTP/1.1" status: 201 len: 769 time: 0.1621058
2026-06-30 19:09:22.692 10 WARNING neutron_lib.context [None req-ea024173-4082-42ab-91e8-a732e816d241 d94b8b9cb8434f56996df7f0bfe9f385 cbaf10bc9959404dae57409ef66e1f76 - - default default] Method 'is_advsvc' is deprecated since 2023.2 release (neutron-lib 3.8.0) and will be removed once support for the old RBAC API policies will be removed from Neutron. Please use method 'is_service_role' instead.
2026-06-30 19:09:22.743 9 INFO neutron.db.ovn_revision_numbers_db [None req-ff501ece-1d4a-407d-93d8-5ebd2ccf866b - - - - - -] Successfully bumped revision number for resource 7a2d510a-3f82-4927-816a-ddb1980696a3 (type: router_ports) to 2
2026-06-30 19:09:22.885 10 INFO neutron.db.ovn_revision_numbers_db [None req-ea024173-4082-42ab-91e8-a732e816d241 d94b8b9cb8434f56996df7f0bfe9f385 cbaf10bc9959404dae57409ef66e1f76 - - default default] Successfully bumped revision number for resource 22eea51c-ca90-4dc0-b6f8-22bab9a349fc (type: security_group_rules) to 0
2026-06-30 19:09:22.923 10 INFO neutron.wsgi [None req-ea024173-4082-42ab-91e8-a732e816d241 d94b8b9cb8434f56996df7f0bfe9f385 cbaf10bc9959404dae57409ef66e1f76 - - default default] 10.0.0.184 "POST /v2.0/security-group-rules HTTP/1.1" status: 201 len: 768 time: 0.2449214
2026-06-30 19:09:22.935 10 WARNING neutron_lib.context [None req-dd174298-b84d-48d9-b313-0878b0416248 d94b8b9cb8434f56996df7f0bfe9f385 cbaf10bc9959404dae57409ef66e1f76 - - default default] Method 'is_advsvc' is deprecated since 2023.2 release (neutron-lib 3.8.0) and will be removed once support for the old RBAC API policies will be removed from Neutron. Please use method 'is_service_role' instead.
2026-06-30 19:09:22.954 10 INFO neutron.db.securitygroups_db [None req-dd174298-b84d-48d9-b313-0878b0416248 d94b8b9cb8434f56996df7f0bfe9f385 cbaf10bc9959404dae57409ef66e1f76 - - default default] Project cbaf10bc9959404dae57409ef66e1f76 added a security group rule with legacy IPv6 ICMP protocol name icmp, ipv6-icmp should be used instead. It was automatically converted.
2026-06-30 19:09:23.086 10 INFO neutron.db.ovn_revision_numbers_db [None req-51e8a262-a851-48c8-9951-30794b2ff5cb cef62d1e1ce64a08a4d123162039a1e5 fea3bbbd4e2f4722a3e102a685677273 - - default default] Successfully bumped revision number for resource caedd201-2373-42d5-ac10-9694a3b25c00 (type: router_ports) to 2
2026-06-30 19:09:23.126 10 INFO neutron.db.ovn_revision_numbers_db [None req-dd174298-b84d-48d9-b313-0878b0416248 d94b8b9cb8434f56996df7f0bfe9f385 cbaf10bc9959404dae57409ef66e1f76 - - default default] Successfully bumped revision number for resource c0b15c06-3667-4df6-9de5-32f6b3f264d0 (type: security_group_rules) to 0
2026-06-30 19:09:23.162 10 INFO neutron.wsgi [None req-dd174298-b84d-48d9-b313-0878b0416248 d94b8b9cb8434f56996df7f0bfe9f385 cbaf10bc9959404dae57409ef66e1f76 - - default default] 10.0.0.184 "POST /v2.0/security-group-rules HTTP/1.1" status: 201 len: 774 time: 0.2313769 /var/lib/openstack/lib/python3.10/site-packages/pycadf/identifier.py:71: UserWarning: Invalid uuid: neutron. To ensure interoperability, identifiers should be a valid uuid. warnings.warn(('Invalid uuid: %s. To ensure interoperability, '
