2026-06-30 19:11:33.718 10 WARNING neutron.scheduler.dhcp_agent_scheduler [None req-507f89ca-a3e9-4cd7-9248-629a9d9c9e7c b937a40da4f44e78ba8221082172da2b 3e492cb5d0874ef18c66a422f85f190f - - default default] No more DHCP agents
2026-06-30 19:11:33.720 10 WARNING neutron.api.rpc.agentnotifiers.dhcp_rpc_agent_api [None req-507f89ca-a3e9-4cd7-9248-629a9d9c9e7c b937a40da4f44e78ba8221082172da2b 3e492cb5d0874ef18c66a422f85f190f - - default default] Unable to schedule network 47b4c8e6-2277-4e28-825b-d701ddd9f059: no agents available; will retry on subsequent port and subnet creation events.
2026-06-30 19:11:33.814 10 INFO neutron.db.ovn_revision_numbers_db [None req-507f89ca-a3e9-4cd7-9248-629a9d9c9e7c b937a40da4f44e78ba8221082172da2b 3e492cb5d0874ef18c66a422f85f190f - - default default] Successfully bumped revision number for resource be612594-24b3-445c-90ac-61152cd08bc6 (type: ports) to 1
2026-06-30 19:11:33.843 10 INFO neutron.wsgi [None req-507f89ca-a3e9-4cd7-9248-629a9d9c9e7c b937a40da4f44e78ba8221082172da2b 3e492cb5d0874ef18c66a422f85f190f - - default default] 10.0.0.184 "POST /v2.0/networks HTTP/1.1" status: 201 len: 830 time: 1.4638968
2026-06-30 19:11:33.854 10 WARNING neutron_lib.context [None req-4ab4116e-513c-481f-82ad-729ba1bd3245 b937a40da4f44e78ba8221082172da2b 3e492cb5d0874ef18c66a422f85f190f - - default default] Method 'is_advsvc' is deprecated since 2023.2 release (neutron-lib 3.8.0) and will be removed once support for the old RBAC API policies will be removed from Neutron. Please use method 'is_service_role' instead.
2026-06-30 19:11:33.978 9 WARNING neutron.scheduler.dhcp_agent_scheduler [req-d8ee88d9-281e-4b5e-ad1e-11849f251c2f req-f4c7c5dd-bd5b-47ff-8129-558e9226fe07 f692366331704423a55a2f7af297eecf 1e2504fef9db453783d51bfaa2a69c2f - - default default] No more DHCP agents
2026-06-30 19:11:33.979 9 WARNING neutron.api.rpc.agentnotifiers.dhcp_rpc_agent_api [req-d8ee88d9-281e-4b5e-ad1e-11849f251c2f req-f4c7c5dd-bd5b-47ff-8129-558e9226fe07 f692366331704423a55a2f7af297eecf 1e2504fef9db453783d51bfaa2a69c2f - - default default] Unable to schedule network 4a00cf2f-4b0a-4c12-895a-813e99641047: no agents available; will retry on subsequent port and subnet creation events.
2026-06-30 19:11:34.063 9 INFO neutron.notifiers.nova [-] Nova event matching ['req-8d1e0f12-1006-4d54-ad05-e5dbbd33e415'] response: {'name': 'network-changed', 'server_uuid': '92d46ef3-e740-40c1-a2b2-30b2d5d3793c', 'tag': 'a60789ed-d0ef-4342-bb0c-f400c4abc147', 'status': 'completed', 'code': 200}
2026-06-30 19:11:34.064 9 INFO neutron.notifiers.nova [-] Nova event matching ['req-8d1e0f12-1006-4d54-ad05-e5dbbd33e415'] response: {'server_uuid': '92d46ef3-e740-40c1-a2b2-30b2d5d3793c', 'name': 'network-vif-plugged', 'status': 'completed', 'tag': 'a60789ed-d0ef-4342-bb0c-f400c4abc147', 'code': 200}
2026-06-30 19:11:34.064 9 INFO neutron.notifiers.nova [-] Nova event matching ['req-8d1e0f12-1006-4d54-ad05-e5dbbd33e415'] response: {'server_uuid': '92d46ef3-e740-40c1-a2b2-30b2d5d3793c', 'name': 'network-vif-plugged', 'status': 'completed', 'tag': 'a60789ed-d0ef-4342-bb0c-f400c4abc147', 'code': 200}
2026-06-30 19:11:34.176 9 INFO neutron.db.ovn_revision_numbers_db [req-d8ee88d9-281e-4b5e-ad1e-11849f251c2f req-f4c7c5dd-bd5b-47ff-8129-558e9226fe07 f692366331704423a55a2f7af297eecf 1e2504fef9db453783d51bfaa2a69c2f - - default default] Successfully bumped revision number for resource 11797605-2665-4e00-b479-dfca11f52c5c (type: ports) to 1
2026-06-30 19:11:34.183 10 INFO neutron.wsgi [req-f7d85426-a559-4288-9381-ac14f0a7a35c req-c6adc655-a7b0-43ad-a00a-59fb9e146e39 002d8814c906491586a2fc73e34df638 2e8c30e070594eea800af6805d7d2ae9 - - c8283192793441d78bd44d8b616a71f0 c8283192793441d78bd44d8b616a71f0] 199.204.45.78 "GET /v2.0/ports?tenant_id=a3cd5a73218e499391d5f3e620430459&device_id=92d46ef3-e740-40c1-a2b2-30b2d5d3793c HTTP/1.1" status: 200 len: 2724 time: 0.0986433
2026-06-30 19:11:34.186 10 WARNING neutron.scheduler.dhcp_agent_scheduler [None req-4ab4116e-513c-481f-82ad-729ba1bd3245 b937a40da4f44e78ba8221082172da2b 3e492cb5d0874ef18c66a422f85f190f - - default default] No more DHCP agents
2026-06-30 19:11:34.187 10 WARNING neutron.api.rpc.agentnotifiers.dhcp_rpc_agent_api [None req-4ab4116e-513c-481f-82ad-729ba1bd3245 b937a40da4f44e78ba8221082172da2b 3e492cb5d0874ef18c66a422f85f190f - - default default] Unable to schedule network 47b4c8e6-2277-4e28-825b-d701ddd9f059: no agents available; will retry on subsequent port and subnet creation events.
2026-06-30 19:11:34.198 9 INFO neutron.wsgi [req-d8ee88d9-281e-4b5e-ad1e-11849f251c2f req-f4c7c5dd-bd5b-47ff-8129-558e9226fe07 f692366331704423a55a2f7af297eecf 1e2504fef9db453783d51bfaa2a69c2f - - default default] 199.204.45.78 "POST /v2.0/ports HTTP/1.1" status: 201 len: 1197 time: 0.5757525 /var/lib/openstack/lib/python3.10/site-packages/pycadf/identifier.py:71: UserWarning: Invalid uuid: neutron. To ensure interoperability, identifiers should be a valid uuid. warnings.warn(('Invalid uuid: %s. To ensure interoperability, ' /var/lib/openstack/lib/python3.10/site-packages/pycadf/identifier.py:71: UserWarning: Invalid uuid: neutron. To ensure interoperability, identifiers should be a valid uuid. warnings.warn(('Invalid uuid: %s. To ensure interoperability, '
2026-06-30 19:11:34.304 10 INFO neutron.wsgi [req-f7d85426-a559-4288-9381-ac14f0a7a35c req-c3ebdfc0-7d69-4d9f-ae30-892037b4d09e 002d8814c906491586a2fc73e34df638 2e8c30e070594eea800af6805d7d2ae9 - - c8283192793441d78bd44d8b616a71f0 c8283192793441d78bd44d8b616a71f0] 199.204.45.78 "GET /v2.0/networks?id=67489223-e1f5-44ee-8164-84da6b903b25 HTTP/1.1" status: 200 len: 1004 time: 0.1075211
2026-06-30 19:11:34.344 10 INFO neutron.db.ovn_revision_numbers_db [None req-4ab4116e-513c-481f-82ad-729ba1bd3245 b937a40da4f44e78ba8221082172da2b 3e492cb5d0874ef18c66a422f85f190f - - default default] Successfully bumped revision number for resource b87038b7-606b-40e6-9b2a-7a972c1f213f (type: ports) to 1
2026-06-30 19:11:34.347 10 INFO neutron.wsgi [req-f7d85426-a559-4288-9381-ac14f0a7a35c req-13401bb2-bb8a-4f68-b1eb-a701df359b17 002d8814c906491586a2fc73e34df638 2e8c30e070594eea800af6805d7d2ae9 - - c8283192793441d78bd44d8b616a71f0 c8283192793441d78bd44d8b616a71f0] 199.204.45.78 "GET /v2.0/floatingips?fixed_ip_address=10.1.1.205&port_id=a60789ed-d0ef-4342-bb0c-f400c4abc147 HTTP/1.1" status: 200 len: 217 time: 0.0364549
2026-06-30 19:11:34.388 10 INFO neutron.wsgi [None req-4ab4116e-513c-481f-82ad-729ba1bd3245 b937a40da4f44e78ba8221082172da2b 3e492cb5d0874ef18c66a422f85f190f - - default default] 10.0.0.184 "POST /v2.0/ports HTTP/1.1" status: 201 len: 942 time: 0.5397751
2026-06-30 19:11:34.404 9 WARNING neutron_lib.context [None req-69c498f8-1b38-4127-96d3-36a0a9962b34 b937a40da4f44e78ba8221082172da2b 3e492cb5d0874ef18c66a422f85f190f - - default default] Method 'is_advsvc' is deprecated since 2023.2 release (neutron-lib 3.8.0) and will be removed once support for the old RBAC API policies will be removed from Neutron. Please use method 'is_service_role' instead.
2026-06-30 19:11:34.415 10 INFO neutron.wsgi [req-f7d85426-a559-4288-9381-ac14f0a7a35c req-8c9d4da3-1892-4834-8b45-02e4e7a35cd9 002d8814c906491586a2fc73e34df638 2e8c30e070594eea800af6805d7d2ae9 - - c8283192793441d78bd44d8b616a71f0 c8283192793441d78bd44d8b616a71f0] 199.204.45.78 "GET /v2.0/subnets?id=681b070d-a3bd-443c-ac8c-aa7c9b85c203 HTTP/1.1" status: 200 len: 854 time: 0.0589278
2026-06-30 19:11:34.449 10 INFO neutron.wsgi [req-f7d85426-a559-4288-9381-ac14f0a7a35c req-ff362546-6952-45a7-b16e-c4a8107761cd 002d8814c906491586a2fc73e34df638 2e8c30e070594eea800af6805d7d2ae9 - - c8283192793441d78bd44d8b616a71f0 c8283192793441d78bd44d8b616a71f0] 199.204.45.78 "GET /v2.0/ports?network_id=67489223-e1f5-44ee-8164-84da6b903b25&device_owner=network%3Adhcp HTTP/1.1" status: 200 len: 210 time: 0.0286431
2026-06-30 19:11:34.470 9 INFO neutron.wsgi [req-ffaa2beb-71bf-4bb1-b8d3-06545a89641f req-71ca8009-3f4b-4b5d-9966-f191d6f77518 f692366331704423a55a2f7af297eecf 1e2504fef9db453783d51bfaa2a69c2f - - default default] 10.0.0.32 "GET /v2.0/ports?device_id=ecd3ca4a-1aaf-4b90-8ab3-d2a0e34dcb5c HTTP/1.1" status: 200 len: 1195 time: 0.0613456
2026-06-30 19:11:34.528 10 INFO neutron.wsgi [req-f7d85426-a559-4288-9381-ac14f0a7a35c req-2b267b3f-0081-4e72-8bca-e9b5dc123fa5 002d8814c906491586a2fc73e34df638 2e8c30e070594eea800af6805d7d2ae9 - - c8283192793441d78bd44d8b616a71f0 c8283192793441d78bd44d8b616a71f0] 199.204.45.78 "GET /v2.0/networks/67489223-e1f5-44ee-8164-84da6b903b25?fields=segments HTTP/1.1" status: 200 len: 212 time: 0.0735672
2026-06-30 19:11:34.591 10 INFO neutron.wsgi [req-f7d85426-a559-4288-9381-ac14f0a7a35c req-a8b53e2e-fcec-42ad-ac97-25441273f579 002d8814c906491586a2fc73e34df638 2e8c30e070594eea800af6805d7d2ae9 - - c8283192793441d78bd44d8b616a71f0 c8283192793441d78bd44d8b616a71f0] 199.204.45.78 "GET /v2.0/networks/67489223-e1f5-44ee-8164-84da6b903b25?fields=provider%3Aphysical_network&fields=provider%3Anetwork_type HTTP/1.1" status: 200 len: 277 time: 0.0575278
2026-06-30 19:11:34.608 9 INFO neutron.wsgi [req-ffaa2beb-71bf-4bb1-b8d3-06545a89641f req-bb27db98-38a0-464f-b5f7-cd5b50c72efb f692366331704423a55a2f7af297eecf 1e2504fef9db453783d51bfaa2a69c2f - - default default] 10.0.0.32 "GET /v2.0/security-groups?id=19d25493-85cb-4c21-b95f-3839203c863d&id=60f93fb7-5867-4f07-9531-6bc50506a87b&fields=id&fields=name HTTP/1.1" status: 200 len: 406 time: 0.1173754
2026-06-30 19:11:35.206 9 INFO neutron.wsgi [None req-69c498f8-1b38-4127-96d3-36a0a9962b34 b937a40da4f44e78ba8221082172da2b 3e492cb5d0874ef18c66a422f85f190f - - default default] 10.0.0.184 "POST /v2.0/trunks HTTP/1.1" status: 201 len: 608 time: 0.8112774
2026-06-30 19:11:35.229 9 INFO neutron.db.ovn_revision_numbers_db [req-d8ee88d9-281e-4b5e-ad1e-11849f251c2f req-26278855-273d-4756-bb60-fb34534ad684 002d8814c906491586a2fc73e34df638 2e8c30e070594eea800af6805d7d2ae9 - - c8283192793441d78bd44d8b616a71f0 c8283192793441d78bd44d8b616a71f0] Successfully bumped revision number for resource 11797605-2665-4e00-b479-dfca11f52c5c (type: ports) to 2
2026-06-30 19:11:35.244 10 INFO neutron.wsgi [None req-f8dc4002-8ef6-4524-a76c-eebe5576b7e6 b937a40da4f44e78ba8221082172da2b 3e492cb5d0874ef18c66a422f85f190f - - default default] 10.0.0.184 "PUT /v2.0/trunks/5a13e553-2300-48f3-af25-ef61c5eb7e00/tags HTTP/1.1" status: 200 len: 218 time: 0.0334113
2026-06-30 19:11:35.268 10 INFO neutron.wsgi [None req-9f25990d-09ad-4a86-b671-182ed45c3992 b937a40da4f44e78ba8221082172da2b 3e492cb5d0874ef18c66a422f85f190f - - default default] 10.0.0.184 "GET /v2.0/trunks/5a13e553-2300-48f3-af25-ef61c5eb7e00/tags HTTP/1.1" status: 200 len: 218 time: 0.0193150
2026-06-30 19:11:35.305 10 INFO neutron.wsgi [None req-86dc169e-c0e6-4d94-84dc-04ac9822b900 b937a40da4f44e78ba8221082172da2b 3e492cb5d0874ef18c66a422f85f190f - - default default] 10.0.0.184 "PUT /v2.0/trunks/5a13e553-2300-48f3-af25-ef61c5eb7e00/tags/green HTTP/1.1" status: 201 len: 201 time: 0.0325534 /var/lib/openstack/lib/python3.10/site-packages/pycadf/identifier.py:71: UserWarning: Invalid uuid: neutron. To ensure interoperability, identifiers should be a valid uuid. warnings.warn(('Invalid uuid: %s. To ensure interoperability, '
2026-06-30 19:11:35.355 9 INFO neutron.wsgi [None req-b25b63fa-f9b1-4f71-9ce1-dc09f6f28281 b937a40da4f44e78ba8221082172da2b 3e492cb5d0874ef18c66a422f85f190f - - default default] 10.0.0.184 "GET /v2.0/trunks/5a13e553-2300-48f3-af25-ef61c5eb7e00/tags HTTP/1.1" status: 200 len: 227 time: 0.0454171
2026-06-30 19:11:35.382 10 INFO neutron.wsgi [None req-4c262b52-7631-4de8-8ff0-f30bc848e324 b937a40da4f44e78ba8221082172da2b 3e492cb5d0874ef18c66a422f85f190f - - default default] 10.0.0.184 "PUT /v2.0/trunks/5a13e553-2300-48f3-af25-ef61c5eb7e00/tags/red HTTP/1.1" status: 201 len: 201 time: 0.0202043
2026-06-30 19:11:35.402 10 INFO neutron.wsgi [None req-b2de520d-d161-43d4-a47f-335de5068592 b937a40da4f44e78ba8221082172da2b 3e492cb5d0874ef18c66a422f85f190f - - default default] 10.0.0.184 "GET /v2.0/trunks/5a13e553-2300-48f3-af25-ef61c5eb7e00/tags HTTP/1.1" status: 200 len: 227 time: 0.0149293
2026-06-30 19:11:35.429 9 INFO neutron.db.ovn_revision_numbers_db [req-d8ee88d9-281e-4b5e-ad1e-11849f251c2f req-26278855-273d-4756-bb60-fb34534ad684 002d8814c906491586a2fc73e34df638 2e8c30e070594eea800af6805d7d2ae9 - - c8283192793441d78bd44d8b616a71f0 c8283192793441d78bd44d8b616a71f0] Successfully bumped revision number for resource 11797605-2665-4e00-b479-dfca11f52c5c (type: ports) to 2
2026-06-30 19:11:35.441 10 INFO neutron.wsgi [None req-05ff7bef-99fc-4fe3-9992-4a951eddbab6 b937a40da4f44e78ba8221082172da2b 3e492cb5d0874ef18c66a422f85f190f - - default default] 10.0.0.184 "PUT /v2.0/trunks/5a13e553-2300-48f3-af25-ef61c5eb7e00/tags/black.or.white HTTP/1.1" status: 201 len: 201 time: 0.0325127
2026-06-30 19:11:35.450 9 INFO neutron.wsgi [req-d8ee88d9-281e-4b5e-ad1e-11849f251c2f req-26278855-273d-4756-bb60-fb34534ad684 002d8814c906491586a2fc73e34df638 2e8c30e070594eea800af6805d7d2ae9 - - c8283192793441d78bd44d8b616a71f0 c8283192793441d78bd44d8b616a71f0] 199.204.45.78 "PUT /v2.0/ports/11797605-2665-4e00-b479-dfca11f52c5c HTTP/1.1" status: 200 len: 1415 time: 1.2473853
2026-06-30 19:11:35.467 10 INFO neutron.wsgi [None req-66906930-ecd6-4257-ac9f-9d44fa30f132 b937a40da4f44e78ba8221082172da2b 3e492cb5d0874ef18c66a422f85f190f - - default default] 10.0.0.184 "GET /v2.0/trunks/5a13e553-2300-48f3-af25-ef61c5eb7e00/tags HTTP/1.1" status: 200 len: 245 time: 0.0207984 /var/lib/openstack/lib/python3.10/site-packages/pycadf/identifier.py:71: UserWarning: Invalid uuid: neutron. To ensure interoperability, identifiers should be a valid uuid. warnings.warn(('Invalid uuid: %s. To ensure interoperability, '
2026-06-30 19:11:35.512 10 INFO neutron.wsgi [None req-982d47e1-0d47-47e6-a723-ea462d0213da b937a40da4f44e78ba8221082172da2b 3e492cb5d0874ef18c66a422f85f190f - - default default] 10.0.0.184 "PUT /v2.0/trunks/5a13e553-2300-48f3-af25-ef61c5eb7e00/tags HTTP/1.1" status: 200 len: 230 time: 0.0343969
2026-06-30 19:11:35.531 9 INFO neutron.wsgi [req-d8ee88d9-281e-4b5e-ad1e-11849f251c2f req-db513e3c-b903-489e-9435-0a3702cfbd01 002d8814c906491586a2fc73e34df638 2e8c30e070594eea800af6805d7d2ae9 - - c8283192793441d78bd44d8b616a71f0 c8283192793441d78bd44d8b616a71f0] 199.204.45.78 "GET /v2.0/ports?tenant_id=1e2504fef9db453783d51bfaa2a69c2f&device_id=ecd3ca4a-1aaf-4b90-8ab3-d2a0e34dcb5c HTTP/1.1" status: 200 len: 1446 time: 0.0462580
2026-06-30 19:11:35.537 10 INFO neutron.wsgi [None req-e85aca9e-a7c1-4675-ba80-d0c3ff97dc0a b937a40da4f44e78ba8221082172da2b 3e492cb5d0874ef18c66a422f85f190f - - default default] 10.0.0.184 "GET /v2.0/trunks/5a13e553-2300-48f3-af25-ef61c5eb7e00/tags HTTP/1.1" status: 200 len: 230 time: 0.0201676
2026-06-30 19:11:35.561 9 INFO neutron.wsgi [req-d8ee88d9-281e-4b5e-ad1e-11849f251c2f req-bf3faf4d-38bf-44fd-929d-661def5ac1be 002d8814c906491586a2fc73e34df638 2e8c30e070594eea800af6805d7d2ae9 - - c8283192793441d78bd44d8b616a71f0 c8283192793441d78bd44d8b616a71f0] 199.204.45.78 "GET /v2.0/floatingips?fixed_ip_address=10.100.0.3&port_id=11797605-2665-4e00-b479-dfca11f52c5c HTTP/1.1" status: 200 len: 217 time: 0.0236692
2026-06-30 19:11:35.571 10 INFO neutron.wsgi [None req-7fe1a345-4b0a-4859-b03d-1a4ef1cc7bf4 b937a40da4f44e78ba8221082172da2b 3e492cb5d0874ef18c66a422f85f190f - - default default] 10.0.0.184 "GET /v2.0/trunks/5a13e553-2300-48f3-af25-ef61c5eb7e00/tags/red HTTP/1.1" status: 204 len: 168 time: 0.0289257
2026-06-30 19:11:35.598 10 INFO neutron.api.v2.resource [None req-d564106f-0d4b-4339-bafb-5e73d5dedecf b937a40da4f44e78ba8221082172da2b 3e492cb5d0874ef18c66a422f85f190f - - default default] show failed (client error): The resource could not be found.
2026-06-30 19:11:35.599 10 INFO neutron.wsgi [None req-d564106f-0d4b-4339-bafb-5e73d5dedecf b937a40da4f44e78ba8221082172da2b 3e492cb5d0874ef18c66a422f85f190f - - default default] 10.0.0.184 "GET /v2.0/trunks/5a13e553-2300-48f3-af25-ef61c5eb7e00/tags/green HTTP/1.1" status: 404 len: 299 time: 0.0223997
2026-06-30 19:11:35.609 9 INFO neutron.wsgi [req-d8ee88d9-281e-4b5e-ad1e-11849f251c2f req-58844249-3380-45f4-b853-f06aa03936a8 002d8814c906491586a2fc73e34df638 2e8c30e070594eea800af6805d7d2ae9 - - c8283192793441d78bd44d8b616a71f0 c8283192793441d78bd44d8b616a71f0] 199.204.45.78 "GET /v2.0/subnets?id=78568653-306e-49e2-8d9e-bf53ee8f9a7c HTTP/1.1" status: 200 len: 866 time: 0.0421929
2026-06-30 19:11:35.639 9 INFO neutron.wsgi [req-d8ee88d9-281e-4b5e-ad1e-11849f251c2f req-b194c823-4dd1-4906-8ef0-c8ed274bfc96 002d8814c906491586a2fc73e34df638 2e8c30e070594eea800af6805d7d2ae9 - - c8283192793441d78bd44d8b616a71f0 c8283192793441d78bd44d8b616a71f0] 199.204.45.78 "GET /v2.0/ports?network_id=4a00cf2f-4b0a-4c12-895a-813e99641047&device_owner=network%3Adhcp HTTP/1.1" status: 200 len: 210 time: 0.0235052
2026-06-30 19:11:35.649 10 INFO neutron.wsgi [None req-35c365dd-8b7d-4f93-b807-0049132c6d6f b937a40da4f44e78ba8221082172da2b 3e492cb5d0874ef18c66a422f85f190f - - default default] 10.0.0.184 "DELETE /v2.0/trunks/5a13e553-2300-48f3-af25-ef61c5eb7e00/tags/red HTTP/1.1" status: 204 len: 168 time: 0.0434239
2026-06-30 19:11:35.675 10 INFO neutron.wsgi [None req-c2f576a9-3e58-4d6c-b176-ebad58b657cf b937a40da4f44e78ba8221082172da2b 3e492cb5d0874ef18c66a422f85f190f - - default default] 10.0.0.184 "GET /v2.0/trunks/5a13e553-2300-48f3-af25-ef61c5eb7e00/tags HTTP/1.1" status: 200 len: 223 time: 0.0208712
2026-06-30 19:11:35.702 10 INFO neutron.api.v2.resource [None req-ef173d7b-76e8-4189-b2ab-a22ab676c716 b937a40da4f44e78ba8221082172da2b 3e492cb5d0874ef18c66a422f85f190f - - default default] delete failed (client error): The resource could not be found.
2026-06-30 19:11:35.704 10 INFO neutron.wsgi [None req-ef173d7b-76e8-4189-b2ab-a22ab676c716 b937a40da4f44e78ba8221082172da2b 3e492cb5d0874ef18c66a422f85f190f - - default default] 10.0.0.184 "DELETE /v2.0/trunks/5a13e553-2300-48f3-af25-ef61c5eb7e00/tags/green HTTP/1.1" status: 404 len: 299 time: 0.0233757
2026-06-30 19:11:35.718 9 INFO neutron.wsgi [req-2c8d63a8-c3f3-4ada-93cb-c90d925921d7 req-a6b13f31-2e44-4546-bf82-69263a8d8c7e f692366331704423a55a2f7af297eecf 1e2504fef9db453783d51bfaa2a69c2f - - default default] 10.0.0.32 "GET /v2.0/ports?device_id=ecd3ca4a-1aaf-4b90-8ab3-d2a0e34dcb5c HTTP/1.1" status: 200 len: 1208 time: 0.0438514
2026-06-30 19:11:35.726 9 INFO neutron.wsgi [req-d8ee88d9-281e-4b5e-ad1e-11849f251c2f req-c9dfb947-29d0-499b-8521-35c6a6a162d0 002d8814c906491586a2fc73e34df638 2e8c30e070594eea800af6805d7d2ae9 - - c8283192793441d78bd44d8b616a71f0 c8283192793441d78bd44d8b616a71f0] 199.204.45.78 "GET /v2.0/networks/4a00cf2f-4b0a-4c12-895a-813e99641047?fields=segments HTTP/1.1" status: 200 len: 212 time: 0.0796626
2026-06-30 19:11:35.745 10 INFO neutron.wsgi [None req-3df85c2b-edb8-4e23-a3bc-5a305c8606ad b937a40da4f44e78ba8221082172da2b 3e492cb5d0874ef18c66a422f85f190f - - default default] 10.0.0.184 "DELETE /v2.0/trunks/5a13e553-2300-48f3-af25-ef61c5eb7e00/tags HTTP/1.1" status: 204 len: 168 time: 0.0351832
2026-06-30 19:11:35.768 10 INFO neutron.wsgi [None req-5115d651-a652-4a1f-b547-dbd302e36bda b937a40da4f44e78ba8221082172da2b 3e492cb5d0874ef18c66a422f85f190f - - default default] 10.0.0.184 "GET /v2.0/trunks/5a13e553-2300-48f3-af25-ef61c5eb7e00/tags HTTP/1.1" status: 200 len: 205 time: 0.0191908
2026-06-30 19:11:35.796 9 INFO neutron.wsgi [req-2c8d63a8-c3f3-4ada-93cb-c90d925921d7 req-b2b00b84-794e-408b-a83b-754bf6cc5f72 f692366331704423a55a2f7af297eecf 1e2504fef9db453783d51bfaa2a69c2f - - default default] 10.0.0.32 "GET /v2.0/security-groups?id=19d25493-85cb-4c21-b95f-3839203c863d&id=60f93fb7-5867-4f07-9531-6bc50506a87b&fields=id&fields=name HTTP/1.1" status: 200 len: 406 time: 0.0694263
2026-06-30 19:11:35.803 10 INFO neutron.wsgi [None req-ee900677-6704-4235-b9d6-312a08cd1a6c b937a40da4f44e78ba8221082172da2b 3e492cb5d0874ef18c66a422f85f190f - - default default] 10.0.0.184 "GET /v2.0/trunks/5a13e553-2300-48f3-af25-ef61c5eb7e00 HTTP/1.1" status: 200 len: 603 time: 0.0216179
2026-06-30 19:11:35.811 9 INFO neutron.wsgi [req-d8ee88d9-281e-4b5e-ad1e-11849f251c2f req-6b138943-b1bb-4f2d-8a87-b8ae2c414cef 002d8814c906491586a2fc73e34df638 2e8c30e070594eea800af6805d7d2ae9 - - c8283192793441d78bd44d8b616a71f0 c8283192793441d78bd44d8b616a71f0] 199.204.45.78 "GET /v2.0/networks/4a00cf2f-4b0a-4c12-895a-813e99641047?fields=provider%3Aphysical_network&fields=provider%3Anetwork_type HTTP/1.1" status: 200 len: 277 time: 0.0797391
2026-06-30 19:11:35.917 10 INFO neutron.wsgi [None req-a9e84e41-7055-465f-91af-8802528cb102 b937a40da4f44e78ba8221082172da2b 3e492cb5d0874ef18c66a422f85f190f - - default default] 10.0.0.184 "GET /v2.0/ports/b87038b7-606b-40e6-9b2a-7a972c1f213f HTTP/1.1" status: 200 len: 1020 time: 0.1097379
2026-06-30 19:11:36.009 9 INFO neutron.wsgi [req-8e49ae36-0de0-47f4-92da-ed0be85dde16 req-83869446-174c-4b20-8e58-cc3929344ed8 002d8814c906491586a2fc73e34df638 2e8c30e070594eea800af6805d7d2ae9 - - c8283192793441d78bd44d8b616a71f0 c8283192793441d78bd44d8b616a71f0] 199.204.45.78 "GET /v2.0/ports?device_id=ecd3ca4a-1aaf-4b90-8ab3-d2a0e34dcb5c HTTP/1.1" status: 200 len: 1446 time: 0.0360048
2026-06-30 19:11:36.041 10 INFO neutron.wsgi [None req-f549318d-fde3-4386-a742-a21cf95704ac b937a40da4f44e78ba8221082172da2b 3e492cb5d0874ef18c66a422f85f190f - - default default] 10.0.0.184 "DELETE /v2.0/trunks/5a13e553-2300-48f3-af25-ef61c5eb7e00 HTTP/1.1" status: 204 len: 168 time: 0.1175981
2026-06-30 19:11:36.080 9 INFO neutron.wsgi [req-8e49ae36-0de0-47f4-92da-ed0be85dde16 req-7b289af2-23c9-4967-84ab-2ba9e5aa5f0a 002d8814c906491586a2fc73e34df638 2e8c30e070594eea800af6805d7d2ae9 - - c8283192793441d78bd44d8b616a71f0 c8283192793441d78bd44d8b616a71f0] 199.204.45.78 "GET /v2.0/security-groups?id=60f93fb7-5867-4f07-9531-6bc50506a87b&id=19d25493-85cb-4c21-b95f-3839203c863d&fields=id&fields=name HTTP/1.1" status: 200 len: 406 time: 0.0617783
2026-06-30 19:11:36.105 9 INFO neutron.notifiers.nova [-] Nova event matching ['req-3371f8cd-5953-4c80-a0ca-2a0ab942c4bd'] response: {'name': 'network-changed', 'server_uuid': 'ecd3ca4a-1aaf-4b90-8ab3-d2a0e34dcb5c', 'tag': '11797605-2665-4e00-b479-dfca11f52c5c', 'status': 'completed', 'code': 200}
2026-06-30 19:11:36.225 9 INFO neutron.wsgi [req-372f951e-3050-491f-87df-c7b30706c4f8 req-571d7ad2-717c-442a-b783-f0091a202e36 002d8814c906491586a2fc73e34df638 2e8c30e070594eea800af6805d7d2ae9 - - c8283192793441d78bd44d8b616a71f0 c8283192793441d78bd44d8b616a71f0] 199.204.45.78 "GET /v2.0/ports?tenant_id=1e2504fef9db453783d51bfaa2a69c2f&device_id=ecd3ca4a-1aaf-4b90-8ab3-d2a0e34dcb5c HTTP/1.1" status: 200 len: 1446 time: 0.0495527
2026-06-30 19:11:36.239 10 INFO neutron.plugins.ml2.drivers.ovn.mech_driver.mech_driver [None req-9f081d2a-004e-4fe8-bf5c-fc51a6b8af4c - - - - - -] OVN reports status up for port: 11797605-2665-4e00-b479-dfca11f52c5c
2026-06-30 19:11:36.274 10 INFO neutron.plugins.ml2.plugin [None req-9f081d2a-004e-4fe8-bf5c-fc51a6b8af4c - - - - - -] Attempt 1 to provision port 11797605-2665-4e00-b479-dfca11f52c5c
2026-06-30 19:11:36.301 10 INFO neutron.wsgi [None req-b38407be-25c4-401e-ac96-68627ce914db b937a40da4f44e78ba8221082172da2b 3e492cb5d0874ef18c66a422f85f190f - - default default] 10.0.0.184 "DELETE /v2.0/ports/b87038b7-606b-40e6-9b2a-7a972c1f213f HTTP/1.1" status: 204 len: 168 time: 0.2549784
2026-06-30 19:11:36.338 9 INFO neutron.wsgi [req-372f951e-3050-491f-87df-c7b30706c4f8 req-6376e2d3-8d63-4f80-83de-88096665e332 002d8814c906491586a2fc73e34df638 2e8c30e070594eea800af6805d7d2ae9 - - c8283192793441d78bd44d8b616a71f0 c8283192793441d78bd44d8b616a71f0] 199.204.45.78 "GET /v2.0/networks?id=4a00cf2f-4b0a-4c12-895a-813e99641047 HTTP/1.1" status: 200 len: 971 time: 0.0969753
2026-06-30 19:11:36.379 9 INFO neutron.wsgi [req-372f951e-3050-491f-87df-c7b30706c4f8 req-ec1e71cf-4b9b-4327-9523-ccbf40bb25d0 002d8814c906491586a2fc73e34df638 2e8c30e070594eea800af6805d7d2ae9 - - c8283192793441d78bd44d8b616a71f0 c8283192793441d78bd44d8b616a71f0] 199.204.45.78 "GET /v2.0/floatingips?fixed_ip_address=10.100.0.3&port_id=11797605-2665-4e00-b479-dfca11f52c5c HTTP/1.1" status: 200 len: 217 time: 0.0309243
2026-06-30 19:11:36.414 10 INFO neutron.notifiers.nova [-] Nova event matching ['req-01c08e89-9ece-4b8e-a928-bd011084368b'] response: {'server_uuid': 'ecd3ca4a-1aaf-4b90-8ab3-d2a0e34dcb5c', 'name': 'network-vif-plugged', 'status': 'completed', 'tag': '11797605-2665-4e00-b479-dfca11f52c5c', 'code': 200}
2026-06-30 19:11:36.442 9 INFO neutron.wsgi [req-372f951e-3050-491f-87df-c7b30706c4f8 req-70893337-084b-41c2-8a2c-d52b786f4a9b 002d8814c906491586a2fc73e34df638 2e8c30e070594eea800af6805d7d2ae9 - - c8283192793441d78bd44d8b616a71f0 c8283192793441d78bd44d8b616a71f0] 199.204.45.78 "GET /v2.0/subnets?id=78568653-306e-49e2-8d9e-bf53ee8f9a7c HTTP/1.1" status: 200 len: 866 time: 0.0539041
2026-06-30 19:11:36.477 9 INFO neutron.wsgi [req-372f951e-3050-491f-87df-c7b30706c4f8 req-977e9f41-9e28-44e2-ac62-c51f2d4be7c8 002d8814c906491586a2fc73e34df638 2e8c30e070594eea800af6805d7d2ae9 - - c8283192793441d78bd44d8b616a71f0 c8283192793441d78bd44d8b616a71f0] 199.204.45.78 "GET /v2.0/ports?network_id=4a00cf2f-4b0a-4c12-895a-813e99641047&device_owner=network%3Adhcp HTTP/1.1" status: 200 len: 210 time: 0.0259082
2026-06-30 19:11:36.582 9 INFO neutron.wsgi [req-372f951e-3050-491f-87df-c7b30706c4f8 req-9269e7df-8b0a-4772-a772-4d6e7f30e1fb 002d8814c906491586a2fc73e34df638 2e8c30e070594eea800af6805d7d2ae9 - - c8283192793441d78bd44d8b616a71f0 c8283192793441d78bd44d8b616a71f0] 199.204.45.78 "GET /v2.0/networks/4a00cf2f-4b0a-4c12-895a-813e99641047?fields=segments HTTP/1.1" status: 200 len: 212 time: 0.0953479
2026-06-30 19:11:36.588 10 INFO neutron.db.ovn_revision_numbers_db [None req-9f081d2a-004e-4fe8-bf5c-fc51a6b8af4c - - - - - -] Successfully bumped revision number for resource 11797605-2665-4e00-b479-dfca11f52c5c (type: ports) to 4
2026-06-30 19:11:36.662 9 INFO neutron.wsgi [req-372f951e-3050-491f-87df-c7b30706c4f8 req-3c7fb3ee-30bf-402d-9939-318d198e4e21 002d8814c906491586a2fc73e34df638 2e8c30e070594eea800af6805d7d2ae9 - - c8283192793441d78bd44d8b616a71f0 c8283192793441d78bd44d8b616a71f0] 199.204.45.78 "GET /v2.0/networks/4a00cf2f-4b0a-4c12-895a-813e99641047?fields=provider%3Aphysical_network&fields=provider%3Anetwork_type HTTP/1.1" status: 200 len: 277 time: 0.0631709
2026-06-30 19:11:36.821 9 INFO neutron.services.segments.plugin [-] Segment 6522de56-625f-4e85-9334-e419e49307df resource provider aggregate not found
2026-06-30 19:11:36.827 9 INFO neutron.services.segments.plugin [-] Segment 6522de56-625f-4e85-9334-e419e49307df resource provider aggregate not found
2026-06-30 19:11:36.835 9 INFO neutron.services.segments.plugin [-] Segment 6522de56-625f-4e85-9334-e419e49307df resource provider not found; error: Placement Client Error (4xx): {"errors": [{"status": 404, "title": "Not Found", "detail": "The resource could not be found.\n\n No resource provider with uuid 6522de56-625f-4e85-9334-e419e49307df found for delete ", "request_id": "req-ca67c1e4-deb6-42bc-a1a5-8cc23c8dfcf4"}]}
2026-06-30 19:11:36.842 9 INFO neutron.services.segments.plugin [-] Segment 6522de56-625f-4e85-9334-e419e49307df resource provider not found; error: Placement Client Error (4xx): {"errors": [{"status": 404, "title": "Not Found", "detail": "The resource could not be found.\n\n No resource provider with uuid 6522de56-625f-4e85-9334-e419e49307df found for delete ", "request_id": "req-fbda84ed-6588-4e9c-931a-7d8ede456920"}]}
2026-06-30 19:11:36.880 9 INFO neutron.wsgi [None req-25beebfa-f2ef-486a-a754-f32ef3991813 b937a40da4f44e78ba8221082172da2b 3e492cb5d0874ef18c66a422f85f190f - - default default] 10.0.0.184 "DELETE /v2.0/networks/47b4c8e6-2277-4e28-825b-d701ddd9f059 HTTP/1.1" status: 204 len: 168 time: 0.5681803
2026-06-30 19:11:36.997 9 INFO neutron.wsgi [req-cd23322c-67e2-42de-a44f-c8fc77f2646e req-7a830d57-f128-49b4-843c-231510b424a4 f692366331704423a55a2f7af297eecf 1e2504fef9db453783d51bfaa2a69c2f - - default default] 10.0.0.32 "GET /v2.0/ports?device_id=ecd3ca4a-1aaf-4b90-8ab3-d2a0e34dcb5c HTTP/1.1" status: 200 len: 1210 time: 0.1084449
2026-06-30 19:11:37.062 9 INFO neutron.wsgi [req-cd23322c-67e2-42de-a44f-c8fc77f2646e req-429d01b8-b4a0-4a18-89ad-76f3d0c3a716 f692366331704423a55a2f7af297eecf 1e2504fef9db453783d51bfaa2a69c2f - - default default] 10.0.0.32 "GET /v2.0/security-groups?id=19d25493-85cb-4c21-b95f-3839203c863d&id=60f93fb7-5867-4f07-9531-6bc50506a87b&fields=id&fields=name HTTP/1.1" status: 200 len: 406 time: 0.0561452 /var/lib/openstack/lib/python3.10/site-packages/pycadf/identifier.py:71: UserWarning: Invalid uuid: neutron. To ensure interoperability, identifiers should be a valid uuid. warnings.warn(('Invalid uuid: %s. To ensure interoperability, '
2026-06-30 19:11:37.891 10 INFO neutron.db.ovn_revision_numbers_db [None req-602c9ee9-da98-4966-b8aa-6889228b20d4 b129833bdb694860913f07e824c57854 a3cd5a73218e499391d5f3e620430459 - - default default] Successfully bumped revision number for resource 4d1b2f18-9a7d-4af7-b2ab-0fcbbf9c59ae (type: security_groups) to 1
2026-06-30 19:11:37.917 10 INFO neutron.db.ovn_revision_numbers_db [None req-602c9ee9-da98-4966-b8aa-6889228b20d4 b129833bdb694860913f07e824c57854 a3cd5a73218e499391d5f3e620430459 - - default default] Successfully bumped revision number for resource 14115e02-1ca7-4c10-8b73-c6a8176317ea (type: security_group_rules) to 0
2026-06-30 19:11:37.937 10 INFO neutron.db.ovn_revision_numbers_db [None req-602c9ee9-da98-4966-b8aa-6889228b20d4 b129833bdb694860913f07e824c57854 a3cd5a73218e499391d5f3e620430459 - - default default] Successfully bumped revision number for resource 1cddc595-1686-4f59-9270-193e7453471b (type: security_group_rules) to 0
2026-06-30 19:11:37.957 10 INFO neutron.db.ovn_revision_numbers_db [None req-602c9ee9-da98-4966-b8aa-6889228b20d4 b129833bdb694860913f07e824c57854 a3cd5a73218e499391d5f3e620430459 - - default default] Successfully bumped revision number for resource 661fe425-b209-4215-bc45-94b9e63b0b52 (type: security_group_rules) to 0
2026-06-30 19:11:37.979 10 INFO neutron.db.ovn_revision_numbers_db [None req-602c9ee9-da98-4966-b8aa-6889228b20d4 b129833bdb694860913f07e824c57854 a3cd5a73218e499391d5f3e620430459 - - default default] Successfully bumped revision number for resource b2f1a5ff-d81a-4a5d-858b-7685c429aea4 (type: security_group_rules) to 0
2026-06-30 19:11:38.010 10 INFO neutron.wsgi [None req-602c9ee9-da98-4966-b8aa-6889228b20d4 b129833bdb694860913f07e824c57854 a3cd5a73218e499391d5f3e620430459 - - default default] 10.0.0.184 "GET /v2.0/security-groups?tenant_id=b2862fcb3c60473194757fe041c7e433&name=default HTTP/1.1" status: 200 len: 2996 time: 0.3530118
2026-06-30 19:11:38.205 9 INFO neutron.wsgi [req-c01aa06d-0ecd-438a-92ff-0e7d0b19b1ce req-09fe7665-1a3f-4a69-b45d-65ba082461d7 f692366331704423a55a2f7af297eecf 1e2504fef9db453783d51bfaa2a69c2f - - default default] 10.0.0.32 "GET /v2.0/ports?device_id=ecd3ca4a-1aaf-4b90-8ab3-d2a0e34dcb5c HTTP/1.1" status: 200 len: 1210 time: 0.0582840
2026-06-30 19:11:38.248 10 INFO neutron.wsgi [None req-734b2cd8-3dfd-4dbc-a5c2-69e3e7b44c99 b129833bdb694860913f07e824c57854 a3cd5a73218e499391d5f3e620430459 - - default default] 10.0.0.184 "DELETE /v2.0/security-groups/4d1b2f18-9a7d-4af7-b2ab-0fcbbf9c59ae HTTP/1.1" status: 204 len: 168 time: 0.2266152
2026-06-30 19:11:38.268 9 INFO neutron.wsgi [req-c01aa06d-0ecd-438a-92ff-0e7d0b19b1ce req-bc5be0c5-4f5e-4f18-8bcc-1d462fba72de f692366331704423a55a2f7af297eecf 1e2504fef9db453783d51bfaa2a69c2f - - default default] 10.0.0.32 "GET /v2.0/security-groups?id=19d25493-85cb-4c21-b95f-3839203c863d&id=60f93fb7-5867-4f07-9531-6bc50506a87b&fields=id&fields=name HTTP/1.1" status: 200 len: 406 time: 0.0547452
2026-06-30 19:11:38.384 9 INFO neutron.wsgi [req-c408e003-00d3-4160-9e90-27090c329f8f req-449cd24a-b32e-479d-a721-3a4d41d2ed01 f692366331704423a55a2f7af297eecf 1e2504fef9db453783d51bfaa2a69c2f - - default default] 10.0.0.32 "GET /v2.0/ports?device_id=ecd3ca4a-1aaf-4b90-8ab3-d2a0e34dcb5c HTTP/1.1" status: 200 len: 1210 time: 0.0487511
2026-06-30 19:11:38.400 9 INFO neutron.wsgi [None req-68391615-6a62-4548-97aa-5e8a81a58a4f b129833bdb694860913f07e824c57854 a3cd5a73218e499391d5f3e620430459 - - default default] 10.0.0.184 "GET /v2.0/security-groups?tenant_id=3e492cb5d0874ef18c66a422f85f190f&name=default HTTP/1.1" status: 200 len: 2996 time: 0.0499473
2026-06-30 19:11:38.482 10 INFO neutron.notifiers.nova [-] Nova event matching ['req-1c4ac471-c811-4cab-9439-42bb6170c853'] response: {'server_uuid': 'ecd3ca4a-1aaf-4b90-8ab3-d2a0e34dcb5c', 'name': 'network-vif-plugged', 'status': 'completed', 'tag': '11797605-2665-4e00-b479-dfca11f52c5c', 'code': 200}
2026-06-30 19:11:38.627 9 INFO neutron.wsgi [None req-c5858a6b-f9c5-45c7-b0be-951c091f10c1 b129833bdb694860913f07e824c57854 a3cd5a73218e499391d5f3e620430459 - - default default] 10.0.0.184 "DELETE /v2.0/security-groups/4fbb0dcc-8da1-4929-82a1-1d3cbcdb612b HTTP/1.1" status: 204 len: 168 time: 0.2194452
2026-06-30 19:11:38.668 10 INFO neutron.db.l3_db [None req-486219d7-e120-4733-ac4e-5c7f96605b20 f692366331704423a55a2f7af297eecf 1e2504fef9db453783d51bfaa2a69c2f - - default default] Floating IP a2703de7-db58-4fee-b91f-67cd3c069bac associated. External IP: 10.96.250.216, port: 11797605-2665-4e00-b479-dfca11f52c5c.
2026-06-30 19:11:38.875 10 INFO neutron.db.ovn_revision_numbers_db [None req-486219d7-e120-4733-ac4e-5c7f96605b20 f692366331704423a55a2f7af297eecf 1e2504fef9db453783d51bfaa2a69c2f - - default default] Successfully bumped revision number for resource a2703de7-db58-4fee-b91f-67cd3c069bac (type: floatingips) to 1
2026-06-30 19:11:39.009 10 INFO neutron.db.ovn_revision_numbers_db [None req-486219d7-e120-4733-ac4e-5c7f96605b20 f692366331704423a55a2f7af297eecf 1e2504fef9db453783d51bfaa2a69c2f - - default default] Successfully bumped revision number for resource a2703de7-db58-4fee-b91f-67cd3c069bac (type: floatingips) to 2
2026-06-30 19:11:39.042 10 INFO neutron.wsgi [None req-486219d7-e120-4733-ac4e-5c7f96605b20 f692366331704423a55a2f7af297eecf 1e2504fef9db453783d51bfaa2a69c2f - - default default] 10.0.0.184 "PUT /v2.0/floatingips/a2703de7-db58-4fee-b91f-67cd3c069bac HTTP/1.1" status: 200 len: 1049 time: 0.6425514 /var/lib/openstack/lib/python3.10/site-packages/pycadf/identifier.py:71: UserWarning: Invalid uuid: neutron. To ensure interoperability, identifiers should be a valid uuid. warnings.warn(('Invalid uuid: %s. To ensure interoperability, '
2026-06-30 19:11:40.166 9 INFO neutron.wsgi [req-37873202-cc40-4a9b-8ed4-da3c4ea402be req-8ca2516c-5fd2-4c35-a9ea-39caac11c48b 002d8814c906491586a2fc73e34df638 2e8c30e070594eea800af6805d7d2ae9 - - c8283192793441d78bd44d8b616a71f0 c8283192793441d78bd44d8b616a71f0] 199.204.45.78 "GET /v2.0/ports?device_id=54c39cf4-eeaa-4d52-881d-5c19060dc614&fields=binding%3Ahost_id&fields=binding%3Avif_type HTTP/1.1" status: 200 len: 265 time: 0.0362482
2026-06-30 19:11:40.274 9 INFO neutron.wsgi [req-37873202-cc40-4a9b-8ed4-da3c4ea402be req-c23ba383-135c-463e-a80c-08d84b93aab1 002d8814c906491586a2fc73e34df638 2e8c30e070594eea800af6805d7d2ae9 - - c8283192793441d78bd44d8b616a71f0 c8283192793441d78bd44d8b616a71f0] 199.204.45.78 "GET /v2.0/ports?tenant_id=6b37d144137d4f63bdb6e69354ff24bc&device_id=54c39cf4-eeaa-4d52-881d-5c19060dc614 HTTP/1.1" status: 200 len: 1638 time: 0.0621037
2026-06-30 19:11:40.375 9 INFO neutron.wsgi [req-37873202-cc40-4a9b-8ed4-da3c4ea402be req-ef2b4895-dcd5-4ef8-a8f4-659cb9c31403 002d8814c906491586a2fc73e34df638 2e8c30e070594eea800af6805d7d2ae9 - - c8283192793441d78bd44d8b616a71f0 c8283192793441d78bd44d8b616a71f0] 199.204.45.78 "GET /v2.0/networks?id=8a1f2292-1f17-44c7-932b-01c6bc730438 HTTP/1.1" status: 200 len: 1003 time: 0.0824895
2026-06-30 19:11:40.458 9 INFO neutron.wsgi [req-37873202-cc40-4a9b-8ed4-da3c4ea402be req-742fcdb3-fcc1-4805-9313-49b8db7d55f4 002d8814c906491586a2fc73e34df638 2e8c30e070594eea800af6805d7d2ae9 - - c8283192793441d78bd44d8b616a71f0 c8283192793441d78bd44d8b616a71f0] 199.204.45.78 "GET /v2.0/floatingips?fixed_ip_address=10.2.1.250&port_id=b5c11d9d-17a2-4a09-839e-e9a1a0ca61e5 HTTP/1.1" status: 200 len: 1059 time: 0.0745795
2026-06-30 19:11:40.498 9 INFO neutron.wsgi [req-37873202-cc40-4a9b-8ed4-da3c4ea402be req-bdd979b9-b975-4d68-a453-ecb3642b0e0f 002d8814c906491586a2fc73e34df638 2e8c30e070594eea800af6805d7d2ae9 - - c8283192793441d78bd44d8b616a71f0 c8283192793441d78bd44d8b616a71f0] 199.204.45.78 "GET /v2.0/floatingips?fixed_ip_address=fd7b%3Af9f7%3Afff%3A4eca%3A%3A3e7&port_id=b5c11d9d-17a2-4a09-839e-e9a1a0ca61e5 HTTP/1.1" status: 200 len: 217 time: 0.0329502
2026-06-30 19:11:40.538 10 INFO neutron.notifiers.nova [-] Nova event matching ['req-4e0e1c8f-0789-4cf5-bd7d-8f0823c23905'] response: {'name': 'network-changed', 'server_uuid': 'ecd3ca4a-1aaf-4b90-8ab3-d2a0e34dcb5c', 'tag': '11797605-2665-4e00-b479-dfca11f52c5c', 'status': 'completed', 'code': 200}
2026-06-30 19:11:40.556 9 INFO neutron.wsgi [req-37873202-cc40-4a9b-8ed4-da3c4ea402be req-cc70dca7-30b3-45c8-a923-83f9adaeb199 002d8814c906491586a2fc73e34df638 2e8c30e070594eea800af6805d7d2ae9 - - c8283192793441d78bd44d8b616a71f0 c8283192793441d78bd44d8b616a71f0] 199.204.45.78 "GET /v2.0/subnets?id=760fbf37-c686-4425-b8d2-ad68f763aa72&id=f37d031f-8120-41f7-9df1-a61b08be8666 HTTP/1.1" status: 200 len: 1562 time: 0.0536265
2026-06-30 19:11:40.582 9 INFO neutron.wsgi [req-37873202-cc40-4a9b-8ed4-da3c4ea402be req-475cce50-4c3f-4686-86f8-e6863413dc28 002d8814c906491586a2fc73e34df638 2e8c30e070594eea800af6805d7d2ae9 - - c8283192793441d78bd44d8b616a71f0 c8283192793441d78bd44d8b616a71f0] 199.204.45.78 "GET /v2.0/ports?network_id=8a1f2292-1f17-44c7-932b-01c6bc730438&device_owner=network%3Adhcp HTTP/1.1" status: 200 len: 210 time: 0.0208032
2026-06-30 19:11:40.609 9 INFO neutron.wsgi [req-37873202-cc40-4a9b-8ed4-da3c4ea402be req-f2bebbc8-951c-4398-a3f8-ab801864750f 002d8814c906491586a2fc73e34df638 2e8c30e070594eea800af6805d7d2ae9 - - c8283192793441d78bd44d8b616a71f0 c8283192793441d78bd44d8b616a71f0] 199.204.45.78 "GET /v2.0/ports?network_id=8a1f2292-1f17-44c7-932b-01c6bc730438&device_owner=network%3Adhcp HTTP/1.1" status: 200 len: 210 time: 0.0218067
2026-06-30 19:11:40.632 10 INFO neutron.wsgi [req-1f056c49-3a37-4cba-aba3-f56d2216bf4b req-9b157323-722b-40a4-8fd2-c1b122acf348 002d8814c906491586a2fc73e34df638 2e8c30e070594eea800af6805d7d2ae9 - - c8283192793441d78bd44d8b616a71f0 c8283192793441d78bd44d8b616a71f0] 199.204.45.78 "GET /v2.0/ports?tenant_id=1e2504fef9db453783d51bfaa2a69c2f&device_id=ecd3ca4a-1aaf-4b90-8ab3-d2a0e34dcb5c HTTP/1.1" status: 200 len: 1448 time: 0.0759928
2026-06-30 19:11:40.683 9 INFO neutron.wsgi [req-37873202-cc40-4a9b-8ed4-da3c4ea402be req-cffb6239-83dd-4046-8f8b-289f33f68546 002d8814c906491586a2fc73e34df638 2e8c30e070594eea800af6805d7d2ae9 - - c8283192793441d78bd44d8b616a71f0 c8283192793441d78bd44d8b616a71f0] 199.204.45.78 "GET /v2.0/networks/8a1f2292-1f17-44c7-932b-01c6bc730438?fields=segments HTTP/1.1" status: 200 len: 212 time: 0.0673628
2026-06-30 19:11:40.712 10 INFO neutron.wsgi [req-1f056c49-3a37-4cba-aba3-f56d2216bf4b req-544f00dd-0cd8-4b85-a483-f3df9e1bf610 002d8814c906491586a2fc73e34df638 2e8c30e070594eea800af6805d7d2ae9 - - c8283192793441d78bd44d8b616a71f0 c8283192793441d78bd44d8b616a71f0] 199.204.45.78 "GET /v2.0/networks?id=4a00cf2f-4b0a-4c12-895a-813e99641047 HTTP/1.1" status: 200 len: 971 time: 0.0715032
2026-06-30 19:11:40.773 9 INFO neutron.wsgi [req-37873202-cc40-4a9b-8ed4-da3c4ea402be req-df14ff51-2d40-476a-bd1c-1ceeb1356e01 002d8814c906491586a2fc73e34df638 2e8c30e070594eea800af6805d7d2ae9 - - c8283192793441d78bd44d8b616a71f0 c8283192793441d78bd44d8b616a71f0] 199.204.45.78 "GET /v2.0/networks/8a1f2292-1f17-44c7-932b-01c6bc730438?fields=provider%3Aphysical_network&fields=provider%3Anetwork_type HTTP/1.1" status: 200 len: 277 time: 0.0824482
2026-06-30 19:11:40.779 10 INFO neutron.wsgi [req-1f056c49-3a37-4cba-aba3-f56d2216bf4b req-be28b198-3686-4334-83b8-da9ce3db65b8 002d8814c906491586a2fc73e34df638 2e8c30e070594eea800af6805d7d2ae9 - - c8283192793441d78bd44d8b616a71f0 c8283192793441d78bd44d8b616a71f0] 199.204.45.78 "GET /v2.0/floatingips?fixed_ip_address=10.100.0.3&port_id=11797605-2665-4e00-b479-dfca11f52c5c HTTP/1.1" status: 200 len: 1059 time: 0.0594900
2026-06-30 19:11:40.839 10 INFO neutron.wsgi [req-1f056c49-3a37-4cba-aba3-f56d2216bf4b req-4bb09c73-dfe4-4090-b478-a53a58d593ac 002d8814c906491586a2fc73e34df638 2e8c30e070594eea800af6805d7d2ae9 - - c8283192793441d78bd44d8b616a71f0 c8283192793441d78bd44d8b616a71f0] 199.204.45.78 "GET /v2.0/subnets?id=78568653-306e-49e2-8d9e-bf53ee8f9a7c HTTP/1.1" status: 200 len: 866 time: 0.0515208
2026-06-30 19:11:40.865 10 INFO neutron.wsgi [req-1f056c49-3a37-4cba-aba3-f56d2216bf4b req-c377b053-417e-41af-851e-509f1c15c324 002d8814c906491586a2fc73e34df638 2e8c30e070594eea800af6805d7d2ae9 - - c8283192793441d78bd44d8b616a71f0 c8283192793441d78bd44d8b616a71f0] 199.204.45.78 "GET /v2.0/ports?network_id=4a00cf2f-4b0a-4c12-895a-813e99641047&device_owner=network%3Adhcp HTTP/1.1" status: 200 len: 210 time: 0.0205612
2026-06-30 19:11:40.939 10 INFO neutron.wsgi [req-1f056c49-3a37-4cba-aba3-f56d2216bf4b req-f309bda2-e600-44f9-89d5-3494b2fb1542 002d8814c906491586a2fc73e34df638 2e8c30e070594eea800af6805d7d2ae9 - - c8283192793441d78bd44d8b616a71f0 c8283192793441d78bd44d8b616a71f0] 199.204.45.78 "GET /v2.0/networks/4a00cf2f-4b0a-4c12-895a-813e99641047?fields=segments HTTP/1.1" status: 200 len: 212 time: 0.0681074
2026-06-30 19:11:41.025 10 INFO neutron.wsgi [req-1f056c49-3a37-4cba-aba3-f56d2216bf4b req-2d4f7304-ca68-499b-9935-ab943c46d384 002d8814c906491586a2fc73e34df638 2e8c30e070594eea800af6805d7d2ae9 - - c8283192793441d78bd44d8b616a71f0 c8283192793441d78bd44d8b616a71f0] 199.204.45.78 "GET /v2.0/networks/4a00cf2f-4b0a-4c12-895a-813e99641047?fields=provider%3Aphysical_network&fields=provider%3Anetwork_type HTTP/1.1" status: 200 len: 277 time: 0.0797358
2026-06-30 19:11:41.787 10 WARNING neutron_lib.context [None req-d3f2204f-b901-4de3-84e8-408044cb0a47 e7502072da0148aea0bcd9b13356268d 6b37d144137d4f63bdb6e69354ff24bc - - default default] Method 'is_advsvc' is deprecated since 2023.2 release (neutron-lib 3.8.0) and will be removed once support for the old RBAC API policies will be removed from Neutron. Please use method 'is_service_role' instead.
2026-06-30 19:11:42.108 10 WARNING neutron.scheduler.dhcp_agent_scheduler [None req-d3f2204f-b901-4de3-84e8-408044cb0a47 e7502072da0148aea0bcd9b13356268d 6b37d144137d4f63bdb6e69354ff24bc - - default default] No more DHCP agents
2026-06-30 19:11:42.110 10 WARNING neutron.api.rpc.agentnotifiers.dhcp_rpc_agent_api [None req-d3f2204f-b901-4de3-84e8-408044cb0a47 e7502072da0148aea0bcd9b13356268d 6b37d144137d4f63bdb6e69354ff24bc - - default default] Unable to schedule network 4bbe7b58-edde-4517-bc73-12452217406b: no agents available; will retry on subsequent port and subnet creation events.
2026-06-30 19:11:42.534 10 INFO neutron.db.l3_db [None req-d3f2204f-b901-4de3-84e8-408044cb0a47 e7502072da0148aea0bcd9b13356268d 6b37d144137d4f63bdb6e69354ff24bc - - default default] Floating IP e75b3c08-2548-4372-9072-d255b53d0f58 associated. External IP: 10.96.250.204, port: 61ed7eb2-7322-40c4-ba80-c2ab2d7dd1dd.
2026-06-30 19:11:42.726 9 INFO neutron.wsgi [-] 10.0.0.95 "GET / HTTP/1.1" status: 200 len: 246 time: 0.0016227
2026-06-30 19:11:42.728 9 INFO neutron.wsgi [-] 10.0.0.95 "GET / HTTP/1.1" status: 200 len: 246 time: 0.0010536
2026-06-30 19:11:43.242 10 INFO neutron.db.ovn_revision_numbers_db [None req-d3f2204f-b901-4de3-84e8-408044cb0a47 e7502072da0148aea0bcd9b13356268d 6b37d144137d4f63bdb6e69354ff24bc - - default default] Successfully bumped revision number for resource e75b3c08-2548-4372-9072-d255b53d0f58 (type: floatingips) to 0
2026-06-30 19:11:43.377 10 INFO neutron.db.ovn_revision_numbers_db [None req-d3f2204f-b901-4de3-84e8-408044cb0a47 e7502072da0148aea0bcd9b13356268d 6b37d144137d4f63bdb6e69354ff24bc - - default default] Successfully bumped revision number for resource e75b3c08-2548-4372-9072-d255b53d0f58 (type: floatingips) to 1
2026-06-30 19:11:43.415 10 INFO neutron.wsgi [None req-d3f2204f-b901-4de3-84e8-408044cb0a47 e7502072da0148aea0bcd9b13356268d 6b37d144137d4f63bdb6e69354ff24bc - - default default] 10.0.0.184 "POST /v2.0/floatingips HTTP/1.1" status: 201 len: 1098 time: 1.6358035 /var/lib/openstack/lib/python3.10/site-packages/pycadf/identifier.py:71: UserWarning: Invalid uuid: neutron. To ensure interoperability, identifiers should be a valid uuid. warnings.warn(('Invalid uuid: %s. To ensure interoperability, '
2026-06-30 19:11:46.257 9 INFO neutron.wsgi [None req-e70aff97-5148-4909-88de-066d87302e60 b129833bdb694860913f07e824c57854 a3cd5a73218e499391d5f3e620430459 - - default default] 199.204.45.78 "GET /v2.0/extensions/security-group HTTP/1.1" status: 200 len: 369 time: 0.0116777
2026-06-30 19:11:46.269 9 INFO neutron.wsgi [None req-91971194-c7f7-42fd-a3f3-2eb695fefd8a b129833bdb694860913f07e824c57854 a3cd5a73218e499391d5f3e620430459 - - default default] 199.204.45.78 "GET /v2.0/extensions/dns-integration HTTP/1.1" status: 200 len: 371 time: 0.0061200
2026-06-30 19:11:46.277 9 INFO neutron.wsgi [None req-3a4b6e87-15c6-4f92-8bcd-acdfc59f4c5d b129833bdb694860913f07e824c57854 a3cd5a73218e499391d5f3e620430459 - - default default] 199.204.45.78 "GET /v2.0/extensions/qos HTTP/1.1" status: 200 len: 365 time: 0.0044773
2026-06-30 19:11:46.285 9 INFO neutron.wsgi [None req-6da00c70-b2d8-4aa5-a4de-97054e9fd2a4 b129833bdb694860913f07e824c57854 a3cd5a73218e499391d5f3e620430459 - - default default] 199.204.45.78 "GET /v2.0/extensions/allowed-address-pairs HTTP/1.1" status: 200 len: 383 time: 0.0044010
2026-06-30 19:11:46.302 9 INFO neutron.api.v2.resource [None req-868ac361-4477-482d-9806-535ca7883db8 b129833bdb694860913f07e824c57854 a3cd5a73218e499391d5f3e620430459 - - default default] show failed (client error): The resource could not be found.
2026-06-30 19:11:46.304 9 INFO neutron.wsgi [None req-868ac361-4477-482d-9806-535ca7883db8 b129833bdb694860913f07e824c57854 a3cd5a73218e499391d5f3e620430459 - - default default] 199.204.45.78 "GET /v2.0/security-groups/lb-142ba15b-aee3-428c-9d1c-065fd6c28e4d HTTP/1.1" status: 404 len: 355 time: 0.0131600
2026-06-30 19:11:46.353 9 INFO neutron.wsgi [None req-b56c06db-3025-4a2d-81a9-9b460c2ed69c b129833bdb694860913f07e824c57854 a3cd5a73218e499391d5f3e620430459 - - default default] 199.204.45.78 "GET /v2.0/security-groups?name=lb-142ba15b-aee3-428c-9d1c-065fd6c28e4d HTTP/1.1" status: 200 len: 1775 time: 0.0461421
2026-06-30 19:11:46.360 10 INFO neutron.db.ovn_revision_numbers_db [None req-ba771972-639d-4c81-8534-3a232876bb2c - - - - - -] Successfully bumped revision number for resource 61ed7eb2-7322-40c4-ba80-c2ab2d7dd1dd (type: ports) to 4
2026-06-30 19:11:46.387 9 INFO neutron.wsgi [None req-1364042d-7d3a-4ef5-a34d-1c6f3292a350 b129833bdb694860913f07e824c57854 a3cd5a73218e499391d5f3e620430459 - - default default] 199.204.45.78 "GET /v2.0/security-group-rules?security_group_id=8b806ddf-9f03-4600-ba4b-fd9f367565c4 HTTP/1.1" status: 200 len: 1318 time: 0.0290375
2026-06-30 19:11:46.510 9 INFO neutron.db.ovn_revision_numbers_db [None req-3a5fe6e6-cf6f-4b82-9e50-628033f4135b b129833bdb694860913f07e824c57854 a3cd5a73218e499391d5f3e620430459 - - default default] Successfully bumped revision number for resource f7a9766b-a022-4404-bc64-d7d186a4b42d (type: security_group_rules) to 0
2026-06-30 19:11:46.538 9 INFO neutron.wsgi [None req-3a5fe6e6-cf6f-4b82-9e50-628033f4135b b129833bdb694860913f07e824c57854 a3cd5a73218e499391d5f3e620430459 - - default default] 199.204.45.78 "POST /v2.0/security-group-rules HTTP/1.1" status: 201 len: 769 time: 0.1430364
2026-06-30 19:11:46.679 9 INFO neutron.db.ovn_revision_numbers_db [None req-4af0dd80-1510-471b-b30c-4ab04a63624b b129833bdb694860913f07e824c57854 a3cd5a73218e499391d5f3e620430459 - - default default] Successfully bumped revision number for resource 02043c28-9e65-4bbb-ab45-6885e2ff4146 (type: security_group_rules) to 0
2026-06-30 19:11:46.710 9 INFO neutron.wsgi [None req-4af0dd80-1510-471b-b30c-4ab04a63624b b129833bdb694860913f07e824c57854 a3cd5a73218e499391d5f3e620430459 - - default default] 199.204.45.78 "POST /v2.0/security-group-rules HTTP/1.1" status: 201 len: 773 time: 0.1640494
2026-06-30 19:11:54.300 9 INFO neutron.wsgi [None req-264f8b91-5224-4b06-893b-37e79c3a5fd5 b129833bdb694860913f07e824c57854 a3cd5a73218e499391d5f3e620430459 - - default default] 10.0.0.110 "GET /v2.0/extensions/security-group HTTP/1.1" status: 200 len: 369 time: 0.0085709
2026-06-30 19:11:54.314 9 INFO neutron.wsgi [None req-665dedb1-c689-43f9-8f67-d92d9f81f15e b129833bdb694860913f07e824c57854 a3cd5a73218e499391d5f3e620430459 - - default default] 10.0.0.110 "GET /v2.0/extensions/dns-integration HTTP/1.1" status: 200 len: 371 time: 0.0065238
2026-06-30 19:11:54.330 9 INFO neutron.wsgi [None req-7aa38011-5e62-4603-81c6-19781c3e61a2 b129833bdb694860913f07e824c57854 a3cd5a73218e499391d5f3e620430459 - - default default] 10.0.0.110 "GET /v2.0/extensions/qos HTTP/1.1" status: 200 len: 365 time: 0.0099761
2026-06-30 19:11:54.348 9 INFO neutron.wsgi [None req-251de90a-1c46-4e1a-b36b-661803897a83 b129833bdb694860913f07e824c57854 a3cd5a73218e499391d5f3e620430459 - - default default] 10.0.0.110 "GET /v2.0/extensions/allowed-address-pairs HTTP/1.1" status: 200 len: 383 time: 0.0091879
2026-06-30 19:11:54.620 9 INFO neutron.wsgi [req-f7f5de38-77f9-428a-aaa6-908813d7c636 req-3751e97e-61ee-4044-a91e-8bfeb646602c f692366331704423a55a2f7af297eecf 1e2504fef9db453783d51bfaa2a69c2f - - default default] 10.0.0.32 "GET /v2.0/ports?device_id=ecd3ca4a-1aaf-4b90-8ab3-d2a0e34dcb5c HTTP/1.1" status: 200 len: 1210 time: 0.1363735
