2026-06-30 19:10:47.575 9 INFO neutron.wsgi [req-3219b382-d796-4337-b307-5b068b480110 req-1bc99aa3-9197-4e0c-bd93-8218f497fe72 002d8814c906491586a2fc73e34df638 2e8c30e070594eea800af6805d7d2ae9 - - c8283192793441d78bd44d8b616a71f0 c8283192793441d78bd44d8b616a71f0] 199.204.45.78 "PUT /v2.0/ports/0d37986f-1c61-4ba6-806c-d03e3800f9f9 HTTP/1.1" status: 200 len: 1380 time: 0.8847413
2026-06-30 19:10:47.575 10 WARNING neutron.api.rpc.agentnotifiers.dhcp_rpc_agent_api [None req-ccbf90eb-dcdc-4538-b24c-6d2d28c4effb 763060448af3475897e02399dd700032 04988d45367d43fd8686d15974af2a43 - - default default] Unable to schedule network 10a46730-33f2-4e49-9d10-da1313140b03: no agents available; will retry on subsequent port and subnet creation events.
2026-06-30 19:10:47.612 9 INFO neutron.notifiers.nova [-] Nova event matching ['req-156f034c-1e32-4a56-8052-aa614c11b6ad'] response: {'name': 'network-changed', 'server_uuid': '92d46ef3-e740-40c1-a2b2-30b2d5d3793c', 'tag': '0d37986f-1c61-4ba6-806c-d03e3800f9f9', 'status': 'completed', 'code': 200}
2026-06-30 19:10:47.624 9 INFO neutron.wsgi [None req-31c9f3a3-7247-4697-8b26-5ac56571f2be c96113ccc2864f6fa38c1f5ca0c36324 33a3655a91984704aff2e7b21752cd8e - - default default] 10.0.0.184 "GET /v2.0/floatingips?tags=red HTTP/1.1" status: 200 len: 1866 time: 0.0748610
2026-06-30 19:10:47.668 9 INFO neutron.wsgi [req-3a8d3662-06eb-4c4c-bd5e-50280a96f7d1 req-ae954a94-2030-46db-ba97-25de8093bc80 b129833bdb694860913f07e824c57854 a3cd5a73218e499391d5f3e620430459 - - default default] 10.0.0.32 "GET /v2.0/ports?device_id=92d46ef3-e740-40c1-a2b2-30b2d5d3793c HTTP/1.1" status: 200 len: 1411 time: 0.0699372
2026-06-30 19:10:47.682 10 INFO neutron.wsgi [None req-580c1e71-bc6b-4532-97b6-8a4d732f16a7 c96113ccc2864f6fa38c1f5ca0c36324 33a3655a91984704aff2e7b21752cd8e - - default default] 10.0.0.184 "GET /v2.0/floatingips?tags=red%2Cblue HTTP/1.1" status: 200 len: 1323 time: 0.0442283
2026-06-30 19:10:47.688 10 INFO neutron.db.ovn_revision_numbers_db [None req-ccbf90eb-dcdc-4538-b24c-6d2d28c4effb 763060448af3475897e02399dd700032 04988d45367d43fd8686d15974af2a43 - - default default] Successfully bumped revision number for resource bf983633-30e0-4f9b-8ea4-5d9e15e4eae2 (type: ports) to 1
2026-06-30 19:10:47.696 9 INFO neutron.wsgi [req-3219b382-d796-4337-b307-5b068b480110 req-9915885d-f32f-4c03-83fb-b3daa0c19f21 002d8814c906491586a2fc73e34df638 2e8c30e070594eea800af6805d7d2ae9 - - c8283192793441d78bd44d8b616a71f0 c8283192793441d78bd44d8b616a71f0] 199.204.45.78 "GET /v2.0/ports?tenant_id=a3cd5a73218e499391d5f3e620430459&device_id=92d46ef3-e740-40c1-a2b2-30b2d5d3793c HTTP/1.1" status: 200 len: 1411 time: 0.0689423
2026-06-30 19:10:47.729 10 INFO neutron.wsgi [None req-d0b80855-a020-4226-9a06-627dbecf2082 c96113ccc2864f6fa38c1f5ca0c36324 33a3655a91984704aff2e7b21752cd8e - - default default] 10.0.0.184 "GET /v2.0/floatingips?tags-any=blue HTTP/1.1" status: 200 len: 1323 time: 0.0414727
2026-06-30 19:10:47.731 9 INFO neutron.wsgi [req-3219b382-d796-4337-b307-5b068b480110 req-4cceeb97-43b4-4bdb-9441-d73adff992eb 002d8814c906491586a2fc73e34df638 2e8c30e070594eea800af6805d7d2ae9 - - c8283192793441d78bd44d8b616a71f0 c8283192793441d78bd44d8b616a71f0] 199.204.45.78 "GET /v2.0/floatingips?fixed_ip_address=172.24.3.73&port_id=0d37986f-1c61-4ba6-806c-d03e3800f9f9 HTTP/1.1" status: 200 len: 217 time: 0.0261171
2026-06-30 19:10:47.742 10 INFO neutron.wsgi [None req-ccbf90eb-dcdc-4538-b24c-6d2d28c4effb 763060448af3475897e02399dd700032 04988d45367d43fd8686d15974af2a43 - - default default] 10.0.0.184 "POST /v2.0/networks HTTP/1.1" status: 201 len: 831 time: 0.7159479
2026-06-30 19:10:47.762 10 WARNING neutron_lib.context [None req-5a425bb6-d733-4bbc-a631-877a4e474647 763060448af3475897e02399dd700032 04988d45367d43fd8686d15974af2a43 - - default default] Method 'is_advsvc' is deprecated since 2023.2 release (neutron-lib 3.8.0) and will be removed once support for the old RBAC API policies will be removed from Neutron. Please use method 'is_service_role' instead.
2026-06-30 19:10:47.774 10 INFO neutron.wsgi [None req-4cce7fdb-4821-4623-85c0-81c005908fa2 c96113ccc2864f6fa38c1f5ca0c36324 33a3655a91984704aff2e7b21752cd8e - - default default] 10.0.0.184 "GET /v2.0/floatingips?tags-any=red%2Cblue HTTP/1.1" status: 200 len: 1866 time: 0.0395870
2026-06-30 19:10:47.775 9 INFO neutron.wsgi [req-3a8d3662-06eb-4c4c-bd5e-50280a96f7d1 req-d47d1c72-3467-40f4-86ea-cd262cf5aae0 b129833bdb694860913f07e824c57854 a3cd5a73218e499391d5f3e620430459 - - default default] 10.0.0.32 "GET /v2.0/security-groups?id=6ae3ce7e-a999-47af-a2c8-f12ea0ddea76&fields=id&fields=name HTTP/1.1" status: 200 len: 294 time: 0.0947371
2026-06-30 19:10:47.794 9 INFO neutron.db.ovn_revision_numbers_db [None req-479e7439-ff65-42dd-89f4-9c3f9d4f646f e627541f16174d3ab05ade55f7af9078 15dcf927ef704aa5b5720fd048cccbb5 - - default default] Successfully bumped revision number for resource 5da5ba41-4536-42cd-830c-ced8345abcc6 (type: networks) to 2
2026-06-30 19:10:47.797 9 INFO neutron.wsgi [None req-479e7439-ff65-42dd-89f4-9c3f9d4f646f e627541f16174d3ab05ade55f7af9078 15dcf927ef704aa5b5720fd048cccbb5 - - default default] 10.0.0.184 "PUT /v2.0/networks/5da5ba41-4536-42cd-830c-ced8345abcc6 HTTP/1.1" status: 200 len: 792 time: 0.3365014
2026-06-30 19:10:47.800 9 INFO neutron.wsgi [req-3219b382-d796-4337-b307-5b068b480110 req-7f6051e7-1245-424c-ad47-7f13cc9ac861 002d8814c906491586a2fc73e34df638 2e8c30e070594eea800af6805d7d2ae9 - - c8283192793441d78bd44d8b616a71f0 c8283192793441d78bd44d8b616a71f0] 199.204.45.78 "GET /v2.0/subnets?id=e810e969-a573-4a44-8b1a-f50fa131a89f HTTP/1.1" status: 200 len: 829 time: 0.0581470
2026-06-30 19:10:47.807 10 WARNING neutron_lib.context [None req-38545d03-455d-427a-8027-732f42dfbf31 e627541f16174d3ab05ade55f7af9078 15dcf927ef704aa5b5720fd048cccbb5 - - default default] Method 'is_advsvc' is deprecated since 2023.2 release (neutron-lib 3.8.0) and will be removed once support for the old RBAC API policies will be removed from Neutron. Please use method 'is_service_role' instead.
2026-06-30 19:10:47.826 9 INFO neutron.wsgi [None req-72419aa5-e527-46e2-86bb-0174873f3eef c96113ccc2864f6fa38c1f5ca0c36324 33a3655a91984704aff2e7b21752cd8e - - default default] 10.0.0.184 "GET /v2.0/floatingips?not-tags=red HTTP/1.1" status: 200 len: 1295 time: 0.0454388
2026-06-30 19:10:47.834 9 INFO neutron.wsgi [req-3219b382-d796-4337-b307-5b068b480110 req-27cdaede-32a0-4568-94cc-9b1afad2e420 002d8814c906491586a2fc73e34df638 2e8c30e070594eea800af6805d7d2ae9 - - c8283192793441d78bd44d8b616a71f0 c8283192793441d78bd44d8b616a71f0] 199.204.45.78 "GET /v2.0/ports?network_id=62b7279f-2d4f-480a-91d5-c594166e6733&device_owner=network%3Adhcp HTTP/1.1" status: 200 len: 210 time: 0.0219605
2026-06-30 19:10:47.894 10 INFO neutron.wsgi [None req-30b0ff7f-47f1-4805-aa62-7166b96c2dd0 c96113ccc2864f6fa38c1f5ca0c36324 33a3655a91984704aff2e7b21752cd8e - - default default] 10.0.0.184 "GET /v2.0/floatingips?not-tags=red%2Cblue HTTP/1.1" status: 200 len: 1838 time: 0.0618327
2026-06-30 19:10:47.903 9 INFO neutron.wsgi [req-76509a65-d25e-4daa-aa21-1b94a9827b79 req-609eeb6f-97b2-4b0e-bf67-d754a54b18c5 b129833bdb694860913f07e824c57854 a3cd5a73218e499391d5f3e620430459 - - default default] 10.0.0.32 "GET /v2.0/ports?device_id=92d46ef3-e740-40c1-a2b2-30b2d5d3793c HTTP/1.1" status: 200 len: 1411 time: 0.0395336
2026-06-30 19:10:47.936 9 INFO neutron.wsgi [req-3219b382-d796-4337-b307-5b068b480110 req-0bead9aa-8cf1-4c8a-a536-7f6997e5af5d 002d8814c906491586a2fc73e34df638 2e8c30e070594eea800af6805d7d2ae9 - - c8283192793441d78bd44d8b616a71f0 c8283192793441d78bd44d8b616a71f0] 199.204.45.78 "GET /v2.0/networks/62b7279f-2d4f-480a-91d5-c594166e6733?fields=segments HTTP/1.1" status: 200 len: 212 time: 0.0918000
2026-06-30 19:10:47.973 10 INFO neutron.wsgi [None req-46baa832-5db6-4630-bd63-e65786f13d5c c96113ccc2864f6fa38c1f5ca0c36324 33a3655a91984704aff2e7b21752cd8e - - default default] 10.0.0.184 "GET /v2.0/floatingips?not-tags-any=blue HTTP/1.1" status: 200 len: 1838 time: 0.0720835
2026-06-30 19:10:48.028 9 INFO neutron.wsgi [None req-46362292-ea42-49d7-80fd-c11b9c0ce382 c96113ccc2864f6fa38c1f5ca0c36324 33a3655a91984704aff2e7b21752cd8e - - default default] 10.0.0.184 "GET /v2.0/floatingips?not-tags-any=red%2Cblue HTTP/1.1" status: 200 len: 1295 time: 0.0483139
2026-06-30 19:10:48.050 9 INFO neutron.wsgi [req-3219b382-d796-4337-b307-5b068b480110 req-6bdb20ac-6b6c-4d1c-a951-013463620530 002d8814c906491586a2fc73e34df638 2e8c30e070594eea800af6805d7d2ae9 - - c8283192793441d78bd44d8b616a71f0 c8283192793441d78bd44d8b616a71f0] 199.204.45.78 "GET /v2.0/networks/62b7279f-2d4f-480a-91d5-c594166e6733?fields=provider%3Aphysical_network&fields=provider%3Anetwork_type HTTP/1.1" status: 200 len: 277 time: 0.1078584
2026-06-30 19:10:48.160 10 WARNING neutron.scheduler.dhcp_agent_scheduler [None req-5a425bb6-d733-4bbc-a631-877a4e474647 763060448af3475897e02399dd700032 04988d45367d43fd8686d15974af2a43 - - default default] No more DHCP agents
2026-06-30 19:10:48.161 9 INFO neutron.wsgi [req-290fd8af-eb1a-4188-a75b-c0f118742987 req-96a3ab44-fdbb-455c-a29a-f0fb5f1455aa 002d8814c906491586a2fc73e34df638 2e8c30e070594eea800af6805d7d2ae9 - - c8283192793441d78bd44d8b616a71f0 c8283192793441d78bd44d8b616a71f0] 199.204.45.78 "GET /v2.0/ports?tenant_id=a3cd5a73218e499391d5f3e620430459&device_id=92d46ef3-e740-40c1-a2b2-30b2d5d3793c HTTP/1.1" status: 200 len: 1411 time: 0.0487349
2026-06-30 19:10:48.171 10 WARNING neutron.api.rpc.agentnotifiers.dhcp_rpc_agent_api [None req-5a425bb6-d733-4bbc-a631-877a4e474647 763060448af3475897e02399dd700032 04988d45367d43fd8686d15974af2a43 - - default default] Unable to schedule network 10a46730-33f2-4e49-9d10-da1313140b03: no agents available; will retry on subsequent port and subnet creation events.
2026-06-30 19:10:48.248 9 INFO neutron.wsgi [req-290fd8af-eb1a-4188-a75b-c0f118742987 req-b72999d8-a30a-4872-8e71-c5840387e63a 002d8814c906491586a2fc73e34df638 2e8c30e070594eea800af6805d7d2ae9 - - c8283192793441d78bd44d8b616a71f0 c8283192793441d78bd44d8b616a71f0] 199.204.45.78 "GET /v2.0/networks?id=62b7279f-2d4f-480a-91d5-c594166e6733 HTTP/1.1" status: 200 len: 937 time: 0.0808392
2026-06-30 19:10:48.471 10 INFO neutron.wsgi [req-839d4a60-072a-45d1-9524-ed26eabaec44 req-68ed6048-a33e-4318-80d0-da2d607e8c87 002d8814c906491586a2fc73e34df638 2e8c30e070594eea800af6805d7d2ae9 - - c8283192793441d78bd44d8b616a71f0 c8283192793441d78bd44d8b616a71f0] 199.204.45.78 "GET /v2.0/ports?device_id=92d46ef3-e740-40c1-a2b2-30b2d5d3793c HTTP/1.1" status: 200 len: 1411 time: 0.0747523
2026-06-30 19:10:48.477 10 WARNING neutron.scheduler.dhcp_agent_scheduler [None req-38545d03-455d-427a-8027-732f42dfbf31 e627541f16174d3ab05ade55f7af9078 15dcf927ef704aa5b5720fd048cccbb5 - - default default] No more DHCP agents
2026-06-30 19:10:48.487 10 WARNING neutron.api.rpc.agentnotifiers.dhcp_rpc_agent_api [None req-38545d03-455d-427a-8027-732f42dfbf31 e627541f16174d3ab05ade55f7af9078 15dcf927ef704aa5b5720fd048cccbb5 - - default default] Unable to schedule network 5da5ba41-4536-42cd-830c-ced8345abcc6: no agents available; will retry on subsequent port and subnet creation events.
2026-06-30 19:10:48.516 9 INFO neutron.wsgi [req-290fd8af-eb1a-4188-a75b-c0f118742987 req-9b2c17b5-de73-45aa-83f3-016bd465b957 002d8814c906491586a2fc73e34df638 2e8c30e070594eea800af6805d7d2ae9 - - c8283192793441d78bd44d8b616a71f0 c8283192793441d78bd44d8b616a71f0] 199.204.45.78 "GET /v2.0/floatingips?fixed_ip_address=172.24.3.73&port_id=0d37986f-1c61-4ba6-806c-d03e3800f9f9 HTTP/1.1" status: 200 len: 217 time: 0.2623703
2026-06-30 19:10:48.537 10 INFO neutron.wsgi [req-839d4a60-072a-45d1-9524-ed26eabaec44 req-505828dc-1a91-487b-959c-47a4cfec524f 002d8814c906491586a2fc73e34df638 2e8c30e070594eea800af6805d7d2ae9 - - c8283192793441d78bd44d8b616a71f0 c8283192793441d78bd44d8b616a71f0] 199.204.45.78 "GET /v2.0/security-groups?id=6ae3ce7e-a999-47af-a2c8-f12ea0ddea76&fields=id&fields=name HTTP/1.1" status: 200 len: 294 time: 0.0571151
2026-06-30 19:10:48.550 10 INFO neutron.db.ovn_revision_numbers_db [None req-38545d03-455d-427a-8027-732f42dfbf31 e627541f16174d3ab05ade55f7af9078 15dcf927ef704aa5b5720fd048cccbb5 - - default default] Successfully bumped revision number for resource f6b95aac-0b63-4e18-b660-07544195162b (type: subnets) to 0
2026-06-30 19:10:48.562 9 INFO neutron.wsgi [req-290fd8af-eb1a-4188-a75b-c0f118742987 req-f242b32d-9f0e-4225-ab0d-512014d8ef48 002d8814c906491586a2fc73e34df638 2e8c30e070594eea800af6805d7d2ae9 - - c8283192793441d78bd44d8b616a71f0 c8283192793441d78bd44d8b616a71f0] 199.204.45.78 "GET /v2.0/subnets?id=e810e969-a573-4a44-8b1a-f50fa131a89f HTTP/1.1" status: 200 len: 829 time: 0.0386636
2026-06-30 19:10:48.571 10 INFO neutron.wsgi [None req-38545d03-455d-427a-8027-732f42dfbf31 e627541f16174d3ab05ade55f7af9078 15dcf927ef704aa5b5720fd048cccbb5 - - default default] 10.0.0.184 "POST /v2.0/subnets HTTP/1.1" status: 201 len: 821 time: 0.7698927
2026-06-30 19:10:48.619 9 INFO neutron.wsgi [req-290fd8af-eb1a-4188-a75b-c0f118742987 req-e3740444-a228-4d84-bcd4-b1bfcebb4df8 002d8814c906491586a2fc73e34df638 2e8c30e070594eea800af6805d7d2ae9 - - c8283192793441d78bd44d8b616a71f0 c8283192793441d78bd44d8b616a71f0] 199.204.45.78 "GET /v2.0/ports?network_id=62b7279f-2d4f-480a-91d5-c594166e6733&device_owner=network%3Adhcp HTTP/1.1" status: 200 len: 210 time: 0.0437098
2026-06-30 19:10:48.658 9 INFO neutron.plugins.ml2.drivers.ovn.mech_driver.mech_driver [None req-ff501ece-1d4a-407d-93d8-5ebd2ccf866b - - - - - -] OVN reports status up for port: 0d37986f-1c61-4ba6-806c-d03e3800f9f9
2026-06-30 19:10:48.692 9 INFO neutron.plugins.ml2.plugin [None req-ff501ece-1d4a-407d-93d8-5ebd2ccf866b - - - - - -] Attempt 1 to provision port 0d37986f-1c61-4ba6-806c-d03e3800f9f9
2026-06-30 19:10:48.755 9 INFO neutron.wsgi [None req-af15f79d-415c-465b-9514-49d9abe82f45 c96113ccc2864f6fa38c1f5ca0c36324 33a3655a91984704aff2e7b21752cd8e - - default default] 10.0.0.184 "DELETE /v2.0/floatingips/8d00bbc1-31cc-4d5f-b71f-7a8ffd038b80 HTTP/1.1" status: 204 len: 168 time: 0.7165105
2026-06-30 19:10:48.761 9 INFO neutron.wsgi [req-290fd8af-eb1a-4188-a75b-c0f118742987 req-53a1515d-f9dd-45cd-bac7-2fb7ba60e0b2 002d8814c906491586a2fc73e34df638 2e8c30e070594eea800af6805d7d2ae9 - - c8283192793441d78bd44d8b616a71f0 c8283192793441d78bd44d8b616a71f0] 199.204.45.78 "GET /v2.0/networks/62b7279f-2d4f-480a-91d5-c594166e6733?fields=segments HTTP/1.1" status: 200 len: 212 time: 0.1337633
2026-06-30 19:10:48.905 9 INFO neutron.wsgi [req-290fd8af-eb1a-4188-a75b-c0f118742987 req-cb79f250-9673-485e-b85f-6743ea25d3a9 002d8814c906491586a2fc73e34df638 2e8c30e070594eea800af6805d7d2ae9 - - c8283192793441d78bd44d8b616a71f0 c8283192793441d78bd44d8b616a71f0] 199.204.45.78 "GET /v2.0/networks/62b7279f-2d4f-480a-91d5-c594166e6733?fields=provider%3Aphysical_network&fields=provider%3Anetwork_type HTTP/1.1" status: 200 len: 277 time: 0.1350331
2026-06-30 19:10:49.086 10 INFO neutron.db.ovn_revision_numbers_db [None req-5a425bb6-d733-4bbc-a631-877a4e474647 763060448af3475897e02399dd700032 04988d45367d43fd8686d15974af2a43 - - default default] Successfully bumped revision number for resource bf983633-30e0-4f9b-8ea4-5d9e15e4eae2 (type: ports) to 2
2026-06-30 19:10:49.136 10 INFO neutron.db.ovn_revision_numbers_db [None req-5a425bb6-d733-4bbc-a631-877a4e474647 763060448af3475897e02399dd700032 04988d45367d43fd8686d15974af2a43 - - default default] Successfully bumped revision number for resource 25372e4c-e999-40ed-bdbe-9cad150cc354 (type: subnets) to 0
2026-06-30 19:10:49.167 10 INFO neutron.wsgi [None req-5a425bb6-d733-4bbc-a631-877a4e474647 763060448af3475897e02399dd700032 04988d45367d43fd8686d15974af2a43 - - default default] 10.0.0.184 "POST /v2.0/subnets HTTP/1.1" status: 201 len: 804 time: 1.4101701
2026-06-30 19:10:49.170 9 INFO neutron.db.ovn_revision_numbers_db [None req-ff501ece-1d4a-407d-93d8-5ebd2ccf866b - - - - - -] Successfully bumped revision number for resource 0d37986f-1c61-4ba6-806c-d03e3800f9f9 (type: ports) to 4
2026-06-30 19:10:49.177 10 WARNING neutron_lib.context [None req-ad8de3c1-31a8-4704-8da4-564ee6b1684e 763060448af3475897e02399dd700032 04988d45367d43fd8686d15974af2a43 - - default default] Method 'is_advsvc' is deprecated since 2023.2 release (neutron-lib 3.8.0) and will be removed once support for the old RBAC API policies will be removed from Neutron. Please use method 'is_service_role' instead.
2026-06-30 19:10:49.243 10 INFO neutron.wsgi [None req-ebaf5cda-cd86-40e2-94a2-fe576e37f261 c96113ccc2864f6fa38c1f5ca0c36324 33a3655a91984704aff2e7b21752cd8e - - default default] 10.0.0.184 "DELETE /v2.0/floatingips/8634f193-6a8f-46bc-a5f6-ed0a38024196 HTTP/1.1" status: 204 len: 168 time: 0.4797885
2026-06-30 19:10:49.288 10 INFO neutron.db.segments_db [None req-ad8de3c1-31a8-4704-8da4-564ee6b1684e 763060448af3475897e02399dd700032 04988d45367d43fd8686d15974af2a43 - - default default] Added segment f725587b-e958-4b5c-b749-65ad92f62ca5 of type geneve for network 9d33e4b5-20dd-4fd9-a3e8-65c49f92d945
2026-06-30 19:10:49.517 10 INFO neutron.db.ovn_revision_numbers_db [None req-ad8de3c1-31a8-4704-8da4-564ee6b1684e 763060448af3475897e02399dd700032 04988d45367d43fd8686d15974af2a43 - - default default] Successfully bumped revision number for resource 9d33e4b5-20dd-4fd9-a3e8-65c49f92d945 (type: networks) to 1
2026-06-30 19:10:49.581 9 INFO neutron.db.ovn_revision_numbers_db [None req-16dd5fe2-eefa-43a4-ab12-3d53b5c329ed e627541f16174d3ab05ade55f7af9078 15dcf927ef704aa5b5720fd048cccbb5 - - default default] Successfully bumped revision number for resource 5107c02d-b313-4d32-bfe2-52189caceb77 (type: ports) to 2
2026-06-30 19:10:49.629 9 INFO neutron.db.ovn_revision_numbers_db [None req-16dd5fe2-eefa-43a4-ab12-3d53b5c329ed e627541f16174d3ab05ade55f7af9078 15dcf927ef704aa5b5720fd048cccbb5 - - default default] Successfully bumped revision number for resource f6b95aac-0b63-4e18-b660-07544195162b (type: subnets) to 1
2026-06-30 19:10:49.633 9 INFO neutron.wsgi [None req-16dd5fe2-eefa-43a4-ab12-3d53b5c329ed e627541f16174d3ab05ade55f7af9078 15dcf927ef704aa5b5720fd048cccbb5 - - default default] 10.0.0.184 "PUT /v2.0/subnets/f6b95aac-0b63-4e18-b660-07544195162b HTTP/1.1" status: 200 len: 826 time: 1.0571847 /var/lib/openstack/lib/python3.10/site-packages/pycadf/identifier.py:71: UserWarning: Invalid uuid: neutron. To ensure interoperability, identifiers should be a valid uuid. warnings.warn(('Invalid uuid: %s. To ensure interoperability, '
2026-06-30 19:10:49.651 9 INFO neutron.notifiers.nova [-] Nova event matching ['req-07ae5ec5-437b-4757-a6e6-78712e46ddbc'] response: {'server_uuid': '92d46ef3-e740-40c1-a2b2-30b2d5d3793c', 'name': 'network-vif-plugged', 'status': 'completed', 'tag': '0d37986f-1c61-4ba6-806c-d03e3800f9f9', 'code': 200}
2026-06-30 19:10:49.652 9 INFO neutron.notifiers.nova [-] Nova event matching ['req-07ae5ec5-437b-4757-a6e6-78712e46ddbc'] response: {'server_uuid': '92d46ef3-e740-40c1-a2b2-30b2d5d3793c', 'name': 'network-vif-plugged', 'status': 'completed', 'tag': '0d37986f-1c61-4ba6-806c-d03e3800f9f9', 'code': 200}
2026-06-30 19:10:49.820 10 WARNING neutron.scheduler.dhcp_agent_scheduler [None req-ad8de3c1-31a8-4704-8da4-564ee6b1684e 763060448af3475897e02399dd700032 04988d45367d43fd8686d15974af2a43 - - default default] No more DHCP agents
2026-06-30 19:10:49.848 10 WARNING neutron.api.rpc.agentnotifiers.dhcp_rpc_agent_api [None req-ad8de3c1-31a8-4704-8da4-564ee6b1684e 763060448af3475897e02399dd700032 04988d45367d43fd8686d15974af2a43 - - default default] Unable to schedule network 9d33e4b5-20dd-4fd9-a3e8-65c49f92d945: no agents available; will retry on subsequent port and subnet creation events.
2026-06-30 19:10:49.918 10 INFO neutron.wsgi [None req-80715677-07dd-4b89-8ed4-09d42aedaa63 c96113ccc2864f6fa38c1f5ca0c36324 33a3655a91984704aff2e7b21752cd8e - - default default] 10.0.0.184 "DELETE /v2.0/floatingips/77c40b3e-a8c6-4d5e-bd38-5677dba3479d HTTP/1.1" status: 204 len: 168 time: 0.6611567
2026-06-30 19:10:49.995 10 INFO neutron.db.ovn_revision_numbers_db [None req-ad8de3c1-31a8-4704-8da4-564ee6b1684e 763060448af3475897e02399dd700032 04988d45367d43fd8686d15974af2a43 - - default default] Successfully bumped revision number for resource 52359119-7580-4471-b97a-ed5f66724e64 (type: ports) to 1
2026-06-30 19:10:50.026 10 INFO neutron.wsgi [None req-ad8de3c1-31a8-4704-8da4-564ee6b1684e 763060448af3475897e02399dd700032 04988d45367d43fd8686d15974af2a43 - - default default] 10.0.0.184 "POST /v2.0/networks HTTP/1.1" status: 201 len: 830 time: 0.8523321
2026-06-30 19:10:50.039 10 WARNING neutron_lib.context [None req-b58815f2-41d9-411c-b952-fa31bc2d7136 763060448af3475897e02399dd700032 04988d45367d43fd8686d15974af2a43 - - default default] Method 'is_advsvc' is deprecated since 2023.2 release (neutron-lib 3.8.0) and will be removed once support for the old RBAC API policies will be removed from Neutron. Please use method 'is_service_role' instead.
2026-06-30 19:10:50.330 10 WARNING neutron.scheduler.dhcp_agent_scheduler [None req-b58815f2-41d9-411c-b952-fa31bc2d7136 763060448af3475897e02399dd700032 04988d45367d43fd8686d15974af2a43 - - default default] No more DHCP agents
2026-06-30 19:10:50.332 10 WARNING neutron.api.rpc.agentnotifiers.dhcp_rpc_agent_api [None req-b58815f2-41d9-411c-b952-fa31bc2d7136 763060448af3475897e02399dd700032 04988d45367d43fd8686d15974af2a43 - - default default] Unable to schedule network 9d33e4b5-20dd-4fd9-a3e8-65c49f92d945: no agents available; will retry on subsequent port and subnet creation events.
2026-06-30 19:10:50.426 9 INFO neutron.wsgi [None req-deab86ab-3b19-4f59-bfa2-873950b5ab03 c96113ccc2864f6fa38c1f5ca0c36324 33a3655a91984704aff2e7b21752cd8e - - default default] 10.0.0.184 "DELETE /v2.0/floatingips/1d85b133-424c-4b30-b053-167cb69c8fcf HTTP/1.1" status: 204 len: 168 time: 0.4949839
2026-06-30 19:10:50.500 9 INFO neutron.services.segments.plugin [-] Segment bba29378-e77e-49d4-ac9c-6468b4b127c3 resource provider aggregate not found
2026-06-30 19:10:50.519 9 INFO neutron.services.segments.plugin [-] Segment bba29378-e77e-49d4-ac9c-6468b4b127c3 resource provider aggregate not found
2026-06-30 19:10:50.534 9 INFO neutron.services.segments.plugin [-] Segment bba29378-e77e-49d4-ac9c-6468b4b127c3 resource provider not found; error: Placement Client Error (4xx): {"errors": [{"status": 404, "title": "Not Found", "detail": "The resource could not be found.\n\n No resource provider with uuid bba29378-e77e-49d4-ac9c-6468b4b127c3 found for delete ", "request_id": "req-469e51b8-c96c-4b12-bac2-388396f4c3c9"}]}
2026-06-30 19:10:50.547 9 INFO neutron.services.segments.plugin [-] Segment bba29378-e77e-49d4-ac9c-6468b4b127c3 resource provider not found; error: Placement Client Error (4xx): {"errors": [{"status": 404, "title": "Not Found", "detail": "The resource could not be found.\n\n No resource provider with uuid bba29378-e77e-49d4-ac9c-6468b4b127c3 found for delete ", "request_id": "req-9f47a7d5-35a8-41d0-8827-30c7ae3387d6"}]}
2026-06-30 19:10:50.559 9 INFO neutron.wsgi [None req-739fb60e-ace9-4121-8a47-10d2e3538058 e627541f16174d3ab05ade55f7af9078 15dcf927ef704aa5b5720fd048cccbb5 - - default default] 10.0.0.184 "DELETE /v2.0/networks/5da5ba41-4536-42cd-830c-ced8345abcc6 HTTP/1.1" status: 204 len: 168 time: 0.9224532
2026-06-30 19:10:50.578 9 INFO neutron.pecan_wsgi.hooks.translation [None req-019a76cb-b4f4-4e08-9842-5fddb3c867b4 e627541f16174d3ab05ade55f7af9078 15dcf927ef704aa5b5720fd048cccbb5 - - default default] DELETE failed (client error): The resource could not be found.
2026-06-30 19:10:50.580 9 INFO neutron.wsgi [None req-019a76cb-b4f4-4e08-9842-5fddb3c867b4 e627541f16174d3ab05ade55f7af9078 15dcf927ef704aa5b5720fd048cccbb5 - - default default] 10.0.0.184 "DELETE /v2.0/networks/5da5ba41-4536-42cd-830c-ced8345abcc6 HTTP/1.1" status: 404 len: 339 time: 0.0143855
2026-06-30 19:10:50.694 9 INFO neutron.wsgi [None req-c208be72-6234-4bb8-9d6a-5948e00cfdf0 e627541f16174d3ab05ade55f7af9078 15dcf927ef704aa5b5720fd048cccbb5 - - default default] 10.0.0.184 "GET /v2.0/networks?router%3Aexternal=True HTTP/1.1" status: 200 len: 845 time: 0.1074109
2026-06-30 19:10:50.739 9 INFO neutron.wsgi [None req-d2a4e6ac-cd2a-4bbe-a1fc-12e77c1bc44e e627541f16174d3ab05ade55f7af9078 15dcf927ef704aa5b5720fd048cccbb5 - - default default] 10.0.0.184 "GET /v2.0/subnets?network_id=4bbe7b58-edde-4517-bc73-12452217406b HTTP/1.1" status: 200 len: 820 time: 0.0391154
2026-06-30 19:10:50.747 9 INFO neutron.wsgi [None req-f8ad0161-f041-4b99-95fc-0ce505f859ac e627541f16174d3ab05ade55f7af9078 15dcf927ef704aa5b5720fd048cccbb5 - - default default] 10.0.0.184 "GET /v2.0/extensions HTTP/1.1" status: 200 len: 16975 time: 0.0045276
2026-06-30 19:10:50.816 9 INFO neutron.wsgi [None req-1dc8e8be-5752-4291-8e4f-ba0ee7ae8282 e627541f16174d3ab05ade55f7af9078 15dcf927ef704aa5b5720fd048cccbb5 - - default default] 10.0.0.184 "GET /v2.0/networks HTTP/1.1" status: 200 len: 1508 time: 0.0652411
2026-06-30 19:10:50.886 9 INFO neutron.wsgi [None req-622c63c0-d1b2-46f0-b277-d354d5d5bf34 e627541f16174d3ab05ade55f7af9078 15dcf927ef704aa5b5720fd048cccbb5 - - default default] 10.0.0.184 "GET /v2.0/subnets HTTP/1.1" status: 200 len: 1460 time: 0.0564861
2026-06-30 19:10:50.892 9 INFO neutron.wsgi [req-5998d113-803c-4024-a9a9-de74d8a9e414 req-7a693dcc-4de2-48e2-a8d9-1a45f87c0f8d b129833bdb694860913f07e824c57854 a3cd5a73218e499391d5f3e620430459 - - default default] 10.0.0.32 "GET /v2.0/ports?device_id=92d46ef3-e740-40c1-a2b2-30b2d5d3793c HTTP/1.1" status: 200 len: 1413 time: 0.0498381
2026-06-30 19:10:50.899 10 INFO neutron.wsgi [None req-f038198f-2cf3-4a36-8e6b-67d6e0a3635b c96113ccc2864f6fa38c1f5ca0c36324 33a3655a91984704aff2e7b21752cd8e - - default default] 10.0.0.184 "DELETE /v2.0/floatingips/126d4a61-0693-4870-969a-e11421b5bd7c HTTP/1.1" status: 204 len: 168 time: 0.4675148
2026-06-30 19:10:50.971 9 INFO neutron.wsgi [req-5998d113-803c-4024-a9a9-de74d8a9e414 req-a45d069f-1914-4cdf-b102-9823e0c30a1d b129833bdb694860913f07e824c57854 a3cd5a73218e499391d5f3e620430459 - - default default] 10.0.0.32 "GET /v2.0/security-groups?id=6ae3ce7e-a999-47af-a2c8-f12ea0ddea76&fields=id&fields=name HTTP/1.1" status: 200 len: 294 time: 0.0736403
2026-06-30 19:10:51.002 10 INFO neutron.db.ovn_revision_numbers_db [None req-b58815f2-41d9-411c-b952-fa31bc2d7136 763060448af3475897e02399dd700032 04988d45367d43fd8686d15974af2a43 - - default default] Successfully bumped revision number for resource 52359119-7580-4471-b97a-ed5f66724e64 (type: ports) to 2
2026-06-30 19:10:51.005 9 INFO neutron.wsgi [None req-968d6d20-8087-4dc5-9cf7-ddb486b05cbf e627541f16174d3ab05ade55f7af9078 15dcf927ef704aa5b5720fd048cccbb5 - - default default] 10.0.0.184 "GET /v2.0/networks/c290aa7e-94fe-437c-bb38-d7bf8962a145 HTTP/1.1" status: 200 len: 867 time: 0.0997314
2026-06-30 19:10:51.048 10 INFO neutron.db.ovn_revision_numbers_db [None req-b58815f2-41d9-411c-b952-fa31bc2d7136 763060448af3475897e02399dd700032 04988d45367d43fd8686d15974af2a43 - - default default] Successfully bumped revision number for resource fc3f0d2b-f0a7-4a98-9cce-13bc3cc61ec6 (type: subnets) to 0
2026-06-30 19:10:51.065 10 INFO neutron.wsgi [None req-b58815f2-41d9-411c-b952-fa31bc2d7136 763060448af3475897e02399dd700032 04988d45367d43fd8686d15974af2a43 - - default default] 10.0.0.184 "POST /v2.0/subnets HTTP/1.1" status: 201 len: 804 time: 1.0314209
2026-06-30 19:10:51.067 9 INFO neutron.wsgi [None req-eecf856d-4c84-40f1-b968-791e778a148e e627541f16174d3ab05ade55f7af9078 15dcf927ef704aa5b5720fd048cccbb5 - - default default] 10.0.0.184 "GET /v2.0/subnets/f0a09a4c-eb0d-4032-a2b4-d7c297fb01ca HTTP/1.1" status: 200 len: 843 time: 0.0536015
2026-06-30 19:10:51.081 10 WARNING neutron_lib.context [None req-20328a41-e10f-4b38-a1e8-9a66f3dbfffd 763060448af3475897e02399dd700032 04988d45367d43fd8686d15974af2a43 - - default default] Method 'is_advsvc' is deprecated since 2023.2 release (neutron-lib 3.8.0) and will be removed once support for the old RBAC API policies will be removed from Neutron. Please use method 'is_service_role' instead.
2026-06-30 19:10:51.082 9 INFO neutron.wsgi [req-fb0afd83-b2ef-4e82-adcc-92772ff9130a req-b53f17f5-23f7-482f-85ee-48558e419b56 b129833bdb694860913f07e824c57854 a3cd5a73218e499391d5f3e620430459 - - default default] 10.0.0.32 "GET /v2.0/ports?device_id=92d46ef3-e740-40c1-a2b2-30b2d5d3793c HTTP/1.1" status: 200 len: 1413 time: 0.0391607
2026-06-30 19:10:51.101 10 INFO neutron.pecan_wsgi.hooks.translation [None req-74e89dc2-1219-49ff-9274-84a419bcbdd4 e627541f16174d3ab05ade55f7af9078 15dcf927ef704aa5b5720fd048cccbb5 - - default default] DELETE failed (client error): The resource could not be found.
2026-06-30 19:10:51.103 10 INFO neutron.wsgi [None req-74e89dc2-1219-49ff-9274-84a419bcbdd4 e627541f16174d3ab05ade55f7af9078 15dcf927ef704aa5b5720fd048cccbb5 - - default default] 10.0.0.184 "DELETE /v2.0/subnets/f6b95aac-0b63-4e18-b660-07544195162b HTTP/1.1" status: 404 len: 337 time: 0.0294416
2026-06-30 19:10:51.128 10 INFO neutron.pecan_wsgi.hooks.translation [None req-5012e6e4-4d60-4e63-8f9f-5182eead5c40 e627541f16174d3ab05ade55f7af9078 15dcf927ef704aa5b5720fd048cccbb5 - - default default] DELETE failed (client error): The resource could not be found.
2026-06-30 19:10:51.131 10 INFO neutron.wsgi [None req-5012e6e4-4d60-4e63-8f9f-5182eead5c40 e627541f16174d3ab05ade55f7af9078 15dcf927ef704aa5b5720fd048cccbb5 - - default default] 10.0.0.184 "DELETE /v2.0/networks/5da5ba41-4536-42cd-830c-ced8345abcc6 HTTP/1.1" status: 404 len: 339 time: 0.0231986
2026-06-30 19:10:51.212 10 INFO neutron.db.segments_db [None req-20328a41-e10f-4b38-a1e8-9a66f3dbfffd 763060448af3475897e02399dd700032 04988d45367d43fd8686d15974af2a43 - - default default] Added segment dbba2ab3-b68c-4cb7-987d-51d15e536b5b of type geneve for network b05354f1-1fe3-4e33-b287-38ee2e30d6e7
2026-06-30 19:10:51.722 10 INFO neutron.wsgi [None req-a228b7d8-89e4-461c-94db-e59273aec859 e627541f16174d3ab05ade55f7af9078 15dcf927ef704aa5b5720fd048cccbb5 - - default default] 10.0.0.184 "DELETE /v2.0/subnets/f0a09a4c-eb0d-4032-a2b4-d7c297fb01ca HTTP/1.1" status: 204 len: 168 time: 0.5850620
2026-06-30 19:10:51.728 10 INFO neutron.db.ovn_revision_numbers_db [None req-20328a41-e10f-4b38-a1e8-9a66f3dbfffd 763060448af3475897e02399dd700032 04988d45367d43fd8686d15974af2a43 - - default default] Successfully bumped revision number for resource b05354f1-1fe3-4e33-b287-38ee2e30d6e7 (type: networks) to 1
2026-06-30 19:10:51.973 10 WARNING neutron.scheduler.dhcp_agent_scheduler [None req-20328a41-e10f-4b38-a1e8-9a66f3dbfffd 763060448af3475897e02399dd700032 04988d45367d43fd8686d15974af2a43 - - default default] No more DHCP agents
2026-06-30 19:10:51.975 10 WARNING neutron.api.rpc.agentnotifiers.dhcp_rpc_agent_api [None req-20328a41-e10f-4b38-a1e8-9a66f3dbfffd 763060448af3475897e02399dd700032 04988d45367d43fd8686d15974af2a43 - - default default] Unable to schedule network b05354f1-1fe3-4e33-b287-38ee2e30d6e7: no agents available; will retry on subsequent port and subnet creation events.
2026-06-30 19:10:52.089 10 INFO neutron.db.ovn_revision_numbers_db [None req-20328a41-e10f-4b38-a1e8-9a66f3dbfffd 763060448af3475897e02399dd700032 04988d45367d43fd8686d15974af2a43 - - default default] Successfully bumped revision number for resource 398df0bb-e27e-4ed4-83c8-e4376cab2535 (type: ports) to 1
2026-06-30 19:10:52.113 9 INFO neutron.db.ovn_revision_numbers_db [None req-f2562696-28e3-43b9-b368-2f0fe0e752af b129833bdb694860913f07e824c57854 a3cd5a73218e499391d5f3e620430459 - - default default] Successfully bumped revision number for resource 0c0c306e-4226-4160-aa5f-63915f21860e (type: security_groups) to 1
2026-06-30 19:10:52.121 10 INFO neutron.wsgi [None req-20328a41-e10f-4b38-a1e8-9a66f3dbfffd 763060448af3475897e02399dd700032 04988d45367d43fd8686d15974af2a43 - - default default] 10.0.0.184 "POST /v2.0/networks HTTP/1.1" status: 201 len: 831 time: 1.0479841
2026-06-30 19:10:52.132 9 WARNING neutron_lib.context [None req-34845fbb-e6a7-461e-b9da-01c3e11092b3 763060448af3475897e02399dd700032 04988d45367d43fd8686d15974af2a43 - - default default] Method 'is_advsvc' is deprecated since 2023.2 release (neutron-lib 3.8.0) and will be removed once support for the old RBAC API policies will be removed from Neutron. Please use method 'is_service_role' instead.
2026-06-30 19:10:52.135 9 INFO neutron.db.ovn_revision_numbers_db [None req-f2562696-28e3-43b9-b368-2f0fe0e752af b129833bdb694860913f07e824c57854 a3cd5a73218e499391d5f3e620430459 - - default default] Successfully bumped revision number for resource 2195f885-f4d5-499f-a732-51356c808baf (type: security_group_rules) to 0
2026-06-30 19:10:52.170 9 INFO neutron.db.ovn_revision_numbers_db [None req-f2562696-28e3-43b9-b368-2f0fe0e752af b129833bdb694860913f07e824c57854 a3cd5a73218e499391d5f3e620430459 - - default default] Successfully bumped revision number for resource 41308446-d0c0-4c46-b264-e7615b09cc87 (type: security_group_rules) to 0
2026-06-30 19:10:52.187 9 INFO neutron.db.ovn_revision_numbers_db [None req-f2562696-28e3-43b9-b368-2f0fe0e752af b129833bdb694860913f07e824c57854 a3cd5a73218e499391d5f3e620430459 - - default default] Successfully bumped revision number for resource 431580d2-d7fb-4eba-809c-29b7d608d8d2 (type: security_group_rules) to 0
2026-06-30 19:10:52.201 9 INFO neutron.db.ovn_revision_numbers_db [None req-f2562696-28e3-43b9-b368-2f0fe0e752af b129833bdb694860913f07e824c57854 a3cd5a73218e499391d5f3e620430459 - - default default] Successfully bumped revision number for resource e07e8f56-ed78-45fb-86d0-8ec6b3558b75 (type: security_group_rules) to 0
2026-06-30 19:10:52.220 10 INFO neutron.services.segments.plugin [-] Segment 30a434c2-69a5-409d-aefe-13f6c38273f3 resource provider aggregate not found
2026-06-30 19:10:52.227 10 INFO neutron.services.segments.plugin [-] Segment 30a434c2-69a5-409d-aefe-13f6c38273f3 resource provider aggregate not found
2026-06-30 19:10:52.241 9 INFO neutron.wsgi [None req-f2562696-28e3-43b9-b368-2f0fe0e752af b129833bdb694860913f07e824c57854 a3cd5a73218e499391d5f3e620430459 - - default default] 10.0.0.184 "GET /v2.0/security-groups?tenant_id=8476768d8583433da0f103b2d162973e&name=default HTTP/1.1" status: 200 len: 2996 time: 0.4484801
2026-06-30 19:10:52.244 10 INFO neutron.services.segments.plugin [-] Segment 30a434c2-69a5-409d-aefe-13f6c38273f3 resource provider not found; error: Placement Client Error (4xx): {"errors": [{"status": 404, "title": "Not Found", "detail": "The resource could not be found.\n\n No resource provider with uuid 30a434c2-69a5-409d-aefe-13f6c38273f3 found for delete ", "request_id": "req-eeba091a-f721-406f-9c3e-8d922940401b"}]}
2026-06-30 19:10:52.245 10 INFO neutron.services.segments.plugin [-] Segment 30a434c2-69a5-409d-aefe-13f6c38273f3 resource provider not found; error: Placement Client Error (4xx): {"errors": [{"status": 404, "title": "Not Found", "detail": "The resource could not be found.\n\n No resource provider with uuid 30a434c2-69a5-409d-aefe-13f6c38273f3 found for delete ", "request_id": "req-730a59a5-eb1a-4b02-9698-e57f80a5c074"}]}
2026-06-30 19:10:52.288 10 INFO neutron.wsgi [None req-abeb9cba-ff0f-4e14-a5fd-e5ee38e8fa15 e627541f16174d3ab05ade55f7af9078 15dcf927ef704aa5b5720fd048cccbb5 - - default default] 10.0.0.184 "DELETE /v2.0/networks/c290aa7e-94fe-437c-bb38-d7bf8962a145 HTTP/1.1" status: 204 len: 168 time: 0.5562303
2026-06-30 19:10:52.429 9 WARNING neutron.scheduler.dhcp_agent_scheduler [None req-34845fbb-e6a7-461e-b9da-01c3e11092b3 763060448af3475897e02399dd700032 04988d45367d43fd8686d15974af2a43 - - default default] No more DHCP agents
2026-06-30 19:10:52.432 9 WARNING neutron.api.rpc.agentnotifiers.dhcp_rpc_agent_api [None req-34845fbb-e6a7-461e-b9da-01c3e11092b3 763060448af3475897e02399dd700032 04988d45367d43fd8686d15974af2a43 - - default default] Unable to schedule network b05354f1-1fe3-4e33-b287-38ee2e30d6e7: no agents available; will retry on subsequent port and subnet creation events.
2026-06-30 19:10:52.469 10 INFO neutron.wsgi [None req-49abcb1f-def7-4e05-ab23-9ffe176f6b4d b129833bdb694860913f07e824c57854 a3cd5a73218e499391d5f3e620430459 - - default default] 10.0.0.184 "DELETE /v2.0/security-groups/0c0c306e-4226-4160-aa5f-63915f21860e HTTP/1.1" status: 204 len: 168 time: 0.2210181
2026-06-30 19:10:52.749 10 INFO neutron.db.ovn_revision_numbers_db [None req-fad4702f-4f00-4131-811d-b143d4e224ab b129833bdb694860913f07e824c57854 a3cd5a73218e499391d5f3e620430459 - - default default] Successfully bumped revision number for resource b428d79d-59b3-421d-b037-112ada9c5c4e (type: security_groups) to 1
2026-06-30 19:10:52.762 10 INFO neutron.db.ovn_revision_numbers_db [None req-fad4702f-4f00-4131-811d-b143d4e224ab b129833bdb694860913f07e824c57854 a3cd5a73218e499391d5f3e620430459 - - default default] Successfully bumped revision number for resource 1393f172-307f-4c2b-9fb5-1b1c9a035cef (type: security_group_rules) to 0
2026-06-30 19:10:52.775 10 INFO neutron.db.ovn_revision_numbers_db [None req-fad4702f-4f00-4131-811d-b143d4e224ab b129833bdb694860913f07e824c57854 a3cd5a73218e499391d5f3e620430459 - - default default] Successfully bumped revision number for resource 47b55c32-e603-4cf1-aae1-f8ed14a9aa0d (type: security_group_rules) to 0
2026-06-30 19:10:52.790 10 INFO neutron.db.ovn_revision_numbers_db [None req-fad4702f-4f00-4131-811d-b143d4e224ab b129833bdb694860913f07e824c57854 a3cd5a73218e499391d5f3e620430459 - - default default] Successfully bumped revision number for resource 694be7b8-b771-44d0-ba6b-284be8b2e846 (type: security_group_rules) to 0
2026-06-30 19:10:52.813 10 INFO neutron.db.ovn_revision_numbers_db [None req-fad4702f-4f00-4131-811d-b143d4e224ab b129833bdb694860913f07e824c57854 a3cd5a73218e499391d5f3e620430459 - - default default] Successfully bumped revision number for resource 780d7d4f-a3c0-411e-bbc1-837d3cd8e3cb (type: security_group_rules) to 0
2026-06-30 19:10:52.839 10 INFO neutron.wsgi [None req-fad4702f-4f00-4131-811d-b143d4e224ab b129833bdb694860913f07e824c57854 a3cd5a73218e499391d5f3e620430459 - - default default] 10.0.0.184 "GET /v2.0/security-groups?tenant_id=33a3655a91984704aff2e7b21752cd8e&name=default HTTP/1.1" status: 200 len: 2996 time: 0.2076581
2026-06-30 19:10:52.962 10 INFO neutron.wsgi [None req-dbd71fee-47c8-4106-962c-5c4c503f9114 b129833bdb694860913f07e824c57854 a3cd5a73218e499391d5f3e620430459 - - default default] 10.0.0.184 "GET /v2.0/security-groups?tenant_id=15dcf927ef704aa5b5720fd048cccbb5&name=default HTTP/1.1" status: 200 len: 2996 time: 0.1663854
2026-06-30 19:10:53.079 10 INFO neutron.wsgi [None req-4a7884aa-dd9c-46f9-84b4-56b80f28f890 b129833bdb694860913f07e824c57854 a3cd5a73218e499391d5f3e620430459 - - default default] 10.0.0.184 "DELETE /v2.0/security-groups/b428d79d-59b3-421d-b037-112ada9c5c4e HTTP/1.1" status: 204 len: 168 time: 0.2342937
2026-06-30 19:10:53.184 10 INFO neutron.wsgi [None req-9f301201-3a3d-4d3d-8d4c-9b7ebd3326a6 b129833bdb694860913f07e824c57854 a3cd5a73218e499391d5f3e620430459 - - default default] 10.0.0.184 "DELETE /v2.0/security-groups/4d1cd373-3fcc-4ea2-a3bc-0970cf2c634a HTTP/1.1" status: 204 len: 168 time: 0.2163615
2026-06-30 19:10:53.227 9 INFO neutron.db.ovn_revision_numbers_db [None req-34845fbb-e6a7-461e-b9da-01c3e11092b3 763060448af3475897e02399dd700032 04988d45367d43fd8686d15974af2a43 - - default default] Successfully bumped revision number for resource 398df0bb-e27e-4ed4-83c8-e4376cab2535 (type: ports) to 2
2026-06-30 19:10:53.263 9 INFO neutron.db.ovn_revision_numbers_db [None req-34845fbb-e6a7-461e-b9da-01c3e11092b3 763060448af3475897e02399dd700032 04988d45367d43fd8686d15974af2a43 - - default default] Successfully bumped revision number for resource f10c3934-22ea-4178-acab-50d6a41d70c5 (type: subnets) to 0
2026-06-30 19:10:53.278 9 INFO neutron.wsgi [None req-34845fbb-e6a7-461e-b9da-01c3e11092b3 763060448af3475897e02399dd700032 04988d45367d43fd8686d15974af2a43 - - default default] 10.0.0.184 "POST /v2.0/subnets HTTP/1.1" status: 201 len: 804 time: 1.1519785
2026-06-30 19:10:53.376 9 INFO neutron.wsgi [None req-038c8aea-45e9-4dd8-b7a3-3f606cafd5fe 763060448af3475897e02399dd700032 04988d45367d43fd8686d15974af2a43 - - default default] 10.0.0.184 "PUT /v2.0/subnets/3741f730-44a7-4f96-9282-b35feda80164/tags HTTP/1.1" status: 200 len: 210 time: 0.0921123
2026-06-30 19:10:53.383 10 INFO neutron.db.ovn_revision_numbers_db [None req-6dfcb099-a47f-45fb-acbe-0af714a5cb9c b129833bdb694860913f07e824c57854 a3cd5a73218e499391d5f3e620430459 - - default default] Successfully bumped revision number for resource 65b31309-17b6-431a-a71a-e4d7376b9a6c (type: security_groups) to 1
2026-06-30 19:10:53.402 10 INFO neutron.db.ovn_revision_numbers_db [None req-6dfcb099-a47f-45fb-acbe-0af714a5cb9c b129833bdb694860913f07e824c57854 a3cd5a73218e499391d5f3e620430459 - - default default] Successfully bumped revision number for resource 1c86b2cb-2ab7-4ecb-9055-e8f2f737e331 (type: security_group_rules) to 0
2026-06-30 19:10:53.415 10 INFO neutron.db.ovn_revision_numbers_db [None req-6dfcb099-a47f-45fb-acbe-0af714a5cb9c b129833bdb694860913f07e824c57854 a3cd5a73218e499391d5f3e620430459 - - default default] Successfully bumped revision number for resource 61b69af7-09ec-4611-84e5-bc8d66769688 (type: security_group_rules) to 0
2026-06-30 19:10:53.431 10 INFO neutron.db.ovn_revision_numbers_db [None req-6dfcb099-a47f-45fb-acbe-0af714a5cb9c b129833bdb694860913f07e824c57854 a3cd5a73218e499391d5f3e620430459 - - default default] Successfully bumped revision number for resource 86212d48-cf13-4e68-a64b-29b30b2559ea (type: security_group_rules) to 0
2026-06-30 19:10:53.438 9 INFO neutron.wsgi [None req-1106a5a1-ab1a-42a1-b56f-7d87ab0010ec 763060448af3475897e02399dd700032 04988d45367d43fd8686d15974af2a43 - - default default] 10.0.0.184 "PUT /v2.0/subnets/ac6d2659-c2a7-4972-940f-8afd1e05b4a3/tags HTTP/1.1" status: 200 len: 218 time: 0.0586910
2026-06-30 19:10:53.444 10 INFO neutron.db.ovn_revision_numbers_db [None req-6dfcb099-a47f-45fb-acbe-0af714a5cb9c b129833bdb694860913f07e824c57854 a3cd5a73218e499391d5f3e620430459 - - default default] Successfully bumped revision number for resource c28872dd-9869-49cb-9947-07b4183b16c2 (type: security_group_rules) to 0
2026-06-30 19:10:53.468 10 INFO neutron.wsgi [None req-6dfcb099-a47f-45fb-acbe-0af714a5cb9c b129833bdb694860913f07e824c57854 a3cd5a73218e499391d5f3e620430459 - - default default] 10.0.0.184 "GET /v2.0/security-groups?tenant_id=174152acff4f41d6a3ebddaeef32777b&name=default HTTP/1.1" status: 200 len: 2996 time: 0.2573488
2026-06-30 19:10:53.496 9 INFO neutron.wsgi [None req-309db58a-c9f8-481e-ad02-235aebb765cd 763060448af3475897e02399dd700032 04988d45367d43fd8686d15974af2a43 - - default default] 10.0.0.184 "PUT /v2.0/subnets/25372e4c-e999-40ed-bdbe-9cad150cc354/tags HTTP/1.1" status: 200 len: 227 time: 0.0495908
2026-06-30 19:10:53.547 9 INFO neutron.wsgi [None req-40cf5fa8-a1c0-4d86-80ab-91b6548edf3d 763060448af3475897e02399dd700032 04988d45367d43fd8686d15974af2a43 - - default default] 10.0.0.184 "PUT /v2.0/subnets/fc3f0d2b-f0a7-4a98-9cce-13bc3cc61ec6/tags HTTP/1.1" status: 200 len: 212 time: 0.0476019
2026-06-30 19:10:53.610 9 INFO neutron.wsgi [None req-565e5258-3ccc-44aa-87e9-b1d50b6e1631 763060448af3475897e02399dd700032 04988d45367d43fd8686d15974af2a43 - - default default] 10.0.0.184 "GET /v2.0/subnets?tags=red HTTP/1.1" status: 200 len: 2027 time: 0.0561810
2026-06-30 19:10:53.668 9 INFO neutron.wsgi [None req-0e8017eb-9125-4f9e-91cb-daf17ec1ae09 763060448af3475897e02399dd700032 04988d45367d43fd8686d15974af2a43 - - default default] 10.0.0.184 "GET /v2.0/subnets?tags=red%2Cblue HTTP/1.1" status: 200 len: 1430 time: 0.0521181
2026-06-30 19:10:53.679 10 INFO neutron.wsgi [None req-f994743f-16bc-42e3-bec6-be43ce17a8a4 b129833bdb694860913f07e824c57854 a3cd5a73218e499391d5f3e620430459 - - default default] 10.0.0.184 "DELETE /v2.0/security-groups/65b31309-17b6-431a-a71a-e4d7376b9a6c HTTP/1.1" status: 204 len: 168 time: 0.2053878
2026-06-30 19:10:53.729 9 INFO neutron.wsgi [None req-bc32dd88-e5d6-4670-82d6-7e60d502211d 763060448af3475897e02399dd700032 04988d45367d43fd8686d15974af2a43 - - default default] 10.0.0.184 "GET /v2.0/subnets?tags-any=blue HTTP/1.1" status: 200 len: 1430 time: 0.0544770
2026-06-30 19:10:53.777 9 INFO neutron.wsgi [None req-e47ecb8c-87d5-4a9a-9399-f96af7a66227 763060448af3475897e02399dd700032 04988d45367d43fd8686d15974af2a43 - - default default] 10.0.0.184 "GET /v2.0/subnets?tags-any=red%2Cblue HTTP/1.1" status: 200 len: 2027 time: 0.0426636
2026-06-30 19:10:53.836 9 INFO neutron.wsgi [None req-a33d3e5b-b9a6-49fb-8afe-e801bea93bbf 763060448af3475897e02399dd700032 04988d45367d43fd8686d15974af2a43 - - default default] 10.0.0.184 "GET /v2.0/subnets?not-tags=red HTTP/1.1" status: 200 len: 2018 time: 0.0544574
2026-06-30 19:10:53.916 9 INFO neutron.wsgi [None req-296dd4a8-15c6-4dd8-aaa3-d40b1abb9e08 763060448af3475897e02399dd700032 04988d45367d43fd8686d15974af2a43 - - default default] 10.0.0.184 "GET /v2.0/subnets?not-tags=red%2Cblue HTTP/1.1" status: 200 len: 2615 time: 0.0743735
2026-06-30 19:10:53.991 9 INFO neutron.wsgi [None req-e44305a4-cabf-4842-b643-83d81195b41d 763060448af3475897e02399dd700032 04988d45367d43fd8686d15974af2a43 - - default default] 10.0.0.184 "GET /v2.0/subnets?not-tags-any=blue HTTP/1.1" status: 200 len: 2615 time: 0.0703824
2026-06-30 19:10:54.052 9 INFO neutron.wsgi [None req-b3538d79-4253-414a-b62a-96bed918fe9a 763060448af3475897e02399dd700032 04988d45367d43fd8686d15974af2a43 - - default default] 10.0.0.184 "GET /v2.0/subnets?not-tags-any=red%2Cblue HTTP/1.1" status: 200 len: 2018 time: 0.0568144
2026-06-30 19:10:54.258 9 INFO neutron.wsgi [None req-4ca4b62c-7050-4588-88e8-9bde510d805e 763060448af3475897e02399dd700032 04988d45367d43fd8686d15974af2a43 - - default default] 10.0.0.184 "DELETE /v2.0/subnets/3741f730-44a7-4f96-9282-b35feda80164 HTTP/1.1" status: 204 len: 168 time: 0.1979897
2026-06-30 19:10:54.463 9 INFO neutron.wsgi [None req-70090198-1503-4dac-b63b-0ad37eb4330b 763060448af3475897e02399dd700032 04988d45367d43fd8686d15974af2a43 - - default default] 10.0.0.184 "DELETE /v2.0/subnets/ac6d2659-c2a7-4972-940f-8afd1e05b4a3 HTTP/1.1" status: 204 len: 168 time: 0.2006896
2026-06-30 19:10:54.700 9 INFO neutron.wsgi [None req-1c1fd65d-0f59-4ffd-809e-a12647e47705 763060448af3475897e02399dd700032 04988d45367d43fd8686d15974af2a43 - - default default] 10.0.0.184 "DELETE /v2.0/subnets/25372e4c-e999-40ed-bdbe-9cad150cc354 HTTP/1.1" status: 204 len: 168 time: 0.2256963
2026-06-30 19:10:54.901 9 INFO neutron.wsgi [None req-1ddc4404-2543-40e9-a475-168167572ee4 763060448af3475897e02399dd700032 04988d45367d43fd8686d15974af2a43 - - default default] 10.0.0.184 "DELETE /v2.0/subnets/fc3f0d2b-f0a7-4a98-9cce-13bc3cc61ec6 HTTP/1.1" status: 204 len: 168 time: 0.1974592
2026-06-30 19:10:55.159 9 INFO neutron.wsgi [None req-b5344bb3-fa74-494d-9bbd-d8b5790e9d69 763060448af3475897e02399dd700032 04988d45367d43fd8686d15974af2a43 - - default default] 10.0.0.184 "DELETE /v2.0/subnets/f10c3934-22ea-4178-acab-50d6a41d70c5 HTTP/1.1" status: 204 len: 168 time: 0.2545080
2026-06-30 19:10:55.394 10 WARNING neutron_lib.context [None req-0b371393-8ddd-41aa-b7bc-534ffd370dc4 ebae0475a3ca46b385c9235e6e269d52 8072e75870c644eb8100b583bc09529e - - default default] Method 'is_advsvc' is deprecated since 2023.2 release (neutron-lib 3.8.0) and will be removed once support for the old RBAC API policies will be removed from Neutron. Please use method 'is_service_role' instead.
2026-06-30 19:10:55.539 9 INFO neutron.services.segments.plugin [-] Segment 5e9ed013-49bf-4562-93ad-33865f3da0ad resource provider aggregate not found
2026-06-30 19:10:55.547 9 INFO neutron.services.segments.plugin [-] Segment 5e9ed013-49bf-4562-93ad-33865f3da0ad resource provider aggregate not found
2026-06-30 19:10:55.552 10 INFO neutron.db.ovn_revision_numbers_db [None req-0b371393-8ddd-41aa-b7bc-534ffd370dc4 ebae0475a3ca46b385c9235e6e269d52 8072e75870c644eb8100b583bc09529e - - default default] Successfully bumped revision number for resource 50150400-bd4e-4af0-abdf-b60d2035fe83 (type: security_groups) to 1
2026-06-30 19:10:55.561 9 INFO neutron.services.segments.plugin [-] Segment 5e9ed013-49bf-4562-93ad-33865f3da0ad resource provider not found; error: Placement Client Error (4xx): {"errors": [{"status": 404, "title": "Not Found", "detail": "The resource could not be found.\n\n No resource provider with uuid 5e9ed013-49bf-4562-93ad-33865f3da0ad found for delete ", "request_id": "req-36a26657-a647-467f-9b65-72a0130db1d8"}]}
2026-06-30 19:10:55.577 9 INFO neutron.services.segments.plugin [-] Segment 5e9ed013-49bf-4562-93ad-33865f3da0ad resource provider not found; error: Placement Client Error (4xx): {"errors": [{"status": 404, "title": "Not Found", "detail": "The resource could not be found.\n\n No resource provider with uuid 5e9ed013-49bf-4562-93ad-33865f3da0ad found for delete ", "request_id": "req-6b83bcd6-b84f-4b36-a2e3-ad6ff926625f"}]}
2026-06-30 19:10:55.582 10 INFO neutron.db.ovn_revision_numbers_db [None req-0b371393-8ddd-41aa-b7bc-534ffd370dc4 ebae0475a3ca46b385c9235e6e269d52 8072e75870c644eb8100b583bc09529e - - default default] Successfully bumped revision number for resource 16a4fb19-21db-401a-a220-5bfcf8a809eb (type: security_group_rules) to 0
2026-06-30 19:10:55.607 9 INFO neutron.wsgi [None req-daa1e2db-0102-4962-bb53-d6114ee61b74 763060448af3475897e02399dd700032 04988d45367d43fd8686d15974af2a43 - - default default] 10.0.0.184 "DELETE /v2.0/networks/17ed916d-f508-46d9-be24-dc8034b824fe HTTP/1.1" status: 204 len: 168 time: 0.4439926
2026-06-30 19:10:55.611 10 INFO neutron.db.ovn_revision_numbers_db [None req-0b371393-8ddd-41aa-b7bc-534ffd370dc4 ebae0475a3ca46b385c9235e6e269d52 8072e75870c644eb8100b583bc09529e - - default default] Successfully bumped revision number for resource 8808be2d-ca58-45f6-b279-78000cfcbe35 (type: security_group_rules) to 0
