2026-06-30 19:08:50.024 10 INFO neutron.db.ovn_revision_numbers_db [req-9138f3b6-21f8-4536-be43-d511c84598ea req-0794c1e9-fcc1-4237-9bc9-5897fdea9f98 002d8814c906491586a2fc73e34df638 2e8c30e070594eea800af6805d7d2ae9 - - c8283192793441d78bd44d8b616a71f0 c8283192793441d78bd44d8b616a71f0] Successfully bumped revision number for resource e53271ac-959b-4a68-aeba-66419c22a885 (type: ports) to 2
2026-06-30 19:08:50.046 10 INFO neutron.wsgi [req-9138f3b6-21f8-4536-be43-d511c84598ea req-0794c1e9-fcc1-4237-9bc9-5897fdea9f98 002d8814c906491586a2fc73e34df638 2e8c30e070594eea800af6805d7d2ae9 - - c8283192793441d78bd44d8b616a71f0 c8283192793441d78bd44d8b616a71f0] 199.204.45.78 "PUT /v2.0/ports/e53271ac-959b-4a68-aeba-66419c22a885 HTTP/1.1" status: 200 len: 1376 time: 0.7597754
2026-06-30 19:08:50.082 10 INFO neutron.notifiers.nova [-] Nova event matching ['req-ffa6473a-da36-459f-bf32-70140aafe97e'] response: {'name': 'network-changed', 'server_uuid': 'cfffd509-59bc-476b-bd13-3eb86a78ea3d', 'tag': 'e53271ac-959b-4a68-aeba-66419c22a885', 'status': 'completed', 'code': 200} /var/lib/openstack/lib/python3.10/site-packages/pycadf/identifier.py:71: UserWarning: Invalid uuid: neutron. To ensure interoperability, identifiers should be a valid uuid. warnings.warn(('Invalid uuid: %s. To ensure interoperability, '
2026-06-30 19:08:50.137 9 INFO neutron.wsgi [req-d52f4fca-0250-4f41-99ee-e8cd65359660 req-2de18006-dc32-45d8-9f9b-b46fdecea204 086c1aec9a6748c298cbf1093882e5e3 acbdb32e1a0a455f969be5b94f33f6dc - - default default] 10.0.0.32 "GET /v2.0/ports?device_id=cfffd509-59bc-476b-bd13-3eb86a78ea3d HTTP/1.1" status: 200 len: 1168 time: 0.0464535
2026-06-30 19:08:50.157 10 INFO neutron.wsgi [req-9138f3b6-21f8-4536-be43-d511c84598ea req-9d0a847d-84cc-4c13-aee4-0f4b1977e474 002d8814c906491586a2fc73e34df638 2e8c30e070594eea800af6805d7d2ae9 - - c8283192793441d78bd44d8b616a71f0 c8283192793441d78bd44d8b616a71f0] 199.204.45.78 "GET /v2.0/ports?tenant_id=acbdb32e1a0a455f969be5b94f33f6dc&device_id=cfffd509-59bc-476b-bd13-3eb86a78ea3d HTTP/1.1" status: 200 len: 1407 time: 0.0662577
2026-06-30 19:08:50.189 10 INFO neutron.wsgi [req-9138f3b6-21f8-4536-be43-d511c84598ea req-e5c5ebe4-4274-4043-b600-7c9997a07924 002d8814c906491586a2fc73e34df638 2e8c30e070594eea800af6805d7d2ae9 - - c8283192793441d78bd44d8b616a71f0 c8283192793441d78bd44d8b616a71f0] 199.204.45.78 "GET /v2.0/floatingips?fixed_ip_address=10.100.0.4&port_id=e53271ac-959b-4a68-aeba-66419c22a885 HTTP/1.1" status: 200 len: 217 time: 0.0265129
2026-06-30 19:08:50.191 9 INFO neutron.wsgi [req-d52f4fca-0250-4f41-99ee-e8cd65359660 req-8ea10e27-eb3c-4d09-b87a-7fe395654161 086c1aec9a6748c298cbf1093882e5e3 acbdb32e1a0a455f969be5b94f33f6dc - - default default] 10.0.0.32 "GET /v2.0/security-groups?id=903e685f-c72d-4978-a0fa-b3a41c64e6c0&fields=id&fields=name HTTP/1.1" status: 200 len: 286 time: 0.0485075
2026-06-30 19:08:50.196 9 INFO neutron.db.ovn_revision_numbers_db [None req-5ebb1240-a5e1-4656-a512-1403822bf566 132884841037490ba1a373ec6cdd9a52 e2686eb07e3f4cbfb5ca1437750a46b2 - - default default] Successfully bumped revision number for resource 6561eb5e-6aae-4238-a1c4-622f13ddd139 (type: security_group_rules) to 0
2026-06-30 19:08:50.220 9 INFO neutron.wsgi [None req-5ebb1240-a5e1-4656-a512-1403822bf566 132884841037490ba1a373ec6cdd9a52 e2686eb07e3f4cbfb5ca1437750a46b2 - - default default] 10.0.0.184 "POST /v2.0/security-group-rules HTTP/1.1" status: 201 len: 764 time: 0.2252367
2026-06-30 19:08:50.230 9 WARNING neutron_lib.context [None req-9c2ef608-83b0-4152-ba7f-08992316fd1b 132884841037490ba1a373ec6cdd9a52 e2686eb07e3f4cbfb5ca1437750a46b2 - - default default] Method 'is_advsvc' is deprecated since 2023.2 release (neutron-lib 3.8.0) and will be removed once support for the old RBAC API policies will be removed from Neutron. Please use method 'is_service_role' instead.
2026-06-30 19:08:50.238 10 INFO neutron.wsgi [req-9138f3b6-21f8-4536-be43-d511c84598ea req-92f3b425-de8d-4698-8858-a88dcf538c9a 002d8814c906491586a2fc73e34df638 2e8c30e070594eea800af6805d7d2ae9 - - c8283192793441d78bd44d8b616a71f0 c8283192793441d78bd44d8b616a71f0] 199.204.45.78 "GET /v2.0/subnets?id=682ff2ff-4d45-4cad-b3f2-d5f5a1f29d10 HTTP/1.1" status: 200 len: 865 time: 0.0431812
2026-06-30 19:08:50.283 10 INFO neutron.wsgi [req-9138f3b6-21f8-4536-be43-d511c84598ea req-787adddf-ab11-46c4-8489-0e5d7d5ee73d 002d8814c906491586a2fc73e34df638 2e8c30e070594eea800af6805d7d2ae9 - - c8283192793441d78bd44d8b616a71f0 c8283192793441d78bd44d8b616a71f0] 199.204.45.78 "GET /v2.0/ports?network_id=076c6114-94d4-4296-afbd-fcb8cc2809e0&device_owner=network%3Adhcp HTTP/1.1" status: 200 len: 210 time: 0.0378206
2026-06-30 19:08:50.301 10 INFO neutron.services.segments.plugin [-] Segment 0da45d01-a5b8-4ec7-b299-68e587b23e51 resource provider aggregate not found
2026-06-30 19:08:50.305 10 INFO neutron.services.segments.plugin [-] Segment 0da45d01-a5b8-4ec7-b299-68e587b23e51 resource provider aggregate not found
2026-06-30 19:08:50.327 10 INFO neutron.services.segments.plugin [-] Segment 0da45d01-a5b8-4ec7-b299-68e587b23e51 resource provider not found; error: Placement Client Error (4xx): {"errors": [{"status": 404, "title": "Not Found", "detail": "The resource could not be found.\n\n No resource provider with uuid 0da45d01-a5b8-4ec7-b299-68e587b23e51 found for delete ", "request_id": "req-2940f3fc-f970-4fe3-9332-4ae6452bb074"}]}
2026-06-30 19:08:50.328 10 INFO neutron.services.segments.plugin [-] Segment 0da45d01-a5b8-4ec7-b299-68e587b23e51 resource provider not found; error: Placement Client Error (4xx): {"errors": [{"status": 404, "title": "Not Found", "detail": "The resource could not be found.\n\n No resource provider with uuid 0da45d01-a5b8-4ec7-b299-68e587b23e51 found for delete ", "request_id": "req-64cad90d-afdc-4c51-ab26-0d077e1b064d"}]}
2026-06-30 19:08:50.359 9 INFO neutron.db.ovn_revision_numbers_db [None req-9c2ef608-83b0-4152-ba7f-08992316fd1b 132884841037490ba1a373ec6cdd9a52 e2686eb07e3f4cbfb5ca1437750a46b2 - - default default] Successfully bumped revision number for resource a60856e8-f6a4-4991-9f91-0a8d80a59382 (type: security_group_rules) to 0
2026-06-30 19:08:50.367 10 INFO neutron.wsgi [None req-876bebc5-465f-4cf4-b3a6-bac2fa873049 070df50e5940480fafdee0d2e90021e1 1d57fb0bd0f24425b9a61c2e981ebe3f - - default default] 10.0.0.184 "DELETE /v2.0/networks/600491e4-5109-47dd-a17f-5a77215e0017 HTTP/1.1" status: 204 len: 168 time: 0.6211126
2026-06-30 19:08:50.378 10 INFO neutron.wsgi [req-9138f3b6-21f8-4536-be43-d511c84598ea req-62490424-9327-4229-accd-b6115258ce04 002d8814c906491586a2fc73e34df638 2e8c30e070594eea800af6805d7d2ae9 - - c8283192793441d78bd44d8b616a71f0 c8283192793441d78bd44d8b616a71f0] 199.204.45.78 "GET /v2.0/networks/076c6114-94d4-4296-afbd-fcb8cc2809e0?fields=segments HTTP/1.1" status: 200 len: 212 time: 0.0876682
2026-06-30 19:08:50.388 9 INFO neutron.wsgi [None req-9c2ef608-83b0-4152-ba7f-08992316fd1b 132884841037490ba1a373ec6cdd9a52 e2686eb07e3f4cbfb5ca1437750a46b2 - - default default] 10.0.0.184 "POST /v2.0/security-group-rules HTTP/1.1" status: 201 len: 769 time: 0.1623044
2026-06-30 19:08:50.400 10 WARNING neutron_lib.context [None req-cca0ab40-150c-4547-b9a6-5efc54bb0089 132884841037490ba1a373ec6cdd9a52 e2686eb07e3f4cbfb5ca1437750a46b2 - - default default] Method 'is_advsvc' is deprecated since 2023.2 release (neutron-lib 3.8.0) and will be removed once support for the old RBAC API policies will be removed from Neutron. Please use method 'is_service_role' instead.
2026-06-30 19:08:50.430 9 WARNING neutron_lib.context [None req-257cf782-fd13-49ad-bd9b-abe6738410a4 6d98a6e805424aac8b486de3aaa3fcf1 abd1b7e87cc84ad0b243d18424363d02 - - default default] Method 'is_advsvc' is deprecated since 2023.2 release (neutron-lib 3.8.0) and will be removed once support for the old RBAC API policies will be removed from Neutron. Please use method 'is_service_role' instead.
2026-06-30 19:08:50.468 10 INFO neutron.wsgi [req-9138f3b6-21f8-4536-be43-d511c84598ea req-a563456f-17cf-42bf-9d82-92ca7cb0d3df 002d8814c906491586a2fc73e34df638 2e8c30e070594eea800af6805d7d2ae9 - - c8283192793441d78bd44d8b616a71f0 c8283192793441d78bd44d8b616a71f0] 199.204.45.78 "GET /v2.0/networks/076c6114-94d4-4296-afbd-fcb8cc2809e0?fields=provider%3Aphysical_network&fields=provider%3Anetwork_type HTTP/1.1" status: 200 len: 277 time: 0.0818052
2026-06-30 19:08:50.555 10 INFO neutron.wsgi [req-839f4254-7fed-42b5-a035-bd26c5c9b317 req-df351630-9bc0-4c7b-bea1-f8675f082a1b 002d8814c906491586a2fc73e34df638 2e8c30e070594eea800af6805d7d2ae9 - - c8283192793441d78bd44d8b616a71f0 c8283192793441d78bd44d8b616a71f0] 199.204.45.78 "GET /v2.0/ports?tenant_id=acbdb32e1a0a455f969be5b94f33f6dc&device_id=cfffd509-59bc-476b-bd13-3eb86a78ea3d HTTP/1.1" status: 200 len: 1407 time: 0.0439892
2026-06-30 19:08:50.623 9 INFO neutron.db.ovn_revision_numbers_db [None req-257cf782-fd13-49ad-bd9b-abe6738410a4 6d98a6e805424aac8b486de3aaa3fcf1 abd1b7e87cc84ad0b243d18424363d02 - - default default] Successfully bumped revision number for resource 10b4d224-9693-4a99-adeb-7b59cc2176b5 (type: security_groups) to 1
2026-06-30 19:08:50.640 9 INFO neutron.db.ovn_revision_numbers_db [None req-257cf782-fd13-49ad-bd9b-abe6738410a4 6d98a6e805424aac8b486de3aaa3fcf1 abd1b7e87cc84ad0b243d18424363d02 - - default default] Successfully bumped revision number for resource 01809a3d-31d5-4323-8105-b06c20706569 (type: security_group_rules) to 0
2026-06-30 19:08:50.684 9 INFO neutron.db.ovn_revision_numbers_db [None req-257cf782-fd13-49ad-bd9b-abe6738410a4 6d98a6e805424aac8b486de3aaa3fcf1 abd1b7e87cc84ad0b243d18424363d02 - - default default] Successfully bumped revision number for resource 0ba873cf-4b95-4762-8cd0-dc77a7df00ec (type: security_group_rules) to 0
2026-06-30 19:08:50.701 9 INFO neutron.db.ovn_revision_numbers_db [None req-257cf782-fd13-49ad-bd9b-abe6738410a4 6d98a6e805424aac8b486de3aaa3fcf1 abd1b7e87cc84ad0b243d18424363d02 - - default default] Successfully bumped revision number for resource 82aa4d74-4401-4ed5-8d4d-f88fd48ae4c0 (type: security_group_rules) to 0
2026-06-30 19:08:50.725 9 INFO neutron.db.ovn_revision_numbers_db [None req-257cf782-fd13-49ad-bd9b-abe6738410a4 6d98a6e805424aac8b486de3aaa3fcf1 abd1b7e87cc84ad0b243d18424363d02 - - default default] Successfully bumped revision number for resource a91297ed-1e5c-4480-8401-d2e87aa13c35 (type: security_group_rules) to 0
2026-06-30 19:08:50.785 9 INFO neutron.services.segments.plugin [-] Segment c3070691-a706-4a01-835b-2da9cfcd973d resource provider aggregate not found
2026-06-30 19:08:50.792 9 INFO neutron.services.segments.plugin [-] Segment c3070691-a706-4a01-835b-2da9cfcd973d resource provider aggregate not found
2026-06-30 19:08:50.809 9 INFO neutron.services.segments.plugin [-] Segment c3070691-a706-4a01-835b-2da9cfcd973d resource provider not found; error: Placement Client Error (4xx): {"errors": [{"status": 404, "title": "Not Found", "detail": "The resource could not be found.\n\n No resource provider with uuid c3070691-a706-4a01-835b-2da9cfcd973d found for delete ", "request_id": "req-fdca5d96-a522-4a45-8540-aa5d47e9ab9d"}]}
2026-06-30 19:08:50.810 9 INFO neutron.db.segments_db [None req-257cf782-fd13-49ad-bd9b-abe6738410a4 6d98a6e805424aac8b486de3aaa3fcf1 abd1b7e87cc84ad0b243d18424363d02 - - default default] Added segment 4de97cc1-81d5-491a-8349-33a7c87fe4ed of type geneve for network 00a311f6-acb6-477c-bc2a-989114c4dd59
2026-06-30 19:08:50.811 9 INFO neutron.services.segments.plugin [-] Segment c3070691-a706-4a01-835b-2da9cfcd973d resource provider not found; error: Placement Client Error (4xx): {"errors": [{"status": 404, "title": "Not Found", "detail": "The resource could not be found.\n\n No resource provider with uuid c3070691-a706-4a01-835b-2da9cfcd973d found for delete ", "request_id": "req-cac96103-bbf5-4b61-991f-d0e7b6f41951"}]}
2026-06-30 19:08:50.850 9 INFO neutron.wsgi [None req-6b8bfa08-dc3c-4027-afab-f50598b4c330 070df50e5940480fafdee0d2e90021e1 1d57fb0bd0f24425b9a61c2e981ebe3f - - default default] 10.0.0.184 "DELETE /v2.0/networks/cea744a3-e958-46fe-a750-ad83ae271590 HTTP/1.1" status: 204 len: 168 time: 0.4765909
2026-06-30 19:08:50.889 10 INFO neutron.wsgi [req-839f4254-7fed-42b5-a035-bd26c5c9b317 req-6636d368-f569-4330-bf51-8bda0c4a907c 002d8814c906491586a2fc73e34df638 2e8c30e070594eea800af6805d7d2ae9 - - c8283192793441d78bd44d8b616a71f0 c8283192793441d78bd44d8b616a71f0] 199.204.45.78 "GET /v2.0/networks?id=076c6114-94d4-4296-afbd-fcb8cc2809e0 HTTP/1.1" status: 200 len: 970 time: 0.3269510
2026-06-30 19:08:50.922 10 INFO neutron.wsgi [req-839f4254-7fed-42b5-a035-bd26c5c9b317 req-dd2b6a5c-fbdb-4466-9710-ad0940999c13 002d8814c906491586a2fc73e34df638 2e8c30e070594eea800af6805d7d2ae9 - - c8283192793441d78bd44d8b616a71f0 c8283192793441d78bd44d8b616a71f0] 199.204.45.78 "GET /v2.0/floatingips?fixed_ip_address=10.100.0.4&port_id=e53271ac-959b-4a68-aeba-66419c22a885 HTTP/1.1" status: 200 len: 217 time: 0.0274386
2026-06-30 19:08:50.923 9 WARNING neutron.plugins.ml2.drivers.ovn.mech_driver.ovsdb.ovn_client [None req-ff501ece-1d4a-407d-93d8-5ebd2ccf866b - - - - - -] No hosting information found for port 82d197f1-5d52-48e5-92b6-4e746c5b8017: RuntimeError: No hosting information found for port 82d197f1-5d52-48e5-92b6-4e746c5b8017
2026-06-30 19:08:50.923 9 INFO neutron.plugins.ml2.drivers.ovn.mech_driver.mech_driver [None req-ff501ece-1d4a-407d-93d8-5ebd2ccf866b - - - - - -] OVN reports status up for port: 8739b583-1288-4752-8f7c-a934603a1f0c
2026-06-30 19:08:50.943 9 INFO neutron.plugins.ml2.plugin [None req-ff501ece-1d4a-407d-93d8-5ebd2ccf866b - - - - - -] Attempt 1 to provision port 8739b583-1288-4752-8f7c-a934603a1f0c
2026-06-30 19:08:50.978 10 INFO neutron.wsgi [None req-d7eae48f-cbfa-4ff6-9151-cf81d10babc6 070df50e5940480fafdee0d2e90021e1 1d57fb0bd0f24425b9a61c2e981ebe3f - - default default] 10.0.0.184 "GET /v2.0/networks HTTP/1.1" status: 200 len: 845 time: 0.1229093
2026-06-30 19:08:50.994 10 INFO neutron.wsgi [req-839f4254-7fed-42b5-a035-bd26c5c9b317 req-b1ae2d0b-c54d-48b3-858f-366502849b54 002d8814c906491586a2fc73e34df638 2e8c30e070594eea800af6805d7d2ae9 - - c8283192793441d78bd44d8b616a71f0 c8283192793441d78bd44d8b616a71f0] 199.204.45.78 "GET /v2.0/subnets?id=682ff2ff-4d45-4cad-b3f2-d5f5a1f29d10 HTTP/1.1" status: 200 len: 865 time: 0.0672014
2026-06-30 19:08:51.003 9 WARNING neutron_lib.context [None req-bc29db5b-3e2b-4ab8-bcab-3abda6dce529 070df50e5940480fafdee0d2e90021e1 1d57fb0bd0f24425b9a61c2e981ebe3f - - default default] Method 'is_advsvc' is deprecated since 2023.2 release (neutron-lib 3.8.0) and will be removed once support for the old RBAC API policies will be removed from Neutron. Please use method 'is_service_role' instead.
2026-06-30 19:08:51.006 10 WARNING neutron.scheduler.dhcp_agent_scheduler [None req-cca0ab40-150c-4547-b9a6-5efc54bb0089 132884841037490ba1a373ec6cdd9a52 e2686eb07e3f4cbfb5ca1437750a46b2 - - default default] No more DHCP agents
2026-06-30 19:08:51.013 10 WARNING neutron.api.rpc.agentnotifiers.dhcp_rpc_agent_api [None req-cca0ab40-150c-4547-b9a6-5efc54bb0089 132884841037490ba1a373ec6cdd9a52 e2686eb07e3f4cbfb5ca1437750a46b2 - - default default] Unable to schedule network 4bbe7b58-edde-4517-bc73-12452217406b: no agents available; will retry on subsequent port and subnet creation events.
2026-06-30 19:08:51.021 10 INFO neutron.wsgi [req-839f4254-7fed-42b5-a035-bd26c5c9b317 req-be2959e1-7ee7-49b9-903f-47df9ad94904 002d8814c906491586a2fc73e34df638 2e8c30e070594eea800af6805d7d2ae9 - - c8283192793441d78bd44d8b616a71f0 c8283192793441d78bd44d8b616a71f0] 199.204.45.78 "GET /v2.0/ports?network_id=076c6114-94d4-4296-afbd-fcb8cc2809e0&device_owner=network%3Adhcp HTTP/1.1" status: 200 len: 210 time: 0.0194802
2026-06-30 19:08:51.038 9 INFO neutron.db.ovn_revision_numbers_db [None req-257cf782-fd13-49ad-bd9b-abe6738410a4 6d98a6e805424aac8b486de3aaa3fcf1 abd1b7e87cc84ad0b243d18424363d02 - - default default] Successfully bumped revision number for resource 00a311f6-acb6-477c-bc2a-989114c4dd59 (type: networks) to 1
2026-06-30 19:08:51.146 10 INFO neutron.wsgi [req-839f4254-7fed-42b5-a035-bd26c5c9b317 req-1a5b46bf-3231-4382-8d56-a2065d9745e3 002d8814c906491586a2fc73e34df638 2e8c30e070594eea800af6805d7d2ae9 - - c8283192793441d78bd44d8b616a71f0 c8283192793441d78bd44d8b616a71f0] 199.204.45.78 "GET /v2.0/networks/076c6114-94d4-4296-afbd-fcb8cc2809e0?fields=segments HTTP/1.1" status: 200 len: 212 time: 0.1137693
2026-06-30 19:08:51.147 9 INFO neutron.db.segments_db [None req-bc29db5b-3e2b-4ab8-bcab-3abda6dce529 070df50e5940480fafdee0d2e90021e1 1d57fb0bd0f24425b9a61c2e981ebe3f - - default default] Added segment eeeb9340-bbca-4835-9eff-3353cee20533 of type geneve for network fdbffb13-43ec-404f-b6d9-fc0257f92d7e
2026-06-30 19:08:51.229 10 INFO neutron.wsgi [req-839f4254-7fed-42b5-a035-bd26c5c9b317 req-c5d92f02-593d-4d3b-8af3-b12aeac91bf8 002d8814c906491586a2fc73e34df638 2e8c30e070594eea800af6805d7d2ae9 - - c8283192793441d78bd44d8b616a71f0 c8283192793441d78bd44d8b616a71f0] 199.204.45.78 "GET /v2.0/networks/076c6114-94d4-4296-afbd-fcb8cc2809e0?fields=provider%3Aphysical_network&fields=provider%3Anetwork_type HTTP/1.1" status: 200 len: 277 time: 0.0763979
2026-06-30 19:08:51.326 9 WARNING neutron.scheduler.dhcp_agent_scheduler [None req-257cf782-fd13-49ad-bd9b-abe6738410a4 6d98a6e805424aac8b486de3aaa3fcf1 abd1b7e87cc84ad0b243d18424363d02 - - default default] No more DHCP agents
2026-06-30 19:08:51.335 9 INFO neutron.wsgi [req-a6f6a225-c424-4f57-a45d-d8113deaec2e req-84646322-7c58-4889-be36-45f1d85913f6 086c1aec9a6748c298cbf1093882e5e3 acbdb32e1a0a455f969be5b94f33f6dc - - default default] 10.0.0.32 "GET /v2.0/ports?device_id=cfffd509-59bc-476b-bd13-3eb86a78ea3d HTTP/1.1" status: 200 len: 1168 time: 0.0695269
2026-06-30 19:08:51.338 9 WARNING neutron.api.rpc.agentnotifiers.dhcp_rpc_agent_api [None req-257cf782-fd13-49ad-bd9b-abe6738410a4 6d98a6e805424aac8b486de3aaa3fcf1 abd1b7e87cc84ad0b243d18424363d02 - - default default] Unable to schedule network 00a311f6-acb6-477c-bc2a-989114c4dd59: no agents available; will retry on subsequent port and subnet creation events.
2026-06-30 19:08:51.362 9 INFO neutron.db.ovn_revision_numbers_db [None req-bc29db5b-3e2b-4ab8-bcab-3abda6dce529 070df50e5940480fafdee0d2e90021e1 1d57fb0bd0f24425b9a61c2e981ebe3f - - default default] Successfully bumped revision number for resource fdbffb13-43ec-404f-b6d9-fc0257f92d7e (type: networks) to 1
2026-06-30 19:08:51.418 10 INFO neutron.db.ovn_revision_numbers_db [None req-cca0ab40-150c-4547-b9a6-5efc54bb0089 132884841037490ba1a373ec6cdd9a52 e2686eb07e3f4cbfb5ca1437750a46b2 - - default default] Successfully bumped revision number for resource 55c1d821-7fde-4d18-8cef-681280d4d55c (type: floatingips) to 0
2026-06-30 19:08:51.418 9 INFO neutron.wsgi [req-a6f6a225-c424-4f57-a45d-d8113deaec2e req-666b5b3c-4b21-4f00-a653-cc34772b6458 086c1aec9a6748c298cbf1093882e5e3 acbdb32e1a0a455f969be5b94f33f6dc - - default default] 10.0.0.32 "GET /v2.0/security-groups?id=903e685f-c72d-4978-a0fa-b3a41c64e6c0&fields=id&fields=name HTTP/1.1" status: 200 len: 286 time: 0.0717783
2026-06-30 19:08:51.434 10 INFO neutron.wsgi [None req-cca0ab40-150c-4547-b9a6-5efc54bb0089 132884841037490ba1a373ec6cdd9a52 e2686eb07e3f4cbfb5ca1437750a46b2 - - default default] 10.0.0.184 "POST /v2.0/floatingips HTTP/1.1" status: 201 len: 751 time: 1.0403197
2026-06-30 19:08:51.478 9 INFO neutron.db.ovn_revision_numbers_db [None req-257cf782-fd13-49ad-bd9b-abe6738410a4 6d98a6e805424aac8b486de3aaa3fcf1 abd1b7e87cc84ad0b243d18424363d02 - - default default] Successfully bumped revision number for resource f723e278-c9db-43cb-9ca0-628c503f9518 (type: ports) to 1
2026-06-30 19:08:51.516 9 INFO neutron.wsgi [None req-257cf782-fd13-49ad-bd9b-abe6738410a4 6d98a6e805424aac8b486de3aaa3fcf1 abd1b7e87cc84ad0b243d18424363d02 - - default default] 10.0.0.184 "POST /v2.0/networks HTTP/1.1" status: 201 len: 833 time: 1.2709191
2026-06-30 19:08:51.534 10 WARNING neutron_lib.context [None req-a9215945-ef81-48fd-8382-d094529a8a79 6d98a6e805424aac8b486de3aaa3fcf1 abd1b7e87cc84ad0b243d18424363d02 - - default default] Method 'is_advsvc' is deprecated since 2023.2 release (neutron-lib 3.8.0) and will be removed once support for the old RBAC API policies will be removed from Neutron. Please use method 'is_service_role' instead.
2026-06-30 19:08:51.575 9 WARNING neutron.scheduler.dhcp_agent_scheduler [None req-bc29db5b-3e2b-4ab8-bcab-3abda6dce529 070df50e5940480fafdee0d2e90021e1 1d57fb0bd0f24425b9a61c2e981ebe3f - - default default] No more DHCP agents
2026-06-30 19:08:51.577 9 WARNING neutron.api.rpc.agentnotifiers.dhcp_rpc_agent_api [None req-bc29db5b-3e2b-4ab8-bcab-3abda6dce529 070df50e5940480fafdee0d2e90021e1 1d57fb0bd0f24425b9a61c2e981ebe3f - - default default] Unable to schedule network fdbffb13-43ec-404f-b6d9-fc0257f92d7e: no agents available; will retry on subsequent port and subnet creation events.
2026-06-30 19:08:51.615 10 INFO neutron.db.segments_db [None req-a9215945-ef81-48fd-8382-d094529a8a79 6d98a6e805424aac8b486de3aaa3fcf1 abd1b7e87cc84ad0b243d18424363d02 - - default default] Added segment c8bf6415-3d5c-4778-910f-cd07d464f905 of type geneve for network b7e91a9d-6782-495b-9766-bea1dcf6a018
2026-06-30 19:08:51.684 9 INFO neutron.db.ovn_revision_numbers_db [None req-bc29db5b-3e2b-4ab8-bcab-3abda6dce529 070df50e5940480fafdee0d2e90021e1 1d57fb0bd0f24425b9a61c2e981ebe3f - - default default] Successfully bumped revision number for resource ae8a013c-af36-400b-a6e3-3afa9ff18e24 (type: ports) to 1
2026-06-30 19:08:51.715 9 INFO neutron.wsgi [None req-bc29db5b-3e2b-4ab8-bcab-3abda6dce529 070df50e5940480fafdee0d2e90021e1 1d57fb0bd0f24425b9a61c2e981ebe3f - - default default] 10.0.0.184 "POST /v2.0/networks HTTP/1.1" status: 201 len: 853 time: 0.7266135
2026-06-30 19:08:51.727 9 WARNING neutron_lib.context [None req-a9512f60-7ffb-43ed-8c44-f47ed6af900e 070df50e5940480fafdee0d2e90021e1 1d57fb0bd0f24425b9a61c2e981ebe3f - - default default] Method 'is_advsvc' is deprecated since 2023.2 release (neutron-lib 3.8.0) and will be removed once support for the old RBAC API policies will be removed from Neutron. Please use method 'is_service_role' instead.
2026-06-30 19:08:51.759 10 INFO neutron.db.ovn_revision_numbers_db [None req-a9215945-ef81-48fd-8382-d094529a8a79 6d98a6e805424aac8b486de3aaa3fcf1 abd1b7e87cc84ad0b243d18424363d02 - - default default] Successfully bumped revision number for resource b7e91a9d-6782-495b-9766-bea1dcf6a018 (type: networks) to 1
2026-06-30 19:08:51.805 9 INFO neutron.db.segments_db [None req-a9512f60-7ffb-43ed-8c44-f47ed6af900e 070df50e5940480fafdee0d2e90021e1 1d57fb0bd0f24425b9a61c2e981ebe3f - - default default] Added segment 6b3b3956-3384-4a09-b0f2-2bc588fd4be7 of type geneve for network 70f8b53c-967a-404a-b7b2-cb0fc0258779
2026-06-30 19:08:51.920 9 INFO neutron.wsgi [req-8910e197-70b2-4274-b130-dc565ed43f0d req-0a8253de-17ba-4b0a-8d2a-0c0c1229c2ed 132884841037490ba1a373ec6cdd9a52 e2686eb07e3f4cbfb5ca1437750a46b2 - - default default] 10.0.0.32 "GET /v2.0/security-groups?name=tempest-securitygroup--270460691&fields=id&tenant_id=e2686eb07e3f4cbfb5ca1437750a46b2 HTTP/1.1" status: 200 len: 267 time: 0.0630724
2026-06-30 19:08:51.958 10 WARNING neutron.scheduler.dhcp_agent_scheduler [None req-a9215945-ef81-48fd-8382-d094529a8a79 6d98a6e805424aac8b486de3aaa3fcf1 abd1b7e87cc84ad0b243d18424363d02 - - default default] No more DHCP agents
2026-06-30 19:08:51.961 10 WARNING neutron.api.rpc.agentnotifiers.dhcp_rpc_agent_api [None req-a9215945-ef81-48fd-8382-d094529a8a79 6d98a6e805424aac8b486de3aaa3fcf1 abd1b7e87cc84ad0b243d18424363d02 - - default default] Unable to schedule network b7e91a9d-6782-495b-9766-bea1dcf6a018: no agents available; will retry on subsequent port and subnet creation events.
2026-06-30 19:08:52.008 9 INFO neutron.db.ovn_revision_numbers_db [None req-a9512f60-7ffb-43ed-8c44-f47ed6af900e 070df50e5940480fafdee0d2e90021e1 1d57fb0bd0f24425b9a61c2e981ebe3f - - default default] Successfully bumped revision number for resource 70f8b53c-967a-404a-b7b2-cb0fc0258779 (type: networks) to 1
2026-06-30 19:08:52.036 9 INFO neutron.wsgi [req-8910e197-70b2-4274-b130-dc565ed43f0d req-9d62e95a-8ee7-4df6-97c6-9da0ba81ace5 132884841037490ba1a373ec6cdd9a52 e2686eb07e3f4cbfb5ca1437750a46b2 - - default default] 10.0.0.32 "GET /v2.0/networks?id=4465e617-657d-4943-9c17-eadf65d41de8 HTTP/1.1" status: 200 len: 875 time: 0.1074712
2026-06-30 19:08:52.056 9 INFO neutron.wsgi [req-8910e197-70b2-4274-b130-dc565ed43f0d req-585d0f7d-823d-4241-9952-f4f24fed57f8 132884841037490ba1a373ec6cdd9a52 e2686eb07e3f4cbfb5ca1437750a46b2 - - default default] 10.0.0.32 "GET /v2.0/quotas/e2686eb07e3f4cbfb5ca1437750a46b2 HTTP/1.1" status: 200 len: 386 time: 0.0098557
2026-06-30 19:08:52.077 10 INFO neutron.db.ovn_revision_numbers_db [None req-a9215945-ef81-48fd-8382-d094529a8a79 6d98a6e805424aac8b486de3aaa3fcf1 abd1b7e87cc84ad0b243d18424363d02 - - default default] Successfully bumped revision number for resource e18631e8-008a-4f73-af2f-c9de9e669cc3 (type: ports) to 1
2026-06-30 19:08:52.101 10 INFO neutron.wsgi [None req-a9215945-ef81-48fd-8382-d094529a8a79 6d98a6e805424aac8b486de3aaa3fcf1 abd1b7e87cc84ad0b243d18424363d02 - - default default] 10.0.0.184 "POST /v2.0/networks HTTP/1.1" status: 201 len: 833 time: 0.5754340
2026-06-30 19:08:52.113 10 WARNING neutron_lib.context [None req-0878e807-6f26-406f-b5a5-fe58b3429770 6d98a6e805424aac8b486de3aaa3fcf1 abd1b7e87cc84ad0b243d18424363d02 - - default default] Method 'is_advsvc' is deprecated since 2023.2 release (neutron-lib 3.8.0) and will be removed once support for the old RBAC API policies will be removed from Neutron. Please use method 'is_service_role' instead.
2026-06-30 19:08:52.192 9 INFO neutron.wsgi [req-8910e197-70b2-4274-b130-dc565ed43f0d req-53979061-6f17-47fd-a2d1-a76052032b96 132884841037490ba1a373ec6cdd9a52 e2686eb07e3f4cbfb5ca1437750a46b2 - - default default] 10.0.0.32 "GET /v2.0/ports?tenant_id=e2686eb07e3f4cbfb5ca1437750a46b2&fields=id HTTP/1.1" status: 200 len: 302 time: 0.1298406
2026-06-30 19:08:52.221 9 WARNING neutron.scheduler.dhcp_agent_scheduler [None req-a9512f60-7ffb-43ed-8c44-f47ed6af900e 070df50e5940480fafdee0d2e90021e1 1d57fb0bd0f24425b9a61c2e981ebe3f - - default default] No more DHCP agents
2026-06-30 19:08:52.231 9 WARNING neutron.api.rpc.agentnotifiers.dhcp_rpc_agent_api [None req-a9512f60-7ffb-43ed-8c44-f47ed6af900e 070df50e5940480fafdee0d2e90021e1 1d57fb0bd0f24425b9a61c2e981ebe3f - - default default] Unable to schedule network 70f8b53c-967a-404a-b7b2-cb0fc0258779: no agents available; will retry on subsequent port and subnet creation events.
2026-06-30 19:08:52.380 10 WARNING neutron.scheduler.dhcp_agent_scheduler [None req-0878e807-6f26-406f-b5a5-fe58b3429770 6d98a6e805424aac8b486de3aaa3fcf1 abd1b7e87cc84ad0b243d18424363d02 - - default default] No more DHCP agents
2026-06-30 19:08:52.383 10 WARNING neutron.api.rpc.agentnotifiers.dhcp_rpc_agent_api [None req-0878e807-6f26-406f-b5a5-fe58b3429770 6d98a6e805424aac8b486de3aaa3fcf1 abd1b7e87cc84ad0b243d18424363d02 - - default default] Unable to schedule network 00a311f6-acb6-477c-bc2a-989114c4dd59: no agents available; will retry on subsequent port and subnet creation events.
2026-06-30 19:08:52.413 10 INFO neutron.db.ovn_revision_numbers_db [None req-0878e807-6f26-406f-b5a5-fe58b3429770 6d98a6e805424aac8b486de3aaa3fcf1 abd1b7e87cc84ad0b243d18424363d02 - - default default] Successfully bumped revision number for resource 56d41576-2fd9-47d9-9ad3-63941938e7e3 (type: subnets) to 0
2026-06-30 19:08:52.431 10 INFO neutron.wsgi [None req-0878e807-6f26-406f-b5a5-fe58b3429770 6d98a6e805424aac8b486de3aaa3fcf1 abd1b7e87cc84ad0b243d18424363d02 - - default default] 10.0.0.184 "POST /v2.0/subnets HTTP/1.1" status: 201 len: 821 time: 0.3232269
2026-06-30 19:08:52.442 10 WARNING neutron_lib.context [None req-34286962-7e23-4249-8e03-2ea1704444b7 6d98a6e805424aac8b486de3aaa3fcf1 abd1b7e87cc84ad0b243d18424363d02 - - default default] Method 'is_advsvc' is deprecated since 2023.2 release (neutron-lib 3.8.0) and will be removed once support for the old RBAC API policies will be removed from Neutron. Please use method 'is_service_role' instead.
2026-06-30 19:08:52.555 9 INFO neutron.wsgi [req-1cc2035f-806a-431a-8dd8-d3de0014896e req-9dafec52-0d11-4c39-8d0e-5a5582241a98 086c1aec9a6748c298cbf1093882e5e3 acbdb32e1a0a455f969be5b94f33f6dc - - default default] 10.0.0.32 "GET /v2.0/ports?device_id=cfffd509-59bc-476b-bd13-3eb86a78ea3d HTTP/1.1" status: 200 len: 1168 time: 0.0587511
2026-06-30 19:08:52.564 9 INFO neutron.wsgi [req-8910e197-70b2-4274-b130-dc565ed43f0d req-d860379d-409c-441e-ab6c-2003657653f3 002d8814c906491586a2fc73e34df638 2e8c30e070594eea800af6805d7d2ae9 - - c8283192793441d78bd44d8b616a71f0 c8283192793441d78bd44d8b616a71f0] 10.0.0.32 "GET /v2.0/networks/4465e617-657d-4943-9c17-eadf65d41de8?fields=segments HTTP/1.1" status: 200 len: 212 time: 0.3557699
2026-06-30 19:08:52.631 9 INFO neutron.wsgi [req-1cc2035f-806a-431a-8dd8-d3de0014896e req-5f55df29-bb01-419d-abbb-253630dcaa35 086c1aec9a6748c298cbf1093882e5e3 acbdb32e1a0a455f969be5b94f33f6dc - - default default] 10.0.0.32 "GET /v2.0/security-groups?id=903e685f-c72d-4978-a0fa-b3a41c64e6c0&fields=id&fields=name HTTP/1.1" status: 200 len: 286 time: 0.0666850
2026-06-30 19:08:52.641 9 INFO neutron.db.ovn_revision_numbers_db [None req-a9512f60-7ffb-43ed-8c44-f47ed6af900e 070df50e5940480fafdee0d2e90021e1 1d57fb0bd0f24425b9a61c2e981ebe3f - - default default] Successfully bumped revision number for resource 3ad8a58c-336f-489e-8413-175736c8d406 (type: ports) to 1
2026-06-30 19:08:52.657 9 INFO neutron.wsgi [req-8910e197-70b2-4274-b130-dc565ed43f0d req-c7a5d40f-e06b-4722-86ef-282ba301b4f8 002d8814c906491586a2fc73e34df638 2e8c30e070594eea800af6805d7d2ae9 - - c8283192793441d78bd44d8b616a71f0 c8283192793441d78bd44d8b616a71f0] 10.0.0.32 "GET /v2.0/networks/4465e617-657d-4943-9c17-eadf65d41de8?fields=provider%3Aphysical_network&fields=provider%3Anetwork_type HTTP/1.1" status: 200 len: 277 time: 0.0765502
2026-06-30 19:08:52.669 9 INFO neutron.wsgi [None req-a9512f60-7ffb-43ed-8c44-f47ed6af900e 070df50e5940480fafdee0d2e90021e1 1d57fb0bd0f24425b9a61c2e981ebe3f - - default default] 10.0.0.184 "POST /v2.0/networks HTTP/1.1" status: 201 len: 853 time: 0.9475040
2026-06-30 19:08:52.681 9 WARNING neutron_lib.context [None req-be4bf036-c243-4348-bb68-cc5a027cb8ba 070df50e5940480fafdee0d2e90021e1 1d57fb0bd0f24425b9a61c2e981ebe3f - - default default] Method 'is_advsvc' is deprecated since 2023.2 release (neutron-lib 3.8.0) and will be removed once support for the old RBAC API policies will be removed from Neutron. Please use method 'is_service_role' instead.
2026-06-30 19:08:52.686 10 WARNING neutron.scheduler.dhcp_agent_scheduler [None req-34286962-7e23-4249-8e03-2ea1704444b7 6d98a6e805424aac8b486de3aaa3fcf1 abd1b7e87cc84ad0b243d18424363d02 - - default default] No more DHCP agents
2026-06-30 19:08:52.688 10 WARNING neutron.api.rpc.agentnotifiers.dhcp_rpc_agent_api [None req-34286962-7e23-4249-8e03-2ea1704444b7 6d98a6e805424aac8b486de3aaa3fcf1 abd1b7e87cc84ad0b243d18424363d02 - - default default] Unable to schedule network b7e91a9d-6782-495b-9766-bea1dcf6a018: no agents available; will retry on subsequent port and subnet creation events.
2026-06-30 19:08:52.719 10 INFO neutron.db.ovn_revision_numbers_db [None req-34286962-7e23-4249-8e03-2ea1704444b7 6d98a6e805424aac8b486de3aaa3fcf1 abd1b7e87cc84ad0b243d18424363d02 - - default default] Successfully bumped revision number for resource 9147aa4b-4227-48e9-a578-d70e4fcb3aa4 (type: subnets) to 0
2026-06-30 19:08:52.726 9 WARNING neutron_lib.context [None req-be4bf036-c243-4348-bb68-cc5a027cb8ba 070df50e5940480fafdee0d2e90021e1 1d57fb0bd0f24425b9a61c2e981ebe3f - - default default] Method 'is_advsvc' is deprecated since 2023.2 release (neutron-lib 3.8.0) and will be removed once support for the old RBAC API policies will be removed from Neutron. Please use method 'is_service_role' instead.
2026-06-30 19:08:52.736 10 INFO neutron.wsgi [None req-34286962-7e23-4249-8e03-2ea1704444b7 6d98a6e805424aac8b486de3aaa3fcf1 abd1b7e87cc84ad0b243d18424363d02 - - default default] 10.0.0.184 "POST /v2.0/subnets HTTP/1.1" status: 201 len: 830 time: 0.2995551
2026-06-30 19:08:52.745 10 WARNING neutron_lib.context [None req-ef48b79a-4ec4-41a9-b4ef-128dc92635a3 6d98a6e805424aac8b486de3aaa3fcf1 abd1b7e87cc84ad0b243d18424363d02 - - default default] Method 'is_advsvc' is deprecated since 2023.2 release (neutron-lib 3.8.0) and will be removed once support for the old RBAC API policies will be removed from Neutron. Please use method 'is_service_role' instead.
2026-06-30 19:08:52.797 9 INFO neutron.wsgi [req-5016e7ec-aa0f-4de3-9458-34a94c2c3bd6 req-916f7678-fac5-4016-8c2e-d33ba137e406 132884841037490ba1a373ec6cdd9a52 e2686eb07e3f4cbfb5ca1437750a46b2 - - default default] 10.0.0.32 "GET /v2.0/ports?device_id=c79f8856-ff23-40a3-99cf-c970739db56d HTTP/1.1" status: 200 len: 210 time: 0.0273895
2026-06-30 19:08:52.917 10 INFO neutron.db.ovn_revision_numbers_db [None req-ef48b79a-4ec4-41a9-b4ef-128dc92635a3 6d98a6e805424aac8b486de3aaa3fcf1 abd1b7e87cc84ad0b243d18424363d02 - - default default] Successfully bumped revision number for resource de9fe7fe-8d8b-421b-93f0-8ccb87c68b6d (type: routers) to 1
2026-06-30 19:08:52.934 10 INFO neutron.wsgi [None req-ef48b79a-4ec4-41a9-b4ef-128dc92635a3 6d98a6e805424aac8b486de3aaa3fcf1 abd1b7e87cc84ad0b243d18424363d02 - - default default] 10.0.0.184 "POST /v2.0/routers HTTP/1.1" status: 201 len: 691 time: 0.1931236
2026-06-30 19:08:53.240 9 WARNING neutron.scheduler.dhcp_agent_scheduler [None req-be4bf036-c243-4348-bb68-cc5a027cb8ba 070df50e5940480fafdee0d2e90021e1 1d57fb0bd0f24425b9a61c2e981ebe3f - - default default] No more DHCP agents
2026-06-30 19:08:53.244 9 WARNING neutron.api.rpc.agentnotifiers.dhcp_rpc_agent_api [None req-be4bf036-c243-4348-bb68-cc5a027cb8ba 070df50e5940480fafdee0d2e90021e1 1d57fb0bd0f24425b9a61c2e981ebe3f - - default default] Unable to schedule network fdbffb13-43ec-404f-b6d9-fc0257f92d7e: no agents available; will retry on subsequent port and subnet creation events.
2026-06-30 19:08:53.348 9 INFO neutron.db.ovn_revision_numbers_db [None req-be4bf036-c243-4348-bb68-cc5a027cb8ba 070df50e5940480fafdee0d2e90021e1 1d57fb0bd0f24425b9a61c2e981ebe3f - - default default] Successfully bumped revision number for resource d95ddaac-f265-42e3-893f-f8eaff13ce68 (type: ports) to 1
2026-06-30 19:08:53.387 9 WARNING neutron.scheduler.dhcp_agent_scheduler [None req-be4bf036-c243-4348-bb68-cc5a027cb8ba 070df50e5940480fafdee0d2e90021e1 1d57fb0bd0f24425b9a61c2e981ebe3f - - default default] No more DHCP agents
2026-06-30 19:08:53.390 9 WARNING neutron.api.rpc.agentnotifiers.dhcp_rpc_agent_api [None req-be4bf036-c243-4348-bb68-cc5a027cb8ba 070df50e5940480fafdee0d2e90021e1 1d57fb0bd0f24425b9a61c2e981ebe3f - - default default] Unable to schedule network 70f8b53c-967a-404a-b7b2-cb0fc0258779: no agents available; will retry on subsequent port and subnet creation events.
2026-06-30 19:08:53.398 10 WARNING neutron.scheduler.dhcp_agent_scheduler [None req-8ba1cb78-f8ce-46c0-b3fd-0b4fe3846353 6d98a6e805424aac8b486de3aaa3fcf1 abd1b7e87cc84ad0b243d18424363d02 - - default default] No more DHCP agents
2026-06-30 19:08:53.400 10 WARNING neutron.api.rpc.agentnotifiers.dhcp_rpc_agent_api [None req-8ba1cb78-f8ce-46c0-b3fd-0b4fe3846353 6d98a6e805424aac8b486de3aaa3fcf1 abd1b7e87cc84ad0b243d18424363d02 - - default default] Unable to schedule network 00a311f6-acb6-477c-bc2a-989114c4dd59: no agents available; will retry on subsequent port and subnet creation events.
2026-06-30 19:08:53.495 9 INFO neutron.db.ovn_revision_numbers_db [None req-be4bf036-c243-4348-bb68-cc5a027cb8ba 070df50e5940480fafdee0d2e90021e1 1d57fb0bd0f24425b9a61c2e981ebe3f - - default default] Successfully bumped revision number for resource a324699d-5fb5-4088-994a-58109a760799 (type: ports) to 1
2026-06-30 19:08:53.520 10 INFO neutron.db.ovn_revision_numbers_db [None req-8ba1cb78-f8ce-46c0-b3fd-0b4fe3846353 6d98a6e805424aac8b486de3aaa3fcf1 abd1b7e87cc84ad0b243d18424363d02 - - default default] Successfully bumped revision number for resource fa8c48c0-b7b3-46fe-bb55-e30772829649 (type: ports) to 1
2026-06-30 19:08:53.530 9 INFO neutron.wsgi [None req-be4bf036-c243-4348-bb68-cc5a027cb8ba 070df50e5940480fafdee0d2e90021e1 1d57fb0bd0f24425b9a61c2e981ebe3f - - default default] 10.0.0.184 "POST /v2.0/ports HTTP/1.1" status: 201 len: 1705 time: 0.8537016 /var/lib/openstack/lib/python3.10/site-packages/pycadf/identifier.py:71: UserWarning: Invalid uuid: neutron. To ensure interoperability, identifiers should be a valid uuid. warnings.warn(('Invalid uuid: %s. To ensure interoperability, '
2026-06-30 19:08:53.588 10 INFO neutron.wsgi [req-8910e197-70b2-4274-b130-dc565ed43f0d req-6f71aa88-8601-472e-bfaa-2b60332fd4c9 132884841037490ba1a373ec6cdd9a52 e2686eb07e3f4cbfb5ca1437750a46b2 - - default default] 199.204.45.78 "GET /v2.0/networks?id=4465e617-657d-4943-9c17-eadf65d41de8 HTTP/1.1" status: 200 len: 875 time: 0.0794423
2026-06-30 19:08:53.647 10 INFO neutron.wsgi [req-8910e197-70b2-4274-b130-dc565ed43f0d req-84b450bc-e9f0-4e01-bbb6-2a8add0c1e89 132884841037490ba1a373ec6cdd9a52 e2686eb07e3f4cbfb5ca1437750a46b2 - - default default] 199.204.45.78 "GET /v2.0/security-groups?fields=id&fields=name&tenant_id=e2686eb07e3f4cbfb5ca1437750a46b2 HTTP/1.1" status: 200 len: 379 time: 0.0509901
2026-06-30 19:08:53.661 9 INFO neutron.wsgi [None req-dfd14180-1674-4828-aeef-ccdada17d383 070df50e5940480fafdee0d2e90021e1 1d57fb0bd0f24425b9a61c2e981ebe3f - - default default] 10.0.0.184 "GET /v2.0/ports HTTP/1.1" status: 200 len: 3212 time: 0.1257405
2026-06-30 19:08:53.663 10 WARNING neutron_lib.context [req-8910e197-70b2-4274-b130-dc565ed43f0d req-891dda41-67ba-4c24-b596-dd915e873039 132884841037490ba1a373ec6cdd9a52 e2686eb07e3f4cbfb5ca1437750a46b2 - - default default] Method 'is_advsvc' is deprecated since 2023.2 release (neutron-lib 3.8.0) and will be removed once support for the old RBAC API policies will be removed from Neutron. Please use method 'is_service_role' instead.
2026-06-30 19:08:53.831 9 INFO neutron.wsgi [req-17fc6861-8dfb-4846-ad66-7ed28de0a4a4 req-57a0a6d0-2d01-4d48-b574-102294ec5719 086c1aec9a6748c298cbf1093882e5e3 acbdb32e1a0a455f969be5b94f33f6dc - - default default] 10.0.0.32 "GET /v2.0/ports?device_id=cfffd509-59bc-476b-bd13-3eb86a78ea3d HTTP/1.1" status: 200 len: 1168 time: 0.1278641
2026-06-30 19:08:53.840 10 WARNING neutron.plugins.ml2.drivers.ovn.mech_driver.ovsdb.ovn_client [None req-9f081d2a-004e-4fe8-bf5c-fc51a6b8af4c - - - - - -] No hosting information found for port dc82664e-ac3e-4b92-b999-99214075bed6: RuntimeError: No hosting information found for port dc82664e-ac3e-4b92-b999-99214075bed6
2026-06-30 19:08:53.841 10 INFO neutron.plugins.ml2.drivers.ovn.mech_driver.mech_driver [None req-9f081d2a-004e-4fe8-bf5c-fc51a6b8af4c - - - - - -] OVN reports status up for port: e53271ac-959b-4a68-aeba-66419c22a885
2026-06-30 19:08:53.861 10 INFO neutron.plugins.ml2.plugin [None req-9f081d2a-004e-4fe8-bf5c-fc51a6b8af4c - - - - - -] Attempt 1 to provision port e53271ac-959b-4a68-aeba-66419c22a885
2026-06-30 19:08:53.908 9 INFO neutron.wsgi [req-e3327031-0a13-42e3-bca9-44e62324125e req-597ef186-7420-4010-97d0-9e102c8b040e 132884841037490ba1a373ec6cdd9a52 e2686eb07e3f4cbfb5ca1437750a46b2 - - default default] 10.0.0.32 "GET /v2.0/ports?device_id=c79f8856-ff23-40a3-99cf-c970739db56d HTTP/1.1" status: 200 len: 210 time: 0.0282574
2026-06-30 19:08:53.912 9 INFO neutron.wsgi [req-17fc6861-8dfb-4846-ad66-7ed28de0a4a4 req-dc410321-b6a4-4be5-95c8-1c29d1a8efdd 086c1aec9a6748c298cbf1093882e5e3 acbdb32e1a0a455f969be5b94f33f6dc - - default default] 10.0.0.32 "GET /v2.0/security-groups?id=903e685f-c72d-4978-a0fa-b3a41c64e6c0&fields=id&fields=name HTTP/1.1" status: 200 len: 286 time: 0.0681126
2026-06-30 19:08:53.959 9 INFO neutron.wsgi [None req-3e305796-9af6-4c33-8fa5-5f9acffebce6 070df50e5940480fafdee0d2e90021e1 1d57fb0bd0f24425b9a61c2e981ebe3f - - default default] 10.0.0.184 "DELETE /v2.0/ports/d95ddaac-f265-42e3-893f-f8eaff13ce68 HTTP/1.1" status: 204 len: 168 time: 0.2954979
2026-06-30 19:08:54.198 9 INFO neutron.wsgi [None req-3aad4a32-a448-42b0-b741-121df1d157b2 070df50e5940480fafdee0d2e90021e1 1d57fb0bd0f24425b9a61c2e981ebe3f - - default default] 10.0.0.184 "DELETE /v2.0/ports/a324699d-5fb5-4088-994a-58109a760799 HTTP/1.1" status: 204 len: 168 time: 0.2256582
2026-06-30 19:08:54.240 9 INFO neutron.plugins.ml2.drivers.ovn.mech_driver.mech_driver [None req-ff501ece-1d4a-407d-93d8-5ebd2ccf866b - - - - - -] OVN reports status up for port: fa8c48c0-b7b3-46fe-bb55-e30772829649
2026-06-30 19:08:54.256 9 INFO neutron.wsgi [None req-fb3eb539-0cf5-4eb5-83f4-58616b1b2099 070df50e5940480fafdee0d2e90021e1 1d57fb0bd0f24425b9a61c2e981ebe3f - - default default] 10.0.0.184 "GET /v2.0/ports HTTP/1.1" status: 200 len: 1718 time: 0.0527852
2026-06-30 19:08:54.257 9 INFO neutron.plugins.ml2.plugin [None req-ff501ece-1d4a-407d-93d8-5ebd2ccf866b - - - - - -] Attempt 1 to provision port fa8c48c0-b7b3-46fe-bb55-e30772829649
2026-06-30 19:08:54.276 10 WARNING neutron_lib.context [None req-89ccebcf-01b8-412f-854b-006e58b12a7a 070df50e5940480fafdee0d2e90021e1 1d57fb0bd0f24425b9a61c2e981ebe3f - - default default] Method 'is_advsvc' is deprecated since 2023.2 release (neutron-lib 3.8.0) and will be removed once support for the old RBAC API policies will be removed from Neutron. Please use method 'is_service_role' instead.
2026-06-30 19:08:54.296 10 INFO neutron.notifiers.nova [-] Nova event matching ['req-517a479f-586a-4138-9217-a8b3960b4fbf'] response: {'server_uuid': 'cfffd509-59bc-476b-bd13-3eb86a78ea3d', 'name': 'network-vif-plugged', 'status': 'completed', 'tag': 'e53271ac-959b-4a68-aeba-66419c22a885', 'code': 200}
2026-06-30 19:08:54.313 10 INFO neutron.db.ovn_revision_numbers_db [None req-8ba1cb78-f8ce-46c0-b3fd-0b4fe3846353 6d98a6e805424aac8b486de3aaa3fcf1 abd1b7e87cc84ad0b243d18424363d02 - - default default] Successfully bumped revision number for resource fa8c48c0-b7b3-46fe-bb55-e30772829649 (type: router_ports) to 1
2026-06-30 19:08:54.418 10 WARNING neutron.scheduler.dhcp_agent_scheduler [req-8910e197-70b2-4274-b130-dc565ed43f0d req-891dda41-67ba-4c24-b596-dd915e873039 132884841037490ba1a373ec6cdd9a52 e2686eb07e3f4cbfb5ca1437750a46b2 - - default default] No more DHCP agents
2026-06-30 19:08:54.427 10 WARNING neutron.api.rpc.agentnotifiers.dhcp_rpc_agent_api [req-8910e197-70b2-4274-b130-dc565ed43f0d req-891dda41-67ba-4c24-b596-dd915e873039 132884841037490ba1a373ec6cdd9a52 e2686eb07e3f4cbfb5ca1437750a46b2 - - default default] Unable to schedule network 4465e617-657d-4943-9c17-eadf65d41de8: no agents available; will retry on subsequent port and subnet creation events.
2026-06-30 19:08:54.437 10 INFO neutron.db.segments_db [None req-89ccebcf-01b8-412f-854b-006e58b12a7a 070df50e5940480fafdee0d2e90021e1 1d57fb0bd0f24425b9a61c2e981ebe3f - - default default] Added segment 8d68edb4-0208-4dd7-8320-f99a523f25ea of type geneve for network a944e7ab-fe78-4234-a3da-6fc0e9bc863a
2026-06-30 19:08:54.534 9 INFO neutron.db.ovn_revision_numbers_db [None req-ff501ece-1d4a-407d-93d8-5ebd2ccf866b - - - - - -] Successfully bumped revision number for resource fa8c48c0-b7b3-46fe-bb55-e30772829649 (type: ports) to 2
2026-06-30 19:08:54.562 10 INFO neutron.db.ovn_revision_numbers_db [None req-8ba1cb78-f8ce-46c0-b3fd-0b4fe3846353 6d98a6e805424aac8b486de3aaa3fcf1 abd1b7e87cc84ad0b243d18424363d02 - - default default] Successfully bumped revision number for resource fa8c48c0-b7b3-46fe-bb55-e30772829649 (type: ports) to 1
2026-06-30 19:08:54.609 9 INFO neutron.db.ovn_revision_numbers_db [None req-ff501ece-1d4a-407d-93d8-5ebd2ccf866b - - - - - -] Successfully bumped revision number for resource fa8c48c0-b7b3-46fe-bb55-e30772829649 (type: router_ports) to 2
2026-06-30 19:08:54.717 10 INFO neutron.db.ovn_revision_numbers_db [None req-89ccebcf-01b8-412f-854b-006e58b12a7a 070df50e5940480fafdee0d2e90021e1 1d57fb0bd0f24425b9a61c2e981ebe3f - - default default] Successfully bumped revision number for resource a944e7ab-fe78-4234-a3da-6fc0e9bc863a (type: networks) to 1
2026-06-30 19:08:54.733 10 WARNING neutron.scheduler.dhcp_agent_scheduler [None req-8ba1cb78-f8ce-46c0-b3fd-0b4fe3846353 6d98a6e805424aac8b486de3aaa3fcf1 abd1b7e87cc84ad0b243d18424363d02 - - default default] No more DHCP agents
2026-06-30 19:08:54.744 10 WARNING neutron.api.rpc.agentnotifiers.dhcp_rpc_agent_api [None req-8ba1cb78-f8ce-46c0-b3fd-0b4fe3846353 6d98a6e805424aac8b486de3aaa3fcf1 abd1b7e87cc84ad0b243d18424363d02 - - default default] Unable to schedule network 00a311f6-acb6-477c-bc2a-989114c4dd59: no agents available; will retry on subsequent port and subnet creation events.
2026-06-30 19:08:54.745 10 INFO neutron.db.ovn_revision_numbers_db [None req-9f081d2a-004e-4fe8-bf5c-fc51a6b8af4c - - - - - -] Successfully bumped revision number for resource e53271ac-959b-4a68-aeba-66419c22a885 (type: ports) to 4
2026-06-30 19:08:54.868 10 INFO neutron.db.ovn_revision_numbers_db [req-8910e197-70b2-4274-b130-dc565ed43f0d req-891dda41-67ba-4c24-b596-dd915e873039 132884841037490ba1a373ec6cdd9a52 e2686eb07e3f4cbfb5ca1437750a46b2 - - default default] Successfully bumped revision number for resource accf8646-0cf4-411a-99ad-93f5e2843f35 (type: ports) to 1
2026-06-30 19:08:54.928 10 INFO neutron.wsgi [req-8910e197-70b2-4274-b130-dc565ed43f0d req-891dda41-67ba-4c24-b596-dd915e873039 132884841037490ba1a373ec6cdd9a52 e2686eb07e3f4cbfb5ca1437750a46b2 - - default default] 199.204.45.78 "POST /v2.0/ports HTTP/1.1" status: 201 len: 1162 time: 1.2729502 /var/lib/openstack/lib/python3.10/site-packages/pycadf/identifier.py:71: UserWarning: Invalid uuid: neutron. To ensure interoperability, identifiers should be a valid uuid. warnings.warn(('Invalid uuid: %s. To ensure interoperability, '
2026-06-30 19:08:55.018 10 INFO neutron.db.ovn_revision_numbers_db [None req-8ba1cb78-f8ce-46c0-b3fd-0b4fe3846353 6d98a6e805424aac8b486de3aaa3fcf1 abd1b7e87cc84ad0b243d18424363d02 - - default default] Successfully bumped revision number for resource fa8c48c0-b7b3-46fe-bb55-e30772829649 (type: router_ports) to 2
2026-06-30 19:08:55.021 10 INFO neutron.wsgi [None req-8ba1cb78-f8ce-46c0-b3fd-0b4fe3846353 6d98a6e805424aac8b486de3aaa3fcf1 abd1b7e87cc84ad0b243d18424363d02 - - default default] 10.0.0.184 "PUT /v2.0/routers/de9fe7fe-8d8b-421b-93f0-8ccb87c68b6d/add_router_interface HTTP/1.1" status: 200 len: 503 time: 2.0807376
2026-06-30 19:08:55.059 9 INFO neutron.wsgi [req-aafc223e-c0ef-4a1e-91d7-f777be135ae3 req-41a803a8-2590-4991-91c6-941f4d3da4a3 132884841037490ba1a373ec6cdd9a52 e2686eb07e3f4cbfb5ca1437750a46b2 - - default default] 10.0.0.32 "GET /v2.0/ports?device_id=c79f8856-ff23-40a3-99cf-c970739db56d HTTP/1.1" status: 200 len: 1160 time: 0.0750351
2026-06-30 19:08:55.064 10 WARNING neutron.scheduler.dhcp_agent_scheduler [None req-89ccebcf-01b8-412f-854b-006e58b12a7a 070df50e5940480fafdee0d2e90021e1 1d57fb0bd0f24425b9a61c2e981ebe3f - - default default] No more DHCP agents
2026-06-30 19:08:55.066 9 INFO neutron.wsgi [req-234550a7-a35c-4e3c-abb1-febdf7001c98 req-4ab6b55e-6930-4f7e-9827-45da49f1ef7c 086c1aec9a6748c298cbf1093882e5e3 acbdb32e1a0a455f969be5b94f33f6dc - - default default] 10.0.0.32 "GET /v2.0/ports?device_id=cfffd509-59bc-476b-bd13-3eb86a78ea3d HTTP/1.1" status: 200 len: 1170 time: 0.0766234
2026-06-30 19:08:55.074 10 WARNING neutron.api.rpc.agentnotifiers.dhcp_rpc_agent_api [None req-89ccebcf-01b8-412f-854b-006e58b12a7a 070df50e5940480fafdee0d2e90021e1 1d57fb0bd0f24425b9a61c2e981ebe3f - - default default] Unable to schedule network a944e7ab-fe78-4234-a3da-6fc0e9bc863a: no agents available; will retry on subsequent port and subnet creation events.
2026-06-30 19:08:55.090 10 INFO neutron.wsgi [None req-b4139d05-295b-46ac-9c03-6d459e5c9ed6 6d98a6e805424aac8b486de3aaa3fcf1 abd1b7e87cc84ad0b243d18424363d02 - - default default] 10.0.0.184 "GET /v2.0/ports/fa8c48c0-b7b3-46fe-bb55-e30772829649 HTTP/1.1" status: 200 len: 1141 time: 0.0621848
2026-06-30 19:08:55.143 9 INFO neutron.wsgi [req-234550a7-a35c-4e3c-abb1-febdf7001c98 req-d6e3c006-143a-4682-98ca-d4e33114a9ce 086c1aec9a6748c298cbf1093882e5e3 acbdb32e1a0a455f969be5b94f33f6dc - - default default] 10.0.0.32 "GET /v2.0/security-groups?id=903e685f-c72d-4978-a0fa-b3a41c64e6c0&fields=id&fields=name HTTP/1.1" status: 200 len: 286 time: 0.0696545
2026-06-30 19:08:55.151 9 INFO neutron.wsgi [req-aafc223e-c0ef-4a1e-91d7-f777be135ae3 req-173898c3-c471-4572-b70c-98e0d3baf368 132884841037490ba1a373ec6cdd9a52 e2686eb07e3f4cbfb5ca1437750a46b2 - - default default] 10.0.0.32 "GET /v2.0/security-groups?id=616f4358-45e2-4c76-8553-c4defbf51538&fields=id&fields=name HTTP/1.1" status: 200 len: 312 time: 0.0831861
2026-06-30 19:08:55.209 10 INFO neutron.db.ovn_revision_numbers_db [None req-89ccebcf-01b8-412f-854b-006e58b12a7a 070df50e5940480fafdee0d2e90021e1 1d57fb0bd0f24425b9a61c2e981ebe3f - - default default] Successfully bumped revision number for resource 98a32de5-64af-4668-bd79-25a1d91b23f8 (type: ports) to 1
2026-06-30 19:08:55.233 10 INFO neutron.wsgi [None req-89ccebcf-01b8-412f-854b-006e58b12a7a 070df50e5940480fafdee0d2e90021e1 1d57fb0bd0f24425b9a61c2e981ebe3f - - default default] 10.0.0.184 "POST /v2.0/networks HTTP/1.1" status: 201 len: 853 time: 0.9670248
2026-06-30 19:08:55.255 9 WARNING neutron_lib.context [None req-32e29c59-3fea-49a8-9664-39aecba8d5f7 070df50e5940480fafdee0d2e90021e1 1d57fb0bd0f24425b9a61c2e981ebe3f - - default default] Method 'is_advsvc' is deprecated since 2023.2 release (neutron-lib 3.8.0) and will be removed once support for the old RBAC API policies will be removed from Neutron. Please use method 'is_service_role' instead.
