2026-06-30 19:11:17.194 10 INFO neutron.db.ovn_revision_numbers_db [None req-2ebd8511-d6af-41b6-a42e-3ff0abe1355d b129833bdb694860913f07e824c57854 a3cd5a73218e499391d5f3e620430459 - - default default] Successfully bumped revision number for resource b918c259-21bd-44fe-aeee-ecbdd9b5e2aa (type: security_group_rules) to 0
2026-06-30 19:11:17.214 10 INFO neutron.db.ovn_revision_numbers_db [None req-2ebd8511-d6af-41b6-a42e-3ff0abe1355d b129833bdb694860913f07e824c57854 a3cd5a73218e499391d5f3e620430459 - - default default] Successfully bumped revision number for resource ceeaa280-d0f7-4bcf-b363-641c5340613b (type: security_group_rules) to 0
2026-06-30 19:11:17.234 10 INFO neutron.db.ovn_revision_numbers_db [None req-2ebd8511-d6af-41b6-a42e-3ff0abe1355d b129833bdb694860913f07e824c57854 a3cd5a73218e499391d5f3e620430459 - - default default] Successfully bumped revision number for resource eed4ee49-acc0-4a9e-a00b-4de2af619c58 (type: security_group_rules) to 0
2026-06-30 19:11:17.256 10 INFO neutron.wsgi [None req-2ebd8511-d6af-41b6-a42e-3ff0abe1355d b129833bdb694860913f07e824c57854 a3cd5a73218e499391d5f3e620430459 - - default default] 10.0.0.184 "GET /v2.0/security-groups?tenant_id=2738c3e570974c2e83eda9b96fea33a5&name=default HTTP/1.1" status: 200 len: 2996 time: 0.2994981
2026-06-30 19:11:17.475 10 INFO neutron.wsgi [None req-d78e7c74-ffaa-48e6-a643-b2c0f1ee452e b129833bdb694860913f07e824c57854 a3cd5a73218e499391d5f3e620430459 - - default default] 10.0.0.184 "GET /v2.0/security-groups?tenant_id=2f80f0bbc1624861ba8d4fa8fc8e0e37&name=default HTTP/1.1" status: 200 len: 2996 time: 0.2147942
2026-06-30 19:11:17.482 9 INFO neutron.db.ovn_revision_numbers_db [None req-8f98eb4f-b5ee-4e32-a22b-b09c6678a771 - - - - - -] Successfully bumped revision number for resource d5fcb00d-bf18-4e1f-b880-86f707cd42a8 (type: ports) to 1
2026-06-30 19:11:17.527 10 WARNING neutron.scheduler.dhcp_agent_scheduler [None req-7a4d6592-8575-44ae-9de2-3af2bb4f295c b129833bdb694860913f07e824c57854 a3cd5a73218e499391d5f3e620430459 - - default default] No more DHCP agents
2026-06-30 19:11:17.531 10 WARNING neutron.api.rpc.agentnotifiers.dhcp_rpc_agent_api [None req-7a4d6592-8575-44ae-9de2-3af2bb4f295c b129833bdb694860913f07e824c57854 a3cd5a73218e499391d5f3e620430459 - - default default] Unable to schedule network 4a00cf2f-4b0a-4c12-895a-813e99641047: no agents available; will retry on subsequent port and subnet creation events.
2026-06-30 19:11:17.595 9 INFO neutron.wsgi [None req-fc2a091b-71e7-4f41-b47f-7ae8b39e6783 b129833bdb694860913f07e824c57854 a3cd5a73218e499391d5f3e620430459 - - default default] 10.0.0.184 "DELETE /v2.0/security-groups/9e62f497-85a7-482c-9a13-aa1b32000f16 HTTP/1.1" status: 204 len: 168 time: 0.3283699
2026-06-30 19:11:17.681 10 INFO neutron.db.ovn_revision_numbers_db [None req-7a4d6592-8575-44ae-9de2-3af2bb4f295c b129833bdb694860913f07e824c57854 a3cd5a73218e499391d5f3e620430459 - - default default] Successfully bumped revision number for resource 97126a0d-09b2-4ff4-b79b-cccec44a5c3e (type: ports) to 1
2026-06-30 19:11:17.791 9 INFO neutron.db.ovn_revision_numbers_db [None req-8f98eb4f-b5ee-4e32-a22b-b09c6678a771 - - - - - -] Successfully bumped revision number for resource d5fcb00d-bf18-4e1f-b880-86f707cd42a8 (type: router_ports) to 3
2026-06-30 19:11:17.812 9 INFO neutron.wsgi [None req-af77b2b6-ed96-48da-a626-3f4a93f2d435 b129833bdb694860913f07e824c57854 a3cd5a73218e499391d5f3e620430459 - - default default] 10.0.0.184 "DELETE /v2.0/security-groups/3e61b2b7-7d26-4f85-b6e1-951a32881e93 HTTP/1.1" status: 204 len: 168 time: 0.3311763
2026-06-30 19:11:17.973 9 INFO neutron.db.ovn_revision_numbers_db [None req-8f98eb4f-b5ee-4e32-a22b-b09c6678a771 - - - - - -] Successfully bumped revision number for resource d5fcb00d-bf18-4e1f-b880-86f707cd42a8 (type: ports) to 2
2026-06-30 19:11:18.181 10 INFO neutron.db.ovn_revision_numbers_db [None req-d75e056b-bed4-44f8-a603-6d1510eaba41 b129833bdb694860913f07e824c57854 a3cd5a73218e499391d5f3e620430459 - - default default] Successfully bumped revision number for resource a37a8a33-2fbd-4831-b6da-e5e21983ede8 (type: security_groups) to 1
2026-06-30 19:11:18.198 9 INFO neutron.db.ovn_revision_numbers_db [None req-8f98eb4f-b5ee-4e32-a22b-b09c6678a771 - - - - - -] Successfully bumped revision number for resource d5fcb00d-bf18-4e1f-b880-86f707cd42a8 (type: ports) to 4
2026-06-30 19:11:18.199 10 INFO neutron.db.ovn_revision_numbers_db [None req-d75e056b-bed4-44f8-a603-6d1510eaba41 b129833bdb694860913f07e824c57854 a3cd5a73218e499391d5f3e620430459 - - default default] Successfully bumped revision number for resource 385cc560-2a4d-4319-9d5d-c979820a37b8 (type: security_group_rules) to 0
2026-06-30 19:11:18.211 10 INFO neutron.plugins.ml2.drivers.ovn.mech_driver.mech_driver [None req-9f081d2a-004e-4fe8-bf5c-fc51a6b8af4c - - - - - -] OVN reports status up for port: 97126a0d-09b2-4ff4-b79b-cccec44a5c3e
2026-06-30 19:11:18.227 10 INFO neutron.plugins.ml2.plugin [None req-9f081d2a-004e-4fe8-bf5c-fc51a6b8af4c - - - - - -] Attempt 1 to provision port 97126a0d-09b2-4ff4-b79b-cccec44a5c3e
2026-06-30 19:11:18.228 10 INFO neutron.db.ovn_revision_numbers_db [None req-d75e056b-bed4-44f8-a603-6d1510eaba41 b129833bdb694860913f07e824c57854 a3cd5a73218e499391d5f3e620430459 - - default default] Successfully bumped revision number for resource 61947ebd-834e-4bbb-b239-13ef3ebbeae1 (type: security_group_rules) to 0
2026-06-30 19:11:18.248 10 INFO neutron.db.ovn_revision_numbers_db [None req-7a4d6592-8575-44ae-9de2-3af2bb4f295c b129833bdb694860913f07e824c57854 a3cd5a73218e499391d5f3e620430459 - - default default] Successfully bumped revision number for resource 97126a0d-09b2-4ff4-b79b-cccec44a5c3e (type: router_ports) to 1
2026-06-30 19:11:18.259 10 INFO neutron.db.ovn_revision_numbers_db [None req-d75e056b-bed4-44f8-a603-6d1510eaba41 b129833bdb694860913f07e824c57854 a3cd5a73218e499391d5f3e620430459 - - default default] Successfully bumped revision number for resource b910b365-5c10-43f8-9972-242297222055 (type: security_group_rules) to 0
2026-06-30 19:11:18.282 10 INFO neutron.db.ovn_revision_numbers_db [None req-d75e056b-bed4-44f8-a603-6d1510eaba41 b129833bdb694860913f07e824c57854 a3cd5a73218e499391d5f3e620430459 - - default default] Successfully bumped revision number for resource eb50bed8-c51a-4db0-a02b-8f759858730d (type: security_group_rules) to 0
2026-06-30 19:11:18.333 10 INFO neutron.wsgi [None req-d75e056b-bed4-44f8-a603-6d1510eaba41 b129833bdb694860913f07e824c57854 a3cd5a73218e499391d5f3e620430459 - - default default] 10.0.0.184 "GET /v2.0/security-groups?tenant_id=e00b25476de9416e86fe9ea2ef423e9f&name=default HTTP/1.1" status: 200 len: 2996 time: 0.3385904
2026-06-30 19:11:18.443 9 INFO neutron.db.ovn_revision_numbers_db [None req-8f98eb4f-b5ee-4e32-a22b-b09c6678a771 - - - - - -] Successfully bumped revision number for resource d5fcb00d-bf18-4e1f-b880-86f707cd42a8 (type: router_ports) to 4
2026-06-30 19:11:18.577 9 INFO neutron.wsgi [None req-95b669e7-61d3-418e-90e5-64d1099470a0 b129833bdb694860913f07e824c57854 a3cd5a73218e499391d5f3e620430459 - - default default] 10.0.0.184 "DELETE /v2.0/security-groups/a37a8a33-2fbd-4831-b6da-e5e21983ede8 HTTP/1.1" status: 204 len: 168 time: 0.2384741
2026-06-30 19:11:18.768 10 INFO neutron.db.ovn_revision_numbers_db [None req-7a4d6592-8575-44ae-9de2-3af2bb4f295c b129833bdb694860913f07e824c57854 a3cd5a73218e499391d5f3e620430459 - - default default] Successfully bumped revision number for resource 97126a0d-09b2-4ff4-b79b-cccec44a5c3e (type: ports) to 1
2026-06-30 19:11:18.862 10 WARNING neutron.scheduler.dhcp_agent_scheduler [None req-7a4d6592-8575-44ae-9de2-3af2bb4f295c b129833bdb694860913f07e824c57854 a3cd5a73218e499391d5f3e620430459 - - default default] No more DHCP agents
2026-06-30 19:11:18.866 10 WARNING neutron.api.rpc.agentnotifiers.dhcp_rpc_agent_api [None req-7a4d6592-8575-44ae-9de2-3af2bb4f295c b129833bdb694860913f07e824c57854 a3cd5a73218e499391d5f3e620430459 - - default default] Unable to schedule network 4a00cf2f-4b0a-4c12-895a-813e99641047: no agents available; will retry on subsequent port and subnet creation events.
2026-06-30 19:11:18.922 10 INFO neutron.db.ovn_revision_numbers_db [None req-9f081d2a-004e-4fe8-bf5c-fc51a6b8af4c - - - - - -] Successfully bumped revision number for resource 97126a0d-09b2-4ff4-b79b-cccec44a5c3e (type: ports) to 2
2026-06-30 19:11:19.044 10 INFO neutron.db.ovn_revision_numbers_db [None req-9f081d2a-004e-4fe8-bf5c-fc51a6b8af4c - - - - - -] Successfully bumped revision number for resource 97126a0d-09b2-4ff4-b79b-cccec44a5c3e (type: router_ports) to 2
2026-06-30 19:11:19.503 10 INFO neutron.db.ovn_revision_numbers_db [None req-7a4d6592-8575-44ae-9de2-3af2bb4f295c b129833bdb694860913f07e824c57854 a3cd5a73218e499391d5f3e620430459 - - default default] Successfully bumped revision number for resource 97126a0d-09b2-4ff4-b79b-cccec44a5c3e (type: router_ports) to 2
2026-06-30 19:11:19.506 10 INFO neutron.wsgi [None req-7a4d6592-8575-44ae-9de2-3af2bb4f295c b129833bdb694860913f07e824c57854 a3cd5a73218e499391d5f3e620430459 - - default default] 10.0.0.184 "PUT /v2.0/routers/0805b891-b30b-406b-b372-3d727085d672/add_router_interface HTTP/1.1" status: 200 len: 503 time: 2.5050161
2026-06-30 19:11:19.870 10 INFO neutron.wsgi [None req-3d522393-2e31-47af-bdec-90ebf5f8efd7 b129833bdb694860913f07e824c57854 a3cd5a73218e499391d5f3e620430459 - - default default] 10.0.0.220 "GET /v2.0/networks HTTP/1.1" status: 200 len: 5476 time: 0.2091558
2026-06-30 19:11:19.924 10 INFO neutron.wsgi [None req-50da9045-faf1-45cc-8923-6ce84412f338 b129833bdb694860913f07e824c57854 a3cd5a73218e499391d5f3e620430459 - - default default] 10.0.0.220 "GET /v2.0/floatingips HTTP/1.1" status: 200 len: 1879 time: 0.0453188
2026-06-30 19:11:19.991 10 INFO neutron.wsgi [None req-03c8d740-f657-4a8b-9fdb-45a884c0cd9b b129833bdb694860913f07e824c57854 a3cd5a73218e499391d5f3e620430459 - - default default] 10.0.0.220 "GET /v2.0/security-groups HTTP/1.1" status: 200 len: 31848 time: 0.0654814
2026-06-30 19:11:20.078 10 INFO neutron.wsgi [None req-7f62d88f-5c07-4d1f-93e2-ab2d0f327945 b129833bdb694860913f07e824c57854 a3cd5a73218e499391d5f3e620430459 - - default default] 10.0.0.220 "GET /v2.0/routers HTTP/1.1" status: 200 len: 1520 time: 0.0790644
2026-06-30 19:11:20.112 10 INFO neutron.wsgi [None req-576c4b50-a472-464d-825b-ef12da0c5342 b129833bdb694860913f07e824c57854 a3cd5a73218e499391d5f3e620430459 - - default default] 10.0.0.220 "GET /v2.0/agents?binary=ovn-controller HTTP/1.1" status: 200 len: 591 time: 0.0333910
2026-06-30 19:11:20.130 10 INFO neutron.wsgi [None req-7e5fd2fe-c52f-4e89-8f36-26fc900f8992 b129833bdb694860913f07e824c57854 a3cd5a73218e499391d5f3e620430459 - - default default] 10.0.0.220 "GET /v2.0/network-ip-availabilities HTTP/1.1" status: 200 len: 3835 time: 0.0147176
2026-06-30 19:11:20.151 10 INFO neutron.wsgi [None req-1f28b81f-951b-4a4d-b697-146fc2213dd9 b129833bdb694860913f07e824c57854 a3cd5a73218e499391d5f3e620430459 - - default default] 10.0.0.220 "GET /v2.0/agents HTTP/1.1" status: 200 len: 997 time: 0.0178246
2026-06-30 19:11:20.205 10 INFO neutron.wsgi [None req-41898354-03b6-4595-b7fb-2057020de44f b129833bdb694860913f07e824c57854 a3cd5a73218e499391d5f3e620430459 - - default default] 10.0.0.220 "GET /v2.0/subnets HTTP/1.1" status: 200 len: 6152 time: 0.0529287
2026-06-30 19:11:20.218 10 INFO neutron.wsgi [None req-94dae3d9-acfb-40db-bfa4-e1321d0dce5d b129833bdb694860913f07e824c57854 a3cd5a73218e499391d5f3e620430459 - - default default] 10.0.0.220 "GET /v2.0/subnetpools HTTP/1.1" status: 200 len: 193 time: 0.0106955
2026-06-30 19:11:20.262 10 INFO neutron.wsgi [None req-0da42dcf-a2e8-4a35-b3c5-0e467b60c514 b129833bdb694860913f07e824c57854 a3cd5a73218e499391d5f3e620430459 - - default default] 10.0.0.220 "GET /v2.0/subnets HTTP/1.1" status: 200 len: 6152 time: 0.0432935
2026-06-30 19:11:20.369 10 INFO neutron.wsgi [None req-68283400-f3ea-4fe0-b7ce-b3fb84eff086 b129833bdb694860913f07e824c57854 a3cd5a73218e499391d5f3e620430459 - - default default] 10.0.0.220 "GET /v2.0/ports HTTP/1.1" status: 200 len: 23134 time: 0.1011267
2026-06-30 19:11:20.783 10 INFO neutron.db.ovn_revision_numbers_db [None req-9a85ea49-5178-44a4-b7dc-b854bc6c11f5 b129833bdb694860913f07e824c57854 a3cd5a73218e499391d5f3e620430459 - - default default] Successfully bumped revision number for resource d9a7fabc-977b-4f36-9897-42d9d3328ab6 (type: security_groups) to 1
2026-06-30 19:11:20.807 10 INFO neutron.db.ovn_revision_numbers_db [None req-9a85ea49-5178-44a4-b7dc-b854bc6c11f5 b129833bdb694860913f07e824c57854 a3cd5a73218e499391d5f3e620430459 - - default default] Successfully bumped revision number for resource 7fbfcf49-ef22-4c5c-9adc-b6b24fe159b4 (type: security_group_rules) to 0
2026-06-30 19:11:20.820 10 INFO neutron.db.ovn_revision_numbers_db [None req-9a85ea49-5178-44a4-b7dc-b854bc6c11f5 b129833bdb694860913f07e824c57854 a3cd5a73218e499391d5f3e620430459 - - default default] Successfully bumped revision number for resource c432742c-755e-4c13-9ea9-92e0db97dad4 (type: security_group_rules) to 0
2026-06-30 19:11:20.833 10 INFO neutron.db.ovn_revision_numbers_db [None req-9a85ea49-5178-44a4-b7dc-b854bc6c11f5 b129833bdb694860913f07e824c57854 a3cd5a73218e499391d5f3e620430459 - - default default] Successfully bumped revision number for resource c97d2f17-4bcc-417c-bebb-3af2f6a09d22 (type: security_group_rules) to 0
2026-06-30 19:11:20.872 10 INFO neutron.db.ovn_revision_numbers_db [None req-9a85ea49-5178-44a4-b7dc-b854bc6c11f5 b129833bdb694860913f07e824c57854 a3cd5a73218e499391d5f3e620430459 - - default default] Successfully bumped revision number for resource ced941e9-3a7e-4e9d-a5fd-41114598ac8e (type: security_group_rules) to 0
2026-06-30 19:11:20.929 10 INFO neutron.db.segments_db [None req-9a85ea49-5178-44a4-b7dc-b854bc6c11f5 b129833bdb694860913f07e824c57854 a3cd5a73218e499391d5f3e620430459 - - default default] Added segment 19b57da1-2f5a-4257-b9d2-2abec141f810 of type geneve for network 663f2eec-1632-4810-b006-f23d2589b737
2026-06-30 19:11:21.136 10 INFO neutron.db.ovn_revision_numbers_db [None req-9a85ea49-5178-44a4-b7dc-b854bc6c11f5 b129833bdb694860913f07e824c57854 a3cd5a73218e499391d5f3e620430459 - - default default] Successfully bumped revision number for resource 663f2eec-1632-4810-b006-f23d2589b737 (type: networks) to 1
2026-06-30 19:11:21.252 10 WARNING neutron_lib.context [None req-21fe9065-b1e3-4652-b068-e7e11f59aa3b 92f037c885c247bb80b541940383f6b1 2d1808d1eda944d4b2feb04f565032e2 - - default default] Method 'is_advsvc' is deprecated since 2023.2 release (neutron-lib 3.8.0) and will be removed once support for the old RBAC API policies will be removed from Neutron. Please use method 'is_service_role' instead.
2026-06-30 19:11:21.340 10 WARNING neutron.scheduler.dhcp_agent_scheduler [None req-9a85ea49-5178-44a4-b7dc-b854bc6c11f5 b129833bdb694860913f07e824c57854 a3cd5a73218e499391d5f3e620430459 - - default default] No more DHCP agents
2026-06-30 19:11:21.344 10 WARNING neutron.api.rpc.agentnotifiers.dhcp_rpc_agent_api [None req-9a85ea49-5178-44a4-b7dc-b854bc6c11f5 b129833bdb694860913f07e824c57854 a3cd5a73218e499391d5f3e620430459 - - default default] Unable to schedule network 663f2eec-1632-4810-b006-f23d2589b737: no agents available; will retry on subsequent port and subnet creation events.
2026-06-30 19:11:21.437 10 INFO neutron.db.ovn_revision_numbers_db [None req-9a85ea49-5178-44a4-b7dc-b854bc6c11f5 b129833bdb694860913f07e824c57854 a3cd5a73218e499391d5f3e620430459 - - default default] Successfully bumped revision number for resource efe15b6d-03b6-4825-93b8-246a947645b6 (type: ports) to 1
2026-06-30 19:11:21.440 10 INFO neutron.db.ovn_revision_numbers_db [None req-21fe9065-b1e3-4652-b068-e7e11f59aa3b 92f037c885c247bb80b541940383f6b1 2d1808d1eda944d4b2feb04f565032e2 - - default default] Successfully bumped revision number for resource 0843d5a2-eae8-4d14-9fa4-27d5e49e7b60 (type: security_groups) to 1
2026-06-30 19:11:21.456 10 INFO neutron.db.ovn_revision_numbers_db [None req-21fe9065-b1e3-4652-b068-e7e11f59aa3b 92f037c885c247bb80b541940383f6b1 2d1808d1eda944d4b2feb04f565032e2 - - default default] Successfully bumped revision number for resource 0d29c0a3-4e24-4e82-ab08-a8e71dabaa11 (type: security_group_rules) to 0
2026-06-30 19:11:21.459 10 INFO neutron.wsgi [None req-9a85ea49-5178-44a4-b7dc-b854bc6c11f5 b129833bdb694860913f07e824c57854 a3cd5a73218e499391d5f3e620430459 - - default default] 10.0.0.184 "POST /v2.0/networks HTTP/1.1" status: 201 len: 943 time: 0.8058312
2026-06-30 19:11:21.469 10 INFO neutron.db.ovn_revision_numbers_db [None req-21fe9065-b1e3-4652-b068-e7e11f59aa3b 92f037c885c247bb80b541940383f6b1 2d1808d1eda944d4b2feb04f565032e2 - - default default] Successfully bumped revision number for resource 15c50c0b-c9b2-4380-b585-ee520ff78749 (type: security_group_rules) to 0
2026-06-30 19:11:21.494 10 INFO neutron.db.ovn_revision_numbers_db [None req-21fe9065-b1e3-4652-b068-e7e11f59aa3b 92f037c885c247bb80b541940383f6b1 2d1808d1eda944d4b2feb04f565032e2 - - default default] Successfully bumped revision number for resource 3f98cdae-b3d4-4bb1-aa1c-06a794a24892 (type: security_group_rules) to 0
2026-06-30 19:11:21.506 10 INFO neutron.db.ovn_revision_numbers_db [None req-21fe9065-b1e3-4652-b068-e7e11f59aa3b 92f037c885c247bb80b541940383f6b1 2d1808d1eda944d4b2feb04f565032e2 - - default default] Successfully bumped revision number for resource 98fd4b29-7464-4a0e-af4b-ef88eaca14c5 (type: security_group_rules) to 0
2026-06-30 19:11:21.566 10 INFO neutron.db.segments_db [None req-21fe9065-b1e3-4652-b068-e7e11f59aa3b 92f037c885c247bb80b541940383f6b1 2d1808d1eda944d4b2feb04f565032e2 - - default default] Added segment aa655b41-5f95-4081-8711-edbcb5507dcc of type geneve for network cab077c3-09e2-4ea1-a07c-814ab6fa2a0b
2026-06-30 19:11:21.630 9 WARNING neutron.scheduler.dhcp_agent_scheduler [None req-0fd7e782-bd81-454f-94c7-1ed43b98a470 b129833bdb694860913f07e824c57854 a3cd5a73218e499391d5f3e620430459 - - default default] No more DHCP agents
2026-06-30 19:11:21.635 9 WARNING neutron.api.rpc.agentnotifiers.dhcp_rpc_agent_api [None req-0fd7e782-bd81-454f-94c7-1ed43b98a470 b129833bdb694860913f07e824c57854 a3cd5a73218e499391d5f3e620430459 - - default default] Unable to schedule network 663f2eec-1632-4810-b006-f23d2589b737: no agents available; will retry on subsequent port and subnet creation events.
2026-06-30 19:11:21.728 10 INFO neutron.db.ovn_revision_numbers_db [None req-21fe9065-b1e3-4652-b068-e7e11f59aa3b 92f037c885c247bb80b541940383f6b1 2d1808d1eda944d4b2feb04f565032e2 - - default default] Successfully bumped revision number for resource cab077c3-09e2-4ea1-a07c-814ab6fa2a0b (type: networks) to 1
2026-06-30 19:11:21.950 10 WARNING neutron.scheduler.dhcp_agent_scheduler [None req-21fe9065-b1e3-4652-b068-e7e11f59aa3b 92f037c885c247bb80b541940383f6b1 2d1808d1eda944d4b2feb04f565032e2 - - default default] No more DHCP agents
2026-06-30 19:11:21.952 10 WARNING neutron.api.rpc.agentnotifiers.dhcp_rpc_agent_api [None req-21fe9065-b1e3-4652-b068-e7e11f59aa3b 92f037c885c247bb80b541940383f6b1 2d1808d1eda944d4b2feb04f565032e2 - - default default] Unable to schedule network cab077c3-09e2-4ea1-a07c-814ab6fa2a0b: no agents available; will retry on subsequent port and subnet creation events.
2026-06-30 19:11:22.060 10 INFO neutron.db.ovn_revision_numbers_db [None req-21fe9065-b1e3-4652-b068-e7e11f59aa3b 92f037c885c247bb80b541940383f6b1 2d1808d1eda944d4b2feb04f565032e2 - - default default] Successfully bumped revision number for resource 7a3870d1-37f4-413d-9f5f-f51d6a1920bb (type: ports) to 1
2026-06-30 19:11:22.086 10 INFO neutron.wsgi [None req-21fe9065-b1e3-4652-b068-e7e11f59aa3b 92f037c885c247bb80b541940383f6b1 2d1808d1eda944d4b2feb04f565032e2 - - default default] 10.0.0.184 "POST /v2.0/networks HTTP/1.1" status: 201 len: 831 time: 1.0892169
2026-06-30 19:11:22.155 10 INFO neutron.wsgi [None req-35eb821f-8a18-4d8a-b026-b39d34854fd9 92f037c885c247bb80b541940383f6b1 2d1808d1eda944d4b2feb04f565032e2 - - default default] 10.0.0.184 "PUT /v2.0/networks/cab077c3-09e2-4ea1-a07c-814ab6fa2a0b/tags HTTP/1.1" status: 200 len: 218 time: 0.0619457
2026-06-30 19:11:22.196 9 INFO neutron.db.ovn_revision_numbers_db [None req-0fd7e782-bd81-454f-94c7-1ed43b98a470 b129833bdb694860913f07e824c57854 a3cd5a73218e499391d5f3e620430459 - - default default] Successfully bumped revision number for resource efe15b6d-03b6-4825-93b8-246a947645b6 (type: ports) to 2
2026-06-30 19:11:22.216 10 INFO neutron.wsgi [None req-59f07602-a920-45dc-99f1-69b18b3ebad3 92f037c885c247bb80b541940383f6b1 2d1808d1eda944d4b2feb04f565032e2 - - default default] 10.0.0.184 "GET /v2.0/networks/cab077c3-09e2-4ea1-a07c-814ab6fa2a0b/tags HTTP/1.1" status: 200 len: 218 time: 0.0573840
2026-06-30 19:11:22.221 9 WARNING neutron_lib.context [None req-23d6dca5-ec10-4183-904c-689d58aad595 a1dd362ec8cc486c8f8d9c9ab209f240 e0ab9a2a1a224d00b954eb8f4c617681 - - default default] Method 'is_advsvc' is deprecated since 2023.2 release (neutron-lib 3.8.0) and will be removed once support for the old RBAC API policies will be removed from Neutron. Please use method 'is_service_role' instead.
2026-06-30 19:11:22.238 9 INFO neutron.db.ovn_revision_numbers_db [None req-0fd7e782-bd81-454f-94c7-1ed43b98a470 b129833bdb694860913f07e824c57854 a3cd5a73218e499391d5f3e620430459 - - default default] Successfully bumped revision number for resource 76b89196-e69c-4df7-bef2-c38c190d2702 (type: subnets) to 0
2026-06-30 19:11:22.259 9 INFO neutron.wsgi [None req-0fd7e782-bd81-454f-94c7-1ed43b98a470 b129833bdb694860913f07e824c57854 a3cd5a73218e499391d5f3e620430459 - - default default] 10.0.0.184 "POST /v2.0/subnets HTTP/1.1" status: 201 len: 863 time: 0.7928953
2026-06-30 19:11:22.285 10 INFO neutron.wsgi [None req-101c1764-dcb5-4993-b53a-7ef29e418bc8 92f037c885c247bb80b541940383f6b1 2d1808d1eda944d4b2feb04f565032e2 - - default default] 10.0.0.184 "PUT /v2.0/networks/cab077c3-09e2-4ea1-a07c-814ab6fa2a0b/tags/green HTTP/1.1" status: 201 len: 201 time: 0.0631106
2026-06-30 19:11:22.344 10 INFO neutron.wsgi [None req-7800c077-65a5-48aa-815f-8a5e2157557b 92f037c885c247bb80b541940383f6b1 2d1808d1eda944d4b2feb04f565032e2 - - default default] 10.0.0.184 "GET /v2.0/networks/cab077c3-09e2-4ea1-a07c-814ab6fa2a0b/tags HTTP/1.1" status: 200 len: 227 time: 0.0541172
2026-06-30 19:11:22.407 9 INFO neutron.db.ovn_revision_numbers_db [None req-23d6dca5-ec10-4183-904c-689d58aad595 a1dd362ec8cc486c8f8d9c9ab209f240 e0ab9a2a1a224d00b954eb8f4c617681 - - default default] Successfully bumped revision number for resource 448316c2-4c25-483d-8a11-0e5abd5d8656 (type: security_groups) to 1
2026-06-30 19:11:22.411 9 INFO neutron.wsgi [None req-def23611-5bd9-4ec6-a185-8789faa453e2 92f037c885c247bb80b541940383f6b1 2d1808d1eda944d4b2feb04f565032e2 - - default default] 10.0.0.184 "PUT /v2.0/networks/cab077c3-09e2-4ea1-a07c-814ab6fa2a0b/tags/red HTTP/1.1" status: 201 len: 201 time: 0.0539238
2026-06-30 19:11:22.440 9 INFO neutron.db.ovn_revision_numbers_db [None req-23d6dca5-ec10-4183-904c-689d58aad595 a1dd362ec8cc486c8f8d9c9ab209f240 e0ab9a2a1a224d00b954eb8f4c617681 - - default default] Successfully bumped revision number for resource 808da211-2b0a-4ce1-be29-bac8ea449deb (type: security_group_rules) to 0
2026-06-30 19:11:22.464 9 INFO neutron.wsgi [None req-d0f05a56-1380-49d3-9eb0-619e77f69155 92f037c885c247bb80b541940383f6b1 2d1808d1eda944d4b2feb04f565032e2 - - default default] 10.0.0.184 "GET /v2.0/networks/cab077c3-09e2-4ea1-a07c-814ab6fa2a0b/tags HTTP/1.1" status: 200 len: 227 time: 0.0479174
2026-06-30 19:11:22.467 9 INFO neutron.db.ovn_revision_numbers_db [None req-23d6dca5-ec10-4183-904c-689d58aad595 a1dd362ec8cc486c8f8d9c9ab209f240 e0ab9a2a1a224d00b954eb8f4c617681 - - default default] Successfully bumped revision number for resource 93dbc60a-189c-4282-bb9e-724d4b5d6aa6 (type: security_group_rules) to 0
2026-06-30 19:11:22.481 9 INFO neutron.db.ovn_revision_numbers_db [None req-23d6dca5-ec10-4183-904c-689d58aad595 a1dd362ec8cc486c8f8d9c9ab209f240 e0ab9a2a1a224d00b954eb8f4c617681 - - default default] Successfully bumped revision number for resource c468cf3d-3075-42f1-be7f-f04c25c46ae1 (type: security_group_rules) to 0
2026-06-30 19:11:22.493 9 INFO neutron.db.ovn_revision_numbers_db [None req-23d6dca5-ec10-4183-904c-689d58aad595 a1dd362ec8cc486c8f8d9c9ab209f240 e0ab9a2a1a224d00b954eb8f4c617681 - - default default] Successfully bumped revision number for resource c5c74cd0-4598-4c41-acba-1da3c5102971 (type: security_group_rules) to 0
2026-06-30 19:11:22.544 9 INFO neutron.db.segments_db [None req-23d6dca5-ec10-4183-904c-689d58aad595 a1dd362ec8cc486c8f8d9c9ab209f240 e0ab9a2a1a224d00b954eb8f4c617681 - - default default] Added segment 3aae7c80-b7a5-47c0-b13a-4e5da44e56ab of type geneve for network 37d5d238-0966-422d-8c11-f081018ab994
2026-06-30 19:11:22.546 10 INFO neutron.wsgi [None req-1e46bde3-a9ab-4907-bc3d-e9193d2d6a51 92f037c885c247bb80b541940383f6b1 2d1808d1eda944d4b2feb04f565032e2 - - default default] 10.0.0.184 "PUT /v2.0/networks/cab077c3-09e2-4ea1-a07c-814ab6fa2a0b/tags/black.or.white HTTP/1.1" status: 201 len: 201 time: 0.0753820
2026-06-30 19:11:22.614 9 INFO neutron.wsgi [None req-ce84cf0f-067f-4ae1-a3a3-a9bd0dd47ece 92f037c885c247bb80b541940383f6b1 2d1808d1eda944d4b2feb04f565032e2 - - default default] 10.0.0.184 "GET /v2.0/networks/cab077c3-09e2-4ea1-a07c-814ab6fa2a0b/tags HTTP/1.1" status: 200 len: 245 time: 0.0628178
2026-06-30 19:11:22.700 9 INFO neutron.db.ovn_revision_numbers_db [None req-23d6dca5-ec10-4183-904c-689d58aad595 a1dd362ec8cc486c8f8d9c9ab209f240 e0ab9a2a1a224d00b954eb8f4c617681 - - default default] Successfully bumped revision number for resource 37d5d238-0966-422d-8c11-f081018ab994 (type: networks) to 1
2026-06-30 19:11:22.708 10 INFO neutron.wsgi [None req-0eb6b361-85cf-47f5-b649-15b83673c8c8 92f037c885c247bb80b541940383f6b1 2d1808d1eda944d4b2feb04f565032e2 - - default default] 10.0.0.184 "PUT /v2.0/networks/cab077c3-09e2-4ea1-a07c-814ab6fa2a0b/tags HTTP/1.1" status: 200 len: 230 time: 0.0888274
2026-06-30 19:11:22.766 9 INFO neutron.wsgi [None req-0d6dfb9f-8962-4053-a9af-9d9eccc2189e 92f037c885c247bb80b541940383f6b1 2d1808d1eda944d4b2feb04f565032e2 - - default default] 10.0.0.184 "GET /v2.0/networks/cab077c3-09e2-4ea1-a07c-814ab6fa2a0b/tags HTTP/1.1" status: 200 len: 230 time: 0.0511644
2026-06-30 19:11:22.826 10 INFO neutron.wsgi [None req-554f40f3-65cb-42e3-bb31-6e41e286afe1 92f037c885c247bb80b541940383f6b1 2d1808d1eda944d4b2feb04f565032e2 - - default default] 10.0.0.184 "GET /v2.0/networks/cab077c3-09e2-4ea1-a07c-814ab6fa2a0b/tags/red HTTP/1.1" status: 204 len: 168 time: 0.0534289
2026-06-30 19:11:22.847 10 WARNING neutron.scheduler.dhcp_agent_scheduler [None req-401b6ee4-a34c-4a81-ada0-ff98bed48086 b129833bdb694860913f07e824c57854 a3cd5a73218e499391d5f3e620430459 - - default default] No more DHCP agents
2026-06-30 19:11:22.851 10 WARNING neutron.api.rpc.agentnotifiers.dhcp_rpc_agent_api [None req-401b6ee4-a34c-4a81-ada0-ff98bed48086 b129833bdb694860913f07e824c57854 a3cd5a73218e499391d5f3e620430459 - - default default] Unable to schedule network 4bbe7b58-edde-4517-bc73-12452217406b: no agents available; will retry on subsequent port and subnet creation events.
2026-06-30 19:11:22.873 9 WARNING neutron.scheduler.dhcp_agent_scheduler [None req-23d6dca5-ec10-4183-904c-689d58aad595 a1dd362ec8cc486c8f8d9c9ab209f240 e0ab9a2a1a224d00b954eb8f4c617681 - - default default] No more DHCP agents
2026-06-30 19:11:22.876 9 WARNING neutron.api.rpc.agentnotifiers.dhcp_rpc_agent_api [None req-23d6dca5-ec10-4183-904c-689d58aad595 a1dd362ec8cc486c8f8d9c9ab209f240 e0ab9a2a1a224d00b954eb8f4c617681 - - default default] Unable to schedule network 37d5d238-0966-422d-8c11-f081018ab994: no agents available; will retry on subsequent port and subnet creation events.
2026-06-30 19:11:23.308 9 INFO neutron.db.ovn_revision_numbers_db [None req-23d6dca5-ec10-4183-904c-689d58aad595 a1dd362ec8cc486c8f8d9c9ab209f240 e0ab9a2a1a224d00b954eb8f4c617681 - - default default] Successfully bumped revision number for resource 6589a7fe-c520-40b3-8b33-69f4ce3f5f66 (type: ports) to 1
2026-06-30 19:11:23.323 10 INFO neutron.api.v2.resource [None req-84e6f2ef-15a7-4900-b7d0-87914b19ba55 92f037c885c247bb80b541940383f6b1 2d1808d1eda944d4b2feb04f565032e2 - - default default] show failed (client error): The resource could not be found.
2026-06-30 19:11:23.324 10 INFO neutron.wsgi [None req-84e6f2ef-15a7-4900-b7d0-87914b19ba55 92f037c885c247bb80b541940383f6b1 2d1808d1eda944d4b2feb04f565032e2 - - default default] 10.0.0.184 "GET /v2.0/networks/cab077c3-09e2-4ea1-a07c-814ab6fa2a0b/tags/green HTTP/1.1" status: 404 len: 299 time: 0.4917667
2026-06-30 19:11:23.332 9 INFO neutron.wsgi [None req-23d6dca5-ec10-4183-904c-689d58aad595 a1dd362ec8cc486c8f8d9c9ab209f240 e0ab9a2a1a224d00b954eb8f4c617681 - - default default] 10.0.0.184 "POST /v2.0/networks HTTP/1.1" status: 201 len: 830 time: 1.2471595
2026-06-30 19:11:23.343 10 WARNING neutron_lib.context [None req-0a2b86b1-a27f-4370-950e-cfd019c54cf7 a1dd362ec8cc486c8f8d9c9ab209f240 e0ab9a2a1a224d00b954eb8f4c617681 - - default default] Method 'is_advsvc' is deprecated since 2023.2 release (neutron-lib 3.8.0) and will be removed once support for the old RBAC API policies will be removed from Neutron. Please use method 'is_service_role' instead.
2026-06-30 19:11:23.394 9 INFO neutron.wsgi [None req-0a7ed071-6efd-46e5-84bc-eb08b7ed97cd 92f037c885c247bb80b541940383f6b1 2d1808d1eda944d4b2feb04f565032e2 - - default default] 10.0.0.184 "DELETE /v2.0/networks/cab077c3-09e2-4ea1-a07c-814ab6fa2a0b/tags/red HTTP/1.1" status: 204 len: 168 time: 0.0605972
2026-06-30 19:11:23.447 9 INFO neutron.wsgi [None req-171ce24f-18f6-4c43-86b0-bae52f0abb12 92f037c885c247bb80b541940383f6b1 2d1808d1eda944d4b2feb04f565032e2 - - default default] 10.0.0.184 "GET /v2.0/networks/cab077c3-09e2-4ea1-a07c-814ab6fa2a0b/tags HTTP/1.1" status: 200 len: 223 time: 0.0472205
2026-06-30 19:11:23.503 9 INFO neutron.api.v2.resource [None req-99ed7917-7968-4624-bb18-b113a716267e 92f037c885c247bb80b541940383f6b1 2d1808d1eda944d4b2feb04f565032e2 - - default default] delete failed (client error): The resource could not be found.
2026-06-30 19:11:23.504 9 INFO neutron.wsgi [None req-99ed7917-7968-4624-bb18-b113a716267e 92f037c885c247bb80b541940383f6b1 2d1808d1eda944d4b2feb04f565032e2 - - default default] 10.0.0.184 "DELETE /v2.0/networks/cab077c3-09e2-4ea1-a07c-814ab6fa2a0b/tags/green HTTP/1.1" status: 404 len: 299 time: 0.0521824
2026-06-30 19:11:23.532 10 INFO neutron.db.ovn_revision_numbers_db [None req-401b6ee4-a34c-4a81-ada0-ff98bed48086 b129833bdb694860913f07e824c57854 a3cd5a73218e499391d5f3e620430459 - - default default] Successfully bumped revision number for resource d061f276-8c55-4747-8a54-a90c17594b24 (type: ports) to 1
2026-06-30 19:11:23.574 9 INFO neutron.wsgi [None req-c57cb039-64cc-41a2-831c-e853c5fb041c 92f037c885c247bb80b541940383f6b1 2d1808d1eda944d4b2feb04f565032e2 - - default default] 10.0.0.184 "DELETE /v2.0/networks/cab077c3-09e2-4ea1-a07c-814ab6fa2a0b/tags HTTP/1.1" status: 204 len: 168 time: 0.0622451
2026-06-30 19:11:23.621 9 INFO neutron.wsgi [None req-82d06c29-0d51-432d-8114-af0a0a14cf20 92f037c885c247bb80b541940383f6b1 2d1808d1eda944d4b2feb04f565032e2 - - default default] 10.0.0.184 "GET /v2.0/networks/cab077c3-09e2-4ea1-a07c-814ab6fa2a0b/tags HTTP/1.1" status: 200 len: 205 time: 0.0426610
2026-06-30 19:11:23.719 10 WARNING neutron.scheduler.dhcp_agent_scheduler [None req-0a2b86b1-a27f-4370-950e-cfd019c54cf7 a1dd362ec8cc486c8f8d9c9ab209f240 e0ab9a2a1a224d00b954eb8f4c617681 - - default default] No more DHCP agents
2026-06-30 19:11:23.724 10 WARNING neutron.api.rpc.agentnotifiers.dhcp_rpc_agent_api [None req-0a2b86b1-a27f-4370-950e-cfd019c54cf7 a1dd362ec8cc486c8f8d9c9ab209f240 e0ab9a2a1a224d00b954eb8f4c617681 - - default default] Unable to schedule network 37d5d238-0966-422d-8c11-f081018ab994: no agents available; will retry on subsequent port and subnet creation events.
2026-06-30 19:11:24.187 10 WARNING neutron.plugins.ml2.drivers.ovn.mech_driver.ovsdb.ovn_client [None req-9f081d2a-004e-4fe8-bf5c-fc51a6b8af4c - - - - - -] No hosting information found for port 97126a0d-09b2-4ff4-b79b-cccec44a5c3e: RuntimeError: No hosting information found for port 97126a0d-09b2-4ff4-b79b-cccec44a5c3e
2026-06-30 19:11:24.286 10 INFO neutron.services.segments.plugin [-] Segment aa655b41-5f95-4081-8711-edbcb5507dcc resource provider aggregate not found
2026-06-30 19:11:24.293 10 INFO neutron.services.segments.plugin [-] Segment aa655b41-5f95-4081-8711-edbcb5507dcc resource provider aggregate not found
2026-06-30 19:11:24.310 10 INFO neutron.services.segments.plugin [-] Segment aa655b41-5f95-4081-8711-edbcb5507dcc resource provider not found; error: Placement Client Error (4xx): {"errors": [{"status": 404, "title": "Not Found", "detail": "The resource could not be found.\n\n No resource provider with uuid aa655b41-5f95-4081-8711-edbcb5507dcc found for delete ", "request_id": "req-d1f38860-fe45-4aed-83fe-013e4723fd03"}]}
2026-06-30 19:11:24.313 10 INFO neutron.services.segments.plugin [-] Segment aa655b41-5f95-4081-8711-edbcb5507dcc resource provider not found; error: Placement Client Error (4xx): {"errors": [{"status": 404, "title": "Not Found", "detail": "The resource could not be found.\n\n No resource provider with uuid aa655b41-5f95-4081-8711-edbcb5507dcc found for delete ", "request_id": "req-539c5a3f-b685-4739-8b4f-52cd722e900a"}]}
2026-06-30 19:11:24.379 10 INFO neutron.wsgi [None req-1e179cb0-04b0-454e-a061-9f6b18781d1c 92f037c885c247bb80b541940383f6b1 2d1808d1eda944d4b2feb04f565032e2 - - default default] 10.0.0.184 "DELETE /v2.0/networks/cab077c3-09e2-4ea1-a07c-814ab6fa2a0b HTTP/1.1" status: 204 len: 168 time: 0.7441933
2026-06-30 19:11:24.524 9 INFO neutron.plugins.ml2.drivers.ovn.mech_driver.mech_driver [None req-ff501ece-1d4a-407d-93d8-5ebd2ccf866b - - - - - -] OVN reports status up for port: d061f276-8c55-4747-8a54-a90c17594b24
2026-06-30 19:11:24.536 9 INFO neutron.plugins.ml2.plugin [None req-ff501ece-1d4a-407d-93d8-5ebd2ccf866b - - - - - -] Attempt 1 to provision port d061f276-8c55-4747-8a54-a90c17594b24
2026-06-30 19:11:24.551 9 INFO neutron.plugins.ml2.drivers.ovn.mech_driver.ovsdb.ovsdb_monitor [None req-8f98eb4f-b5ee-4e32-a22b-b09c6678a771 - - - - - -] Router 31637f92-bb56-4205-8ee8-a7ec1d9a12d1 is bound to host instance
2026-06-30 19:11:24.571 10 INFO neutron.db.ovn_revision_numbers_db [None req-401b6ee4-a34c-4a81-ada0-ff98bed48086 b129833bdb694860913f07e824c57854 a3cd5a73218e499391d5f3e620430459 - - default default] Successfully bumped revision number for resource d061f276-8c55-4747-8a54-a90c17594b24 (type: router_ports) to 1
2026-06-30 19:11:24.591 10 INFO neutron.db.ovn_revision_numbers_db [None req-0a2b86b1-a27f-4370-950e-cfd019c54cf7 a1dd362ec8cc486c8f8d9c9ab209f240 e0ab9a2a1a224d00b954eb8f4c617681 - - default default] Successfully bumped revision number for resource 6589a7fe-c520-40b3-8b33-69f4ce3f5f66 (type: ports) to 2
2026-06-30 19:11:24.636 10 INFO neutron.db.ovn_revision_numbers_db [None req-0a2b86b1-a27f-4370-950e-cfd019c54cf7 a1dd362ec8cc486c8f8d9c9ab209f240 e0ab9a2a1a224d00b954eb8f4c617681 - - default default] Successfully bumped revision number for resource a5ea2479-c054-4061-9ab1-d526ccee10ac (type: subnets) to 0
2026-06-30 19:11:24.649 10 INFO neutron.db.ovn_revision_numbers_db [None req-401b6ee4-a34c-4a81-ada0-ff98bed48086 b129833bdb694860913f07e824c57854 a3cd5a73218e499391d5f3e620430459 - - default default] Successfully bumped revision number for resource 31637f92-bb56-4205-8ee8-a7ec1d9a12d1 (type: routers) to 2
2026-06-30 19:11:24.653 10 INFO neutron.wsgi [None req-0a2b86b1-a27f-4370-950e-cfd019c54cf7 a1dd362ec8cc486c8f8d9c9ab209f240 e0ab9a2a1a224d00b954eb8f4c617681 - - default default] 10.0.0.184 "POST /v2.0/subnets HTTP/1.1" status: 201 len: 801 time: 1.3156748
2026-06-30 19:11:24.667 10 INFO neutron.wsgi [None req-401b6ee4-a34c-4a81-ada0-ff98bed48086 b129833bdb694860913f07e824c57854 a3cd5a73218e499391d5f3e620430459 - - default default] 10.0.0.184 "POST /v2.0/routers HTTP/1.1" status: 201 len: 874 time: 2.4039750
2026-06-30 19:11:25.024 10 INFO neutron.wsgi [None req-c5cb797f-b692-4978-9a0c-81818f3d84b2 a1dd362ec8cc486c8f8d9c9ab209f240 e0ab9a2a1a224d00b954eb8f4c617681 - - default default] 10.0.0.184 "PUT /v2.0/subnets/a5ea2479-c054-4061-9ab1-d526ccee10ac/tags HTTP/1.1" status: 200 len: 218 time: 0.3651378
2026-06-30 19:11:25.104 10 INFO neutron.wsgi [None req-d241bea2-aa21-4238-8fa3-4e1a62715c26 a1dd362ec8cc486c8f8d9c9ab209f240 e0ab9a2a1a224d00b954eb8f4c617681 - - default default] 10.0.0.184 "GET /v2.0/subnets/a5ea2479-c054-4061-9ab1-d526ccee10ac/tags HTTP/1.1" status: 200 len: 218 time: 0.0700085
2026-06-30 19:11:25.115 9 INFO neutron.db.ovn_revision_numbers_db [None req-8f98eb4f-b5ee-4e32-a22b-b09c6678a771 - - - - - -] Successfully bumped revision number for resource d061f276-8c55-4747-8a54-a90c17594b24 (type: ports) to 1
2026-06-30 19:11:25.203 9 INFO neutron.wsgi [None req-5f5a338d-e525-42bc-8c27-2f22957fba6f a1dd362ec8cc486c8f8d9c9ab209f240 e0ab9a2a1a224d00b954eb8f4c617681 - - default default] 10.0.0.184 "PUT /v2.0/subnets/a5ea2479-c054-4061-9ab1-d526ccee10ac/tags/green HTTP/1.1" status: 201 len: 201 time: 0.0935991
2026-06-30 19:11:25.265 9 INFO neutron.wsgi [None req-d5d64640-0497-433d-824e-0e0c0f3d2a3a a1dd362ec8cc486c8f8d9c9ab209f240 e0ab9a2a1a224d00b954eb8f4c617681 - - default default] 10.0.0.184 "GET /v2.0/subnets/a5ea2479-c054-4061-9ab1-d526ccee10ac/tags HTTP/1.1" status: 200 len: 227 time: 0.0573981
2026-06-30 19:11:25.315 10 INFO neutron.wsgi [None req-1cc5c0f6-8dd2-4853-9d68-2a2b448fd48d a1dd362ec8cc486c8f8d9c9ab209f240 e0ab9a2a1a224d00b954eb8f4c617681 - - default default] 10.0.0.184 "PUT /v2.0/subnets/a5ea2479-c054-4061-9ab1-d526ccee10ac/tags/red HTTP/1.1" status: 201 len: 201 time: 0.0444407
2026-06-30 19:11:25.330 9 INFO neutron.wsgi [None req-ec414581-af01-4f25-8365-28cb94e1e15a b129833bdb694860913f07e824c57854 a3cd5a73218e499391d5f3e620430459 - - default default] 10.0.0.184 "GET /v2.0/security-groups?tenant_id=2d1808d1eda944d4b2feb04f565032e2&name=default HTTP/1.1" status: 200 len: 2996 time: 0.1520188
2026-06-30 19:11:25.388 10 INFO neutron.wsgi [None req-cf72432c-2f27-402f-aa64-317b4843738e a1dd362ec8cc486c8f8d9c9ab209f240 e0ab9a2a1a224d00b954eb8f4c617681 - - default default] 10.0.0.184 "GET /v2.0/subnets/a5ea2479-c054-4061-9ab1-d526ccee10ac/tags HTTP/1.1" status: 200 len: 227 time: 0.0686507
2026-06-30 19:11:25.475 9 INFO neutron.db.ovn_revision_numbers_db [None req-8f98eb4f-b5ee-4e32-a22b-b09c6678a771 - - - - - -] Successfully bumped revision number for resource d061f276-8c55-4747-8a54-a90c17594b24 (type: router_ports) to 3
2026-06-30 19:11:25.488 9 INFO neutron.wsgi [None req-54296a36-a02b-425b-a89a-48132d496b34 a1dd362ec8cc486c8f8d9c9ab209f240 e0ab9a2a1a224d00b954eb8f4c617681 - - default default] 10.0.0.184 "PUT /v2.0/subnets/a5ea2479-c054-4061-9ab1-d526ccee10ac/tags/black.or.white HTTP/1.1" status: 201 len: 201 time: 0.0821660
2026-06-30 19:11:25.495 10 WARNING neutron.scheduler.dhcp_agent_scheduler [None req-7ef71757-b869-454f-bdc9-551a1967098a b129833bdb694860913f07e824c57854 a3cd5a73218e499391d5f3e620430459 - - default default] No more DHCP agents
2026-06-30 19:11:25.499 10 WARNING neutron.api.rpc.agentnotifiers.dhcp_rpc_agent_api [None req-7ef71757-b869-454f-bdc9-551a1967098a b129833bdb694860913f07e824c57854 a3cd5a73218e499391d5f3e620430459 - - default default] Unable to schedule network 663f2eec-1632-4810-b006-f23d2589b737: no agents available; will retry on subsequent port and subnet creation events.
2026-06-30 19:11:25.549 9 INFO neutron.wsgi [None req-c5870304-fb55-494d-9554-89c1e4f72682 a1dd362ec8cc486c8f8d9c9ab209f240 e0ab9a2a1a224d00b954eb8f4c617681 - - default default] 10.0.0.184 "GET /v2.0/subnets/a5ea2479-c054-4061-9ab1-d526ccee10ac/tags HTTP/1.1" status: 200 len: 245 time: 0.0555539
2026-06-30 19:11:25.664 9 INFO neutron.wsgi [None req-751c918c-911d-4aa0-94f9-ee22efdb54c2 a1dd362ec8cc486c8f8d9c9ab209f240 e0ab9a2a1a224d00b954eb8f4c617681 - - default default] 10.0.0.184 "PUT /v2.0/subnets/a5ea2479-c054-4061-9ab1-d526ccee10ac/tags HTTP/1.1" status: 200 len: 230 time: 0.1074696
2026-06-30 19:11:25.681 10 INFO neutron.wsgi [None req-f3c488a8-b5db-4fd2-945e-38d288a12e46 b129833bdb694860913f07e824c57854 a3cd5a73218e499391d5f3e620430459 - - default default] 10.0.0.184 "DELETE /v2.0/security-groups/0843d5a2-eae8-4d14-9fa4-27d5e49e7b60 HTTP/1.1" status: 204 len: 168 time: 0.3457339
2026-06-30 19:11:25.692 10 INFO neutron.db.ovn_revision_numbers_db [None req-7ef71757-b869-454f-bdc9-551a1967098a b129833bdb694860913f07e824c57854 a3cd5a73218e499391d5f3e620430459 - - default default] Successfully bumped revision number for resource 4f99eb23-fa34-4d7b-bc7d-e35a93589ce6 (type: ports) to 1
2026-06-30 19:11:25.717 9 INFO neutron.wsgi [None req-a9333f9e-e166-44f3-9d4a-55b0b1017f1d a1dd362ec8cc486c8f8d9c9ab209f240 e0ab9a2a1a224d00b954eb8f4c617681 - - default default] 10.0.0.184 "GET /v2.0/subnets/a5ea2479-c054-4061-9ab1-d526ccee10ac/tags HTTP/1.1" status: 200 len: 230 time: 0.0468111
2026-06-30 19:11:25.718 9 INFO neutron.db.ovn_revision_numbers_db [None req-8f98eb4f-b5ee-4e32-a22b-b09c6678a771 - - - - - -] Successfully bumped revision number for resource d061f276-8c55-4747-8a54-a90c17594b24 (type: ports) to 2
2026-06-30 19:11:25.793 10 INFO neutron.wsgi [None req-9d9eb567-3a87-4310-8a40-14118474c380 a1dd362ec8cc486c8f8d9c9ab209f240 e0ab9a2a1a224d00b954eb8f4c617681 - - default default] 10.0.0.184 "GET /v2.0/subnets/a5ea2479-c054-4061-9ab1-d526ccee10ac/tags/red HTTP/1.1" status: 204 len: 168 time: 0.0685630
2026-06-30 19:11:25.861 10 INFO neutron.api.v2.resource [None req-c241e21a-31e5-4044-a126-ae97fdbdc687 a1dd362ec8cc486c8f8d9c9ab209f240 e0ab9a2a1a224d00b954eb8f4c617681 - - default default] show failed (client error): The resource could not be found.
2026-06-30 19:11:25.863 10 INFO neutron.wsgi [None req-c241e21a-31e5-4044-a126-ae97fdbdc687 a1dd362ec8cc486c8f8d9c9ab209f240 e0ab9a2a1a224d00b954eb8f4c617681 - - default default] 10.0.0.184 "GET /v2.0/subnets/a5ea2479-c054-4061-9ab1-d526ccee10ac/tags/green HTTP/1.1" status: 404 len: 299 time: 0.0649261
2026-06-30 19:11:25.954 10 INFO neutron.wsgi [None req-d9599ed5-d4c9-4def-b03f-4daacdb0adfb a1dd362ec8cc486c8f8d9c9ab209f240 e0ab9a2a1a224d00b954eb8f4c617681 - - default default] 10.0.0.184 "DELETE /v2.0/subnets/a5ea2479-c054-4061-9ab1-d526ccee10ac/tags/red HTTP/1.1" status: 204 len: 168 time: 0.0853772
2026-06-30 19:11:25.966 9 INFO neutron.db.ovn_revision_numbers_db [None req-99c7f428-024f-422c-9025-f4444c50c142 b129833bdb694860913f07e824c57854 a3cd5a73218e499391d5f3e620430459 - - default default] Successfully bumped revision number for resource 6fbbaa20-d8d1-4169-85fc-4bc1c3e39fd2 (type: security_groups) to 1
2026-06-30 19:11:25.987 9 INFO neutron.db.ovn_revision_numbers_db [None req-99c7f428-024f-422c-9025-f4444c50c142 b129833bdb694860913f07e824c57854 a3cd5a73218e499391d5f3e620430459 - - default default] Successfully bumped revision number for resource 32b91886-c8f6-4486-a73e-878953992464 (type: security_group_rules) to 0
2026-06-30 19:11:25.988 9 INFO neutron.db.ovn_revision_numbers_db [None req-8f98eb4f-b5ee-4e32-a22b-b09c6678a771 - - - - - -] Successfully bumped revision number for resource d061f276-8c55-4747-8a54-a90c17594b24 (type: ports) to 4
2026-06-30 19:11:26.005 10 INFO neutron.wsgi [None req-c598f031-5575-4f93-ab7e-03f10c81bad3 a1dd362ec8cc486c8f8d9c9ab209f240 e0ab9a2a1a224d00b954eb8f4c617681 - - default default] 10.0.0.184 "GET /v2.0/subnets/a5ea2479-c054-4061-9ab1-d526ccee10ac/tags HTTP/1.1" status: 200 len: 223 time: 0.0449061
2026-06-30 19:11:26.008 9 INFO neutron.db.ovn_revision_numbers_db [None req-99c7f428-024f-422c-9025-f4444c50c142 b129833bdb694860913f07e824c57854 a3cd5a73218e499391d5f3e620430459 - - default default] Successfully bumped revision number for resource 757da4e0-604e-4651-93d3-1d52d38ced0c (type: security_group_rules) to 0
2026-06-30 19:11:26.056 9 INFO neutron.db.ovn_revision_numbers_db [None req-99c7f428-024f-422c-9025-f4444c50c142 b129833bdb694860913f07e824c57854 a3cd5a73218e499391d5f3e620430459 - - default default] Successfully bumped revision number for resource d3dfaadb-9fa7-489c-a75a-b1878c2d6895 (type: security_group_rules) to 0
2026-06-30 19:11:26.110 9 INFO neutron.db.ovn_revision_numbers_db [None req-99c7f428-024f-422c-9025-f4444c50c142 b129833bdb694860913f07e824c57854 a3cd5a73218e499391d5f3e620430459 - - default default] Successfully bumped revision number for resource e7128fd2-b15b-41d4-bfff-55c8ae21846d (type: security_group_rules) to 0
2026-06-30 19:11:26.123 9 INFO neutron.api.v2.resource [None req-ec3cc240-7745-4a4d-8eee-df3a37758129 a1dd362ec8cc486c8f8d9c9ab209f240 e0ab9a2a1a224d00b954eb8f4c617681 - - default default] delete failed (client error): The resource could not be found.
2026-06-30 19:11:26.124 9 INFO neutron.wsgi [None req-ec3cc240-7745-4a4d-8eee-df3a37758129 a1dd362ec8cc486c8f8d9c9ab209f240 e0ab9a2a1a224d00b954eb8f4c617681 - - default default] 10.0.0.184 "DELETE /v2.0/subnets/a5ea2479-c054-4061-9ab1-d526ccee10ac/tags/green HTTP/1.1" status: 404 len: 299 time: 0.1016946
2026-06-30 19:11:26.135 9 INFO neutron.wsgi [None req-99c7f428-024f-422c-9025-f4444c50c142 b129833bdb694860913f07e824c57854 a3cd5a73218e499391d5f3e620430459 - - default default] 10.0.0.184 "GET /v2.0/security-groups?tenant_id=7cd2f1052e3146b399ff2d1e32fe7e0e&name=default HTTP/1.1" status: 200 len: 2996 time: 0.3326497
2026-06-30 19:11:26.217 10 INFO neutron.wsgi [None req-37d9ce9b-e8c3-4b0e-beeb-d76950e45b05 a1dd362ec8cc486c8f8d9c9ab209f240 e0ab9a2a1a224d00b954eb8f4c617681 - - default default] 10.0.0.184 "DELETE /v2.0/subnets/a5ea2479-c054-4061-9ab1-d526ccee10ac/tags HTTP/1.1" status: 204 len: 168 time: 0.0863442
2026-06-30 19:11:26.218 10 INFO neutron.db.ovn_revision_numbers_db [None req-7ef71757-b869-454f-bdc9-551a1967098a b129833bdb694860913f07e824c57854 a3cd5a73218e499391d5f3e620430459 - - default default] Successfully bumped revision number for resource 4f99eb23-fa34-4d7b-bc7d-e35a93589ce6 (type: router_ports) to 1
2026-06-30 19:11:26.300 9 INFO neutron.wsgi [None req-df2164c9-8644-49e0-836e-c5705a66eeaa a1dd362ec8cc486c8f8d9c9ab209f240 e0ab9a2a1a224d00b954eb8f4c617681 - - default default] 10.0.0.184 "GET /v2.0/subnets/a5ea2479-c054-4061-9ab1-d526ccee10ac/tags HTTP/1.1" status: 200 len: 205 time: 0.0750835
2026-06-30 19:11:26.303 9 INFO neutron.db.ovn_revision_numbers_db [None req-8f98eb4f-b5ee-4e32-a22b-b09c6678a771 - - - - - -] Successfully bumped revision number for resource d061f276-8c55-4747-8a54-a90c17594b24 (type: router_ports) to 4
2026-06-30 19:11:26.397 9 INFO neutron.wsgi [None req-86c9cf0c-9696-46d7-94ef-58bd48fc62cd b129833bdb694860913f07e824c57854 a3cd5a73218e499391d5f3e620430459 - - default default] 10.0.0.184 "DELETE /v2.0/security-groups/6fbbaa20-d8d1-4169-85fc-4bc1c3e39fd2 HTTP/1.1" status: 204 len: 168 time: 0.2556987
2026-06-30 19:11:26.398 10 INFO neutron.db.ovn_revision_numbers_db [None req-7ef71757-b869-454f-bdc9-551a1967098a b129833bdb694860913f07e824c57854 a3cd5a73218e499391d5f3e620430459 - - default default] Successfully bumped revision number for resource 4f99eb23-fa34-4d7b-bc7d-e35a93589ce6 (type: ports) to 1
2026-06-30 19:11:26.498 10 WARNING neutron.scheduler.dhcp_agent_scheduler [None req-7ef71757-b869-454f-bdc9-551a1967098a b129833bdb694860913f07e824c57854 a3cd5a73218e499391d5f3e620430459 - - default default] No more DHCP agents
2026-06-30 19:11:26.502 10 WARNING neutron.api.rpc.agentnotifiers.dhcp_rpc_agent_api [None req-7ef71757-b869-454f-bdc9-551a1967098a b129833bdb694860913f07e824c57854 a3cd5a73218e499391d5f3e620430459 - - default default] Unable to schedule network 663f2eec-1632-4810-b006-f23d2589b737: no agents available; will retry on subsequent port and subnet creation events.
2026-06-30 19:11:26.569 10 INFO neutron.wsgi [None req-038f522d-f296-4ac0-8826-94e6737f834e a1dd362ec8cc486c8f8d9c9ab209f240 e0ab9a2a1a224d00b954eb8f4c617681 - - default default] 10.0.0.184 "DELETE /v2.0/subnets/a5ea2479-c054-4061-9ab1-d526ccee10ac HTTP/1.1" status: 204 len: 168 time: 0.2622573
2026-06-30 19:11:26.771 9 INFO neutron.plugins.ml2.drivers.ovn.mech_driver.mech_driver [None req-ff501ece-1d4a-407d-93d8-5ebd2ccf866b - - - - - -] OVN reports status up for port: 4f99eb23-fa34-4d7b-bc7d-e35a93589ce6
2026-06-30 19:11:26.778 9 INFO neutron.plugins.ml2.plugin [None req-ff501ece-1d4a-407d-93d8-5ebd2ccf866b - - - - - -] Attempt 1 to provision port 4f99eb23-fa34-4d7b-bc7d-e35a93589ce6
2026-06-30 19:11:27.052 9 INFO neutron.db.ovn_revision_numbers_db [None req-ff501ece-1d4a-407d-93d8-5ebd2ccf866b - - - - - -] Successfully bumped revision number for resource 4f99eb23-fa34-4d7b-bc7d-e35a93589ce6 (type: ports) to 2
2026-06-30 19:11:27.106 10 INFO neutron.services.segments.plugin [-] Segment 3aae7c80-b7a5-47c0-b13a-4e5da44e56ab resource provider aggregate not found
2026-06-30 19:11:27.123 10 INFO neutron.services.segments.plugin [-] Segment 3aae7c80-b7a5-47c0-b13a-4e5da44e56ab resource provider aggregate not found
2026-06-30 19:11:27.131 10 INFO neutron.services.segments.plugin [-] Segment 3aae7c80-b7a5-47c0-b13a-4e5da44e56ab resource provider not found; error: Placement Client Error (4xx): {"errors": [{"status": 404, "title": "Not Found", "detail": "The resource could not be found.\n\n No resource provider with uuid 3aae7c80-b7a5-47c0-b13a-4e5da44e56ab found for delete ", "request_id": "req-58355704-1877-4931-86c4-474539d4f794"}]}
2026-06-30 19:11:27.139 10 INFO neutron.services.segments.plugin [-] Segment 3aae7c80-b7a5-47c0-b13a-4e5da44e56ab resource provider not found; error: Placement Client Error (4xx): {"errors": [{"status": 404, "title": "Not Found", "detail": "The resource could not be found.\n\n No resource provider with uuid 3aae7c80-b7a5-47c0-b13a-4e5da44e56ab found for delete ", "request_id": "req-f033d43e-85b1-45ed-8a74-5183f697f83a"}]}
