2026-06-30 18:48:49.259 10 INFO neutron.wsgi [None req-744490d5-bc22-48c8-a188-3a51c78e160e b129833bdb694860913f07e824c57854 a3cd5a73218e499391d5f3e620430459 - - default default] 199.204.45.78,10.0.0.95 "GET /v2.0/security-groups/f402c89f-6e00-4c9e-9927-a418fbd02221?project_id=2e8c30e070594eea800af6805d7d2ae9 HTTP/1.1" status: 200 len: 1736 time: 0.0855930
2026-06-30 18:48:49.296 10 INFO neutron.wsgi [None req-8579fdce-97e4-45d7-a8bb-d983002d2d90 b129833bdb694860913f07e824c57854 a3cd5a73218e499391d5f3e620430459 - - default default] 199.204.45.78,10.0.0.95 "GET /v2.0/security-groups/f402c89f-6e00-4c9e-9927-a418fbd02221 HTTP/1.1" status: 200 len: 1736 time: 0.0287306
2026-06-30 18:48:49.406 10 INFO neutron.wsgi [None req-262ef97e-7de4-4e8d-b2f9-ab3835d36638 b129833bdb694860913f07e824c57854 a3cd5a73218e499391d5f3e620430459 - - default default] 199.204.45.78,10.0.0.95 "GET /v2.0/security-groups/f402c89f-6e00-4c9e-9927-a418fbd02221?project_id=2e8c30e070594eea800af6805d7d2ae9 HTTP/1.1" status: 200 len: 1736 time: 0.0343583
2026-06-30 18:48:49.518 10 INFO neutron.db.ovn_revision_numbers_db [None req-d2caeece-6a28-40a9-ad08-4676c73fbc35 b129833bdb694860913f07e824c57854 a3cd5a73218e499391d5f3e620430459 - - default default] Successfully bumped revision number for resource 523b8e9f-e6b2-43b3-8a6e-665800319fe4 (type: security_group_rules) to 0
2026-06-30 18:48:49.553 10 INFO neutron.wsgi [None req-d2caeece-6a28-40a9-ad08-4676c73fbc35 b129833bdb694860913f07e824c57854 a3cd5a73218e499391d5f3e620430459 - - default default] 199.204.45.78,10.0.0.95 "POST /v2.0/security-group-rules HTTP/1.1" status: 201 len: 745 time: 0.1393330
2026-06-30 18:48:50.506 10 INFO neutron.wsgi [None req-8aba6424-33c3-47a3-b535-6452d12b98aa b129833bdb694860913f07e824c57854 a3cd5a73218e499391d5f3e620430459 - - default default] 199.204.45.78,10.0.0.95 "GET /v2.0/security-groups/f402c89f-6e00-4c9e-9927-a418fbd02221?project_id=2e8c30e070594eea800af6805d7d2ae9 HTTP/1.1" status: 200 len: 2314 time: 0.0661724
2026-06-30 18:48:50.542 10 INFO neutron.wsgi [None req-b30ebdb2-6121-4f59-b19a-36e309f94ae9 b129833bdb694860913f07e824c57854 a3cd5a73218e499391d5f3e620430459 - - default default] 199.204.45.78,10.0.0.95 "GET /v2.0/security-groups/f402c89f-6e00-4c9e-9927-a418fbd02221 HTTP/1.1" status: 200 len: 2314 time: 0.0278304
2026-06-30 18:48:50.647 10 INFO neutron.wsgi [None req-3e9f50fd-531a-413e-8747-5dac61e2619b b129833bdb694860913f07e824c57854 a3cd5a73218e499391d5f3e620430459 - - default default] 199.204.45.78,10.0.0.95 "GET /v2.0/security-groups/f402c89f-6e00-4c9e-9927-a418fbd02221?project_id=2e8c30e070594eea800af6805d7d2ae9 HTTP/1.1" status: 200 len: 2314 time: 0.0351207
2026-06-30 18:48:50.753 10 INFO neutron.db.ovn_revision_numbers_db [None req-2f7dd556-ebeb-4259-a716-c76f88cdaf59 b129833bdb694860913f07e824c57854 a3cd5a73218e499391d5f3e620430459 - - default default] Successfully bumped revision number for resource a24cc966-696e-4302-b5d3-c82ca4a1643b (type: security_group_rules) to 0
2026-06-30 18:48:50.775 10 INFO neutron.wsgi [None req-2f7dd556-ebeb-4259-a716-c76f88cdaf59 b129833bdb694860913f07e824c57854 a3cd5a73218e499391d5f3e620430459 - - default default] 199.204.45.78,10.0.0.95 "POST /v2.0/security-group-rules HTTP/1.1" status: 201 len: 747 time: 0.1214907
2026-06-30 18:48:51.724 10 INFO neutron.wsgi [None req-6d3c586d-90a5-4221-a2b4-0f7938a51b38 b129833bdb694860913f07e824c57854 a3cd5a73218e499391d5f3e620430459 - - default default] 199.204.45.78,10.0.0.95 "GET /v2.0/security-groups/f402c89f-6e00-4c9e-9927-a418fbd02221?project_id=2e8c30e070594eea800af6805d7d2ae9 HTTP/1.1" status: 200 len: 2894 time: 0.0719559
2026-06-30 18:48:51.759 10 INFO neutron.wsgi [None req-06bdfe2a-3056-426c-9cde-40e1db38ddf7 b129833bdb694860913f07e824c57854 a3cd5a73218e499391d5f3e620430459 - - default default] 199.204.45.78,10.0.0.95 "GET /v2.0/security-groups/f402c89f-6e00-4c9e-9927-a418fbd02221 HTTP/1.1" status: 200 len: 2894 time: 0.0285461
2026-06-30 18:48:51.867 10 INFO neutron.wsgi [None req-dce328a5-9310-434c-89a1-cf69f459c42d b129833bdb694860913f07e824c57854 a3cd5a73218e499391d5f3e620430459 - - default default] 199.204.45.78,10.0.0.95 "GET /v2.0/security-groups/f402c89f-6e00-4c9e-9927-a418fbd02221?project_id=2e8c30e070594eea800af6805d7d2ae9 HTTP/1.1" status: 200 len: 2894 time: 0.0346766
2026-06-30 18:48:52.011 10 INFO neutron.db.ovn_revision_numbers_db [None req-d7591912-fbea-4430-836c-e022fb711f7b b129833bdb694860913f07e824c57854 a3cd5a73218e499391d5f3e620430459 - - default default] Successfully bumped revision number for resource 1ac732c8-35d8-4811-b95a-191c51a72ccc (type: security_group_rules) to 0
2026-06-30 18:48:52.037 10 INFO neutron.wsgi [None req-d7591912-fbea-4430-836c-e022fb711f7b b129833bdb694860913f07e824c57854 a3cd5a73218e499391d5f3e620430459 - - default default] 199.204.45.78,10.0.0.95 "POST /v2.0/security-group-rules HTTP/1.1" status: 201 len: 749 time: 0.1629064
2026-06-30 18:48:53.079 9 INFO neutron.wsgi [None req-a9fa7d52-593a-4eb2-b342-b70afc8f45cc b129833bdb694860913f07e824c57854 a3cd5a73218e499391d5f3e620430459 - - default default] 199.204.45.78,10.0.0.95 "GET /v2.0/security-groups/f402c89f-6e00-4c9e-9927-a418fbd02221?project_id=2e8c30e070594eea800af6805d7d2ae9 HTTP/1.1" status: 200 len: 3476 time: 0.0878038
2026-06-30 18:48:53.115 9 INFO neutron.wsgi [None req-8c4a1294-b02c-45cd-947a-319427688f8f b129833bdb694860913f07e824c57854 a3cd5a73218e499391d5f3e620430459 - - default default] 199.204.45.78,10.0.0.95 "GET /v2.0/security-groups/f402c89f-6e00-4c9e-9927-a418fbd02221 HTTP/1.1" status: 200 len: 3476 time: 0.0281465
2026-06-30 18:48:53.222 9 INFO neutron.wsgi [None req-afae161f-805c-47e0-a482-359bce91d2a4 b129833bdb694860913f07e824c57854 a3cd5a73218e499391d5f3e620430459 - - default default] 199.204.45.78,10.0.0.95 "GET /v2.0/security-groups/f402c89f-6e00-4c9e-9927-a418fbd02221?project_id=2e8c30e070594eea800af6805d7d2ae9 HTTP/1.1" status: 200 len: 3476 time: 0.0318186
2026-06-30 18:48:53.413 9 INFO neutron.db.ovn_revision_numbers_db [None req-b9a1bcdb-799e-4c9f-bbab-f625662e8bf0 b129833bdb694860913f07e824c57854 a3cd5a73218e499391d5f3e620430459 - - default default] Successfully bumped revision number for resource b57750aa-01ce-4842-a851-769c2fbb2e62 (type: security_group_rules) to 0
2026-06-30 18:48:53.440 9 INFO neutron.wsgi [None req-b9a1bcdb-799e-4c9f-bbab-f625662e8bf0 b129833bdb694860913f07e824c57854 a3cd5a73218e499391d5f3e620430459 - - default default] 199.204.45.78,10.0.0.95 "POST /v2.0/security-group-rules HTTP/1.1" status: 201 len: 750 time: 0.2100828
2026-06-30 18:48:57.727 9 INFO neutron.wsgi [-] 10.0.0.95 "GET / HTTP/1.1" status: 200 len: 246 time: 0.0024290
2026-06-30 18:48:57.729 10 INFO neutron.wsgi [-] 10.0.0.95 "GET / HTTP/1.1" status: 200 len: 246 time: 0.0044348
2026-06-30 18:49:12.727 10 INFO neutron.wsgi [-] 10.0.0.95 "GET / HTTP/1.1" status: 200 len: 246 time: 0.0018966
2026-06-30 18:49:12.727 9 INFO neutron.wsgi [-] 10.0.0.95 "GET / HTTP/1.1" status: 200 len: 246 time: 0.0024095
2026-06-30 18:49:27.726 9 INFO neutron.wsgi [-] 10.0.0.95 "GET / HTTP/1.1" status: 200 len: 246 time: 0.0020502
2026-06-30 18:49:27.731 9 INFO neutron.wsgi [-] 10.0.0.95 "GET / HTTP/1.1" status: 200 len: 246 time: 0.0033462
2026-06-30 18:49:42.728 9 INFO neutron.wsgi [-] 10.0.0.95 "GET / HTTP/1.1" status: 200 len: 246 time: 0.0025427
2026-06-30 18:49:42.730 10 INFO neutron.wsgi [-] 10.0.0.95 "GET / HTTP/1.1" status: 200 len: 246 time: 0.0049684
2026-06-30 18:49:57.727 9 INFO neutron.wsgi [-] 10.0.0.95 "GET / HTTP/1.1" status: 200 len: 246 time: 0.0023792
2026-06-30 18:49:57.727 10 INFO neutron.wsgi [-] 10.0.0.95 "GET / HTTP/1.1" status: 200 len: 246 time: 0.0025771
2026-06-30 18:50:12.727 10 INFO neutron.wsgi [-] 10.0.0.95 "GET / HTTP/1.1" status: 200 len: 246 time: 0.0024223
2026-06-30 18:50:12.727 9 INFO neutron.wsgi [-] 10.0.0.95 "GET / HTTP/1.1" status: 200 len: 246 time: 0.0024533
2026-06-30 18:50:27.727 9 INFO neutron.wsgi [-] 10.0.0.95 "GET / HTTP/1.1" status: 200 len: 246 time: 0.0021408
2026-06-30 18:50:27.728 10 INFO neutron.wsgi [-] 10.0.0.95 "GET / HTTP/1.1" status: 200 len: 246 time: 0.0028205
2026-06-30 18:50:42.729 9 INFO neutron.wsgi [-] 10.0.0.95 "GET / HTTP/1.1" status: 200 len: 246 time: 0.0039544
2026-06-30 18:50:42.734 9 INFO neutron.wsgi [-] 10.0.0.95 "GET / HTTP/1.1" status: 200 len: 246 time: 0.0030961
2026-06-30 18:50:57.728 9 INFO neutron.wsgi [-] 10.0.0.95 "GET / HTTP/1.1" status: 200 len: 246 time: 0.0021074
2026-06-30 18:50:57.728 10 INFO neutron.wsgi [-] 10.0.0.95 "GET / HTTP/1.1" status: 200 len: 246 time: 0.0024278 /var/lib/openstack/lib/python3.10/site-packages/pycadf/identifier.py:71: UserWarning: Invalid uuid: neutron. To ensure interoperability, identifiers should be a valid uuid. warnings.warn(('Invalid uuid: %s. To ensure interoperability, '
2026-06-30 18:51:02.606 10 INFO neutron.wsgi [None req-505ba6cf-4edd-423b-880b-cbb9d05fa347 d7bd62d47ccb4664840ea69117b2acfd 2e8c30e070594eea800af6805d7d2ae9 - - c8283192793441d78bd44d8b616a71f0 c8283192793441d78bd44d8b616a71f0] 199.204.45.78 "GET /v2.0/networks?tenant_id=2e8c30e070594eea800af6805d7d2ae9&shared=False HTTP/1.1" status: 200 len: 213 time: 0.1417243
2026-06-30 18:51:02.716 10 INFO neutron.db.segments_db [None req-183b8294-7d54-44e9-9d65-114874cb0818 d7bd62d47ccb4664840ea69117b2acfd 2e8c30e070594eea800af6805d7d2ae9 - - c8283192793441d78bd44d8b616a71f0 c8283192793441d78bd44d8b616a71f0] Added segment 95a2ae25-fcc3-479d-b9d0-caeb115693b0 of type geneve for network d64a6518-ea6a-490d-b042-bfd4f58baf8d
2026-06-30 18:51:02.968 10 INFO neutron.db.ovn_revision_numbers_db [None req-183b8294-7d54-44e9-9d65-114874cb0818 d7bd62d47ccb4664840ea69117b2acfd 2e8c30e070594eea800af6805d7d2ae9 - - c8283192793441d78bd44d8b616a71f0 c8283192793441d78bd44d8b616a71f0] Successfully bumped revision number for resource d64a6518-ea6a-490d-b042-bfd4f58baf8d (type: networks) to 1
2026-06-30 18:51:03.171 10 WARNING neutron.scheduler.dhcp_agent_scheduler [None req-183b8294-7d54-44e9-9d65-114874cb0818 d7bd62d47ccb4664840ea69117b2acfd 2e8c30e070594eea800af6805d7d2ae9 - - c8283192793441d78bd44d8b616a71f0 c8283192793441d78bd44d8b616a71f0] No more DHCP agents
2026-06-30 18:51:03.173 10 WARNING neutron.api.rpc.agentnotifiers.dhcp_rpc_agent_api [None req-183b8294-7d54-44e9-9d65-114874cb0818 d7bd62d47ccb4664840ea69117b2acfd 2e8c30e070594eea800af6805d7d2ae9 - - c8283192793441d78bd44d8b616a71f0 c8283192793441d78bd44d8b616a71f0] Unable to schedule network d64a6518-ea6a-490d-b042-bfd4f58baf8d: no agents available; will retry on subsequent port and subnet creation events.
2026-06-30 18:51:03.254 10 INFO neutron.db.ovn_revision_numbers_db [None req-183b8294-7d54-44e9-9d65-114874cb0818 d7bd62d47ccb4664840ea69117b2acfd 2e8c30e070594eea800af6805d7d2ae9 - - c8283192793441d78bd44d8b616a71f0 c8283192793441d78bd44d8b616a71f0] Successfully bumped revision number for resource b1b91824-1d9d-4791-9b61-192c385dedfd (type: ports) to 1
2026-06-30 18:51:03.274 10 INFO neutron.wsgi [None req-183b8294-7d54-44e9-9d65-114874cb0818 d7bd62d47ccb4664840ea69117b2acfd 2e8c30e070594eea800af6805d7d2ae9 - - c8283192793441d78bd44d8b616a71f0 c8283192793441d78bd44d8b616a71f0] 199.204.45.78 "POST /v2.0/networks HTTP/1.1" status: 201 len: 925 time: 0.6605787
2026-06-30 18:51:03.312 10 INFO neutron.wsgi [None req-964b0e96-a3bf-49ac-b109-6ffa62ce76b0 d7bd62d47ccb4664840ea69117b2acfd 2e8c30e070594eea800af6805d7d2ae9 - - c8283192793441d78bd44d8b616a71f0 c8283192793441d78bd44d8b616a71f0] 199.204.45.78 "GET /v2.0/ports?device_id=manila-share&binding%3Ahost_id=instance HTTP/1.1" status: 200 len: 210 time: 0.0296409
2026-06-30 18:51:03.328 10 INFO neutron.wsgi [None req-c2c0f613-9a16-4208-9f5c-70f3b9e3e32d d7bd62d47ccb4664840ea69117b2acfd 2e8c30e070594eea800af6805d7d2ae9 - - c8283192793441d78bd44d8b616a71f0 c8283192793441d78bd44d8b616a71f0] 199.204.45.78 "GET /v2.0/extensions HTTP/1.1" status: 200 len: 16980 time: 0.0088511
2026-06-30 18:51:03.517 10 WARNING neutron.scheduler.dhcp_agent_scheduler [None req-4758c119-6981-4b60-8d03-a5a3d7d93dea d7bd62d47ccb4664840ea69117b2acfd 2e8c30e070594eea800af6805d7d2ae9 - - c8283192793441d78bd44d8b616a71f0 c8283192793441d78bd44d8b616a71f0] No more DHCP agents
2026-06-30 18:51:03.519 10 WARNING neutron.api.rpc.agentnotifiers.dhcp_rpc_agent_api [None req-4758c119-6981-4b60-8d03-a5a3d7d93dea d7bd62d47ccb4664840ea69117b2acfd 2e8c30e070594eea800af6805d7d2ae9 - - c8283192793441d78bd44d8b616a71f0 c8283192793441d78bd44d8b616a71f0] Unable to schedule network d64a6518-ea6a-490d-b042-bfd4f58baf8d: no agents available; will retry on subsequent port and subnet creation events.
2026-06-30 18:51:03.594 10 INFO neutron.db.ovn_revision_numbers_db [None req-4758c119-6981-4b60-8d03-a5a3d7d93dea d7bd62d47ccb4664840ea69117b2acfd 2e8c30e070594eea800af6805d7d2ae9 - - c8283192793441d78bd44d8b616a71f0 c8283192793441d78bd44d8b616a71f0] Successfully bumped revision number for resource 7ec2bd8e-ab78-407e-9d6a-4185cc0b30c5 (type: ports) to 1
2026-06-30 18:51:03.762 10 INFO neutron.db.ovn_revision_numbers_db [None req-4758c119-6981-4b60-8d03-a5a3d7d93dea d7bd62d47ccb4664840ea69117b2acfd 2e8c30e070594eea800af6805d7d2ae9 - - c8283192793441d78bd44d8b616a71f0 c8283192793441d78bd44d8b616a71f0] Successfully bumped revision number for resource 7ec2bd8e-ab78-407e-9d6a-4185cc0b30c5 (type: ports) to 1
2026-06-30 18:51:03.792 10 INFO neutron.wsgi [None req-4758c119-6981-4b60-8d03-a5a3d7d93dea d7bd62d47ccb4664840ea69117b2acfd 2e8c30e070594eea800af6805d7d2ae9 - - c8283192793441d78bd44d8b616a71f0 c8283192793441d78bd44d8b616a71f0] 199.204.45.78 "POST /v2.0/ports HTTP/1.1" status: 201 len: 1144 time: 0.4605002
2026-06-30 18:51:03.861 10 INFO neutron.wsgi [None req-4d2115a1-7800-4117-8fb8-3f1a29ec3edd d7bd62d47ccb4664840ea69117b2acfd 2e8c30e070594eea800af6805d7d2ae9 - - c8283192793441d78bd44d8b616a71f0 c8283192793441d78bd44d8b616a71f0] 199.204.45.78 "GET /v2.0/networks/d64a6518-ea6a-490d-b042-bfd4f58baf8d HTTP/1.1" status: 200 len: 907 time: 0.0607784
2026-06-30 18:51:04.684 9 INFO neutron.plugins.ml2.drivers.ovn.mech_driver.mech_driver [-] OVN reports status up for port: 7ec2bd8e-ab78-407e-9d6a-4185cc0b30c5
2026-06-30 18:51:04.702 9 INFO neutron.plugins.ml2.plugin [None req-ff501ece-1d4a-407d-93d8-5ebd2ccf866b - - - - - -] Attempt 1 to provision port 7ec2bd8e-ab78-407e-9d6a-4185cc0b30c5
2026-06-30 18:51:04.951 9 INFO neutron.db.ovn_revision_numbers_db [None req-ff501ece-1d4a-407d-93d8-5ebd2ccf866b - - - - - -] Successfully bumped revision number for resource 7ec2bd8e-ab78-407e-9d6a-4185cc0b30c5 (type: ports) to 3
2026-06-30 18:51:06.463 10 INFO neutron.wsgi [None req-819edffd-fd2d-4c4e-8370-57c31e96a5ee d7bd62d47ccb4664840ea69117b2acfd 2e8c30e070594eea800af6805d7d2ae9 - - c8283192793441d78bd44d8b616a71f0 c8283192793441d78bd44d8b616a71f0] 199.204.45.78 "GET /v2.0/ports?device_id=manila-share&binding%3Ahost_id=instance HTTP/1.1" status: 200 len: 1172 time: 0.0631201
2026-06-30 18:51:06.531 10 INFO neutron.wsgi [None req-4980ae78-8ad3-43ed-85e7-8dc5b936cb61 d7bd62d47ccb4664840ea69117b2acfd 2e8c30e070594eea800af6805d7d2ae9 - - c8283192793441d78bd44d8b616a71f0 c8283192793441d78bd44d8b616a71f0] 199.204.45.78 "GET /v2.0/networks/d64a6518-ea6a-490d-b042-bfd4f58baf8d HTTP/1.1" status: 200 len: 907 time: 0.0599563
2026-06-30 18:51:12.727 10 INFO neutron.wsgi [-] 10.0.0.95 "GET / HTTP/1.1" status: 200 len: 246 time: 0.0028040
2026-06-30 18:51:12.729 9 INFO neutron.wsgi [-] 10.0.0.95 "GET / HTTP/1.1" status: 200 len: 246 time: 0.0034523
2026-06-30 18:51:27.728 10 INFO neutron.wsgi [-] 10.0.0.95 "GET / HTTP/1.1" status: 200 len: 246 time: 0.0031602
2026-06-30 18:51:27.729 9 INFO neutron.wsgi [-] 10.0.0.95 "GET / HTTP/1.1" status: 200 len: 246 time: 0.0024509
2026-06-30 18:51:31.141 10 INFO neutron.wsgi [None req-6e6e2a6a-4c93-475a-a67a-a8c476376325 b129833bdb694860913f07e824c57854 a3cd5a73218e499391d5f3e620430459 - - default default] 199.204.45.78,10.0.0.95 "GET /v2.0/quotas/2e8c30e070594eea800af6805d7d2ae9 HTTP/1.1" status: 200 len: 362 time: 0.0174699 /var/lib/openstack/lib/python3.10/site-packages/neutron/extensions/quotasv2.py:139: UserWarning: Neutron quota engine will require "--force" parameter to set a quota limit without checking the resource usage. warnings.warn('Neutron quota engine will require "--force" '
2026-06-30 18:51:31.684 10 INFO neutron.wsgi [None req-6d34aeab-da83-4231-aa83-4939cca1e2ef b129833bdb694860913f07e824c57854 a3cd5a73218e499391d5f3e620430459 - - default default] 199.204.45.78,10.0.0.95 "PUT /v2.0/quotas/2e8c30e070594eea800af6805d7d2ae9 HTTP/1.1" status: 200 len: 361 time: 0.0331171
2026-06-30 18:51:42.730 9 INFO neutron.wsgi [-] 10.0.0.95 "GET / HTTP/1.1" status: 200 len: 246 time: 0.0028429
2026-06-30 18:51:42.735 9 INFO neutron.wsgi [-] 10.0.0.95 "GET / HTTP/1.1" status: 200 len: 246 time: 0.0034580
2026-06-30 18:51:57.728 9 INFO neutron.wsgi [-] 10.0.0.95 "GET / HTTP/1.1" status: 200 len: 246 time: 0.0030169
2026-06-30 18:51:57.729 10 INFO neutron.wsgi [-] 10.0.0.95 "GET / HTTP/1.1" status: 200 len: 246 time: 0.0040348
2026-06-30 18:52:12.728 9 INFO neutron.wsgi [-] 10.0.0.95 "GET / HTTP/1.1" status: 200 len: 246 time: 0.0023432
2026-06-30 18:52:12.729 10 INFO neutron.wsgi [-] 10.0.0.95 "GET / HTTP/1.1" status: 200 len: 246 time: 0.0034106
2026-06-30 18:52:19.696 10 INFO neutron.wsgi [None req-e8252920-c822-42df-b7a2-f8f7a4706b5d b129833bdb694860913f07e824c57854 a3cd5a73218e499391d5f3e620430459 - - default default] 10.0.0.220 "GET /v2.0/routers HTTP/1.1" status: 200 len: 189 time: 0.0741875
2026-06-30 18:52:19.736 10 INFO neutron.wsgi [None req-583a6819-e27c-4136-9ff8-47c009ea7bfa b129833bdb694860913f07e824c57854 a3cd5a73218e499391d5f3e620430459 - - default default] 10.0.0.220 "GET /v2.0/agents?binary=ovn-controller HTTP/1.1" status: 200 len: 591 time: 0.0387914
2026-06-30 18:52:19.770 10 INFO neutron.wsgi [None req-8c953635-a675-459c-b6fe-d9d27009efdf b129833bdb694860913f07e824c57854 a3cd5a73218e499391d5f3e620430459 - - default default] 10.0.0.220 "GET /v2.0/floatingips HTTP/1.1" status: 200 len: 193 time: 0.0316427
2026-06-30 18:52:19.823 10 INFO neutron.wsgi [None req-a629149f-6aca-4b1a-a829-859dab77bbb6 b129833bdb694860913f07e824c57854 a3cd5a73218e499391d5f3e620430459 - - default default] 10.0.0.220 "GET /v2.0/security-groups HTTP/1.1" status: 200 len: 16803 time: 0.0526335
2026-06-30 18:52:19.964 10 INFO neutron.wsgi [None req-f9ac0763-54d5-4b8c-ac35-8a6e58bcf028 b129833bdb694860913f07e824c57854 a3cd5a73218e499391d5f3e620430459 - - default default] 10.0.0.220 "GET /v2.0/networks HTTP/1.1" status: 200 len: 2350 time: 0.1244092
2026-06-30 18:52:19.988 10 INFO neutron.wsgi [None req-70b5e2be-3e36-477b-8b51-7891e496a0fe b129833bdb694860913f07e824c57854 a3cd5a73218e499391d5f3e620430459 - - default default] 10.0.0.220 "GET /v2.0/agents HTTP/1.1" status: 200 len: 997 time: 0.0213921
2026-06-30 18:52:20.045 10 INFO neutron.wsgi [None req-32e29937-11de-4594-a09a-6c7fd53de5bc b129833bdb694860913f07e824c57854 a3cd5a73218e499391d5f3e620430459 - - default default] 10.0.0.220 "GET /v2.0/subnets HTTP/1.1" status: 200 len: 1437 time: 0.0544136
2026-06-30 18:52:20.063 10 INFO neutron.wsgi [None req-afb66d48-6c50-424f-9509-c07ad9b1315e b129833bdb694860913f07e824c57854 a3cd5a73218e499391d5f3e620430459 - - default default] 10.0.0.220 "GET /v2.0/subnetpools HTTP/1.1" status: 200 len: 193 time: 0.0167844
2026-06-30 18:52:20.092 10 INFO neutron.wsgi [None req-d6bd652f-8d2d-45e2-81d4-9513d369ba63 b129833bdb694860913f07e824c57854 a3cd5a73218e499391d5f3e620430459 - - default default] 10.0.0.220 "GET /v2.0/subnets HTTP/1.1" status: 200 len: 1437 time: 0.0284691
2026-06-30 18:52:20.106 10 INFO neutron.wsgi [None req-8e2f1396-fd0c-4806-9ea0-fd19cb512e79 b129833bdb694860913f07e824c57854 a3cd5a73218e499391d5f3e620430459 - - default default] 10.0.0.220 "GET /v2.0/network-ip-availabilities HTTP/1.1" status: 200 len: 1280 time: 0.0126743
2026-06-30 18:52:20.167 10 INFO neutron.wsgi [None req-30eb1fd5-e166-4f5f-ba8f-a22ea033d773 b129833bdb694860913f07e824c57854 a3cd5a73218e499391d5f3e620430459 - - default default] 10.0.0.220 "GET /v2.0/ports HTTP/1.1" status: 200 len: 5351 time: 0.0596685
2026-06-30 18:52:27.726 9 INFO neutron.wsgi [-] 10.0.0.95 "GET / HTTP/1.1" status: 200 len: 246 time: 0.0017428
2026-06-30 18:52:27.730 10 INFO neutron.wsgi [-] 10.0.0.95 "GET / HTTP/1.1" status: 200 len: 246 time: 0.0023358
2026-06-30 18:52:42.727 10 INFO neutron.wsgi [-] 10.0.0.95 "GET / HTTP/1.1" status: 200 len: 246 time: 0.0025053
2026-06-30 18:52:42.727 9 INFO neutron.wsgi [-] 10.0.0.95 "GET / HTTP/1.1" status: 200 len: 246 time: 0.0025189
2026-06-30 18:52:57.730 9 INFO neutron.wsgi [-] 10.0.0.95 "GET / HTTP/1.1" status: 200 len: 246 time: 0.0054708
2026-06-30 18:52:57.732 9 INFO neutron.wsgi [-] 10.0.0.95 "GET / HTTP/1.1" status: 200 len: 246 time: 0.0013573
2026-06-30 18:53:12.728 9 INFO neutron.wsgi [-] 10.0.0.95 "GET / HTTP/1.1" status: 200 len: 246 time: 0.0027037
2026-06-30 18:53:12.728 10 INFO neutron.wsgi [-] 10.0.0.95 "GET / HTTP/1.1" status: 200 len: 246 time: 0.0033367
2026-06-30 18:53:19.687 10 INFO neutron.wsgi [None req-ef785d74-1130-48fa-8d38-1aa6525b8f7c b129833bdb694860913f07e824c57854 a3cd5a73218e499391d5f3e620430459 - - default default] 10.0.0.220 "GET /v2.0/routers HTTP/1.1" status: 200 len: 189 time: 0.0830488
2026-06-30 18:53:19.728 10 INFO neutron.wsgi [None req-76c04883-953a-41b8-b8fa-093fedae394f b129833bdb694860913f07e824c57854 a3cd5a73218e499391d5f3e620430459 - - default default] 10.0.0.220 "GET /v2.0/agents?binary=ovn-controller HTTP/1.1" status: 200 len: 591 time: 0.0402052
2026-06-30 18:53:19.749 10 INFO neutron.wsgi [None req-b8624892-698e-4fa5-b9d9-1a99d1523bf2 b129833bdb694860913f07e824c57854 a3cd5a73218e499391d5f3e620430459 - - default default] 10.0.0.220 "GET /v2.0/network-ip-availabilities HTTP/1.1" status: 200 len: 1280 time: 0.0191975
2026-06-30 18:53:19.772 10 INFO neutron.wsgi [None req-6f07c4c9-961e-4cbc-89c0-dc09804efadd b129833bdb694860913f07e824c57854 a3cd5a73218e499391d5f3e620430459 - - default default] 10.0.0.220 "GET /v2.0/floatingips HTTP/1.1" status: 200 len: 193 time: 0.0226049
2026-06-30 18:53:19.841 10 INFO neutron.wsgi [None req-bdef9cb2-0df4-4e53-8075-ce01144a468e b129833bdb694860913f07e824c57854 a3cd5a73218e499391d5f3e620430459 - - default default] 10.0.0.220 "GET /v2.0/networks HTTP/1.1" status: 200 len: 2350 time: 0.0686388
2026-06-30 18:53:19.892 10 INFO neutron.wsgi [None req-256a6e80-d5d3-4e0a-a3fb-105aa55e4d85 b129833bdb694860913f07e824c57854 a3cd5a73218e499391d5f3e620430459 - - default default] 10.0.0.220 "GET /v2.0/security-groups HTTP/1.1" status: 200 len: 16803 time: 0.0468330
2026-06-30 18:53:19.942 10 INFO neutron.wsgi [None req-a714b102-48d9-478f-aabe-18fa03ae0943 b129833bdb694860913f07e824c57854 a3cd5a73218e499391d5f3e620430459 - - default default] 10.0.0.220 "GET /v2.0/subnets HTTP/1.1" status: 200 len: 1437 time: 0.0458090
2026-06-30 18:53:19.954 10 INFO neutron.wsgi [None req-76088171-e6c1-48b2-b86a-cca51f41d2f6 b129833bdb694860913f07e824c57854 a3cd5a73218e499391d5f3e620430459 - - default default] 10.0.0.220 "GET /v2.0/agents HTTP/1.1" status: 200 len: 997 time: 0.0112307
2026-06-30 18:53:19.988 10 INFO neutron.wsgi [None req-0bdc12e2-0292-4dc3-a295-51f072dc88ef b129833bdb694860913f07e824c57854 a3cd5a73218e499391d5f3e620430459 - - default default] 10.0.0.220 "GET /v2.0/subnets HTTP/1.1" status: 200 len: 1437 time: 0.0330174
2026-06-30 18:53:20.009 10 INFO neutron.wsgi [None req-f3df3ab6-53c1-48d4-9188-3c2d82029819 b129833bdb694860913f07e824c57854 a3cd5a73218e499391d5f3e620430459 - - default default] 10.0.0.220 "GET /v2.0/subnetpools HTTP/1.1" status: 200 len: 193 time: 0.0185966
2026-06-30 18:53:20.060 10 INFO neutron.wsgi [None req-fe4eb9ed-4eb9-4d69-8b38-286145943981 b129833bdb694860913f07e824c57854 a3cd5a73218e499391d5f3e620430459 - - default default] 10.0.0.220 "GET /v2.0/ports HTTP/1.1" status: 200 len: 5351 time: 0.0494111
2026-06-30 18:53:27.728 10 INFO neutron.wsgi [-] 10.0.0.95 "GET / HTTP/1.1" status: 200 len: 246 time: 0.0025434
2026-06-30 18:53:27.728 9 INFO neutron.wsgi [-] 10.0.0.95 "GET / HTTP/1.1" status: 200 len: 246 time: 0.0026970
2026-06-30 18:53:42.727 10 INFO neutron.wsgi [-] 10.0.0.95 "GET / HTTP/1.1" status: 200 len: 246 time: 0.0026755
2026-06-30 18:53:42.728 9 INFO neutron.wsgi [-] 10.0.0.95 "GET / HTTP/1.1" status: 200 len: 246 time: 0.0031071
2026-06-30 18:53:57.731 10 INFO neutron.wsgi [-] 10.0.0.95 "GET / HTTP/1.1" status: 200 len: 246 time: 0.0031240
2026-06-30 18:53:57.733 9 INFO neutron.wsgi [-] 10.0.0.95 "GET / HTTP/1.1" status: 200 len: 246 time: 0.0054801
2026-06-30 18:54:12.083 15 INFO neutron.db.ovn_revision_numbers_db [None req-62c2fef2-4a56-4be6-9c1d-5de9b89992cd - - - - - -] Successfully bumped revision number for resource f402c89f-6e00-4c9e-9927-a418fbd02221 (type: security_groups) to 5
2026-06-30 18:54:12.084 15 INFO neutron.plugins.ml2.drivers.ovn.mech_driver.ovsdb.maintenance [None req-62c2fef2-4a56-4be6-9c1d-5de9b89992cd - - - - - -] Maintenance task: Synchronization finished (took 0.05 seconds)
2026-06-30 18:54:12.728 10 INFO neutron.wsgi [-] 10.0.0.95 "GET / HTTP/1.1" status: 200 len: 246 time: 0.0031922
2026-06-30 18:54:12.732 10 INFO neutron.wsgi [-] 10.0.0.95 "GET / HTTP/1.1" status: 200 len: 246 time: 0.0015571
2026-06-30 18:54:19.686 10 INFO neutron.wsgi [None req-b7bbac28-186c-47ae-88aa-1c239365d9db b129833bdb694860913f07e824c57854 a3cd5a73218e499391d5f3e620430459 - - default default] 10.0.0.220 "GET /v2.0/floatingips HTTP/1.1" status: 200 len: 193 time: 0.0790253
2026-06-30 18:54:19.728 10 INFO neutron.wsgi [None req-0bad78d1-a4a2-4ced-abc4-d7a8c46fc0a2 b129833bdb694860913f07e824c57854 a3cd5a73218e499391d5f3e620430459 - - default default] 10.0.0.220 "GET /v2.0/ports HTTP/1.1" status: 200 len: 5351 time: 0.0411770
2026-06-30 18:54:19.747 10 INFO neutron.wsgi [None req-2d289ef8-336e-46ad-aec6-a170c613709b b129833bdb694860913f07e824c57854 a3cd5a73218e499391d5f3e620430459 - - default default] 10.0.0.220 "GET /v2.0/network-ip-availabilities HTTP/1.1" status: 200 len: 1280 time: 0.0122857
2026-06-30 18:54:19.803 10 INFO neutron.wsgi [None req-92f81011-bcd9-493f-aad5-d2e493d3acad b129833bdb694860913f07e824c57854 a3cd5a73218e499391d5f3e620430459 - - default default] 10.0.0.220 "GET /v2.0/networks HTTP/1.1" status: 200 len: 2350 time: 0.0549326
2026-06-30 18:54:19.841 10 INFO neutron.wsgi [None req-b8eced7c-1b12-401c-9df7-974c51ab780c b129833bdb694860913f07e824c57854 a3cd5a73218e499391d5f3e620430459 - - default default] 10.0.0.220 "GET /v2.0/routers HTTP/1.1" status: 200 len: 189 time: 0.0356510
2026-06-30 18:54:19.890 10 INFO neutron.wsgi [None req-3afc0306-b65e-4ac5-a3d9-5d203988387f b129833bdb694860913f07e824c57854 a3cd5a73218e499391d5f3e620430459 - - default default] 10.0.0.220 "GET /v2.0/agents?binary=ovn-controller HTTP/1.1" status: 200 len: 591 time: 0.0478063
2026-06-30 18:54:19.958 10 INFO neutron.wsgi [None req-a0caa089-e6e2-4e2f-b2b1-64ee4c8f48aa b129833bdb694860913f07e824c57854 a3cd5a73218e499391d5f3e620430459 - - default default] 10.0.0.220 "GET /v2.0/security-groups HTTP/1.1" status: 200 len: 16803 time: 0.0662518
2026-06-30 18:54:20.014 10 INFO neutron.wsgi [None req-4046ab0f-41a1-476b-a5b3-500e49cead9c b129833bdb694860913f07e824c57854 a3cd5a73218e499391d5f3e620430459 - - default default] 10.0.0.220 "GET /v2.0/subnets HTTP/1.1" status: 200 len: 1437 time: 0.0516255
2026-06-30 18:54:20.027 10 INFO neutron.wsgi [None req-99ab5903-2e67-4d2f-bb50-6ceeae5654d5 b129833bdb694860913f07e824c57854 a3cd5a73218e499391d5f3e620430459 - - default default] 10.0.0.220 "GET /v2.0/agents HTTP/1.1" status: 200 len: 997 time: 0.0108788
2026-06-30 18:54:20.061 10 INFO neutron.wsgi [None req-a3005b3e-6d31-4810-a846-f3efec19c213 b129833bdb694860913f07e824c57854 a3cd5a73218e499391d5f3e620430459 - - default default] 10.0.0.220 "GET /v2.0/subnets HTTP/1.1" status: 200 len: 1437 time: 0.0330834
2026-06-30 18:54:20.077 10 INFO neutron.wsgi [None req-4416fac7-c2b8-4cbf-ae41-a15fd41f9e47 b129833bdb694860913f07e824c57854 a3cd5a73218e499391d5f3e620430459 - - default default] 10.0.0.220 "GET /v2.0/subnetpools HTTP/1.1" status: 200 len: 193 time: 0.0145397
2026-06-30 18:54:27.728 9 INFO neutron.wsgi [-] 10.0.0.95 "GET / HTTP/1.1" status: 200 len: 246 time: 0.0026240
2026-06-30 18:54:27.731 9 INFO neutron.wsgi [-] 10.0.0.95 "GET / HTTP/1.1" status: 200 len: 246 time: 0.0022483
2026-06-30 18:54:42.726 10 INFO neutron.wsgi [-] 10.0.0.95 "GET / HTTP/1.1" status: 200 len: 246 time: 0.0017672
2026-06-30 18:54:42.728 9 INFO neutron.wsgi [-] 10.0.0.95 "GET / HTTP/1.1" status: 200 len: 246 time: 0.0035169
2026-06-30 18:54:57.728 10 INFO neutron.wsgi [-] 10.0.0.95 "GET / HTTP/1.1" status: 200 len: 246 time: 0.0035288
2026-06-30 18:54:57.728 9 INFO neutron.wsgi [-] 10.0.0.95 "GET / HTTP/1.1" status: 200 len: 246 time: 0.0028920
2026-06-30 18:55:12.726 9 INFO neutron.wsgi [-] 10.0.0.95 "GET / HTTP/1.1" status: 200 len: 246 time: 0.0013616
2026-06-30 18:55:12.728 10 INFO neutron.wsgi [-] 10.0.0.95 "GET / HTTP/1.1" status: 200 len: 246 time: 0.0025506
2026-06-30 18:55:19.754 10 INFO neutron.wsgi [None req-e5f383b2-8a35-43fd-9e37-42980b9dddd7 b129833bdb694860913f07e824c57854 a3cd5a73218e499391d5f3e620430459 - - default default] 10.0.0.220 "GET /v2.0/security-groups HTTP/1.1" status: 200 len: 16803 time: 0.1147296
2026-06-30 18:55:19.810 10 INFO neutron.wsgi [None req-792fc917-4b29-42b9-905b-97acbd765319 b129833bdb694860913f07e824c57854 a3cd5a73218e499391d5f3e620430459 - - default default] 10.0.0.220 "GET /v2.0/subnets HTTP/1.1" status: 200 len: 1437 time: 0.0456281
2026-06-30 18:55:19.874 10 INFO neutron.wsgi [None req-b4b12e01-5d5e-4424-8743-2e784c1e49d2 b129833bdb694860913f07e824c57854 a3cd5a73218e499391d5f3e620430459 - - default default] 10.0.0.220 "GET /v2.0/ports HTTP/1.1" status: 200 len: 5351 time: 0.0627308
2026-06-30 18:55:19.927 10 INFO neutron.wsgi [None req-fad61ba7-184f-4c8c-a598-5954e1f0f2de b129833bdb694860913f07e824c57854 a3cd5a73218e499391d5f3e620430459 - - default default] 10.0.0.220 "GET /v2.0/subnets HTTP/1.1" status: 200 len: 1437 time: 0.0359139
2026-06-30 18:55:19.940 10 INFO neutron.wsgi [None req-048583c0-7c3b-4ce3-9aed-7ef00092853e b129833bdb694860913f07e824c57854 a3cd5a73218e499391d5f3e620430459 - - default default] 10.0.0.220 "GET /v2.0/subnetpools HTTP/1.1" status: 200 len: 193 time: 0.0114594
2026-06-30 18:55:20.017 10 INFO neutron.wsgi [None req-d12a21f7-0bc0-4546-9d0d-4890535cdf12 b129833bdb694860913f07e824c57854 a3cd5a73218e499391d5f3e620430459 - - default default] 10.0.0.220 "GET /v2.0/networks HTTP/1.1" status: 200 len: 2350 time: 0.0768042
2026-06-30 18:55:20.037 10 INFO neutron.wsgi [None req-f6152089-a994-4dd3-8dff-a905658fded0 b129833bdb694860913f07e824c57854 a3cd5a73218e499391d5f3e620430459 - - default default] 10.0.0.220 "GET /v2.0/network-ip-availabilities HTTP/1.1" status: 200 len: 1280 time: 0.0175459
2026-06-30 18:55:20.060 10 INFO neutron.wsgi [None req-0851840e-142f-4327-aa45-681bec6bb570 b129833bdb694860913f07e824c57854 a3cd5a73218e499391d5f3e620430459 - - default default] 10.0.0.220 "GET /v2.0/floatingips HTTP/1.1" status: 200 len: 193 time: 0.0214128
2026-06-30 18:55:20.082 10 INFO neutron.wsgi [None req-2c7b98a3-e626-4dd0-947d-7a5800707789 b129833bdb694860913f07e824c57854 a3cd5a73218e499391d5f3e620430459 - - default default] 10.0.0.220 "GET /v2.0/routers HTTP/1.1" status: 200 len: 189 time: 0.0214350
2026-06-30 18:55:20.126 10 INFO neutron.wsgi [None req-467b508f-4497-4248-8070-5639f37f5374 b129833bdb694860913f07e824c57854 a3cd5a73218e499391d5f3e620430459 - - default default] 10.0.0.220 "GET /v2.0/agents?binary=ovn-controller HTTP/1.1" status: 200 len: 591 time: 0.0426505
2026-06-30 18:55:20.139 10 INFO neutron.wsgi [None req-f76dfc4f-7289-4013-ab88-272962a14a87 b129833bdb694860913f07e824c57854 a3cd5a73218e499391d5f3e620430459 - - default default] 10.0.0.220 "GET /v2.0/agents HTTP/1.1" status: 200 len: 997 time: 0.0120857
2026-06-30 18:55:27.727 9 INFO neutron.wsgi [-] 10.0.0.95 "GET / HTTP/1.1" status: 200 len: 246 time: 0.0024548
2026-06-30 18:55:27.727 10 INFO neutron.wsgi [-] 10.0.0.95 "GET / HTTP/1.1" status: 200 len: 246 time: 0.0021691
2026-06-30 18:55:42.727 9 INFO neutron.wsgi [-] 10.0.0.95 "GET / HTTP/1.1" status: 200 len: 246 time: 0.0022409
2026-06-30 18:55:42.729 9 INFO neutron.wsgi [-] 10.0.0.95 "GET / HTTP/1.1" status: 200 len: 246 time: 0.0013165
2026-06-30 18:55:57.727 10 INFO neutron.wsgi [-] 10.0.0.95 "GET / HTTP/1.1" status: 200 len: 246 time: 0.0018728
2026-06-30 18:55:57.730 9 INFO neutron.wsgi [-] 10.0.0.95 "GET / HTTP/1.1" status: 200 len: 246 time: 0.0037527
2026-06-30 18:56:12.728 10 INFO neutron.wsgi [-] 10.0.0.95 "GET / HTTP/1.1" status: 200 len: 246 time: 0.0031564
2026-06-30 18:56:12.731 10 INFO neutron.wsgi [-] 10.0.0.95 "GET / HTTP/1.1" status: 200 len: 246 time: 0.0019600
2026-06-30 18:56:19.730 10 INFO neutron.wsgi [None req-3a7face6-773d-4496-9148-d7e2a4014460 b129833bdb694860913f07e824c57854 a3cd5a73218e499391d5f3e620430459 - - default default] 10.0.0.220 "GET /v2.0/subnets HTTP/1.1" status: 200 len: 1437 time: 0.0828185
2026-06-30 18:56:19.753 10 INFO neutron.wsgi [None req-80127138-9978-46b1-a237-a788c3e3d345 b129833bdb694860913f07e824c57854 a3cd5a73218e499391d5f3e620430459 - - default default] 10.0.0.220 "GET /v2.0/floatingips HTTP/1.1" status: 200 len: 193 time: 0.0218284
2026-06-30 18:56:19.802 10 INFO neutron.wsgi [None req-1fd91fc7-a8e9-45fe-a735-36ae515bb81b b129833bdb694860913f07e824c57854 a3cd5a73218e499391d5f3e620430459 - - default default] 10.0.0.220 "GET /v2.0/security-groups HTTP/1.1" status: 200 len: 16803 time: 0.0486994
2026-06-30 18:56:19.849 10 INFO neutron.wsgi [None req-ecfef07f-9e2c-4f4b-a11d-42ac7d243963 b129833bdb694860913f07e824c57854 a3cd5a73218e499391d5f3e620430459 - - default default] 10.0.0.220 "GET /v2.0/subnets HTTP/1.1" status: 200 len: 1437 time: 0.0401394
2026-06-30 18:56:19.859 10 INFO neutron.wsgi [None req-d78b8820-23bf-463d-b5df-8dd20a415690 b129833bdb694860913f07e824c57854 a3cd5a73218e499391d5f3e620430459 - - default default] 10.0.0.220 "GET /v2.0/subnetpools HTTP/1.1" status: 200 len: 193 time: 0.0085838
2026-06-30 18:56:19.998 10 INFO neutron.wsgi [None req-a548a08c-e58e-4b62-a70b-00bcc60eeeaf b129833bdb694860913f07e824c57854 a3cd5a73218e499391d5f3e620430459 - - default default] 10.0.0.220 "GET /v2.0/networks HTTP/1.1" status: 200 len: 2350 time: 0.1372094
2026-06-30 18:56:20.019 10 INFO neutron.wsgi [None req-655ccb64-c956-46b4-8865-7009224b6df5 b129833bdb694860913f07e824c57854 a3cd5a73218e499391d5f3e620430459 - - default default] 10.0.0.220 "GET /v2.0/routers HTTP/1.1" status: 200 len: 189 time: 0.0186646
2026-06-30 18:56:20.068 10 INFO neutron.wsgi [None req-7c55749a-1644-4aa8-abf1-d87b7afa500b b129833bdb694860913f07e824c57854 a3cd5a73218e499391d5f3e620430459 - - default default] 10.0.0.220 "GET /v2.0/agents?binary=ovn-controller HTTP/1.1" status: 200 len: 591 time: 0.0471687
2026-06-30 18:56:20.077 10 INFO neutron.wsgi [None req-cc8136ae-2d29-44d2-ba96-d69ba457ef1d b129833bdb694860913f07e824c57854 a3cd5a73218e499391d5f3e620430459 - - default default] 10.0.0.220 "GET /v2.0/agents HTTP/1.1" status: 200 len: 997 time: 0.0081120
2026-06-30 18:56:20.125 10 INFO neutron.wsgi [None req-fbc4af40-5adc-44e0-97d4-7afe86406139 b129833bdb694860913f07e824c57854 a3cd5a73218e499391d5f3e620430459 - - default default] 10.0.0.220 "GET /v2.0/ports HTTP/1.1" status: 200 len: 5351 time: 0.0466347
2026-06-30 18:56:20.151 10 INFO neutron.wsgi [None req-590e2f46-52aa-4561-87b9-1908342b42f1 b129833bdb694860913f07e824c57854 a3cd5a73218e499391d5f3e620430459 - - default default] 10.0.0.220 "GET /v2.0/network-ip-availabilities HTTP/1.1" status: 200 len: 1280 time: 0.0191934
2026-06-30 18:56:27.727 10 INFO neutron.wsgi [-] 10.0.0.95 "GET / HTTP/1.1" status: 200 len: 246 time: 0.0026882
2026-06-30 18:56:27.727 9 INFO neutron.wsgi [-] 10.0.0.95 "GET / HTTP/1.1" status: 200 len: 246 time: 0.0029383
2026-06-30 18:56:42.726 9 INFO neutron.wsgi [-] 10.0.0.95 "GET / HTTP/1.1" status: 200 len: 246 time: 0.0015073
2026-06-30 18:56:42.726 10 INFO neutron.wsgi [-] 10.0.0.95 "GET / HTTP/1.1" status: 200 len: 246 time: 0.0020025
2026-06-30 18:56:57.731 10 INFO neutron.wsgi [-] 10.0.0.95 "GET / HTTP/1.1" status: 200 len: 246 time: 0.0066493
2026-06-30 18:56:57.734 10 INFO neutron.wsgi [-] 10.0.0.95 "GET / HTTP/1.1" status: 200 len: 246 time: 0.0018651
2026-06-30 18:57:12.727 10 INFO neutron.wsgi [-] 10.0.0.95 "GET / HTTP/1.1" status: 200 len: 246 time: 0.0025439
2026-06-30 18:57:12.728 9 INFO neutron.wsgi [-] 10.0.0.95 "GET / HTTP/1.1" status: 200 len: 246 time: 0.0034947
2026-06-30 18:57:19.713 10 INFO neutron.wsgi [None req-cb385de9-9a9e-4bc9-a600-7ea8f7ba7e70 b129833bdb694860913f07e824c57854 a3cd5a73218e499391d5f3e620430459 - - default default] 10.0.0.220 "GET /v2.0/agents HTTP/1.1" status: 200 len: 997 time: 0.1257846
2026-06-30 18:57:19.759 10 INFO neutron.wsgi [None req-98e6dd0a-5635-4767-9d65-f4e4746403f9 b129833bdb694860913f07e824c57854 a3cd5a73218e499391d5f3e620430459 - - default default] 10.0.0.220 "GET /v2.0/subnets HTTP/1.1" status: 200 len: 1437 time: 0.0433671
2026-06-30 18:57:19.770 10 INFO neutron.wsgi [None req-e94be794-ef18-4acb-bd89-bd5ca3c1e1ef b129833bdb694860913f07e824c57854 a3cd5a73218e499391d5f3e620430459 - - default default] 10.0.0.220 "GET /v2.0/subnetpools HTTP/1.1" status: 200 len: 193 time: 0.0092733
2026-06-30 18:57:19.800 10 INFO neutron.wsgi [None req-165f51d4-d76f-45ed-850b-8ceee94b85b8 b129833bdb694860913f07e824c57854 a3cd5a73218e499391d5f3e620430459 - - default default] 10.0.0.220 "GET /v2.0/routers HTTP/1.1" status: 200 len: 189 time: 0.0285957
2026-06-30 18:57:19.812 10 INFO neutron.wsgi [None req-543b655f-ab20-41a6-acac-e77de8eacfcb b129833bdb694860913f07e824c57854 a3cd5a73218e499391d5f3e620430459 - - default default] 10.0.0.220 "GET /v2.0/agents?binary=ovn-controller HTTP/1.1" status: 200 len: 591 time: 0.0102131
2026-06-30 18:57:19.825 10 INFO neutron.wsgi [None req-0ab6322e-15ee-4442-ab50-9261db2f36d0 b129833bdb694860913f07e824c57854 a3cd5a73218e499391d5f3e620430459 - - default default] 10.0.0.220 "GET /v2.0/network-ip-availabilities HTTP/1.1" status: 200 len: 1280 time: 0.0125299
2026-06-30 18:57:19.855 10 INFO neutron.wsgi [None req-26cafc3f-f2f3-4ec4-adea-5b1aba55f218 b129833bdb694860913f07e824c57854 a3cd5a73218e499391d5f3e620430459 - - default default] 10.0.0.220 "GET /v2.0/floatingips HTTP/1.1" status: 200 len: 193 time: 0.0270388
2026-06-30 18:57:19.925 10 INFO neutron.wsgi [None req-b0544689-a54b-4b2c-9391-b7ff8349f7f7 b129833bdb694860913f07e824c57854 a3cd5a73218e499391d5f3e620430459 - - default default] 10.0.0.220 "GET /v2.0/networks HTTP/1.1" status: 200 len: 2350 time: 0.0686994
2026-06-30 18:57:19.997 10 INFO neutron.wsgi [None req-1a507ba6-e043-48bc-b008-8fc338a71948 b129833bdb694860913f07e824c57854 a3cd5a73218e499391d5f3e620430459 - - default default] 10.0.0.220 "GET /v2.0/ports HTTP/1.1" status: 200 len: 5351 time: 0.0702915
2026-06-30 18:57:20.067 10 INFO neutron.wsgi [None req-befc3185-19ae-4ec5-aa48-5396d8512582 b129833bdb694860913f07e824c57854 a3cd5a73218e499391d5f3e620430459 - - default default] 10.0.0.220 "GET /v2.0/security-groups HTTP/1.1" status: 200 len: 16803 time: 0.0652337
2026-06-30 18:57:20.112 10 INFO neutron.wsgi [None req-2def17a8-7846-4e69-9618-bf3f8cac074e b129833bdb694860913f07e824c57854 a3cd5a73218e499391d5f3e620430459 - - default default] 10.0.0.220 "GET /v2.0/subnets HTTP/1.1" status: 200 len: 1437 time: 0.0380864
2026-06-30 18:57:27.727 9 INFO neutron.wsgi [-] 10.0.0.95 "GET / HTTP/1.1" status: 200 len: 246 time: 0.0031791
2026-06-30 18:57:27.731 9 INFO neutron.wsgi [-] 10.0.0.95 "GET / HTTP/1.1" status: 200 len: 246 time: 0.0019910
2026-06-30 18:57:42.727 9 INFO neutron.wsgi [-] 10.0.0.95 "GET / HTTP/1.1" status: 200 len: 246 time: 0.0028374
2026-06-30 18:57:42.729 10 INFO neutron.wsgi [-] 10.0.0.95 "GET / HTTP/1.1" status: 200 len: 246 time: 0.0035160
2026-06-30 18:57:57.731 9 INFO neutron.wsgi [-] 10.0.0.95 "GET / HTTP/1.1" status: 200 len: 246 time: 0.0055888
2026-06-30 18:57:57.732 9 INFO neutron.wsgi [-] 10.0.0.95 "GET / HTTP/1.1" status: 200 len: 246 time: 0.0011785
2026-06-30 18:58:12.728 9 INFO neutron.wsgi [-] 10.0.0.95 "GET / HTTP/1.1" status: 200 len: 246 time: 0.0029275
2026-06-30 18:58:12.732 9 INFO neutron.wsgi [-] 10.0.0.95 "GET / HTTP/1.1" status: 200 len: 246 time: 0.0021920
2026-06-30 18:58:19.700 10 INFO neutron.wsgi [None req-35d86177-630b-4a02-84fe-c9d78ab98b66 b129833bdb694860913f07e824c57854 a3cd5a73218e499391d5f3e620430459 - - default default] 10.0.0.220 "GET /v2.0/security-groups HTTP/1.1" status: 200 len: 16803 time: 0.1213329
2026-06-30 18:58:19.746 10 INFO neutron.wsgi [None req-2860a2ff-8aca-4323-b391-3221356f264e b129833bdb694860913f07e824c57854 a3cd5a73218e499391d5f3e620430459 - - default default] 10.0.0.220 "GET /v2.0/subnets HTTP/1.1" status: 200 len: 1437 time: 0.0401003
2026-06-30 18:58:19.769 10 INFO neutron.wsgi [None req-4da63869-f561-43e5-bd20-c0c8c9616559 b129833bdb694860913f07e824c57854 a3cd5a73218e499391d5f3e620430459 - - default default] 10.0.0.220 "GET /v2.0/floatingips HTTP/1.1" status: 200 len: 193 time: 0.0215394
2026-06-30 18:58:19.815 10 INFO neutron.wsgi [None req-a4f4ac53-e58d-42fd-b90c-f2b7a3b8aef8 b129833bdb694860913f07e824c57854 a3cd5a73218e499391d5f3e620430459 - - default default] 10.0.0.220 "GET /v2.0/ports HTTP/1.1" status: 200 len: 5351 time: 0.0449626
2026-06-30 18:58:19.843 10 INFO neutron.wsgi [None req-3c8d6a0f-2d5e-4f90-a844-1f8d05911809 b129833bdb694860913f07e824c57854 a3cd5a73218e499391d5f3e620430459 - - default default] 10.0.0.220 "GET /v2.0/network-ip-availabilities HTTP/1.1" status: 200 len: 1280 time: 0.0188785
2026-06-30 18:58:19.901 10 INFO neutron.wsgi [None req-4d0dd9d5-ad71-4bbd-b20e-d3e96712cae2 b129833bdb694860913f07e824c57854 a3cd5a73218e499391d5f3e620430459 - - default default] 10.0.0.220 "GET /v2.0/networks HTTP/1.1" status: 200 len: 2350 time: 0.0563579
2026-06-30 18:58:19.919 10 INFO neutron.wsgi [None req-f9b54f2e-26da-464a-890f-c50ca4c9cc0d b129833bdb694860913f07e824c57854 a3cd5a73218e499391d5f3e620430459 - - default default] 10.0.0.220 "GET /v2.0/routers HTTP/1.1" status: 200 len: 189 time: 0.0169196
2026-06-30 18:58:19.961 10 INFO neutron.wsgi [None req-7d652276-2ad7-4951-ab8e-fbd3f6845c52 b129833bdb694860913f07e824c57854 a3cd5a73218e499391d5f3e620430459 - - default default] 10.0.0.220 "GET /v2.0/agents?binary=ovn-controller HTTP/1.1" status: 200 len: 591 time: 0.0409482
2026-06-30 18:58:19.973 10 INFO neutron.wsgi [None req-3ff72312-fe0e-4c3b-96bc-87281719e33b b129833bdb694860913f07e824c57854 a3cd5a73218e499391d5f3e620430459 - - default default] 10.0.0.220 "GET /v2.0/agents HTTP/1.1" status: 200 len: 997 time: 0.0111780
2026-06-30 18:58:20.000 10 INFO neutron.wsgi [None req-5b2f2020-8606-4928-974d-f70072ee3de4 b129833bdb694860913f07e824c57854 a3cd5a73218e499391d5f3e620430459 - - default default] 10.0.0.220 "GET /v2.0/subnets HTTP/1.1" status: 200 len: 1437 time: 0.0269129
2026-06-30 18:58:20.011 10 INFO neutron.wsgi [None req-b6790abc-6aed-43c5-ae3a-6b63ec493dcf b129833bdb694860913f07e824c57854 a3cd5a73218e499391d5f3e620430459 - - default default] 10.0.0.220 "GET /v2.0/subnetpools HTTP/1.1" status: 200 len: 193 time: 0.0095191
2026-06-30 18:58:27.727 9 INFO neutron.wsgi [-] 10.0.0.95 "GET / HTTP/1.1" status: 200 len: 246 time: 0.0024493
2026-06-30 18:58:27.731 9 INFO neutron.wsgi [-] 10.0.0.95 "GET / HTTP/1.1" status: 200 len: 246 time: 0.0023110
2026-06-30 18:58:42.728 9 INFO neutron.wsgi [-] 10.0.0.95 "GET / HTTP/1.1" status: 200 len: 246 time: 0.0027502
2026-06-30 18:58:42.732 9 INFO neutron.wsgi [-] 10.0.0.95 "GET / HTTP/1.1" status: 200 len: 246 time: 0.0028815
2026-06-30 18:58:57.728 10 INFO neutron.wsgi [-] 10.0.0.95 "GET / HTTP/1.1" status: 200 len: 246 time: 0.0028234
2026-06-30 18:58:57.728 9 INFO neutron.wsgi [-] 10.0.0.95 "GET / HTTP/1.1" status: 200 len: 246 time: 0.0030355
2026-06-30 18:59:12.727 10 INFO neutron.wsgi [-] 10.0.0.95 "GET / HTTP/1.1" status: 200 len: 246 time: 0.0025759
2026-06-30 18:59:12.729 10 INFO neutron.wsgi [-] 10.0.0.95 "GET / HTTP/1.1" status: 200 len: 246 time: 0.0012712
2026-06-30 18:59:19.731 10 INFO neutron.wsgi [None req-d730ab20-bec8-4c48-9b8f-7b746773c7f3 b129833bdb694860913f07e824c57854 a3cd5a73218e499391d5f3e620430459 - - default default] 10.0.0.220 "GET /v2.0/ports HTTP/1.1" status: 200 len: 5351 time: 0.1314201
2026-06-30 18:59:19.770 10 INFO neutron.wsgi [None req-bdb4f78c-f4f3-4dda-9b40-9f689b40f074 b129833bdb694860913f07e824c57854 a3cd5a73218e499391d5f3e620430459 - - default default] 10.0.0.220 "GET /v2.0/agents HTTP/1.1" status: 200 len: 997 time: 0.0354686
2026-06-30 18:59:19.797 10 INFO neutron.wsgi [None req-53369809-86da-47dc-a53b-9903e8ef908b b129833bdb694860913f07e824c57854 a3cd5a73218e499391d5f3e620430459 - - default default] 10.0.0.220 "GET /v2.0/subnets HTTP/1.1" status: 200 len: 1437 time: 0.0262766
2026-06-30 18:59:19.809 10 INFO neutron.wsgi [None req-f4474320-7bce-4eda-9fd8-3d2d84026862 b129833bdb694860913f07e824c57854 a3cd5a73218e499391d5f3e620430459 - - default default] 10.0.0.220 "GET /v2.0/subnetpools HTTP/1.1" status: 200 len: 193 time: 0.0105257
2026-06-30 18:59:19.866 10 INFO neutron.wsgi [None req-f2865f1e-89cb-4fb2-9fb1-ded627ee1171 b129833bdb694860913f07e824c57854 a3cd5a73218e499391d5f3e620430459 - - default default] 10.0.0.220 "GET /v2.0/security-groups HTTP/1.1" status: 200 len: 16803 time: 0.0556943
2026-06-30 18:59:19.923 10 INFO neutron.wsgi [None req-82e995a6-4f47-4410-bb3c-59c1b6ff619b b129833bdb694860913f07e824c57854 a3cd5a73218e499391d5f3e620430459 - - default default] 10.0.0.220 "GET /v2.0/subnets HTTP/1.1" status: 200 len: 1437 time: 0.0504127
2026-06-30 18:59:19.947 10 INFO neutron.wsgi [None req-2bef298a-8953-46c2-8a20-1f58be371834 b129833bdb694860913f07e824c57854 a3cd5a73218e499391d5f3e620430459 - - default default] 10.0.0.220 "GET /v2.0/routers HTTP/1.1" status: 200 len: 189 time: 0.0231063
2026-06-30 18:59:19.957 10 INFO neutron.wsgi [None req-c70d8666-de32-4d86-85a6-735429b2ac42 b129833bdb694860913f07e824c57854 a3cd5a73218e499391d5f3e620430459 - - default default] 10.0.0.220 "GET /v2.0/agents?binary=ovn-controller HTTP/1.1" status: 200 len: 591 time: 0.0095634
2026-06-30 18:59:19.976 10 INFO neutron.wsgi [None req-2eca839b-2319-4414-b23e-2e4e360fac08 b129833bdb694860913f07e824c57854 a3cd5a73218e499391d5f3e620430459 - - default default] 10.0.0.220 "GET /v2.0/network-ip-availabilities HTTP/1.1" status: 200 len: 1280 time: 0.0172970
2026-06-30 18:59:20.012 10 INFO neutron.wsgi [None req-7a49b2d8-175b-4b8e-b181-ce35114b21fa b129833bdb694860913f07e824c57854 a3cd5a73218e499391d5f3e620430459 - - default default] 10.0.0.220 "GET /v2.0/floatingips HTTP/1.1" status: 200 len: 193 time: 0.0343788
2026-06-30 18:59:20.079 10 INFO neutron.wsgi [None req-5c5d67ad-876f-46c7-ae6d-794b802650e0 b129833bdb694860913f07e824c57854 a3cd5a73218e499391d5f3e620430459 - - default default] 10.0.0.220 "GET /v2.0/networks HTTP/1.1" status: 200 len: 2350 time: 0.0657771
2026-06-30 18:59:27.727 10 INFO neutron.wsgi [-] 10.0.0.95 "GET / HTTP/1.1" status: 200 len: 246 time: 0.0024955
2026-06-30 18:59:27.728 9 INFO neutron.wsgi [-] 10.0.0.95 "GET / HTTP/1.1" status: 200 len: 246 time: 0.0027940
2026-06-30 18:59:42.728 9 INFO neutron.wsgi [-] 10.0.0.95 "GET / HTTP/1.1" status: 200 len: 246 time: 0.0032647
2026-06-30 18:59:42.728 10 INFO neutron.wsgi [-] 10.0.0.95 "GET / HTTP/1.1" status: 200 len: 246 time: 0.0029771
2026-06-30 18:59:57.728 10 INFO neutron.wsgi [-] 10.0.0.95 "GET / HTTP/1.1" status: 200 len: 246 time: 0.0038686
2026-06-30 18:59:57.731 9 INFO neutron.wsgi [-] 10.0.0.95 "GET / HTTP/1.1" status: 200 len: 246 time: 0.0050633
2026-06-30 19:00:12.735 9 INFO neutron.wsgi [-] 10.0.0.95 "GET / HTTP/1.1" status: 200 len: 246 time: 0.0097790
2026-06-30 19:00:12.751 9 INFO neutron.wsgi [-] 10.0.0.95 "GET / HTTP/1.1" status: 200 len: 246 time: 0.0144966
2026-06-30 19:00:19.697 10 INFO neutron.wsgi [None req-bddf3f5a-acc4-480e-b2ed-428e01c9dceb b129833bdb694860913f07e824c57854 a3cd5a73218e499391d5f3e620430459 - - default default] 10.0.0.220 "GET /v2.0/subnets HTTP/1.1" status: 200 len: 1437 time: 0.1026173
2026-06-30 19:00:19.752 10 INFO neutron.wsgi [None req-00c663f2-b9d4-4e00-b447-95bb583924ea b129833bdb694860913f07e824c57854 a3cd5a73218e499391d5f3e620430459 - - default default] 10.0.0.220 "GET /v2.0/agents HTTP/1.1" status: 200 len: 997 time: 0.0531995
2026-06-30 19:00:19.816 10 INFO neutron.wsgi [None req-99f5d0db-abc1-4a92-b726-79d16a77c613 b129833bdb694860913f07e824c57854 a3cd5a73218e499391d5f3e620430459 - - default default] 10.0.0.220 "GET /v2.0/security-groups HTTP/1.1" status: 200 len: 16803 time: 0.0626216
2026-06-30 19:00:19.860 10 INFO neutron.wsgi [None req-8ee60381-e57d-4904-aebf-05543266755d b129833bdb694860913f07e824c57854 a3cd5a73218e499391d5f3e620430459 - - default default] 10.0.0.220 "GET /v2.0/routers HTTP/1.1" status: 200 len: 189 time: 0.0307527
2026-06-30 19:00:19.872 10 INFO neutron.wsgi [None req-66c866ad-4c1f-41f4-88c9-0f010216619c b129833bdb694860913f07e824c57854 a3cd5a73218e499391d5f3e620430459 - - default default] 10.0.0.220 "GET /v2.0/agents?binary=ovn-controller HTTP/1.1" status: 200 len: 591 time: 0.0122411
2026-06-30 19:00:19.909 10 INFO neutron.wsgi [None req-6f33cb93-59c3-4a46-925c-95972c52bb65 b129833bdb694860913f07e824c57854 a3cd5a73218e499391d5f3e620430459 - - default default] 10.0.0.220 "GET /v2.0/subnets HTTP/1.1" status: 200 len: 1437 time: 0.0352299
2026-06-30 19:00:19.925 10 INFO neutron.wsgi [None req-8ccd1490-5344-48d1-a1dd-56371923ff82 b129833bdb694860913f07e824c57854 a3cd5a73218e499391d5f3e620430459 - - default default] 10.0.0.220 "GET /v2.0/subnetpools HTTP/1.1" status: 200 len: 193 time: 0.0150306
2026-06-30 19:00:19.950 10 INFO neutron.wsgi [None req-91a92a68-2042-4fd7-a12f-31776c17e09d b129833bdb694860913f07e824c57854 a3cd5a73218e499391d5f3e620430459 - - default default] 10.0.0.220 "GET /v2.0/floatingips HTTP/1.1" status: 200 len: 193 time: 0.0246584
