Feb 17 00:53:35.313447 np0000155866 systemd[1]: Starting devstack@n-api.service - Devstack devstack@n-api.service...
Feb 17 00:53:35.323730 np0000155866 devstack@n-api.service[100033]: [uWSGI] getting INI configuration from /etc/nova/nova-api-uwsgi.ini
Feb 17 00:53:35.324454 np0000155866 devstack@n-api.service[100033]: open("./http_plugin.so"): No such file or directory [core/utils.c line 3709]
Feb 17 00:53:35.324454 np0000155866 devstack@n-api.service[100033]: !!! UNABLE to load uWSGI plugin: ./http_plugin.so: cannot open shared object file: No such file or directory !!!
Feb 17 00:53:35.324454 np0000155866 devstack@n-api.service[100033]: open("./python3_plugin.so"): No such file or directory [core/utils.c line 3709]
Feb 17 00:53:35.324454 np0000155866 devstack@n-api.service[100033]: !!! UNABLE to load uWSGI plugin: ./python3_plugin.so: cannot open shared object file: No such file or directory !!!
Feb 17 00:53:35.324454 np0000155866 devstack@n-api.service[100033]: *** Starting uWSGI 2.0.31 (64bit) on [Tue Feb 17 00:53:35 2026] ***
Feb 17 00:53:35.324454 np0000155866 devstack@n-api.service[100033]: compiled with version: 13.3.0 on 17 February 2026 00:44:21
Feb 17 00:53:35.324454 np0000155866 devstack@n-api.service[100033]: os: Linux-6.8.0-100-generic #100-Ubuntu SMP PREEMPT_DYNAMIC Tue Jan 13 16:40:06 UTC 2026
Feb 17 00:53:35.324454 np0000155866 devstack@n-api.service[100033]: nodename: np0000155866
Feb 17 00:53:35.324454 np0000155866 devstack@n-api.service[100033]: machine: x86_64
Feb 17 00:53:35.324454 np0000155866 devstack@n-api.service[100033]: clock source: unix
Feb 17 00:53:35.324454 np0000155866 devstack@n-api.service[100033]: pcre jit disabled
Feb 17 00:53:35.324454 np0000155866 devstack@n-api.service[100033]: detected number of CPU cores: 16
Feb 17 00:53:35.324454 np0000155866 devstack@n-api.service[100033]: current working directory: /
Feb 17 00:53:35.324454 np0000155866 devstack@n-api.service[100033]: detected binary path: /opt/stack/data/venv/bin/uwsgi
Feb 17 00:53:35.324454 np0000155866 devstack@n-api.service[100033]: your processes number limit is 256923
Feb 17 00:53:35.324454 np0000155866 devstack@n-api.service[100033]: your memory page size is 4096 bytes
Feb 17 00:53:35.324454 np0000155866 devstack@n-api.service[100033]: detected max file descriptor number: 2048
Feb 17 00:53:35.324454 np0000155866 devstack@n-api.service[100033]: lock engine: pthread robust mutexes
Feb 17 00:53:35.324454 np0000155866 devstack@n-api.service[100033]: thunder lock: enabled
Feb 17 00:53:35.325429 np0000155866 devstack@n-api.service[100033]: uwsgi socket 0 bound to UNIX address /var/run/uwsgi/nova-api.socket fd 4
Feb 17 00:53:35.325429 np0000155866 devstack@n-api.service[100033]: Python version: 3.12.3 (main, Jan 22 2026, 20:57:42) [GCC 13.3.0]
Feb 17 00:53:35.325429 np0000155866 devstack@n-api.service[100033]: PEP 405 virtualenv detected: /opt/stack/data/venv
Feb 17 00:53:35.325429 np0000155866 devstack@n-api.service[100033]: Set PythonHome to /opt/stack/data/venv
Feb 17 00:53:35.361487 np0000155866 devstack@n-api.service[100033]: Python main interpreter initialized at 0x709a750a3668
Feb 17 00:53:35.361487 np0000155866 devstack@n-api.service[100033]: python threads support enabled
Feb 17 00:53:35.361487 np0000155866 devstack@n-api.service[100033]: your server socket listen backlog is limited to 100 connections
Feb 17 00:53:35.361487 np0000155866 devstack@n-api.service[100033]: your mercy for graceful operations on workers is 80 seconds
Feb 17 00:53:35.362006 np0000155866 devstack@n-api.service[100033]: mapped 671795 bytes (656 KB) for 4 cores
Feb 17 00:53:35.362138 np0000155866 devstack@n-api.service[100033]: *** Operational MODE: preforking ***
Feb 17 00:53:35.362382 np0000155866 devstack@n-api.service[100033]: *** uWSGI is running in multiple interpreter mode ***
Feb 17 00:53:35.362382 np0000155866 devstack@n-api.service[100033]: spawned uWSGI master process (pid: 100033)
Feb 17 00:53:35.362537 np0000155866 systemd[1]: Started devstack@n-api.service - Devstack devstack@n-api.service.
Feb 17 00:53:35.363054 np0000155866 devstack@n-api.service[100033]: spawned uWSGI worker 1 (pid: 100034, cores: 1)
Feb 17 00:53:35.363484 np0000155866 devstack@n-api.service[100033]: spawned uWSGI worker 2 (pid: 100035, cores: 1)
Feb 17 00:53:35.363952 np0000155866 devstack@n-api.service[100033]: spawned uWSGI worker 3 (pid: 100036, cores: 1)
Feb 17 00:53:35.364897 np0000155866 devstack@n-api.service[100033]: spawned uWSGI worker 4 (pid: 100037, cores: 1)
Feb 17 00:53:35.364897 np0000155866 devstack@n-api.service[100033]: running "unix_signal:15 gracefully_kill_them_all" (master-start)...
Feb 17 00:53:35.710618 np0000155866 devstack@n-api.service[100035]: Service is starting with native threading. This is currently experimental. Do not use it in production without first testing it in pre-production.
Feb 17 00:53:35.721229 np0000155866 devstack@n-api.service[100034]: Service is starting with native threading. This is currently experimental. Do not use it in production without first testing it in pre-production.
Feb 17 00:53:35.730389 np0000155866 devstack@n-api.service[100036]: Service is starting with native threading. This is currently experimental. Do not use it in production without first testing it in pre-production.
Feb 17 00:53:35.733962 np0000155866 devstack@n-api.service[100037]: Service is starting with native threading. This is currently experimental. Do not use it in production without first testing it in pre-production.
Feb 17 00:53:37.759615 np0000155866 devstack@n-api.service[100035]: INFO dbcounter [None req-0bfcf8d8-8f9b-4dfa-92c8-ef6191d799d2 None None] Registered counter for database nova_api
Feb 17 00:53:37.775444 np0000155866 devstack@n-api.service[100035]: DEBUG oslo_db.sqlalchemy.engines [None req-0bfcf8d8-8f9b-4dfa-92c8-ef6191d799d2 None None] MySQL server mode set to STRICT_TRANS_TABLES,STRICT_ALL_TABLES,NO_ZERO_IN_DATE,NO_ZERO_DATE,ERROR_FOR_DIVISION_BY_ZERO,TRADITIONAL,NO_ENGINE_SUBSTITUTION {{(pid=100035) _check_effective_sql_mode /opt/stack/data/venv/lib/python3.12/site-packages/oslo_db/sqlalchemy/engines.py:325}}
Feb 17 00:53:37.786097 np0000155866 devstack@n-api.service[100037]: INFO dbcounter [None req-53a15dbe-3698-4a04-bee5-c27fe653f4a5 None None] Registered counter for database nova_api
Feb 17 00:53:37.798126 np0000155866 devstack@n-api.service[100037]: DEBUG oslo_db.sqlalchemy.engines [None req-53a15dbe-3698-4a04-bee5-c27fe653f4a5 None None] MySQL server mode set to STRICT_TRANS_TABLES,STRICT_ALL_TABLES,NO_ZERO_IN_DATE,NO_ZERO_DATE,ERROR_FOR_DIVISION_BY_ZERO,TRADITIONAL,NO_ENGINE_SUBSTITUTION {{(pid=100037) _check_effective_sql_mode /opt/stack/data/venv/lib/python3.12/site-packages/oslo_db/sqlalchemy/engines.py:325}}
Feb 17 00:53:37.806785 np0000155866 devstack@n-api.service[100036]: INFO dbcounter [None req-89d65716-e343-422e-a7eb-05f7ae11cc79 None None] Registered counter for database nova_api
Feb 17 00:53:37.808988 np0000155866 devstack@n-api.service[100034]: INFO dbcounter [None req-8aa5b4e0-4f88-4256-b3fd-ee7c4887aef3 None None] Registered counter for database nova_api
Feb 17 00:53:37.810685 np0000155866 devstack@n-api.service[100035]: DEBUG dbcounter [-] [100035] Writer thread running {{(pid=100035) stat_writer /opt/stack/data/venv/lib/python3.12/site-packages/dbcounter.py:102}}
Feb 17 00:53:37.813242 np0000155866 devstack@n-api.service[100035]: DEBUG nova.context [None req-0bfcf8d8-8f9b-4dfa-92c8-ef6191d799d2 None None] Found 2 cells: 00000000-0000-0000-0000-000000000000(cell0),188cf402-a1f5-4e06-af65-97cf162293c7(cell1) {{(pid=100035) load_cells /opt/stack/nova/nova/context.py:509}}
Feb 17 00:53:37.813463 np0000155866 devstack@n-api.service[100035]: INFO nova.utils [None req-0bfcf8d8-8f9b-4dfa-92c8-ef6191d799d2 None None] The cell worker thread pool MainProcess.cell_worker is initialized
Feb 17 00:53:37.815186 np0000155866 devstack@n-api.service[100035]: DEBUG oslo_concurrency.lockutils [None req-0bfcf8d8-8f9b-4dfa-92c8-ef6191d799d2 None None] Acquiring lock "00000000-0000-0000-0000-000000000000" by "nova.context.set_target_cell..get_or_set_cached_cell_and_set_connections" {{(pid=100035) inner /opt/stack/data/venv/lib/python3.12/site-packages/oslo_concurrency/lockutils.py:506}}
Feb 17 00:53:37.815351 np0000155866 devstack@n-api.service[100035]: DEBUG oslo_concurrency.lockutils [None req-0bfcf8d8-8f9b-4dfa-92c8-ef6191d799d2 None None] Lock "00000000-0000-0000-0000-000000000000" acquired by "nova.context.set_target_cell..get_or_set_cached_cell_and_set_connections" :: waited 0.000s {{(pid=100035) inner /opt/stack/data/venv/lib/python3.12/site-packages/oslo_concurrency/lockutils.py:519}}
Feb 17 00:53:37.815699 np0000155866 devstack@n-api.service[100035]: DEBUG oslo_concurrency.lockutils [None req-0bfcf8d8-8f9b-4dfa-92c8-ef6191d799d2 None None] Lock "00000000-0000-0000-0000-000000000000" "released" by "nova.context.set_target_cell..get_or_set_cached_cell_and_set_connections" :: held 0.000s {{(pid=100035) inner /opt/stack/data/venv/lib/python3.12/site-packages/oslo_concurrency/lockutils.py:538}}
Feb 17 00:53:37.816419 np0000155866 devstack@n-api.service[100035]: DEBUG oslo_concurrency.lockutils [None req-0bfcf8d8-8f9b-4dfa-92c8-ef6191d799d2 None None] Acquiring lock "188cf402-a1f5-4e06-af65-97cf162293c7" by "nova.context.set_target_cell..get_or_set_cached_cell_and_set_connections" {{(pid=100035) inner /opt/stack/data/venv/lib/python3.12/site-packages/oslo_concurrency/lockutils.py:506}}
Feb 17 00:53:37.816621 np0000155866 devstack@n-api.service[100035]: DEBUG oslo_concurrency.lockutils [None req-0bfcf8d8-8f9b-4dfa-92c8-ef6191d799d2 None None] Lock "188cf402-a1f5-4e06-af65-97cf162293c7" acquired by "nova.context.set_target_cell..get_or_set_cached_cell_and_set_connections" :: waited 0.000s {{(pid=100035) inner /opt/stack/data/venv/lib/python3.12/site-packages/oslo_concurrency/lockutils.py:519}}
Feb 17 00:53:37.817817 np0000155866 devstack@n-api.service[100035]: DEBUG oslo_concurrency.lockutils [None req-0bfcf8d8-8f9b-4dfa-92c8-ef6191d799d2 None None] Lock "188cf402-a1f5-4e06-af65-97cf162293c7" "released" by "nova.context.set_target_cell..get_or_set_cached_cell_and_set_connections" :: held 0.001s {{(pid=100035) inner /opt/stack/data/venv/lib/python3.12/site-packages/oslo_concurrency/lockutils.py:538}}
Feb 17 00:53:37.820190 np0000155866 devstack@n-api.service[100036]: DEBUG oslo_db.sqlalchemy.engines [None req-89d65716-e343-422e-a7eb-05f7ae11cc79 None None] MySQL server mode set to STRICT_TRANS_TABLES,STRICT_ALL_TABLES,NO_ZERO_IN_DATE,NO_ZERO_DATE,ERROR_FOR_DIVISION_BY_ZERO,TRADITIONAL,NO_ENGINE_SUBSTITUTION {{(pid=100036) _check_effective_sql_mode /opt/stack/data/venv/lib/python3.12/site-packages/oslo_db/sqlalchemy/engines.py:325}}
Feb 17 00:53:37.820325 np0000155866 devstack@n-api.service[100035]: INFO dbcounter [None req-0bfcf8d8-8f9b-4dfa-92c8-ef6191d799d2 None None] Registered counter for database nova_cell0
Feb 17 00:53:37.825853 np0000155866 devstack@n-api.service[100035]: INFO dbcounter [None req-0bfcf8d8-8f9b-4dfa-92c8-ef6191d799d2 None None] Registered counter for database nova_cell1
Feb 17 00:53:37.827273 np0000155866 devstack@n-api.service[100034]: DEBUG oslo_db.sqlalchemy.engines [None req-8aa5b4e0-4f88-4256-b3fd-ee7c4887aef3 None None] MySQL server mode set to STRICT_TRANS_TABLES,STRICT_ALL_TABLES,NO_ZERO_IN_DATE,NO_ZERO_DATE,ERROR_FOR_DIVISION_BY_ZERO,TRADITIONAL,NO_ENGINE_SUBSTITUTION {{(pid=100034) _check_effective_sql_mode /opt/stack/data/venv/lib/python3.12/site-packages/oslo_db/sqlalchemy/engines.py:325}}
Feb 17 00:53:37.831781 np0000155866 devstack@n-api.service[100037]: DEBUG dbcounter [-] [100037] Writer thread running {{(pid=100037) stat_writer /opt/stack/data/venv/lib/python3.12/site-packages/dbcounter.py:102}}
Feb 17 00:53:37.834184 np0000155866 devstack@n-api.service[100037]: DEBUG nova.context [None req-53a15dbe-3698-4a04-bee5-c27fe653f4a5 None None] Found 2 cells: 00000000-0000-0000-0000-000000000000(cell0),188cf402-a1f5-4e06-af65-97cf162293c7(cell1) {{(pid=100037) load_cells /opt/stack/nova/nova/context.py:509}}
Feb 17 00:53:37.834410 np0000155866 devstack@n-api.service[100037]: INFO nova.utils [None req-53a15dbe-3698-4a04-bee5-c27fe653f4a5 None None] The cell worker thread pool MainProcess.cell_worker is initialized
Feb 17 00:53:37.836227 np0000155866 devstack@n-api.service[100037]: DEBUG oslo_concurrency.lockutils [None req-53a15dbe-3698-4a04-bee5-c27fe653f4a5 None None] Acquiring lock "00000000-0000-0000-0000-000000000000" by "nova.context.set_target_cell..get_or_set_cached_cell_and_set_connections" {{(pid=100037) inner /opt/stack/data/venv/lib/python3.12/site-packages/oslo_concurrency/lockutils.py:506}}
Feb 17 00:53:37.836469 np0000155866 devstack@n-api.service[100037]: DEBUG oslo_concurrency.lockutils [None req-53a15dbe-3698-4a04-bee5-c27fe653f4a5 None None] Lock "00000000-0000-0000-0000-000000000000" acquired by "nova.context.set_target_cell..get_or_set_cached_cell_and_set_connections" :: waited 0.000s {{(pid=100037) inner /opt/stack/data/venv/lib/python3.12/site-packages/oslo_concurrency/lockutils.py:519}}
Feb 17 00:53:37.836785 np0000155866 devstack@n-api.service[100037]: DEBUG oslo_concurrency.lockutils [None req-53a15dbe-3698-4a04-bee5-c27fe653f4a5 None None] Lock "00000000-0000-0000-0000-000000000000" "released" by "nova.context.set_target_cell..get_or_set_cached_cell_and_set_connections" :: held 0.000s {{(pid=100037) inner /opt/stack/data/venv/lib/python3.12/site-packages/oslo_concurrency/lockutils.py:538}}
Feb 17 00:53:37.836934 np0000155866 devstack@n-api.service[100035]: DEBUG oslo_db.sqlalchemy.engines [None req-0bfcf8d8-8f9b-4dfa-92c8-ef6191d799d2 None None] MySQL server mode set to STRICT_TRANS_TABLES,STRICT_ALL_TABLES,NO_ZERO_IN_DATE,NO_ZERO_DATE,ERROR_FOR_DIVISION_BY_ZERO,TRADITIONAL,NO_ENGINE_SUBSTITUTION {{(pid=100035) _check_effective_sql_mode /opt/stack/data/venv/lib/python3.12/site-packages/oslo_db/sqlalchemy/engines.py:325}}
Feb 17 00:53:37.837410 np0000155866 devstack@n-api.service[100037]: DEBUG oslo_concurrency.lockutils [None req-53a15dbe-3698-4a04-bee5-c27fe653f4a5 None None] Acquiring lock "188cf402-a1f5-4e06-af65-97cf162293c7" by "nova.context.set_target_cell..get_or_set_cached_cell_and_set_connections" {{(pid=100037) inner /opt/stack/data/venv/lib/python3.12/site-packages/oslo_concurrency/lockutils.py:506}}
Feb 17 00:53:37.837609 np0000155866 devstack@n-api.service[100037]: DEBUG oslo_concurrency.lockutils [None req-53a15dbe-3698-4a04-bee5-c27fe653f4a5 None None] Lock "188cf402-a1f5-4e06-af65-97cf162293c7" acquired by "nova.context.set_target_cell..get_or_set_cached_cell_and_set_connections" :: waited 0.000s {{(pid=100037) inner /opt/stack/data/venv/lib/python3.12/site-packages/oslo_concurrency/lockutils.py:519}}
Feb 17 00:53:37.838457 np0000155866 devstack@n-api.service[100037]: DEBUG oslo_concurrency.lockutils [None req-53a15dbe-3698-4a04-bee5-c27fe653f4a5 None None] Lock "188cf402-a1f5-4e06-af65-97cf162293c7" "released" by "nova.context.set_target_cell..get_or_set_cached_cell_and_set_connections" :: held 0.001s {{(pid=100037) inner /opt/stack/data/venv/lib/python3.12/site-packages/oslo_concurrency/lockutils.py:538}}
Feb 17 00:53:37.839806 np0000155866 devstack@n-api.service[100035]: DEBUG oslo_db.sqlalchemy.engines [None req-0bfcf8d8-8f9b-4dfa-92c8-ef6191d799d2 None None] MySQL server mode set to STRICT_TRANS_TABLES,STRICT_ALL_TABLES,NO_ZERO_IN_DATE,NO_ZERO_DATE,ERROR_FOR_DIVISION_BY_ZERO,TRADITIONAL,NO_ENGINE_SUBSTITUTION {{(pid=100035) _check_effective_sql_mode /opt/stack/data/venv/lib/python3.12/site-packages/oslo_db/sqlalchemy/engines.py:325}}
Feb 17 00:53:37.839946 np0000155866 devstack@n-api.service[100037]: INFO dbcounter [None req-53a15dbe-3698-4a04-bee5-c27fe653f4a5 None None] Registered counter for database nova_cell0
Feb 17 00:53:37.845191 np0000155866 devstack@n-api.service[100037]: INFO dbcounter [None req-53a15dbe-3698-4a04-bee5-c27fe653f4a5 None None] Registered counter for database nova_cell1
Feb 17 00:53:37.856474 np0000155866 devstack@n-api.service[100037]: DEBUG oslo_db.sqlalchemy.engines [None req-53a15dbe-3698-4a04-bee5-c27fe653f4a5 None None] MySQL server mode set to STRICT_TRANS_TABLES,STRICT_ALL_TABLES,NO_ZERO_IN_DATE,NO_ZERO_DATE,ERROR_FOR_DIVISION_BY_ZERO,TRADITIONAL,NO_ENGINE_SUBSTITUTION {{(pid=100037) _check_effective_sql_mode /opt/stack/data/venv/lib/python3.12/site-packages/oslo_db/sqlalchemy/engines.py:325}}
Feb 17 00:53:37.858083 np0000155866 devstack@n-api.service[100036]: DEBUG dbcounter [-] [100036] Writer thread running {{(pid=100036) stat_writer /opt/stack/data/venv/lib/python3.12/site-packages/dbcounter.py:102}}
Feb 17 00:53:37.861715 np0000155866 devstack@n-api.service[100036]: DEBUG nova.context [None req-89d65716-e343-422e-a7eb-05f7ae11cc79 None None] Found 2 cells: 00000000-0000-0000-0000-000000000000(cell0),188cf402-a1f5-4e06-af65-97cf162293c7(cell1) {{(pid=100036) load_cells /opt/stack/nova/nova/context.py:509}}
Feb 17 00:53:37.862065 np0000155866 devstack@n-api.service[100036]: INFO nova.utils [None req-89d65716-e343-422e-a7eb-05f7ae11cc79 None None] The cell worker thread pool MainProcess.cell_worker is initialized
Feb 17 00:53:37.864534 np0000155866 devstack@n-api.service[100034]: DEBUG dbcounter [-] [100034] Writer thread running {{(pid=100034) stat_writer /opt/stack/data/venv/lib/python3.12/site-packages/dbcounter.py:102}}
Feb 17 00:53:37.864601 np0000155866 devstack@n-api.service[100036]: DEBUG oslo_concurrency.lockutils [None req-89d65716-e343-422e-a7eb-05f7ae11cc79 None None] Acquiring lock "00000000-0000-0000-0000-000000000000" by "nova.context.set_target_cell..get_or_set_cached_cell_and_set_connections" {{(pid=100036) inner /opt/stack/data/venv/lib/python3.12/site-packages/oslo_concurrency/lockutils.py:506}}
Feb 17 00:53:37.864796 np0000155866 devstack@n-api.service[100036]: DEBUG oslo_concurrency.lockutils [None req-89d65716-e343-422e-a7eb-05f7ae11cc79 None None] Lock "00000000-0000-0000-0000-000000000000" acquired by "nova.context.set_target_cell..get_or_set_cached_cell_and_set_connections" :: waited 0.000s {{(pid=100036) inner /opt/stack/data/venv/lib/python3.12/site-packages/oslo_concurrency/lockutils.py:519}}
Feb 17 00:53:37.865335 np0000155866 devstack@n-api.service[100036]: DEBUG oslo_concurrency.lockutils [None req-89d65716-e343-422e-a7eb-05f7ae11cc79 None None] Lock "00000000-0000-0000-0000-000000000000" "released" by "nova.context.set_target_cell..get_or_set_cached_cell_and_set_connections" :: held 0.001s {{(pid=100036) inner /opt/stack/data/venv/lib/python3.12/site-packages/oslo_concurrency/lockutils.py:538}}
Feb 17 00:53:37.866435 np0000155866 devstack@n-api.service[100036]: DEBUG oslo_concurrency.lockutils [None req-89d65716-e343-422e-a7eb-05f7ae11cc79 None None] Acquiring lock "188cf402-a1f5-4e06-af65-97cf162293c7" by "nova.context.set_target_cell..get_or_set_cached_cell_and_set_connections" {{(pid=100036) inner /opt/stack/data/venv/lib/python3.12/site-packages/oslo_concurrency/lockutils.py:506}}
Feb 17 00:53:37.866689 np0000155866 devstack@n-api.service[100036]: DEBUG oslo_concurrency.lockutils [None req-89d65716-e343-422e-a7eb-05f7ae11cc79 None None] Lock "188cf402-a1f5-4e06-af65-97cf162293c7" acquired by "nova.context.set_target_cell..get_or_set_cached_cell_and_set_connections" :: waited 0.000s {{(pid=100036) inner /opt/stack/data/venv/lib/python3.12/site-packages/oslo_concurrency/lockutils.py:519}}
Feb 17 00:53:37.866902 np0000155866 devstack@n-api.service[100034]: DEBUG nova.context [None req-8aa5b4e0-4f88-4256-b3fd-ee7c4887aef3 None None] Found 2 cells: 00000000-0000-0000-0000-000000000000(cell0),188cf402-a1f5-4e06-af65-97cf162293c7(cell1) {{(pid=100034) load_cells /opt/stack/nova/nova/context.py:509}}
Feb 17 00:53:37.867133 np0000155866 devstack@n-api.service[100034]: INFO nova.utils [None req-8aa5b4e0-4f88-4256-b3fd-ee7c4887aef3 None None] The cell worker thread pool MainProcess.cell_worker is initialized
Feb 17 00:53:37.867986 np0000155866 devstack@n-api.service[100036]: DEBUG oslo_concurrency.lockutils [None req-89d65716-e343-422e-a7eb-05f7ae11cc79 None None] Lock "188cf402-a1f5-4e06-af65-97cf162293c7" "released" by "nova.context.set_target_cell..get_or_set_cached_cell_and_set_connections" :: held 0.001s {{(pid=100036) inner /opt/stack/data/venv/lib/python3.12/site-packages/oslo_concurrency/lockutils.py:538}}
Feb 17 00:53:37.868691 np0000155866 devstack@n-api.service[100037]: DEBUG oslo_db.sqlalchemy.engines [None req-53a15dbe-3698-4a04-bee5-c27fe653f4a5 None None] MySQL server mode set to STRICT_TRANS_TABLES,STRICT_ALL_TABLES,NO_ZERO_IN_DATE,NO_ZERO_DATE,ERROR_FOR_DIVISION_BY_ZERO,TRADITIONAL,NO_ENGINE_SUBSTITUTION {{(pid=100037) _check_effective_sql_mode /opt/stack/data/venv/lib/python3.12/site-packages/oslo_db/sqlalchemy/engines.py:325}}
Feb 17 00:53:37.869000 np0000155866 devstack@n-api.service[100034]: DEBUG oslo_concurrency.lockutils [None req-8aa5b4e0-4f88-4256-b3fd-ee7c4887aef3 None None] Acquiring lock "00000000-0000-0000-0000-000000000000" by "nova.context.set_target_cell..get_or_set_cached_cell_and_set_connections" {{(pid=100034) inner /opt/stack/data/venv/lib/python3.12/site-packages/oslo_concurrency/lockutils.py:506}}
Feb 17 00:53:37.869194 np0000155866 devstack@n-api.service[100034]: DEBUG oslo_concurrency.lockutils [None req-8aa5b4e0-4f88-4256-b3fd-ee7c4887aef3 None None] Lock "00000000-0000-0000-0000-000000000000" acquired by "nova.context.set_target_cell..get_or_set_cached_cell_and_set_connections" :: waited 0.000s {{(pid=100034) inner /opt/stack/data/venv/lib/python3.12/site-packages/oslo_concurrency/lockutils.py:519}}
Feb 17 00:53:37.869604 np0000155866 devstack@n-api.service[100034]: DEBUG oslo_concurrency.lockutils [None req-8aa5b4e0-4f88-4256-b3fd-ee7c4887aef3 None None] Lock "00000000-0000-0000-0000-000000000000" "released" by "nova.context.set_target_cell..get_or_set_cached_cell_and_set_connections" :: held 0.000s {{(pid=100034) inner /opt/stack/data/venv/lib/python3.12/site-packages/oslo_concurrency/lockutils.py:538}}
Feb 17 00:53:37.870297 np0000155866 devstack@n-api.service[100034]: DEBUG oslo_concurrency.lockutils [None req-8aa5b4e0-4f88-4256-b3fd-ee7c4887aef3 None None] Acquiring lock "188cf402-a1f5-4e06-af65-97cf162293c7" by "nova.context.set_target_cell..get_or_set_cached_cell_and_set_connections" {{(pid=100034) inner /opt/stack/data/venv/lib/python3.12/site-packages/oslo_concurrency/lockutils.py:506}}
Feb 17 00:53:37.870488 np0000155866 devstack@n-api.service[100034]: DEBUG oslo_concurrency.lockutils [None req-8aa5b4e0-4f88-4256-b3fd-ee7c4887aef3 None None] Lock "188cf402-a1f5-4e06-af65-97cf162293c7" acquired by "nova.context.set_target_cell..get_or_set_cached_cell_and_set_connections" :: waited 0.000s {{(pid=100034) inner /opt/stack/data/venv/lib/python3.12/site-packages/oslo_concurrency/lockutils.py:519}}
Feb 17 00:53:37.871332 np0000155866 devstack@n-api.service[100034]: DEBUG oslo_concurrency.lockutils [None req-8aa5b4e0-4f88-4256-b3fd-ee7c4887aef3 None None] Lock "188cf402-a1f5-4e06-af65-97cf162293c7" "released" by "nova.context.set_target_cell..get_or_set_cached_cell_and_set_connections" :: held 0.001s {{(pid=100034) inner /opt/stack/data/venv/lib/python3.12/site-packages/oslo_concurrency/lockutils.py:538}}
Feb 17 00:53:37.871702 np0000155866 devstack@n-api.service[100036]: INFO dbcounter [None req-89d65716-e343-422e-a7eb-05f7ae11cc79 None None] Registered counter for database nova_cell0
Feb 17 00:53:37.874637 np0000155866 devstack@n-api.service[100034]: INFO dbcounter [None req-8aa5b4e0-4f88-4256-b3fd-ee7c4887aef3 None None] Registered counter for database nova_cell0
Feb 17 00:53:37.877785 np0000155866 devstack@n-api.service[100036]: INFO dbcounter [None req-89d65716-e343-422e-a7eb-05f7ae11cc79 None None] Registered counter for database nova_cell1
Feb 17 00:53:37.882456 np0000155866 devstack@n-api.service[100034]: INFO dbcounter [None req-8aa5b4e0-4f88-4256-b3fd-ee7c4887aef3 None None] Registered counter for database nova_cell1
Feb 17 00:53:37.889738 np0000155866 devstack@n-api.service[100036]: DEBUG oslo_db.sqlalchemy.engines [None req-89d65716-e343-422e-a7eb-05f7ae11cc79 None None] MySQL server mode set to STRICT_TRANS_TABLES,STRICT_ALL_TABLES,NO_ZERO_IN_DATE,NO_ZERO_DATE,ERROR_FOR_DIVISION_BY_ZERO,TRADITIONAL,NO_ENGINE_SUBSTITUTION {{(pid=100036) _check_effective_sql_mode /opt/stack/data/venv/lib/python3.12/site-packages/oslo_db/sqlalchemy/engines.py:325}}
Feb 17 00:53:37.893278 np0000155866 devstack@n-api.service[100034]: DEBUG oslo_db.sqlalchemy.engines [None req-8aa5b4e0-4f88-4256-b3fd-ee7c4887aef3 None None] MySQL server mode set to STRICT_TRANS_TABLES,STRICT_ALL_TABLES,NO_ZERO_IN_DATE,NO_ZERO_DATE,ERROR_FOR_DIVISION_BY_ZERO,TRADITIONAL,NO_ENGINE_SUBSTITUTION {{(pid=100034) _check_effective_sql_mode /opt/stack/data/venv/lib/python3.12/site-packages/oslo_db/sqlalchemy/engines.py:325}}
Feb 17 00:53:37.905292 np0000155866 devstack@n-api.service[100034]: DEBUG oslo_db.sqlalchemy.engines [None req-8aa5b4e0-4f88-4256-b3fd-ee7c4887aef3 None None] MySQL server mode set to STRICT_TRANS_TABLES,STRICT_ALL_TABLES,NO_ZERO_IN_DATE,NO_ZERO_DATE,ERROR_FOR_DIVISION_BY_ZERO,TRADITIONAL,NO_ENGINE_SUBSTITUTION {{(pid=100034) _check_effective_sql_mode /opt/stack/data/venv/lib/python3.12/site-packages/oslo_db/sqlalchemy/engines.py:325}}
Feb 17 00:53:37.911329 np0000155866 devstack@n-api.service[100036]: DEBUG oslo_db.sqlalchemy.engines [None req-89d65716-e343-422e-a7eb-05f7ae11cc79 None None] MySQL server mode set to STRICT_TRANS_TABLES,STRICT_ALL_TABLES,NO_ZERO_IN_DATE,NO_ZERO_DATE,ERROR_FOR_DIVISION_BY_ZERO,TRADITIONAL,NO_ENGINE_SUBSTITUTION {{(pid=100036) _check_effective_sql_mode /opt/stack/data/venv/lib/python3.12/site-packages/oslo_db/sqlalchemy/engines.py:325}}
Feb 17 00:53:37.932377 np0000155866 devstack@n-api.service[100035]: DEBUG dbcounter [-] [100035] Writer thread running {{(pid=100035) stat_writer /opt/stack/data/venv/lib/python3.12/site-packages/dbcounter.py:102}}
Feb 17 00:53:37.933184 np0000155866 devstack@n-api.service[100035]: DEBUG dbcounter [-] [100035] Writer thread running {{(pid=100035) stat_writer /opt/stack/data/venv/lib/python3.12/site-packages/dbcounter.py:102}}
Feb 17 00:53:37.938579 np0000155866 devstack@n-api.service[100035]: INFO dbcounter [None req-0bfcf8d8-8f9b-4dfa-92c8-ef6191d799d2 None None] Registered counter for database nova_cell0
Feb 17 00:53:37.948292 np0000155866 devstack@n-api.service[100035]: DEBUG oslo_db.sqlalchemy.engines [None req-0bfcf8d8-8f9b-4dfa-92c8-ef6191d799d2 None None] MySQL server mode set to STRICT_TRANS_TABLES,STRICT_ALL_TABLES,NO_ZERO_IN_DATE,NO_ZERO_DATE,ERROR_FOR_DIVISION_BY_ZERO,TRADITIONAL,NO_ENGINE_SUBSTITUTION {{(pid=100035) _check_effective_sql_mode /opt/stack/data/venv/lib/python3.12/site-packages/oslo_db/sqlalchemy/engines.py:325}}
Feb 17 00:53:37.951470 np0000155866 devstack@n-api.service[100037]: DEBUG dbcounter [-] [100037] Writer thread running {{(pid=100037) stat_writer /opt/stack/data/venv/lib/python3.12/site-packages/dbcounter.py:102}}
Feb 17 00:53:37.956699 np0000155866 devstack@n-api.service[100037]: DEBUG dbcounter [-] [100037] Writer thread running {{(pid=100037) stat_writer /opt/stack/data/venv/lib/python3.12/site-packages/dbcounter.py:102}}
Feb 17 00:53:37.958197 np0000155866 devstack@n-api.service[100035]: DEBUG dbcounter [-] [100035] Writer thread running {{(pid=100035) stat_writer /opt/stack/data/venv/lib/python3.12/site-packages/dbcounter.py:102}}
Feb 17 00:53:37.961106 np0000155866 devstack@n-api.service[100037]: INFO dbcounter [None req-53a15dbe-3698-4a04-bee5-c27fe653f4a5 None None] Registered counter for database nova_cell0
Feb 17 00:53:37.971994 np0000155866 devstack@n-api.service[100037]: DEBUG oslo_db.sqlalchemy.engines [None req-53a15dbe-3698-4a04-bee5-c27fe653f4a5 None None] MySQL server mode set to STRICT_TRANS_TABLES,STRICT_ALL_TABLES,NO_ZERO_IN_DATE,NO_ZERO_DATE,ERROR_FOR_DIVISION_BY_ZERO,TRADITIONAL,NO_ENGINE_SUBSTITUTION {{(pid=100037) _check_effective_sql_mode /opt/stack/data/venv/lib/python3.12/site-packages/oslo_db/sqlalchemy/engines.py:325}}
Feb 17 00:53:37.982031 np0000155866 devstack@n-api.service[100037]: DEBUG dbcounter [-] [100037] Writer thread running {{(pid=100037) stat_writer /opt/stack/data/venv/lib/python3.12/site-packages/dbcounter.py:102}}
Feb 17 00:53:37.997752 np0000155866 devstack@n-api.service[100034]: DEBUG dbcounter [-] [100034] Writer thread running {{(pid=100034) stat_writer /opt/stack/data/venv/lib/python3.12/site-packages/dbcounter.py:102}}
Feb 17 00:53:38.002044 np0000155866 devstack@n-api.service[100034]: DEBUG dbcounter [-] [100034] Writer thread running {{(pid=100034) stat_writer /opt/stack/data/venv/lib/python3.12/site-packages/dbcounter.py:102}}
Feb 17 00:53:38.016464 np0000155866 devstack@n-api.service[100034]: INFO dbcounter [None req-8aa5b4e0-4f88-4256-b3fd-ee7c4887aef3 None None] Registered counter for database nova_cell0
Feb 17 00:53:38.022681 np0000155866 devstack@n-api.service[100036]: DEBUG dbcounter [-] [100036] Writer thread running {{(pid=100036) stat_writer /opt/stack/data/venv/lib/python3.12/site-packages/dbcounter.py:102}}
Feb 17 00:53:38.023726 np0000155866 devstack@n-api.service[100036]: DEBUG dbcounter [-] [100036] Writer thread running {{(pid=100036) stat_writer /opt/stack/data/venv/lib/python3.12/site-packages/dbcounter.py:102}}
Feb 17 00:53:38.031540 np0000155866 devstack@n-api.service[100036]: INFO dbcounter [None req-89d65716-e343-422e-a7eb-05f7ae11cc79 None None] Registered counter for database nova_cell0
Feb 17 00:53:38.033366 np0000155866 devstack@n-api.service[100034]: DEBUG oslo_db.sqlalchemy.engines [None req-8aa5b4e0-4f88-4256-b3fd-ee7c4887aef3 None None] MySQL server mode set to STRICT_TRANS_TABLES,STRICT_ALL_TABLES,NO_ZERO_IN_DATE,NO_ZERO_DATE,ERROR_FOR_DIVISION_BY_ZERO,TRADITIONAL,NO_ENGINE_SUBSTITUTION {{(pid=100034) _check_effective_sql_mode /opt/stack/data/venv/lib/python3.12/site-packages/oslo_db/sqlalchemy/engines.py:325}}
Feb 17 00:53:38.041772 np0000155866 devstack@n-api.service[100036]: DEBUG oslo_db.sqlalchemy.engines [None req-89d65716-e343-422e-a7eb-05f7ae11cc79 None None] MySQL server mode set to STRICT_TRANS_TABLES,STRICT_ALL_TABLES,NO_ZERO_IN_DATE,NO_ZERO_DATE,ERROR_FOR_DIVISION_BY_ZERO,TRADITIONAL,NO_ENGINE_SUBSTITUTION {{(pid=100036) _check_effective_sql_mode /opt/stack/data/venv/lib/python3.12/site-packages/oslo_db/sqlalchemy/engines.py:325}}
Feb 17 00:53:38.041917 np0000155866 devstack@n-api.service[100034]: DEBUG dbcounter [-] [100034] Writer thread running {{(pid=100034) stat_writer /opt/stack/data/venv/lib/python3.12/site-packages/dbcounter.py:102}}
Feb 17 00:53:38.053191 np0000155866 devstack@n-api.service[100036]: DEBUG dbcounter [-] [100036] Writer thread running {{(pid=100036) stat_writer /opt/stack/data/venv/lib/python3.12/site-packages/dbcounter.py:102}}
Feb 17 00:53:38.411064 np0000155866 devstack@n-api.service[100036]: DEBUG oslo_concurrency.processutils [None req-89d65716-e343-422e-a7eb-05f7ae11cc79 None None] Running cmd (subprocess): grep -F node.session.scan /sbin/iscsiadm {{(pid=100036) execute /opt/stack/data/venv/lib/python3.12/site-packages/oslo_concurrency/processutils.py:368}}
Feb 17 00:53:38.415508 np0000155866 devstack@n-api.service[100034]: DEBUG oslo_concurrency.processutils [None req-8aa5b4e0-4f88-4256-b3fd-ee7c4887aef3 None None] Running cmd (subprocess): grep -F node.session.scan /sbin/iscsiadm {{(pid=100034) execute /opt/stack/data/venv/lib/python3.12/site-packages/oslo_concurrency/processutils.py:368}}
Feb 17 00:53:38.430229 np0000155866 devstack@n-api.service[100036]: DEBUG oslo_concurrency.processutils [None req-89d65716-e343-422e-a7eb-05f7ae11cc79 None None] CMD "grep -F node.session.scan /sbin/iscsiadm" returned: 0 in 0.019s {{(pid=100036) execute /opt/stack/data/venv/lib/python3.12/site-packages/oslo_concurrency/processutils.py:396}}
Feb 17 00:53:38.438214 np0000155866 devstack@n-api.service[100034]: DEBUG oslo_concurrency.processutils [None req-8aa5b4e0-4f88-4256-b3fd-ee7c4887aef3 None None] CMD "grep -F node.session.scan /sbin/iscsiadm" returned: 0 in 0.023s {{(pid=100034) execute /opt/stack/data/venv/lib/python3.12/site-packages/oslo_concurrency/processutils.py:396}}
Feb 17 00:53:38.489120 np0000155866 devstack@n-api.service[100037]: DEBUG oslo_concurrency.processutils [None req-53a15dbe-3698-4a04-bee5-c27fe653f4a5 None None] Running cmd (subprocess): grep -F node.session.scan /sbin/iscsiadm {{(pid=100037) execute /opt/stack/data/venv/lib/python3.12/site-packages/oslo_concurrency/processutils.py:368}}
Feb 17 00:53:38.490714 np0000155866 devstack@n-api.service[100035]: DEBUG oslo_concurrency.processutils [None req-0bfcf8d8-8f9b-4dfa-92c8-ef6191d799d2 None None] Running cmd (subprocess): grep -F node.session.scan /sbin/iscsiadm {{(pid=100035) execute /opt/stack/data/venv/lib/python3.12/site-packages/oslo_concurrency/processutils.py:368}}
Feb 17 00:53:38.509371 np0000155866 devstack@n-api.service[100037]: DEBUG oslo_concurrency.processutils [None req-53a15dbe-3698-4a04-bee5-c27fe653f4a5 None None] CMD "grep -F node.session.scan /sbin/iscsiadm" returned: 0 in 0.020s {{(pid=100037) execute /opt/stack/data/venv/lib/python3.12/site-packages/oslo_concurrency/processutils.py:396}}
Feb 17 00:53:38.512982 np0000155866 devstack@n-api.service[100035]: DEBUG oslo_concurrency.processutils [None req-0bfcf8d8-8f9b-4dfa-92c8-ef6191d799d2 None None] CMD "grep -F node.session.scan /sbin/iscsiadm" returned: 0 in 0.022s {{(pid=100035) execute /opt/stack/data/venv/lib/python3.12/site-packages/oslo_concurrency/processutils.py:396}}
Feb 17 00:53:38.910249 np0000155866 devstack@n-api.service[100035]: WARNING keystonemiddleware.auth_token [None req-0bfcf8d8-8f9b-4dfa-92c8-ef6191d799d2 None None] AuthToken middleware is set with keystone_authtoken.service_token_roles_required set to False. This is backwards compatible but deprecated behaviour. Please set this to True.
Feb 17 00:53:38.911263 np0000155866 devstack@n-api.service[100037]: WARNING keystonemiddleware.auth_token [None req-53a15dbe-3698-4a04-bee5-c27fe653f4a5 None None] AuthToken middleware is set with keystone_authtoken.service_token_roles_required set to False. This is backwards compatible but deprecated behaviour. Please set this to True.
Feb 17 00:53:38.914303 np0000155866 devstack@n-api.service[100035]: WARNING keystonemiddleware.auth_token [None req-0bfcf8d8-8f9b-4dfa-92c8-ef6191d799d2 None None] Configuring www_authenticate_uri to point to the public identity endpoint is required; clients may not be able to authenticate against an admin endpoint
Feb 17 00:53:38.914759 np0000155866 devstack@n-api.service[100037]: WARNING keystonemiddleware.auth_token [None req-53a15dbe-3698-4a04-bee5-c27fe653f4a5 None None] Configuring www_authenticate_uri to point to the public identity endpoint is required; clients may not be able to authenticate against an admin endpoint
Feb 17 00:53:38.916213 np0000155866 devstack@n-api.service[100036]: WARNING keystonemiddleware.auth_token [None req-89d65716-e343-422e-a7eb-05f7ae11cc79 None None] AuthToken middleware is set with keystone_authtoken.service_token_roles_required set to False. This is backwards compatible but deprecated behaviour. Please set this to True.
Feb 17 00:53:38.916493 np0000155866 devstack@n-api.service[100034]: WARNING keystonemiddleware.auth_token [None req-8aa5b4e0-4f88-4256-b3fd-ee7c4887aef3 None None] AuthToken middleware is set with keystone_authtoken.service_token_roles_required set to False. This is backwards compatible but deprecated behaviour. Please set this to True.
Feb 17 00:53:38.920272 np0000155866 devstack@n-api.service[100036]: WARNING keystonemiddleware.auth_token [None req-89d65716-e343-422e-a7eb-05f7ae11cc79 None None] Configuring www_authenticate_uri to point to the public identity endpoint is required; clients may not be able to authenticate against an admin endpoint
Feb 17 00:53:38.920854 np0000155866 devstack@n-api.service[100034]: WARNING keystonemiddleware.auth_token [None req-8aa5b4e0-4f88-4256-b3fd-ee7c4887aef3 None None] Configuring www_authenticate_uri to point to the public identity endpoint is required; clients may not be able to authenticate against an admin endpoint
Feb 17 00:53:39.120139 np0000155866 devstack@n-api.service[100035]: WARNING keystonemiddleware.auth_token [None req-0bfcf8d8-8f9b-4dfa-92c8-ef6191d799d2 None None] AuthToken middleware is set with keystone_authtoken.service_token_roles_required set to False. This is backwards compatible but deprecated behaviour. Please set this to True.
Feb 17 00:53:39.123116 np0000155866 devstack@n-api.service[100035]: WARNING keystonemiddleware.auth_token [None req-0bfcf8d8-8f9b-4dfa-92c8-ef6191d799d2 None None] Configuring www_authenticate_uri to point to the public identity endpoint is required; clients may not be able to authenticate against an admin endpoint
Feb 17 00:53:39.125607 np0000155866 devstack@n-api.service[100035]: DEBUG nova.api.openstack.wsgi_app [None req-0bfcf8d8-8f9b-4dfa-92c8-ef6191d799d2 None None] ******************************************************************************** {{(pid=100035) log_opt_values /opt/stack/data/venv/lib/python3.12/site-packages/oslo_config/cfg.py:2804}}
Feb 17 00:53:39.125911 np0000155866 devstack@n-api.service[100035]: DEBUG nova.api.openstack.wsgi_app [None req-0bfcf8d8-8f9b-4dfa-92c8-ef6191d799d2 None None] Configuration options gathered from: {{(pid=100035) log_opt_values /opt/stack/data/venv/lib/python3.12/site-packages/oslo_config/cfg.py:2805}}
Feb 17 00:53:39.126004 np0000155866 devstack@n-api.service[100035]: DEBUG nova.api.openstack.wsgi_app [None req-0bfcf8d8-8f9b-4dfa-92c8-ef6191d799d2 None None] command line args: [] {{(pid=100035) log_opt_values /opt/stack/data/venv/lib/python3.12/site-packages/oslo_config/cfg.py:2806}}
Feb 17 00:53:39.126198 np0000155866 devstack@n-api.service[100035]: DEBUG nova.api.openstack.wsgi_app [None req-0bfcf8d8-8f9b-4dfa-92c8-ef6191d799d2 None None] config files: ['/etc/nova/api-paste.ini', '/etc/nova/nova.conf'] {{(pid=100035) log_opt_values /opt/stack/data/venv/lib/python3.12/site-packages/oslo_config/cfg.py:2807}}
Feb 17 00:53:39.126434 np0000155866 devstack@n-api.service[100035]: DEBUG nova.api.openstack.wsgi_app [None req-0bfcf8d8-8f9b-4dfa-92c8-ef6191d799d2 None None] ================================================================================ {{(pid=100035) log_opt_values /opt/stack/data/venv/lib/python3.12/site-packages/oslo_config/cfg.py:2809}}
Feb 17 00:53:39.126434 np0000155866 devstack@n-api.service[100035]: DEBUG nova.api.openstack.wsgi_app [None req-0bfcf8d8-8f9b-4dfa-92c8-ef6191d799d2 None None] allow_resize_to_same_host = True {{(pid=100035) log_opt_values /opt/stack/data/venv/lib/python3.12/site-packages/oslo_config/cfg.py:2817}}
Feb 17 00:53:39.126730 np0000155866 devstack@n-api.service[100035]: DEBUG nova.api.openstack.wsgi_app [None req-0bfcf8d8-8f9b-4dfa-92c8-ef6191d799d2 None None] arq_binding_timeout = 300 {{(pid=100035) log_opt_values /opt/stack/data/venv/lib/python3.12/site-packages/oslo_config/cfg.py:2817}}
Feb 17 00:53:39.126730 np0000155866 devstack@n-api.service[100035]: DEBUG nova.api.openstack.wsgi_app [None req-0bfcf8d8-8f9b-4dfa-92c8-ef6191d799d2 None None] block_device_allocate_retries = 60 {{(pid=100035) log_opt_values /opt/stack/data/venv/lib/python3.12/site-packages/oslo_config/cfg.py:2817}}
Feb 17 00:53:39.127091 np0000155866 devstack@n-api.service[100035]: DEBUG nova.api.openstack.wsgi_app [None req-0bfcf8d8-8f9b-4dfa-92c8-ef6191d799d2 None None] block_device_allocate_retries_interval = 3 {{(pid=100035) log_opt_values /opt/stack/data/venv/lib/python3.12/site-packages/oslo_config/cfg.py:2817}}
Feb 17 00:53:39.127091 np0000155866 devstack@n-api.service[100035]: DEBUG nova.api.openstack.wsgi_app [None req-0bfcf8d8-8f9b-4dfa-92c8-ef6191d799d2 None None] cell_worker_thread_pool_size = 5 {{(pid=100035) log_opt_values /opt/stack/data/venv/lib/python3.12/site-packages/oslo_config/cfg.py:2817}}
Feb 17 00:53:39.127091 np0000155866 devstack@n-api.service[100035]: DEBUG nova.api.openstack.wsgi_app [None req-0bfcf8d8-8f9b-4dfa-92c8-ef6191d799d2 None None] cert = self.pem {{(pid=100035) log_opt_values /opt/stack/data/venv/lib/python3.12/site-packages/oslo_config/cfg.py:2817}}
Feb 17 00:53:39.127527 np0000155866 devstack@n-api.service[100035]: DEBUG nova.api.openstack.wsgi_app [None req-0bfcf8d8-8f9b-4dfa-92c8-ef6191d799d2 None None] compute_driver = libvirt.LibvirtDriver {{(pid=100035) log_opt_values /opt/stack/data/venv/lib/python3.12/site-packages/oslo_config/cfg.py:2817}}
Feb 17 00:53:39.127527 np0000155866 devstack@n-api.service[100035]: DEBUG nova.api.openstack.wsgi_app [None req-0bfcf8d8-8f9b-4dfa-92c8-ef6191d799d2 None None] compute_monitors = [] {{(pid=100035) log_opt_values /opt/stack/data/venv/lib/python3.12/site-packages/oslo_config/cfg.py:2817}}
Feb 17 00:53:39.127527 np0000155866 devstack@n-api.service[100035]: DEBUG nova.api.openstack.wsgi_app [None req-0bfcf8d8-8f9b-4dfa-92c8-ef6191d799d2 None None] config_dir = [] {{(pid=100035) log_opt_values /opt/stack/data/venv/lib/python3.12/site-packages/oslo_config/cfg.py:2817}}
Feb 17 00:53:39.127808 np0000155866 devstack@n-api.service[100035]: DEBUG nova.api.openstack.wsgi_app [None req-0bfcf8d8-8f9b-4dfa-92c8-ef6191d799d2 None None] config_drive_format = iso9660 {{(pid=100035) log_opt_values /opt/stack/data/venv/lib/python3.12/site-packages/oslo_config/cfg.py:2817}}
Feb 17 00:53:39.127808 np0000155866 devstack@n-api.service[100035]: DEBUG nova.api.openstack.wsgi_app [None req-0bfcf8d8-8f9b-4dfa-92c8-ef6191d799d2 None None] config_file = ['/etc/nova/api-paste.ini', '/etc/nova/nova.conf'] {{(pid=100035) log_opt_values /opt/stack/data/venv/lib/python3.12/site-packages/oslo_config/cfg.py:2817}}
Feb 17 00:53:39.127808 np0000155866 devstack@n-api.service[100035]: DEBUG nova.api.openstack.wsgi_app [None req-0bfcf8d8-8f9b-4dfa-92c8-ef6191d799d2 None None] config_source = [] {{(pid=100035) log_opt_values /opt/stack/data/venv/lib/python3.12/site-packages/oslo_config/cfg.py:2817}}
Feb 17 00:53:39.128091 np0000155866 devstack@n-api.service[100035]: DEBUG nova.api.openstack.wsgi_app [None req-0bfcf8d8-8f9b-4dfa-92c8-ef6191d799d2 None None] console_host = np0000155866 {{(pid=100035) log_opt_values /opt/stack/data/venv/lib/python3.12/site-packages/oslo_config/cfg.py:2817}}
Feb 17 00:53:39.128091 np0000155866 devstack@n-api.service[100035]: DEBUG nova.api.openstack.wsgi_app [None req-0bfcf8d8-8f9b-4dfa-92c8-ef6191d799d2 None None] control_exchange = nova {{(pid=100035) log_opt_values /opt/stack/data/venv/lib/python3.12/site-packages/oslo_config/cfg.py:2817}}
Feb 17 00:53:39.128274 np0000155866 devstack@n-api.service[100035]: DEBUG nova.api.openstack.wsgi_app [None req-0bfcf8d8-8f9b-4dfa-92c8-ef6191d799d2 None None] cpu_allocation_ratio = None {{(pid=100035) log_opt_values /opt/stack/data/venv/lib/python3.12/site-packages/oslo_config/cfg.py:2817}}
Feb 17 00:53:39.128365 np0000155866 devstack@n-api.service[100035]: DEBUG nova.api.openstack.wsgi_app [None req-0bfcf8d8-8f9b-4dfa-92c8-ef6191d799d2 None None] daemon = False {{(pid=100035) log_opt_values /opt/stack/data/venv/lib/python3.12/site-packages/oslo_config/cfg.py:2817}}
Feb 17 00:53:39.128566 np0000155866 devstack@n-api.service[100035]: DEBUG nova.api.openstack.wsgi_app [None req-0bfcf8d8-8f9b-4dfa-92c8-ef6191d799d2 None None] debug = True {{(pid=100035) log_opt_values /opt/stack/data/venv/lib/python3.12/site-packages/oslo_config/cfg.py:2817}}
Feb 17 00:53:39.128724 np0000155866 devstack@n-api.service[100035]: DEBUG nova.api.openstack.wsgi_app [None req-0bfcf8d8-8f9b-4dfa-92c8-ef6191d799d2 None None] default_access_ip_network_name = None {{(pid=100035) log_opt_values /opt/stack/data/venv/lib/python3.12/site-packages/oslo_config/cfg.py:2817}}
Feb 17 00:53:39.128941 np0000155866 devstack@n-api.service[100035]: DEBUG nova.api.openstack.wsgi_app [None req-0bfcf8d8-8f9b-4dfa-92c8-ef6191d799d2 None None] default_availability_zone = nova {{(pid=100035) log_opt_values /opt/stack/data/venv/lib/python3.12/site-packages/oslo_config/cfg.py:2817}}
Feb 17 00:53:39.128941 np0000155866 devstack@n-api.service[100035]: DEBUG nova.api.openstack.wsgi_app [None req-0bfcf8d8-8f9b-4dfa-92c8-ef6191d799d2 None None] default_ephemeral_format = ext4 {{(pid=100035) log_opt_values /opt/stack/data/venv/lib/python3.12/site-packages/oslo_config/cfg.py:2817}}
Feb 17 00:53:39.129260 np0000155866 devstack@n-api.service[100035]: DEBUG nova.api.openstack.wsgi_app [None req-0bfcf8d8-8f9b-4dfa-92c8-ef6191d799d2 None None] default_green_pool_size = 1000 {{(pid=100035) log_opt_values /opt/stack/data/venv/lib/python3.12/site-packages/oslo_config/cfg.py:2817}}
Feb 17 00:53:39.129260 np0000155866 devstack@n-api.service[100035]: DEBUG nova.api.openstack.wsgi_app [None req-0bfcf8d8-8f9b-4dfa-92c8-ef6191d799d2 None None] default_log_levels = ['amqp=WARN', 'boto=WARN', 'sqlalchemy=WARN', 'suds=INFO', 'oslo.messaging=INFO', 'oslo_messaging=INFO', 'iso8601=WARN', 'requests.packages.urllib3.connectionpool=WARN', 'urllib3.connectionpool=WARN', 'websocket=WARN', 'requests.packages.urllib3.util.retry=WARN', 'urllib3.util.retry=WARN', 'keystonemiddleware=WARN', 'routes.middleware=WARN', 'stevedore=WARN', 'taskflow=WARN', 'keystoneauth=WARN', 'oslo.cache=INFO', 'oslo_policy=INFO', 'dogpile.core.dogpile=INFO', 'glanceclient=WARN', 'oslo.privsep.daemon=INFO'] {{(pid=100035) log_opt_values /opt/stack/data/venv/lib/python3.12/site-packages/oslo_config/cfg.py:2817}}
Feb 17 00:53:39.129621 np0000155866 devstack@n-api.service[100035]: DEBUG nova.api.openstack.wsgi_app [None req-0bfcf8d8-8f9b-4dfa-92c8-ef6191d799d2 None None] default_schedule_zone = None {{(pid=100035) log_opt_values /opt/stack/data/venv/lib/python3.12/site-packages/oslo_config/cfg.py:2817}}
Feb 17 00:53:39.129621 np0000155866 devstack@n-api.service[100035]: DEBUG nova.api.openstack.wsgi_app [None req-0bfcf8d8-8f9b-4dfa-92c8-ef6191d799d2 None None] default_thread_pool_size = 10 {{(pid=100035) log_opt_values /opt/stack/data/venv/lib/python3.12/site-packages/oslo_config/cfg.py:2817}}
Feb 17 00:53:39.129621 np0000155866 devstack@n-api.service[100035]: DEBUG nova.api.openstack.wsgi_app [None req-0bfcf8d8-8f9b-4dfa-92c8-ef6191d799d2 None None] disk_allocation_ratio = None {{(pid=100035) log_opt_values /opt/stack/data/venv/lib/python3.12/site-packages/oslo_config/cfg.py:2817}}
Feb 17 00:53:39.129923 np0000155866 devstack@n-api.service[100035]: DEBUG nova.api.openstack.wsgi_app [None req-0bfcf8d8-8f9b-4dfa-92c8-ef6191d799d2 None None] enable_new_services = True {{(pid=100035) log_opt_values /opt/stack/data/venv/lib/python3.12/site-packages/oslo_config/cfg.py:2817}}
Feb 17 00:53:39.129923 np0000155866 devstack@n-api.service[100035]: DEBUG nova.api.openstack.wsgi_app [None req-0bfcf8d8-8f9b-4dfa-92c8-ef6191d799d2 None None] flat_injected = False {{(pid=100035) log_opt_values /opt/stack/data/venv/lib/python3.12/site-packages/oslo_config/cfg.py:2817}}
Feb 17 00:53:39.130118 np0000155866 devstack@n-api.service[100035]: DEBUG nova.api.openstack.wsgi_app [None req-0bfcf8d8-8f9b-4dfa-92c8-ef6191d799d2 None None] force_config_drive = False {{(pid=100035) log_opt_values /opt/stack/data/venv/lib/python3.12/site-packages/oslo_config/cfg.py:2817}}
Feb 17 00:53:39.130118 np0000155866 devstack@n-api.service[100035]: DEBUG nova.api.openstack.wsgi_app [None req-0bfcf8d8-8f9b-4dfa-92c8-ef6191d799d2 None None] force_raw_images = True {{(pid=100035) log_opt_values /opt/stack/data/venv/lib/python3.12/site-packages/oslo_config/cfg.py:2817}}
Feb 17 00:53:39.130312 np0000155866 devstack@n-api.service[100037]: WARNING keystonemiddleware.auth_token [None req-53a15dbe-3698-4a04-bee5-c27fe653f4a5 None None] AuthToken middleware is set with keystone_authtoken.service_token_roles_required set to False. This is backwards compatible but deprecated behaviour. Please set this to True.
Feb 17 00:53:39.130430 np0000155866 devstack@n-api.service[100035]: DEBUG nova.api.openstack.wsgi_app [None req-0bfcf8d8-8f9b-4dfa-92c8-ef6191d799d2 None None] graceful_shutdown_timeout = 5 {{(pid=100035) log_opt_values /opt/stack/data/venv/lib/python3.12/site-packages/oslo_config/cfg.py:2817}}
Feb 17 00:53:39.130430 np0000155866 devstack@n-api.service[100035]: DEBUG nova.api.openstack.wsgi_app [None req-0bfcf8d8-8f9b-4dfa-92c8-ef6191d799d2 None None] heal_instance_info_cache_interval = -1 {{(pid=100035) log_opt_values /opt/stack/data/venv/lib/python3.12/site-packages/oslo_config/cfg.py:2817}}
Feb 17 00:53:39.130619 np0000155866 devstack@n-api.service[100035]: DEBUG nova.api.openstack.wsgi_app [None req-0bfcf8d8-8f9b-4dfa-92c8-ef6191d799d2 None None] host = np0000155866 {{(pid=100035) log_opt_values /opt/stack/data/venv/lib/python3.12/site-packages/oslo_config/cfg.py:2817}}
Feb 17 00:53:39.130721 np0000155866 devstack@n-api.service[100035]: DEBUG nova.api.openstack.wsgi_app [None req-0bfcf8d8-8f9b-4dfa-92c8-ef6191d799d2 None None] initial_cpu_allocation_ratio = 4.0 {{(pid=100035) log_opt_values /opt/stack/data/venv/lib/python3.12/site-packages/oslo_config/cfg.py:2817}}
Feb 17 00:53:39.130822 np0000155866 devstack@n-api.service[100035]: DEBUG nova.api.openstack.wsgi_app [None req-0bfcf8d8-8f9b-4dfa-92c8-ef6191d799d2 None None] initial_disk_allocation_ratio = 1.0 {{(pid=100035) log_opt_values /opt/stack/data/venv/lib/python3.12/site-packages/oslo_config/cfg.py:2817}}
Feb 17 00:53:39.130950 np0000155866 devstack@n-api.service[100035]: DEBUG nova.api.openstack.wsgi_app [None req-0bfcf8d8-8f9b-4dfa-92c8-ef6191d799d2 None None] initial_ram_allocation_ratio = 1.0 {{(pid=100035) log_opt_values /opt/stack/data/venv/lib/python3.12/site-packages/oslo_config/cfg.py:2817}}
Feb 17 00:53:39.131142 np0000155866 devstack@n-api.service[100035]: DEBUG nova.api.openstack.wsgi_app [None req-0bfcf8d8-8f9b-4dfa-92c8-ef6191d799d2 None None] injected_network_template = /opt/stack/nova/nova/virt/interfaces.template {{(pid=100035) log_opt_values /opt/stack/data/venv/lib/python3.12/site-packages/oslo_config/cfg.py:2817}}
