2026-07-07 00:24:19.171 13 INFO neutron.plugins.ml2.plugin [None req-4d99152d-e284-422e-acd1-e417a5e62114 - - - - - -] Attempt 1 to provision port 2efa78ee-fe0b-4bd1-abed-6f6a0e4020c0
2026-07-07 00:24:24.540 13 INFO neutron.plugins.ml2.plugin [None req-0b517ff4-1dad-4a3f-bf2c-0e2b3bcc91e0 - - - - - -] Attempt 1 to provision port 2efa78ee-fe0b-4bd1-abed-6f6a0e4020c0
2026-07-07 00:24:24.561 13 INFO neutron.plugins.ml2.plugin [None req-0b517ff4-1dad-4a3f-bf2c-0e2b3bcc91e0 - - - - - -] Attempt 1 to provision port dd4eeaf6-d069-44ac-a532-f596c2425ce8
2026-07-07 00:24:26.983 16 INFO neutron.plugins.ml2.plugin [None req-47df42e6-126f-43fb-a266-62cd03b887a9 - - - - - -] Attempt 1 to provision port a054bb34-14c9-47fd-bda8-c6e5021c22d6
2026-07-07 00:24:27.080 16 INFO neutron.notifiers.nova [-] Nova event matching ['req-38121b34-a41c-4b05-9f91-99660045fe4f'] response: {'server_uuid': 'dd483fb9-5d37-41bc-a54a-155ae89d2d14', 'name': 'network-vif-plugged', 'status': 'completed', 'tag': 'a054bb34-14c9-47fd-bda8-c6e5021c22d6', 'code': 200}
2026-07-07 00:24:28.423 16 INFO neutron.plugins.ml2.plugin [None req-a8be93b4-09f5-4c32-a6df-a3b05341dff1 - - - - - -] Attempt 1 to provision port a054bb34-14c9-47fd-bda8-c6e5021c22d6
2026-07-07 00:24:28.464 13 INFO neutron.plugins.ml2.plugin [None req-47df42e6-126f-43fb-a266-62cd03b887a9 - - - - - -] Attempt 1 to provision port a054bb34-14c9-47fd-bda8-c6e5021c22d6
2026-07-07 00:24:28.485 16 INFO neutron.plugins.ml2.plugin [None req-a8be93b4-09f5-4c32-a6df-a3b05341dff1 - - - - - -] Attempt 1 to provision port 2efa78ee-fe0b-4bd1-abed-6f6a0e4020c0
2026-07-07 00:24:30.527 13 INFO neutron.plugins.ml2.plugin [None req-47df42e6-126f-43fb-a266-62cd03b887a9 - - - - - -] Attempt 1 to provision port 8bc7ba97-a626-4c01-8250-f2d569cbff22
2026-07-07 00:24:30.805 13 INFO neutron.plugins.ml2.plugin [None req-47df42e6-126f-43fb-a266-62cd03b887a9 - - - - - -] Attempt 1 to provision port 2efa78ee-fe0b-4bd1-abed-6f6a0e4020c0
2026-07-07 00:24:32.495 13 INFO neutron.plugins.ml2.plugin [None req-47df42e6-126f-43fb-a266-62cd03b887a9 - - - - - -] Attempt 1 to provision port 8bc7ba97-a626-4c01-8250-f2d569cbff22
2026-07-07 00:24:32.625 13 INFO neutron.plugins.ml2.plugin [None req-47df42e6-126f-43fb-a266-62cd03b887a9 - - - - - -] Attempt 1 to provision port 2efa78ee-fe0b-4bd1-abed-6f6a0e4020c0
2026-07-07 00:24:34.691 16 INFO neutron.notifiers.nova [-] Nova event matching ['req-5373e334-6022-45f8-ad86-0bc9218bc1fb'] response: {'server_uuid': 'e637959c-2a6a-401d-96bb-9a580652855c', 'name': 'network-vif-unplugged', 'status': 'completed', 'tag': '5c874d17-0885-4d4d-a208-6bd5564b242d', 'code': 200}
2026-07-07 00:24:37.001 16 INFO neutron.plugins.ml2.plugin [None req-47df42e6-126f-43fb-a266-62cd03b887a9 - - - - - -] Attempt 1 to provision port 5c874d17-0885-4d4d-a208-6bd5564b242d
2026-07-07 00:24:37.118 16 INFO neutron.notifiers.nova [-] Nova event matching ['req-5d276118-70cc-45d7-be95-5b89a085a791'] response: {'server_uuid': 'e637959c-2a6a-401d-96bb-9a580652855c', 'name': 'network-vif-plugged', 'status': 'completed', 'tag': '5c874d17-0885-4d4d-a208-6bd5564b242d', 'code': 200}
2026-07-07 00:24:38.716 16 INFO neutron.plugins.ml2.plugin [None req-47df42e6-126f-43fb-a266-62cd03b887a9 - - - - - -] Attempt 1 to provision port 5c874d17-0885-4d4d-a208-6bd5564b242d
2026-07-07 00:24:46.161 13 ERROR oslo_messaging.rpc.server [None req-47735d7b-fcd4-4e5f-8f9c-5e9dd8961de4 - - - - - -] Exception during message handling: neutron_lib.exceptions.SubnetInUse: Unable to complete operation on subnet 11272f72-e947-41a3-9499-a15aed5e91ee: This subnet is being modified by another concurrent operation.
2026-07-07 00:24:46.161 13 ERROR oslo_messaging.rpc.server
Traceback (most recent call last):
2026-07-07 00:24:46.161 13 ERROR oslo_messaging.rpc.server
File "/var/lib/openstack/lib/python3.12/site-packages/oslo_messaging/rpc/server.py", line 174, in _process_incoming
2026-07-07 00:24:46.161 13 ERROR oslo_messaging.rpc.server res = self.dispatcher.dispatch(message)
2026-07-07 00:24:46.161 13 ERROR oslo_messaging.rpc.server ^^^^^^^^^^^^^^^^^^^^^^^^^^^^^^^^^
2026-07-07 00:24:46.161 13 ERROR oslo_messaging.rpc.server
File "/var/lib/openstack/lib/python3.12/site-packages/oslo_messaging/rpc/dispatcher.py", line 309, in dispatch
2026-07-07 00:24:46.161 13 ERROR oslo_messaging.rpc.server return self._do_dispatch(endpoint, method, ctxt, args)
2026-07-07 00:24:46.161 13 ERROR oslo_messaging.rpc.server ^^^^^^^^^^^^^^^^^^^^^^^^^^^^^^^^^^^^^^^^^^^^^^^
2026-07-07 00:24:46.161 13 ERROR oslo_messaging.rpc.server
File "/var/lib/openstack/lib/python3.12/site-packages/oslo_messaging/rpc/dispatcher.py", line 229, in _do_dispatch
2026-07-07 00:24:46.161 13 ERROR oslo_messaging.rpc.server result = func(ctxt, **new_args)
2026-07-07 00:24:46.161 13 ERROR oslo_messaging.rpc.server ^^^^^^^^^^^^^^^^^^^^^^
2026-07-07 00:24:46.161 13 ERROR oslo_messaging.rpc.server
File "/var/lib/openstack/lib/python3.12/site-packages/oslo_messaging/rpc/server.py", line 269, in inner
2026-07-07 00:24:46.161 13 ERROR oslo_messaging.rpc.server return func(*args, **kwargs)
2026-07-07 00:24:46.161 13 ERROR oslo_messaging.rpc.server ^^^^^^^^^^^^^^^^^^^^^
2026-07-07 00:24:46.161 13 ERROR oslo_messaging.rpc.server
File "/var/lib/openstack/lib/python3.12/site-packages/neutron_lib/db/api.py", line 137, in wrapped
2026-07-07 00:24:46.161 13 ERROR oslo_messaging.rpc.server with excutils.save_and_reraise_exception():
2026-07-07 00:24:46.161 13 ERROR oslo_messaging.rpc.server
File "/var/lib/openstack/lib/python3.12/site-packages/oslo_utils/excutils.py", line 227, in __exit__
2026-07-07 00:24:46.161 13 ERROR oslo_messaging.rpc.server self.force_reraise()
2026-07-07 00:24:46.161 13 ERROR oslo_messaging.rpc.server
File "/var/lib/openstack/lib/python3.12/site-packages/oslo_utils/excutils.py", line 200, in force_reraise
2026-07-07 00:24:46.161 13 ERROR oslo_messaging.rpc.server raise self.value
2026-07-07 00:24:46.161 13 ERROR oslo_messaging.rpc.server
File "/var/lib/openstack/lib/python3.12/site-packages/neutron_lib/db/api.py", line 135, in wrapped
2026-07-07 00:24:46.161 13 ERROR oslo_messaging.rpc.server return f(*args, **kwargs)
2026-07-07 00:24:46.161 13 ERROR oslo_messaging.rpc.server ^^^^^^^^^^^^^^^^^^
2026-07-07 00:24:46.161 13 ERROR oslo_messaging.rpc.server
File "/var/lib/openstack/lib/python3.12/site-packages/oslo_db/api.py", line 144, in wrapper
2026-07-07 00:24:46.161 13 ERROR oslo_messaging.rpc.server with excutils.save_and_reraise_exception() as ectxt:
2026-07-07 00:24:46.161 13 ERROR oslo_messaging.rpc.server
File "/var/lib/openstack/lib/python3.12/site-packages/oslo_utils/excutils.py", line 227, in __exit__
2026-07-07 00:24:46.161 13 ERROR oslo_messaging.rpc.server self.force_reraise()
2026-07-07 00:24:46.161 13 ERROR oslo_messaging.rpc.server
File "/var/lib/openstack/lib/python3.12/site-packages/oslo_utils/excutils.py", line 200, in force_reraise
2026-07-07 00:24:46.161 13 ERROR oslo_messaging.rpc.server raise self.value
2026-07-07 00:24:46.161 13 ERROR oslo_messaging.rpc.server
File "/var/lib/openstack/lib/python3.12/site-packages/oslo_db/api.py", line 142, in wrapper
2026-07-07 00:24:46.161 13 ERROR oslo_messaging.rpc.server return f(*args, **kwargs)
2026-07-07 00:24:46.161 13 ERROR oslo_messaging.rpc.server ^^^^^^^^^^^^^^^^^^
2026-07-07 00:24:46.161 13 ERROR oslo_messaging.rpc.server
File "/var/lib/openstack/lib/python3.12/site-packages/neutron_lib/db/api.py", line 183, in wrapped
2026-07-07 00:24:46.161 13 ERROR oslo_messaging.rpc.server with excutils.save_and_reraise_exception():
2026-07-07 00:24:46.161 13 ERROR oslo_messaging.rpc.server
File "/var/lib/openstack/lib/python3.12/site-packages/oslo_utils/excutils.py", line 227, in __exit__
2026-07-07 00:24:46.161 13 ERROR oslo_messaging.rpc.server self.force_reraise()
2026-07-07 00:24:46.161 13 ERROR oslo_messaging.rpc.server
File "/var/lib/openstack/lib/python3.12/site-packages/oslo_utils/excutils.py", line 200, in force_reraise
2026-07-07 00:24:46.161 13 ERROR oslo_messaging.rpc.server raise self.value
2026-07-07 00:24:46.161 13 ERROR oslo_messaging.rpc.server
File "/var/lib/openstack/lib/python3.12/site-packages/neutron_lib/db/api.py", line 181, in wrapped
2026-07-07 00:24:46.161 13 ERROR oslo_messaging.rpc.server return f(*dup_args, **dup_kwargs)
2026-07-07 00:24:46.161 13 ERROR oslo_messaging.rpc.server ^^^^^^^^^^^^^^^^^^^^^^^^^^
2026-07-07 00:24:46.161 13 ERROR oslo_messaging.rpc.server
File "/var/lib/openstack/lib/python3.12/site-packages/neutron/quota/resource_registry.py", line 95, in wrapper
2026-07-07 00:24:46.161 13 ERROR oslo_messaging.rpc.server ret_val = f(_self, context, *args, **kwargs)
2026-07-07 00:24:46.161 13 ERROR oslo_messaging.rpc.server ^^^^^^^^^^^^^^^^^^^^^^^^^^^^^^^^^^
2026-07-07 00:24:46.161 13 ERROR oslo_messaging.rpc.server
File "/var/lib/openstack/lib/python3.12/site-packages/neutron/api/rpc/handlers/dhcp_rpc.py", line 292, in create_dhcp_port
2026-07-07 00:24:46.161 13 ERROR oslo_messaging.rpc.server return self._port_action(plugin, context, port, 'create_port')
2026-07-07 00:24:46.161 13 ERROR oslo_messaging.rpc.server ^^^^^^^^^^^^^^^^^^^^^^^^^^^^^^^^^^^^^^^^^^^^^^^^^^^^^^^
2026-07-07 00:24:46.161 13 ERROR oslo_messaging.rpc.server
File "/var/lib/openstack/lib/python3.12/site-packages/neutron/api/rpc/handlers/dhcp_rpc.py", line 118, in _port_action
2026-07-07 00:24:46.161 13 ERROR oslo_messaging.rpc.server return p_utils.create_port(plugin, context, port)
2026-07-07 00:24:46.161 13 ERROR oslo_messaging.rpc.server ^^^^^^^^^^^^^^^^^^^^^^^^^^^^^^^^^^^^^^^^^^
2026-07-07 00:24:46.161 13 ERROR oslo_messaging.rpc.server
File "/var/lib/openstack/lib/python3.12/site-packages/neutron_lib/plugins/utils.py", line 338, in create_port
2026-07-07 00:24:46.161 13 ERROR oslo_messaging.rpc.server return core_plugin.create_port(
2026-07-07 00:24:46.161 13 ERROR oslo_messaging.rpc.server ^^^^^^^^^^^^^^^^^^^^^^^^
2026-07-07 00:24:46.161 13 ERROR oslo_messaging.rpc.server
File "/var/lib/openstack/lib/python3.12/site-packages/neutron/common/utils.py", line 717, in inner
2026-07-07 00:24:46.161 13 ERROR oslo_messaging.rpc.server return f(*args, **kwargs)
2026-07-07 00:24:46.161 13 ERROR oslo_messaging.rpc.server ^^^^^^^^^^^^^^^^^^
2026-07-07 00:24:46.161 13 ERROR oslo_messaging.rpc.server
File "/var/lib/openstack/lib/python3.12/site-packages/neutron_lib/db/api.py", line 223, in wrapped
2026-07-07 00:24:46.161 13 ERROR oslo_messaging.rpc.server return f_with_retry(*args, **kwargs,
2026-07-07 00:24:46.161 13 ERROR oslo_messaging.rpc.server ^^^^^^^^^^^^^^^^^^^^^^^^^^^^^
2026-07-07 00:24:46.161 13 ERROR oslo_messaging.rpc.server
File "/var/lib/openstack/lib/python3.12/site-packages/neutron_lib/db/api.py", line 137, in wrapped
2026-07-07 00:24:46.161 13 ERROR oslo_messaging.rpc.server with excutils.save_and_reraise_exception():
2026-07-07 00:24:46.161 13 ERROR oslo_messaging.rpc.server
File "/var/lib/openstack/lib/python3.12/site-packages/oslo_utils/excutils.py", line 227, in __exit__
2026-07-07 00:24:46.161 13 ERROR oslo_messaging.rpc.server self.force_reraise()
2026-07-07 00:24:46.161 13 ERROR oslo_messaging.rpc.server
File "/var/lib/openstack/lib/python3.12/site-packages/oslo_utils/excutils.py", line 200, in force_reraise
2026-07-07 00:24:46.161 13 ERROR oslo_messaging.rpc.server raise self.value
2026-07-07 00:24:46.161 13 ERROR oslo_messaging.rpc.server
File "/var/lib/openstack/lib/python3.12/site-packages/neutron_lib/db/api.py", line 135, in wrapped
2026-07-07 00:24:46.161 13 ERROR oslo_messaging.rpc.server return f(*args, **kwargs)
2026-07-07 00:24:46.161 13 ERROR oslo_messaging.rpc.server ^^^^^^^^^^^^^^^^^^
2026-07-07 00:24:46.161 13 ERROR oslo_messaging.rpc.server
File "/var/lib/openstack/lib/python3.12/site-packages/oslo_db/api.py", line 144, in wrapper
2026-07-07 00:24:46.161 13 ERROR oslo_messaging.rpc.server with excutils.save_and_reraise_exception() as ectxt:
2026-07-07 00:24:46.161 13 ERROR oslo_messaging.rpc.server
File "/var/lib/openstack/lib/python3.12/site-packages/oslo_utils/excutils.py", line 227, in __exit__
2026-07-07 00:24:46.161 13 ERROR oslo_messaging.rpc.server self.force_reraise()
2026-07-07 00:24:46.161 13 ERROR oslo_messaging.rpc.server
File "/var/lib/openstack/lib/python3.12/site-packages/oslo_utils/excutils.py", line 200, in force_reraise
2026-07-07 00:24:46.161 13 ERROR oslo_messaging.rpc.server raise self.value
2026-07-07 00:24:46.161 13 ERROR oslo_messaging.rpc.server
File "/var/lib/openstack/lib/python3.12/site-packages/oslo_db/api.py", line 142, in wrapper
2026-07-07 00:24:46.161 13 ERROR oslo_messaging.rpc.server return f(*args, **kwargs)
2026-07-07 00:24:46.161 13 ERROR oslo_messaging.rpc.server ^^^^^^^^^^^^^^^^^^
2026-07-07 00:24:46.161 13 ERROR oslo_messaging.rpc.server
File "/var/lib/openstack/lib/python3.12/site-packages/neutron_lib/db/api.py", line 183, in wrapped
2026-07-07 00:24:46.161 13 ERROR oslo_messaging.rpc.server with excutils.save_and_reraise_exception():
2026-07-07 00:24:46.161 13 ERROR oslo_messaging.rpc.server
File "/var/lib/openstack/lib/python3.12/site-packages/oslo_utils/excutils.py", line 227, in __exit__
2026-07-07 00:24:46.161 13 ERROR oslo_messaging.rpc.server self.force_reraise()
2026-07-07 00:24:46.161 13 ERROR oslo_messaging.rpc.server
File "/var/lib/openstack/lib/python3.12/site-packages/oslo_utils/excutils.py", line 200, in force_reraise
2026-07-07 00:24:46.161 13 ERROR oslo_messaging.rpc.server raise self.value
2026-07-07 00:24:46.161 13 ERROR oslo_messaging.rpc.server
File "/var/lib/openstack/lib/python3.12/site-packages/neutron_lib/db/api.py", line 181, in wrapped
2026-07-07 00:24:46.161 13 ERROR oslo_messaging.rpc.server return f(*dup_args, **dup_kwargs)
2026-07-07 00:24:46.161 13 ERROR oslo_messaging.rpc.server ^^^^^^^^^^^^^^^^^^^^^^^^^^
2026-07-07 00:24:46.161 13 ERROR oslo_messaging.rpc.server
File "/var/lib/openstack/lib/python3.12/site-packages/neutron/plugins/ml2/plugin.py", line 1660, in create_port
2026-07-07 00:24:46.161 13 ERROR oslo_messaging.rpc.server result, mech_context = self._create_port_db(context, port)
2026-07-07 00:24:46.161 13 ERROR oslo_messaging.rpc.server ^^^^^^^^^^^^^^^^^^^^^^^^^^^^^^^^^^^
2026-07-07 00:24:46.161 13 ERROR oslo_messaging.rpc.server
File "/var/lib/openstack/lib/python3.12/site-packages/neutron/plugins/ml2/plugin.py", line 1625, in _create_port_db
2026-07-07 00:24:46.161 13 ERROR oslo_messaging.rpc.server port_db = self.create_port_db(context, port)
2026-07-07 00:24:46.161 13 ERROR oslo_messaging.rpc.server ^^^^^^^^^^^^^^^^^^^^^^^^^^^^^^^^^^
2026-07-07 00:24:46.161 13 ERROR oslo_messaging.rpc.server
File "/var/lib/openstack/lib/python3.12/site-packages/neutron/db/db_base_plugin_v2.py", line 1572, in create_port_db
2026-07-07 00:24:46.161 13 ERROR oslo_messaging.rpc.server self.ipam.allocate_ips_for_port_and_store(
2026-07-07 00:24:46.161 13 ERROR oslo_messaging.rpc.server
File "/var/lib/openstack/lib/python3.12/site-packages/neutron/db/ipam_pluggable_backend.py", line 219, in allocate_ips_for_port_and_store
2026-07-07 00:24:46.161 13 ERROR oslo_messaging.rpc.server ips = self.allocate_ips_for_port(context, port_copy)
2026-07-07 00:24:46.161 13 ERROR oslo_messaging.rpc.server ^^^^^^^^^^^^^^^^^^^^^^^^^^^^^^^^^^^^^^^^^^^^^^
2026-07-07 00:24:46.161 13 ERROR oslo_messaging.rpc.server
File "/var/lib/openstack/lib/python3.12/site-packages/neutron_lib/db/api.py", line 221, in wrapped
2026-07-07 00:24:46.161 13 ERROR oslo_messaging.rpc.server return f(*args, **kwargs)
2026-07-07 00:24:46.161 13 ERROR oslo_messaging.rpc.server ^^^^^^^^^^^^^^^^^^
2026-07-07 00:24:46.161 13 ERROR oslo_messaging.rpc.server
File "/var/lib/openstack/lib/python3.12/site-packages/oslo_db/sqlalchemy/enginefacade.py", line 1183, in wrapper
2026-07-07 00:24:46.161 13 ERROR oslo_messaging.rpc.server return fn(*args, **kwargs)
2026-07-07 00:24:46.161 13 ERROR oslo_messaging.rpc.server ^^^^^^^^^^^^^^^^^^^
2026-07-07 00:24:46.161 13 ERROR oslo_messaging.rpc.server
File "/var/lib/openstack/lib/python3.12/site-packages/neutron/db/ipam_pluggable_backend.py", line 226, in allocate_ips_for_port
2026-07-07 00:24:46.161 13 ERROR oslo_messaging.rpc.server return self._allocate_ips_for_port(context, port)
2026-07-07 00:24:46.161 13 ERROR oslo_messaging.rpc.server ^^^^^^^^^^^^^^^^^^^^^^^^^^^^^^^^^^^^^^^^^^
2026-07-07 00:24:46.161 13 ERROR oslo_messaging.rpc.server
File "/var/lib/openstack/lib/python3.12/site-packages/neutron/db/ipam_pluggable_backend.py", line 258, in _allocate_ips_for_port
2026-07-07 00:24:46.161 13 ERROR oslo_messaging.rpc.server subnets = self._ipam_get_subnets(
2026-07-07 00:24:46.161 13 ERROR oslo_messaging.rpc.server ^^^^^^^^^^^^^^^^^^^^^^^
2026-07-07 00:24:46.161 13 ERROR oslo_messaging.rpc.server
File "/var/lib/openstack/lib/python3.12/site-packages/neutron/db/ipam_backend_mixin.py", line 686, in _ipam_get_subnets
2026-07-07 00:24:46.161 13 ERROR oslo_messaging.rpc.server subnet.read_lock_register(
2026-07-07 00:24:46.161 13 ERROR oslo_messaging.rpc.server
File "/var/lib/openstack/lib/python3.12/site-packages/neutron/db/models_v2.py", line 77, in read_lock_register
2026-07-07 00:24:46.161 13 ERROR oslo_messaging.rpc.server raise exception
2026-07-07 00:24:46.161 13 ERROR oslo_messaging.rpc.server neutron_lib.exceptions.SubnetInUse: Unable to complete operation on subnet 11272f72-e947-41a3-9499-a15aed5e91ee: This subnet is being modified by another concurrent operation.
2026-07-07 00:24:46.161 13 ERROR oslo_messaging.rpc.server
2026-07-07 00:24:54.608 13 INFO neutron.plugins.ml2.plugin [None req-47df42e6-126f-43fb-a266-62cd03b887a9 - - - - - -] Attempt 1 to provision port 23918db0-1d87-478b-9a83-db3545687515
2026-07-07 00:24:56.507 13 INFO neutron.plugins.ml2.plugin [None req-47df42e6-126f-43fb-a266-62cd03b887a9 - - - - - -] Attempt 1 to provision port 23918db0-1d87-478b-9a83-db3545687515
2026-07-07 00:24:56.587 16 INFO neutron.plugins.ml2.plugin [None req-f634ba49-703d-494f-95c4-6a26cf5e763d - - - - - -] Attempt 1 to provision port 8a5b16d1-2042-4eb2-b7ab-dee590ca12a0
2026-07-07 00:24:56.612 16 INFO neutron.plugins.ml2.plugin [None req-f634ba49-703d-494f-95c4-6a26cf5e763d - - - - - -] Attempt 1 to provision port 23918db0-1d87-478b-9a83-db3545687515
2026-07-07 00:25:28.649 13 INFO neutron.plugins.ml2.plugin [None req-47df42e6-126f-43fb-a266-62cd03b887a9 - - - - - -] Attempt 1 to provision port d894d3a8-9f22-4475-a3f7-49b74b4fe3e0
2026-07-07 00:25:30.586 16 INFO neutron.plugins.ml2.plugin [None req-47df42e6-126f-43fb-a266-62cd03b887a9 - - - - - -] Attempt 1 to provision port cdf313dd-b01c-4d69-ab73-eccfb2186047
2026-07-07 00:25:31.304 16 INFO neutron.plugins.ml2.plugin [None req-47df42e6-126f-43fb-a266-62cd03b887a9 - - - - - -] Attempt 1 to provision port d894d3a8-9f22-4475-a3f7-49b74b4fe3e0
2026-07-07 00:25:32.197 13 INFO neutron.plugins.ml2.plugin [None req-2df28048-b3ca-4df0-8aea-269605321dca - - - - - -] Attempt 1 to provision port cdf313dd-b01c-4d69-ab73-eccfb2186047
2026-07-07 00:25:32.244 13 INFO neutron.plugins.ml2.plugin [None req-2df28048-b3ca-4df0-8aea-269605321dca - - - - - -] Attempt 1 to provision port 1be4d08e-3ff0-41fd-a648-ea9b5e3613f0
2026-07-07 00:25:32.625 16 INFO neutron.plugins.ml2.plugin [None req-47df42e6-126f-43fb-a266-62cd03b887a9 - - - - - -] Attempt 1 to provision port cdf313dd-b01c-4d69-ab73-eccfb2186047
2026-07-07 00:25:32.803 16 INFO neutron.plugins.ml2.plugin [None req-47df42e6-126f-43fb-a266-62cd03b887a9 - - - - - -] Attempt 1 to provision port 382109e4-2bef-435e-8f0e-5fd3c4d97dec
2026-07-07 00:25:34.542 13 INFO neutron.plugins.ml2.plugin [None req-47df42e6-126f-43fb-a266-62cd03b887a9 - - - - - -] Attempt 1 to provision port 382109e4-2bef-435e-8f0e-5fd3c4d97dec
2026-07-07 00:25:36.579 16 INFO neutron.plugins.ml2.plugin [None req-47df42e6-126f-43fb-a266-62cd03b887a9 - - - - - -] Attempt 1 to provision port 7e3318f6-52dd-4f93-8463-dd911c6295c8
2026-07-07 00:25:38.550 16 INFO neutron.plugins.ml2.plugin [None req-47df42e6-126f-43fb-a266-62cd03b887a9 - - - - - -] Attempt 1 to provision port 7e3318f6-52dd-4f93-8463-dd911c6295c8
2026-07-07 00:25:42.061 16 INFO neutron.plugins.ml2.plugin [None req-36d4016d-7e33-4a36-b438-75fba1813365 - - - - - -] Attempt 1 to provision port 7e3318f6-52dd-4f93-8463-dd911c6295c8
2026-07-07 00:25:42.118 16 INFO neutron.plugins.ml2.plugin [None req-36d4016d-7e33-4a36-b438-75fba1813365 - - - - - -] Attempt 1 to provision port 7ac1f8e3-6e8e-4bcb-aebe-a1052bc28b66
2026-07-07 00:25:42.179 16 INFO neutron.plugins.ml2.plugin [None req-36d4016d-7e33-4a36-b438-75fba1813365 - - - - - -] Attempt 1 to provision port 2330dd65-5bd0-4249-910e-8634237290d9
2026-07-07 00:25:42.212 16 INFO neutron.plugins.ml2.plugin [None req-36d4016d-7e33-4a36-b438-75fba1813365 - - - - - -] Attempt 1 to provision port e8151e34-5be9-4075-9b6d-081ae85e1540
2026-07-07 00:25:45.557 13 INFO neutron.plugins.ml2.plugin [None req-47df42e6-126f-43fb-a266-62cd03b887a9 - - - - - -] Attempt 1 to provision port 14b962fb-e90e-44a0-b0c6-5cc420633d01
2026-07-07 00:25:45.947 13 INFO neutron.notifiers.nova [-] Nova event matching ['req-36ec0fb2-23d3-4826-bd22-0cb8f0fc1f96'] response: {'server_uuid': '361aa9ed-6b56-47d6-9228-e2a919d53a35', 'name': 'network-vif-plugged', 'status': 'completed', 'tag': '14b962fb-e90e-44a0-b0c6-5cc420633d01', 'code': 200}
2026-07-07 00:25:46.828 16 INFO neutron.plugins.ml2.plugin [None req-47df42e6-126f-43fb-a266-62cd03b887a9 - - - - - -] Attempt 1 to provision port 14b962fb-e90e-44a0-b0c6-5cc420633d01
2026-07-07 00:25:47.066 16 INFO neutron.plugins.ml2.plugin [None req-47df42e6-126f-43fb-a266-62cd03b887a9 - - - - - -] Attempt 1 to provision port 1be4d08e-3ff0-41fd-a648-ea9b5e3613f0
2026-07-07 00:25:48.308 13 INFO neutron.plugins.ml2.plugin [None req-b600bc3e-a0ab-49f4-a5e4-fe3bdeafcc8b - - - - - -] Attempt 1 to provision port 7e3318f6-52dd-4f93-8463-dd911c6295c8
2026-07-07 00:25:48.362 13 INFO neutron.plugins.ml2.plugin [None req-b600bc3e-a0ab-49f4-a5e4-fe3bdeafcc8b - - - - - -] Attempt 1 to provision port 2330dd65-5bd0-4249-910e-8634237290d9
2026-07-07 00:25:48.665 16 INFO neutron.plugins.ml2.plugin [None req-47df42e6-126f-43fb-a266-62cd03b887a9 - - - - - -] Attempt 1 to provision port 1be4d08e-3ff0-41fd-a648-ea9b5e3613f0
2026-07-07 00:25:48.988 16 INFO neutron.plugins.ml2.plugin [None req-47df42e6-126f-43fb-a266-62cd03b887a9 - - - - - -] Attempt 1 to provision port 7ac1f8e3-6e8e-4bcb-aebe-a1052bc28b66
2026-07-07 00:25:50.738 13 INFO neutron.plugins.ml2.plugin [None req-47df42e6-126f-43fb-a266-62cd03b887a9 - - - - - -] Attempt 1 to provision port 2330dd65-5bd0-4249-910e-8634237290d9
2026-07-07 00:25:51.000 13 INFO neutron.plugins.ml2.plugin [None req-47df42e6-126f-43fb-a266-62cd03b887a9 - - - - - -] Attempt 1 to provision port e8151e34-5be9-4075-9b6d-081ae85e1540
2026-07-07 00:25:51.298 13 INFO neutron.plugins.ml2.plugin [None req-47df42e6-126f-43fb-a266-62cd03b887a9 - - - - - -] Attempt 1 to provision port 7ac1f8e3-6e8e-4bcb-aebe-a1052bc28b66
2026-07-07 00:25:52.658 13 INFO neutron.plugins.ml2.plugin [None req-47df42e6-126f-43fb-a266-62cd03b887a9 - - - - - -] Attempt 1 to provision port 2330dd65-5bd0-4249-910e-8634237290d9
2026-07-07 00:25:52.847 13 INFO neutron.plugins.ml2.plugin [None req-47df42e6-126f-43fb-a266-62cd03b887a9 - - - - - -] Attempt 1 to provision port e8151e34-5be9-4075-9b6d-081ae85e1540
2026-07-07 00:25:55.187 13 INFO neutron.plugins.ml2.plugin [None req-d1ac49cb-0046-467e-a20b-67458d9ecd4c - - - - - -] Attempt 1 to provision port 1be4d08e-3ff0-41fd-a648-ea9b5e3613f0
2026-07-07 00:25:55.245 13 INFO neutron.plugins.ml2.plugin [None req-d1ac49cb-0046-467e-a20b-67458d9ecd4c - - - - - -] Attempt 1 to provision port cdf313dd-b01c-4d69-ab73-eccfb2186047
2026-07-07 00:25:55.303 13 INFO neutron.plugins.ml2.plugin [None req-d1ac49cb-0046-467e-a20b-67458d9ecd4c - - - - - -] Attempt 1 to provision port 14b962fb-e90e-44a0-b0c6-5cc420633d01
2026-07-07 00:25:55.380 13 INFO neutron.plugins.ml2.plugin [None req-d1ac49cb-0046-467e-a20b-67458d9ecd4c - - - - - -] Attempt 1 to provision port 2330dd65-5bd0-4249-910e-8634237290d9
2026-07-07 00:26:00.704 16 INFO neutron.plugins.ml2.plugin [None req-47df42e6-126f-43fb-a266-62cd03b887a9 - - - - - -] Attempt 1 to provision port dc94c726-a931-481a-a18d-ddf0322728db
2026-07-07 00:26:02.722 13 INFO neutron.plugins.ml2.plugin [None req-47df42e6-126f-43fb-a266-62cd03b887a9 - - - - - -] Attempt 1 to provision port dc94c726-a931-481a-a18d-ddf0322728db
2026-07-07 00:26:02.909 13 INFO neutron.plugins.ml2.plugin [None req-47df42e6-126f-43fb-a266-62cd03b887a9 - - - - - -] Attempt 1 to provision port 792424b3-2131-4c85-b655-f06cf8f29579
2026-07-07 00:26:04.764 16 INFO neutron.plugins.ml2.plugin [None req-47df42e6-126f-43fb-a266-62cd03b887a9 - - - - - -] Attempt 1 to provision port 94406f59-738f-4c93-a6c1-7d16dc0c20ab
2026-07-07 00:26:05.203 16 INFO neutron.plugins.ml2.plugin [None req-47df42e6-126f-43fb-a266-62cd03b887a9 - - - - - -] Attempt 1 to provision port 792424b3-2131-4c85-b655-f06cf8f29579
2026-07-07 00:26:06.772 16 INFO neutron.plugins.ml2.plugin [None req-47df42e6-126f-43fb-a266-62cd03b887a9 - - - - - -] Attempt 1 to provision port c1da0112-838c-47d3-a0b9-dc845f07c86a
2026-07-07 00:26:07.739 16 INFO neutron.plugins.ml2.plugin [None req-47df42e6-126f-43fb-a266-62cd03b887a9 - - - - - -] Attempt 1 to provision port 94406f59-738f-4c93-a6c1-7d16dc0c20ab
2026-07-07 00:26:08.518 13 INFO neutron.plugins.ml2.plugin [None req-5e770ccd-d4e6-4b62-a65c-bfd4dfe87ef7 - - - - - -] Attempt 1 to provision port cc62c74d-8bc9-445c-987b-a957a4345b52
2026-07-07 00:26:08.554 13 INFO neutron.plugins.ml2.plugin [None req-5e770ccd-d4e6-4b62-a65c-bfd4dfe87ef7 - - - - - -] Attempt 1 to provision port dc94c726-a931-481a-a18d-ddf0322728db
2026-07-07 00:26:08.612 13 INFO neutron.plugins.ml2.plugin [None req-5e770ccd-d4e6-4b62-a65c-bfd4dfe87ef7 - - - - - -] Attempt 1 to provision port 94406f59-738f-4c93-a6c1-7d16dc0c20ab
2026-07-07 00:26:08.680 13 INFO neutron.plugins.ml2.plugin [None req-5e770ccd-d4e6-4b62-a65c-bfd4dfe87ef7 - - - - - -] Attempt 1 to provision port 2330dd65-5bd0-4249-910e-8634237290d9
2026-07-07 00:26:08.729 13 INFO neutron.plugins.ml2.plugin [None req-5e770ccd-d4e6-4b62-a65c-bfd4dfe87ef7 - - - - - -] Attempt 1 to provision port 98d80a0c-f119-42c3-b0fd-96b44aef8a0d
2026-07-07 00:26:08.794 16 INFO neutron.plugins.ml2.plugin [None req-47df42e6-126f-43fb-a266-62cd03b887a9 - - - - - -] Attempt 1 to provision port c1da0112-838c-47d3-a0b9-dc845f07c86a
2026-07-07 00:26:13.035 16 INFO neutron.plugins.ml2.plugin [None req-47df42e6-126f-43fb-a266-62cd03b887a9 - - - - - -] Attempt 1 to provision port 8458c00b-9d75-4840-9762-57756929686a
2026-07-07 00:26:14.857 16 INFO neutron.plugins.ml2.plugin [None req-47df42e6-126f-43fb-a266-62cd03b887a9 - - - - - -] Attempt 1 to provision port 8458c00b-9d75-4840-9762-57756929686a
2026-07-07 00:26:15.602 13 INFO neutron.plugins.ml2.plugin [None req-97ddcbb1-2bfb-4300-b7ef-5eaafcfb66a5 - - - - - -] Attempt 1 to provision port c02e9c3b-49a5-42f1-817e-f7cbfaea0acb
2026-07-07 00:26:15.625 13 INFO neutron.plugins.ml2.plugin [None req-97ddcbb1-2bfb-4300-b7ef-5eaafcfb66a5 - - - - - -] Attempt 1 to provision port 8458c00b-9d75-4840-9762-57756929686a
2026-07-07 00:26:15.675 13 INFO neutron.plugins.ml2.plugin [None req-97ddcbb1-2bfb-4300-b7ef-5eaafcfb66a5 - - - - - -] Attempt 1 to provision port cc62c74d-8bc9-445c-987b-a957a4345b52
2026-07-07 00:26:15.702 13 INFO neutron.plugins.ml2.plugin [None req-97ddcbb1-2bfb-4300-b7ef-5eaafcfb66a5 - - - - - -] Attempt 1 to provision port c7ea211c-afef-40cc-bd08-2d46cd6b8047
2026-07-07 00:26:15.724 13 INFO neutron.plugins.ml2.plugin [None req-97ddcbb1-2bfb-4300-b7ef-5eaafcfb66a5 - - - - - -] Attempt 1 to provision port 4fe0f26e-6a6a-4905-b842-7ed1c0b0158f
2026-07-07 00:26:15.756 13 INFO neutron.plugins.ml2.plugin [None req-97ddcbb1-2bfb-4300-b7ef-5eaafcfb66a5 - - - - - -] Attempt 1 to provision port dc94c726-a931-481a-a18d-ddf0322728db
2026-07-07 00:26:15.809 13 INFO neutron.plugins.ml2.plugin [None req-97ddcbb1-2bfb-4300-b7ef-5eaafcfb66a5 - - - - - -] Attempt 1 to provision port 94406f59-738f-4c93-a6c1-7d16dc0c20ab
2026-07-07 00:26:17.265 13 INFO neutron.plugins.ml2.plugin [None req-47df42e6-126f-43fb-a266-62cd03b887a9 - - - - - -] Attempt 1 to provision port f1b226f7-1384-419f-b1b6-e1e6a561dcdc
2026-07-07 00:26:17.385 13 INFO neutron.notifiers.nova [-] Nova event matching ['req-65e137fc-fd31-44c6-bd46-0e8ef8b00a97'] response: {'server_uuid': 'ee8b6b17-b6c1-46be-8a4e-fbbaef90e87b', 'name': 'network-vif-plugged', 'status': 'completed', 'tag': 'f1b226f7-1384-419f-b1b6-e1e6a561dcdc', 'code': 200}
2026-07-07 00:26:19.829 13 INFO neutron.plugins.ml2.plugin [None req-47df42e6-126f-43fb-a266-62cd03b887a9 - - - - - -] Attempt 1 to provision port f1b226f7-1384-419f-b1b6-e1e6a561dcdc
2026-07-07 00:26:20.229 13 INFO neutron.plugins.ml2.plugin [None req-47df42e6-126f-43fb-a266-62cd03b887a9 - - - - - -] Attempt 1 to provision port 3f90198c-4ee9-4a92-9eea-961db9b894c7
2026-07-07 00:26:20.423 13 INFO neutron.notifiers.nova [-] Nova event matching ['req-7b5baf20-6e13-499f-93b8-b9778939373b'] response: {'server_uuid': '6976272c-0421-4eaf-84c1-69aadf7d7c26', 'name': 'network-vif-plugged', 'status': 'completed', 'tag': '3f90198c-4ee9-4a92-9eea-961db9b894c7', 'code': 200}
2026-07-07 00:26:21.501 16 INFO neutron.plugins.ml2.plugin [None req-47df42e6-126f-43fb-a266-62cd03b887a9 - - - - - -] Attempt 1 to provision port cc62c74d-8bc9-445c-987b-a957a4345b52
2026-07-07 00:26:21.643 13 INFO neutron.plugins.ml2.plugin [None req-08a62fb5-6752-4a0b-b19f-1c32852f30e5 - - - - - -] Attempt 1 to provision port 4fe0f26e-6a6a-4905-b842-7ed1c0b0158f
2026-07-07 00:26:21.784 13 INFO neutron.plugins.ml2.plugin [None req-08a62fb5-6752-4a0b-b19f-1c32852f30e5 - - - - - -] Attempt 1 to provision port dc94c726-a931-481a-a18d-ddf0322728db
2026-07-07 00:26:21.789 16 INFO neutron.plugins.ml2.plugin [None req-47df42e6-126f-43fb-a266-62cd03b887a9 - - - - - -] Attempt 1 to provision port 4fe0f26e-6a6a-4905-b842-7ed1c0b0158f
2026-07-07 00:26:21.832 13 INFO neutron.plugins.ml2.plugin [None req-08a62fb5-6752-4a0b-b19f-1c32852f30e5 - - - - - -] Attempt 1 to provision port 94406f59-738f-4c93-a6c1-7d16dc0c20ab
2026-07-07 00:26:21.963 13 INFO neutron.plugins.ml2.plugin [None req-08a62fb5-6752-4a0b-b19f-1c32852f30e5 - - - - - -] Attempt 1 to provision port cc62c74d-8bc9-445c-987b-a957a4345b52
2026-07-07 00:26:21.993 13 INFO neutron.plugins.ml2.plugin [None req-08a62fb5-6752-4a0b-b19f-1c32852f30e5 - - - - - -] Attempt 1 to provision port f1b226f7-1384-419f-b1b6-e1e6a561dcdc
2026-07-07 00:26:22.234 16 INFO neutron.plugins.ml2.plugin [None req-47df42e6-126f-43fb-a266-62cd03b887a9 - - - - - -] Attempt 1 to provision port 3f90198c-4ee9-4a92-9eea-961db9b894c7
2026-07-07 00:26:22.605 16 INFO neutron.plugins.ml2.plugin [None req-47df42e6-126f-43fb-a266-62cd03b887a9 - - - - - -] Attempt 1 to provision port 98d80a0c-f119-42c3-b0fd-96b44aef8a0d
2026-07-07 00:26:23.076 16 INFO neutron.plugins.ml2.plugin [None req-47df42e6-126f-43fb-a266-62cd03b887a9 - - - - - -] Attempt 1 to provision port 69f1d74a-bf00-475b-b115-36c7c844120c
2026-07-07 00:26:23.767 13 INFO neutron.plugins.ml2.plugin [None req-47df42e6-126f-43fb-a266-62cd03b887a9 - - - - - -] Attempt 1 to provision port cc62c74d-8bc9-445c-987b-a957a4345b52
2026-07-07 00:26:24.146 13 INFO neutron.plugins.ml2.plugin [None req-47df42e6-126f-43fb-a266-62cd03b887a9 - - - - - -] Attempt 1 to provision port c7ea211c-afef-40cc-bd08-2d46cd6b8047
2026-07-07 00:26:24.654 13 INFO neutron.plugins.ml2.plugin [None req-47df42e6-126f-43fb-a266-62cd03b887a9 - - - - - -] Attempt 1 to provision port c02e9c3b-49a5-42f1-817e-f7cbfaea0acb
2026-07-07 00:26:25.007 13 INFO neutron.plugins.ml2.plugin [None req-47df42e6-126f-43fb-a266-62cd03b887a9 - - - - - -] Attempt 1 to provision port 4fe0f26e-6a6a-4905-b842-7ed1c0b0158f
2026-07-07 00:26:25.184 13 INFO neutron.plugins.ml2.plugin [None req-47df42e6-126f-43fb-a266-62cd03b887a9 - - - - - -] Attempt 1 to provision port 98d80a0c-f119-42c3-b0fd-96b44aef8a0d
2026-07-07 00:26:25.331 13 INFO neutron.plugins.ml2.plugin [None req-47df42e6-126f-43fb-a266-62cd03b887a9 - - - - - -] Attempt 1 to provision port 69f1d74a-bf00-475b-b115-36c7c844120c
2026-07-07 00:26:26.487 16 INFO neutron.plugins.ml2.plugin [None req-47df42e6-126f-43fb-a266-62cd03b887a9 - - - - - -] Attempt 1 to provision port c7ea211c-afef-40cc-bd08-2d46cd6b8047
2026-07-07 00:26:26.653 16 INFO neutron.plugins.ml2.plugin [None req-47df42e6-126f-43fb-a266-62cd03b887a9 - - - - - -] Attempt 1 to provision port c02e9c3b-49a5-42f1-817e-f7cbfaea0acb
2026-07-07 00:26:27.281 13 INFO neutron.plugins.ml2.plugin [None req-e34baf23-9d1e-4c3d-88f9-dfd077d98852 - - - - - -] Attempt 1 to provision port c02e9c3b-49a5-42f1-817e-f7cbfaea0acb
2026-07-07 00:26:27.345 13 INFO neutron.plugins.ml2.plugin [None req-e34baf23-9d1e-4c3d-88f9-dfd077d98852 - - - - - -] Attempt 1 to provision port 4fe0f26e-6a6a-4905-b842-7ed1c0b0158f
2026-07-07 00:26:27.405 13 INFO neutron.plugins.ml2.plugin [None req-e34baf23-9d1e-4c3d-88f9-dfd077d98852 - - - - - -] Attempt 1 to provision port 8458c00b-9d75-4840-9762-57756929686a
2026-07-07 00:26:30.430 13 INFO neutron.plugins.ml2.plugin [None req-47df42e6-126f-43fb-a266-62cd03b887a9 - - - - - -] Attempt 1 to provision port f1c3d4a5-20cc-4064-8129-10e685f9448e
2026-07-07 00:26:32.438 13 INFO neutron.plugins.ml2.plugin [None req-47df42e6-126f-43fb-a266-62cd03b887a9 - - - - - -] Attempt 1 to provision port f1c3d4a5-20cc-4064-8129-10e685f9448e
2026-07-07 00:26:34.700 16 INFO neutron.plugins.ml2.plugin [None req-47df42e6-126f-43fb-a266-62cd03b887a9 - - - - - -] Attempt 1 to provision port 297a2ce3-2cb6-4665-9312-43dd1818cba1
2026-07-07 00:26:34.801 16 INFO neutron.notifiers.nova [-] Nova event matching ['req-3f827f85-fbec-4ae6-9c74-b1604a796f50'] response: {'server_uuid': 'c29e1ebd-4d83-4031-8c9c-1e5da9cae8d8', 'name': 'network-vif-plugged', 'status': 'completed', 'tag': '297a2ce3-2cb6-4665-9312-43dd1818cba1', 'code': 200}
2026-07-07 00:26:35.406 16 INFO neutron.plugins.ml2.plugin [None req-8350a2a3-16d2-4476-b0fe-4d690917b4d0 - - - - - -] Attempt 1 to provision port f1c3d4a5-20cc-4064-8129-10e685f9448e
2026-07-07 00:26:35.484 16 INFO neutron.plugins.ml2.plugin [None req-8350a2a3-16d2-4476-b0fe-4d690917b4d0 - - - - - -] Attempt 1 to provision port 69f1d74a-bf00-475b-b115-36c7c844120c
2026-07-07 00:26:35.550 16 INFO neutron.plugins.ml2.plugin [None req-8350a2a3-16d2-4476-b0fe-4d690917b4d0 - - - - - -] Attempt 1 to provision port 4fe0f26e-6a6a-4905-b842-7ed1c0b0158f
2026-07-07 00:26:35.611 16 INFO neutron.plugins.ml2.plugin [None req-8350a2a3-16d2-4476-b0fe-4d690917b4d0 - - - - - -] Attempt 1 to provision port cc62c74d-8bc9-445c-987b-a957a4345b52
2026-07-07 00:26:36.453 16 INFO neutron.plugins.ml2.plugin [None req-47df42e6-126f-43fb-a266-62cd03b887a9 - - - - - -] Attempt 1 to provision port 297a2ce3-2cb6-4665-9312-43dd1818cba1
2026-07-07 00:26:43.349 13 INFO neutron.plugins.ml2.plugin [None req-b49b0169-f9d1-43b8-a7d5-b2863bb54470 - - - - - -] Attempt 1 to provision port f1c3d4a5-20cc-4064-8129-10e685f9448e
2026-07-07 00:26:43.402 13 INFO neutron.plugins.ml2.plugin [None req-b49b0169-f9d1-43b8-a7d5-b2863bb54470 - - - - - -] Attempt 1 to provision port 69f1d74a-bf00-475b-b115-36c7c844120c
2026-07-07 00:26:43.448 13 INFO neutron.plugins.ml2.plugin [None req-b49b0169-f9d1-43b8-a7d5-b2863bb54470 - - - - - -] Attempt 1 to provision port 297a2ce3-2cb6-4665-9312-43dd1818cba1
2026-07-07 00:26:43.517 13 INFO neutron.plugins.ml2.plugin [None req-b49b0169-f9d1-43b8-a7d5-b2863bb54470 - - - - - -] Attempt 1 to provision port cc62c74d-8bc9-445c-987b-a957a4345b52
2026-07-07 00:26:45.565 13 INFO neutron.plugins.ml2.plugin [None req-a38692ec-6d7f-4e7d-af10-eeb481b5da78 - - - - - -] Attempt 1 to provision port 69f1d74a-bf00-475b-b115-36c7c844120c
2026-07-07 00:26:45.625 13 INFO neutron.plugins.ml2.plugin [None req-a38692ec-6d7f-4e7d-af10-eeb481b5da78 - - - - - -] Attempt 1 to provision port f1b226f7-1384-419f-b1b6-e1e6a561dcdc
2026-07-07 00:26:49.479 16 INFO neutron.plugins.ml2.plugin [None req-efc06727-db2c-43c4-b409-2ee1f1e87adf - - - - - -] Attempt 1 to provision port 297a2ce3-2cb6-4665-9312-43dd1818cba1
2026-07-07 00:26:51.716 13 INFO neutron.plugins.ml2.plugin [None req-a1503da0-6808-4d9f-85a9-dee0ef2c1d30 - - - - - -] Attempt 1 to provision port 055d791d-00c6-4d50-9671-ad1dd96b25fc
2026-07-07 00:26:52.450 16 INFO neutron.plugins.ml2.plugin [None req-47df42e6-126f-43fb-a266-62cd03b887a9 - - - - - -] Attempt 1 to provision port 9b8b5739-4c42-4cde-9baf-d66f8bf8665c
2026-07-07 00:26:54.520 13 INFO neutron.plugins.ml2.plugin [None req-47df42e6-126f-43fb-a266-62cd03b887a9 - - - - - -] Attempt 1 to provision port 9b8b5739-4c42-4cde-9baf-d66f8bf8665c
2026-07-07 00:26:54.719 13 INFO neutron.plugins.ml2.plugin [None req-47df42e6-126f-43fb-a266-62cd03b887a9 - - - - - -] Attempt 1 to provision port 1ac114ff-43eb-44b3-ba93-16771eae0b51
2026-07-07 00:26:54.758 16 INFO neutron.plugins.ml2.plugin [None req-a911d93a-7d15-430c-a29b-114e824ab71a - - - - - -] Attempt 1 to provision port de1de425-c7c1-4315-9fb5-0e38f4963557
2026-07-07 00:26:54.786 16 INFO neutron.plugins.ml2.plugin [None req-a911d93a-7d15-430c-a29b-114e824ab71a - - - - - -] Attempt 1 to provision port 1ac114ff-43eb-44b3-ba93-16771eae0b51
2026-07-07 00:26:56.494 16 INFO neutron.plugins.ml2.plugin [None req-47df42e6-126f-43fb-a266-62cd03b887a9 - - - - - -] Attempt 1 to provision port 1ac114ff-43eb-44b3-ba93-16771eae0b51
2026-07-07 00:26:56.579 13 INFO neutron.plugins.ml2.plugin [None req-c5150e6a-4bc3-4064-bbcc-35bb8ae9bba2 - - - - - -] Attempt 1 to provision port de1de425-c7c1-4315-9fb5-0e38f4963557
2026-07-07 00:26:56.644 13 INFO neutron.plugins.ml2.plugin [None req-c5150e6a-4bc3-4064-bbcc-35bb8ae9bba2 - - - - - -] Attempt 1 to provision port 1ac114ff-43eb-44b3-ba93-16771eae0b51
2026-07-07 00:26:57.842 13 INFO neutron.plugins.ml2.plugin [None req-a044d43c-9252-4886-b6d5-4c3bd1981acc - - - - - -] Attempt 1 to provision port de1de425-c7c1-4315-9fb5-0e38f4963557
2026-07-07 00:26:59.109 13 INFO neutron.plugins.ml2.plugin [None req-2541f72c-6075-4320-a8e4-3f0cbab0b94c - - - - - -] Attempt 1 to provision port de1de425-c7c1-4315-9fb5-0e38f4963557
2026-07-07 00:27:01.953 16 INFO neutron.plugins.ml2.plugin [None req-d458f243-e02f-4155-97f8-0e9b752bce5c - - - - - -] Attempt 1 to provision port e5d2c795-473d-4c39-9dc4-c0541188d767
2026-07-07 00:27:05.057 13 INFO neutron.plugins.ml2.plugin [None req-47df42e6-126f-43fb-a266-62cd03b887a9 - - - - - -] Attempt 1 to provision port 3a8629b8-4bfd-4af2-92b3-8255a26e9303
2026-07-07 00:27:05.165 13 INFO neutron.notifiers.nova [-] Nova event matching ['req-4c2995ff-61e7-423a-bad9-0a994ef284ee'] response: {'server_uuid': '8bba2686-2032-4326-9ec4-10ebafe0e873', 'name': 'network-vif-plugged', 'status': 'completed', 'tag': '3a8629b8-4bfd-4af2-92b3-8255a26e9303', 'code': 200}
2026-07-07 00:27:06.457 16 INFO neutron.plugins.ml2.plugin [None req-47df42e6-126f-43fb-a266-62cd03b887a9 - - - - - -] Attempt 1 to provision port 3a8629b8-4bfd-4af2-92b3-8255a26e9303
2026-07-07 00:27:08.504 13 INFO neutron.plugins.ml2.plugin [None req-47df42e6-126f-43fb-a266-62cd03b887a9 - - - - - -] Attempt 1 to provision port 055d791d-00c6-4d50-9671-ad1dd96b25fc
2026-07-07 00:27:10.464 16 INFO neutron.plugins.ml2.plugin [None req-47df42e6-126f-43fb-a266-62cd03b887a9 - - - - - -] Attempt 1 to provision port 055d791d-00c6-4d50-9671-ad1dd96b25fc
2026-07-07 00:27:10.591 16 INFO neutron.plugins.ml2.plugin [None req-47df42e6-126f-43fb-a266-62cd03b887a9 - - - - - -] Attempt 1 to provision port de1de425-c7c1-4315-9fb5-0e38f4963557
2026-07-07 00:27:12.443 13 INFO neutron.plugins.ml2.plugin [None req-47df42e6-126f-43fb-a266-62cd03b887a9 - - - - - -] Attempt 1 to provision port de1de425-c7c1-4315-9fb5-0e38f4963557
2026-07-07 00:27:22.991 13 INFO neutron.plugins.ml2.plugin [None req-47df42e6-126f-43fb-a266-62cd03b887a9 - - - - - -] Attempt 1 to provision port 602f9637-fbd9-4cd4-bbe4-9df5812c24e2
2026-07-07 00:27:23.096 13 INFO neutron.notifiers.nova [-] Nova event matching ['req-7c7518a0-2ced-4e41-86ee-82cfe3b1356b'] response: {'server_uuid': 'cc70d36a-0940-42b7-b39e-de45beb11d61', 'name': 'network-vif-plugged', 'status': 'completed', 'tag': '602f9637-fbd9-4cd4-bbe4-9df5812c24e2', 'code': 200}
2026-07-07 00:27:24.490 13 INFO neutron.plugins.ml2.plugin [None req-47df42e6-126f-43fb-a266-62cd03b887a9 - - - - - -] Attempt 1 to provision port 602f9637-fbd9-4cd4-bbe4-9df5812c24e2
2026-07-07 00:27:43.026 16 INFO neutron.plugins.ml2.plugin [None req-47df42e6-126f-43fb-a266-62cd03b887a9 - - - - - -] Attempt 1 to provision port e8824a65-7f5d-49c2-9373-223397627788
2026-07-07 00:27:43.136 16 INFO neutron.notifiers.nova [-] Nova event matching ['req-8e3ff414-88a9-4cf5-8f14-eeb053c16245'] response: {'server_uuid': 'e13e0088-e104-492b-9531-c598ad3d684a', 'name': 'network-vif-plugged', 'status': 'completed', 'tag': 'e8824a65-7f5d-49c2-9373-223397627788', 'code': 200}
2026-07-07 00:27:44.474 13 INFO neutron.plugins.ml2.plugin [None req-47df42e6-126f-43fb-a266-62cd03b887a9 - - - - - -] Attempt 1 to provision port e8824a65-7f5d-49c2-9373-223397627788
2026-07-07 00:28:02.332 16 INFO neutron.plugins.ml2.plugin [None req-3abc6bdb-74f2-4ac1-8f04-5338f9943cef - - - - - -] Attempt 1 to provision port 0cb160e8-356f-4fbb-ae05-a1debdcf7495
2026-07-07 00:28:08.544 16 INFO neutron.plugins.ml2.plugin [None req-47df42e6-126f-43fb-a266-62cd03b887a9 - - - - - -] Attempt 1 to provision port 0cb160e8-356f-4fbb-ae05-a1debdcf7495
2026-07-07 00:28:08.642 16 INFO neutron.notifiers.nova [-] Nova event matching ['req-61363765-547c-4326-b9a5-3cdfa9ab3444'] response: {'server_uuid': 'cc70d36a-0940-42b7-b39e-de45beb11d61', 'name': 'network-vif-plugged', 'status': 'completed', 'tag': '0cb160e8-356f-4fbb-ae05-a1debdcf7495', 'code': 200}
2026-07-07 00:28:10.576 13 INFO neutron.plugins.ml2.plugin [None req-47df42e6-126f-43fb-a266-62cd03b887a9 - - - - - -] Attempt 1 to provision port 0cb160e8-356f-4fbb-ae05-a1debdcf7495
2026-07-07 00:28:13.008 13 INFO neutron.plugins.ml2.plugin [None req-47df42e6-126f-43fb-a266-62cd03b887a9 - - - - - -] Attempt 1 to provision port 0cb160e8-356f-4fbb-ae05-a1debdcf7495
2026-07-07 00:28:37.177 13 INFO neutron.plugins.ml2.plugin [None req-4c46c38e-82e1-4fb1-8d34-75092ed45a7a - - - - - -] Attempt 1 to provision port 5ebd6676-b0c5-458f-8a28-0af1da1daf40
2026-07-07 00:28:44.074 13 INFO neutron.plugins.ml2.plugin [None req-47df42e6-126f-43fb-a266-62cd03b887a9 - - - - - -] Attempt 1 to provision port 5ebd6676-b0c5-458f-8a28-0af1da1daf40
2026-07-07 00:28:44.178 13 INFO neutron.notifiers.nova [-] Nova event matching ['req-b9559e33-0639-499e-8c78-0a611e154363'] response: {'server_uuid': 'cc70d36a-0940-42b7-b39e-de45beb11d61', 'name': 'network-vif-plugged', 'status': 'completed', 'tag': '5ebd6676-b0c5-458f-8a28-0af1da1daf40', 'code': 200}
2026-07-07 00:28:44.671 16 INFO neutron.plugins.ml2.plugin [None req-47df42e6-126f-43fb-a266-62cd03b887a9 - - - - - -] Attempt 1 to provision port 5ebd6676-b0c5-458f-8a28-0af1da1daf40
2026-07-07 00:28:59.104 16 INFO neutron.plugins.ml2.plugin [None req-e095cb52-28f2-4847-97fb-18184c668aea - - - - - -] Attempt 1 to provision port 6e64dd93-7c93-462a-9bec-c3eb476fdbe9
2026-07-07 00:29:06.728 13 INFO neutron.plugins.ml2.plugin [None req-47df42e6-126f-43fb-a266-62cd03b887a9 - - - - - -] Attempt 1 to provision port 6e64dd93-7c93-462a-9bec-c3eb476fdbe9
2026-07-07 00:29:06.959 13 INFO neutron.notifiers.nova [-] Nova event matching ['req-6d74a001-7b67-4730-9f02-1089cd5bec9a'] response: {'server_uuid': 'cc70d36a-0940-42b7-b39e-de45beb11d61', 'name': 'network-vif-plugged', 'status': 'completed', 'tag': '6e64dd93-7c93-462a-9bec-c3eb476fdbe9', 'code': 200}
2026-07-07 00:29:08.967 13 INFO neutron.plugins.ml2.plugin [None req-47df42e6-126f-43fb-a266-62cd03b887a9 - - - - - -] Attempt 1 to provision port 6e64dd93-7c93-462a-9bec-c3eb476fdbe9
2026-07-07 00:29:09.306 16 INFO neutron.plugins.ml2.plugin [None req-d79e7390-2051-45cd-8064-22676c318072 - - - - - -] Attempt 1 to provision port 5ebd6676-b0c5-458f-8a28-0af1da1daf40
2026-07-07 00:29:22.177 16 INFO neutron.plugins.ml2.plugin [None req-f4954a4f-6ed7-4322-aa40-af66f41263db - - - - - -] Attempt 1 to provision port 6e64dd93-7c93-462a-9bec-c3eb476fdbe9
2026-07-07 00:29:22.786 16 INFO neutron.plugins.ml2.plugin [None req-47df42e6-126f-43fb-a266-62cd03b887a9 - - - - - -] Attempt 1 to provision port 6e64dd93-7c93-462a-9bec-c3eb476fdbe9
2026-07-07 00:29:23.572 13 INFO neutron.plugins.ml2.plugin [None req-88edeeef-a63b-4357-9654-7e24955d3628 - - - - - -] Attempt 1 to provision port 6e64dd93-7c93-462a-9bec-c3eb476fdbe9
2026-07-07 00:29:32.029 13 INFO neutron.plugins.ml2.plugin [None req-ab89b72d-70c9-4afc-8d61-c989b8a19282 - - - - - -] Attempt 1 to provision port 5ebd6676-b0c5-458f-8a28-0af1da1daf40
2026-07-07 00:29:32.718 16 INFO neutron.plugins.ml2.plugin [None req-47df42e6-126f-43fb-a266-62cd03b887a9 - - - - - -] Attempt 1 to provision port 5ebd6676-b0c5-458f-8a28-0af1da1daf40