Apr 02 05:54:51.518342 np0000162743 devstack@neutron-api.service[102099]: DEBUG neutron.plugins.ml2.drivers.ovn.mech_driver.ovsdb.ovsdb_monitor [None req-b6cd1ffb-2c9d-4654-b70d-11825a585676 None None] Hash Ring: Node 3bbc8ede1c595781bbd354e3b3558a32 (host: np0000162743) handling event "update" for row 0d471cb6-d079-4b1a-a962-fbf5890bf386 (table: Logical_Switch) {{(pid=102099) notify /opt/stack/neutron/neutron/plugins/ml2/drivers/ovn/mech_driver/ovsdb/ovsdb_monitor.py:912}}
Apr 02 05:54:51.519716 np0000162743 devstack@neutron-api.service[102099]: DEBUG neutron.plugins.ml2.drivers.ovn.mech_driver.ovsdb.ovsdb_monitor [None req-b6cd1ffb-2c9d-4654-b70d-11825a585676 None None] Touching Hash Ring node "3bbc8ede1c595781bbd354e3b3558a32" from IDL notify handler {{(pid=102099) notify /opt/stack/neutron/neutron/plugins/ml2/drivers/ovn/mech_driver/ovsdb/ovsdb_monitor.py:904}}
Apr 02 05:54:51.520367 np0000162743 devstack@neutron-api.service[102097]: DEBUG neutron.plugins.ml2.drivers.ovn.mech_driver.ovsdb.ovsdb_monitor [None req-18ad5b54-2a41-4ad6-9144-16c5c7242ce7 None None] Hash Ring: Node 420c171da3665853a17d19c53177668f (host: np0000162743) handling event "create" for row 8f459d1e-13cb-4939-8002-6ce3755dd767 (table: Port_Binding) {{(pid=102097) notify /opt/stack/neutron/neutron/plugins/ml2/drivers/ovn/mech_driver/ovsdb/ovsdb_monitor.py:912}}
Apr 02 05:54:51.523548 np0000162743 devstack@neutron-api.service[102099]: DEBUG neutron.plugins.ml2.drivers.ovn.mech_driver.ovsdb.ovsdb_monitor [None req-b6cd1ffb-2c9d-4654-b70d-11825a585676 None None] Hash Ring: Node 3bbc8ede1c595781bbd354e3b3558a32 (host: np0000162743) handling event "create" for row 35a97a9e-b8d4-4837-8266-044aec415d1e (table: Logical_Switch_Port) {{(pid=102099) notify /opt/stack/neutron/neutron/plugins/ml2/drivers/ovn/mech_driver/ovsdb/ovsdb_monitor.py:912}}
Apr 02 05:54:51.525145 np0000162743 devstack@neutron-api.service[102099]: DEBUG ovsdbapp.backend.ovs_idl.event [None req-b6cd1ffb-2c9d-4654-b70d-11825a585676 None None] Matched CREATE: LogicalSwitchPortCreateEvent(events=('create',), table='Logical_Switch_Port', conditions=[], old_conditions=None), priority=20 to row=Logical_Switch_Port(uuid=35a97a9e-b8d4-4837-8266-044aec415d1e, addresses=['fa:16:3e:69:7d:68 10.2.5.101', 'unknown'], dhcpv4_options=deedca81-f6fc-42ef-a8d9-8abceaaf2f18, dhcpv6_options=[], dynamic_addresses=[], enabled=True, external_ids={'neutron:cidrs': '10.2.5.101/24', 'neutron:device_id': 'manila-admin-share', 'neutron:device_owner': 'manila:share', 'neutron:mtu': '', 'neutron:network_name': 'neutron-0d471cb6-d079-4b1a-a962-fbf5890bf386', 'neutron:port_capabilities': '', 'neutron:port_name': '', 'neutron:project_id': '5b441382f723484393ee898ee658d031', 'neutron:revision_number': '1', 'neutron:security_group_ids': '', 'neutron:subnet_pool_addr_scope4': '', 'neutron:subnet_pool_addr_scope6': '', 'neutron:vnic_type': 'normal'}, ha_chassis_group=[], mirror_rules=[], name='8c4024b5-1f7d-47ef-a53f-07e10da2594e', options={'requested-chassis': 'np0000162743'}, parent_name=[], port_security=[], tag=[], tag_request=[], type='', up=[]) old= {{(pid=102099) matches /opt/stack/data/venv/lib/python3.12/site-packages/ovsdbapp/backend/ovs_idl/event.py:55}}
Apr 02 05:54:51.526533 np0000162743 devstack@neutron-api.service[102099]: INFO neutron.plugins.ml2.drivers.ovn.mech_driver.mech_driver [None req-8aefd350-b4f2-44b3-807d-243aed73d1f5 None None] OVN reports status down for port: 8c4024b5-1f7d-47ef-a53f-07e10da2594e
Apr 02 05:54:51.528416 np0000162743 devstack@neutron-api.service[102099]: DEBUG neutron.plugins.ml2.drivers.ovn.mech_driver.ovsdb.ovsdb_monitor [None req-b6cd1ffb-2c9d-4654-b70d-11825a585676 None None] Touching Hash Ring node "3bbc8ede1c595781bbd354e3b3558a32" from IDL notify handler {{(pid=102099) notify /opt/stack/neutron/neutron/plugins/ml2/drivers/ovn/mech_driver/ovsdb/ovsdb_monitor.py:904}}
Apr 02 05:54:51.531114 np0000162743 devstack@neutron-api.service[102099]: DEBUG neutron.plugins.ml2.drivers.ovn.mech_driver.ovsdb.ovsdb_monitor [None req-b6cd1ffb-2c9d-4654-b70d-11825a585676 None None] Hash Ring: Node 3bbc8ede1c595781bbd354e3b3558a32 (host: np0000162743) handling event "update" for row 35a97a9e-b8d4-4837-8266-044aec415d1e (table: Logical_Switch_Port) {{(pid=102099) notify /opt/stack/neutron/neutron/plugins/ml2/drivers/ovn/mech_driver/ovsdb/ovsdb_monitor.py:912}}
Apr 02 05:54:51.534851 np0000162743 devstack@neutron-api.service[102100]: INFO neutron.db.ovn_revision_numbers_db [None req-6a723ede-a735-4398-9060-161dc8d4ad59 service neutron] Successfully bumped revision number for resource 8c4024b5-1f7d-47ef-a53f-07e10da2594e (type: ports) to 1
Apr 02 05:54:51.553673 np0000162743 devstack@neutron-api.service[102099]: DEBUG neutron.db.provisioning_blocks [None req-8aefd350-b4f2-44b3-807d-243aed73d1f5 None None] Ignored duplicate provisioning block setup for port 8c4024b5-1f7d-47ef-a53f-07e10da2594e by entity L2. {{(pid=102099) add_provisioning_component /opt/stack/neutron/neutron/db/provisioning_blocks.py:69}}
Apr 02 05:54:51.554587 np0000162743 devstack@neutron-api.service[102100]: DEBUG neutron.plugins.ml2.managers [None req-6a723ede-a735-4398-9060-161dc8d4ad59 service neutron] Attempting to bind port 8c4024b5-1f7d-47ef-a53f-07e10da2594e on host np0000162743 for vnic_type normal with profile {{(pid=102100) bind_port /opt/stack/neutron/neutron/plugins/ml2/managers.py:814}}
Apr 02 05:54:51.554791 np0000162743 devstack@neutron-api.service[102100]: DEBUG neutron.plugins.ml2.managers [None req-6a723ede-a735-4398-9060-161dc8d4ad59 service neutron] Attempting to bind port 8c4024b5-1f7d-47ef-a53f-07e10da2594e by drivers ovn on host np0000162743 at level 0 using segments [{'id': '6525fcc1-c829-4cff-a8b7-53ad0e498fa5', 'network_type': 'geneve', 'physical_network': None, 'segmentation_id': 17306, 'network_id': '0d471cb6-d079-4b1a-a962-fbf5890bf386'}] {{(pid=102100) _bind_port_level /opt/stack/neutron/neutron/plugins/ml2/managers.py:839}}
Apr 02 05:54:51.556385 np0000162743 devstack@neutron-api.service[102100]: DEBUG neutron.plugins.ml2.drivers.ovn.mech_driver.mech_driver [None req-6a723ede-a735-4398-9060-161dc8d4ad59 service neutron] Attempting to bind port 8c4024b5-1f7d-47ef-a53f-07e10da2594e on host np0000162743 for network segment with type geneve, segmentation ID 17306, physical network None {{(pid=102100) bind_port /opt/stack/neutron/neutron/plugins/ml2/drivers/ovn/mech_driver/mech_driver.py:1194}}
Apr 02 05:54:51.556808 np0000162743 devstack@neutron-api.service[102100]: DEBUG neutron.plugins.ml2.managers [None req-6a723ede-a735-4398-9060-161dc8d4ad59 service neutron] Bound port: 8c4024b5-1f7d-47ef-a53f-07e10da2594e, host: np0000162743, vif_type: ovs, vif_details: {"port_filter": true, "connectivity": "l2", "ovs_create_tap": false, "bridge_name": "br-int", "datapath_type": "system"}, binding_levels: [{'bound_driver': 'ovn', 'bound_segment': {'id': '6525fcc1-c829-4cff-a8b7-53ad0e498fa5', 'network_type': 'geneve', 'physical_network': None, 'segmentation_id': 17306, 'network_id': '0d471cb6-d079-4b1a-a962-fbf5890bf386'}}] {{(pid=102100) _bind_port_level /opt/stack/neutron/neutron/plugins/ml2/managers.py:950}}
Apr 02 05:54:51.556978 np0000162743 devstack@neutron-api.service[102100]: DEBUG neutron_lib.callbacks.manager [None req-6a723ede-a735-4398-9060-161dc8d4ad59 service neutron] Publish callbacks ['neutron.plugins.ml2.plugin.SecurityGroupDbMixin._ensure_default_security_group_handler-857442', 'neutron.services.ovn_l3.plugin.OVNL3RouterPlugin._port_update-8135414989574', 'neutron.db.l3_db.L3_NAT_dbonly_mixin._prevent_internal_ip_change_for_fip-8135416048140'] for port (8c4024b5-1f7d-47ef-a53f-07e10da2594e), before_update {{(pid=102100) _notify_loop /opt/stack/data/venv/lib/python3.12/site-packages/neutron_lib/callbacks/manager.py:184}}
Apr 02 05:54:51.572682 np0000162743 devstack@neutron-api.service[102099]: DEBUG neutron.plugins.ml2.plugin [None req-8aefd350-b4f2-44b3-807d-243aed73d1f5 None None] Current status of the port 8c4024b5-1f7d-47ef-a53f-07e10da2594e is: DOWN; New status is: DOWN {{(pid=102099) _update_individual_port_db_status /opt/stack/neutron/neutron/plugins/ml2/plugin.py:2468}}
Apr 02 05:54:51.573799 np0000162743 devstack@neutron-api.service[102099]: DEBUG ovsdbapp.backend.ovs_idl.transaction [None req-b6cd1ffb-2c9d-4654-b70d-11825a585676 None None] Running txn n=1 command(idx=0): DbRemoveCommand(_result=None, table=Logical_Switch_Port, record=8c4024b5-1f7d-47ef-a53f-07e10da2594e, column=external_ids, values=('neutron:host_id',), keyvalues={}, if_exists=True) {{(pid=102099) do_commit /opt/stack/data/venv/lib/python3.12/site-packages/ovsdbapp/backend/ovs_idl/transaction.py:89}}
Apr 02 05:54:51.593970 np0000162743 devstack@neutron-api.service[102100]: DEBUG neutron.plugins.ml2.db [None req-6a723ede-a735-4398-9060-161dc8d4ad59 service neutron] For port 8c4024b5-1f7d-47ef-a53f-07e10da2594e, host np0000162743, cleared binding levels {{(pid=102100) clear_binding_levels /opt/stack/neutron/neutron/plugins/ml2/db.py:87}}
Apr 02 05:54:51.596629 np0000162743 devstack@neutron-api.service[102100]: DEBUG neutron.plugins.ml2.db [None req-6a723ede-a735-4398-9060-161dc8d4ad59 service neutron] For port 8c4024b5-1f7d-47ef-a53f-07e10da2594e, host np0000162743, set binding levels [PortBindingLevel(driver='ovn',host='np0000162743',level=0,port_id=8c4024b5-1f7d-47ef-a53f-07e10da2594e,segment=NetworkSegment(6525fcc1-c829-4cff-a8b7-53ad0e498fa5),segment_id=6525fcc1-c829-4cff-a8b7-53ad0e498fa5)] {{(pid=102100) set_binding_levels /opt/stack/neutron/neutron/plugins/ml2/db.py:59}}
Apr 02 05:54:51.598055 np0000162743 devstack@neutron-api.service[102100]: DEBUG neutron.plugins.ml2.drivers.ovn.mech_driver.mech_driver [None req-6a723ede-a735-4398-9060-161dc8d4ad59 service neutron] No provisioning block for port 8c4024b5-1f7d-47ef-a53f-07e10da2594e since host unchanged {{(pid=102100) _is_port_provisioning_required /opt/stack/neutron/neutron/plugins/ml2/drivers/ovn/mech_driver/mech_driver.py:889}}
Apr 02 05:54:51.608305 np0000162743 devstack@neutron-api.service[102100]: DEBUG neutron_lib.callbacks.manager [None req-6a723ede-a735-4398-9060-161dc8d4ad59 service neutron] Publish callbacks ['neutron.plugins.ml2.ovo_rpc._ObjectChangeHandler.handle_event-1283848', 'neutron.db.l3_db.L3RpcNotifierMixin._notify_gateway_port_ip_changed-8135416050568', 'neutron.services.ovn_l3.plugin.OVNL3RouterPlugin._port_update-8135414989574'] for port (8c4024b5-1f7d-47ef-a53f-07e10da2594e), after_update {{(pid=102100) _notify_loop /opt/stack/data/venv/lib/python3.12/site-packages/neutron_lib/callbacks/manager.py:184}}
Apr 02 05:54:51.640798 np0000162743 devstack@neutron-api.service[102100]: DEBUG neutron.api.rpc.handlers.resources_rpc [None req-6a723ede-a735-4398-9060-161dc8d4ad59 service neutron] Pushing event updated for resources: {'Port': ['ID=8c4024b5-1f7d-47ef-a53f-07e10da2594e,revision_number=3']} {{(pid=102100) push /opt/stack/neutron/neutron/api/rpc/handlers/resources_rpc.py:237}}
Apr 02 05:54:51.667440 np0000162743 devstack@neutron-api.service[102100]: DEBUG ovsdbapp.backend.ovs_idl.transaction [None req-e9569cfb-38f6-43a0-9c7b-b04d001cf044 None None] Running txn n=1 command(idx=0): CheckRevisionNumberCommand(_result=None, name=8c4024b5-1f7d-47ef-a53f-07e10da2594e, resource={'id': '8c4024b5-1f7d-47ef-a53f-07e10da2594e', 'name': '', 'network_id': '0d471cb6-d079-4b1a-a962-fbf5890bf386', 'project_id': '5b441382f723484393ee898ee658d031', 'mac_address': 'fa:16:3e:69:7d:68', 'admin_state_up': True, 'status': 'DOWN', 'device_id': 'manila-admin-share', 'device_owner': 'manila:share', 'standard_attr_id': 46, 'fixed_ips': [{'subnet_id': 'e2297803-5f9d-4740-adab-e3bbb55addac', 'ip_address': '10.2.5.101'}], 'allowed_address_pairs': [], 'extra_dhcp_opts': [], 'security_groups': [], 'description': '', 'binding:vnic_type': 'normal', 'binding:profile': {}, 'binding:host_id': 'np0000162743', 'binding:vif_type': 'ovs', 'binding:vif_details': {'port_filter': True, 'connectivity': 'l2', 'ovs_create_tap': False, 'bridge_name': 'br-int', 'datapath_type': 'system', 'bound_drivers': {'0': 'ovn'}}, 'port_security_enabled': False, 'tags': [], 'created_at': '2026-04-02T05:54:51Z', 'updated_at': '2026-04-02T05:54:51Z', 'revision_number': 3, 'tenant_id': '5b441382f723484393ee898ee658d031', 'network': {'id': '0d471cb6-d079-4b1a-a962-fbf5890bf386', 'name': 'admin_net', 'tenant_id': '5b441382f723484393ee898ee658d031', 'project_id': '5b441382f723484393ee898ee658d031', 'admin_state_up': True, 'mtu': 1372, 'status': 'ACTIVE', 'subnets': ['e2297803-5f9d-4740-adab-e3bbb55addac'], 'standard_attr_id': 42, 'shared': False, 'availability_zone_hints': [], 'availability_zones': [], 'ipv4_address_scope': None, 'ipv6_address_scope': None, 'router:external': False, 'qinq': False, 'vlan_transparent': False, 'description': '', 'port_security_enabled': True, 'tags': [], 'created_at': '2026-04-02T05:54:44Z', 'updated_at': '2026-04-02T05:54:45Z', 'revision_number': 2, 'provider:network_type': 'geneve', 'provider:physical_network': None, 'provider:segmentation_id': 17306}}, resource_type=ports, if_exists=True) {{(pid=102100) do_commit /opt/stack/data/venv/lib/python3.12/site-packages/ovsdbapp/backend/ovs_idl/transaction.py:89}}
Apr 02 05:54:51.668374 np0000162743 devstack@neutron-api.service[102100]: DEBUG ovsdbapp.backend.ovs_idl.transaction [None req-e9569cfb-38f6-43a0-9c7b-b04d001cf044 None None] Running txn n=1 command(idx=1): SetLSwitchPortCommand(_result=None, lport=8c4024b5-1f7d-47ef-a53f-07e10da2594e, external_ids_update=None, columns={'external_ids': {'neutron:port_name': '', 'neutron:device_id': 'manila-admin-share', 'neutron:project_id': '5b441382f723484393ee898ee658d031', 'neutron:cidrs': '10.2.5.101/24', 'neutron:device_owner': 'manila:share', 'neutron:subnet_pool_addr_scope4': '', 'neutron:subnet_pool_addr_scope6': '', 'neutron:network_name': 'neutron-0d471cb6-d079-4b1a-a962-fbf5890bf386', 'neutron:security_group_ids': '', 'neutron:revision_number': '3', 'neutron:vnic_type': 'normal', 'neutron:port_capabilities': '', 'neutron:mtu': ''}, 'parent_name': [], 'tag': [], 'options': {'requested-chassis': 'np0000162743'}, 'enabled': True, 'port_security': [], 'dhcpv4_options': [UUID('deedca81-f6fc-42ef-a8d9-8abceaaf2f18')], 'dhcpv6_options': [], 'type': '', 'addresses': ['fa:16:3e:69:7d:68 10.2.5.101', 'unknown'], 'ha_chassis_group': []}, if_exists=False) {{(pid=102100) do_commit /opt/stack/data/venv/lib/python3.12/site-packages/ovsdbapp/backend/ovs_idl/transaction.py:89}}
Apr 02 05:54:51.670450 np0000162743 devstack@neutron-api.service[102100]: DEBUG ovsdbapp.backend.ovs_idl.transaction [None req-e9569cfb-38f6-43a0-9c7b-b04d001cf044 None None] Running txn n=1 command(idx=2): PgDelPortCommand(_result=None, port_group=neutron_pg_drop, lsp=['8c4024b5-1f7d-47ef-a53f-07e10da2594e'], if_exists=False) {{(pid=102100) do_commit /opt/stack/data/venv/lib/python3.12/site-packages/ovsdbapp/backend/ovs_idl/transaction.py:89}}
Apr 02 05:54:51.676836 np0000162743 devstack@neutron-api.service[102099]: DEBUG neutron.plugins.ml2.drivers.ovn.mech_driver.ovsdb.ovsdb_monitor [None req-b6cd1ffb-2c9d-4654-b70d-11825a585676 None None] Touching Hash Ring node "3bbc8ede1c595781bbd354e3b3558a32" from IDL notify handler {{(pid=102099) notify /opt/stack/neutron/neutron/plugins/ml2/drivers/ovn/mech_driver/ovsdb/ovsdb_monitor.py:904}}
Apr 02 05:54:51.678624 np0000162743 devstack@neutron-api.service[102097]: DEBUG neutron.plugins.ml2.drivers.ovn.mech_driver.ovsdb.ovsdb_monitor [None req-18ad5b54-2a41-4ad6-9144-16c5c7242ce7 None None] Touching Hash Ring node "420c171da3665853a17d19c53177668f" from IDL notify handler {{(pid=102097) notify /opt/stack/neutron/neutron/plugins/ml2/drivers/ovn/mech_driver/ovsdb/ovsdb_monitor.py:904}}
Apr 02 05:54:51.682552 np0000162743 devstack@neutron-api.service[102097]: DEBUG neutron.plugins.ml2.drivers.ovn.mech_driver.ovsdb.ovsdb_monitor [None req-18ad5b54-2a41-4ad6-9144-16c5c7242ce7 None None] Hash Ring: Node 420c171da3665853a17d19c53177668f (host: np0000162743) handling event "update" for row 8f459d1e-13cb-4939-8002-6ce3755dd767 (table: Port_Binding) {{(pid=102097) notify /opt/stack/neutron/neutron/plugins/ml2/drivers/ovn/mech_driver/ovsdb/ovsdb_monitor.py:912}}
Apr 02 05:54:51.682603 np0000162743 devstack@neutron-api.service[102099]: DEBUG neutron.plugins.ml2.drivers.ovn.mech_driver.ovsdb.ovsdb_monitor [None req-b6cd1ffb-2c9d-4654-b70d-11825a585676 None None] Hash Ring: Node 3bbc8ede1c595781bbd354e3b3558a32 (host: np0000162743) handling event "update" for row 35a97a9e-b8d4-4837-8266-044aec415d1e (table: Logical_Switch_Port) {{(pid=102099) notify /opt/stack/neutron/neutron/plugins/ml2/drivers/ovn/mech_driver/ovsdb/ovsdb_monitor.py:912}}
Apr 02 05:54:51.714609 np0000162743 devstack@neutron-api.service[102100]: INFO neutron.db.ovn_revision_numbers_db [None req-6a723ede-a735-4398-9060-161dc8d4ad59 service neutron] Successfully bumped revision number for resource 8c4024b5-1f7d-47ef-a53f-07e10da2594e (type: ports) to 3
Apr 02 05:54:51.728973 np0000162743 devstack@neutron-api.service[102100]: DEBUG neutron.pecan_wsgi.hooks.policy_enforcement [None req-6a723ede-a735-4398-9060-161dc8d4ad59 service neutron] Attributes excluded by policy engine: ['standard_attr_id'] {{(pid=102100) _exclude_attributes_by_policy /opt/stack/neutron/neutron/pecan_wsgi/hooks/policy_enforcement.py:258}}
Apr 02 05:54:51.729342 np0000162743 devstack@neutron-api.service[102100]: DEBUG neutron_lib.callbacks.manager [None req-6a723ede-a735-4398-9060-161dc8d4ad59 service neutron] Publish callbacks ['neutron.notifiers.nova.Notifier._send_nova_notification-84476'] for port (None), before_response {{(pid=102100) _notify_loop /opt/stack/data/venv/lib/python3.12/site-packages/neutron_lib/callbacks/manager.py:184}}
Apr 02 05:54:51.740555 np0000162743 devstack@neutron-api.service[102100]: [pid: 102100|app: 0|req: 26/104] 199.19.213.12 () {68 vars in 1297 bytes} [Thu Apr 2 05:54:51 2026] POST /networking/v2.0/ports => generated 927 bytes in 465 msecs (HTTP/1.1 201) 4 headers in 162 bytes (1 switches on core 0)
Apr 02 05:54:52.148503 np0000162743 devstack@neutron-api.service[102097]: DEBUG neutron.plugins.ml2.drivers.ovn.mech_driver.ovsdb.ovsdb_monitor [None req-18ad5b54-2a41-4ad6-9144-16c5c7242ce7 None None] Touching Hash Ring node "420c171da3665853a17d19c53177668f" from IDL notify handler {{(pid=102097) notify /opt/stack/neutron/neutron/plugins/ml2/drivers/ovn/mech_driver/ovsdb/ovsdb_monitor.py:904}}
Apr 02 05:54:52.155119 np0000162743 devstack@neutron-api.service[102097]: DEBUG neutron.plugins.ml2.drivers.ovn.mech_driver.ovsdb.ovsdb_monitor [None req-18ad5b54-2a41-4ad6-9144-16c5c7242ce7 None None] Hash Ring: Node 420c171da3665853a17d19c53177668f (host: np0000162743) handling event "update" for row 8f459d1e-13cb-4939-8002-6ce3755dd767 (table: Port_Binding) {{(pid=102097) notify /opt/stack/neutron/neutron/plugins/ml2/drivers/ovn/mech_driver/ovsdb/ovsdb_monitor.py:912}}
Apr 02 05:54:52.205668 np0000162743 devstack@neutron-api.service[102097]: DEBUG neutron.plugins.ml2.drivers.ovn.mech_driver.ovsdb.ovsdb_monitor [None req-18ad5b54-2a41-4ad6-9144-16c5c7242ce7 None None] Touching Hash Ring node "420c171da3665853a17d19c53177668f" from IDL notify handler {{(pid=102097) notify /opt/stack/neutron/neutron/plugins/ml2/drivers/ovn/mech_driver/ovsdb/ovsdb_monitor.py:904}}
Apr 02 05:54:52.208417 np0000162743 devstack@neutron-api.service[102099]: DEBUG neutron.plugins.ml2.drivers.ovn.mech_driver.ovsdb.ovsdb_monitor [None req-b6cd1ffb-2c9d-4654-b70d-11825a585676 None None] Touching Hash Ring node "3bbc8ede1c595781bbd354e3b3558a32" from IDL notify handler {{(pid=102099) notify /opt/stack/neutron/neutron/plugins/ml2/drivers/ovn/mech_driver/ovsdb/ovsdb_monitor.py:904}}
Apr 02 05:54:52.211721 np0000162743 devstack@neutron-api.service[102099]: DEBUG neutron.plugins.ml2.drivers.ovn.mech_driver.ovsdb.ovsdb_monitor [None req-b6cd1ffb-2c9d-4654-b70d-11825a585676 None None] Hash Ring: Node 3bbc8ede1c595781bbd354e3b3558a32 (host: np0000162743) handling event "update" for row 35a97a9e-b8d4-4837-8266-044aec415d1e (table: Logical_Switch_Port) {{(pid=102099) notify /opt/stack/neutron/neutron/plugins/ml2/drivers/ovn/mech_driver/ovsdb/ovsdb_monitor.py:912}}
Apr 02 05:54:52.212123 np0000162743 devstack@neutron-api.service[102097]: DEBUG neutron.plugins.ml2.drivers.ovn.mech_driver.ovsdb.ovsdb_monitor [None req-18ad5b54-2a41-4ad6-9144-16c5c7242ce7 None None] Hash Ring: Node 420c171da3665853a17d19c53177668f (host: np0000162743) handling event "update" for row 8f459d1e-13cb-4939-8002-6ce3755dd767 (table: Port_Binding) {{(pid=102097) notify /opt/stack/neutron/neutron/plugins/ml2/drivers/ovn/mech_driver/ovsdb/ovsdb_monitor.py:912}}
Apr 02 05:54:52.214108 np0000162743 devstack@neutron-api.service[102099]: DEBUG ovsdbapp.backend.ovs_idl.event [None req-b6cd1ffb-2c9d-4654-b70d-11825a585676 None None] Matched UPDATE: LogicalSwitchPortUpdateUpEvent(events=('update',), table='Logical_Switch_Port', conditions=None, old_conditions=None), priority=20 to row=Logical_Switch_Port(uuid=35a97a9e-b8d4-4837-8266-044aec415d1e, addresses=['fa:16:3e:69:7d:68 10.2.5.101', 'unknown'], dhcpv4_options=deedca81-f6fc-42ef-a8d9-8abceaaf2f18, dhcpv6_options=[], dynamic_addresses=[], enabled=True, external_ids={'neutron:cidrs': '10.2.5.101/24', 'neutron:device_id': 'manila-admin-share', 'neutron:device_owner': 'manila:share', 'neutron:mtu': '', 'neutron:network_name': 'neutron-0d471cb6-d079-4b1a-a962-fbf5890bf386', 'neutron:port_capabilities': '', 'neutron:port_name': '', 'neutron:project_id': '5b441382f723484393ee898ee658d031', 'neutron:revision_number': '3', 'neutron:security_group_ids': '', 'neutron:subnet_pool_addr_scope4': '', 'neutron:subnet_pool_addr_scope6': '', 'neutron:vnic_type': 'normal'}, ha_chassis_group=[], mirror_rules=[], name='8c4024b5-1f7d-47ef-a53f-07e10da2594e', options={'requested-chassis': 'np0000162743'}, parent_name=[], port_security=[], tag=[], tag_request=[], type='', up=True) old=Logical_Switch_Port(uuid=35a97a9e-b8d4-4837-8266-044aec415d1e, up=False) {{(pid=102099) matches /opt/stack/data/venv/lib/python3.12/site-packages/ovsdbapp/backend/ovs_idl/event.py:55}}
Apr 02 05:54:52.215131 np0000162743 devstack@neutron-api.service[102099]: INFO neutron.plugins.ml2.drivers.ovn.mech_driver.mech_driver [None req-8aefd350-b4f2-44b3-807d-243aed73d1f5 None None] OVN reports status up for port: 8c4024b5-1f7d-47ef-a53f-07e10da2594e
Apr 02 05:54:52.221155 np0000162743 devstack@neutron-api.service[102099]: DEBUG neutron.db.provisioning_blocks [None req-8aefd350-b4f2-44b3-807d-243aed73d1f5 None None] Provisioning for port 8c4024b5-1f7d-47ef-a53f-07e10da2594e completed by entity L2. {{(pid=102099) provisioning_complete /opt/stack/neutron/neutron/db/provisioning_blocks.py:133}}
Apr 02 05:54:52.228769 np0000162743 devstack@neutron-api.service[102099]: DEBUG neutron.db.provisioning_blocks [None req-8aefd350-b4f2-44b3-807d-243aed73d1f5 None None] Provisioning complete for port 8c4024b5-1f7d-47ef-a53f-07e10da2594e triggered by entity L2. {{(pid=102099) provisioning_complete /opt/stack/neutron/neutron/db/provisioning_blocks.py:141}}
Apr 02 05:54:52.228956 np0000162743 devstack@neutron-api.service[102099]: DEBUG neutron_lib.callbacks.manager [None req-8aefd350-b4f2-44b3-807d-243aed73d1f5 None None] Publish callbacks ['neutron.plugins.ml2.plugin.Ml2Plugin._port_provisioned-2231667'] for port (8c4024b5-1f7d-47ef-a53f-07e10da2594e), provisioning_complete {{(pid=102099) _notify_loop /opt/stack/data/venv/lib/python3.12/site-packages/neutron_lib/callbacks/manager.py:184}}
Apr 02 05:54:52.229364 np0000162743 devstack@neutron-api.service[102099]: INFO neutron.plugins.ml2.plugin [None req-8aefd350-b4f2-44b3-807d-243aed73d1f5 None None] Attempt 1 to provision port 8c4024b5-1f7d-47ef-a53f-07e10da2594e
Apr 02 05:54:52.291464 np0000162743 devstack@neutron-api.service[102099]: DEBUG neutron.plugins.ml2.plugin [None req-8aefd350-b4f2-44b3-807d-243aed73d1f5 None None] Current status of the port 8c4024b5-1f7d-47ef-a53f-07e10da2594e is: DOWN; New status is: ACTIVE {{(pid=102099) _update_individual_port_db_status /opt/stack/neutron/neutron/plugins/ml2/plugin.py:2468}}
Apr 02 05:54:52.291715 np0000162743 devstack@neutron-api.service[102099]: DEBUG neutron_lib.callbacks.manager [None req-8aefd350-b4f2-44b3-807d-243aed73d1f5 None None] Publish callbacks ['neutron.plugins.ml2.plugin.SecurityGroupDbMixin._ensure_default_security_group_handler-3078883', 'neutron.services.ovn_l3.plugin.OVNL3RouterPlugin._port_update-8135414462404', 'neutron.db.l3_db.L3_NAT_dbonly_mixin._prevent_internal_ip_change_for_fip-8135416049224'] for port (8c4024b5-1f7d-47ef-a53f-07e10da2594e), before_update {{(pid=102099) _notify_loop /opt/stack/data/venv/lib/python3.12/site-packages/neutron_lib/callbacks/manager.py:184}}
Apr 02 05:54:52.315473 np0000162743 devstack@neutron-api.service[102099]: DEBUG neutron.plugins.ml2.db [None req-8aefd350-b4f2-44b3-807d-243aed73d1f5 None None] For port 8c4024b5-1f7d-47ef-a53f-07e10da2594e, host np0000162743, got binding levels [PortBindingLevel(driver='ovn',host='np0000162743',level=0,port_id=8c4024b5-1f7d-47ef-a53f-07e10da2594e,segment=NetworkSegment(6525fcc1-c829-4cff-a8b7-53ad0e498fa5),segment_id=6525fcc1-c829-4cff-a8b7-53ad0e498fa5)] {{(pid=102099) get_binding_level_objs /opt/stack/neutron/neutron/plugins/ml2/db.py:74}}
Apr 02 05:54:52.315757 np0000162743 devstack@neutron-api.service[102099]: DEBUG neutron.plugins.ml2.drivers.ovn.mech_driver.mech_driver [None req-8aefd350-b4f2-44b3-807d-243aed73d1f5 None None] No provisioning block for port 8c4024b5-1f7d-47ef-a53f-07e10da2594e since it is active {{(pid=102099) _is_port_provisioning_required /opt/stack/neutron/neutron/plugins/ml2/drivers/ovn/mech_driver/mech_driver.py:879}}
Apr 02 05:54:52.382295 np0000162743 devstack@neutron-api.service[102099]: DEBUG ovsdbapp.backend.ovs_idl.transaction [None req-b6cd1ffb-2c9d-4654-b70d-11825a585676 None None] Running txn n=1 command(idx=0): CheckRevisionNumberCommand(_result=None, name=8c4024b5-1f7d-47ef-a53f-07e10da2594e, resource={'id': '8c4024b5-1f7d-47ef-a53f-07e10da2594e', 'name': '', 'network_id': '0d471cb6-d079-4b1a-a962-fbf5890bf386', 'project_id': '5b441382f723484393ee898ee658d031', 'mac_address': 'fa:16:3e:69:7d:68', 'admin_state_up': True, 'status': 'ACTIVE', 'device_id': 'manila-admin-share', 'device_owner': 'manila:share', 'standard_attr_id': 46, 'fixed_ips': [{'subnet_id': 'e2297803-5f9d-4740-adab-e3bbb55addac', 'ip_address': '10.2.5.101'}], 'allowed_address_pairs': [], 'extra_dhcp_opts': [], 'security_groups': [], 'description': '', 'binding:vnic_type': 'normal', 'binding:profile': {}, 'binding:host_id': 'np0000162743', 'binding:vif_type': 'ovs', 'binding:vif_details': {'port_filter': True, 'connectivity': 'l2', 'ovs_create_tap': False, 'bridge_name': 'br-int', 'datapath_type': 'system', 'bound_drivers': {'0': 'ovn'}}, 'port_security_enabled': False, 'tags': [], 'created_at': '2026-04-02T05:54:51Z', 'updated_at': '2026-04-02T05:54:52Z', 'revision_number': 4, 'tenant_id': '5b441382f723484393ee898ee658d031', 'network': {'id': '0d471cb6-d079-4b1a-a962-fbf5890bf386', 'name': 'admin_net', 'tenant_id': '5b441382f723484393ee898ee658d031', 'project_id': '5b441382f723484393ee898ee658d031', 'admin_state_up': True, 'mtu': 1372, 'status': 'ACTIVE', 'subnets': ['e2297803-5f9d-4740-adab-e3bbb55addac'], 'standard_attr_id': 42, 'shared': False, 'availability_zone_hints': [], 'availability_zones': [], 'ipv4_address_scope': None, 'ipv6_address_scope': None, 'router:external': False, 'qinq': False, 'vlan_transparent': False, 'description': '', 'port_security_enabled': True, 'tags': [], 'created_at': '2026-04-02T05:54:44Z', 'updated_at': '2026-04-02T05:54:45Z', 'revision_number': 2, 'provider:network_type': 'geneve', 'provider:physical_network': None, 'provider:segmentation_id': 17306}}, resource_type=ports, if_exists=True) {{(pid=102099) do_commit /opt/stack/data/venv/lib/python3.12/site-packages/ovsdbapp/backend/ovs_idl/transaction.py:89}}
Apr 02 05:54:52.382967 np0000162743 devstack@neutron-api.service[102099]: DEBUG ovsdbapp.backend.ovs_idl.transaction [None req-b6cd1ffb-2c9d-4654-b70d-11825a585676 None None] Running txn n=1 command(idx=1): SetLSwitchPortCommand(_result=None, lport=8c4024b5-1f7d-47ef-a53f-07e10da2594e, external_ids_update=None, columns={'external_ids': {'neutron:port_name': '', 'neutron:device_id': 'manila-admin-share', 'neutron:project_id': '5b441382f723484393ee898ee658d031', 'neutron:cidrs': '10.2.5.101/24', 'neutron:device_owner': 'manila:share', 'neutron:subnet_pool_addr_scope4': '', 'neutron:subnet_pool_addr_scope6': '', 'neutron:network_name': 'neutron-0d471cb6-d079-4b1a-a962-fbf5890bf386', 'neutron:security_group_ids': '', 'neutron:revision_number': '4', 'neutron:vnic_type': 'normal', 'neutron:port_capabilities': '', 'neutron:mtu': ''}, 'parent_name': [], 'tag': [], 'options': {'requested-chassis': 'np0000162743'}, 'enabled': True, 'port_security': [], 'dhcpv4_options': [UUID('deedca81-f6fc-42ef-a8d9-8abceaaf2f18')], 'dhcpv6_options': [], 'type': '', 'addresses': ['fa:16:3e:69:7d:68 10.2.5.101', 'unknown'], 'ha_chassis_group': []}, if_exists=False) {{(pid=102099) do_commit /opt/stack/data/venv/lib/python3.12/site-packages/ovsdbapp/backend/ovs_idl/transaction.py:89}}
Apr 02 05:54:52.384609 np0000162743 devstack@neutron-api.service[102099]: DEBUG ovsdbapp.backend.ovs_idl.transaction [None req-b6cd1ffb-2c9d-4654-b70d-11825a585676 None None] Running txn n=1 command(idx=2): PgDelPortCommand(_result=None, port_group=neutron_pg_drop, lsp=['8c4024b5-1f7d-47ef-a53f-07e10da2594e'], if_exists=False) {{(pid=102099) do_commit /opt/stack/data/venv/lib/python3.12/site-packages/ovsdbapp/backend/ovs_idl/transaction.py:89}}
Apr 02 05:54:52.390591 np0000162743 devstack@neutron-api.service[102099]: DEBUG neutron.plugins.ml2.drivers.ovn.mech_driver.ovsdb.ovsdb_monitor [None req-b6cd1ffb-2c9d-4654-b70d-11825a585676 None None] Touching Hash Ring node "3bbc8ede1c595781bbd354e3b3558a32" from IDL notify handler {{(pid=102099) notify /opt/stack/neutron/neutron/plugins/ml2/drivers/ovn/mech_driver/ovsdb/ovsdb_monitor.py:904}}
Apr 02 05:54:52.393311 np0000162743 devstack@neutron-api.service[102099]: DEBUG neutron.plugins.ml2.drivers.ovn.mech_driver.ovsdb.ovsdb_monitor [None req-b6cd1ffb-2c9d-4654-b70d-11825a585676 None None] Hash Ring: Node 3bbc8ede1c595781bbd354e3b3558a32 (host: np0000162743) handling event "update" for row 35a97a9e-b8d4-4837-8266-044aec415d1e (table: Logical_Switch_Port) {{(pid=102099) notify /opt/stack/neutron/neutron/plugins/ml2/drivers/ovn/mech_driver/ovsdb/ovsdb_monitor.py:912}}
Apr 02 05:54:52.397924 np0000162743 devstack@neutron-api.service[102097]: DEBUG neutron.plugins.ml2.drivers.ovn.mech_driver.ovsdb.ovsdb_monitor [None req-18ad5b54-2a41-4ad6-9144-16c5c7242ce7 None None] Touching Hash Ring node "420c171da3665853a17d19c53177668f" from IDL notify handler {{(pid=102097) notify /opt/stack/neutron/neutron/plugins/ml2/drivers/ovn/mech_driver/ovsdb/ovsdb_monitor.py:904}}
Apr 02 05:54:52.401102 np0000162743 devstack@neutron-api.service[102097]: DEBUG neutron.plugins.ml2.drivers.ovn.mech_driver.ovsdb.ovsdb_monitor [None req-18ad5b54-2a41-4ad6-9144-16c5c7242ce7 None None] Hash Ring: Node 420c171da3665853a17d19c53177668f (host: np0000162743) handling event "update" for row 8f459d1e-13cb-4939-8002-6ce3755dd767 (table: Port_Binding) {{(pid=102097) notify /opt/stack/neutron/neutron/plugins/ml2/drivers/ovn/mech_driver/ovsdb/ovsdb_monitor.py:912}}
Apr 02 05:54:52.426387 np0000162743 devstack@neutron-api.service[102099]: INFO neutron.db.ovn_revision_numbers_db [None req-8aefd350-b4f2-44b3-807d-243aed73d1f5 None None] Successfully bumped revision number for resource 8c4024b5-1f7d-47ef-a53f-07e10da2594e (type: ports) to 4
Apr 02 05:54:52.430399 np0000162743 devstack@neutron-api.service[102099]: DEBUG neutron_lib.callbacks.manager [None req-8aefd350-b4f2-44b3-807d-243aed73d1f5 None None] Publish callbacks ['neutron.plugins.ml2.ovo_rpc._ObjectChangeHandler.handle_event-303318', 'neutron.db.l3_db.L3RpcNotifierMixin._notify_gateway_port_ip_changed-8135416052676', 'neutron.services.ovn_l3.plugin.OVNL3RouterPlugin._port_update-8135414462404'] for port (8c4024b5-1f7d-47ef-a53f-07e10da2594e), after_update {{(pid=102099) _notify_loop /opt/stack/data/venv/lib/python3.12/site-packages/neutron_lib/callbacks/manager.py:184}}
Apr 02 05:54:52.455457 np0000162743 devstack@neutron-api.service[102099]: DEBUG neutron.api.rpc.handlers.resources_rpc [None req-d6b9c762-d98c-43c1-a1b5-4890a9f1fa16 None None] Pushing event updated for resources: {'Port': ['ID=8c4024b5-1f7d-47ef-a53f-07e10da2594e,revision_number=4']} {{(pid=102099) push /opt/stack/neutron/neutron/api/rpc/handlers/resources_rpc.py:237}}
Apr 02 05:54:52.461131 np0000162743 devstack@neutron-api.service[102099]: DEBUG neutron.api.rpc.callbacks.version_manager [None req-d6b9c762-d98c-43c1-a1b5-4890a9f1fa16 None None] Tracked resource versions report:
Apr 02 05:54:52.461131 np0000162743 devstack@neutron-api.service[102099]: pushed versions:
Apr 02 05:54:52.461131 np0000162743 devstack@neutron-api.service[102099]: { 'AddressGroup': {'1.2'},
Apr 02 05:54:52.461131 np0000162743 devstack@neutron-api.service[102099]: 'Agent': {'1.1'},
Apr 02 05:54:52.461131 np0000162743 devstack@neutron-api.service[102099]: 'ConntrackHelper': {'1.0'},
Apr 02 05:54:52.461131 np0000162743 devstack@neutron-api.service[102099]: 'LocalIPAssociation': {'1.0'},
Apr 02 05:54:52.461131 np0000162743 devstack@neutron-api.service[102099]: 'Log': {'1.0'},
Apr 02 05:54:52.461131 np0000162743 devstack@neutron-api.service[102099]: 'NDPProxy': {'1.0'},
Apr 02 05:54:52.461131 np0000162743 devstack@neutron-api.service[102099]: 'Network': {'1.2'},
Apr 02 05:54:52.461131 np0000162743 devstack@neutron-api.service[102099]: 'Port': {'1.10'},
Apr 02 05:54:52.461131 np0000162743 devstack@neutron-api.service[102099]: 'PortForwarding': {'1.3'},
Apr 02 05:54:52.461131 np0000162743 devstack@neutron-api.service[102099]: 'QosPolicy': {'1.10'},
Apr 02 05:54:52.461131 np0000162743 devstack@neutron-api.service[102099]: 'SecurityGroup': {'1.6'},
Apr 02 05:54:52.461131 np0000162743 devstack@neutron-api.service[102099]: 'SecurityGroupRule': {'1.3'},
Apr 02 05:54:52.461131 np0000162743 devstack@neutron-api.service[102099]: 'SubPort': {'1.0'},
Apr 02 05:54:52.461131 np0000162743 devstack@neutron-api.service[102099]: 'Subnet': {'1.2'},
Apr 02 05:54:52.461131 np0000162743 devstack@neutron-api.service[102099]: 'Trunk': {'1.1'}}
Apr 02 05:54:52.461131 np0000162743 devstack@neutron-api.service[102099]: consumer versions:
Apr 02 05:54:52.461131 np0000162743 devstack@neutron-api.service[102099]: { OVN Neutron agent@np0000162743: {},
Apr 02 05:54:52.461131 np0000162743 devstack@neutron-api.service[102099]: OVN Controller Gateway agent@np0000162743: {}}
Apr 02 05:54:52.461131 np0000162743 devstack@neutron-api.service[102099]: {{(pid=102099) report /opt/stack/neutron/neutron/api/rpc/callbacks/version_manager.py:183}}
Apr 02 05:54:52.482487 np0000162743 devstack@neutron-api.service[102099]: DEBUG ovsdbapp.backend.ovs_idl.transaction [None req-b6cd1ffb-2c9d-4654-b70d-11825a585676 None None] Running txn n=1 command(idx=0): DbSetCommand(_result=None, table=Logical_Switch_Port, record=8c4024b5-1f7d-47ef-a53f-07e10da2594e, col_values=(('external_ids', {'neutron:host_id': 'np0000162743'}),), if_exists=True) {{(pid=102099) do_commit /opt/stack/data/venv/lib/python3.12/site-packages/ovsdbapp/backend/ovs_idl/transaction.py:89}}
Apr 02 05:54:52.488908 np0000162743 devstack@neutron-api.service[102099]: DEBUG neutron.plugins.ml2.drivers.ovn.mech_driver.ovsdb.ovsdb_monitor [None req-b6cd1ffb-2c9d-4654-b70d-11825a585676 None None] Touching Hash Ring node "3bbc8ede1c595781bbd354e3b3558a32" from IDL notify handler {{(pid=102099) notify /opt/stack/neutron/neutron/plugins/ml2/drivers/ovn/mech_driver/ovsdb/ovsdb_monitor.py:904}}
Apr 02 05:54:52.496285 np0000162743 devstack@neutron-api.service[102099]: DEBUG neutron.plugins.ml2.drivers.ovn.mech_driver.ovsdb.ovsdb_monitor [None req-b6cd1ffb-2c9d-4654-b70d-11825a585676 None None] Hash Ring: Node 3bbc8ede1c595781bbd354e3b3558a32 (host: np0000162743) handling event "update" for row 35a97a9e-b8d4-4837-8266-044aec415d1e (table: Logical_Switch_Port) {{(pid=102099) notify /opt/stack/neutron/neutron/plugins/ml2/drivers/ovn/mech_driver/ovsdb/ovsdb_monitor.py:912}}
Apr 02 05:54:52.496872 np0000162743 devstack@neutron-api.service[102097]: DEBUG neutron.plugins.ml2.drivers.ovn.mech_driver.ovsdb.ovsdb_monitor [None req-18ad5b54-2a41-4ad6-9144-16c5c7242ce7 None None] Touching Hash Ring node "420c171da3665853a17d19c53177668f" from IDL notify handler {{(pid=102097) notify /opt/stack/neutron/neutron/plugins/ml2/drivers/ovn/mech_driver/ovsdb/ovsdb_monitor.py:904}}
Apr 02 05:54:52.501515 np0000162743 devstack@neutron-api.service[102097]: DEBUG neutron.plugins.ml2.drivers.ovn.mech_driver.ovsdb.ovsdb_monitor [None req-18ad5b54-2a41-4ad6-9144-16c5c7242ce7 None None] Hash Ring: Node 420c171da3665853a17d19c53177668f (host: np0000162743) handling event "update" for row 8f459d1e-13cb-4939-8002-6ce3755dd767 (table: Port_Binding) {{(pid=102097) notify /opt/stack/neutron/neutron/plugins/ml2/drivers/ovn/mech_driver/ovsdb/ovsdb_monitor.py:912}}
Apr 02 05:54:52.939003 np0000162743 devstack@neutron-api.service[102098]: DEBUG neutron.pecan_wsgi.hooks.policy_enforcement [None req-9c01b3c2-f930-410d-866f-0970eaaab39f service neutron] Attributes excluded by policy engine: ['standard_attr_id', 'shared'] {{(pid=102098) _exclude_attributes_by_policy /opt/stack/neutron/neutron/pecan_wsgi/hooks/policy_enforcement.py:258}}
Apr 02 05:54:52.939651 np0000162743 devstack@neutron-api.service[102098]: [pid: 102098|app: 0|req: 26/105] 199.19.213.12 () {64 vars in 1360 bytes} [Thu Apr 2 05:54:52 2026] GET /networking/v2.0/subnets/e2297803-5f9d-4740-adab-e3bbb55addac => generated 625 bytes in 23 msecs (HTTP/1.1 200) 4 headers in 157 bytes (1 switches on core 0)
Apr 02 05:54:53.789320 np0000162743 devstack@neutron-api.service[102099]: DEBUG neutron.pecan_wsgi.hooks.policy_enforcement [None req-0ce2bd92-1a19-46b7-b54e-24983a44af1f service neutron] Attributes excluded by policy engine: ['standard_attr_id'] {{(pid=102099) _exclude_attributes_by_policy /opt/stack/neutron/neutron/pecan_wsgi/hooks/policy_enforcement.py:258}}
Apr 02 05:54:53.791246 np0000162743 devstack@neutron-api.service[102099]: [pid: 102099|app: 0|req: 28/106] 199.19.213.12 () {64 vars in 1362 bytes} [Thu Apr 2 05:54:53 2026] GET /networking/v2.0/ports?device_id=manila-admin-share&binding%3Ahost_id=np0000162743 => generated 932 bytes in 50 msecs (HTTP/1.1 200) 4 headers in 157 bytes (1 switches on core 0)
Apr 02 05:54:54.242400 np0000162743 devstack@neutron-api.service[102097]: DEBUG neutron.pecan_wsgi.hooks.policy_enforcement [None req-ca30f737-5757-49c5-8b71-079581f467bf service neutron] Attributes excluded by policy engine: ['standard_attr_id', 'shared'] {{(pid=102097) _exclude_attributes_by_policy /opt/stack/neutron/neutron/pecan_wsgi/hooks/policy_enforcement.py:258}}
Apr 02 05:54:54.244069 np0000162743 devstack@neutron-api.service[102097]: [pid: 102097|app: 0|req: 27/107] 199.19.213.12 () {64 vars in 1360 bytes} [Thu Apr 2 05:54:54 2026] GET /networking/v2.0/subnets/e2297803-5f9d-4740-adab-e3bbb55addac => generated 625 bytes in 25 msecs (HTTP/1.1 200) 4 headers in 157 bytes (1 switches on core 0)
Apr 02 05:55:01.735138 np0000162743 devstack@neutron-api.service[102100]: DEBUG dbcounter [-] [102100] Writing DB stats neutron:UPDATE=12,neutron:SELECT=185,neutron:INSERT=11,neutron:DELETE=2 {{(pid=102100) stat_writer /opt/stack/data/venv/lib/python3.12/site-packages/dbcounter.py:115}}
Apr 02 05:55:02.740543 np0000162743 devstack@neutron-api.service[102099]: DEBUG futurist.periodics [-] Submitting periodic callback 'neutron.plugins.ml2.drivers.ovn.mech_driver.ovsdb.maintenance.HashRingHealthCheckPeriodics.touch_hash_ring_node' {{(pid=102099) _process_scheduled /opt/stack/data/venv/lib/python3.12/site-packages/futurist/periodics.py:638}}
Apr 02 05:55:02.741723 np0000162743 devstack@neutron-api.service[102099]: DEBUG neutron.plugins.ml2.drivers.ovn.mech_driver.ovsdb.maintenance [-] Touching Hash Ring node "3bbc8ede1c595781bbd354e3b3558a32" from periodic health check thread {{(pid=102099) touch_hash_ring_node /opt/stack/neutron/neutron/plugins/ml2/drivers/ovn/mech_driver/ovsdb/maintenance.py:1232}}
Apr 02 05:55:02.935933 np0000162743 devstack@neutron-api.service[102098]: DEBUG dbcounter [-] [102098] Writing DB stats neutron:UPDATE=17,neutron:SELECT=199,neutron:INSERT=29,neutron:DELETE=2 {{(pid=102098) stat_writer /opt/stack/data/venv/lib/python3.12/site-packages/dbcounter.py:115}}
Apr 02 05:55:03.506257 np0000162743 devstack@neutron-api.service[102100]: DEBUG futurist.periodics [-] Submitting periodic callback 'neutron.plugins.ml2.drivers.ovn.mech_driver.ovsdb.maintenance.HashRingHealthCheckPeriodics.touch_hash_ring_node' {{(pid=102100) _process_scheduled /opt/stack/data/venv/lib/python3.12/site-packages/futurist/periodics.py:638}}
Apr 02 05:55:03.508071 np0000162743 devstack@neutron-api.service[102100]: DEBUG neutron.plugins.ml2.drivers.ovn.mech_driver.ovsdb.maintenance [-] Touching Hash Ring node "d31358dc73925060a3f7241e3e62302c" from periodic health check thread {{(pid=102100) touch_hash_ring_node /opt/stack/neutron/neutron/plugins/ml2/drivers/ovn/mech_driver/ovsdb/maintenance.py:1232}}
Apr 02 05:55:03.654832 np0000162743 devstack@neutron-api.service[102097]: DEBUG futurist.periodics [-] Submitting periodic callback 'neutron.plugins.ml2.drivers.ovn.mech_driver.ovsdb.maintenance.HashRingHealthCheckPeriodics.touch_hash_ring_node' {{(pid=102097) _process_scheduled /opt/stack/data/venv/lib/python3.12/site-packages/futurist/periodics.py:638}}
Apr 02 05:55:03.656186 np0000162743 devstack@neutron-api.service[102097]: DEBUG neutron.plugins.ml2.drivers.ovn.mech_driver.ovsdb.maintenance [-] Touching Hash Ring node "420c171da3665853a17d19c53177668f" from periodic health check thread {{(pid=102097) touch_hash_ring_node /opt/stack/neutron/neutron/plugins/ml2/drivers/ovn/mech_driver/ovsdb/maintenance.py:1232}}
Apr 02 05:55:03.728607 np0000162743 devstack@neutron-api.service[102098]: DEBUG futurist.periodics [-] Submitting periodic callback 'neutron.plugins.ml2.drivers.ovn.mech_driver.ovsdb.maintenance.HashRingHealthCheckPeriodics.touch_hash_ring_node' {{(pid=102098) _process_scheduled /opt/stack/data/venv/lib/python3.12/site-packages/futurist/periodics.py:638}}
Apr 02 05:55:03.729911 np0000162743 devstack@neutron-api.service[102098]: DEBUG neutron.plugins.ml2.drivers.ovn.mech_driver.ovsdb.maintenance [-] Touching Hash Ring node "4b3b89baec205c929aa67bd7fa97411f" from periodic health check thread {{(pid=102098) touch_hash_ring_node /opt/stack/neutron/neutron/plugins/ml2/drivers/ovn/mech_driver/ovsdb/maintenance.py:1232}}
Apr 02 05:55:07.853385 np0000162743 devstack@neutron-api.service[102100]: DEBUG neutron.pecan_wsgi.hooks.policy_enforcement [None req-7bc4770f-23c6-43f1-827e-d82220f6a09d demo demo] Attributes excluded by policy engine: ['standard_attr_id', 'provider:network_type', 'provider:physical_network', 'provider:segmentation_id'] {{(pid=102100) _exclude_attributes_by_policy /opt/stack/neutron/neutron/pecan_wsgi/hooks/policy_enforcement.py:258}}
Apr 02 05:55:07.853971 np0000162743 devstack@neutron-api.service[102100]: [pid: 102100|app: 0|req: 27/108] 199.19.213.12 () {64 vars in 1297 bytes} [Thu Apr 2 05:55:07 2026] GET /networking/v2.0/networks?router%3Aexternal=True => generated 659 bytes in 46 msecs (HTTP/1.1 200) 4 headers in 157 bytes (1 switches on core 0)
Apr 02 05:55:12.752939 np0000162743 devstack@neutron-api.service[102099]: DEBUG dbcounter [-] [102099] Writing DB stats neutron:SELECT=151,neutron:UPDATE=12,neutron:DELETE=1 {{(pid=102099) stat_writer /opt/stack/data/venv/lib/python3.12/site-packages/dbcounter.py:115}}
Apr 02 05:55:13.135678 np0000162743 devstack@neutron-api.service[102098]: DEBUG neutron.pecan_wsgi.hooks.policy_enforcement [None req-88632fd8-9521-4220-980e-2787a2bc59e3 demo demo] Attributes excluded by policy engine: ['standard_attr_id', 'provider:network_type', 'provider:physical_network', 'provider:segmentation_id'] {{(pid=102098) _exclude_attributes_by_policy /opt/stack/neutron/neutron/pecan_wsgi/hooks/policy_enforcement.py:258}}
Apr 02 05:55:13.136658 np0000162743 devstack@neutron-api.service[102098]: [pid: 102098|app: 0|req: 27/109] 199.19.213.12 () {64 vars in 1297 bytes} [Thu Apr 2 05:55:13 2026] GET /networking/v2.0/networks?router%3Aexternal=True => generated 659 bytes in 57 msecs (HTTP/1.1 200) 4 headers in 157 bytes (1 switches on core 0)
Apr 02 05:55:13.667738 np0000162743 devstack@neutron-api.service[102097]: DEBUG dbcounter [-] [102097] Writing DB stats neutron:UPDATE=14,neutron:SELECT=282,neutron:INSERT=12,neutron:DELETE=2 {{(pid=102097) stat_writer /opt/stack/data/venv/lib/python3.12/site-packages/dbcounter.py:115}}
Apr 02 05:55:17.741934 np0000162743 devstack@neutron-api.service[102099]: DEBUG futurist.periodics [-] Submitting periodic callback 'neutron.plugins.ml2.drivers.ovn.mech_driver.ovsdb.maintenance.HashRingHealthCheckPeriodics.touch_hash_ring_node' {{(pid=102099) _process_scheduled /opt/stack/data/venv/lib/python3.12/site-packages/futurist/periodics.py:638}}
Apr 02 05:55:17.743000 np0000162743 devstack@neutron-api.service[102099]: DEBUG neutron.plugins.ml2.drivers.ovn.mech_driver.ovsdb.maintenance [-] Touching Hash Ring node "3bbc8ede1c595781bbd354e3b3558a32" from periodic health check thread {{(pid=102099) touch_hash_ring_node /opt/stack/neutron/neutron/plugins/ml2/drivers/ovn/mech_driver/ovsdb/maintenance.py:1232}}
Apr 02 05:55:17.849420 np0000162743 devstack@neutron-api.service[102100]: DEBUG dbcounter [-] [102100] Writing DB stats neutron:UPDATE=1,neutron:SELECT=18 {{(pid=102100) stat_writer /opt/stack/data/venv/lib/python3.12/site-packages/dbcounter.py:115}}
Apr 02 05:55:18.508158 np0000162743 devstack@neutron-api.service[102100]: DEBUG futurist.periodics [-] Submitting periodic callback 'neutron.plugins.ml2.drivers.ovn.mech_driver.ovsdb.maintenance.HashRingHealthCheckPeriodics.touch_hash_ring_node' {{(pid=102100) _process_scheduled /opt/stack/data/venv/lib/python3.12/site-packages/futurist/periodics.py:638}}
Apr 02 05:55:18.509468 np0000162743 devstack@neutron-api.service[102100]: DEBUG neutron.plugins.ml2.drivers.ovn.mech_driver.ovsdb.maintenance [-] Touching Hash Ring node "d31358dc73925060a3f7241e3e62302c" from periodic health check thread {{(pid=102100) touch_hash_ring_node /opt/stack/neutron/neutron/plugins/ml2/drivers/ovn/mech_driver/ovsdb/maintenance.py:1232}}
Apr 02 05:55:18.656259 np0000162743 devstack@neutron-api.service[102097]: DEBUG futurist.periodics [-] Submitting periodic callback 'neutron.plugins.ml2.drivers.ovn.mech_driver.ovsdb.maintenance.HashRingHealthCheckPeriodics.touch_hash_ring_node' {{(pid=102097) _process_scheduled /opt/stack/data/venv/lib/python3.12/site-packages/futurist/periodics.py:638}}
Apr 02 05:55:18.657592 np0000162743 devstack@neutron-api.service[102097]: DEBUG neutron.plugins.ml2.drivers.ovn.mech_driver.ovsdb.maintenance [-] Touching Hash Ring node "420c171da3665853a17d19c53177668f" from periodic health check thread {{(pid=102097) touch_hash_ring_node /opt/stack/neutron/neutron/plugins/ml2/drivers/ovn/mech_driver/ovsdb/maintenance.py:1232}}
Apr 02 05:55:18.730086 np0000162743 devstack@neutron-api.service[102098]: DEBUG futurist.periodics [-] Submitting periodic callback 'neutron.plugins.ml2.drivers.ovn.mech_driver.ovsdb.maintenance.HashRingHealthCheckPeriodics.touch_hash_ring_node' {{(pid=102098) _process_scheduled /opt/stack/data/venv/lib/python3.12/site-packages/futurist/periodics.py:638}}
Apr 02 05:55:18.731436 np0000162743 devstack@neutron-api.service[102098]: DEBUG neutron.plugins.ml2.drivers.ovn.mech_driver.ovsdb.maintenance [-] Touching Hash Ring node "4b3b89baec205c929aa67bd7fa97411f" from periodic health check thread {{(pid=102098) touch_hash_ring_node /opt/stack/neutron/neutron/plugins/ml2/drivers/ovn/mech_driver/ovsdb/maintenance.py:1232}}
Apr 02 05:55:20.408812 np0000162743 devstack@neutron-api.service[102099]: DEBUG neutron.pecan_wsgi.hooks.policy_enforcement [None req-ff43a00b-8d13-421f-9ff6-f9958ffae87f demo demo] Attributes excluded by policy engine: ['standard_attr_id', 'provider:network_type', 'provider:physical_network', 'provider:segmentation_id'] {{(pid=102099) _exclude_attributes_by_policy /opt/stack/neutron/neutron/pecan_wsgi/hooks/policy_enforcement.py:258}}
Apr 02 05:55:20.409577 np0000162743 devstack@neutron-api.service[102099]: [pid: 102099|app: 0|req: 29/110] 199.19.213.12 () {64 vars in 1321 bytes} [Thu Apr 2 05:55:20 2026] GET /networking/v2.0/networks?name=public&router%3Aexternal=True => generated 659 bytes in 55 msecs (HTTP/1.1 200) 4 headers in 157 bytes (1 switches on core 0)
Apr 02 05:55:21.164388 np0000162743 devstack@neutron-api.service[102097]: DEBUG neutron.pecan_wsgi.hooks.policy_enforcement [None req-35cc7e33-8ba6-4443-b87e-7be4ce7100fd demo demo] Attributes excluded by policy engine: ['standard_attr_id', 'provider:network_type', 'provider:physical_network', 'provider:segmentation_id'] {{(pid=102097) _exclude_attributes_by_policy /opt/stack/neutron/neutron/pecan_wsgi/hooks/policy_enforcement.py:258}}
Apr 02 05:55:21.165455 np0000162743 devstack@neutron-api.service[102097]: [pid: 102097|app: 0|req: 28/111] 199.19.213.12 () {64 vars in 1409 bytes} [Thu Apr 2 05:55:21 2026] GET /networking/v2.0/networks/e65e2f8d-cb2e-470d-9477-b2507860d7eb => generated 656 bytes in 157 msecs (HTTP/1.1 200) 4 headers in 157 bytes (1 switches on core 0)
Apr 02 05:55:21.202937 np0000162743 devstack@neutron-api.service[102100]: [pid: 102100|app: 0|req: 28/112] 199.19.213.12 () {64 vars in 1403 bytes} [Thu Apr 2 05:55:21 2026] GET /networking/v2.0/networks?name=k8s-clusterapi-cluster-magnum-system-kube-66r9h => generated 15 bytes in 24 msecs (HTTP/1.1 200) 4 headers in 156 bytes (1 switches on core 0)
