Apr 02 05:49:50.289526 np0000162743 systemd[1]: Starting devstack@n-api.service - Devstack devstack@n-api.service...
Apr 02 05:49:50.296521 np0000162743 devstack@n-api.service[98885]: [uWSGI] getting INI configuration from /etc/nova/nova-api-uwsgi.ini
Apr 02 05:49:50.297042 np0000162743 devstack@n-api.service[98885]: open("./http_plugin.so"): No such file or directory [core/utils.c line 3709]
Apr 02 05:49:50.297042 np0000162743 devstack@n-api.service[98885]: !!! UNABLE to load uWSGI plugin: ./http_plugin.so: cannot open shared object file: No such file or directory !!!
Apr 02 05:49:50.297042 np0000162743 devstack@n-api.service[98885]: open("./python3_plugin.so"): No such file or directory [core/utils.c line 3709]
Apr 02 05:49:50.297042 np0000162743 devstack@n-api.service[98885]: !!! UNABLE to load uWSGI plugin: ./python3_plugin.so: cannot open shared object file: No such file or directory !!!
Apr 02 05:49:50.297042 np0000162743 devstack@n-api.service[98885]: *** Starting uWSGI 2.0.31 (64bit) on [Thu Apr 2 05:49:50 2026] ***
Apr 02 05:49:50.297042 np0000162743 devstack@n-api.service[98885]: compiled with version: 13.3.0 on 02 April 2026 05:40:53
Apr 02 05:49:50.297042 np0000162743 devstack@n-api.service[98885]: os: Linux-6.8.0-107-generic #107-Ubuntu SMP PREEMPT_DYNAMIC Fri Mar 13 19:51:50 UTC 2026
Apr 02 05:49:50.297042 np0000162743 devstack@n-api.service[98885]: nodename: np0000162743
Apr 02 05:49:50.297042 np0000162743 devstack@n-api.service[98885]: machine: x86_64
Apr 02 05:49:50.297042 np0000162743 devstack@n-api.service[98885]: clock source: unix
Apr 02 05:49:50.297042 np0000162743 devstack@n-api.service[98885]: pcre jit disabled
Apr 02 05:49:50.297042 np0000162743 devstack@n-api.service[98885]: detected number of CPU cores: 16
Apr 02 05:49:50.297042 np0000162743 devstack@n-api.service[98885]: current working directory: /
Apr 02 05:49:50.297042 np0000162743 devstack@n-api.service[98885]: detected binary path: /opt/stack/data/venv/bin/uwsgi
Apr 02 05:49:50.297042 np0000162743 devstack@n-api.service[98885]: your processes number limit is 256917
Apr 02 05:49:50.297042 np0000162743 devstack@n-api.service[98885]: your memory page size is 4096 bytes
Apr 02 05:49:50.297042 np0000162743 devstack@n-api.service[98885]: detected max file descriptor number: 2048
Apr 02 05:49:50.297042 np0000162743 devstack@n-api.service[98885]: lock engine: pthread robust mutexes
Apr 02 05:49:50.297042 np0000162743 devstack@n-api.service[98885]: thunder lock: enabled
Apr 02 05:49:50.297732 np0000162743 devstack@n-api.service[98885]: uwsgi socket 0 bound to UNIX address /var/run/uwsgi/nova-api.socket fd 4
Apr 02 05:49:50.297732 np0000162743 devstack@n-api.service[98885]: Python version: 3.12.3 (main, Mar 3 2026, 12:15:18) [GCC 13.3.0]
Apr 02 05:49:50.297732 np0000162743 devstack@n-api.service[98885]: PEP 405 virtualenv detected: /opt/stack/data/venv
Apr 02 05:49:50.297732 np0000162743 devstack@n-api.service[98885]: Set PythonHome to /opt/stack/data/venv
Apr 02 05:49:50.334989 np0000162743 devstack@n-api.service[98885]: Python main interpreter initialized at 0x74c228ca3668
Apr 02 05:49:50.334989 np0000162743 devstack@n-api.service[98885]: python threads support enabled
Apr 02 05:49:50.334989 np0000162743 devstack@n-api.service[98885]: your server socket listen backlog is limited to 100 connections
Apr 02 05:49:50.334989 np0000162743 devstack@n-api.service[98885]: your mercy for graceful operations on workers is 80 seconds
Apr 02 05:49:50.335617 np0000162743 devstack@n-api.service[98885]: mapped 671795 bytes (656 KB) for 4 cores
Apr 02 05:49:50.335818 np0000162743 devstack@n-api.service[98885]: *** Operational MODE: preforking ***
Apr 02 05:49:50.336127 np0000162743 devstack@n-api.service[98885]: *** uWSGI is running in multiple interpreter mode ***
Apr 02 05:49:50.336127 np0000162743 devstack@n-api.service[98885]: spawned uWSGI master process (pid: 98885)
Apr 02 05:49:50.336087 np0000162743 systemd[1]: Started devstack@n-api.service - Devstack devstack@n-api.service.
Apr 02 05:49:50.336948 np0000162743 devstack@n-api.service[98885]: spawned uWSGI worker 1 (pid: 98886, cores: 1)
Apr 02 05:49:50.337153 np0000162743 devstack@n-api.service[98885]: spawned uWSGI worker 2 (pid: 98887, cores: 1)
Apr 02 05:49:50.337468 np0000162743 devstack@n-api.service[98885]: spawned uWSGI worker 3 (pid: 98888, cores: 1)
Apr 02 05:49:50.337882 np0000162743 devstack@n-api.service[98885]: spawned uWSGI worker 4 (pid: 98889, cores: 1)
Apr 02 05:49:50.337973 np0000162743 devstack@n-api.service[98885]: running "unix_signal:15 gracefully_kill_them_all" (master-start)...
Apr 02 05:49:50.688147 np0000162743 devstack@n-api.service[98889]: Service is starting with native threading. This is currently experimental. Do not use it in production without first testing it in pre-production.
Apr 02 05:49:50.691201 np0000162743 devstack@n-api.service[98886]: Service is starting with native threading. This is currently experimental. Do not use it in production without first testing it in pre-production.
Apr 02 05:49:50.695510 np0000162743 devstack@n-api.service[98888]: Service is starting with native threading. This is currently experimental. Do not use it in production without first testing it in pre-production.
Apr 02 05:49:50.699932 np0000162743 devstack@n-api.service[98887]: Service is starting with native threading. This is currently experimental. Do not use it in production without first testing it in pre-production.
Apr 02 05:49:52.697005 np0000162743 devstack@n-api.service[98889]: INFO dbcounter [None req-8ccc88f8-c3a0-40d2-acae-4163e1ae13eb None None] Registered counter for database nova_api
Apr 02 05:49:52.712540 np0000162743 devstack@n-api.service[98889]: DEBUG oslo_db.sqlalchemy.engines [None req-8ccc88f8-c3a0-40d2-acae-4163e1ae13eb None None] MySQL server mode set to STRICT_TRANS_TABLES,STRICT_ALL_TABLES,NO_ZERO_IN_DATE,NO_ZERO_DATE,ERROR_FOR_DIVISION_BY_ZERO,TRADITIONAL,NO_ENGINE_SUBSTITUTION {{(pid=98889) _check_effective_sql_mode /opt/stack/data/venv/lib/python3.12/site-packages/oslo_db/sqlalchemy/engines.py:325}}
Apr 02 05:49:52.735344 np0000162743 devstack@n-api.service[98886]: INFO dbcounter [None req-a9863d61-c8fe-44fa-97ef-5f5c33ff6e32 None None] Registered counter for database nova_api
Apr 02 05:49:52.740135 np0000162743 devstack@n-api.service[98888]: INFO dbcounter [None req-baec6aef-a385-42df-9fd3-3b9ae8134089 None None] Registered counter for database nova_api
Apr 02 05:49:52.745889 np0000162743 devstack@n-api.service[98886]: DEBUG oslo_db.sqlalchemy.engines [None req-a9863d61-c8fe-44fa-97ef-5f5c33ff6e32 None None] MySQL server mode set to STRICT_TRANS_TABLES,STRICT_ALL_TABLES,NO_ZERO_IN_DATE,NO_ZERO_DATE,ERROR_FOR_DIVISION_BY_ZERO,TRADITIONAL,NO_ENGINE_SUBSTITUTION {{(pid=98886) _check_effective_sql_mode /opt/stack/data/venv/lib/python3.12/site-packages/oslo_db/sqlalchemy/engines.py:325}}
Apr 02 05:49:52.746646 np0000162743 devstack@n-api.service[98889]: DEBUG dbcounter [-] [98889] Writer thread running {{(pid=98889) stat_writer /opt/stack/data/venv/lib/python3.12/site-packages/dbcounter.py:102}}
Apr 02 05:49:52.748905 np0000162743 devstack@n-api.service[98889]: DEBUG nova.context [None req-8ccc88f8-c3a0-40d2-acae-4163e1ae13eb None None] Found 2 cells: 00000000-0000-0000-0000-000000000000(cell0),355b56f6-b9a2-4055-a1be-b0f1cddfe90b(cell1) {{(pid=98889) load_cells /opt/stack/nova/nova/context.py:509}}
Apr 02 05:49:52.749126 np0000162743 devstack@n-api.service[98889]: INFO nova.utils [None req-8ccc88f8-c3a0-40d2-acae-4163e1ae13eb None None] The cell worker thread pool MainProcess.cell_worker is initialized
Apr 02 05:49:52.750925 np0000162743 devstack@n-api.service[98889]: DEBUG oslo_concurrency.lockutils [None req-8ccc88f8-c3a0-40d2-acae-4163e1ae13eb None None] Acquiring lock "00000000-0000-0000-0000-000000000000" by "nova.context.set_target_cell..get_or_set_cached_cell_and_set_connections" {{(pid=98889) inner /opt/stack/data/venv/lib/python3.12/site-packages/oslo_concurrency/lockutils.py:506}}
Apr 02 05:49:52.751055 np0000162743 devstack@n-api.service[98889]: DEBUG oslo_concurrency.lockutils [None req-8ccc88f8-c3a0-40d2-acae-4163e1ae13eb None None] Lock "00000000-0000-0000-0000-000000000000" acquired by "nova.context.set_target_cell..get_or_set_cached_cell_and_set_connections" :: waited 0.000s {{(pid=98889) inner /opt/stack/data/venv/lib/python3.12/site-packages/oslo_concurrency/lockutils.py:519}}
Apr 02 05:49:52.751443 np0000162743 devstack@n-api.service[98889]: DEBUG oslo_concurrency.lockutils [None req-8ccc88f8-c3a0-40d2-acae-4163e1ae13eb None None] Lock "00000000-0000-0000-0000-000000000000" "released" by "nova.context.set_target_cell..get_or_set_cached_cell_and_set_connections" :: held 0.000s {{(pid=98889) inner /opt/stack/data/venv/lib/python3.12/site-packages/oslo_concurrency/lockutils.py:538}}
Apr 02 05:49:52.752198 np0000162743 devstack@n-api.service[98889]: DEBUG oslo_concurrency.lockutils [None req-8ccc88f8-c3a0-40d2-acae-4163e1ae13eb None None] Acquiring lock "355b56f6-b9a2-4055-a1be-b0f1cddfe90b" by "nova.context.set_target_cell..get_or_set_cached_cell_and_set_connections" {{(pid=98889) inner /opt/stack/data/venv/lib/python3.12/site-packages/oslo_concurrency/lockutils.py:506}}
Apr 02 05:49:52.752397 np0000162743 devstack@n-api.service[98889]: DEBUG oslo_concurrency.lockutils [None req-8ccc88f8-c3a0-40d2-acae-4163e1ae13eb None None] Lock "355b56f6-b9a2-4055-a1be-b0f1cddfe90b" acquired by "nova.context.set_target_cell..get_or_set_cached_cell_and_set_connections" :: waited 0.000s {{(pid=98889) inner /opt/stack/data/venv/lib/python3.12/site-packages/oslo_concurrency/lockutils.py:519}}
Apr 02 05:49:52.753174 np0000162743 devstack@n-api.service[98889]: DEBUG oslo_concurrency.lockutils [None req-8ccc88f8-c3a0-40d2-acae-4163e1ae13eb None None] Lock "355b56f6-b9a2-4055-a1be-b0f1cddfe90b" "released" by "nova.context.set_target_cell..get_or_set_cached_cell_and_set_connections" :: held 0.001s {{(pid=98889) inner /opt/stack/data/venv/lib/python3.12/site-packages/oslo_concurrency/lockutils.py:538}}
Apr 02 05:49:52.754466 np0000162743 devstack@n-api.service[98888]: DEBUG oslo_db.sqlalchemy.engines [None req-baec6aef-a385-42df-9fd3-3b9ae8134089 None None] MySQL server mode set to STRICT_TRANS_TABLES,STRICT_ALL_TABLES,NO_ZERO_IN_DATE,NO_ZERO_DATE,ERROR_FOR_DIVISION_BY_ZERO,TRADITIONAL,NO_ENGINE_SUBSTITUTION {{(pid=98888) _check_effective_sql_mode /opt/stack/data/venv/lib/python3.12/site-packages/oslo_db/sqlalchemy/engines.py:325}}
Apr 02 05:49:52.756299 np0000162743 devstack@n-api.service[98889]: INFO dbcounter [None req-8ccc88f8-c3a0-40d2-acae-4163e1ae13eb None None] Registered counter for database nova_cell0
Apr 02 05:49:52.756777 np0000162743 devstack@n-api.service[98887]: INFO dbcounter [None req-08da031f-0da6-4b79-9084-08ab36389659 None None] Registered counter for database nova_api
Apr 02 05:49:52.762007 np0000162743 devstack@n-api.service[98889]: INFO dbcounter [None req-8ccc88f8-c3a0-40d2-acae-4163e1ae13eb None None] Registered counter for database nova_cell1
Apr 02 05:49:52.772045 np0000162743 devstack@n-api.service[98889]: DEBUG oslo_db.sqlalchemy.engines [None req-8ccc88f8-c3a0-40d2-acae-4163e1ae13eb None None] MySQL server mode set to STRICT_TRANS_TABLES,STRICT_ALL_TABLES,NO_ZERO_IN_DATE,NO_ZERO_DATE,ERROR_FOR_DIVISION_BY_ZERO,TRADITIONAL,NO_ENGINE_SUBSTITUTION {{(pid=98889) _check_effective_sql_mode /opt/stack/data/venv/lib/python3.12/site-packages/oslo_db/sqlalchemy/engines.py:325}}
Apr 02 05:49:52.775239 np0000162743 devstack@n-api.service[98886]: DEBUG dbcounter [-] [98886] Writer thread running {{(pid=98886) stat_writer /opt/stack/data/venv/lib/python3.12/site-packages/dbcounter.py:102}}
Apr 02 05:49:52.777181 np0000162743 devstack@n-api.service[98886]: DEBUG nova.context [None req-a9863d61-c8fe-44fa-97ef-5f5c33ff6e32 None None] Found 2 cells: 00000000-0000-0000-0000-000000000000(cell0),355b56f6-b9a2-4055-a1be-b0f1cddfe90b(cell1) {{(pid=98886) load_cells /opt/stack/nova/nova/context.py:509}}
Apr 02 05:49:52.777428 np0000162743 devstack@n-api.service[98886]: INFO nova.utils [None req-a9863d61-c8fe-44fa-97ef-5f5c33ff6e32 None None] The cell worker thread pool MainProcess.cell_worker is initialized
Apr 02 05:49:52.778377 np0000162743 devstack@n-api.service[98887]: DEBUG oslo_db.sqlalchemy.engines [None req-08da031f-0da6-4b79-9084-08ab36389659 None None] MySQL server mode set to STRICT_TRANS_TABLES,STRICT_ALL_TABLES,NO_ZERO_IN_DATE,NO_ZERO_DATE,ERROR_FOR_DIVISION_BY_ZERO,TRADITIONAL,NO_ENGINE_SUBSTITUTION {{(pid=98887) _check_effective_sql_mode /opt/stack/data/venv/lib/python3.12/site-packages/oslo_db/sqlalchemy/engines.py:325}}
Apr 02 05:49:52.779360 np0000162743 devstack@n-api.service[98886]: DEBUG oslo_concurrency.lockutils [None req-a9863d61-c8fe-44fa-97ef-5f5c33ff6e32 None None] Acquiring lock "00000000-0000-0000-0000-000000000000" by "nova.context.set_target_cell..get_or_set_cached_cell_and_set_connections" {{(pid=98886) inner /opt/stack/data/venv/lib/python3.12/site-packages/oslo_concurrency/lockutils.py:506}}
Apr 02 05:49:52.779541 np0000162743 devstack@n-api.service[98886]: DEBUG oslo_concurrency.lockutils [None req-a9863d61-c8fe-44fa-97ef-5f5c33ff6e32 None None] Lock "00000000-0000-0000-0000-000000000000" acquired by "nova.context.set_target_cell..get_or_set_cached_cell_and_set_connections" :: waited 0.000s {{(pid=98886) inner /opt/stack/data/venv/lib/python3.12/site-packages/oslo_concurrency/lockutils.py:519}}
Apr 02 05:49:52.779857 np0000162743 devstack@n-api.service[98886]: DEBUG oslo_concurrency.lockutils [None req-a9863d61-c8fe-44fa-97ef-5f5c33ff6e32 None None] Lock "00000000-0000-0000-0000-000000000000" "released" by "nova.context.set_target_cell..get_or_set_cached_cell_and_set_connections" :: held 0.000s {{(pid=98886) inner /opt/stack/data/venv/lib/python3.12/site-packages/oslo_concurrency/lockutils.py:538}}
Apr 02 05:49:52.780516 np0000162743 devstack@n-api.service[98886]: DEBUG oslo_concurrency.lockutils [None req-a9863d61-c8fe-44fa-97ef-5f5c33ff6e32 None None] Acquiring lock "355b56f6-b9a2-4055-a1be-b0f1cddfe90b" by "nova.context.set_target_cell..get_or_set_cached_cell_and_set_connections" {{(pid=98886) inner /opt/stack/data/venv/lib/python3.12/site-packages/oslo_concurrency/lockutils.py:506}}
Apr 02 05:49:52.780692 np0000162743 devstack@n-api.service[98886]: DEBUG oslo_concurrency.lockutils [None req-a9863d61-c8fe-44fa-97ef-5f5c33ff6e32 None None] Lock "355b56f6-b9a2-4055-a1be-b0f1cddfe90b" acquired by "nova.context.set_target_cell..get_or_set_cached_cell_and_set_connections" :: waited 0.000s {{(pid=98886) inner /opt/stack/data/venv/lib/python3.12/site-packages/oslo_concurrency/lockutils.py:519}}
Apr 02 05:49:52.781498 np0000162743 devstack@n-api.service[98886]: DEBUG oslo_concurrency.lockutils [None req-a9863d61-c8fe-44fa-97ef-5f5c33ff6e32 None None] Lock "355b56f6-b9a2-4055-a1be-b0f1cddfe90b" "released" by "nova.context.set_target_cell..get_or_set_cached_cell_and_set_connections" :: held 0.001s {{(pid=98886) inner /opt/stack/data/venv/lib/python3.12/site-packages/oslo_concurrency/lockutils.py:538}}
Apr 02 05:49:52.784298 np0000162743 devstack@n-api.service[98886]: INFO dbcounter [None req-a9863d61-c8fe-44fa-97ef-5f5c33ff6e32 None None] Registered counter for database nova_cell0
Apr 02 05:49:52.788697 np0000162743 devstack@n-api.service[98888]: DEBUG dbcounter [-] [98888] Writer thread running {{(pid=98888) stat_writer /opt/stack/data/venv/lib/python3.12/site-packages/dbcounter.py:102}}
Apr 02 05:49:52.789379 np0000162743 devstack@n-api.service[98886]: INFO dbcounter [None req-a9863d61-c8fe-44fa-97ef-5f5c33ff6e32 None None] Registered counter for database nova_cell1
Apr 02 05:49:52.789757 np0000162743 devstack@n-api.service[98889]: DEBUG oslo_db.sqlalchemy.engines [None req-8ccc88f8-c3a0-40d2-acae-4163e1ae13eb None None] MySQL server mode set to STRICT_TRANS_TABLES,STRICT_ALL_TABLES,NO_ZERO_IN_DATE,NO_ZERO_DATE,ERROR_FOR_DIVISION_BY_ZERO,TRADITIONAL,NO_ENGINE_SUBSTITUTION {{(pid=98889) _check_effective_sql_mode /opt/stack/data/venv/lib/python3.12/site-packages/oslo_db/sqlalchemy/engines.py:325}}
Apr 02 05:49:52.791202 np0000162743 devstack@n-api.service[98888]: DEBUG nova.context [None req-baec6aef-a385-42df-9fd3-3b9ae8134089 None None] Found 2 cells: 00000000-0000-0000-0000-000000000000(cell0),355b56f6-b9a2-4055-a1be-b0f1cddfe90b(cell1) {{(pid=98888) load_cells /opt/stack/nova/nova/context.py:509}}
Apr 02 05:49:52.791432 np0000162743 devstack@n-api.service[98888]: INFO nova.utils [None req-baec6aef-a385-42df-9fd3-3b9ae8134089 None None] The cell worker thread pool MainProcess.cell_worker is initialized
Apr 02 05:49:52.793228 np0000162743 devstack@n-api.service[98888]: DEBUG oslo_concurrency.lockutils [None req-baec6aef-a385-42df-9fd3-3b9ae8134089 None None] Acquiring lock "00000000-0000-0000-0000-000000000000" by "nova.context.set_target_cell..get_or_set_cached_cell_and_set_connections" {{(pid=98888) inner /opt/stack/data/venv/lib/python3.12/site-packages/oslo_concurrency/lockutils.py:506}}
Apr 02 05:49:52.793392 np0000162743 devstack@n-api.service[98888]: DEBUG oslo_concurrency.lockutils [None req-baec6aef-a385-42df-9fd3-3b9ae8134089 None None] Lock "00000000-0000-0000-0000-000000000000" acquired by "nova.context.set_target_cell..get_or_set_cached_cell_and_set_connections" :: waited 0.000s {{(pid=98888) inner /opt/stack/data/venv/lib/python3.12/site-packages/oslo_concurrency/lockutils.py:519}}
Apr 02 05:49:52.793904 np0000162743 devstack@n-api.service[98888]: DEBUG oslo_concurrency.lockutils [None req-baec6aef-a385-42df-9fd3-3b9ae8134089 None None] Lock "00000000-0000-0000-0000-000000000000" "released" by "nova.context.set_target_cell..get_or_set_cached_cell_and_set_connections" :: held 0.000s {{(pid=98888) inner /opt/stack/data/venv/lib/python3.12/site-packages/oslo_concurrency/lockutils.py:538}}
Apr 02 05:49:52.795174 np0000162743 devstack@n-api.service[98888]: DEBUG oslo_concurrency.lockutils [None req-baec6aef-a385-42df-9fd3-3b9ae8134089 None None] Acquiring lock "355b56f6-b9a2-4055-a1be-b0f1cddfe90b" by "nova.context.set_target_cell..get_or_set_cached_cell_and_set_connections" {{(pid=98888) inner /opt/stack/data/venv/lib/python3.12/site-packages/oslo_concurrency/lockutils.py:506}}
Apr 02 05:49:52.795328 np0000162743 devstack@n-api.service[98888]: DEBUG oslo_concurrency.lockutils [None req-baec6aef-a385-42df-9fd3-3b9ae8134089 None None] Lock "355b56f6-b9a2-4055-a1be-b0f1cddfe90b" acquired by "nova.context.set_target_cell..get_or_set_cached_cell_and_set_connections" :: waited 0.000s {{(pid=98888) inner /opt/stack/data/venv/lib/python3.12/site-packages/oslo_concurrency/lockutils.py:519}}
Apr 02 05:49:52.796216 np0000162743 devstack@n-api.service[98888]: DEBUG oslo_concurrency.lockutils [None req-baec6aef-a385-42df-9fd3-3b9ae8134089 None None] Lock "355b56f6-b9a2-4055-a1be-b0f1cddfe90b" "released" by "nova.context.set_target_cell..get_or_set_cached_cell_and_set_connections" :: held 0.001s {{(pid=98888) inner /opt/stack/data/venv/lib/python3.12/site-packages/oslo_concurrency/lockutils.py:538}}
Apr 02 05:49:52.802289 np0000162743 devstack@n-api.service[98888]: INFO dbcounter [None req-baec6aef-a385-42df-9fd3-3b9ae8134089 None None] Registered counter for database nova_cell0
Apr 02 05:49:52.802373 np0000162743 devstack@n-api.service[98886]: DEBUG oslo_db.sqlalchemy.engines [None req-a9863d61-c8fe-44fa-97ef-5f5c33ff6e32 None None] MySQL server mode set to STRICT_TRANS_TABLES,STRICT_ALL_TABLES,NO_ZERO_IN_DATE,NO_ZERO_DATE,ERROR_FOR_DIVISION_BY_ZERO,TRADITIONAL,NO_ENGINE_SUBSTITUTION {{(pid=98886) _check_effective_sql_mode /opt/stack/data/venv/lib/python3.12/site-packages/oslo_db/sqlalchemy/engines.py:325}}
Apr 02 05:49:52.803949 np0000162743 devstack@n-api.service[98886]: DEBUG oslo_db.sqlalchemy.engines [None req-a9863d61-c8fe-44fa-97ef-5f5c33ff6e32 None None] MySQL server mode set to STRICT_TRANS_TABLES,STRICT_ALL_TABLES,NO_ZERO_IN_DATE,NO_ZERO_DATE,ERROR_FOR_DIVISION_BY_ZERO,TRADITIONAL,NO_ENGINE_SUBSTITUTION {{(pid=98886) _check_effective_sql_mode /opt/stack/data/venv/lib/python3.12/site-packages/oslo_db/sqlalchemy/engines.py:325}}
Apr 02 05:49:52.804553 np0000162743 devstack@n-api.service[98888]: INFO dbcounter [None req-baec6aef-a385-42df-9fd3-3b9ae8134089 None None] Registered counter for database nova_cell1
Apr 02 05:49:52.812765 np0000162743 devstack@n-api.service[98887]: DEBUG dbcounter [-] [98887] Writer thread running {{(pid=98887) stat_writer /opt/stack/data/venv/lib/python3.12/site-packages/dbcounter.py:102}}
Apr 02 05:49:52.814900 np0000162743 devstack@n-api.service[98888]: DEBUG oslo_db.sqlalchemy.engines [None req-baec6aef-a385-42df-9fd3-3b9ae8134089 None None] MySQL server mode set to STRICT_TRANS_TABLES,STRICT_ALL_TABLES,NO_ZERO_IN_DATE,NO_ZERO_DATE,ERROR_FOR_DIVISION_BY_ZERO,TRADITIONAL,NO_ENGINE_SUBSTITUTION {{(pid=98888) _check_effective_sql_mode /opt/stack/data/venv/lib/python3.12/site-packages/oslo_db/sqlalchemy/engines.py:325}}
Apr 02 05:49:52.815070 np0000162743 devstack@n-api.service[98887]: DEBUG nova.context [None req-08da031f-0da6-4b79-9084-08ab36389659 None None] Found 2 cells: 00000000-0000-0000-0000-000000000000(cell0),355b56f6-b9a2-4055-a1be-b0f1cddfe90b(cell1) {{(pid=98887) load_cells /opt/stack/nova/nova/context.py:509}}
Apr 02 05:49:52.815208 np0000162743 devstack@n-api.service[98887]: INFO nova.utils [None req-08da031f-0da6-4b79-9084-08ab36389659 None None] The cell worker thread pool MainProcess.cell_worker is initialized
Apr 02 05:49:52.816960 np0000162743 devstack@n-api.service[98887]: DEBUG oslo_concurrency.lockutils [None req-08da031f-0da6-4b79-9084-08ab36389659 None None] Acquiring lock "00000000-0000-0000-0000-000000000000" by "nova.context.set_target_cell..get_or_set_cached_cell_and_set_connections" {{(pid=98887) inner /opt/stack/data/venv/lib/python3.12/site-packages/oslo_concurrency/lockutils.py:506}}
Apr 02 05:49:52.817108 np0000162743 devstack@n-api.service[98887]: DEBUG oslo_concurrency.lockutils [None req-08da031f-0da6-4b79-9084-08ab36389659 None None] Lock "00000000-0000-0000-0000-000000000000" acquired by "nova.context.set_target_cell..get_or_set_cached_cell_and_set_connections" :: waited 0.000s {{(pid=98887) inner /opt/stack/data/venv/lib/python3.12/site-packages/oslo_concurrency/lockutils.py:519}}
Apr 02 05:49:52.817518 np0000162743 devstack@n-api.service[98887]: DEBUG oslo_concurrency.lockutils [None req-08da031f-0da6-4b79-9084-08ab36389659 None None] Lock "00000000-0000-0000-0000-000000000000" "released" by "nova.context.set_target_cell..get_or_set_cached_cell_and_set_connections" :: held 0.000s {{(pid=98887) inner /opt/stack/data/venv/lib/python3.12/site-packages/oslo_concurrency/lockutils.py:538}}
Apr 02 05:49:52.818290 np0000162743 devstack@n-api.service[98887]: DEBUG oslo_concurrency.lockutils [None req-08da031f-0da6-4b79-9084-08ab36389659 None None] Acquiring lock "355b56f6-b9a2-4055-a1be-b0f1cddfe90b" by "nova.context.set_target_cell..get_or_set_cached_cell_and_set_connections" {{(pid=98887) inner /opt/stack/data/venv/lib/python3.12/site-packages/oslo_concurrency/lockutils.py:506}}
Apr 02 05:49:52.818450 np0000162743 devstack@n-api.service[98887]: DEBUG oslo_concurrency.lockutils [None req-08da031f-0da6-4b79-9084-08ab36389659 None None] Lock "355b56f6-b9a2-4055-a1be-b0f1cddfe90b" acquired by "nova.context.set_target_cell..get_or_set_cached_cell_and_set_connections" :: waited 0.000s {{(pid=98887) inner /opt/stack/data/venv/lib/python3.12/site-packages/oslo_concurrency/lockutils.py:519}}
Apr 02 05:49:52.819259 np0000162743 devstack@n-api.service[98887]: DEBUG oslo_concurrency.lockutils [None req-08da031f-0da6-4b79-9084-08ab36389659 None None] Lock "355b56f6-b9a2-4055-a1be-b0f1cddfe90b" "released" by "nova.context.set_target_cell..get_or_set_cached_cell_and_set_connections" :: held 0.001s {{(pid=98887) inner /opt/stack/data/venv/lib/python3.12/site-packages/oslo_concurrency/lockutils.py:538}}
Apr 02 05:49:52.822289 np0000162743 devstack@n-api.service[98887]: INFO dbcounter [None req-08da031f-0da6-4b79-9084-08ab36389659 None None] Registered counter for database nova_cell0
Apr 02 05:49:52.826378 np0000162743 devstack@n-api.service[98888]: DEBUG oslo_db.sqlalchemy.engines [None req-baec6aef-a385-42df-9fd3-3b9ae8134089 None None] MySQL server mode set to STRICT_TRANS_TABLES,STRICT_ALL_TABLES,NO_ZERO_IN_DATE,NO_ZERO_DATE,ERROR_FOR_DIVISION_BY_ZERO,TRADITIONAL,NO_ENGINE_SUBSTITUTION {{(pid=98888) _check_effective_sql_mode /opt/stack/data/venv/lib/python3.12/site-packages/oslo_db/sqlalchemy/engines.py:325}}
Apr 02 05:49:52.827720 np0000162743 devstack@n-api.service[98887]: INFO dbcounter [None req-08da031f-0da6-4b79-9084-08ab36389659 None None] Registered counter for database nova_cell1
Apr 02 05:49:52.835283 np0000162743 devstack@n-api.service[98887]: DEBUG oslo_db.sqlalchemy.engines [None req-08da031f-0da6-4b79-9084-08ab36389659 None None] MySQL server mode set to STRICT_TRANS_TABLES,STRICT_ALL_TABLES,NO_ZERO_IN_DATE,NO_ZERO_DATE,ERROR_FOR_DIVISION_BY_ZERO,TRADITIONAL,NO_ENGINE_SUBSTITUTION {{(pid=98887) _check_effective_sql_mode /opt/stack/data/venv/lib/python3.12/site-packages/oslo_db/sqlalchemy/engines.py:325}}
Apr 02 05:49:52.845488 np0000162743 devstack@n-api.service[98887]: DEBUG oslo_db.sqlalchemy.engines [None req-08da031f-0da6-4b79-9084-08ab36389659 None None] MySQL server mode set to STRICT_TRANS_TABLES,STRICT_ALL_TABLES,NO_ZERO_IN_DATE,NO_ZERO_DATE,ERROR_FOR_DIVISION_BY_ZERO,TRADITIONAL,NO_ENGINE_SUBSTITUTION {{(pid=98887) _check_effective_sql_mode /opt/stack/data/venv/lib/python3.12/site-packages/oslo_db/sqlalchemy/engines.py:325}}
Apr 02 05:49:52.872671 np0000162743 devstack@n-api.service[98889]: DEBUG dbcounter [-] [98889] Writer thread running {{(pid=98889) stat_writer /opt/stack/data/venv/lib/python3.12/site-packages/dbcounter.py:102}}
Apr 02 05:49:52.878294 np0000162743 devstack@n-api.service[98889]: DEBUG dbcounter [-] [98889] Writer thread running {{(pid=98889) stat_writer /opt/stack/data/venv/lib/python3.12/site-packages/dbcounter.py:102}}
Apr 02 05:49:52.884946 np0000162743 devstack@n-api.service[98889]: INFO dbcounter [None req-8ccc88f8-c3a0-40d2-acae-4163e1ae13eb None None] Registered counter for database nova_cell0
Apr 02 05:49:52.889994 np0000162743 devstack@n-api.service[98886]: DEBUG dbcounter [-] [98886] Writer thread running {{(pid=98886) stat_writer /opt/stack/data/venv/lib/python3.12/site-packages/dbcounter.py:102}}
Apr 02 05:49:52.896148 np0000162743 devstack@n-api.service[98886]: DEBUG dbcounter [-] [98886] Writer thread running {{(pid=98886) stat_writer /opt/stack/data/venv/lib/python3.12/site-packages/dbcounter.py:102}}
Apr 02 05:49:52.896959 np0000162743 devstack@n-api.service[98889]: DEBUG oslo_db.sqlalchemy.engines [None req-8ccc88f8-c3a0-40d2-acae-4163e1ae13eb None None] MySQL server mode set to STRICT_TRANS_TABLES,STRICT_ALL_TABLES,NO_ZERO_IN_DATE,NO_ZERO_DATE,ERROR_FOR_DIVISION_BY_ZERO,TRADITIONAL,NO_ENGINE_SUBSTITUTION {{(pid=98889) _check_effective_sql_mode /opt/stack/data/venv/lib/python3.12/site-packages/oslo_db/sqlalchemy/engines.py:325}}
Apr 02 05:49:52.906330 np0000162743 devstack@n-api.service[98889]: DEBUG dbcounter [-] [98889] Writer thread running {{(pid=98889) stat_writer /opt/stack/data/venv/lib/python3.12/site-packages/dbcounter.py:102}}
Apr 02 05:49:52.911744 np0000162743 devstack@n-api.service[98888]: DEBUG dbcounter [-] [98888] Writer thread running {{(pid=98888) stat_writer /opt/stack/data/venv/lib/python3.12/site-packages/dbcounter.py:102}}
Apr 02 05:49:52.917500 np0000162743 devstack@n-api.service[98888]: DEBUG dbcounter [-] [98888] Writer thread running {{(pid=98888) stat_writer /opt/stack/data/venv/lib/python3.12/site-packages/dbcounter.py:102}}
Apr 02 05:49:52.923735 np0000162743 devstack@n-api.service[98887]: DEBUG dbcounter [-] [98887] Writer thread running {{(pid=98887) stat_writer /opt/stack/data/venv/lib/python3.12/site-packages/dbcounter.py:102}}
Apr 02 05:49:52.928529 np0000162743 devstack@n-api.service[98887]: DEBUG dbcounter [-] [98887] Writer thread running {{(pid=98887) stat_writer /opt/stack/data/venv/lib/python3.12/site-packages/dbcounter.py:102}}
Apr 02 05:49:52.951556 np0000162743 devstack@n-api.service[98886]: INFO dbcounter [None req-a9863d61-c8fe-44fa-97ef-5f5c33ff6e32 None None] Registered counter for database nova_cell0
Apr 02 05:49:52.952701 np0000162743 devstack@n-api.service[98887]: INFO dbcounter [None req-08da031f-0da6-4b79-9084-08ab36389659 None None] Registered counter for database nova_cell0
Apr 02 05:49:52.953052 np0000162743 devstack@n-api.service[98888]: INFO dbcounter [None req-baec6aef-a385-42df-9fd3-3b9ae8134089 None None] Registered counter for database nova_cell0
Apr 02 05:49:52.961333 np0000162743 devstack@n-api.service[98886]: DEBUG oslo_db.sqlalchemy.engines [None req-a9863d61-c8fe-44fa-97ef-5f5c33ff6e32 None None] MySQL server mode set to STRICT_TRANS_TABLES,STRICT_ALL_TABLES,NO_ZERO_IN_DATE,NO_ZERO_DATE,ERROR_FOR_DIVISION_BY_ZERO,TRADITIONAL,NO_ENGINE_SUBSTITUTION {{(pid=98886) _check_effective_sql_mode /opt/stack/data/venv/lib/python3.12/site-packages/oslo_db/sqlalchemy/engines.py:325}}
Apr 02 05:49:52.965636 np0000162743 devstack@n-api.service[98887]: DEBUG oslo_db.sqlalchemy.engines [None req-08da031f-0da6-4b79-9084-08ab36389659 None None] MySQL server mode set to STRICT_TRANS_TABLES,STRICT_ALL_TABLES,NO_ZERO_IN_DATE,NO_ZERO_DATE,ERROR_FOR_DIVISION_BY_ZERO,TRADITIONAL,NO_ENGINE_SUBSTITUTION {{(pid=98887) _check_effective_sql_mode /opt/stack/data/venv/lib/python3.12/site-packages/oslo_db/sqlalchemy/engines.py:325}}
Apr 02 05:49:52.971512 np0000162743 devstack@n-api.service[98888]: DEBUG oslo_db.sqlalchemy.engines [None req-baec6aef-a385-42df-9fd3-3b9ae8134089 None None] MySQL server mode set to STRICT_TRANS_TABLES,STRICT_ALL_TABLES,NO_ZERO_IN_DATE,NO_ZERO_DATE,ERROR_FOR_DIVISION_BY_ZERO,TRADITIONAL,NO_ENGINE_SUBSTITUTION {{(pid=98888) _check_effective_sql_mode /opt/stack/data/venv/lib/python3.12/site-packages/oslo_db/sqlalchemy/engines.py:325}}
Apr 02 05:49:52.972584 np0000162743 devstack@n-api.service[98886]: DEBUG dbcounter [-] [98886] Writer thread running {{(pid=98886) stat_writer /opt/stack/data/venv/lib/python3.12/site-packages/dbcounter.py:102}}
Apr 02 05:49:52.972693 np0000162743 devstack@n-api.service[98887]: DEBUG dbcounter [-] [98887] Writer thread running {{(pid=98887) stat_writer /opt/stack/data/venv/lib/python3.12/site-packages/dbcounter.py:102}}
Apr 02 05:49:52.978475 np0000162743 devstack@n-api.service[98888]: DEBUG dbcounter [-] [98888] Writer thread running {{(pid=98888) stat_writer /opt/stack/data/venv/lib/python3.12/site-packages/dbcounter.py:102}}
Apr 02 05:49:53.335519 np0000162743 devstack@n-api.service[98888]: DEBUG oslo_concurrency.processutils [None req-baec6aef-a385-42df-9fd3-3b9ae8134089 None None] Running cmd (subprocess): grep -F node.session.scan /sbin/iscsiadm {{(pid=98888) execute /opt/stack/data/venv/lib/python3.12/site-packages/oslo_concurrency/processutils.py:440}}
Apr 02 05:49:53.336845 np0000162743 devstack@n-api.service[98886]: DEBUG oslo_concurrency.processutils [None req-a9863d61-c8fe-44fa-97ef-5f5c33ff6e32 None None] Running cmd (subprocess): grep -F node.session.scan /sbin/iscsiadm {{(pid=98886) execute /opt/stack/data/venv/lib/python3.12/site-packages/oslo_concurrency/processutils.py:440}}
Apr 02 05:49:53.346792 np0000162743 devstack@n-api.service[98887]: DEBUG oslo_concurrency.processutils [None req-08da031f-0da6-4b79-9084-08ab36389659 None None] Running cmd (subprocess): grep -F node.session.scan /sbin/iscsiadm {{(pid=98887) execute /opt/stack/data/venv/lib/python3.12/site-packages/oslo_concurrency/processutils.py:440}}
Apr 02 05:49:53.352248 np0000162743 devstack@n-api.service[98889]: DEBUG oslo_concurrency.processutils [None req-8ccc88f8-c3a0-40d2-acae-4163e1ae13eb None None] Running cmd (subprocess): grep -F node.session.scan /sbin/iscsiadm {{(pid=98889) execute /opt/stack/data/venv/lib/python3.12/site-packages/oslo_concurrency/processutils.py:440}}
Apr 02 05:49:53.355100 np0000162743 devstack@n-api.service[98888]: DEBUG oslo_concurrency.processutils [None req-baec6aef-a385-42df-9fd3-3b9ae8134089 None None] CMD "grep -F node.session.scan /sbin/iscsiadm" returned: 0 in 0.019s {{(pid=98888) execute /opt/stack/data/venv/lib/python3.12/site-packages/oslo_concurrency/processutils.py:468}}
Apr 02 05:49:53.355599 np0000162743 devstack@n-api.service[98886]: DEBUG oslo_concurrency.processutils [None req-a9863d61-c8fe-44fa-97ef-5f5c33ff6e32 None None] CMD "grep -F node.session.scan /sbin/iscsiadm" returned: 0 in 0.018s {{(pid=98886) execute /opt/stack/data/venv/lib/python3.12/site-packages/oslo_concurrency/processutils.py:468}}
Apr 02 05:49:53.369069 np0000162743 devstack@n-api.service[98887]: DEBUG oslo_concurrency.processutils [None req-08da031f-0da6-4b79-9084-08ab36389659 None None] CMD "grep -F node.session.scan /sbin/iscsiadm" returned: 0 in 0.022s {{(pid=98887) execute /opt/stack/data/venv/lib/python3.12/site-packages/oslo_concurrency/processutils.py:468}}
Apr 02 05:49:53.370899 np0000162743 devstack@n-api.service[98889]: DEBUG oslo_concurrency.processutils [None req-8ccc88f8-c3a0-40d2-acae-4163e1ae13eb None None] CMD "grep -F node.session.scan /sbin/iscsiadm" returned: 0 in 0.019s {{(pid=98889) execute /opt/stack/data/venv/lib/python3.12/site-packages/oslo_concurrency/processutils.py:468}}
Apr 02 05:49:53.876494 np0000162743 devstack@n-api.service[98887]: WARNING keystonemiddleware.auth_token [None req-08da031f-0da6-4b79-9084-08ab36389659 None None] AuthToken middleware is set with keystone_authtoken.service_token_roles_required set to False. This is backwards compatible but deprecated behaviour. Please set this to True.
Apr 02 05:49:53.877738 np0000162743 devstack@n-api.service[98889]: WARNING keystonemiddleware.auth_token [None req-8ccc88f8-c3a0-40d2-acae-4163e1ae13eb None None] AuthToken middleware is set with keystone_authtoken.service_token_roles_required set to False. This is backwards compatible but deprecated behaviour. Please set this to True.
Apr 02 05:49:53.879212 np0000162743 devstack@n-api.service[98886]: WARNING keystonemiddleware.auth_token [None req-a9863d61-c8fe-44fa-97ef-5f5c33ff6e32 None None] AuthToken middleware is set with keystone_authtoken.service_token_roles_required set to False. This is backwards compatible but deprecated behaviour. Please set this to True.
Apr 02 05:49:53.879618 np0000162743 devstack@n-api.service[98888]: WARNING keystonemiddleware.auth_token [None req-baec6aef-a385-42df-9fd3-3b9ae8134089 None None] AuthToken middleware is set with keystone_authtoken.service_token_roles_required set to False. This is backwards compatible but deprecated behaviour. Please set this to True.
Apr 02 05:49:53.941983 np0000162743 devstack@n-api.service[98887]: WARNING keystonemiddleware.auth_token [None req-08da031f-0da6-4b79-9084-08ab36389659 None None] AuthToken middleware is set with keystone_authtoken.service_token_roles_required set to False. This is backwards compatible but deprecated behaviour. Please set this to True.
Apr 02 05:49:53.945689 np0000162743 devstack@n-api.service[98888]: WARNING keystonemiddleware.auth_token [None req-baec6aef-a385-42df-9fd3-3b9ae8134089 None None] AuthToken middleware is set with keystone_authtoken.service_token_roles_required set to False. This is backwards compatible but deprecated behaviour. Please set this to True.
Apr 02 05:49:53.946556 np0000162743 devstack@n-api.service[98886]: WARNING keystonemiddleware.auth_token [None req-a9863d61-c8fe-44fa-97ef-5f5c33ff6e32 None None] AuthToken middleware is set with keystone_authtoken.service_token_roles_required set to False. This is backwards compatible but deprecated behaviour. Please set this to True.
Apr 02 05:49:53.950976 np0000162743 devstack@n-api.service[98888]: DEBUG nova.api.openstack.wsgi_app [None req-baec6aef-a385-42df-9fd3-3b9ae8134089 None None] ******************************************************************************** {{(pid=98888) log_opt_values /opt/stack/data/venv/lib/python3.12/site-packages/oslo_config/cfg.py:2979}}
Apr 02 05:49:53.951185 np0000162743 devstack@n-api.service[98888]: DEBUG nova.api.openstack.wsgi_app [None req-baec6aef-a385-42df-9fd3-3b9ae8134089 None None] Configuration options gathered from: {{(pid=98888) log_opt_values /opt/stack/data/venv/lib/python3.12/site-packages/oslo_config/cfg.py:2980}}
Apr 02 05:49:53.951426 np0000162743 devstack@n-api.service[98888]: DEBUG nova.api.openstack.wsgi_app [None req-baec6aef-a385-42df-9fd3-3b9ae8134089 None None] command line args: [] {{(pid=98888) log_opt_values /opt/stack/data/venv/lib/python3.12/site-packages/oslo_config/cfg.py:2981}}
Apr 02 05:49:53.951560 np0000162743 devstack@n-api.service[98888]: DEBUG nova.api.openstack.wsgi_app [None req-baec6aef-a385-42df-9fd3-3b9ae8134089 None None] config files: ['/etc/nova/api-paste.ini', '/etc/nova/nova.conf'] {{(pid=98888) log_opt_values /opt/stack/data/venv/lib/python3.12/site-packages/oslo_config/cfg.py:2982}}
Apr 02 05:49:53.951715 np0000162743 devstack@n-api.service[98888]: DEBUG nova.api.openstack.wsgi_app [None req-baec6aef-a385-42df-9fd3-3b9ae8134089 None None] ================================================================================ {{(pid=98888) log_opt_values /opt/stack/data/venv/lib/python3.12/site-packages/oslo_config/cfg.py:2987}}
Apr 02 05:49:53.951876 np0000162743 devstack@n-api.service[98888]: DEBUG nova.api.openstack.wsgi_app [None req-baec6aef-a385-42df-9fd3-3b9ae8134089 None None] allow_resize_to_same_host = True {{(pid=98888) log_opt_values /opt/stack/data/venv/lib/python3.12/site-packages/oslo_config/cfg.py:2995}}
Apr 02 05:49:53.952170 np0000162743 devstack@n-api.service[98888]: DEBUG nova.api.openstack.wsgi_app [None req-baec6aef-a385-42df-9fd3-3b9ae8134089 None None] arq_binding_timeout = 300 {{(pid=98888) log_opt_values /opt/stack/data/venv/lib/python3.12/site-packages/oslo_config/cfg.py:2995}}
Apr 02 05:49:53.952537 np0000162743 devstack@n-api.service[98888]: DEBUG nova.api.openstack.wsgi_app [None req-baec6aef-a385-42df-9fd3-3b9ae8134089 None None] block_device_allocate_retries = 60 {{(pid=98888) log_opt_values /opt/stack/data/venv/lib/python3.12/site-packages/oslo_config/cfg.py:2995}}
Apr 02 05:49:53.952537 np0000162743 devstack@n-api.service[98888]: DEBUG nova.api.openstack.wsgi_app [None req-baec6aef-a385-42df-9fd3-3b9ae8134089 None None] block_device_allocate_retries_interval = 3 {{(pid=98888) log_opt_values /opt/stack/data/venv/lib/python3.12/site-packages/oslo_config/cfg.py:2995}}
Apr 02 05:49:53.952822 np0000162743 devstack@n-api.service[98888]: DEBUG nova.api.openstack.wsgi_app [None req-baec6aef-a385-42df-9fd3-3b9ae8134089 None None] cell_worker_thread_pool_size = 5 {{(pid=98888) log_opt_values /opt/stack/data/venv/lib/python3.12/site-packages/oslo_config/cfg.py:2995}}
Apr 02 05:49:53.952822 np0000162743 devstack@n-api.service[98888]: DEBUG nova.api.openstack.wsgi_app [None req-baec6aef-a385-42df-9fd3-3b9ae8134089 None None] cert = self.pem {{(pid=98888) log_opt_values /opt/stack/data/venv/lib/python3.12/site-packages/oslo_config/cfg.py:2995}}
Apr 02 05:49:53.953188 np0000162743 devstack@n-api.service[98888]: DEBUG nova.api.openstack.wsgi_app [None req-baec6aef-a385-42df-9fd3-3b9ae8134089 None None] compute_driver = libvirt.LibvirtDriver {{(pid=98888) log_opt_values /opt/stack/data/venv/lib/python3.12/site-packages/oslo_config/cfg.py:2995}}
Apr 02 05:49:53.953188 np0000162743 devstack@n-api.service[98888]: DEBUG nova.api.openstack.wsgi_app [None req-baec6aef-a385-42df-9fd3-3b9ae8134089 None None] compute_monitors = [] {{(pid=98888) log_opt_values /opt/stack/data/venv/lib/python3.12/site-packages/oslo_config/cfg.py:2995}}
Apr 02 05:49:53.953188 np0000162743 devstack@n-api.service[98888]: DEBUG nova.api.openstack.wsgi_app [None req-baec6aef-a385-42df-9fd3-3b9ae8134089 None None] config_dir = [] {{(pid=98888) log_opt_values /opt/stack/data/venv/lib/python3.12/site-packages/oslo_config/cfg.py:2995}}
Apr 02 05:49:53.953399 np0000162743 devstack@n-api.service[98888]: DEBUG nova.api.openstack.wsgi_app [None req-baec6aef-a385-42df-9fd3-3b9ae8134089 None None] config_drive_format = iso9660 {{(pid=98888) log_opt_values /opt/stack/data/venv/lib/python3.12/site-packages/oslo_config/cfg.py:2995}}
Apr 02 05:49:53.953399 np0000162743 devstack@n-api.service[98888]: DEBUG nova.api.openstack.wsgi_app [None req-baec6aef-a385-42df-9fd3-3b9ae8134089 None None] config_file = ['/etc/nova/api-paste.ini', '/etc/nova/nova.conf'] {{(pid=98888) log_opt_values /opt/stack/data/venv/lib/python3.12/site-packages/oslo_config/cfg.py:2995}}
Apr 02 05:49:53.953585 np0000162743 devstack@n-api.service[98888]: DEBUG nova.api.openstack.wsgi_app [None req-baec6aef-a385-42df-9fd3-3b9ae8134089 None None] config_source = [] {{(pid=98888) log_opt_values /opt/stack/data/venv/lib/python3.12/site-packages/oslo_config/cfg.py:2995}}
Apr 02 05:49:53.953879 np0000162743 devstack@n-api.service[98888]: DEBUG nova.api.openstack.wsgi_app [None req-baec6aef-a385-42df-9fd3-3b9ae8134089 None None] console_host = np0000162743 {{(pid=98888) log_opt_values /opt/stack/data/venv/lib/python3.12/site-packages/oslo_config/cfg.py:2995}}
Apr 02 05:49:53.953879 np0000162743 devstack@n-api.service[98888]: DEBUG nova.api.openstack.wsgi_app [None req-baec6aef-a385-42df-9fd3-3b9ae8134089 None None] control_exchange = nova {{(pid=98888) log_opt_values /opt/stack/data/venv/lib/python3.12/site-packages/oslo_config/cfg.py:2995}}
Apr 02 05:49:53.954174 np0000162743 devstack@n-api.service[98888]: DEBUG nova.api.openstack.wsgi_app [None req-baec6aef-a385-42df-9fd3-3b9ae8134089 None None] cpu_allocation_ratio = None {{(pid=98888) log_opt_values /opt/stack/data/venv/lib/python3.12/site-packages/oslo_config/cfg.py:2995}}
Apr 02 05:49:53.954174 np0000162743 devstack@n-api.service[98888]: DEBUG nova.api.openstack.wsgi_app [None req-baec6aef-a385-42df-9fd3-3b9ae8134089 None None] daemon = False {{(pid=98888) log_opt_values /opt/stack/data/venv/lib/python3.12/site-packages/oslo_config/cfg.py:2995}}
Apr 02 05:49:53.954505 np0000162743 devstack@n-api.service[98888]: DEBUG nova.api.openstack.wsgi_app [None req-baec6aef-a385-42df-9fd3-3b9ae8134089 None None] debug = True {{(pid=98888) log_opt_values /opt/stack/data/venv/lib/python3.12/site-packages/oslo_config/cfg.py:2995}}
Apr 02 05:49:53.954505 np0000162743 devstack@n-api.service[98888]: DEBUG nova.api.openstack.wsgi_app [None req-baec6aef-a385-42df-9fd3-3b9ae8134089 None None] default_access_ip_network_name = None {{(pid=98888) log_opt_values /opt/stack/data/venv/lib/python3.12/site-packages/oslo_config/cfg.py:2995}}
Apr 02 05:49:53.954791 np0000162743 devstack@n-api.service[98888]: DEBUG nova.api.openstack.wsgi_app [None req-baec6aef-a385-42df-9fd3-3b9ae8134089 None None] default_availability_zone = nova {{(pid=98888) log_opt_values /opt/stack/data/venv/lib/python3.12/site-packages/oslo_config/cfg.py:2995}}
Apr 02 05:49:53.954791 np0000162743 devstack@n-api.service[98888]: DEBUG nova.api.openstack.wsgi_app [None req-baec6aef-a385-42df-9fd3-3b9ae8134089 None None] default_ephemeral_format = ext4 {{(pid=98888) log_opt_values /opt/stack/data/venv/lib/python3.12/site-packages/oslo_config/cfg.py:2995}}
Apr 02 05:49:53.955053 np0000162743 devstack@n-api.service[98888]: DEBUG nova.api.openstack.wsgi_app [None req-baec6aef-a385-42df-9fd3-3b9ae8134089 None None] default_green_pool_size = 1000 {{(pid=98888) log_opt_values /opt/stack/data/venv/lib/python3.12/site-packages/oslo_config/cfg.py:2995}}
Apr 02 05:49:53.955219 np0000162743 devstack@n-api.service[98888]: DEBUG nova.api.openstack.wsgi_app [None req-baec6aef-a385-42df-9fd3-3b9ae8134089 None None] default_log_levels = ['amqp=WARN', 'boto=WARN', 'sqlalchemy=WARN', 'suds=INFO', 'oslo.messaging=INFO', 'oslo_messaging=INFO', 'iso8601=WARN', 'requests.packages.urllib3.connectionpool=WARN', 'urllib3.connectionpool=WARN', 'websocket=WARN', 'requests.packages.urllib3.util.retry=WARN', 'urllib3.util.retry=WARN', 'keystonemiddleware=WARN', 'routes.middleware=WARN', 'stevedore=WARN', 'taskflow=WARN', 'keystoneauth=WARN', 'oslo.cache=INFO', 'oslo_policy=INFO', 'dogpile.core.dogpile=INFO', 'glanceclient=WARN', 'oslo.privsep.daemon=INFO'] {{(pid=98888) log_opt_values /opt/stack/data/venv/lib/python3.12/site-packages/oslo_config/cfg.py:2995}}
Apr 02 05:49:53.955466 np0000162743 devstack@n-api.service[98888]: DEBUG nova.api.openstack.wsgi_app [None req-baec6aef-a385-42df-9fd3-3b9ae8134089 None None] default_schedule_zone = None {{(pid=98888) log_opt_values /opt/stack/data/venv/lib/python3.12/site-packages/oslo_config/cfg.py:2995}}
Apr 02 05:49:53.955466 np0000162743 devstack@n-api.service[98888]: DEBUG nova.api.openstack.wsgi_app [None req-baec6aef-a385-42df-9fd3-3b9ae8134089 None None] default_thread_pool_size = 10 {{(pid=98888) log_opt_values /opt/stack/data/venv/lib/python3.12/site-packages/oslo_config/cfg.py:2995}}
Apr 02 05:49:53.955762 np0000162743 devstack@n-api.service[98888]: DEBUG nova.api.openstack.wsgi_app [None req-baec6aef-a385-42df-9fd3-3b9ae8134089 None None] disk_allocation_ratio = None {{(pid=98888) log_opt_values /opt/stack/data/venv/lib/python3.12/site-packages/oslo_config/cfg.py:2995}}
Apr 02 05:49:53.955762 np0000162743 devstack@n-api.service[98888]: DEBUG nova.api.openstack.wsgi_app [None req-baec6aef-a385-42df-9fd3-3b9ae8134089 None None] enable_new_services = True {{(pid=98888) log_opt_values /opt/stack/data/venv/lib/python3.12/site-packages/oslo_config/cfg.py:2995}}
Apr 02 05:49:53.956055 np0000162743 devstack@n-api.service[98888]: DEBUG nova.api.openstack.wsgi_app [None req-baec6aef-a385-42df-9fd3-3b9ae8134089 None None] flat_injected = False {{(pid=98888) log_opt_values /opt/stack/data/venv/lib/python3.12/site-packages/oslo_config/cfg.py:2995}}
Apr 02 05:49:53.956055 np0000162743 devstack@n-api.service[98888]: DEBUG nova.api.openstack.wsgi_app [None req-baec6aef-a385-42df-9fd3-3b9ae8134089 None None] force_config_drive = False {{(pid=98888) log_opt_values /opt/stack/data/venv/lib/python3.12/site-packages/oslo_config/cfg.py:2995}}
Apr 02 05:49:53.956055 np0000162743 devstack@n-api.service[98888]: DEBUG nova.api.openstack.wsgi_app [None req-baec6aef-a385-42df-9fd3-3b9ae8134089 None None] force_raw_images = True {{(pid=98888) log_opt_values /opt/stack/data/venv/lib/python3.12/site-packages/oslo_config/cfg.py:2995}}
Apr 02 05:49:53.956250 np0000162743 devstack@n-api.service[98888]: DEBUG nova.api.openstack.wsgi_app [None req-baec6aef-a385-42df-9fd3-3b9ae8134089 None None] graceful_shutdown_timeout = 5 {{(pid=98888) log_opt_values /opt/stack/data/venv/lib/python3.12/site-packages/oslo_config/cfg.py:2995}}
Apr 02 05:49:53.956371 np0000162743 devstack@n-api.service[98888]: DEBUG nova.api.openstack.wsgi_app [None req-baec6aef-a385-42df-9fd3-3b9ae8134089 None None] heal_instance_info_cache_interval = -1 {{(pid=98888) log_opt_values /opt/stack/data/venv/lib/python3.12/site-packages/oslo_config/cfg.py:2995}}
Apr 02 05:49:53.956587 np0000162743 devstack@n-api.service[98888]: DEBUG nova.api.openstack.wsgi_app [None req-baec6aef-a385-42df-9fd3-3b9ae8134089 None None] host = np0000162743 {{(pid=98888) log_opt_values /opt/stack/data/venv/lib/python3.12/site-packages/oslo_config/cfg.py:2995}}
Apr 02 05:49:53.956737 np0000162743 devstack@n-api.service[98888]: DEBUG nova.api.openstack.wsgi_app [None req-baec6aef-a385-42df-9fd3-3b9ae8134089 None None] initial_cpu_allocation_ratio = 4.0 {{(pid=98888) log_opt_values /opt/stack/data/venv/lib/python3.12/site-packages/oslo_config/cfg.py:2995}}
Apr 02 05:49:53.956879 np0000162743 devstack@n-api.service[98888]: DEBUG nova.api.openstack.wsgi_app [None req-baec6aef-a385-42df-9fd3-3b9ae8134089 None None] initial_disk_allocation_ratio = 1.0 {{(pid=98888) log_opt_values /opt/stack/data/venv/lib/python3.12/site-packages/oslo_config/cfg.py:2995}}
Apr 02 05:49:53.957025 np0000162743 devstack@n-api.service[98888]: DEBUG nova.api.openstack.wsgi_app [None req-baec6aef-a385-42df-9fd3-3b9ae8134089 None None] initial_ram_allocation_ratio = 1.0 {{(pid=98888) log_opt_values /opt/stack/data/venv/lib/python3.12/site-packages/oslo_config/cfg.py:2995}}
Apr 02 05:49:53.957154 np0000162743 devstack@n-api.service[98888]: DEBUG nova.api.openstack.wsgi_app [None req-baec6aef-a385-42df-9fd3-3b9ae8134089 None None] injected_network_template = /opt/stack/nova/nova/virt/interfaces.template {{(pid=98888) log_opt_values /opt/stack/data/venv/lib/python3.12/site-packages/oslo_config/cfg.py:2995}}
Apr 02 05:49:53.957309 np0000162743 devstack@n-api.service[98888]: DEBUG nova.api.openstack.wsgi_app [None req-baec6aef-a385-42df-9fd3-3b9ae8134089 None None] instance_build_timeout = 0 {{(pid=98888) log_opt_values /opt/stack/data/venv/lib/python3.12/site-packages/oslo_config/cfg.py:2995}}
Apr 02 05:49:53.957398 np0000162743 devstack@n-api.service[98888]: DEBUG nova.api.openstack.wsgi_app [None req-baec6aef-a385-42df-9fd3-3b9ae8134089 None None] instance_delete_interval = 300 {{(pid=98888) log_opt_values /opt/stack/data/venv/lib/python3.12/site-packages/oslo_config/cfg.py:2995}}
Apr 02 05:49:53.957581 np0000162743 devstack@n-api.service[98888]: DEBUG nova.api.openstack.wsgi_app [None req-baec6aef-a385-42df-9fd3-3b9ae8134089 None None] instance_format = [instance: %(uuid)s] {{(pid=98888) log_opt_values /opt/stack/data/venv/lib/python3.12/site-packages/oslo_config/cfg.py:2995}}
Apr 02 05:49:53.957697 np0000162743 devstack@n-api.service[98888]: DEBUG nova.api.openstack.wsgi_app [None req-baec6aef-a385-42df-9fd3-3b9ae8134089 None None] instance_name_template = instance-%08x {{(pid=98888) log_opt_values /opt/stack/data/venv/lib/python3.12/site-packages/oslo_config/cfg.py:2995}}
Apr 02 05:49:53.957841 np0000162743 devstack@n-api.service[98888]: DEBUG nova.api.openstack.wsgi_app [None req-baec6aef-a385-42df-9fd3-3b9ae8134089 None None] instance_usage_audit = False {{(pid=98888) log_opt_values /opt/stack/data/venv/lib/python3.12/site-packages/oslo_config/cfg.py:2995}}
