Apr 02 03:57:14.458549 np0000162600 devstack@neutron-api.service[102395]: INFO neutron.api.extensions [None req-c256eaf0-dee2-4e71-888d-8aa6b6507cfd None None] Loaded extension: enable-default-route-bfd
Apr 02 03:57:14.458549 np0000162600 devstack@neutron-api.service[102395]: DEBUG neutron.api.extensions [None req-c256eaf0-dee2-4e71-888d-8aa6b6507cfd None None] Loading extension file: l3_enable_default_route_ecmp.py {{(pid=102395) _load_all_extensions_from_path /opt/stack/neutron/neutron/api/extensions.py:449}}
Apr 02 03:57:14.458549 np0000162600 devstack@neutron-api.service[102395]: DEBUG neutron.api.extensions [None req-c256eaf0-dee2-4e71-888d-8aa6b6507cfd None None] Ext name="Enable Default Route ECMP" alias="enable-default-route-ecmp" description="Enables configurable ECMP behavior for default routes" updated="2023-02-27T00:00:00-00:00" {{(pid=102395) _check_extension /opt/stack/neutron/neutron/api/extensions.py:415}}
Apr 02 03:57:14.459662 np0000162600 devstack@neutron-api.service[102394]: INFO neutron.quota [None req-9d759173-ab44-4702-bd2c-a0da17618824 None None] Loaded quota_driver: .
Apr 02 03:57:14.459916 np0000162600 devstack@neutron-api.service[102395]: INFO neutron.api.extensions [None req-c256eaf0-dee2-4e71-888d-8aa6b6507cfd None None] Loaded extension: enable-default-route-ecmp
Apr 02 03:57:14.460187 np0000162600 devstack@neutron-api.service[102394]: INFO neutron.plugins.ml2.plugin [None req-9d759173-ab44-4702-bd2c-a0da17618824 None None] Modular L2 Plugin initialization complete
Apr 02 03:57:14.460295 np0000162600 devstack@neutron-api.service[102395]: DEBUG neutron.api.extensions [None req-c256eaf0-dee2-4e71-888d-8aa6b6507cfd None None] Loading extension file: l3_ext_gw_mode.py {{(pid=102395) _load_all_extensions_from_path /opt/stack/neutron/neutron/api/extensions.py:449}}
Apr 02 03:57:14.460397 np0000162600 devstack@neutron-api.service[102394]: DEBUG neutron.manager [None req-9d759173-ab44-4702-bd2c-a0da17618824 None None] Loading services supported by the core plugin {{(pid=102394) _load_services_from_core_plugin /opt/stack/neutron/neutron/manager.py:170}}
Apr 02 03:57:14.460397 np0000162600 devstack@neutron-api.service[102394]: INFO neutron.plugins.ml2.managers [None req-9d759173-ab44-4702-bd2c-a0da17618824 None None] Got port-security extension from driver 'port_security'
Apr 02 03:57:14.460469 np0000162600 devstack@neutron-api.service[102395]: DEBUG neutron.api.extensions [None req-c256eaf0-dee2-4e71-888d-8aa6b6507cfd None None] Ext name="Neutron L3 Configurable external gateway mode" alias="ext-gw-mode" description="Extension of the router abstraction for specifying whether SNAT should occur on the external gateway" updated="2013-03-28T10:00:00-00:00" {{(pid=102395) _check_extension /opt/stack/neutron/neutron/api/extensions.py:415}}
Apr 02 03:57:14.460469 np0000162600 devstack@neutron-api.service[102395]: INFO neutron.api.extensions [None req-c256eaf0-dee2-4e71-888d-8aa6b6507cfd None None] Loaded extension: ext-gw-mode
Apr 02 03:57:14.460594 np0000162600 devstack@neutron-api.service[102394]: DEBUG neutron.manager [None req-9d759173-ab44-4702-bd2c-a0da17618824 None None] Loading service plugins: ['ovn-router', 'auto_allocate', 'tag', 'timestamp', 'network_ip_availability', 'flavors', 'revisions'] {{(pid=102394) _load_service_plugins /opt/stack/neutron/neutron/manager.py:195}}
Apr 02 03:57:14.460627 np0000162600 devstack@neutron-api.service[102395]: DEBUG neutron.api.extensions [None req-c256eaf0-dee2-4e71-888d-8aa6b6507cfd None None] Loading extension file: l3_ext_ha_mode.py {{(pid=102395) _load_all_extensions_from_path /opt/stack/neutron/neutron/api/extensions.py:449}}
Apr 02 03:57:14.460694 np0000162600 devstack@neutron-api.service[102394]: INFO neutron.manager [None req-9d759173-ab44-4702-bd2c-a0da17618824 None None] Loading Plugin: ovn-router
Apr 02 03:57:14.460755 np0000162600 devstack@neutron-api.service[102395]: DEBUG neutron.api.extensions [None req-c256eaf0-dee2-4e71-888d-8aa6b6507cfd None None] Ext name="HA Router extension" alias="l3-ha" description="Adds HA capability to routers." updated="2014-04-26T00:00:00-00:00" {{(pid=102395) _check_extension /opt/stack/neutron/neutron/api/extensions.py:415}}
Apr 02 03:57:14.460755 np0000162600 devstack@neutron-api.service[102395]: INFO neutron.api.extensions [None req-c256eaf0-dee2-4e71-888d-8aa6b6507cfd None None] Loaded extension: l3-ha
Apr 02 03:57:14.460755 np0000162600 devstack@neutron-api.service[102395]: DEBUG neutron.api.extensions [None req-c256eaf0-dee2-4e71-888d-8aa6b6507cfd None None] Loading extension file: l3_ext_ndp_proxy.py {{(pid=102395) _load_all_extensions_from_path /opt/stack/neutron/neutron/api/extensions.py:449}}
Apr 02 03:57:14.460755 np0000162600 devstack@neutron-api.service[102395]: DEBUG neutron.api.extensions [None req-c256eaf0-dee2-4e71-888d-8aa6b6507cfd None None] Ext name="Router support to enable NDP proxy" alias="l3-ext-ndp-proxy" description="Router extension to enable ndp proxy" updated="2020-08-25T00:00:00-00:00" {{(pid=102395) _check_extension /opt/stack/neutron/neutron/api/extensions.py:415}}
Apr 02 03:57:14.460755 np0000162600 devstack@neutron-api.service[102395]: INFO neutron.api.extensions [None req-c256eaf0-dee2-4e71-888d-8aa6b6507cfd None None] Extension l3-ext-ndp-proxy not supported by any of loaded plugins
Apr 02 03:57:14.460755 np0000162600 devstack@neutron-api.service[102395]: DEBUG neutron.api.extensions [None req-c256eaf0-dee2-4e71-888d-8aa6b6507cfd None None] Loading extension file: l3_extra_gws.py {{(pid=102395) _load_all_extensions_from_path /opt/stack/neutron/neutron/api/extensions.py:449}}
Apr 02 03:57:14.460755 np0000162600 devstack@neutron-api.service[102395]: DEBUG neutron.api.extensions [None req-c256eaf0-dee2-4e71-888d-8aa6b6507cfd None None] Ext name="Neutron L3 External Gateway Multihoming" alias="external-gateway-multihoming" description="Allow multiple external gateway ports per router" updated="2023-01-18T00:00:00-00:00" {{(pid=102395) _check_extension /opt/stack/neutron/neutron/api/extensions.py:415}}
Apr 02 03:57:14.460991 np0000162600 devstack@neutron-api.service[102395]: INFO neutron.api.extensions [None req-c256eaf0-dee2-4e71-888d-8aa6b6507cfd None None] Loaded extension: external-gateway-multihoming
Apr 02 03:57:14.460991 np0000162600 devstack@neutron-api.service[102395]: DEBUG neutron.api.extensions [None req-c256eaf0-dee2-4e71-888d-8aa6b6507cfd None None] Loading extension file: l3_flavors.py {{(pid=102395) _load_all_extensions_from_path /opt/stack/neutron/neutron/api/extensions.py:449}}
Apr 02 03:57:14.460991 np0000162600 devstack@neutron-api.service[102395]: DEBUG neutron.api.extensions [None req-c256eaf0-dee2-4e71-888d-8aa6b6507cfd None None] Ext name="Router Flavor Extension" alias="l3-flavors" description="Flavor support for routers." updated="2016-05-17T00:00:00-00:00" {{(pid=102395) _check_extension /opt/stack/neutron/neutron/api/extensions.py:415}}
Apr 02 03:57:14.460991 np0000162600 devstack@neutron-api.service[102395]: INFO neutron.api.extensions [None req-c256eaf0-dee2-4e71-888d-8aa6b6507cfd None None] Loaded extension: l3-flavors
Apr 02 03:57:14.460991 np0000162600 devstack@neutron-api.service[102395]: DEBUG neutron.api.extensions [None req-c256eaf0-dee2-4e71-888d-8aa6b6507cfd None None] Loading extension file: l3_ndp_proxy.py {{(pid=102395) _load_all_extensions_from_path /opt/stack/neutron/neutron/api/extensions.py:449}}
Apr 02 03:57:14.460991 np0000162600 devstack@neutron-api.service[102395]: DEBUG neutron.api.extensions [None req-c256eaf0-dee2-4e71-888d-8aa6b6507cfd None None] Ext name="name" alias="l3-ndp-proxy" description="description" updated="2021-06-29T10:00:00-00:00" {{(pid=102395) _check_extension /opt/stack/neutron/neutron/api/extensions.py:415}}
Apr 02 03:57:14.460991 np0000162600 devstack@neutron-api.service[102395]: INFO neutron.api.extensions [None req-c256eaf0-dee2-4e71-888d-8aa6b6507cfd None None] Extension l3-ndp-proxy not supported by any of loaded plugins
Apr 02 03:57:14.460991 np0000162600 devstack@neutron-api.service[102395]: DEBUG neutron.api.extensions [None req-c256eaf0-dee2-4e71-888d-8aa6b6507cfd None None] Loading extension file: l3_port_ip_change_not_allowed.py {{(pid=102395) _load_all_extensions_from_path /opt/stack/neutron/neutron/api/extensions.py:449}}
Apr 02 03:57:14.461337 np0000162600 devstack@neutron-api.service[102395]: DEBUG neutron.api.extensions [None req-c256eaf0-dee2-4e71-888d-8aa6b6507cfd None None] Ext name="Prevent L3 router ports IP address change extension" alias="l3-port-ip-change-not-allowed" description="Prevent change of IP address for some L3 router ports" updated="2018-10-09T10:00:00-00:00" {{(pid=102395) _check_extension /opt/stack/neutron/neutron/api/extensions.py:415}}
Apr 02 03:57:14.461337 np0000162600 devstack@neutron-api.service[102395]: INFO neutron.api.extensions [None req-c256eaf0-dee2-4e71-888d-8aa6b6507cfd None None] Extension l3-port-ip-change-not-allowed not supported by any of loaded plugins
Apr 02 03:57:14.461337 np0000162600 devstack@neutron-api.service[102395]: DEBUG neutron.api.extensions [None req-c256eaf0-dee2-4e71-888d-8aa6b6507cfd None None] Loading extension file: l3agentscheduler.py {{(pid=102395) _load_all_extensions_from_path /opt/stack/neutron/neutron/api/extensions.py:449}}
Apr 02 03:57:14.461337 np0000162600 devstack@neutron-api.service[102395]: DEBUG neutron.api.extensions [None req-c256eaf0-dee2-4e71-888d-8aa6b6507cfd None None] Ext name="L3 Agent Scheduler" alias="l3_agent_scheduler" description="Schedule routers among l3 agents" updated="2013-02-07T10:00:00-00:00" {{(pid=102395) _check_extension /opt/stack/neutron/neutron/api/extensions.py:415}}
Apr 02 03:57:14.461337 np0000162600 devstack@neutron-api.service[102395]: INFO neutron.api.extensions [None req-c256eaf0-dee2-4e71-888d-8aa6b6507cfd None None] Extension l3_agent_scheduler not supported by any of loaded plugins
Apr 02 03:57:14.461337 np0000162600 devstack@neutron-api.service[102395]: DEBUG neutron.api.extensions [None req-c256eaf0-dee2-4e71-888d-8aa6b6507cfd None None] Loading extension file: local_ip.py {{(pid=102395) _load_all_extensions_from_path /opt/stack/neutron/neutron/api/extensions.py:449}}
Apr 02 03:57:14.461337 np0000162600 devstack@neutron-api.service[102395]: DEBUG neutron.api.extensions [None req-c256eaf0-dee2-4e71-888d-8aa6b6507cfd None None] Ext name="Local IP" alias="local_ip" description="Support Node Local Virtual IP" updated="2021-07-26T10:00:00-00:00" {{(pid=102395) _check_extension /opt/stack/neutron/neutron/api/extensions.py:415}}
Apr 02 03:57:14.461615 np0000162600 devstack@neutron-api.service[102395]: INFO neutron.api.extensions [None req-c256eaf0-dee2-4e71-888d-8aa6b6507cfd None None] Extension local_ip not supported by any of loaded plugins
Apr 02 03:57:14.461615 np0000162600 devstack@neutron-api.service[102395]: DEBUG neutron.api.extensions [None req-c256eaf0-dee2-4e71-888d-8aa6b6507cfd None None] Loading extension file: logging.py {{(pid=102395) _load_all_extensions_from_path /opt/stack/neutron/neutron/api/extensions.py:449}}
Apr 02 03:57:14.461615 np0000162600 devstack@neutron-api.service[102395]: DEBUG neutron.api.extensions [None req-c256eaf0-dee2-4e71-888d-8aa6b6507cfd None None] Ext name="Logging API Extension" alias="logging" description="Provides a logging API for resources such as security group and firewall." updated="2017-01-01T10:00:00-00:00" {{(pid=102395) _check_extension /opt/stack/neutron/neutron/api/extensions.py:415}}
Apr 02 03:57:14.461615 np0000162600 devstack@neutron-api.service[102395]: INFO neutron.api.extensions [None req-c256eaf0-dee2-4e71-888d-8aa6b6507cfd None None] Extension logging not supported by any of loaded plugins
Apr 02 03:57:14.461615 np0000162600 devstack@neutron-api.service[102395]: DEBUG neutron.api.extensions [None req-c256eaf0-dee2-4e71-888d-8aa6b6507cfd None None] Loading extension file: metering.py {{(pid=102395) _load_all_extensions_from_path /opt/stack/neutron/neutron/api/extensions.py:449}}
Apr 02 03:57:14.461615 np0000162600 devstack@neutron-api.service[102395]: DEBUG neutron.api.extensions [None req-c256eaf0-dee2-4e71-888d-8aa6b6507cfd None None] Ext name="Neutron Metering" alias="metering" description="Neutron Metering extension." updated="2013-06-12T10:00:00-00:00" {{(pid=102395) _check_extension /opt/stack/neutron/neutron/api/extensions.py:415}}
Apr 02 03:57:14.461615 np0000162600 devstack@neutron-api.service[102395]: INFO neutron.api.extensions [None req-c256eaf0-dee2-4e71-888d-8aa6b6507cfd None None] Extension metering not supported by any of loaded plugins
Apr 02 03:57:14.461615 np0000162600 devstack@neutron-api.service[102395]: DEBUG neutron.api.extensions [None req-c256eaf0-dee2-4e71-888d-8aa6b6507cfd None None] Loading extension file: metering_source_and_destination_fields.py {{(pid=102395) _load_all_extensions_from_path /opt/stack/neutron/neutron/api/extensions.py:449}}
Apr 02 03:57:14.461917 np0000162600 devstack@neutron-api.service[102395]: DEBUG neutron.api.extensions [None req-c256eaf0-dee2-4e71-888d-8aa6b6507cfd None None] Ext name="Neutron Metering with source and destination filtering" alias="metering_source_and_destination_fields" description="Neutron Metering extension that enables the use of source and destination IP prefixes to create metering label rules." updated="2020-08-21T08:12:00-00:00" {{(pid=102395) _check_extension /opt/stack/neutron/neutron/api/extensions.py:415}}
Apr 02 03:57:14.461917 np0000162600 devstack@neutron-api.service[102395]: INFO neutron.api.extensions [None req-c256eaf0-dee2-4e71-888d-8aa6b6507cfd None None] Extension metering_source_and_destination_fields not supported by any of loaded plugins
Apr 02 03:57:14.461917 np0000162600 devstack@neutron-api.service[102395]: DEBUG neutron.api.extensions [None req-c256eaf0-dee2-4e71-888d-8aa6b6507cfd None None] Loading extension file: multiprovidernet.py {{(pid=102395) _load_all_extensions_from_path /opt/stack/neutron/neutron/api/extensions.py:449}}
Apr 02 03:57:14.461917 np0000162600 devstack@neutron-api.service[102395]: DEBUG neutron.api.extensions [None req-c256eaf0-dee2-4e71-888d-8aa6b6507cfd None None] Ext name="Multi Provider Network" alias="multi-provider" description="Expose mapping of virtual networks to multiple physical networks" updated="2013-06-27T10:00:00-00:00" {{(pid=102395) _check_extension /opt/stack/neutron/neutron/api/extensions.py:415}}
Apr 02 03:57:14.461917 np0000162600 devstack@neutron-api.service[102395]: INFO neutron.api.extensions [None req-c256eaf0-dee2-4e71-888d-8aa6b6507cfd None None] Loaded extension: multi-provider
Apr 02 03:57:14.462145 np0000162600 devstack@neutron-api.service[102396]: INFO neutron.plugins.ml2.drivers.type_vlan [None req-c81a2286-9d29-4904-97d4-6754549970ee None None] VlanTypeDriver initialization complete
Apr 02 03:57:14.462467 np0000162600 devstack@neutron-api.service[102395]: DEBUG neutron.api.extensions [None req-c256eaf0-dee2-4e71-888d-8aa6b6507cfd None None] Loading extension file: netmtu.py {{(pid=102395) _load_all_extensions_from_path /opt/stack/neutron/neutron/api/extensions.py:449}}
Apr 02 03:57:14.462550 np0000162600 devstack@neutron-api.service[102396]: INFO neutron.plugins.ml2.managers [None req-c81a2286-9d29-4904-97d4-6754549970ee None None] Initializing extension driver 'port_security'
Apr 02 03:57:14.462550 np0000162600 devstack@neutron-api.service[102396]: INFO neutron.plugins.ml2.extensions.port_security [None req-c81a2286-9d29-4904-97d4-6754549970ee None None] PortSecurityExtensionDriver initialization complete
Apr 02 03:57:14.462618 np0000162600 devstack@neutron-api.service[102395]: DEBUG neutron.api.extensions [None req-c256eaf0-dee2-4e71-888d-8aa6b6507cfd None None] Ext name="Network MTU" alias="net-mtu" description="Provides MTU attribute for a network resource." updated="2015-03-25T10:00:00-00:00" {{(pid=102395) _check_extension /opt/stack/neutron/neutron/api/extensions.py:415}}
Apr 02 03:57:14.462680 np0000162600 devstack@neutron-api.service[102396]: INFO neutron.plugins.ml2.managers [None req-c81a2286-9d29-4904-97d4-6754549970ee None None] Initializing extension driver 'qos'
Apr 02 03:57:14.462680 np0000162600 devstack@neutron-api.service[102396]: DEBUG neutron.plugins.ml2.extensions.qos [None req-c81a2286-9d29-4904-97d4-6754549970ee None None] QosExtensionDriver initialization complete {{(pid=102396) initialize /opt/stack/neutron/neutron/plugins/ml2/extensions/qos.py:31}}
Apr 02 03:57:14.462763 np0000162600 devstack@neutron-api.service[102395]: INFO neutron.api.extensions [None req-c256eaf0-dee2-4e71-888d-8aa6b6507cfd None None] Loaded extension: net-mtu
Apr 02 03:57:14.462824 np0000162600 devstack@neutron-api.service[102396]: INFO neutron.plugins.ml2.managers [None req-c81a2286-9d29-4904-97d4-6754549970ee None None] Initializing mechanism driver 'ovn'
Apr 02 03:57:14.462862 np0000162600 devstack@neutron-api.service[102395]: DEBUG neutron.api.extensions [None req-c256eaf0-dee2-4e71-888d-8aa6b6507cfd None None] Loading extension file: netmtu_writable.py {{(pid=102395) _load_all_extensions_from_path /opt/stack/neutron/neutron/api/extensions.py:449}}
Apr 02 03:57:14.462922 np0000162600 devstack@neutron-api.service[102396]: INFO neutron.plugins.ml2.drivers.ovn.mech_driver.mech_driver [None req-c81a2286-9d29-4904-97d4-6754549970ee None None] Starting OVNMechanismDriver
Apr 02 03:57:14.462999 np0000162600 devstack@neutron-api.service[102395]: DEBUG neutron.api.extensions [None req-c256eaf0-dee2-4e71-888d-8aa6b6507cfd None None] Ext name="Network MTU (writable)" alias="net-mtu-writable" description="Provides a writable MTU attribute for a network resource." updated="2017-07-12T00:00:00-00:00" {{(pid=102395) _check_extension /opt/stack/neutron/neutron/api/extensions.py:415}}
Apr 02 03:57:14.462999 np0000162600 devstack@neutron-api.service[102395]: INFO neutron.api.extensions [None req-c256eaf0-dee2-4e71-888d-8aa6b6507cfd None None] Loaded extension: net-mtu-writable
Apr 02 03:57:14.462999 np0000162600 devstack@neutron-api.service[102395]: DEBUG neutron.api.extensions [None req-c256eaf0-dee2-4e71-888d-8aa6b6507cfd None None] Loading extension file: network_availability_zone.py {{(pid=102395) _load_all_extensions_from_path /opt/stack/neutron/neutron/api/extensions.py:449}}
Apr 02 03:57:14.462999 np0000162600 devstack@neutron-api.service[102395]: DEBUG neutron.api.extensions [None req-c256eaf0-dee2-4e71-888d-8aa6b6507cfd None None] Ext name="Network Availability Zone" alias="network_availability_zone" description="Availability zone support for network." updated="2015-01-01T10:00:00-00:00" {{(pid=102395) _check_extension /opt/stack/neutron/neutron/api/extensions.py:415}}
Apr 02 03:57:14.462999 np0000162600 devstack@neutron-api.service[102395]: INFO neutron.api.extensions [None req-c256eaf0-dee2-4e71-888d-8aa6b6507cfd None None] Loaded extension: network_availability_zone
Apr 02 03:57:14.462999 np0000162600 devstack@neutron-api.service[102395]: DEBUG neutron.api.extensions [None req-c256eaf0-dee2-4e71-888d-8aa6b6507cfd None None] Loading extension file: network_ha.py {{(pid=102395) _load_all_extensions_from_path /opt/stack/neutron/neutron/api/extensions.py:449}}
Apr 02 03:57:14.462999 np0000162600 devstack@neutron-api.service[102395]: DEBUG neutron.api.extensions [None req-c256eaf0-dee2-4e71-888d-8aa6b6507cfd None None] Ext name="Network HA creation flag" alias="network_ha" description="Network high availability creation flag." updated="2023-04-27T10:00:00-00:00" {{(pid=102395) _check_extension /opt/stack/neutron/neutron/api/extensions.py:415}}
Apr 02 03:57:14.463184 np0000162600 devstack@neutron-api.service[102395]: INFO neutron.api.extensions [None req-c256eaf0-dee2-4e71-888d-8aa6b6507cfd None None] Extension network_ha not supported by any of loaded plugins
Apr 02 03:57:14.463184 np0000162600 devstack@neutron-api.service[102395]: DEBUG neutron.api.extensions [None req-c256eaf0-dee2-4e71-888d-8aa6b6507cfd None None] Loading extension file: network_ip_availability.py {{(pid=102395) _load_all_extensions_from_path /opt/stack/neutron/neutron/api/extensions.py:449}}
Apr 02 03:57:14.463184 np0000162600 devstack@neutron-api.service[102395]: DEBUG neutron.api.extensions [None req-c256eaf0-dee2-4e71-888d-8aa6b6507cfd None None] Ext name="Network IP Availability" alias="network-ip-availability" description="Provides IP availability data for each network and subnet." updated="2015-09-24T00:00:00-00:00" {{(pid=102395) _check_extension /opt/stack/neutron/neutron/api/extensions.py:415}}
Apr 02 03:57:14.463184 np0000162600 devstack@neutron-api.service[102395]: INFO neutron.api.extensions [None req-c256eaf0-dee2-4e71-888d-8aa6b6507cfd None None] Loaded extension: network-ip-availability
Apr 02 03:57:14.463184 np0000162600 devstack@neutron-api.service[102395]: DEBUG neutron.api.extensions [None req-c256eaf0-dee2-4e71-888d-8aa6b6507cfd None None] Loading extension file: network_ip_availability_details.py {{(pid=102395) _load_all_extensions_from_path /opt/stack/neutron/neutron/api/extensions.py:449}}
Apr 02 03:57:14.463415 np0000162600 devstack@neutron-api.service[102396]: DEBUG neutron_lib.callbacks.manager [None req-c81a2286-9d29-4904-97d4-6754549970ee None None] Subscribe: > process before_spawn 55550000, False {{(pid=102396) subscribe /opt/stack/data/venv/lib/python3.12/site-packages/neutron_lib/callbacks/manager.py:52}}
Apr 02 03:57:14.463509 np0000162600 devstack@neutron-api.service[102395]: DEBUG neutron.api.extensions [None req-c256eaf0-dee2-4e71-888d-8aa6b6507cfd None None] Ext name="Network IP Availability Details Extension" alias="network-ip-availability-details" description="Add ip_availability_details attribute to network-ip-availabilities resource." updated="2025-10-31T00:00:00-00:00" {{(pid=102395) _check_extension /opt/stack/neutron/neutron/api/extensions.py:415}}
Apr 02 03:57:14.463576 np0000162600 devstack@neutron-api.service[102396]: DEBUG neutron_lib.callbacks.manager [None req-c81a2286-9d29-4904-97d4-6754549970ee None None] Subscribe: > process after_init 55550000, True {{(pid=102396) subscribe /opt/stack/data/venv/lib/python3.12/site-packages/neutron_lib/callbacks/manager.py:52}}
Apr 02 03:57:14.463576 np0000162600 devstack@neutron-api.service[102396]: DEBUG neutron_lib.callbacks.manager [None req-c81a2286-9d29-4904-97d4-6754549970ee None None] Subscribe: > segment after_create 55550000, False {{(pid=102396) subscribe /opt/stack/data/venv/lib/python3.12/site-packages/neutron_lib/callbacks/manager.py:52}}
Apr 02 03:57:14.463632 np0000162600 devstack@neutron-api.service[102395]: INFO neutron.api.extensions [None req-c256eaf0-dee2-4e71-888d-8aa6b6507cfd None None] Loaded extension: network-ip-availability-details
Apr 02 03:57:14.463716 np0000162600 devstack@neutron-api.service[102396]: DEBUG neutron_lib.callbacks.manager [None req-c81a2286-9d29-4904-97d4-6754549970ee None None] Subscribe: > segment after_create 55550000, False {{(pid=102396) subscribe /opt/stack/data/venv/lib/python3.12/site-packages/neutron_lib/callbacks/manager.py:52}}
Apr 02 03:57:14.463755 np0000162600 devstack@neutron-api.service[102395]: DEBUG neutron.api.extensions [None req-c256eaf0-dee2-4e71-888d-8aa6b6507cfd None None] Loading extension file: network_segment_range.py {{(pid=102395) _load_all_extensions_from_path /opt/stack/neutron/neutron/api/extensions.py:449}}
Apr 02 03:57:14.463815 np0000162600 devstack@neutron-api.service[102396]: DEBUG neutron_lib.callbacks.manager [None req-c81a2286-9d29-4904-97d4-6754549970ee None None] Subscribe: > segment after_delete 55550000, False {{(pid=102396) subscribe /opt/stack/data/venv/lib/python3.12/site-packages/neutron_lib/callbacks/manager.py:52}}
Apr 02 03:57:14.463815 np0000162600 devstack@neutron-api.service[102396]: DEBUG neutron_lib.callbacks.manager [None req-c81a2286-9d29-4904-97d4-6754549970ee None None] Subscribe: > allowed_address_pair before_create 55550000, False {{(pid=102396) subscribe /opt/stack/data/venv/lib/python3.12/site-packages/neutron_lib/callbacks/manager.py:52}}
Apr 02 03:57:14.463870 np0000162600 devstack@neutron-api.service[102394]: DEBUG neutron_lib.callbacks.manager [None req-9d759173-ab44-4702-bd2c-a0da17618824 None None] Subscribe: > router before_delete 55550000, False {{(pid=102394) subscribe /opt/stack/data/venv/lib/python3.12/site-packages/neutron_lib/callbacks/manager.py:52}}
Apr 02 03:57:14.463968 np0000162600 devstack@neutron-api.service[102396]: DEBUG neutron_lib.callbacks.manager [None req-c81a2286-9d29-4904-97d4-6754549970ee None None] Subscribe: > security_group precommit_create 55550000, False {{(pid=102396) subscribe /opt/stack/data/venv/lib/python3.12/site-packages/neutron_lib/callbacks/manager.py:52}}
Apr 02 03:57:14.464021 np0000162600 devstack@neutron-api.service[102395]: DEBUG neutron.api.extensions [None req-c256eaf0-dee2-4e71-888d-8aa6b6507cfd None None] Ext name="Neutron Network Segment Range" alias="network-segment-range" description="Provides support for the network segment range management" updated="2018-11-29T00:00:00-00:00" {{(pid=102395) _check_extension /opt/stack/neutron/neutron/api/extensions.py:415}}
Apr 02 03:57:14.464087 np0000162600 devstack@neutron-api.service[102396]: DEBUG neutron_lib.callbacks.manager [None req-c81a2286-9d29-4904-97d4-6754549970ee None None] Subscribe: > security_group after_update 55550000, False {{(pid=102396) subscribe /opt/stack/data/venv/lib/python3.12/site-packages/neutron_lib/callbacks/manager.py:52}}
Apr 02 03:57:14.464149 np0000162600 devstack@neutron-api.service[102394]: DEBUG neutron_lib.callbacks.manager [None req-9d759173-ab44-4702-bd2c-a0da17618824 None None] Subscribe: port after_update 55550000, False {{(pid=102394) subscribe /opt/stack/data/venv/lib/python3.12/site-packages/neutron_lib/callbacks/manager.py:52}}
Apr 02 03:57:14.464240 np0000162600 devstack@neutron-api.service[102395]: INFO neutron.api.extensions [None req-c256eaf0-dee2-4e71-888d-8aa6b6507cfd None None] Extension network-segment-range not supported by any of loaded plugins
Apr 02 03:57:14.464415 np0000162600 devstack@neutron-api.service[102396]: DEBUG neutron_lib.callbacks.manager [None req-c81a2286-9d29-4904-97d4-6754549970ee None None] Subscribe: > security_group after_create 55550000, False {{(pid=102396) subscribe /opt/stack/data/venv/lib/python3.12/site-packages/neutron_lib/callbacks/manager.py:52}}
Apr 02 03:57:14.464517 np0000162600 devstack@neutron-api.service[102395]: DEBUG neutron.api.extensions [None req-c256eaf0-dee2-4e71-888d-8aa6b6507cfd None None] Loading extension file: pagination.py {{(pid=102395) _load_all_extensions_from_path /opt/stack/neutron/neutron/api/extensions.py:449}}
Apr 02 03:57:14.464717 np0000162600 devstack@neutron-api.service[102394]: DEBUG neutron_lib.callbacks.manager [None req-9d759173-ab44-4702-bd2c-a0da17618824 None None] Subscribe: port after_delete 55550000, False {{(pid=102394) subscribe /opt/stack/data/venv/lib/python3.12/site-packages/neutron_lib/callbacks/manager.py:52}}
Apr 02 03:57:14.464904 np0000162600 devstack@neutron-api.service[102396]: DEBUG neutron_lib.callbacks.manager [None req-c81a2286-9d29-4904-97d4-6754549970ee None None] Subscribe: > security_group precommit_delete 55550000, False {{(pid=102396) subscribe /opt/stack/data/venv/lib/python3.12/site-packages/neutron_lib/callbacks/manager.py:52}}
Apr 02 03:57:14.465078 np0000162600 devstack@neutron-api.service[102394]: DEBUG neutron_lib.callbacks.manager [None req-9d759173-ab44-4702-bd2c-a0da17618824 None None] Subscribe: subnet after_update 55550000, False {{(pid=102394) subscribe /opt/stack/data/venv/lib/python3.12/site-packages/neutron_lib/callbacks/manager.py:52}}
Apr 02 03:57:14.465150 np0000162600 devstack@neutron-api.service[102396]: DEBUG neutron_lib.callbacks.manager [None req-c81a2286-9d29-4904-97d4-6754549970ee None None] Subscribe: > security_group after_delete 55550000, False {{(pid=102396) subscribe /opt/stack/data/venv/lib/python3.12/site-packages/neutron_lib/callbacks/manager.py:52}}
Apr 02 03:57:14.465191 np0000162600 devstack@neutron-api.service[102395]: DEBUG neutron.api.extensions [None req-c256eaf0-dee2-4e71-888d-8aa6b6507cfd None None] Ext name="Pagination support" alias="pagination" description="Extension that indicates that pagination is enabled." updated="2016-06-12T00:00:00-00:00" {{(pid=102395) _check_extension /opt/stack/neutron/neutron/api/extensions.py:415}}
Apr 02 03:57:14.465272 np0000162600 devstack@neutron-api.service[102396]: DEBUG neutron_lib.callbacks.manager [None req-c81a2286-9d29-4904-97d4-6754549970ee None None] Subscribe: > security_group_rule precommit_create 55550000, False {{(pid=102396) subscribe /opt/stack/data/venv/lib/python3.12/site-packages/neutron_lib/callbacks/manager.py:52}}
Apr 02 03:57:14.465315 np0000162600 devstack@neutron-api.service[102394]: DEBUG neutron_lib.callbacks.manager [None req-9d759173-ab44-4702-bd2c-a0da17618824 None None] Subscribe: subnetpool_address_scope after_update 55550000, False {{(pid=102394) subscribe /opt/stack/data/venv/lib/python3.12/site-packages/neutron_lib/callbacks/manager.py:52}}
Apr 02 03:57:14.465349 np0000162600 devstack@neutron-api.service[102395]: INFO neutron.api.extensions [None req-c256eaf0-dee2-4e71-888d-8aa6b6507cfd None None] Loaded extension: pagination
Apr 02 03:57:14.465380 np0000162600 devstack@neutron-api.service[102396]: DEBUG neutron_lib.callbacks.manager [None req-c81a2286-9d29-4904-97d4-6754549970ee None None] Subscribe: > security_group_rule after_create 55550000, False {{(pid=102396) subscribe /opt/stack/data/venv/lib/python3.12/site-packages/neutron_lib/callbacks/manager.py:52}}
Apr 02 03:57:14.465412 np0000162600 devstack@neutron-api.service[102394]: DEBUG neutron_lib.callbacks.manager [None req-9d759173-ab44-4702-bd2c-a0da17618824 None None] Subscribe: port before_update 55550000, False {{(pid=102394) subscribe /opt/stack/data/venv/lib/python3.12/site-packages/neutron_lib/callbacks/manager.py:52}}
Apr 02 03:57:14.465440 np0000162600 devstack@neutron-api.service[102395]: DEBUG neutron.api.extensions [None req-c256eaf0-dee2-4e71-888d-8aa6b6507cfd None None] Loading extension file: port_device_profile.py {{(pid=102395) _load_all_extensions_from_path /opt/stack/neutron/neutron/api/extensions.py:449}}
Apr 02 03:57:14.465473 np0000162600 devstack@neutron-api.service[102396]: DEBUG neutron_lib.callbacks.manager [None req-c81a2286-9d29-4904-97d4-6754549970ee None None] Subscribe: > security_group_rule before_delete 55550000, False {{(pid=102396) subscribe /opt/stack/data/venv/lib/python3.12/site-packages/neutron_lib/callbacks/manager.py:52}}
Apr 02 03:57:14.465505 np0000162600 devstack@neutron-api.service[102394]: DEBUG neutron_lib.callbacks.manager [None req-9d759173-ab44-4702-bd2c-a0da17618824 None None] Subscribe: port after_update 55550000, False {{(pid=102394) subscribe /opt/stack/data/venv/lib/python3.12/site-packages/neutron_lib/callbacks/manager.py:52}}
Apr 02 03:57:14.465537 np0000162600 devstack@neutron-api.service[102396]: DEBUG neutron_lib.callbacks.manager [None req-c81a2286-9d29-4904-97d4-6754549970ee None None] Subscribe: > address_group after_create 55550000, False {{(pid=102396) subscribe /opt/stack/data/venv/lib/python3.12/site-packages/neutron_lib/callbacks/manager.py:52}}
Apr 02 03:57:14.465567 np0000162600 devstack@neutron-api.service[102394]: DEBUG neutron_lib.callbacks.manager [None req-9d759173-ab44-4702-bd2c-a0da17618824 None None] Subscribe: > port precommit_delete 55550000, False {{(pid=102394) subscribe /opt/stack/data/venv/lib/python3.12/site-packages/neutron_lib/callbacks/manager.py:52}}
Apr 02 03:57:14.465594 np0000162600 devstack@neutron-api.service[102395]: DEBUG neutron.api.extensions [None req-c256eaf0-dee2-4e71-888d-8aa6b6507cfd None None] Ext name="Port device profile" alias="port-device-profile" description="Expose the port device profile (Cyborg)" updated="2020-12-17T10:00:00-00:00" {{(pid=102395) _check_extension /opt/stack/neutron/neutron/api/extensions.py:415}}
Apr 02 03:57:14.465619 np0000162600 devstack@neutron-api.service[102396]: DEBUG neutron_lib.callbacks.manager [None req-c81a2286-9d29-4904-97d4-6754549970ee None None] Subscribe: > address_group after_update 55550000, False {{(pid=102396) subscribe /opt/stack/data/venv/lib/python3.12/site-packages/neutron_lib/callbacks/manager.py:52}}
Apr 02 03:57:14.465650 np0000162600 devstack@neutron-api.service[102394]: DEBUG neutron_lib.callbacks.manager [None req-9d759173-ab44-4702-bd2c-a0da17618824 None None] Subscribe: port before_update 55550000, False {{(pid=102394) subscribe /opt/stack/data/venv/lib/python3.12/site-packages/neutron_lib/callbacks/manager.py:52}}
Apr 02 03:57:14.465677 np0000162600 devstack@neutron-api.service[102396]: DEBUG neutron_lib.callbacks.manager [None req-c81a2286-9d29-4904-97d4-6754549970ee None None] Subscribe: > address_group after_delete 55550000, False {{(pid=102396) subscribe /opt/stack/data/venv/lib/python3.12/site-packages/neutron_lib/callbacks/manager.py:52}}
Apr 02 03:57:14.465713 np0000162600 devstack@neutron-api.service[102394]: DEBUG neutron_lib.callbacks.manager [None req-9d759173-ab44-4702-bd2c-a0da17618824 None None] Subscribe: port before_delete 55550000, False {{(pid=102394) subscribe /opt/stack/data/venv/lib/python3.12/site-packages/neutron_lib/callbacks/manager.py:52}}
Apr 02 03:57:14.465742 np0000162600 devstack@neutron-api.service[102395]: INFO neutron.api.extensions [None req-c256eaf0-dee2-4e71-888d-8aa6b6507cfd None None] Loaded extension: port-device-profile
Apr 02 03:57:14.465742 np0000162600 devstack@neutron-api.service[102395]: DEBUG neutron.api.extensions [None req-c256eaf0-dee2-4e71-888d-8aa6b6507cfd None None] Loading extension file: port_hardware_offload_type.py {{(pid=102395) _load_all_extensions_from_path /opt/stack/neutron/neutron/api/extensions.py:449}}
Apr 02 03:57:14.465801 np0000162600 devstack@neutron-api.service[102394]: DEBUG neutron_lib.callbacks.manager [None req-9d759173-ab44-4702-bd2c-a0da17618824 None None] Subscribe: > router precommit_create 55550000, False {{(pid=102394) subscribe /opt/stack/data/venv/lib/python3.12/site-packages/neutron_lib/callbacks/manager.py:52}}
Apr 02 03:57:14.465831 np0000162600 devstack@neutron-api.service[102396]: DEBUG neutron_lib.callbacks.manager [None req-c81a2286-9d29-4904-97d4-6754549970ee None None] Subscribe: > qos_plugin after_init 55550000, False {{(pid=102396) subscribe /opt/stack/data/venv/lib/python3.12/site-packages/neutron_lib/callbacks/manager.py:52}}
Apr 02 03:57:14.465863 np0000162600 devstack@neutron-api.service[102394]: DEBUG neutron_lib.callbacks.manager [None req-9d759173-ab44-4702-bd2c-a0da17618824 None None] Subscribe: > router precommit_create 55550000, False {{(pid=102394) subscribe /opt/stack/data/venv/lib/python3.12/site-packages/neutron_lib/callbacks/manager.py:52}}
Apr 02 03:57:14.465894 np0000162600 devstack@neutron-api.service[102395]: DEBUG neutron.api.extensions [None req-c256eaf0-dee2-4e71-888d-8aa6b6507cfd None None] Ext name="Port hardware offload" alias="port-hardware-offload-type" description="Expose port hardware offload extension" updated="2023-05-09T10:00:00-00:00" {{(pid=102395) _check_extension /opt/stack/neutron/neutron/api/extensions.py:415}}
Apr 02 03:57:14.465928 np0000162600 devstack@neutron-api.service[102394]: DEBUG neutron_lib.callbacks.manager [None req-9d759173-ab44-4702-bd2c-a0da17618824 None None] Subscribe: > router precommit_update 55550000, False {{(pid=102394) subscribe /opt/stack/data/venv/lib/python3.12/site-packages/neutron_lib/callbacks/manager.py:52}}
Apr 02 03:57:14.465959 np0000162600 devstack@neutron-api.service[102396]: DEBUG neutron_lib.callbacks.manager [None req-c81a2286-9d29-4904-97d4-6754549970ee None None] Subscribe: > trunk_plugin after_init 55550000, False {{(pid=102396) subscribe /opt/stack/data/venv/lib/python3.12/site-packages/neutron_lib/callbacks/manager.py:52}}
Apr 02 03:57:14.465999 np0000162600 devstack@neutron-api.service[102394]: DEBUG neutron_lib.callbacks.manager [None req-9d759173-ab44-4702-bd2c-a0da17618824 None None] Subscribe: subnet after_update 55550000, False {{(pid=102394) subscribe /opt/stack/data/venv/lib/python3.12/site-packages/neutron_lib/callbacks/manager.py:52}}
Apr 02 03:57:14.466029 np0000162600 devstack@neutron-api.service[102395]: INFO neutron.api.extensions [None req-c256eaf0-dee2-4e71-888d-8aa6b6507cfd None None] Extension port-hardware-offload-type not supported by any of loaded plugins
Apr 02 03:57:14.466029 np0000162600 devstack@neutron-api.service[102395]: DEBUG neutron.api.extensions [None req-c256eaf0-dee2-4e71-888d-8aa6b6507cfd None None] Loading extension file: port_hint_ovs_tx_steering.py {{(pid=102395) _load_all_extensions_from_path /opt/stack/neutron/neutron/api/extensions.py:449}}
Apr 02 03:57:14.466084 np0000162600 devstack@neutron-api.service[102396]: DEBUG neutron_lib.callbacks.manager [None req-c81a2286-9d29-4904-97d4-6754549970ee None None] Subscribe: > logging-plugin after_init 55550000, False {{(pid=102396) subscribe /opt/stack/data/venv/lib/python3.12/site-packages/neutron_lib/callbacks/manager.py:52}}
Apr 02 03:57:14.466120 np0000162600 devstack@neutron-api.service[102395]: DEBUG neutron.api.extensions [None req-c256eaf0-dee2-4e71-888d-8aa6b6507cfd None None] Ext name="Port hint: Open vSwitch Tx steering" alias="port-hint-ovs-tx-steering" description="Enable Port hint: Open vSwitch Tx steering" updated="2023-01-01T00:00:00-00:00" {{(pid=102395) _check_extension /opt/stack/neutron/neutron/api/extensions.py:415}}
Apr 02 03:57:14.466120 np0000162600 devstack@neutron-api.service[102395]: INFO neutron.api.extensions [None req-c256eaf0-dee2-4e71-888d-8aa6b6507cfd None None] Extension port-hint-ovs-tx-steering not supported by any of loaded plugins
Apr 02 03:57:14.466120 np0000162600 devstack@neutron-api.service[102395]: DEBUG neutron.api.extensions [None req-c256eaf0-dee2-4e71-888d-8aa6b6507cfd None None] Loading extension file: port_hints.py {{(pid=102395) _load_all_extensions_from_path /opt/stack/neutron/neutron/api/extensions.py:449}}
Apr 02 03:57:14.466205 np0000162600 devstack@neutron-api.service[102396]: INFO neutron.services.logapi.drivers.ovn.driver [None req-c81a2286-9d29-4904-97d4-6754549970ee None None] OVN logging driver registered
Apr 02 03:57:14.466231 np0000162600 devstack@neutron-api.service[102394]: DEBUG neutron.quota.resource_registry [None req-9d759173-ab44-4702-bd2c-a0da17618824 None None] Tracking information for resource: router configured {{(pid=102394) set_tracked_resource /opt/stack/neutron/neutron/quota/resource_registry.py:203}}
Apr 02 03:57:14.466231 np0000162600 devstack@neutron-api.service[102394]: DEBUG neutron.quota.resource_registry [None req-9d759173-ab44-4702-bd2c-a0da17618824 None None] Tracking information for resource: floatingip configured {{(pid=102394) set_tracked_resource /opt/stack/neutron/neutron/quota/resource_registry.py:203}}
Apr 02 03:57:14.466280 np0000162600 devstack@neutron-api.service[102395]: DEBUG neutron.api.extensions [None req-c256eaf0-dee2-4e71-888d-8aa6b6507cfd None None] Ext name="Port hints" alias="port-hints" description="Backend specific port hints to allow backend specific tuning" updated="2023-01-01T00:00:00-00:00" {{(pid=102395) _check_extension /opt/stack/neutron/neutron/api/extensions.py:415}}
Apr 02 03:57:14.466313 np0000162600 devstack@neutron-api.service[102394]: INFO neutron.services.ovn_l3.plugin [None req-9d759173-ab44-4702-bd2c-a0da17618824 None None] Starting OVNL3RouterPlugin
Apr 02 03:57:14.466338 np0000162600 devstack@neutron-api.service[102395]: INFO neutron.api.extensions [None req-c256eaf0-dee2-4e71-888d-8aa6b6507cfd None None] Extension port-hints not supported by any of loaded plugins
Apr 02 03:57:14.466338 np0000162600 devstack@neutron-api.service[102395]: DEBUG neutron.api.extensions [None req-c256eaf0-dee2-4e71-888d-8aa6b6507cfd None None] Loading extension file: port_mac_address_override.py {{(pid=102395) _load_all_extensions_from_path /opt/stack/neutron/neutron/api/extensions.py:449}}
Apr 02 03:57:14.466399 np0000162600 devstack@neutron-api.service[102394]: DEBUG neutron_lib.callbacks.manager [None req-9d759173-ab44-4702-bd2c-a0da17618824 None None] Subscribe: > port_forwarding_plugin after_init 55550000, False {{(pid=102394) subscribe /opt/stack/data/venv/lib/python3.12/site-packages/neutron_lib/callbacks/manager.py:52}}
Apr 02 03:57:14.466431 np0000162600 devstack@neutron-api.service[102395]: DEBUG neutron.api.extensions [None req-c256eaf0-dee2-4e71-888d-8aa6b6507cfd None None] Ext name="Neutron Port MAC address override" alias="port-mac-override" description="Allow overriding the MAC address of a direct-physical Port via the active binding profile" updated="2022-03-18T10:00:00-00:00" {{(pid=102395) _check_extension /opt/stack/neutron/neutron/api/extensions.py:415}}
Apr 02 03:57:14.466458 np0000162600 devstack@neutron-api.service[102394]: DEBUG neutron_lib.callbacks.manager [None req-9d759173-ab44-4702-bd2c-a0da17618824 None None] Subscribe: > router before_create 55550100, False {{(pid=102394) subscribe /opt/stack/data/venv/lib/python3.12/site-packages/neutron_lib/callbacks/manager.py:52}}
Apr 02 03:57:14.466458 np0000162600 devstack@neutron-api.service[102394]: DEBUG neutron_lib.callbacks.manager [None req-9d759173-ab44-4702-bd2c-a0da17618824 None None] Subscribe: > router precommit_delete 55550100, False {{(pid=102394) subscribe /opt/stack/data/venv/lib/python3.12/site-packages/neutron_lib/callbacks/manager.py:52}}
Apr 02 03:57:14.466507 np0000162600 devstack@neutron-api.service[102395]: INFO neutron.api.extensions [None req-c256eaf0-dee2-4e71-888d-8aa6b6507cfd None None] Extension port-mac-override not supported by any of loaded plugins
Apr 02 03:57:14.466539 np0000162600 devstack@neutron-api.service[102394]: DEBUG neutron_lib.callbacks.manager [None req-9d759173-ab44-4702-bd2c-a0da17618824 None None] Subscribe: > router precommit_create 55550100, False {{(pid=102394) subscribe /opt/stack/data/venv/lib/python3.12/site-packages/neutron_lib/callbacks/manager.py:52}}
Apr 02 03:57:14.466670 np0000162600 devstack@neutron-api.service[102395]: DEBUG neutron.api.extensions [None req-c256eaf0-dee2-4e71-888d-8aa6b6507cfd None None] Loading extension file: port_mac_address_regenerate.py {{(pid=102395) _load_all_extensions_from_path /opt/stack/neutron/neutron/api/extensions.py:449}}
Apr 02 03:57:14.466717 np0000162600 devstack@neutron-api.service[102394]: DEBUG neutron_lib.callbacks.manager [None req-9d759173-ab44-4702-bd2c-a0da17618824 None None] Subscribe: > router precommit_update 55550100, False {{(pid=102394) subscribe /opt/stack/data/venv/lib/python3.12/site-packages/neutron_lib/callbacks/manager.py:52}}
Apr 02 03:57:14.467536 np0000162600 devstack@neutron-api.service[102395]: DEBUG neutron.api.extensions [None req-c256eaf0-dee2-4e71-888d-8aa6b6507cfd None None] Ext name="Neutron Port MAC address regenerate" alias="port-mac-address-regenerate" description="Network port MAC address regenerate" updated="2018-05-03T10:00:00-00:00" {{(pid=102395) _check_extension /opt/stack/neutron/neutron/api/extensions.py:415}}
Apr 02 03:57:14.467536 np0000162600 devstack@neutron-api.service[102395]: INFO neutron.api.extensions [None req-c256eaf0-dee2-4e71-888d-8aa6b6507cfd None None] Loaded extension: port-mac-address-regenerate
Apr 02 03:57:14.467536 np0000162600 devstack@neutron-api.service[102395]: DEBUG neutron.api.extensions [None req-c256eaf0-dee2-4e71-888d-8aa6b6507cfd None None] Loading extension file: port_numa_affinity_policy.py {{(pid=102395) _load_all_extensions_from_path /opt/stack/neutron/neutron/api/extensions.py:449}}
Apr 02 03:57:14.467627 np0000162600 devstack@neutron-api.service[102396]: DEBUG neutron.plugins.ml2.plugin [None req-c81a2286-9d29-4904-97d4-6754549970ee None None] neutron.plugins.ml2.plugin.Ml2Plugin method _start_rpc_notifiers called with arguments () {} {{(pid=102396) wrapper /opt/stack/data/venv/lib/python3.12/site-packages/oslo_log/helpers.py:77}}
Apr 02 03:57:14.467659 np0000162600 devstack@neutron-api.service[102395]: DEBUG neutron.api.extensions [None req-c256eaf0-dee2-4e71-888d-8aa6b6507cfd None None] Ext name="Port NUMA affinity policy" alias="port-numa-affinity-policy" description="Expose the port NUMA affinity policy" updated="2020-07-08T10:00:00-00:00" {{(pid=102395) _check_extension /opt/stack/neutron/neutron/api/extensions.py:415}}
Apr 02 03:57:14.467659 np0000162600 devstack@neutron-api.service[102395]: INFO neutron.api.extensions [None req-c256eaf0-dee2-4e71-888d-8aa6b6507cfd None None] Loaded extension: port-numa-affinity-policy
Apr 02 03:57:14.467715 np0000162600 devstack@neutron-api.service[102396]: DEBUG neutron_lib.callbacks.manager [None req-c81a2286-9d29-4904-97d4-6754549970ee None None] Subscribe: > port after_create 55550000, False {{(pid=102396) subscribe /opt/stack/data/venv/lib/python3.12/site-packages/neutron_lib/callbacks/manager.py:52}}
Apr 02 03:57:14.467747 np0000162600 devstack@neutron-api.service[102395]: DEBUG neutron.api.extensions [None req-c256eaf0-dee2-4e71-888d-8aa6b6507cfd None None] Loading extension file: port_numa_affinity_policy_socket.py {{(pid=102395) _load_all_extensions_from_path /opt/stack/neutron/neutron/api/extensions.py:449}}
Apr 02 03:57:14.467777 np0000162600 devstack@neutron-api.service[102396]: DEBUG neutron_lib.callbacks.manager [None req-c81a2286-9d29-4904-97d4-6754549970ee None None] Subscribe: > port after_update 55550000, False {{(pid=102396) subscribe /opt/stack/data/venv/lib/python3.12/site-packages/neutron_lib/callbacks/manager.py:52}}
Apr 02 03:57:14.467777 np0000162600 devstack@neutron-api.service[102396]: DEBUG neutron_lib.callbacks.manager [None req-c81a2286-9d29-4904-97d4-6754549970ee None None] Subscribe: > port after_delete 55550000, False {{(pid=102396) subscribe /opt/stack/data/venv/lib/python3.12/site-packages/neutron_lib/callbacks/manager.py:52}}
Apr 02 03:57:14.467825 np0000162600 devstack@neutron-api.service[102395]: DEBUG neutron.api.extensions [None req-c256eaf0-dee2-4e71-888d-8aa6b6507cfd None None] Ext name="Port NUMA affinity policy "socket"" alias="port-numa-affinity-policy-socket" description="Adds "socket" to the supported port NUMA affinity policies" updated="2024-02-09T10:00:00-00:00" {{(pid=102395) _check_extension /opt/stack/neutron/neutron/api/extensions.py:415}}
Apr 02 03:57:14.467856 np0000162600 devstack@neutron-api.service[102396]: DEBUG neutron_lib.callbacks.manager [None req-c81a2286-9d29-4904-97d4-6754549970ee None None] Subscribe: > subnet after_create 55550000, False {{(pid=102396) subscribe /opt/stack/data/venv/lib/python3.12/site-packages/neutron_lib/callbacks/manager.py:52}}
Apr 02 03:57:14.467886 np0000162600 devstack@neutron-api.service[102395]: INFO neutron.api.extensions [None req-c256eaf0-dee2-4e71-888d-8aa6b6507cfd None None] Loaded extension: port-numa-affinity-policy-socket
Apr 02 03:57:14.467912 np0000162600 devstack@neutron-api.service[102396]: DEBUG neutron_lib.callbacks.manager [None req-c81a2286-9d29-4904-97d4-6754549970ee None None] Subscribe: > subnet after_update 55550000, False {{(pid=102396) subscribe /opt/stack/data/venv/lib/python3.12/site-packages/neutron_lib/callbacks/manager.py:52}}
Apr 02 03:57:14.467937 np0000162600 devstack@neutron-api.service[102395]: DEBUG neutron.api.extensions [None req-c256eaf0-dee2-4e71-888d-8aa6b6507cfd None None] Loading extension file: port_resource_request.py {{(pid=102395) _load_all_extensions_from_path /opt/stack/neutron/neutron/api/extensions.py:449}}
Apr 02 03:57:14.467972 np0000162600 devstack@neutron-api.service[102396]: DEBUG neutron_lib.callbacks.manager [None req-c81a2286-9d29-4904-97d4-6754549970ee None None] Subscribe: > subnet after_delete 55550000, False {{(pid=102396) subscribe /opt/stack/data/venv/lib/python3.12/site-packages/neutron_lib/callbacks/manager.py:52}}
Apr 02 03:57:14.467972 np0000162600 devstack@neutron-api.service[102396]: DEBUG neutron_lib.callbacks.manager [None req-c81a2286-9d29-4904-97d4-6754549970ee None None] Subscribe: > network after_create 55550000, False {{(pid=102396) subscribe /opt/stack/data/venv/lib/python3.12/site-packages/neutron_lib/callbacks/manager.py:52}}
Apr 02 03:57:14.468039 np0000162600 devstack@neutron-api.service[102395]: DEBUG neutron.api.extensions [None req-c256eaf0-dee2-4e71-888d-8aa6b6507cfd None None] Ext name="Port Resource Request" alias="port-resource-request" description="Expose resource request to Port" updated="2018-05-08T10:00:00-00:00" {{(pid=102395) _check_extension /opt/stack/neutron/neutron/api/extensions.py:415}}
Apr 02 03:57:14.468097 np0000162600 devstack@neutron-api.service[102396]: DEBUG neutron_lib.callbacks.manager [None req-c81a2286-9d29-4904-97d4-6754549970ee None None] Subscribe: > network after_update 55550000, False {{(pid=102396) subscribe /opt/stack/data/venv/lib/python3.12/site-packages/neutron_lib/callbacks/manager.py:52}}
Apr 02 03:57:14.468097 np0000162600 devstack@neutron-api.service[102396]: DEBUG neutron_lib.callbacks.manager [None req-c81a2286-9d29-4904-97d4-6754549970ee None None] Subscribe: > network after_delete 55550000, False {{(pid=102396) subscribe /opt/stack/data/venv/lib/python3.12/site-packages/neutron_lib/callbacks/manager.py:52}}
Apr 02 03:57:14.468158 np0000162600 devstack@neutron-api.service[102395]: INFO neutron.api.extensions [None req-c256eaf0-dee2-4e71-888d-8aa6b6507cfd None None] Extension port-resource-request not supported by any of loaded plugins
Apr 02 03:57:14.468184 np0000162600 devstack@neutron-api.service[102396]: DEBUG neutron_lib.callbacks.manager [None req-c81a2286-9d29-4904-97d4-6754549970ee None None] Subscribe: > security_group after_create 55550000, False {{(pid=102396) subscribe /opt/stack/data/venv/lib/python3.12/site-packages/neutron_lib/callbacks/manager.py:52}}
