2026-06-24 19:13:56.489 9 INFO neutron.wsgi [None req-e9f3b197-11ce-4267-b701-c696d2dc7772 7f4186f7857e4a5a877c3695928160a6 794ddd30071b4b908fab2a6a7cb25655 - - default default] 10.0.0.32 "GET /v2.0/routers/f622a1a0-50e5-4a8a-9779-1d54d28b3319/tags/red HTTP/1.1" status: 204 len: 168 time: 0.0517311
2026-06-24 19:13:56.526 9 INFO neutron.db.ovn_revision_numbers_db [None req-c7fd6bea-b0b0-4167-808f-5bc35534f480 cbdebe906c5a47ab8ac1895791170cb0 16bbb3d156ba4e9bba440a83f4b06799 - - - -] Successfully bumped revision number for resource abb165e4-7f29-49f9-b794-315f12734b8a (type: subnets) to 0
2026-06-24 19:13:56.554 9 INFO neutron.api.v2.resource [None req-048fb0d8-dcf5-40c8-8f3f-ebdacd31ce63 7f4186f7857e4a5a877c3695928160a6 794ddd30071b4b908fab2a6a7cb25655 - - default default] show failed (client error): The resource could not be found.
2026-06-24 19:13:56.556 9 INFO neutron.wsgi [None req-048fb0d8-dcf5-40c8-8f3f-ebdacd31ce63 7f4186f7857e4a5a877c3695928160a6 794ddd30071b4b908fab2a6a7cb25655 - - default default] 10.0.0.32 "GET /v2.0/routers/f622a1a0-50e5-4a8a-9779-1d54d28b3319/tags/green HTTP/1.1" status: 404 len: 299 time: 0.0620492
2026-06-24 19:13:56.559 9 INFO neutron.wsgi [None req-c7fd6bea-b0b0-4167-808f-5bc35534f480 cbdebe906c5a47ab8ac1895791170cb0 16bbb3d156ba4e9bba440a83f4b06799 - - - -] 10.0.0.32 "POST /v2.0/subnets HTTP/1.1" status: 201 len: 1425 time: 1.8214447
2026-06-24 19:13:56.624 10 INFO neutron.wsgi [None req-c94e72a6-b33b-4b32-9fb3-1229456d76fb cbdebe906c5a47ab8ac1895791170cb0 16bbb3d156ba4e9bba440a83f4b06799 - - default default] 10.0.0.32 "GET /v2.0/subnets HTTP/1.1" status: 200 len: 2033 time: 0.0597155
2026-06-24 19:13:56.631 9 INFO neutron.wsgi [None req-32d55e3d-1c14-480e-9aec-e96caf1cc22e 7f4186f7857e4a5a877c3695928160a6 794ddd30071b4b908fab2a6a7cb25655 - - - -] 10.0.0.32 "DELETE /v2.0/routers/f622a1a0-50e5-4a8a-9779-1d54d28b3319/tags/red HTTP/1.1" status: 204 len: 168 time: 0.0704541
2026-06-24 19:13:56.698 10 INFO neutron.wsgi [None req-eb1d790c-2057-430c-b872-8339b01c8b6f 7f4186f7857e4a5a877c3695928160a6 794ddd30071b4b908fab2a6a7cb25655 - - default default] 10.0.0.32 "GET /v2.0/routers/f622a1a0-50e5-4a8a-9779-1d54d28b3319/tags HTTP/1.1" status: 200 len: 223 time: 0.0481179
2026-06-24 19:13:56.765 9 INFO neutron.api.v2.resource [None req-143641b5-5bad-43ce-9579-b63740635ee8 7f4186f7857e4a5a877c3695928160a6 794ddd30071b4b908fab2a6a7cb25655 - - - -] delete failed (client error): The resource could not be found.
2026-06-24 19:13:56.767 9 INFO neutron.wsgi [None req-143641b5-5bad-43ce-9579-b63740635ee8 7f4186f7857e4a5a877c3695928160a6 794ddd30071b4b908fab2a6a7cb25655 - - - -] 10.0.0.32 "DELETE /v2.0/routers/f622a1a0-50e5-4a8a-9779-1d54d28b3319/tags/green HTTP/1.1" status: 404 len: 299 time: 0.0627050
2026-06-24 19:13:56.860 9 INFO neutron.wsgi [None req-df9616ab-d7db-4b83-ac62-6598046fa14e 7f4186f7857e4a5a877c3695928160a6 794ddd30071b4b908fab2a6a7cb25655 - - - -] 10.0.0.32 "DELETE /v2.0/routers/f622a1a0-50e5-4a8a-9779-1d54d28b3319/tags HTTP/1.1" status: 204 len: 168 time: 0.0869029
2026-06-24 19:13:56.896 10 INFO neutron.wsgi [None req-a729abba-48af-4df4-b5a6-3349b1be8154 cbdebe906c5a47ab8ac1895791170cb0 16bbb3d156ba4e9bba440a83f4b06799 - - - -] 10.0.0.32 "DELETE /v2.0/subnets/92bc87f1-38c9-410a-9c26-2dfe039aedf4 HTTP/1.1" status: 204 len: 168 time: 0.2674341
2026-06-24 19:13:56.910 9 INFO neutron.wsgi [None req-4acde0e1-1faf-47b9-9a78-0199feb5dd4f 7f4186f7857e4a5a877c3695928160a6 794ddd30071b4b908fab2a6a7cb25655 - - default default] 10.0.0.32 "GET /v2.0/routers/f622a1a0-50e5-4a8a-9779-1d54d28b3319/tags HTTP/1.1" status: 200 len: 205 time: 0.0443451
2026-06-24 19:13:56.967 9 INFO neutron.wsgi [None req-3cfaaa9f-c593-472e-a60d-9a3f775ea0a7 7f4186f7857e4a5a877c3695928160a6 794ddd30071b4b908fab2a6a7cb25655 - - default default] 10.0.0.32 "GET /v2.0/routers/f622a1a0-50e5-4a8a-9779-1d54d28b3319 HTTP/1.1" status: 200 len: 655 time: 0.0507927
2026-06-24 19:13:57.583 10 INFO neutron.wsgi [None req-23749501-e215-4d24-b9bf-6a718e5bbda5 cbdebe906c5a47ab8ac1895791170cb0 16bbb3d156ba4e9bba440a83f4b06799 - - - -] 10.0.0.32 "DELETE /v2.0/subnets/abb165e4-7f29-49f9-b794-315f12734b8a HTTP/1.1" status: 204 len: 168 time: 0.6812892
2026-06-24 19:13:57.685 9 INFO neutron.wsgi [None req-9b91bd13-2d40-474f-9b3a-418838458f81 cbdebe906c5a47ab8ac1895791170cb0 16bbb3d156ba4e9bba440a83f4b06799 - - default default] 10.0.0.32 "GET /v2.0/subnets HTTP/1.1" status: 200 len: 820 time: 0.0959077
2026-06-24 19:13:57.842 10 INFO neutron.db.ovn_revision_numbers_db [None req-ecd4b909-f5c8-4c08-a06d-995ab93bd495 7f4186f7857e4a5a877c3695928160a6 794ddd30071b4b908fab2a6a7cb25655 - - - -] Successfully bumped revision number for resource f622a1a0-50e5-4a8a-9779-1d54d28b3319 (type: routers) to 9
2026-06-24 19:13:57.848 10 INFO neutron.wsgi [None req-ecd4b909-f5c8-4c08-a06d-995ab93bd495 7f4186f7857e4a5a877c3695928160a6 794ddd30071b4b908fab2a6a7cb25655 - - - -] 10.0.0.32 "PUT /v2.0/routers/f622a1a0-50e5-4a8a-9779-1d54d28b3319 HTTP/1.1" status: 200 len: 655 time: 0.8745189
2026-06-24 19:13:57.892 10 INFO neutron.wsgi [None req-9bae6530-774c-40a6-ae98-893143c041e9 7f4186f7857e4a5a877c3695928160a6 794ddd30071b4b908fab2a6a7cb25655 - - default default] 10.0.0.32 "GET /v2.0/ports?device_id=f622a1a0-50e5-4a8a-9779-1d54d28b3319 HTTP/1.1" status: 200 len: 205 time: 0.0367439
2026-06-24 19:13:58.080 9 INFO neutron.services.segments.plugin [-] Segment 4e991e79-9bf7-4e76-aa76-0139b6efad85 resource provider aggregate not found
2026-06-24 19:13:58.086 9 INFO neutron.services.segments.plugin [-] Segment 4e991e79-9bf7-4e76-aa76-0139b6efad85 resource provider aggregate not found
2026-06-24 19:13:58.107 9 INFO neutron.services.segments.plugin [-] Segment 4e991e79-9bf7-4e76-aa76-0139b6efad85 resource provider not found; error: Placement Client Error (4xx): {"errors": [{"status": 404, "title": "Not Found", "detail": "The resource could not be found.\n\n No resource provider with uuid 4e991e79-9bf7-4e76-aa76-0139b6efad85 found for delete ", "request_id": "req-36223761-539b-44b5-bb71-715a6406c55d"}]}
2026-06-24 19:13:58.109 9 INFO neutron.services.segments.plugin [-] Segment 4e991e79-9bf7-4e76-aa76-0139b6efad85 resource provider not found; error: Placement Client Error (4xx): {"errors": [{"status": 404, "title": "Not Found", "detail": "The resource could not be found.\n\n No resource provider with uuid 4e991e79-9bf7-4e76-aa76-0139b6efad85 found for delete ", "request_id": "req-c39daa70-ccb4-4059-9006-047521965ef6"}]}
2026-06-24 19:13:58.123 9 INFO neutron.wsgi [None req-ceb0cb00-ec92-426d-866f-46d8f0e8b1ab cbdebe906c5a47ab8ac1895791170cb0 16bbb3d156ba4e9bba440a83f4b06799 - - - -] 10.0.0.32 "DELETE /v2.0/networks/c500218b-b6cd-4e3d-bba5-d80a0ff92f96 HTTP/1.1" status: 204 len: 168 time: 0.4312329
2026-06-24 19:13:58.139 10 INFO neutron.wsgi [None req-1ebb4570-bfd7-4738-b85c-eb713025b427 7f4186f7857e4a5a877c3695928160a6 794ddd30071b4b908fab2a6a7cb25655 - - - -] 10.0.0.32 "DELETE /v2.0/routers/f622a1a0-50e5-4a8a-9779-1d54d28b3319 HTTP/1.1" status: 204 len: 168 time: 0.2421930
2026-06-24 19:13:58.495 10 INFO neutron.services.segments.plugin [-] Segment 9a8cfaf7-7a46-4a8a-b5fb-c1ccf76519be resource provider aggregate not found
2026-06-24 19:13:58.500 10 INFO neutron.services.segments.plugin [-] Segment 9a8cfaf7-7a46-4a8a-b5fb-c1ccf76519be resource provider aggregate not found
2026-06-24 19:13:58.521 10 INFO neutron.services.segments.plugin [-] Segment 9a8cfaf7-7a46-4a8a-b5fb-c1ccf76519be resource provider not found; error: Placement Client Error (4xx): {"errors": [{"status": 404, "title": "Not Found", "detail": "The resource could not be found.\n\n No resource provider with uuid 9a8cfaf7-7a46-4a8a-b5fb-c1ccf76519be found for delete ", "request_id": "req-e0b97d02-fba9-4639-a292-c45256d9aa70"}]}
2026-06-24 19:13:58.537 10 INFO neutron.services.segments.plugin [-] Segment 9a8cfaf7-7a46-4a8a-b5fb-c1ccf76519be resource provider not found; error: Placement Client Error (4xx): {"errors": [{"status": 404, "title": "Not Found", "detail": "The resource could not be found.\n\n No resource provider with uuid 9a8cfaf7-7a46-4a8a-b5fb-c1ccf76519be found for delete ", "request_id": "req-cabbd3e0-b887-4184-9fca-ad56e5ba5d5a"}]}
2026-06-24 19:13:58.550 10 INFO neutron.wsgi [None req-33bf86a8-3d6c-4304-a3d6-b9206cdd546c cbdebe906c5a47ab8ac1895791170cb0 16bbb3d156ba4e9bba440a83f4b06799 - - - -] 10.0.0.32 "DELETE /v2.0/networks/129c2e4c-c207-4fe0-ad47-5191f2dfc984 HTTP/1.1" status: 204 len: 168 time: 0.4226744
2026-06-24 19:13:58.971 9 INFO neutron.wsgi [None req-0b1f8e50-bea5-4e72-9636-8d84df1dbe77 cbdebe906c5a47ab8ac1895791170cb0 16bbb3d156ba4e9bba440a83f4b06799 - - - -] 10.0.0.32 "DELETE /v2.0/networks/dae9e607-f5c8-4567-b597-80796a7f30a1 HTTP/1.1" status: 204 len: 168 time: 0.4146476
2026-06-24 19:13:59.143 9 INFO neutron.db.ovn_revision_numbers_db [None req-0c91e698-1a99-4f24-a8b0-226aaea09a9f 4f10f8e3456c45888ba084e75ba8851b 7ca197cbfedf46c6a1675ce45718ce58 - - default default] Successfully bumped revision number for resource 5e5d140e-d7dd-4478-85a3-da724e69ffe5 (type: security_groups) to 1
2026-06-24 19:13:59.170 9 INFO neutron.wsgi [None req-0c91e698-1a99-4f24-a8b0-226aaea09a9f 4f10f8e3456c45888ba084e75ba8851b 7ca197cbfedf46c6a1675ce45718ce58 - - default default] 10.0.0.32 "GET /v2.0/security-groups?tenant_id=794ddd30071b4b908fab2a6a7cb25655&name=default HTTP/1.1" status: 200 len: 2996 time: 0.2259834
2026-06-24 19:13:59.172 9 INFO neutron.db.ovn_revision_numbers_db [None req-92aec457-e5de-4627-9f74-a73abaa40111 156a5bdfa9884d14a89fd28989548dc7 c681f5f93f0f4bacad0c05f30b2c6876 - - - -] Successfully bumped revision number for resource ebb86deb-853a-4ae4-85b2-f9887a8d73e8 (type: security_groups) to 1
2026-06-24 19:13:59.446 10 INFO neutron.wsgi [None req-be8bbc25-477d-47fa-8684-0e43dde07195 cbdebe906c5a47ab8ac1895791170cb0 16bbb3d156ba4e9bba440a83f4b06799 - - - -] 10.0.0.32 "DELETE /v2.0/networks/6a6aa346-f42e-49ba-949a-445c7effcdf8 HTTP/1.1" status: 204 len: 168 time: 0.4693599
2026-06-24 19:13:59.517 9 INFO neutron.db.segments_db [None req-92aec457-e5de-4627-9f74-a73abaa40111 156a5bdfa9884d14a89fd28989548dc7 c681f5f93f0f4bacad0c05f30b2c6876 - - - -] Added segment 93c420de-9e69-493f-b0dd-e1c99c989b1e of type geneve for network e7485fe7-5441-4899-a343-537b514b0fd7
2026-06-24 19:13:59.673 9 INFO neutron.db.ovn_revision_numbers_db [None req-92aec457-e5de-4627-9f74-a73abaa40111 156a5bdfa9884d14a89fd28989548dc7 c681f5f93f0f4bacad0c05f30b2c6876 - - - -] Successfully bumped revision number for resource e7485fe7-5441-4899-a343-537b514b0fd7 (type: networks) to 1
2026-06-24 19:13:59.837 9 INFO neutron.wsgi [None req-463d4e81-0208-4087-8ad5-c04f25cdd940 4f10f8e3456c45888ba084e75ba8851b 7ca197cbfedf46c6a1675ce45718ce58 - - - -] 10.0.0.32 "DELETE /v2.0/security-groups/5e5d140e-d7dd-4478-85a3-da724e69ffe5 HTTP/1.1" status: 204 len: 168 time: 0.6585519
2026-06-24 19:13:59.881 9 WARNING neutron.scheduler.dhcp_agent_scheduler [None req-92aec457-e5de-4627-9f74-a73abaa40111 156a5bdfa9884d14a89fd28989548dc7 c681f5f93f0f4bacad0c05f30b2c6876 - - - -] No more DHCP agents
2026-06-24 19:13:59.882 10 INFO neutron.db.ovn_revision_numbers_db [None req-0a2bb7da-4715-4864-9593-8cd77efeff66 6356b48419eb42b7b2b9bfaeb4be00e2 914600d047b64760af739f2a44904131 - - - -] Successfully bumped revision number for resource 943306be-f94d-423d-b3fd-f74d6d55b406 (type: security_groups) to 1
2026-06-24 19:13:59.886 9 WARNING neutron.api.rpc.agentnotifiers.dhcp_rpc_agent_api [None req-92aec457-e5de-4627-9f74-a73abaa40111 156a5bdfa9884d14a89fd28989548dc7 c681f5f93f0f4bacad0c05f30b2c6876 - - - -] Unable to schedule network e7485fe7-5441-4899-a343-537b514b0fd7: no agents available; will retry on subsequent port and subnet creation events.
2026-06-24 19:13:59.951 9 INFO neutron.db.ovn_revision_numbers_db [None req-92aec457-e5de-4627-9f74-a73abaa40111 156a5bdfa9884d14a89fd28989548dc7 c681f5f93f0f4bacad0c05f30b2c6876 - - - -] Successfully bumped revision number for resource 3fbac213-5e2d-4369-8513-9c5d53a22827 (type: ports) to 1
2026-06-24 19:13:59.972 10 INFO neutron.db.ovn_revision_numbers_db [None req-0a2bb7da-4715-4864-9593-8cd77efeff66 6356b48419eb42b7b2b9bfaeb4be00e2 914600d047b64760af739f2a44904131 - - - -] Successfully bumped revision number for resource bff531be-0f82-40ee-b285-06547421ffdc (type: security_groups) to 1
2026-06-24 19:13:59.975 9 INFO neutron.wsgi [None req-92aec457-e5de-4627-9f74-a73abaa40111 156a5bdfa9884d14a89fd28989548dc7 c681f5f93f0f4bacad0c05f30b2c6876 - - - -] 10.0.0.32 "POST /v2.0/networks HTTP/1.1" status: 201 len: 830 time: 1.1629374
2026-06-24 19:13:59.996 10 INFO neutron.wsgi [None req-0a2bb7da-4715-4864-9593-8cd77efeff66 6356b48419eb42b7b2b9bfaeb4be00e2 914600d047b64760af739f2a44904131 - - - -] 10.0.0.32 "POST /v2.0/security-groups HTTP/1.1" status: 201 len: 1737 time: 0.4092138
2026-06-24 19:14:00.042 10 INFO neutron.wsgi [None req-40ca3b3b-7008-4ec5-8182-f51138a1703e 6356b48419eb42b7b2b9bfaeb4be00e2 914600d047b64760af739f2a44904131 - - - -] 10.0.0.32 "PUT /v2.0/security-groups/bff531be-0f82-40ee-b285-06547421ffdc/tags HTTP/1.1" status: 200 len: 218 time: 0.0399399
2026-06-24 19:14:00.063 10 INFO neutron.wsgi [None req-57ff29a7-d7dc-405a-a319-bdb891a616f0 6356b48419eb42b7b2b9bfaeb4be00e2 914600d047b64760af739f2a44904131 - - default default] 10.0.0.32 "GET /v2.0/security-groups/bff531be-0f82-40ee-b285-06547421ffdc/tags HTTP/1.1" status: 200 len: 218 time: 0.0158222
2026-06-24 19:14:00.122 10 INFO neutron.db.ovn_revision_numbers_db [None req-a8848b7e-783c-4fbd-9ece-ed726e474282 4f10f8e3456c45888ba084e75ba8851b 7ca197cbfedf46c6a1675ce45718ce58 - - default default] Successfully bumped revision number for resource a6f0aa03-5479-4ac5-8f02-597621c8ab9c (type: security_groups) to 1
2026-06-24 19:14:00.135 9 INFO neutron.wsgi [None req-48abe627-4020-44f6-9c45-d0025069b71e 6356b48419eb42b7b2b9bfaeb4be00e2 914600d047b64760af739f2a44904131 - - - -] 10.0.0.32 "PUT /v2.0/security-groups/bff531be-0f82-40ee-b285-06547421ffdc/tags/green HTTP/1.1" status: 201 len: 201 time: 0.0665250
2026-06-24 19:14:00.137 9 INFO neutron.services.segments.plugin [-] Segment 79404651-8f5b-445b-a719-07d6190a01e1 resource provider aggregate not found
2026-06-24 19:14:00.140 9 INFO neutron.services.segments.plugin [-] Segment 79404651-8f5b-445b-a719-07d6190a01e1 resource provider aggregate not found
2026-06-24 19:14:00.154 9 INFO neutron.services.segments.plugin [-] Segment 79404651-8f5b-445b-a719-07d6190a01e1 resource provider not found; error: Placement Client Error (4xx): {"errors": [{"status": 404, "title": "Not Found", "detail": "The resource could not be found.\n\n No resource provider with uuid 79404651-8f5b-445b-a719-07d6190a01e1 found for delete ", "request_id": "req-c0fcfdd8-d084-4473-8f69-b8fe6ebdb4c2"}]}
2026-06-24 19:14:00.154 10 INFO neutron.wsgi [None req-a8848b7e-783c-4fbd-9ece-ed726e474282 4f10f8e3456c45888ba084e75ba8851b 7ca197cbfedf46c6a1675ce45718ce58 - - default default] 10.0.0.32 "GET /v2.0/security-groups?tenant_id=b195a432617240f3abc5632b3ac5b6b0&name=default HTTP/1.1" status: 200 len: 2996 time: 0.1505392
2026-06-24 19:14:00.156 9 INFO neutron.services.segments.plugin [-] Segment 79404651-8f5b-445b-a719-07d6190a01e1 resource provider not found; error: Placement Client Error (4xx): {"errors": [{"status": 404, "title": "Not Found", "detail": "The resource could not be found.\n\n No resource provider with uuid 79404651-8f5b-445b-a719-07d6190a01e1 found for delete ", "request_id": "req-f7e9ee0a-ce9f-4a44-9d60-1e38372f2f7e"}]}
2026-06-24 19:14:00.171 10 INFO neutron.wsgi [None req-42f272f8-eb2a-45e4-861f-05a93fd181af 6356b48419eb42b7b2b9bfaeb4be00e2 914600d047b64760af739f2a44904131 - - default default] 10.0.0.32 "GET /v2.0/security-groups/bff531be-0f82-40ee-b285-06547421ffdc/tags HTTP/1.1" status: 200 len: 227 time: 0.0283411
2026-06-24 19:14:00.196 10 INFO neutron.wsgi [None req-10073b17-ebbe-4c37-9c46-742b8d6a86b2 4f10f8e3456c45888ba084e75ba8851b 7ca197cbfedf46c6a1675ce45718ce58 - - default default] 10.0.0.32 "GET /v2.0/security-groups?tenant_id=16bbb3d156ba4e9bba440a83f4b06799&name=default HTTP/1.1" status: 200 len: 2996 time: 0.2731271
2026-06-24 19:14:00.201 10 INFO neutron.wsgi [None req-c5a19d8a-752a-4c01-9218-78b74226c7ca 6356b48419eb42b7b2b9bfaeb4be00e2 914600d047b64760af739f2a44904131 - - - -] 10.0.0.32 "PUT /v2.0/security-groups/bff531be-0f82-40ee-b285-06547421ffdc/tags/red HTTP/1.1" status: 201 len: 201 time: 0.0190003
2026-06-24 19:14:00.228 9 INFO neutron.wsgi [None req-a0039592-4bdd-43dd-92aa-124f250676e8 6356b48419eb42b7b2b9bfaeb4be00e2 914600d047b64760af739f2a44904131 - - default default] 10.0.0.32 "GET /v2.0/security-groups/bff531be-0f82-40ee-b285-06547421ffdc/tags HTTP/1.1" status: 200 len: 227 time: 0.0197601
2026-06-24 19:14:00.271 10 INFO neutron.wsgi [None req-1d9695c6-c607-4a1f-9c52-2ea353db4847 6356b48419eb42b7b2b9bfaeb4be00e2 914600d047b64760af739f2a44904131 - - - -] 10.0.0.32 "PUT /v2.0/security-groups/bff531be-0f82-40ee-b285-06547421ffdc/tags/black.or.white HTTP/1.1" status: 201 len: 201 time: 0.0363262
2026-06-24 19:14:00.297 10 INFO neutron.wsgi [None req-1788e790-4ca3-42e2-a822-56bc458dae3b 6356b48419eb42b7b2b9bfaeb4be00e2 914600d047b64760af739f2a44904131 - - default default] 10.0.0.32 "GET /v2.0/security-groups/bff531be-0f82-40ee-b285-06547421ffdc/tags HTTP/1.1" status: 200 len: 245 time: 0.0208595 /var/lib/openstack/lib/python3.10/site-packages/pycadf/identifier.py:71: UserWarning: Invalid uuid: neutron. To ensure interoperability, identifiers should be a valid uuid. warnings.warn(('Invalid uuid: %s. To ensure interoperability, '
2026-06-24 19:14:00.319 9 WARNING neutron.scheduler.dhcp_agent_scheduler [None req-f50bf139-f553-4ff2-b7bc-065d346be015 156a5bdfa9884d14a89fd28989548dc7 c681f5f93f0f4bacad0c05f30b2c6876 - - - -] No more DHCP agents
2026-06-24 19:14:00.328 9 WARNING neutron.api.rpc.agentnotifiers.dhcp_rpc_agent_api [None req-f50bf139-f553-4ff2-b7bc-065d346be015 156a5bdfa9884d14a89fd28989548dc7 c681f5f93f0f4bacad0c05f30b2c6876 - - - -] Unable to schedule network e7485fe7-5441-4899-a343-537b514b0fd7: no agents available; will retry on subsequent port and subnet creation events.
2026-06-24 19:14:00.397 9 INFO neutron.wsgi [None req-6d6bf961-71e2-40d8-a44a-41945ed5ed7a 6356b48419eb42b7b2b9bfaeb4be00e2 914600d047b64760af739f2a44904131 - - - -] 10.0.0.32 "PUT /v2.0/security-groups/bff531be-0f82-40ee-b285-06547421ffdc/tags HTTP/1.1" status: 200 len: 230 time: 0.0945077
2026-06-24 19:14:00.410 9 INFO neutron.db.ovn_revision_numbers_db [None req-f50bf139-f553-4ff2-b7bc-065d346be015 156a5bdfa9884d14a89fd28989548dc7 c681f5f93f0f4bacad0c05f30b2c6876 - - - -] Successfully bumped revision number for resource cf5aeed4-88b9-40aa-8bc0-2dd23e876a36 (type: ports) to 1
2026-06-24 19:14:00.430 10 INFO neutron.wsgi [None req-58ccce37-6c85-40d3-852c-2bfa5956914b 6356b48419eb42b7b2b9bfaeb4be00e2 914600d047b64760af739f2a44904131 - - default default] 10.0.0.32 "GET /v2.0/security-groups/bff531be-0f82-40ee-b285-06547421ffdc/tags HTTP/1.1" status: 200 len: 230 time: 0.0255263 /var/lib/openstack/lib/python3.10/site-packages/pycadf/identifier.py:71: UserWarning: Invalid uuid: neutron. To ensure interoperability, identifiers should be a valid uuid. warnings.warn(('Invalid uuid: %s. To ensure interoperability, '
2026-06-24 19:14:00.450 10 INFO neutron.wsgi [None req-5b83039c-f3e0-4e65-800b-55a38dfc3d74 4f10f8e3456c45888ba084e75ba8851b 7ca197cbfedf46c6a1675ce45718ce58 - - - -] 10.0.0.32 "DELETE /v2.0/security-groups/28dc18ee-bcb6-49cf-acc7-fc9bfc466ca6 HTTP/1.1" status: 204 len: 168 time: 0.2475538
2026-06-24 19:14:00.452 9 INFO neutron.wsgi [None req-f50bf139-f553-4ff2-b7bc-065d346be015 156a5bdfa9884d14a89fd28989548dc7 c681f5f93f0f4bacad0c05f30b2c6876 - - - -] 10.0.0.32 "POST /v2.0/ports HTTP/1.1" status: 201 len: 942 time: 0.4704344
2026-06-24 19:14:00.454 9 INFO neutron.wsgi [None req-d51682f8-5b71-474b-94bb-ac4a3f0ea96d 6356b48419eb42b7b2b9bfaeb4be00e2 914600d047b64760af739f2a44904131 - - default default] 10.0.0.32 "GET /v2.0/security-groups/bff531be-0f82-40ee-b285-06547421ffdc/tags/red HTTP/1.1" status: 204 len: 168 time: 0.0187020
2026-06-24 19:14:00.483 9 INFO neutron.api.v2.resource [None req-94aaa486-51c7-48fa-b491-5a96f15480a7 6356b48419eb42b7b2b9bfaeb4be00e2 914600d047b64760af739f2a44904131 - - default default] show failed (client error): The resource could not be found.
2026-06-24 19:14:00.485 9 INFO neutron.wsgi [None req-94aaa486-51c7-48fa-b491-5a96f15480a7 6356b48419eb42b7b2b9bfaeb4be00e2 914600d047b64760af739f2a44904131 - - default default] 10.0.0.32 "GET /v2.0/security-groups/bff531be-0f82-40ee-b285-06547421ffdc/tags/green HTTP/1.1" status: 404 len: 299 time: 0.0256476
2026-06-24 19:14:00.523 9 INFO neutron.wsgi [None req-6bb59490-d858-4615-8fb8-bd079c805392 4f10f8e3456c45888ba084e75ba8851b 7ca197cbfedf46c6a1675ce45718ce58 - - - -] 10.0.0.32 "DELETE /v2.0/security-groups/a6f0aa03-5479-4ac5-8f02-597621c8ab9c HTTP/1.1" status: 204 len: 168 time: 0.3638229
2026-06-24 19:14:00.526 9 INFO neutron.wsgi [None req-2bd80d77-031a-4258-8452-1491d3cfe5d4 6356b48419eb42b7b2b9bfaeb4be00e2 914600d047b64760af739f2a44904131 - - - -] 10.0.0.32 "DELETE /v2.0/security-groups/bff531be-0f82-40ee-b285-06547421ffdc/tags/red HTTP/1.1" status: 204 len: 168 time: 0.0358279
2026-06-24 19:14:00.545 9 INFO neutron.wsgi [None req-af39f60b-bdae-4737-99fb-5578945c9013 6356b48419eb42b7b2b9bfaeb4be00e2 914600d047b64760af739f2a44904131 - - default default] 10.0.0.32 "GET /v2.0/security-groups/bff531be-0f82-40ee-b285-06547421ffdc/tags HTTP/1.1" status: 200 len: 223 time: 0.0130200
2026-06-24 19:14:00.545 10 INFO neutron.services.segments.plugin [-] Segment 18a1151b-9ed5-4d86-a3be-68e0538b3655 resource provider aggregate not found
2026-06-24 19:14:00.563 10 INFO neutron.services.segments.plugin [-] Segment 18a1151b-9ed5-4d86-a3be-68e0538b3655 resource provider not found; error: Placement Client Error (4xx): {"errors": [{"status": 404, "title": "Not Found", "detail": "The resource could not be found.\n\n No resource provider with uuid 18a1151b-9ed5-4d86-a3be-68e0538b3655 found for delete ", "request_id": "req-056b272c-11a2-4a53-a98f-6ec2a264a04f"}]}
2026-06-24 19:14:00.569 10 INFO neutron.services.segments.plugin [-] Segment 18a1151b-9ed5-4d86-a3be-68e0538b3655 resource provider aggregate not found
2026-06-24 19:14:00.570 9 INFO neutron.api.v2.resource [None req-b72808f9-21d4-4997-8f12-b5f5e9bf316b 6356b48419eb42b7b2b9bfaeb4be00e2 914600d047b64760af739f2a44904131 - - - -] delete failed (client error): The resource could not be found.
2026-06-24 19:14:00.571 9 INFO neutron.wsgi [None req-b72808f9-21d4-4997-8f12-b5f5e9bf316b 6356b48419eb42b7b2b9bfaeb4be00e2 914600d047b64760af739f2a44904131 - - - -] 10.0.0.32 "DELETE /v2.0/security-groups/bff531be-0f82-40ee-b285-06547421ffdc/tags/green HTTP/1.1" status: 404 len: 299 time: 0.0201020
2026-06-24 19:14:00.589 9 INFO neutron.db.segments_db [None req-250b025c-90a5-4825-9b9e-d93aeecbffcd 156a5bdfa9884d14a89fd28989548dc7 c681f5f93f0f4bacad0c05f30b2c6876 - - - -] Added segment 9b2baf02-4d77-4d46-b0f6-067b3f708e7d of type geneve for network 11513d3f-c94a-4b23-95c8-b6c20834dea8
2026-06-24 19:14:00.593 10 INFO neutron.services.segments.plugin [-] Segment 18a1151b-9ed5-4d86-a3be-68e0538b3655 resource provider not found; error: Placement Client Error (4xx): {"errors": [{"status": 404, "title": "Not Found", "detail": "The resource could not be found.\n\n No resource provider with uuid 18a1151b-9ed5-4d86-a3be-68e0538b3655 found for delete ", "request_id": "req-6f919ad5-3a45-47ef-afc4-a2b95751140a"}]}
2026-06-24 19:14:00.619 9 INFO neutron.wsgi [None req-e17447f2-94e4-4375-9bf6-cabeb4d0c820 6356b48419eb42b7b2b9bfaeb4be00e2 914600d047b64760af739f2a44904131 - - - -] 10.0.0.32 "DELETE /v2.0/security-groups/bff531be-0f82-40ee-b285-06547421ffdc/tags HTTP/1.1" status: 204 len: 168 time: 0.0435355
2026-06-24 19:14:00.638 9 INFO neutron.wsgi [None req-73295c4e-ef8d-4ca3-9925-feb3849ecdb7 6356b48419eb42b7b2b9bfaeb4be00e2 914600d047b64760af739f2a44904131 - - default default] 10.0.0.32 "GET /v2.0/security-groups/bff531be-0f82-40ee-b285-06547421ffdc/tags HTTP/1.1" status: 200 len: 205 time: 0.0137031
2026-06-24 19:14:00.775 9 INFO neutron.db.ovn_revision_numbers_db [None req-250b025c-90a5-4825-9b9e-d93aeecbffcd 156a5bdfa9884d14a89fd28989548dc7 c681f5f93f0f4bacad0c05f30b2c6876 - - - -] Successfully bumped revision number for resource 11513d3f-c94a-4b23-95c8-b6c20834dea8 (type: networks) to 1
2026-06-24 19:14:00.880 9 INFO neutron.wsgi [None req-14d5b53b-4bb5-4192-bfed-ffc5a6199b72 6356b48419eb42b7b2b9bfaeb4be00e2 914600d047b64760af739f2a44904131 - - - -] 10.0.0.32 "DELETE /v2.0/security-groups/bff531be-0f82-40ee-b285-06547421ffdc HTTP/1.1" status: 204 len: 168 time: 0.2344720
2026-06-24 19:14:01.024 9 WARNING neutron.scheduler.dhcp_agent_scheduler [None req-250b025c-90a5-4825-9b9e-d93aeecbffcd 156a5bdfa9884d14a89fd28989548dc7 c681f5f93f0f4bacad0c05f30b2c6876 - - - -] No more DHCP agents
2026-06-24 19:14:01.026 9 WARNING neutron.api.rpc.agentnotifiers.dhcp_rpc_agent_api [None req-250b025c-90a5-4825-9b9e-d93aeecbffcd 156a5bdfa9884d14a89fd28989548dc7 c681f5f93f0f4bacad0c05f30b2c6876 - - - -] Unable to schedule network 11513d3f-c94a-4b23-95c8-b6c20834dea8: no agents available; will retry on subsequent port and subnet creation events.
2026-06-24 19:14:01.081 9 INFO neutron.db.ovn_revision_numbers_db [None req-250b025c-90a5-4825-9b9e-d93aeecbffcd 156a5bdfa9884d14a89fd28989548dc7 c681f5f93f0f4bacad0c05f30b2c6876 - - - -] Successfully bumped revision number for resource 78b2517b-3126-4cc4-9c8e-816b833b9a62 (type: ports) to 1
2026-06-24 19:14:01.107 9 INFO neutron.wsgi [None req-250b025c-90a5-4825-9b9e-d93aeecbffcd 156a5bdfa9884d14a89fd28989548dc7 c681f5f93f0f4bacad0c05f30b2c6876 - - - -] 10.0.0.32 "POST /v2.0/networks HTTP/1.1" status: 201 len: 830 time: 0.6492431
2026-06-24 19:14:01.400 9 WARNING neutron.scheduler.dhcp_agent_scheduler [None req-10fa2632-39a7-42fe-8c53-a3fa96901f13 156a5bdfa9884d14a89fd28989548dc7 c681f5f93f0f4bacad0c05f30b2c6876 - - - -] No more DHCP agents
2026-06-24 19:14:01.402 9 WARNING neutron.api.rpc.agentnotifiers.dhcp_rpc_agent_api [None req-10fa2632-39a7-42fe-8c53-a3fa96901f13 156a5bdfa9884d14a89fd28989548dc7 c681f5f93f0f4bacad0c05f30b2c6876 - - - -] Unable to schedule network 11513d3f-c94a-4b23-95c8-b6c20834dea8: no agents available; will retry on subsequent port and subnet creation events.
2026-06-24 19:14:01.478 9 INFO neutron.db.ovn_revision_numbers_db [None req-10fa2632-39a7-42fe-8c53-a3fa96901f13 156a5bdfa9884d14a89fd28989548dc7 c681f5f93f0f4bacad0c05f30b2c6876 - - - -] Successfully bumped revision number for resource de2e32b7-d456-4ce8-b35e-766cb4594b2b (type: ports) to 1
2026-06-24 19:14:01.523 9 INFO neutron.wsgi [None req-10fa2632-39a7-42fe-8c53-a3fa96901f13 156a5bdfa9884d14a89fd28989548dc7 c681f5f93f0f4bacad0c05f30b2c6876 - - - -] 10.0.0.32 "POST /v2.0/ports HTTP/1.1" status: 201 len: 942 time: 0.4097412
2026-06-24 19:14:01.526 9 INFO neutron.wsgi [-] 10.0.0.108 "GET / HTTP/1.1" status: 200 len: 246 time: 0.0012350
2026-06-24 19:14:01.527 9 INFO neutron.wsgi [-] 10.0.0.108 "GET / HTTP/1.1" status: 200 len: 246 time: 0.0009241 /var/lib/openstack/lib/python3.10/site-packages/pycadf/identifier.py:71: UserWarning: Invalid uuid: neutron. To ensure interoperability, identifiers should be a valid uuid. warnings.warn(('Invalid uuid: %s. To ensure interoperability, '
2026-06-24 19:14:01.597 9 INFO neutron.db.segments_db [None req-a2b1629f-f01c-48b6-b17d-46ea111b29fc 156a5bdfa9884d14a89fd28989548dc7 c681f5f93f0f4bacad0c05f30b2c6876 - - - -] Added segment aef382a0-af52-4b96-897b-3c907da39fd8 of type geneve for network bae7f06b-76a7-40f4-a916-8ead87b436a8
2026-06-24 19:14:01.736 9 INFO neutron.db.ovn_revision_numbers_db [None req-a2b1629f-f01c-48b6-b17d-46ea111b29fc 156a5bdfa9884d14a89fd28989548dc7 c681f5f93f0f4bacad0c05f30b2c6876 - - - -] Successfully bumped revision number for resource bae7f06b-76a7-40f4-a916-8ead87b436a8 (type: networks) to 1
2026-06-24 19:14:01.960 9 WARNING neutron.scheduler.dhcp_agent_scheduler [None req-a2b1629f-f01c-48b6-b17d-46ea111b29fc 156a5bdfa9884d14a89fd28989548dc7 c681f5f93f0f4bacad0c05f30b2c6876 - - - -] No more DHCP agents
2026-06-24 19:14:01.962 9 WARNING neutron.api.rpc.agentnotifiers.dhcp_rpc_agent_api [None req-a2b1629f-f01c-48b6-b17d-46ea111b29fc 156a5bdfa9884d14a89fd28989548dc7 c681f5f93f0f4bacad0c05f30b2c6876 - - - -] Unable to schedule network bae7f06b-76a7-40f4-a916-8ead87b436a8: no agents available; will retry on subsequent port and subnet creation events.
2026-06-24 19:14:01.998 10 INFO neutron.db.ovn_revision_numbers_db [None req-ca9a7852-8989-4be0-98bd-f858313897e9 4f10f8e3456c45888ba084e75ba8851b 7ca197cbfedf46c6a1675ce45718ce58 - - default default] Successfully bumped revision number for resource edf61e7c-26c5-4a47-9838-1f390ec10487 (type: security_groups) to 1
2026-06-24 19:14:02.023 10 INFO neutron.wsgi [None req-ca9a7852-8989-4be0-98bd-f858313897e9 4f10f8e3456c45888ba084e75ba8851b 7ca197cbfedf46c6a1675ce45718ce58 - - default default] 10.0.0.32 "GET /v2.0/security-groups?tenant_id=6e8ce1be436d4761bd3f479647cfc9ff&name=default HTTP/1.1" status: 200 len: 2996 time: 0.4049425
2026-06-24 19:14:02.041 9 INFO neutron.db.ovn_revision_numbers_db [None req-a2b1629f-f01c-48b6-b17d-46ea111b29fc 156a5bdfa9884d14a89fd28989548dc7 c681f5f93f0f4bacad0c05f30b2c6876 - - - -] Successfully bumped revision number for resource b1b686a4-d829-4df1-ba72-aa90d3712070 (type: ports) to 1
2026-06-24 19:14:02.065 9 INFO neutron.wsgi [None req-a2b1629f-f01c-48b6-b17d-46ea111b29fc 156a5bdfa9884d14a89fd28989548dc7 c681f5f93f0f4bacad0c05f30b2c6876 - - - -] 10.0.0.32 "POST /v2.0/networks HTTP/1.1" status: 201 len: 831 time: 0.5353196
2026-06-24 19:14:02.233 10 INFO neutron.wsgi [None req-1edfbc9e-2b80-4696-be1a-39f11c4b3125 4f10f8e3456c45888ba084e75ba8851b 7ca197cbfedf46c6a1675ce45718ce58 - - - -] 10.0.0.32 "DELETE /v2.0/security-groups/edf61e7c-26c5-4a47-9838-1f390ec10487 HTTP/1.1" status: 204 len: 168 time: 0.2019873
2026-06-24 19:14:02.318 9 WARNING neutron.scheduler.dhcp_agent_scheduler [None req-a9379537-2c62-4ecf-9317-66aa49abccaf 156a5bdfa9884d14a89fd28989548dc7 c681f5f93f0f4bacad0c05f30b2c6876 - - - -] No more DHCP agents
2026-06-24 19:14:02.323 9 WARNING neutron.api.rpc.agentnotifiers.dhcp_rpc_agent_api [None req-a9379537-2c62-4ecf-9317-66aa49abccaf 156a5bdfa9884d14a89fd28989548dc7 c681f5f93f0f4bacad0c05f30b2c6876 - - - -] Unable to schedule network bae7f06b-76a7-40f4-a916-8ead87b436a8: no agents available; will retry on subsequent port and subnet creation events.
2026-06-24 19:14:02.393 9 INFO neutron.db.ovn_revision_numbers_db [None req-a9379537-2c62-4ecf-9317-66aa49abccaf 156a5bdfa9884d14a89fd28989548dc7 c681f5f93f0f4bacad0c05f30b2c6876 - - - -] Successfully bumped revision number for resource 43775684-bf59-4ce5-ab15-ae10e37557b6 (type: ports) to 1
2026-06-24 19:14:02.420 9 INFO neutron.wsgi [None req-a9379537-2c62-4ecf-9317-66aa49abccaf 156a5bdfa9884d14a89fd28989548dc7 c681f5f93f0f4bacad0c05f30b2c6876 - - - -] 10.0.0.32 "POST /v2.0/ports HTTP/1.1" status: 201 len: 942 time: 0.3508573 /var/lib/openstack/lib/python3.10/site-packages/pycadf/identifier.py:71: UserWarning: Invalid uuid: neutron. To ensure interoperability, identifiers should be a valid uuid. warnings.warn(('Invalid uuid: %s. To ensure interoperability, '
2026-06-24 19:14:02.433 10 INFO neutron.wsgi [None req-f2c05ca0-8709-423f-a340-7e37ff6f413c 4f10f8e3456c45888ba084e75ba8851b 7ca197cbfedf46c6a1675ce45718ce58 - - default default] 10.0.0.32 "GET /v2.0/security-groups?tenant_id=914600d047b64760af739f2a44904131&name=default HTTP/1.1" status: 200 len: 2996 time: 0.0346255
2026-06-24 19:14:02.516 9 INFO neutron.db.segments_db [None req-e3a40140-6614-490e-945c-1b88919687e5 156a5bdfa9884d14a89fd28989548dc7 c681f5f93f0f4bacad0c05f30b2c6876 - - - -] Added segment e6b92115-96fd-4157-991b-5aab892a1dcb of type geneve for network 0884a25e-3ed0-48ff-a9a1-019c65a26b25
2026-06-24 19:14:02.651 9 INFO neutron.db.ovn_revision_numbers_db [None req-e3a40140-6614-490e-945c-1b88919687e5 156a5bdfa9884d14a89fd28989548dc7 c681f5f93f0f4bacad0c05f30b2c6876 - - - -] Successfully bumped revision number for resource 0884a25e-3ed0-48ff-a9a1-019c65a26b25 (type: networks) to 1
2026-06-24 19:14:02.671 10 INFO neutron.wsgi [None req-f5e3496f-faf5-4482-aa41-6157eb964c3f 4f10f8e3456c45888ba084e75ba8851b 7ca197cbfedf46c6a1675ce45718ce58 - - - -] 10.0.0.32 "DELETE /v2.0/security-groups/943306be-f94d-423d-b3fd-f74d6d55b406 HTTP/1.1" status: 204 len: 168 time: 0.2281158
2026-06-24 19:14:02.873 9 WARNING neutron.scheduler.dhcp_agent_scheduler [None req-e3a40140-6614-490e-945c-1b88919687e5 156a5bdfa9884d14a89fd28989548dc7 c681f5f93f0f4bacad0c05f30b2c6876 - - - -] No more DHCP agents
2026-06-24 19:14:02.878 9 WARNING neutron.api.rpc.agentnotifiers.dhcp_rpc_agent_api [None req-e3a40140-6614-490e-945c-1b88919687e5 156a5bdfa9884d14a89fd28989548dc7 c681f5f93f0f4bacad0c05f30b2c6876 - - - -] Unable to schedule network 0884a25e-3ed0-48ff-a9a1-019c65a26b25: no agents available; will retry on subsequent port and subnet creation events.
2026-06-24 19:14:02.944 9 INFO neutron.db.ovn_revision_numbers_db [None req-c9a04a3e-45ae-4ad8-8a36-4f03c9a271d1 7662d5d846dc46f0a0c52e3929518bf7 87ece3682bbc4f6790cbcd827904cc74 - - - -] Successfully bumped revision number for resource e6224266-734c-4907-affa-a7bc9b89e165 (type: security_groups) to 1
2026-06-24 19:14:02.962 9 INFO neutron.db.ovn_revision_numbers_db [None req-e3a40140-6614-490e-945c-1b88919687e5 156a5bdfa9884d14a89fd28989548dc7 c681f5f93f0f4bacad0c05f30b2c6876 - - - -] Successfully bumped revision number for resource 9acf3b08-ecec-4046-b07b-b4eb88f07456 (type: ports) to 1
2026-06-24 19:14:02.990 9 INFO neutron.wsgi [None req-e3a40140-6614-490e-945c-1b88919687e5 156a5bdfa9884d14a89fd28989548dc7 c681f5f93f0f4bacad0c05f30b2c6876 - - - -] 10.0.0.32 "POST /v2.0/networks HTTP/1.1" status: 201 len: 831 time: 0.5656421
2026-06-24 19:14:02.995 9 INFO neutron.db.segments_db [None req-c9a04a3e-45ae-4ad8-8a36-4f03c9a271d1 7662d5d846dc46f0a0c52e3929518bf7 87ece3682bbc4f6790cbcd827904cc74 - - - -] Added segment 77856dff-b329-41bc-be45-28783a39b1d9 of type geneve for network 26ca999d-75b9-420a-b625-ae41f52ce14e
2026-06-24 19:14:03.145 9 INFO neutron.db.ovn_revision_numbers_db [None req-c9a04a3e-45ae-4ad8-8a36-4f03c9a271d1 7662d5d846dc46f0a0c52e3929518bf7 87ece3682bbc4f6790cbcd827904cc74 - - - -] Successfully bumped revision number for resource 26ca999d-75b9-420a-b625-ae41f52ce14e (type: networks) to 1
2026-06-24 19:14:03.251 10 WARNING neutron.scheduler.dhcp_agent_scheduler [None req-32b600e8-5547-4b9d-bfbd-d5d1f8608d93 156a5bdfa9884d14a89fd28989548dc7 c681f5f93f0f4bacad0c05f30b2c6876 - - - -] No more DHCP agents
2026-06-24 19:14:03.253 10 WARNING neutron.api.rpc.agentnotifiers.dhcp_rpc_agent_api [None req-32b600e8-5547-4b9d-bfbd-d5d1f8608d93 156a5bdfa9884d14a89fd28989548dc7 c681f5f93f0f4bacad0c05f30b2c6876 - - - -] Unable to schedule network 0884a25e-3ed0-48ff-a9a1-019c65a26b25: no agents available; will retry on subsequent port and subnet creation events.
2026-06-24 19:14:03.323 10 INFO neutron.db.ovn_revision_numbers_db [None req-32b600e8-5547-4b9d-bfbd-d5d1f8608d93 156a5bdfa9884d14a89fd28989548dc7 c681f5f93f0f4bacad0c05f30b2c6876 - - - -] Successfully bumped revision number for resource 7a6f64a4-e0f6-4f07-85fb-19a3167eb896 (type: ports) to 1
2026-06-24 19:14:03.346 10 INFO neutron.wsgi [None req-32b600e8-5547-4b9d-bfbd-d5d1f8608d93 156a5bdfa9884d14a89fd28989548dc7 c681f5f93f0f4bacad0c05f30b2c6876 - - - -] 10.0.0.32 "POST /v2.0/ports HTTP/1.1" status: 201 len: 942 time: 0.3477042
2026-06-24 19:14:03.350 9 WARNING neutron.scheduler.dhcp_agent_scheduler [None req-c9a04a3e-45ae-4ad8-8a36-4f03c9a271d1 7662d5d846dc46f0a0c52e3929518bf7 87ece3682bbc4f6790cbcd827904cc74 - - - -] No more DHCP agents
2026-06-24 19:14:03.354 9 WARNING neutron.api.rpc.agentnotifiers.dhcp_rpc_agent_api [None req-c9a04a3e-45ae-4ad8-8a36-4f03c9a271d1 7662d5d846dc46f0a0c52e3929518bf7 87ece3682bbc4f6790cbcd827904cc74 - - - -] Unable to schedule network 26ca999d-75b9-420a-b625-ae41f52ce14e: no agents available; will retry on subsequent port and subnet creation events. /var/lib/openstack/lib/python3.10/site-packages/pycadf/identifier.py:71: UserWarning: Invalid uuid: neutron. To ensure interoperability, identifiers should be a valid uuid. warnings.warn(('Invalid uuid: %s. To ensure interoperability, '
2026-06-24 19:14:03.430 9 INFO neutron.db.ovn_revision_numbers_db [None req-c9a04a3e-45ae-4ad8-8a36-4f03c9a271d1 7662d5d846dc46f0a0c52e3929518bf7 87ece3682bbc4f6790cbcd827904cc74 - - - -] Successfully bumped revision number for resource a465c1e2-f412-4782-ae82-13d8afad6d8f (type: ports) to 1
2026-06-24 19:14:03.448 10 INFO neutron.db.segments_db [None req-173f477a-9a82-4cc0-a8c3-7bc4969ee8aa 156a5bdfa9884d14a89fd28989548dc7 c681f5f93f0f4bacad0c05f30b2c6876 - - - -] Added segment 51db640a-5a83-4569-9517-9b4a3c20c172 of type geneve for network cebbe0d0-f8a7-46ef-bb1c-f03b0ce5e77e
2026-06-24 19:14:03.464 9 INFO neutron.wsgi [None req-c9a04a3e-45ae-4ad8-8a36-4f03c9a271d1 7662d5d846dc46f0a0c52e3929518bf7 87ece3682bbc4f6790cbcd827904cc74 - - - -] 10.0.0.32 "POST /v2.0/networks HTTP/1.1" status: 201 len: 843 time: 1.0427196
2026-06-24 19:14:03.594 10 INFO neutron.db.ovn_revision_numbers_db [None req-173f477a-9a82-4cc0-a8c3-7bc4969ee8aa 156a5bdfa9884d14a89fd28989548dc7 c681f5f93f0f4bacad0c05f30b2c6876 - - - -] Successfully bumped revision number for resource cebbe0d0-f8a7-46ef-bb1c-f03b0ce5e77e (type: networks) to 1
2026-06-24 19:14:03.731 9 WARNING neutron.scheduler.dhcp_agent_scheduler [None req-3bed045d-83e5-44ff-bfeb-737f414a42f3 7662d5d846dc46f0a0c52e3929518bf7 87ece3682bbc4f6790cbcd827904cc74 - - - -] No more DHCP agents
2026-06-24 19:14:03.734 9 WARNING neutron.api.rpc.agentnotifiers.dhcp_rpc_agent_api [None req-3bed045d-83e5-44ff-bfeb-737f414a42f3 7662d5d846dc46f0a0c52e3929518bf7 87ece3682bbc4f6790cbcd827904cc74 - - - -] Unable to schedule network 26ca999d-75b9-420a-b625-ae41f52ce14e: no agents available; will retry on subsequent port and subnet creation events.
2026-06-24 19:14:03.820 9 INFO neutron.db.ovn_revision_numbers_db [None req-3bed045d-83e5-44ff-bfeb-737f414a42f3 7662d5d846dc46f0a0c52e3929518bf7 87ece3682bbc4f6790cbcd827904cc74 - - - -] Successfully bumped revision number for resource 927b1b18-03a6-4a21-8d9b-2aa24612685f (type: ports) to 1
2026-06-24 19:14:03.830 10 WARNING neutron.scheduler.dhcp_agent_scheduler [None req-173f477a-9a82-4cc0-a8c3-7bc4969ee8aa 156a5bdfa9884d14a89fd28989548dc7 c681f5f93f0f4bacad0c05f30b2c6876 - - - -] No more DHCP agents
2026-06-24 19:14:03.833 10 WARNING neutron.api.rpc.agentnotifiers.dhcp_rpc_agent_api [None req-173f477a-9a82-4cc0-a8c3-7bc4969ee8aa 156a5bdfa9884d14a89fd28989548dc7 c681f5f93f0f4bacad0c05f30b2c6876 - - - -] Unable to schedule network cebbe0d0-f8a7-46ef-bb1c-f03b0ce5e77e: no agents available; will retry on subsequent port and subnet creation events.
2026-06-24 19:14:03.847 9 INFO neutron.wsgi [None req-3bed045d-83e5-44ff-bfeb-737f414a42f3 7662d5d846dc46f0a0c52e3929518bf7 87ece3682bbc4f6790cbcd827904cc74 - - - -] 10.0.0.32 "POST /v2.0/ports HTTP/1.1" status: 201 len: 974 time: 0.3775358
2026-06-24 19:14:03.944 10 INFO neutron.db.ovn_revision_numbers_db [None req-173f477a-9a82-4cc0-a8c3-7bc4969ee8aa 156a5bdfa9884d14a89fd28989548dc7 c681f5f93f0f4bacad0c05f30b2c6876 - - - -] Successfully bumped revision number for resource b83cb8bd-f92c-441a-b31b-416c5e67e4df (type: ports) to 1
2026-06-24 19:14:03.971 10 INFO neutron.wsgi [None req-173f477a-9a82-4cc0-a8c3-7bc4969ee8aa 156a5bdfa9884d14a89fd28989548dc7 c681f5f93f0f4bacad0c05f30b2c6876 - - - -] 10.0.0.32 "POST /v2.0/networks HTTP/1.1" status: 201 len: 830 time: 0.6198874
2026-06-24 19:14:03.981 10 INFO neutron.db.segments_db [None req-28838db6-ecdb-422d-b63b-9751b78d422e 7662d5d846dc46f0a0c52e3929518bf7 87ece3682bbc4f6790cbcd827904cc74 - - - -] Added segment 36ca0a04-1f60-4e22-a7b2-ce67398d71c1 of type geneve for network 2d1dfb08-edc6-49c2-8d45-7ba4d38465d6 /var/lib/openstack/lib/python3.10/site-packages/pycadf/identifier.py:71: UserWarning: Invalid uuid: neutron. To ensure interoperability, identifiers should be a valid uuid. warnings.warn(('Invalid uuid: %s. To ensure interoperability, '
2026-06-24 19:14:04.114 10 INFO neutron.db.ovn_revision_numbers_db [None req-28838db6-ecdb-422d-b63b-9751b78d422e 7662d5d846dc46f0a0c52e3929518bf7 87ece3682bbc4f6790cbcd827904cc74 - - - -] Successfully bumped revision number for resource 2d1dfb08-edc6-49c2-8d45-7ba4d38465d6 (type: networks) to 1
2026-06-24 19:14:04.256 9 WARNING neutron.scheduler.dhcp_agent_scheduler [None req-2086cf32-df11-4db9-a892-519de7e8fed5 156a5bdfa9884d14a89fd28989548dc7 c681f5f93f0f4bacad0c05f30b2c6876 - - - -] No more DHCP agents
2026-06-24 19:14:04.260 9 WARNING neutron.api.rpc.agentnotifiers.dhcp_rpc_agent_api [None req-2086cf32-df11-4db9-a892-519de7e8fed5 156a5bdfa9884d14a89fd28989548dc7 c681f5f93f0f4bacad0c05f30b2c6876 - - - -] Unable to schedule network cebbe0d0-f8a7-46ef-bb1c-f03b0ce5e77e: no agents available; will retry on subsequent port and subnet creation events.
2026-06-24 19:14:04.317 10 WARNING neutron.scheduler.dhcp_agent_scheduler [None req-28838db6-ecdb-422d-b63b-9751b78d422e 7662d5d846dc46f0a0c52e3929518bf7 87ece3682bbc4f6790cbcd827904cc74 - - - -] No more DHCP agents
2026-06-24 19:14:04.319 10 WARNING neutron.api.rpc.agentnotifiers.dhcp_rpc_agent_api [None req-28838db6-ecdb-422d-b63b-9751b78d422e 7662d5d846dc46f0a0c52e3929518bf7 87ece3682bbc4f6790cbcd827904cc74 - - - -] Unable to schedule network 2d1dfb08-edc6-49c2-8d45-7ba4d38465d6: no agents available; will retry on subsequent port and subnet creation events.
2026-06-24 19:14:04.347 9 INFO neutron.db.ovn_revision_numbers_db [None req-2086cf32-df11-4db9-a892-519de7e8fed5 156a5bdfa9884d14a89fd28989548dc7 c681f5f93f0f4bacad0c05f30b2c6876 - - - -] Successfully bumped revision number for resource 3b8884f3-6006-4349-b421-876a18c47fcb (type: ports) to 1
2026-06-24 19:14:04.377 9 INFO neutron.wsgi [None req-2086cf32-df11-4db9-a892-519de7e8fed5 156a5bdfa9884d14a89fd28989548dc7 c681f5f93f0f4bacad0c05f30b2c6876 - - - -] 10.0.0.32 "POST /v2.0/ports HTTP/1.1" status: 201 len: 942 time: 0.3980219 /var/lib/openstack/lib/python3.10/site-packages/pycadf/identifier.py:71: UserWarning: Invalid uuid: neutron. To ensure interoperability, identifiers should be a valid uuid. warnings.warn(('Invalid uuid: %s. To ensure interoperability, '
2026-06-24 19:14:04.430 10 INFO neutron.db.ovn_revision_numbers_db [None req-28838db6-ecdb-422d-b63b-9751b78d422e 7662d5d846dc46f0a0c52e3929518bf7 87ece3682bbc4f6790cbcd827904cc74 - - - -] Successfully bumped revision number for resource 6d3c0e21-0444-413d-9ee2-d4d401360d5f (type: ports) to 1
2026-06-24 19:14:04.442 10 INFO neutron.wsgi [None req-4934d87a-6a59-409d-953b-6160af88b34d 156a5bdfa9884d14a89fd28989548dc7 c681f5f93f0f4bacad0c05f30b2c6876 - - - -] 10.0.0.32 "PUT /v2.0/ports/cf5aeed4-88b9-40aa-8bc0-2dd23e876a36/tags HTTP/1.1" status: 200 len: 210 time: 0.0615702
2026-06-24 19:14:04.453 10 INFO neutron.wsgi [None req-28838db6-ecdb-422d-b63b-9751b78d422e 7662d5d846dc46f0a0c52e3929518bf7 87ece3682bbc4f6790cbcd827904cc74 - - - -] 10.0.0.32 "POST /v2.0/networks HTTP/1.1" status: 201 len: 831 time: 0.6010132
2026-06-24 19:14:04.507 9 INFO neutron.wsgi [None req-45aeff54-fd66-4adf-a2bd-17f01f855a0f 156a5bdfa9884d14a89fd28989548dc7 c681f5f93f0f4bacad0c05f30b2c6876 - - - -] 10.0.0.32 "PUT /v2.0/ports/de2e32b7-d456-4ce8-b35e-766cb4594b2b/tags HTTP/1.1" status: 200 len: 218 time: 0.0596511
2026-06-24 19:14:04.563 10 INFO neutron.wsgi [None req-3e9d6fa8-5964-42a9-819d-fa264a178087 156a5bdfa9884d14a89fd28989548dc7 c681f5f93f0f4bacad0c05f30b2c6876 - - - -] 10.0.0.32 "PUT /v2.0/ports/43775684-bf59-4ce5-ab15-ae10e37557b6/tags HTTP/1.1" status: 200 len: 227 time: 0.0494478
2026-06-24 19:14:04.612 9 INFO neutron.db.ovn_revision_numbers_db [None req-7ea544e3-75f6-4bb5-b361-eba8b4d2baac 45d2edc75b944618a901ac6b067c4e21 742d8571d4924fd3b114641a47cc6694 - - - -] Successfully bumped revision number for resource cd46d4b9-aac6-4482-ad0f-9b3521f80bed (type: security_groups) to 1
2026-06-24 19:14:04.619 9 INFO neutron.wsgi [None req-a5690e8d-4f10-4dc5-9230-06e7b72e4705 156a5bdfa9884d14a89fd28989548dc7 c681f5f93f0f4bacad0c05f30b2c6876 - - - -] 10.0.0.32 "PUT /v2.0/ports/7a6f64a4-e0f6-4f07-85fb-19a3167eb896/tags HTTP/1.1" status: 200 len: 212 time: 0.0500300
2026-06-24 19:14:04.696 9 INFO neutron.db.segments_db [None req-7ea544e3-75f6-4bb5-b361-eba8b4d2baac 45d2edc75b944618a901ac6b067c4e21 742d8571d4924fd3b114641a47cc6694 - - - -] Added segment 9b52b124-e981-4c60-8766-aa4b57ea8a68 of type geneve for network 9bb37251-d371-4c6f-ad1a-eefdcd5653f7
2026-06-24 19:14:05.117 10 WARNING neutron.scheduler.dhcp_agent_scheduler [None req-19fde19f-9995-4d3b-90ac-a3df3d17ed1f 7662d5d846dc46f0a0c52e3929518bf7 87ece3682bbc4f6790cbcd827904cc74 - - - -] No more DHCP agents
2026-06-24 19:14:05.119 10 WARNING neutron.api.rpc.agentnotifiers.dhcp_rpc_agent_api [None req-19fde19f-9995-4d3b-90ac-a3df3d17ed1f 7662d5d846dc46f0a0c52e3929518bf7 87ece3682bbc4f6790cbcd827904cc74 - - - -] Unable to schedule network 2d1dfb08-edc6-49c2-8d45-7ba4d38465d6: no agents available; will retry on subsequent port and subnet creation events.
2026-06-24 19:14:05.197 9 INFO neutron.wsgi [None req-49c2aa19-8fb7-44ce-8125-16e4a807ad7b 156a5bdfa9884d14a89fd28989548dc7 c681f5f93f0f4bacad0c05f30b2c6876 - - default default] 10.0.0.32 "GET /v2.0/ports?tags=red HTTP/1.1" status: 200 len: 2448 time: 0.5718277
2026-06-24 19:14:05.220 9 INFO neutron.db.ovn_revision_numbers_db [None req-7ea544e3-75f6-4bb5-b361-eba8b4d2baac 45d2edc75b944618a901ac6b067c4e21 742d8571d4924fd3b114641a47cc6694 - - - -] Successfully bumped revision number for resource 9bb37251-d371-4c6f-ad1a-eefdcd5653f7 (type: networks) to 1
2026-06-24 19:14:05.269 9 INFO neutron.wsgi [None req-9981d1b2-2857-4b7d-a1e4-2aaff5c8ec6c 156a5bdfa9884d14a89fd28989548dc7 c681f5f93f0f4bacad0c05f30b2c6876 - - default default] 10.0.0.32 "GET /v2.0/ports?tags=red%2Cblue HTTP/1.1" status: 200 len: 1708 time: 0.0667443
2026-06-24 19:14:05.356 9 INFO neutron.wsgi [None req-e10b15a0-723f-415d-9e5e-7c6e1286e068 156a5bdfa9884d14a89fd28989548dc7 c681f5f93f0f4bacad0c05f30b2c6876 - - default default] 10.0.0.32 "GET /v2.0/ports?tags-any=blue HTTP/1.1" status: 200 len: 1708 time: 0.0808396
2026-06-24 19:14:05.432 9 INFO neutron.wsgi [None req-efa708e5-0943-4bf1-88b5-d6b874ccc247 156a5bdfa9884d14a89fd28989548dc7 c681f5f93f0f4bacad0c05f30b2c6876 - - default default] 10.0.0.32 "GET /v2.0/ports?tags-any=red%2Cblue HTTP/1.1" status: 200 len: 2448 time: 0.0688283
2026-06-24 19:14:05.580 9 WARNING neutron.scheduler.dhcp_agent_scheduler [None req-7ea544e3-75f6-4bb5-b361-eba8b4d2baac 45d2edc75b944618a901ac6b067c4e21 742d8571d4924fd3b114641a47cc6694 - - - -] No more DHCP agents
2026-06-24 19:14:05.585 9 WARNING neutron.api.rpc.agentnotifiers.dhcp_rpc_agent_api [None req-7ea544e3-75f6-4bb5-b361-eba8b4d2baac 45d2edc75b944618a901ac6b067c4e21 742d8571d4924fd3b114641a47cc6694 - - - -] Unable to schedule network 9bb37251-d371-4c6f-ad1a-eefdcd5653f7: no agents available; will retry on subsequent port and subnet creation events.
2026-06-24 19:14:05.620 9 INFO neutron.wsgi [None req-77a8e415-a1fc-49c7-8994-e3c1de944183 156a5bdfa9884d14a89fd28989548dc7 c681f5f93f0f4bacad0c05f30b2c6876 - - default default] 10.0.0.32 "GET /v2.0/ports?not-tags=red HTTP/1.1" status: 200 len: 5463 time: 0.1833146
2026-06-24 19:14:05.678 10 INFO neutron.db.ovn_revision_numbers_db [None req-19fde19f-9995-4d3b-90ac-a3df3d17ed1f 7662d5d846dc46f0a0c52e3929518bf7 87ece3682bbc4f6790cbcd827904cc74 - - - -] Successfully bumped revision number for resource 6d3c0e21-0444-413d-9ee2-d4d401360d5f (type: ports) to 2
2026-06-24 19:14:05.683 9 INFO neutron.db.ovn_revision_numbers_db [None req-7ea544e3-75f6-4bb5-b361-eba8b4d2baac 45d2edc75b944618a901ac6b067c4e21 742d8571d4924fd3b114641a47cc6694 - - - -] Successfully bumped revision number for resource 38342e2b-22d2-4bbb-b9f3-538dfe1605fa (type: ports) to 1
2026-06-24 19:14:05.708 9 INFO neutron.wsgi [None req-7ea544e3-75f6-4bb5-b361-eba8b4d2baac 45d2edc75b944618a901ac6b067c4e21 742d8571d4924fd3b114641a47cc6694 - - - -] 10.0.0.32 "POST /v2.0/networks HTTP/1.1" status: 201 len: 831 time: 1.4770985
2026-06-24 19:14:05.715 10 INFO neutron.db.ovn_revision_numbers_db [None req-19fde19f-9995-4d3b-90ac-a3df3d17ed1f 7662d5d846dc46f0a0c52e3929518bf7 87ece3682bbc4f6790cbcd827904cc74 - - - -] Successfully bumped revision number for resource b629409f-bf33-4f5e-8bf8-4314f511d0b4 (type: subnets) to 0
2026-06-24 19:14:05.751 10 INFO neutron.wsgi [None req-19fde19f-9995-4d3b-90ac-a3df3d17ed1f 7662d5d846dc46f0a0c52e3929518bf7 87ece3682bbc4f6790cbcd827904cc74 - - - -] 10.0.0.32 "POST /v2.0/subnets HTTP/1.1" status: 201 len: 801 time: 1.2912819
2026-06-24 19:14:05.820 9 INFO neutron.db.segments_db [None req-bfeda7d3-57dd-41c8-9cea-c3a6eb7b2662 45d2edc75b944618a901ac6b067c4e21 742d8571d4924fd3b114641a47cc6694 - - - -] Added segment 4f5db201-001a-452e-ad08-a81d4f2cd29d of type geneve for network af740640-1222-4005-9c20-040c2cd6fa11
2026-06-24 19:14:05.959 10 INFO neutron.wsgi [None req-ea4e4fdc-70c2-4ef7-8fc6-c21deab6d6f8 156a5bdfa9884d14a89fd28989548dc7 c681f5f93f0f4bacad0c05f30b2c6876 - - default default] 10.0.0.32 "GET /v2.0/ports?not-tags=red%2Cblue HTTP/1.1" status: 200 len: 6203 time: 0.3331225
2026-06-24 19:14:05.995 9 INFO neutron.db.ovn_revision_numbers_db [None req-bfeda7d3-57dd-41c8-9cea-c3a6eb7b2662 45d2edc75b944618a901ac6b067c4e21 742d8571d4924fd3b114641a47cc6694 - - - -] Successfully bumped revision number for resource af740640-1222-4005-9c20-040c2cd6fa11 (type: networks) to 1
