2026-06-24 19:12:13.345 9 INFO neutron.db.ovn_revision_numbers_db [None req-1efd8102-692c-4d28-a7cd-0a3a4d58f2cc d8bf89a33f3247e7aaf007e6e3a64f94 4eaf2a0f555d4fdaa7ba10964c9292d9 - - - -] Successfully bumped revision number for resource babef7f6-af70-4530-addc-39b2f02bd192 (type: routers) to 1
2026-06-24 19:12:13.370 9 INFO neutron.wsgi [None req-1efd8102-692c-4d28-a7cd-0a3a4d58f2cc d8bf89a33f3247e7aaf007e6e3a64f94 4eaf2a0f555d4fdaa7ba10964c9292d9 - - - -] 10.0.0.32 "POST /v2.0/routers HTTP/1.1" status: 201 len: 690 time: 0.2165873
2026-06-24 19:12:13.397 10 INFO neutron.plugins.ml2.drivers.ovn.mech_driver.mech_driver [None req-b80654a2-dc53-441e-bb73-9774f093998e - - - - - -] OVN reports status up for port: 461dd50b-4563-4e19-a844-c854f2fdf470
2026-06-24 19:12:13.412 10 INFO neutron.plugins.ml2.drivers.ovn.mech_driver.ovsdb.ovsdb_monitor [None req-03ada97e-4d6a-4de4-99bc-5c1c74d562d0 - - - - - -] Router a02cef34-6831-4d3e-b147-4d088d8e673b is bound to host instance
2026-06-24 19:12:13.415 10 INFO neutron.plugins.ml2.plugin [None req-b80654a2-dc53-441e-bb73-9774f093998e - - - - - -] Attempt 1 to provision port 461dd50b-4563-4e19-a844-c854f2fdf470
2026-06-24 19:12:13.417 10 INFO neutron.db.ovn_revision_numbers_db [None req-48df17a7-a148-4c91-a94f-2344d6d7a1d2 2cf52b7df95140d7bf3b7f867c17eefa ad37b4197c0f4bf394c34c2f535c41cf - - - -] Successfully bumped revision number for resource 461dd50b-4563-4e19-a844-c854f2fdf470 (type: router_ports) to 1
2026-06-24 19:12:13.542 10 INFO neutron.db.ovn_revision_numbers_db [None req-48df17a7-a148-4c91-a94f-2344d6d7a1d2 2cf52b7df95140d7bf3b7f867c17eefa ad37b4197c0f4bf394c34c2f535c41cf - - - -] Successfully bumped revision number for resource a02cef34-6831-4d3e-b147-4d088d8e673b (type: routers) to 3
2026-06-24 19:12:13.580 10 INFO neutron.wsgi [None req-48df17a7-a148-4c91-a94f-2344d6d7a1d2 2cf52b7df95140d7bf3b7f867c17eefa ad37b4197c0f4bf394c34c2f535c41cf - - - -] 10.0.0.32 "POST /v2.0/routers HTTP/1.1" status: 201 len: 875 time: 2.0811636
2026-06-24 19:12:13.659 10 INFO neutron.wsgi [None req-ea50f486-8da8-4144-8a36-801939b561c4 0c5bae27bb744c4cb45f65ad83fd9762 eea43b44569b44fa909e3880ef89c646 - - default default] 10.0.0.32 "GET /v2.0/subnets?project_id=ad37b4197c0f4bf394c34c2f535c41cf&cidr=10.100.0.0%2F28 HTTP/1.1" status: 200 len: 207 time: 0.0719020
2026-06-24 19:12:13.777 10 INFO neutron.wsgi [None req-6549cfa5-9fd6-4048-bd47-4bcb1c3d311c 0c5bae27bb744c4cb45f65ad83fd9762 eea43b44569b44fa909e3880ef89c646 - - default default] 10.0.0.32 "GET /v2.0/networks?router%3Aexternal=True HTTP/1.1" status: 200 len: 947 time: 0.1121740
2026-06-24 19:12:13.810 9 INFO neutron.wsgi [None req-f4c8e5c7-02c2-4ffe-984f-25499f1c5823 0c5bae27bb744c4cb45f65ad83fd9762 eea43b44569b44fa909e3880ef89c646 - - default default] 10.0.0.32 "GET /v2.0/subnets?network_id=55253de1-2e58-4f71-a573-4da169fafa06&cidr=10.100.0.0%2F28 HTTP/1.1" status: 200 len: 207 time: 0.0294058
2026-06-24 19:12:13.852 9 INFO neutron.wsgi [None req-9d816190-a00f-47c6-99fe-17aff3b4a1d8 eb7d45b7f13c41f184f330456ed0ce9c 61d19fe8f58f49c2819508fca7ae033d - - - -] 10.0.0.32 "DELETE /v2.0/security-groups/bccb87a7-616a-4eb4-92b0-eb3ec6ed5e5c HTTP/1.1" status: 204 len: 168 time: 0.5136271
2026-06-24 19:12:13.910 10 INFO neutron.wsgi [None req-788b8301-767c-43f2-a9e5-f4f5867b0b27 eb7d45b7f13c41f184f330456ed0ce9c 61d19fe8f58f49c2819508fca7ae033d - - default default] 10.0.0.32 "GET /v2.0/security-groups HTTP/1.1" status: 200 len: 2996 time: 0.0508206
2026-06-24 19:12:13.999 9 INFO neutron.wsgi [None req-4b97e408-3b4b-4399-9372-264cbeda38ad eb7d45b7f13c41f184f330456ed0ce9c 61d19fe8f58f49c2819508fca7ae033d - - default default] 10.0.0.32 "GET /v2.0/security-groups HTTP/1.1" status: 200 len: 2996 time: 0.0788140
2026-06-24 19:12:14.083 10 INFO neutron.wsgi [None req-19015f14-587e-4c29-8545-4ee0d9491f0b 4f10f8e3456c45888ba084e75ba8851b 7ca197cbfedf46c6a1675ce45718ce58 - - default default] 10.0.0.196 "GET /v2.0/agents HTTP/1.1" status: 200 len: 997 time: 0.0730135
2026-06-24 19:12:14.128 10 INFO neutron.wsgi [None req-d41b14ee-1345-4b85-a8ab-cedbc6a206cf 4f10f8e3456c45888ba084e75ba8851b 7ca197cbfedf46c6a1675ce45718ce58 - - default default] 10.0.0.196 "GET /v2.0/subnets HTTP/1.1" status: 200 len: 2724 time: 0.0398240
2026-06-24 19:12:14.129 10 INFO neutron.db.ovn_revision_numbers_db [None req-03ada97e-4d6a-4de4-99bc-5c1c74d562d0 - - - - - -] Successfully bumped revision number for resource 461dd50b-4563-4e19-a844-c854f2fdf470 (type: ports) to 1
2026-06-24 19:12:14.174 10 INFO neutron.wsgi [None req-77d636c1-91d1-41e8-a0f0-416b611837c9 4f10f8e3456c45888ba084e75ba8851b 7ca197cbfedf46c6a1675ce45718ce58 - - default default] 10.0.0.196 "GET /v2.0/ports HTTP/1.1" status: 200 len: 13332 time: 0.0441227
2026-06-24 19:12:14.197 9 WARNING neutron.scheduler.dhcp_agent_scheduler [None req-a322a357-0899-4787-916a-c454b711baf7 2cf52b7df95140d7bf3b7f867c17eefa ad37b4197c0f4bf394c34c2f535c41cf - - - -] No more DHCP agents
2026-06-24 19:12:14.200 9 WARNING neutron.api.rpc.agentnotifiers.dhcp_rpc_agent_api [None req-a322a357-0899-4787-916a-c454b711baf7 2cf52b7df95140d7bf3b7f867c17eefa ad37b4197c0f4bf394c34c2f535c41cf - - - -] Unable to schedule network 39e0e982-54d1-4b1a-9e18-49f931242f98: no agents available; will retry on subsequent port and subnet creation events.
2026-06-24 19:12:14.238 9 WARNING neutron.scheduler.dhcp_agent_scheduler [None req-0f2ba4ac-5cc6-4873-b01a-ce4243811581 d8bf89a33f3247e7aaf007e6e3a64f94 4eaf2a0f555d4fdaa7ba10964c9292d9 - - default default] No more DHCP agents
2026-06-24 19:12:14.247 9 WARNING neutron.api.rpc.agentnotifiers.dhcp_rpc_agent_api [None req-0f2ba4ac-5cc6-4873-b01a-ce4243811581 d8bf89a33f3247e7aaf007e6e3a64f94 4eaf2a0f555d4fdaa7ba10964c9292d9 - - default default] Unable to schedule network 6f43c0f5-0cb4-412f-a4c9-bb0b4dbed9ec: no agents available; will retry on subsequent port and subnet creation events.
2026-06-24 19:12:14.260 10 INFO neutron.wsgi [None req-f8e218da-c979-4a52-a139-61b84852a91d 4f10f8e3456c45888ba084e75ba8851b 7ca197cbfedf46c6a1675ce45718ce58 - - default default] 10.0.0.196 "GET /v2.0/networks HTTP/1.1" status: 200 len: 4602 time: 0.0760088
2026-06-24 19:12:14.437 9 INFO neutron.db.ovn_revision_numbers_db [None req-0f2ba4ac-5cc6-4873-b01a-ce4243811581 d8bf89a33f3247e7aaf007e6e3a64f94 4eaf2a0f555d4fdaa7ba10964c9292d9 - - default default] Successfully bumped revision number for resource 9411d0bb-9403-45c1-97de-e3593f988307 (type: ports) to 1
2026-06-24 19:12:14.526 9 INFO neutron.wsgi [None req-fe7ac128-f6e5-4fc1-913c-4f939a62b5a7 4f10f8e3456c45888ba084e75ba8851b 7ca197cbfedf46c6a1675ce45718ce58 - - default default] 10.0.0.32 "GET /v2.0/security-groups?tenant_id=61d19fe8f58f49c2819508fca7ae033d&name=default HTTP/1.1" status: 200 len: 2996 time: 0.1198082
2026-06-24 19:12:14.746 10 INFO neutron.wsgi [None req-902e10a7-c432-4237-a009-13a9a35f93f5 4f10f8e3456c45888ba084e75ba8851b 7ca197cbfedf46c6a1675ce45718ce58 - - default default] 10.0.0.196 "GET /v2.0/routers HTTP/1.1" status: 200 len: 2022 time: 0.4694157
2026-06-24 19:12:14.771 10 INFO neutron.wsgi [None req-1f2c5acc-8b06-4fc4-b472-129aa09f5d1e 4f10f8e3456c45888ba084e75ba8851b 7ca197cbfedf46c6a1675ce45718ce58 - - default default] 10.0.0.196 "GET /v2.0/agents?binary=ovn-controller HTTP/1.1" status: 200 len: 591 time: 0.0223067
2026-06-24 19:12:14.847 10 INFO neutron.wsgi [None req-7ef69ae1-294b-4fc2-8857-10ff4e03ef00 4f10f8e3456c45888ba084e75ba8851b 7ca197cbfedf46c6a1675ce45718ce58 - - default default] 10.0.0.196 "GET /v2.0/floatingips HTTP/1.1" status: 200 len: 1035 time: 0.0720959
2026-06-24 19:12:14.897 9 INFO neutron.db.ovn_revision_numbers_db [None req-a322a357-0899-4787-916a-c454b711baf7 2cf52b7df95140d7bf3b7f867c17eefa ad37b4197c0f4bf394c34c2f535c41cf - - - -] Successfully bumped revision number for resource 49ca4fe4-6aec-43f1-8645-5eb4429e598a (type: ports) to 2
2026-06-24 19:12:14.910 10 INFO neutron.db.ovn_revision_numbers_db [None req-03ada97e-4d6a-4de4-99bc-5c1c74d562d0 - - - - - -] Successfully bumped revision number for resource 461dd50b-4563-4e19-a844-c854f2fdf470 (type: router_ports) to 3
2026-06-24 19:12:14.926 9 INFO neutron.db.ovn_revision_numbers_db [None req-a322a357-0899-4787-916a-c454b711baf7 2cf52b7df95140d7bf3b7f867c17eefa ad37b4197c0f4bf394c34c2f535c41cf - - - -] Successfully bumped revision number for resource 8f645de2-07bf-4f9c-b3be-06ee649de4eb (type: subnets) to 0
2026-06-24 19:12:14.956 9 INFO neutron.wsgi [None req-298716b1-587f-4c98-9a82-85663457c3b4 4f10f8e3456c45888ba084e75ba8851b 7ca197cbfedf46c6a1675ce45718ce58 - - - -] 10.0.0.32 "DELETE /v2.0/security-groups/ea8d631a-e9fb-4f2f-a4a8-cbf0e7337f3b HTTP/1.1" status: 204 len: 168 time: 0.4111094
2026-06-24 19:12:14.960 9 INFO neutron.wsgi [None req-a322a357-0899-4787-916a-c454b711baf7 2cf52b7df95140d7bf3b7f867c17eefa ad37b4197c0f4bf394c34c2f535c41cf - - - -] 10.0.0.32 "POST /v2.0/subnets HTTP/1.1" status: 201 len: 831 time: 1.1440942
2026-06-24 19:12:14.968 10 INFO neutron.wsgi [None req-2676bd43-bb5f-4365-9f60-1e926f0d9fdb 4f10f8e3456c45888ba084e75ba8851b 7ca197cbfedf46c6a1675ce45718ce58 - - default default] 10.0.0.196 "GET /v2.0/security-groups HTTP/1.1" status: 200 len: 30660 time: 0.1199136
2026-06-24 19:12:14.999 10 INFO neutron.wsgi [None req-3879f4bc-e9de-4207-9cae-76c88402b644 4f10f8e3456c45888ba084e75ba8851b 7ca197cbfedf46c6a1675ce45718ce58 - - default default] 10.0.0.196 "GET /v2.0/network-ip-availabilities HTTP/1.1" status: 200 len: 2656 time: 0.0150535
2026-06-24 19:12:15.028 9 INFO neutron.db.ovn_revision_numbers_db [None req-0f2ba4ac-5cc6-4873-b01a-ce4243811581 d8bf89a33f3247e7aaf007e6e3a64f94 4eaf2a0f555d4fdaa7ba10964c9292d9 - - default default] Successfully bumped revision number for resource 9411d0bb-9403-45c1-97de-e3593f988307 (type: router_ports) to 2
2026-06-24 19:12:15.045 10 INFO neutron.wsgi [None req-9ff337f1-b4fe-482f-98ef-efb9392675aa 4f10f8e3456c45888ba084e75ba8851b 7ca197cbfedf46c6a1675ce45718ce58 - - default default] 10.0.0.196 "GET /v2.0/subnets HTTP/1.1" status: 200 len: 3364 time: 0.0451512
2026-06-24 19:12:15.061 10 INFO neutron.wsgi [None req-2cee00c5-0e3e-44b6-be2a-91823573702b 4f10f8e3456c45888ba084e75ba8851b 7ca197cbfedf46c6a1675ce45718ce58 - - default default] 10.0.0.196 "GET /v2.0/subnetpools HTTP/1.1" status: 200 len: 193 time: 0.0140619
2026-06-24 19:12:15.093 10 INFO neutron.db.ovn_revision_numbers_db [None req-03ada97e-4d6a-4de4-99bc-5c1c74d562d0 - - - - - -] Successfully bumped revision number for resource 461dd50b-4563-4e19-a844-c854f2fdf470 (type: ports) to 2
2026-06-24 19:12:15.174 9 INFO neutron.db.ovn_revision_numbers_db [None req-0f2ba4ac-5cc6-4873-b01a-ce4243811581 d8bf89a33f3247e7aaf007e6e3a64f94 4eaf2a0f555d4fdaa7ba10964c9292d9 - - default default] Successfully bumped revision number for resource 9411d0bb-9403-45c1-97de-e3593f988307 (type: ports) to 2
2026-06-24 19:12:15.242 9 WARNING neutron.plugins.ml2.drivers.ovn.mech_driver.ovsdb.ovn_client [None req-df408e8f-efc6-4758-a26d-e9311033e58d - - - - - -] No port found with ID 442c23d0-bd0d-45fd-b45c-4a7b1363bcab: RuntimeError: No port found with ID 442c23d0-bd0d-45fd-b45c-4a7b1363bcab
2026-06-24 19:12:15.305 10 INFO neutron.db.ovn_revision_numbers_db [None req-03ada97e-4d6a-4de4-99bc-5c1c74d562d0 - - - - - -] Successfully bumped revision number for resource 461dd50b-4563-4e19-a844-c854f2fdf470 (type: ports) to 4
2026-06-24 19:12:15.478 10 INFO neutron.db.ovn_revision_numbers_db [None req-03ada97e-4d6a-4de4-99bc-5c1c74d562d0 - - - - - -] Successfully bumped revision number for resource 461dd50b-4563-4e19-a844-c854f2fdf470 (type: router_ports) to 4
2026-06-24 19:12:15.600 9 WARNING neutron.scheduler.dhcp_agent_scheduler [None req-0f2ba4ac-5cc6-4873-b01a-ce4243811581 d8bf89a33f3247e7aaf007e6e3a64f94 4eaf2a0f555d4fdaa7ba10964c9292d9 - - default default] No more DHCP agents
2026-06-24 19:12:15.603 9 WARNING neutron.api.rpc.agentnotifiers.dhcp_rpc_agent_api [None req-0f2ba4ac-5cc6-4873-b01a-ce4243811581 d8bf89a33f3247e7aaf007e6e3a64f94 4eaf2a0f555d4fdaa7ba10964c9292d9 - - default default] Unable to schedule network 6f43c0f5-0cb4-412f-a4c9-bb0b4dbed9ec: no agents available; will retry on subsequent port and subnet creation events.
2026-06-24 19:12:15.846 9 INFO neutron.db.ovn_revision_numbers_db [None req-0f2ba4ac-5cc6-4873-b01a-ce4243811581 d8bf89a33f3247e7aaf007e6e3a64f94 4eaf2a0f555d4fdaa7ba10964c9292d9 - - - -] Successfully bumped revision number for resource 9411d0bb-9403-45c1-97de-e3593f988307 (type: router_ports) to 2
2026-06-24 19:12:15.849 9 INFO neutron.wsgi [None req-0f2ba4ac-5cc6-4873-b01a-ce4243811581 d8bf89a33f3247e7aaf007e6e3a64f94 4eaf2a0f555d4fdaa7ba10964c9292d9 - - - -] 10.0.0.32 "PUT /v2.0/routers/babef7f6-af70-4530-addc-39b2f02bd192/add_router_interface HTTP/1.1" status: 200 len: 503 time: 2.4716365
2026-06-24 19:12:15.915 9 INFO neutron.wsgi [None req-815a243a-11ff-4e62-9691-dfa993fb5912 d8bf89a33f3247e7aaf007e6e3a64f94 4eaf2a0f555d4fdaa7ba10964c9292d9 - - default default] 10.0.0.32 "GET /v2.0/ports/9411d0bb-9403-45c1-97de-e3593f988307 HTTP/1.1" status: 200 len: 1139 time: 0.0605271
2026-06-24 19:12:15.972 9 WARNING neutron.scheduler.dhcp_agent_scheduler [None req-ec86bd85-70b2-466d-927f-27c461fd8afd 2cf52b7df95140d7bf3b7f867c17eefa ad37b4197c0f4bf394c34c2f535c41cf - - default default] No more DHCP agents
2026-06-24 19:12:15.976 9 WARNING neutron.api.rpc.agentnotifiers.dhcp_rpc_agent_api [None req-ec86bd85-70b2-466d-927f-27c461fd8afd 2cf52b7df95140d7bf3b7f867c17eefa ad37b4197c0f4bf394c34c2f535c41cf - - default default] Unable to schedule network 39e0e982-54d1-4b1a-9e18-49f931242f98: no agents available; will retry on subsequent port and subnet creation events.
2026-06-24 19:12:16.028 10 INFO neutron.wsgi [None req-c1485328-02ae-447f-963e-a33aa1461ba2 d8bf89a33f3247e7aaf007e6e3a64f94 4eaf2a0f555d4fdaa7ba10964c9292d9 - - default default] 10.0.0.32 "GET /v2.0/ports/9411d0bb-9403-45c1-97de-e3593f988307 HTTP/1.1" status: 200 len: 1139 time: 0.1080430
2026-06-24 19:12:16.086 10 INFO neutron.plugins.ml2.drivers.ovn.mech_driver.mech_driver [None req-b80654a2-dc53-441e-bb73-9774f093998e - - - - - -] OVN reports status up for port: 9411d0bb-9403-45c1-97de-e3593f988307
2026-06-24 19:12:16.095 10 INFO neutron.plugins.ml2.plugin [None req-b80654a2-dc53-441e-bb73-9774f093998e - - - - - -] Attempt 1 to provision port 9411d0bb-9403-45c1-97de-e3593f988307
2026-06-24 19:12:16.143 9 INFO neutron.db.ovn_revision_numbers_db [None req-ec86bd85-70b2-466d-927f-27c461fd8afd 2cf52b7df95140d7bf3b7f867c17eefa ad37b4197c0f4bf394c34c2f535c41cf - - default default] Successfully bumped revision number for resource 68d87c5f-24e4-4eea-adab-f670d0709321 (type: ports) to 1
2026-06-24 19:12:16.350 10 INFO neutron.db.ovn_revision_numbers_db [None req-b80654a2-dc53-441e-bb73-9774f093998e - - - - - -] Successfully bumped revision number for resource 9411d0bb-9403-45c1-97de-e3593f988307 (type: ports) to 3
2026-06-24 19:12:16.464 10 INFO neutron.db.ovn_revision_numbers_db [None req-b80654a2-dc53-441e-bb73-9774f093998e - - - - - -] Successfully bumped revision number for resource 9411d0bb-9403-45c1-97de-e3593f988307 (type: router_ports) to 3
2026-06-24 19:12:16.529 10 INFO neutron.wsgi [-] 10.0.0.108 "GET / HTTP/1.1" status: 200 len: 246 time: 0.0036244
2026-06-24 19:12:16.532 10 INFO neutron.wsgi [-] 10.0.0.108 "GET / HTTP/1.1" status: 200 len: 246 time: 0.0016654
2026-06-24 19:12:16.642 9 INFO neutron.plugins.ml2.drivers.ovn.mech_driver.mech_driver [None req-df408e8f-efc6-4758-a26d-e9311033e58d - - - - - -] OVN reports status up for port: 68d87c5f-24e4-4eea-adab-f670d0709321
2026-06-24 19:12:16.650 9 INFO neutron.db.ovn_revision_numbers_db [None req-ec86bd85-70b2-466d-927f-27c461fd8afd 2cf52b7df95140d7bf3b7f867c17eefa ad37b4197c0f4bf394c34c2f535c41cf - - default default] Successfully bumped revision number for resource 68d87c5f-24e4-4eea-adab-f670d0709321 (type: router_ports) to 2
2026-06-24 19:12:16.653 9 INFO neutron.plugins.ml2.plugin [None req-df408e8f-efc6-4758-a26d-e9311033e58d - - - - - -] Attempt 1 to provision port 68d87c5f-24e4-4eea-adab-f670d0709321
2026-06-24 19:12:16.853 9 INFO neutron.db.ovn_revision_numbers_db [None req-ec86bd85-70b2-466d-927f-27c461fd8afd 2cf52b7df95140d7bf3b7f867c17eefa ad37b4197c0f4bf394c34c2f535c41cf - - default default] Successfully bumped revision number for resource 68d87c5f-24e4-4eea-adab-f670d0709321 (type: ports) to 2
2026-06-24 19:12:16.953 9 WARNING neutron.scheduler.dhcp_agent_scheduler [None req-ec86bd85-70b2-466d-927f-27c461fd8afd 2cf52b7df95140d7bf3b7f867c17eefa ad37b4197c0f4bf394c34c2f535c41cf - - default default] No more DHCP agents
2026-06-24 19:12:16.958 9 WARNING neutron.api.rpc.agentnotifiers.dhcp_rpc_agent_api [None req-ec86bd85-70b2-466d-927f-27c461fd8afd 2cf52b7df95140d7bf3b7f867c17eefa ad37b4197c0f4bf394c34c2f535c41cf - - default default] Unable to schedule network 39e0e982-54d1-4b1a-9e18-49f931242f98: no agents available; will retry on subsequent port and subnet creation events.
2026-06-24 19:12:16.984 9 INFO neutron.db.ovn_revision_numbers_db [None req-df408e8f-efc6-4758-a26d-e9311033e58d - - - - - -] Successfully bumped revision number for resource 68d87c5f-24e4-4eea-adab-f670d0709321 (type: ports) to 3
2026-06-24 19:12:17.080 10 INFO neutron.wsgi [None req-09d1daa8-b553-48fc-8ab5-ab45e0c7562f d8bf89a33f3247e7aaf007e6e3a64f94 4eaf2a0f555d4fdaa7ba10964c9292d9 - - default default] 10.0.0.32 "GET /v2.0/ports/9411d0bb-9403-45c1-97de-e3593f988307 HTTP/1.1" status: 200 len: 1141 time: 0.0451510
2026-06-24 19:12:17.145 9 INFO neutron.db.ovn_revision_numbers_db [None req-df408e8f-efc6-4758-a26d-e9311033e58d - - - - - -] Successfully bumped revision number for resource 68d87c5f-24e4-4eea-adab-f670d0709321 (type: router_ports) to 3
2026-06-24 19:12:17.290 9 INFO neutron.db.ovn_revision_numbers_db [None req-ec86bd85-70b2-466d-927f-27c461fd8afd 2cf52b7df95140d7bf3b7f867c17eefa ad37b4197c0f4bf394c34c2f535c41cf - - - -] Successfully bumped revision number for resource 68d87c5f-24e4-4eea-adab-f670d0709321 (type: router_ports) to 3
2026-06-24 19:12:17.292 9 INFO neutron.wsgi [None req-ec86bd85-70b2-466d-927f-27c461fd8afd 2cf52b7df95140d7bf3b7f867c17eefa ad37b4197c0f4bf394c34c2f535c41cf - - - -] 10.0.0.32 "PUT /v2.0/routers/a02cef34-6831-4d3e-b147-4d088d8e673b/add_router_interface HTTP/1.1" status: 200 len: 503 time: 2.3258357
2026-06-24 19:12:17.354 9 INFO neutron.wsgi [None req-f8575541-d4ff-4b81-85cc-c51cb8d5d548 0c5bae27bb744c4cb45f65ad83fd9762 eea43b44569b44fa909e3880ef89c646 - - default default] 10.0.0.32 "GET /v2.0/networks HTTP/1.1" status: 200 len: 4621 time: 0.0547180
2026-06-24 19:12:17.396 9 INFO neutron.wsgi [None req-c9fe1d7b-acdb-4640-85c7-8cb6d1273738 0c5bae27bb744c4cb45f65ad83fd9762 eea43b44569b44fa909e3880ef89c646 - - default default] 10.0.0.32 "GET /v2.0/subnets HTTP/1.1" status: 200 len: 3383 time: 0.0344524
2026-06-24 19:12:17.526 9 INFO neutron.wsgi [None req-8ab635cd-a391-4558-8dc8-b13307134fc4 0c5bae27bb744c4cb45f65ad83fd9762 eea43b44569b44fa909e3880ef89c646 - - default default] 10.0.0.32 "GET /v2.0/routers HTTP/1.1" status: 200 len: 2041 time: 0.1240489
2026-06-24 19:12:17.689 9 INFO neutron.db.ovn_revision_numbers_db [None req-f41f25c7-616b-4b6f-9ff5-738fc809afe4 2cf52b7df95140d7bf3b7f867c17eefa ad37b4197c0f4bf394c34c2f535c41cf - - - -] Successfully bumped revision number for resource 089a5320-01b4-47ae-9dad-67cc317fbcbd (type: security_groups) to 1
2026-06-24 19:12:17.707 10 INFO neutron.wsgi [None req-8808793b-bb9a-4a1f-8ca2-4310616855cc d8bf89a33f3247e7aaf007e6e3a64f94 4eaf2a0f555d4fdaa7ba10964c9292d9 - - - -] 10.0.0.32 "PUT /v2.0/routers/babef7f6-af70-4530-addc-39b2f02bd192/remove_router_interface HTTP/1.1" status: 200 len: 503 time: 0.6237910
2026-06-24 19:12:17.715 9 INFO neutron.wsgi [None req-f41f25c7-616b-4b6f-9ff5-738fc809afe4 2cf52b7df95140d7bf3b7f867c17eefa ad37b4197c0f4bf394c34c2f535c41cf - - - -] 10.0.0.32 "POST /v2.0/security-groups HTTP/1.1" status: 201 len: 1809 time: 0.1289868 /var/lib/openstack/lib/python3.10/site-packages/pycadf/identifier.py:71: UserWarning: Invalid uuid: neutron. To ensure interoperability, identifiers should be a valid uuid. warnings.warn(('Invalid uuid: %s. To ensure interoperability, '
2026-06-24 19:12:17.733 9 INFO neutron.wsgi [None req-0724ec61-50e3-4cea-8e4a-5982ed43964d d8bf89a33f3247e7aaf007e6e3a64f94 4eaf2a0f555d4fdaa7ba10964c9292d9 - - default default] 10.0.0.32 "GET /v2.0/ports?device_id=babef7f6-af70-4530-addc-39b2f02bd192 HTTP/1.1" status: 200 len: 205 time: 0.0204368
2026-06-24 19:12:17.847 10 INFO neutron.db.ovn_revision_numbers_db [None req-774e2aed-766f-4264-a0f3-8b9c9d82df4e 2cf52b7df95140d7bf3b7f867c17eefa ad37b4197c0f4bf394c34c2f535c41cf - - - -] Successfully bumped revision number for resource 83da0e91-68a4-4ac4-9faa-2a6f6c2d364a (type: security_group_rules) to 0
2026-06-24 19:12:17.880 10 INFO neutron.wsgi [None req-774e2aed-766f-4264-a0f3-8b9c9d82df4e 2cf52b7df95140d7bf3b7f867c17eefa ad37b4197c0f4bf394c34c2f535c41cf - - - -] 10.0.0.32 "POST /v2.0/security-group-rules HTTP/1.1" status: 201 len: 764 time: 0.1580861
2026-06-24 19:12:17.977 9 INFO neutron.wsgi [None req-ff647083-f596-40a8-8153-897edf76573d d8bf89a33f3247e7aaf007e6e3a64f94 4eaf2a0f555d4fdaa7ba10964c9292d9 - - - -] 10.0.0.32 "DELETE /v2.0/routers/babef7f6-af70-4530-addc-39b2f02bd192 HTTP/1.1" status: 204 len: 168 time: 0.2386270
2026-06-24 19:12:18.006 10 INFO neutron.db.ovn_revision_numbers_db [None req-5d720317-9662-471c-9eb3-6945b917aea6 2cf52b7df95140d7bf3b7f867c17eefa ad37b4197c0f4bf394c34c2f535c41cf - - - -] Successfully bumped revision number for resource 45a8e9e9-bd22-4567-8fa2-dec00e2b7d4b (type: security_group_rules) to 0
2026-06-24 19:12:18.032 10 INFO neutron.wsgi [None req-5d720317-9662-471c-9eb3-6945b917aea6 2cf52b7df95140d7bf3b7f867c17eefa ad37b4197c0f4bf394c34c2f535c41cf - - - -] 10.0.0.32 "POST /v2.0/security-group-rules HTTP/1.1" status: 201 len: 763 time: 0.1457675
2026-06-24 19:12:18.158 10 INFO neutron.db.ovn_revision_numbers_db [None req-036ae5c7-e185-4867-9990-a6a414e1cca0 2cf52b7df95140d7bf3b7f867c17eefa ad37b4197c0f4bf394c34c2f535c41cf - - - -] Successfully bumped revision number for resource 54373de4-a6fe-44f8-99af-3ce1f3b2bbbc (type: security_group_rules) to 0
2026-06-24 19:12:18.187 10 INFO neutron.wsgi [None req-036ae5c7-e185-4867-9990-a6a414e1cca0 2cf52b7df95140d7bf3b7f867c17eefa ad37b4197c0f4bf394c34c2f535c41cf - - - -] 10.0.0.32 "POST /v2.0/security-group-rules HTTP/1.1" status: 201 len: 769 time: 0.1481524
2026-06-24 19:12:18.324 10 INFO neutron.db.ovn_revision_numbers_db [None req-fb34417e-9679-44f5-9674-2e25047a4adf 2cf52b7df95140d7bf3b7f867c17eefa ad37b4197c0f4bf394c34c2f535c41cf - - - -] Successfully bumped revision number for resource 30e6bcae-717e-4598-9792-742055c8ecb4 (type: security_group_rules) to 0
2026-06-24 19:12:18.369 10 INFO neutron.wsgi [None req-fb34417e-9679-44f5-9674-2e25047a4adf 2cf52b7df95140d7bf3b7f867c17eefa ad37b4197c0f4bf394c34c2f535c41cf - - - -] 10.0.0.32 "POST /v2.0/security-group-rules HTTP/1.1" status: 201 len: 768 time: 0.1759105
2026-06-24 19:12:18.412 10 INFO neutron.db.securitygroups_db [None req-562dc729-6ae7-4b66-81f3-25ee3b9f77b8 2cf52b7df95140d7bf3b7f867c17eefa ad37b4197c0f4bf394c34c2f535c41cf - - - -] Project ad37b4197c0f4bf394c34c2f535c41cf added a security group rule with legacy IPv6 ICMP protocol name icmp, ipv6-icmp should be used instead. It was automatically converted.
2026-06-24 19:12:18.491 9 INFO neutron.wsgi [None req-46cabfe7-d62d-47c1-b31f-a80f725ccaac d8bf89a33f3247e7aaf007e6e3a64f94 4eaf2a0f555d4fdaa7ba10964c9292d9 - - - -] 10.0.0.32 "DELETE /v2.0/subnets/661db87b-0124-48f0-b5c4-768f49b00a1f HTTP/1.1" status: 204 len: 168 time: 0.5094452
2026-06-24 19:12:18.521 10 INFO neutron.db.ovn_revision_numbers_db [None req-562dc729-6ae7-4b66-81f3-25ee3b9f77b8 2cf52b7df95140d7bf3b7f867c17eefa ad37b4197c0f4bf394c34c2f535c41cf - - - -] Successfully bumped revision number for resource 3568591b-8316-4ef1-b2d2-01f517eca162 (type: security_group_rules) to 0
2026-06-24 19:12:18.547 10 INFO neutron.wsgi [None req-562dc729-6ae7-4b66-81f3-25ee3b9f77b8 2cf52b7df95140d7bf3b7f867c17eefa ad37b4197c0f4bf394c34c2f535c41cf - - - -] 10.0.0.32 "POST /v2.0/security-group-rules HTTP/1.1" status: 201 len: 774 time: 0.1682727
2026-06-24 19:12:18.575 10 INFO neutron.db.securitygroups_db [None req-46c8872d-a1ba-4480-821b-b2eb4102eec5 2cf52b7df95140d7bf3b7f867c17eefa ad37b4197c0f4bf394c34c2f535c41cf - - - -] Project ad37b4197c0f4bf394c34c2f535c41cf added a security group rule with legacy IPv6 ICMP protocol name icmp, ipv6-icmp should be used instead. It was automatically converted.
2026-06-24 19:12:18.689 10 INFO neutron.db.ovn_revision_numbers_db [None req-46c8872d-a1ba-4480-821b-b2eb4102eec5 2cf52b7df95140d7bf3b7f867c17eefa ad37b4197c0f4bf394c34c2f535c41cf - - - -] Successfully bumped revision number for resource e65759c0-abd8-49ef-a9ab-4531b1943db3 (type: security_group_rules) to 0
2026-06-24 19:12:18.736 10 INFO neutron.wsgi [None req-46c8872d-a1ba-4480-821b-b2eb4102eec5 2cf52b7df95140d7bf3b7f867c17eefa ad37b4197c0f4bf394c34c2f535c41cf - - - -] 10.0.0.32 "POST /v2.0/security-group-rules HTTP/1.1" status: 201 len: 773 time: 0.1833384
2026-06-24 19:12:18.919 9 INFO neutron.services.segments.plugin [-] Segment 33505882-60e7-402d-8a74-af0788a243ff resource provider aggregate not found
2026-06-24 19:12:18.924 9 INFO neutron.services.segments.plugin [-] Segment 33505882-60e7-402d-8a74-af0788a243ff resource provider aggregate not found
2026-06-24 19:12:18.954 9 INFO neutron.services.segments.plugin [-] Segment 33505882-60e7-402d-8a74-af0788a243ff resource provider not found; error: Placement Client Error (4xx): {"errors": [{"status": 404, "title": "Not Found", "detail": "The resource could not be found.\n\n No resource provider with uuid 33505882-60e7-402d-8a74-af0788a243ff found for delete ", "request_id": "req-d94470ad-66aa-46f8-8d2c-adb95469be83"}]}
2026-06-24 19:12:18.961 9 INFO neutron.services.segments.plugin [-] Segment 33505882-60e7-402d-8a74-af0788a243ff resource provider not found; error: Placement Client Error (4xx): {"errors": [{"status": 404, "title": "Not Found", "detail": "The resource could not be found.\n\n No resource provider with uuid 33505882-60e7-402d-8a74-af0788a243ff found for delete ", "request_id": "req-88179559-bb8e-471a-9c1d-4c46fbe3bce8"}]}
2026-06-24 19:12:18.981 9 INFO neutron.wsgi [None req-33c023fb-c5a1-441d-9ab5-4e0e05d92fa8 d8bf89a33f3247e7aaf007e6e3a64f94 4eaf2a0f555d4fdaa7ba10964c9292d9 - - - -] 10.0.0.32 "DELETE /v2.0/networks/6f43c0f5-0cb4-412f-a4c9-bb0b4dbed9ec HTTP/1.1" status: 204 len: 168 time: 0.4841883
2026-06-24 19:12:19.308 9 INFO neutron.wsgi [None req-1245f08c-b717-42a3-b6d0-ff116656edf3 2cf52b7df95140d7bf3b7f867c17eefa ad37b4197c0f4bf394c34c2f535c41cf - - default default] 10.0.0.32 "GET /v2.0/networks HTTP/1.1" status: 200 len: 1492 time: 0.1985385
2026-06-24 19:12:19.456 10 INFO neutron.wsgi [req-70980964-b609-4366-b362-dd7ddbe6f933 req-6ce9d293-5579-4dd9-9da1-bb4eb8dc5963 2cf52b7df95140d7bf3b7f867c17eefa ad37b4197c0f4bf394c34c2f535c41cf - - default default] 10.0.0.181 "GET /v2.0/security-groups?name=tempest-secgroup-smoke-639545804&fields=id&tenant_id=ad37b4197c0f4bf394c34c2f535c41cf HTTP/1.1" status: 200 len: 267 time: 0.0719793
2026-06-24 19:12:19.590 10 INFO neutron.wsgi [req-70980964-b609-4366-b362-dd7ddbe6f933 req-666ae53d-4912-4e11-a87c-a55ec4a75a41 2cf52b7df95140d7bf3b7f867c17eefa ad37b4197c0f4bf394c34c2f535c41cf - - default default] 10.0.0.181 "GET /v2.0/networks?id=39e0e982-54d1-4b1a-9e18-49f931242f98 HTTP/1.1" status: 200 len: 859 time: 0.1208956
2026-06-24 19:12:19.622 10 INFO neutron.wsgi [req-308301a8-fcd8-4f76-9f1c-b6cf07d52021 req-4c1679fd-e93f-46b5-a13e-b2d0295fbbca bfa64a42334745138205fc3873cbb37f ce62fc5fd7044b2b930f0189dbe86ff8 - - default default] 10.0.0.181 "GET /v2.0/ports?device_id=402e6dae-4e72-4b45-a404-17a46794a862 HTTP/1.1" status: 200 len: 1170 time: 0.1639562
2026-06-24 19:12:19.626 10 INFO neutron.wsgi [req-70980964-b609-4366-b362-dd7ddbe6f933 req-b3c76d4f-e57f-4507-9426-c05a28af94c9 2cf52b7df95140d7bf3b7f867c17eefa ad37b4197c0f4bf394c34c2f535c41cf - - default default] 10.0.0.181 "GET /v2.0/quotas/ad37b4197c0f4bf394c34c2f535c41cf HTTP/1.1" status: 200 len: 386 time: 0.0282094
2026-06-24 19:12:19.722 10 INFO neutron.wsgi [req-308301a8-fcd8-4f76-9f1c-b6cf07d52021 req-6c198229-76a2-4071-8724-7b6f52fb7f92 bfa64a42334745138205fc3873cbb37f ce62fc5fd7044b2b930f0189dbe86ff8 - - default default] 10.0.0.181 "GET /v2.0/security-groups?id=cfb179bf-e8c0-4cab-a69f-a46b4c17bdd9&fields=id&fields=name HTTP/1.1" status: 200 len: 313 time: 0.0878849
2026-06-24 19:12:19.730 10 WARNING neutron.scheduler.dhcp_agent_scheduler [None req-3cd64e32-4ecb-43f5-8d6b-99daff70e59f d8bf89a33f3247e7aaf007e6e3a64f94 4eaf2a0f555d4fdaa7ba10964c9292d9 - - - -] No more DHCP agents
2026-06-24 19:12:19.744 10 WARNING neutron.api.rpc.agentnotifiers.dhcp_rpc_agent_api [None req-3cd64e32-4ecb-43f5-8d6b-99daff70e59f d8bf89a33f3247e7aaf007e6e3a64f94 4eaf2a0f555d4fdaa7ba10964c9292d9 - - - -] Unable to schedule network 55253de1-2e58-4f71-a573-4da169fafa06: no agents available; will retry on subsequent port and subnet creation events.
2026-06-24 19:12:19.810 10 INFO neutron.wsgi [req-70980964-b609-4366-b362-dd7ddbe6f933 req-c32dfc05-cf78-4d5a-a1dd-e45d6c779996 2cf52b7df95140d7bf3b7f867c17eefa ad37b4197c0f4bf394c34c2f535c41cf - - default default] 10.0.0.181 "GET /v2.0/ports?tenant_id=ad37b4197c0f4bf394c34c2f535c41cf&fields=id HTTP/1.1" status: 200 len: 302 time: 0.1757083
2026-06-24 19:12:19.859 10 INFO neutron.wsgi [req-c62cae83-410f-4f60-b3a9-23c6636b245a req-6af0ff3d-2983-4f30-904c-085444ecfb19 bfa64a42334745138205fc3873cbb37f ce62fc5fd7044b2b930f0189dbe86ff8 - - default default] 10.0.0.181 "GET /v2.0/ports?device_id=402e6dae-4e72-4b45-a404-17a46794a862 HTTP/1.1" status: 200 len: 1170 time: 0.0705218
2026-06-24 19:12:19.932 10 INFO neutron.wsgi [req-c62cae83-410f-4f60-b3a9-23c6636b245a req-cfffe0df-8f53-4e65-a380-02a23989125f bfa64a42334745138205fc3873cbb37f ce62fc5fd7044b2b930f0189dbe86ff8 - - default default] 10.0.0.181 "GET /v2.0/security-groups?id=cfb179bf-e8c0-4cab-a69f-a46b4c17bdd9&fields=id&fields=name HTTP/1.1" status: 200 len: 313 time: 0.0612290
2026-06-24 19:12:19.942 10 INFO neutron.wsgi [req-70980964-b609-4366-b362-dd7ddbe6f933 req-da6d6cf1-14f1-4ef2-84c8-e25e573e26e5 686af32b1be94b979025e27d50ec0dce 0e2414273bb744fb8a9eee2977f58e9b - - c59447b58e78401e9044174794112ce9 c59447b58e78401e9044174794112ce9] 10.0.0.181 "GET /v2.0/networks/39e0e982-54d1-4b1a-9e18-49f931242f98?fields=segments HTTP/1.1" status: 200 len: 212 time: 0.1120911
2026-06-24 19:12:20.000 10 INFO neutron.db.ovn_revision_numbers_db [None req-3cd64e32-4ecb-43f5-8d6b-99daff70e59f d8bf89a33f3247e7aaf007e6e3a64f94 4eaf2a0f555d4fdaa7ba10964c9292d9 - - - -] Successfully bumped revision number for resource bf1730e7-f8db-4427-82a6-9f43d70b52a1 (type: ports) to 1
2026-06-24 19:12:20.063 10 INFO neutron.wsgi [req-70980964-b609-4366-b362-dd7ddbe6f933 req-d6c72aec-24d9-4236-aa3e-ff4bd1b0496c 686af32b1be94b979025e27d50ec0dce 0e2414273bb744fb8a9eee2977f58e9b - - c59447b58e78401e9044174794112ce9 c59447b58e78401e9044174794112ce9] 10.0.0.181 "GET /v2.0/networks/39e0e982-54d1-4b1a-9e18-49f931242f98?fields=provider%3Aphysical_network&fields=provider%3Anetwork_type HTTP/1.1" status: 200 len: 277 time: 0.1083360
2026-06-24 19:12:20.204 10 INFO neutron.wsgi [req-13a11c0b-b98f-4ab3-bf0d-9520e795471a req-a8f4ba1e-a550-49cd-941f-018f3a4453ba 2cf52b7df95140d7bf3b7f867c17eefa ad37b4197c0f4bf394c34c2f535c41cf - - default default] 10.0.0.181 "GET /v2.0/ports?device_id=ab4c202b-5c18-4796-b829-4ff3d3d36688 HTTP/1.1" status: 200 len: 210 time: 0.0322132
2026-06-24 19:12:20.268 9 INFO neutron.db.ovn_revision_numbers_db [None req-f156738e-aeee-4502-8adf-64713b06bfa7 4f10f8e3456c45888ba084e75ba8851b 7ca197cbfedf46c6a1675ce45718ce58 - - default default] Successfully bumped revision number for resource 8b28d6ac-ab86-4764-a9ac-57568666a75f (type: security_groups) to 1
2026-06-24 19:12:20.303 9 INFO neutron.wsgi [None req-f156738e-aeee-4502-8adf-64713b06bfa7 4f10f8e3456c45888ba084e75ba8851b 7ca197cbfedf46c6a1675ce45718ce58 - - default default] 10.0.0.32 "GET /v2.0/security-groups?tenant_id=a956963025244a37b1c6d73fa65c1b45&name=default HTTP/1.1" status: 200 len: 2996 time: 0.2477424
2026-06-24 19:12:20.344 9 INFO neutron.wsgi [req-237a15c9-ce8f-4987-971f-0580cfc90167 req-067f608a-b795-4189-93bc-5275d8da1760 686af32b1be94b979025e27d50ec0dce 0e2414273bb744fb8a9eee2977f58e9b - - c59447b58e78401e9044174794112ce9 c59447b58e78401e9044174794112ce9] 199.19.213.176 "GET /v2.0/ports?tenant_id=ce62fc5fd7044b2b930f0189dbe86ff8&device_id=402e6dae-4e72-4b45-a404-17a46794a862 HTTP/1.1" status: 200 len: 1361 time: 0.0447965
2026-06-24 19:12:20.433 9 INFO neutron.wsgi [req-237a15c9-ce8f-4987-971f-0580cfc90167 req-a32f94bd-4f95-4560-a4d3-c06842f65d1d 686af32b1be94b979025e27d50ec0dce 0e2414273bb744fb8a9eee2977f58e9b - - c59447b58e78401e9044174794112ce9 c59447b58e78401e9044174794112ce9] 199.19.213.176 "GET /v2.0/networks?id=2cf7db1d-f93e-40b2-a510-b81cdbc6eca6 HTTP/1.1" status: 200 len: 973 time: 0.0782576
2026-06-24 19:12:20.485 9 INFO neutron.wsgi [req-237a15c9-ce8f-4987-971f-0580cfc90167 req-7146f3e7-5679-43ae-80af-88f269ccd5a0 686af32b1be94b979025e27d50ec0dce 0e2414273bb744fb8a9eee2977f58e9b - - c59447b58e78401e9044174794112ce9 c59447b58e78401e9044174794112ce9] 199.19.213.176 "GET /v2.0/floatingips?fixed_ip_address=10.100.0.9&port_id=ce0db0aa-fb5a-4fb4-b6bc-a8c0d8aaf0e3 HTTP/1.1" status: 200 len: 1059 time: 0.0449097
2026-06-24 19:12:20.532 9 INFO neutron.wsgi [req-237a15c9-ce8f-4987-971f-0580cfc90167 req-ecc6c8a3-af7f-4742-9abd-fdb8b2657fe3 686af32b1be94b979025e27d50ec0dce 0e2414273bb744fb8a9eee2977f58e9b - - c59447b58e78401e9044174794112ce9 c59447b58e78401e9044174794112ce9] 199.19.213.176 "GET /v2.0/subnets?id=52604853-4cb6-4a3d-8421-116b664d7441 HTTP/1.1" status: 200 len: 869 time: 0.0396519
2026-06-24 19:12:20.578 9 INFO neutron.wsgi [req-237a15c9-ce8f-4987-971f-0580cfc90167 req-94d04427-3ff8-41fe-82b2-3302fff03afd 686af32b1be94b979025e27d50ec0dce 0e2414273bb744fb8a9eee2977f58e9b - - c59447b58e78401e9044174794112ce9 c59447b58e78401e9044174794112ce9] 199.19.213.176 "GET /v2.0/ports?network_id=2cf7db1d-f93e-40b2-a510-b81cdbc6eca6&device_owner=network%3Adhcp HTTP/1.1" status: 200 len: 210 time: 0.0352123
2026-06-24 19:12:20.603 9 INFO neutron.wsgi [None req-4c8d070e-1c8b-41b2-a518-56945599ef52 4f10f8e3456c45888ba084e75ba8851b 7ca197cbfedf46c6a1675ce45718ce58 - - - -] 10.0.0.32 "DELETE /v2.0/security-groups/8b28d6ac-ab86-4764-a9ac-57568666a75f HTTP/1.1" status: 204 len: 168 time: 0.2935545
2026-06-24 19:12:20.664 9 INFO neutron.wsgi [req-237a15c9-ce8f-4987-971f-0580cfc90167 req-24ab4a45-957e-48a3-ae3d-b5ed8a4236ff 686af32b1be94b979025e27d50ec0dce 0e2414273bb744fb8a9eee2977f58e9b - - c59447b58e78401e9044174794112ce9 c59447b58e78401e9044174794112ce9] 199.19.213.176 "GET /v2.0/networks/2cf7db1d-f93e-40b2-a510-b81cdbc6eca6?fields=segments HTTP/1.1" status: 200 len: 212 time: 0.0740280
2026-06-24 19:12:20.728 10 INFO neutron.wsgi [req-47f44ca6-bad4-40ff-89b3-37dfdc6a9342 req-3f71fce5-bf3c-4ff3-9711-e4ed3a602359 bfa64a42334745138205fc3873cbb37f ce62fc5fd7044b2b930f0189dbe86ff8 - - default default] 10.0.0.181 "GET /v2.0/ports?device_id=402e6dae-4e72-4b45-a404-17a46794a862 HTTP/1.1" status: 200 len: 1170 time: 0.4381874
2026-06-24 19:12:20.753 9 INFO neutron.wsgi [req-237a15c9-ce8f-4987-971f-0580cfc90167 req-4a841ce3-5238-4c2e-a277-f2a496d8d52a 686af32b1be94b979025e27d50ec0dce 0e2414273bb744fb8a9eee2977f58e9b - - c59447b58e78401e9044174794112ce9 c59447b58e78401e9044174794112ce9] 199.19.213.176 "GET /v2.0/networks/2cf7db1d-f93e-40b2-a510-b81cdbc6eca6?fields=provider%3Aphysical_network&fields=provider%3Anetwork_type HTTP/1.1" status: 200 len: 277 time: 0.0848992
2026-06-24 19:12:20.775 10 INFO neutron.wsgi [req-47f44ca6-bad4-40ff-89b3-37dfdc6a9342 req-00ca8052-9f9b-4773-b0c6-9bcd93b9144b bfa64a42334745138205fc3873cbb37f ce62fc5fd7044b2b930f0189dbe86ff8 - - default default] 10.0.0.181 "GET /v2.0/security-groups?id=cfb179bf-e8c0-4cab-a69f-a46b4c17bdd9&fields=id&fields=name HTTP/1.1" status: 200 len: 313 time: 0.0358405
2026-06-24 19:12:20.804 10 WARNING neutron.plugins.ml2.drivers.ovn.mech_driver.ovsdb.ovn_client [None req-b80654a2-dc53-441e-bb73-9774f093998e - - - - - -] No port found with ID 9411d0bb-9403-45c1-97de-e3593f988307: RuntimeError: No port found with ID 9411d0bb-9403-45c1-97de-e3593f988307
2026-06-24 19:12:20.851 9 INFO neutron.db.ovn_revision_numbers_db [None req-0d5fec94-3c9a-4acc-b418-4c6c03c54720 4f10f8e3456c45888ba084e75ba8851b 7ca197cbfedf46c6a1675ce45718ce58 - - default default] Successfully bumped revision number for resource fe54eef9-d08a-48e7-945e-25b83c325b76 (type: security_groups) to 1
2026-06-24 19:12:20.878 9 INFO neutron.wsgi [None req-0d5fec94-3c9a-4acc-b418-4c6c03c54720 4f10f8e3456c45888ba084e75ba8851b 7ca197cbfedf46c6a1675ce45718ce58 - - default default] 10.0.0.32 "GET /v2.0/security-groups?tenant_id=9626c58433fb4cfdb8ce06f33b509400&name=default HTTP/1.1" status: 200 len: 2996 time: 0.1646574
2026-06-24 19:12:21.122 9 INFO neutron.wsgi [req-70980964-b609-4366-b362-dd7ddbe6f933 req-b6569ec4-7600-4411-a95f-05546fd5d66b 2cf52b7df95140d7bf3b7f867c17eefa ad37b4197c0f4bf394c34c2f535c41cf - - default default] 199.19.213.176 "GET /v2.0/networks?id=39e0e982-54d1-4b1a-9e18-49f931242f98 HTTP/1.1" status: 200 len: 859 time: 0.1098244
2026-06-24 19:12:21.201 9 INFO neutron.wsgi [req-70980964-b609-4366-b362-dd7ddbe6f933 req-0fa20dac-5c8a-401b-ac96-b9849a11f357 2cf52b7df95140d7bf3b7f867c17eefa ad37b4197c0f4bf394c34c2f535c41cf - - default default] 199.19.213.176 "GET /v2.0/security-groups?fields=id&fields=name&tenant_id=ad37b4197c0f4bf394c34c2f535c41cf HTTP/1.1" status: 200 len: 379 time: 0.0692797
2026-06-24 19:12:21.213 10 INFO neutron.plugins.ml2.drivers.ovn.mech_driver.mech_driver [None req-b80654a2-dc53-441e-bb73-9774f093998e - - - - - -] OVN reports status up for port: bf1730e7-f8db-4427-82a6-9f43d70b52a1
2026-06-24 19:12:21.227 10 INFO neutron.plugins.ml2.plugin [None req-b80654a2-dc53-441e-bb73-9774f093998e - - - - - -] Attempt 1 to provision port bf1730e7-f8db-4427-82a6-9f43d70b52a1
2026-06-24 19:12:21.229 10 INFO neutron.db.ovn_revision_numbers_db [None req-3cd64e32-4ecb-43f5-8d6b-99daff70e59f d8bf89a33f3247e7aaf007e6e3a64f94 4eaf2a0f555d4fdaa7ba10964c9292d9 - - - -] Successfully bumped revision number for resource bf1730e7-f8db-4427-82a6-9f43d70b52a1 (type: router_ports) to 1
2026-06-24 19:12:21.277 10 INFO neutron.wsgi [None req-c3b8671f-357d-4f34-b79b-b93a606b240f 4f10f8e3456c45888ba084e75ba8851b 7ca197cbfedf46c6a1675ce45718ce58 - - - -] 10.0.0.32 "DELETE /v2.0/security-groups/fe54eef9-d08a-48e7-945e-25b83c325b76 HTTP/1.1" status: 204 len: 168 time: 0.3942657
2026-06-24 19:12:21.331 10 INFO neutron.wsgi [req-cdfbd309-f726-4209-bd3b-e215a64eaa61 req-d35979cf-a64a-4eb2-976f-720540d137d2 2cf52b7df95140d7bf3b7f867c17eefa ad37b4197c0f4bf394c34c2f535c41cf - - default default] 10.0.0.181 "GET /v2.0/ports?device_id=ab4c202b-5c18-4796-b829-4ff3d3d36688 HTTP/1.1" status: 200 len: 210 time: 0.0369585
2026-06-24 19:12:21.357 10 INFO neutron.db.ovn_revision_numbers_db [None req-3cd64e32-4ecb-43f5-8d6b-99daff70e59f d8bf89a33f3247e7aaf007e6e3a64f94 4eaf2a0f555d4fdaa7ba10964c9292d9 - - - -] Successfully bumped revision number for resource cb447889-4f95-4936-85f3-cbf1aec863fc (type: routers) to 3
2026-06-24 19:12:21.392 10 INFO neutron.wsgi [None req-3cd64e32-4ecb-43f5-8d6b-99daff70e59f d8bf89a33f3247e7aaf007e6e3a64f94 4eaf2a0f555d4fdaa7ba10964c9292d9 - - - -] 10.0.0.32 "POST /v2.0/routers HTTP/1.1" status: 201 len: 871 time: 2.4028258
2026-06-24 19:12:21.490 10 INFO neutron.wsgi [None req-264eb366-305a-4b57-a575-1272af440576 d8bf89a33f3247e7aaf007e6e3a64f94 4eaf2a0f555d4fdaa7ba10964c9292d9 - - default default] 10.0.0.32 "GET /v2.0/routers/cb447889-4f95-4936-85f3-cbf1aec863fc HTTP/1.1" status: 200 len: 872 time: 0.0926762
2026-06-24 19:12:21.669 9 INFO neutron.wsgi [None req-19f3fd3e-7a75-4519-8822-03956732a3e9 d8bf89a33f3247e7aaf007e6e3a64f94 4eaf2a0f555d4fdaa7ba10964c9292d9 - - default default] 10.0.0.32 "GET /v2.0/routers HTTP/1.1" status: 200 len: 875 time: 0.1703422
2026-06-24 19:12:21.699 9 WARNING neutron.scheduler.dhcp_agent_scheduler [None req-0cfc1255-6995-4e12-8a5e-a997cabf1653 2cf52b7df95140d7bf3b7f867c17eefa ad37b4197c0f4bf394c34c2f535c41cf - - - -] No more DHCP agents
2026-06-24 19:12:21.703 9 WARNING neutron.api.rpc.agentnotifiers.dhcp_rpc_agent_api [None req-0cfc1255-6995-4e12-8a5e-a997cabf1653 2cf52b7df95140d7bf3b7f867c17eefa ad37b4197c0f4bf394c34c2f535c41cf - - - -] Unable to schedule network 39e0e982-54d1-4b1a-9e18-49f931242f98: no agents available; will retry on subsequent port and subnet creation events.
2026-06-24 19:12:21.923 10 INFO neutron.wsgi [req-5a2a280b-d5af-4fa7-91ab-9f3e500bed01 req-57f4d2be-2ca7-4e9c-b0b6-3acbd41edf0c bfa64a42334745138205fc3873cbb37f ce62fc5fd7044b2b930f0189dbe86ff8 - - default default] 10.0.0.181 "GET /v2.0/ports?device_id=402e6dae-4e72-4b45-a404-17a46794a862 HTTP/1.1" status: 200 len: 1170 time: 0.0558112
2026-06-24 19:12:21.929 9 INFO neutron.db.ovn_revision_numbers_db [None req-0cfc1255-6995-4e12-8a5e-a997cabf1653 2cf52b7df95140d7bf3b7f867c17eefa ad37b4197c0f4bf394c34c2f535c41cf - - - -] Successfully bumped revision number for resource 65d9c4a1-6e47-497f-9e90-d371b0ccf843 (type: ports) to 1
2026-06-24 19:12:21.961 9 INFO neutron.wsgi [None req-0cfc1255-6995-4e12-8a5e-a997cabf1653 2cf52b7df95140d7bf3b7f867c17eefa ad37b4197c0f4bf394c34c2f535c41cf - - - -] 199.19.213.176 "POST /v2.0/ports HTTP/1.1" status: 201 len: 1158 time: 0.7514133 /var/lib/openstack/lib/python3.10/site-packages/pycadf/identifier.py:71: UserWarning: Invalid uuid: neutron. To ensure interoperability, identifiers should be a valid uuid. warnings.warn(('Invalid uuid: %s. To ensure interoperability, '
2026-06-24 19:12:22.002 10 INFO neutron.wsgi [req-5a2a280b-d5af-4fa7-91ab-9f3e500bed01 req-439d8d04-d5cb-4778-80c2-e90234389e26 bfa64a42334745138205fc3873cbb37f ce62fc5fd7044b2b930f0189dbe86ff8 - - default default] 10.0.0.181 "GET /v2.0/security-groups?id=cfb179bf-e8c0-4cab-a69f-a46b4c17bdd9&fields=id&fields=name HTTP/1.1" status: 200 len: 313 time: 0.0727451
2026-06-24 19:12:22.219 10 INFO neutron.db.ovn_revision_numbers_db [None req-90d88b71-81d5-426d-9fe7-57793c81696a d8bf89a33f3247e7aaf007e6e3a64f94 4eaf2a0f555d4fdaa7ba10964c9292d9 - - - -] Successfully bumped revision number for resource cb447889-4f95-4936-85f3-cbf1aec863fc (type: routers) to 4
2026-06-24 19:12:22.221 10 INFO neutron.wsgi [None req-90d88b71-81d5-426d-9fe7-57793c81696a d8bf89a33f3247e7aaf007e6e3a64f94 4eaf2a0f555d4fdaa7ba10964c9292d9 - - - -] 10.0.0.32 "PUT /v2.0/routers/cb447889-4f95-4936-85f3-cbf1aec863fc HTTP/1.1" status: 200 len: 879 time: 0.5390382
2026-06-24 19:12:22.288 10 INFO neutron.wsgi [None req-9e451b0c-58b7-4164-a680-0a3d56f0dfa1 d8bf89a33f3247e7aaf007e6e3a64f94 4eaf2a0f555d4fdaa7ba10964c9292d9 - - default default] 10.0.0.32 "GET /v2.0/routers/cb447889-4f95-4936-85f3-cbf1aec863fc HTTP/1.1" status: 200 len: 879 time: 0.0595710
2026-06-24 19:12:22.328 10 INFO neutron.wsgi [None req-7e0e5583-7d53-4df0-9907-bf27d11e65b3 d8bf89a33f3247e7aaf007e6e3a64f94 4eaf2a0f555d4fdaa7ba10964c9292d9 - - default default] 10.0.0.32 "GET /v2.0/ports?device_id=cb447889-4f95-4936-85f3-cbf1aec863fc HTTP/1.1" status: 200 len: 205 time: 0.0328212 /var/lib/openstack/lib/python3.10/site-packages/pycadf/identifier.py:71: UserWarning: Invalid uuid: neutron. To ensure interoperability, identifiers should be a valid uuid. warnings.warn(('Invalid uuid: %s. To ensure interoperability, '
2026-06-24 19:12:22.452 10 INFO neutron.wsgi [req-058617ec-f68c-4519-b3e2-6ca78c43fc4b req-55ca533b-e42a-4e1b-a2c2-1a989bff459c 2cf52b7df95140d7bf3b7f867c17eefa ad37b4197c0f4bf394c34c2f535c41cf - - default default] 10.0.0.181 "GET /v2.0/ports?device_id=ab4c202b-5c18-4796-b829-4ff3d3d36688 HTTP/1.1" status: 200 len: 1168 time: 0.0357811
2026-06-24 19:12:22.490 9 INFO neutron.db.ovn_revision_numbers_db [None req-3a5f91f1-293c-4e07-9f91-520f0afdcc32 686af32b1be94b979025e27d50ec0dce 0e2414273bb744fb8a9eee2977f58e9b - - - -] Successfully bumped revision number for resource 65d9c4a1-6e47-497f-9e90-d371b0ccf843 (type: ports) to 2
2026-06-24 19:12:22.492 10 INFO neutron.wsgi [req-058617ec-f68c-4519-b3e2-6ca78c43fc4b req-6cd03183-9cbd-4ccd-b38c-07d6aae5a903 2cf52b7df95140d7bf3b7f867c17eefa ad37b4197c0f4bf394c34c2f535c41cf - - default default] 10.0.0.181 "GET /v2.0/security-groups?id=089a5320-01b4-47ae-9dad-67cc317fbcbd&fields=id&fields=name HTTP/1.1" status: 200 len: 312 time: 0.0329235
2026-06-24 19:12:22.737 9 WARNING neutron.plugins.ml2.drivers.ovn.mech_driver.ovsdb.ovn_client [None req-df408e8f-efc6-4758-a26d-e9311033e58d - - - - - -] No hosting information found for port 68d87c5f-24e4-4eea-adab-f670d0709321: RuntimeError: No hosting information found for port 68d87c5f-24e4-4eea-adab-f670d0709321
2026-06-24 19:12:22.737 9 INFO neutron.plugins.ml2.drivers.ovn.mech_driver.mech_driver [None req-df408e8f-efc6-4758-a26d-e9311033e58d - - - - - -] OVN reports status down for port: ce0db0aa-fb5a-4fb4-b6bc-a8c0d8aaf0e3
2026-06-24 19:12:22.851 9 INFO neutron.db.ovn_revision_numbers_db [None req-3a5f91f1-293c-4e07-9f91-520f0afdcc32 686af32b1be94b979025e27d50ec0dce 0e2414273bb744fb8a9eee2977f58e9b - - - -] Successfully bumped revision number for resource 65d9c4a1-6e47-497f-9e90-d371b0ccf843 (type: ports) to 2
2026-06-24 19:12:22.909 9 INFO neutron.wsgi [None req-3a5f91f1-293c-4e07-9f91-520f0afdcc32 686af32b1be94b979025e27d50ec0dce 0e2414273bb744fb8a9eee2977f58e9b - - - -] 199.19.213.176 "PUT /v2.0/ports/65d9c4a1-6e47-497f-9e90-d371b0ccf843 HTTP/1.1" status: 200 len: 1328 time: 0.9390781
2026-06-24 19:12:23.108 10 INFO neutron.wsgi [req-ad4e22cd-790e-4a16-8a77-2fb5b246555b req-a858753d-d218-4e50-9183-eb40e1525086 bfa64a42334745138205fc3873cbb37f ce62fc5fd7044b2b930f0189dbe86ff8 - - default default] 10.0.0.181 "GET /v2.0/ports?device_id=402e6dae-4e72-4b45-a404-17a46794a862 HTTP/1.1" status: 200 len: 1170 time: 0.0342185
2026-06-24 19:12:23.152 10 INFO neutron.wsgi [req-ad4e22cd-790e-4a16-8a77-2fb5b246555b req-17d68e91-efc2-44a1-a7d6-54e0cc62a0ac bfa64a42334745138205fc3873cbb37f ce62fc5fd7044b2b930f0189dbe86ff8 - - default default] 10.0.0.181 "GET /v2.0/security-groups?id=cfb179bf-e8c0-4cab-a69f-a46b4c17bdd9&fields=id&fields=name HTTP/1.1" status: 200 len: 313 time: 0.0361793
2026-06-24 19:12:23.273 9 INFO neutron.notifiers.nova [-] Nova event matching ['req-db570d56-eab1-4c78-a32c-4d3fb5344aa8'] response: {'name': 'network-changed', 'server_uuid': 'ab4c202b-5c18-4796-b829-4ff3d3d36688', 'tag': '65d9c4a1-6e47-497f-9e90-d371b0ccf843', 'status': 'completed', 'code': 200} /var/lib/openstack/lib/python3.10/site-packages/pycadf/identifier.py:71: UserWarning: Invalid uuid: neutron. To ensure interoperability, identifiers should be a valid uuid. warnings.warn(('Invalid uuid: %s. To ensure interoperability, '
2026-06-24 19:12:23.311 9 INFO neutron.wsgi [req-70980964-b609-4366-b362-dd7ddbe6f933 req-d302f92d-3473-482a-a15f-826d0b03b68b 686af32b1be94b979025e27d50ec0dce 0e2414273bb744fb8a9eee2977f58e9b - - c59447b58e78401e9044174794112ce9 c59447b58e78401e9044174794112ce9] 199.19.213.176 "GET /v2.0/ports?tenant_id=ad37b4197c0f4bf394c34c2f535c41cf&device_id=ab4c202b-5c18-4796-b829-4ff3d3d36688 HTTP/1.1" status: 200 len: 1359 time: 0.0369103
2026-06-24 19:12:23.361 9 INFO neutron.wsgi [req-70980964-b609-4366-b362-dd7ddbe6f933 req-8551c89e-88c7-45ca-99b9-b98e791645cd 686af32b1be94b979025e27d50ec0dce 0e2414273bb744fb8a9eee2977f58e9b - - c59447b58e78401e9044174794112ce9 c59447b58e78401e9044174794112ce9] 199.19.213.176 "GET /v2.0/floatingips?fixed_ip_address=10.100.0.7&port_id=65d9c4a1-6e47-497f-9e90-d371b0ccf843 HTTP/1.1" status: 200 len: 217 time: 0.0338731
2026-06-24 19:12:23.447 9 INFO neutron.wsgi [req-70980964-b609-4366-b362-dd7ddbe6f933 req-9bb7e4b7-a0b1-4d7a-8613-eb5875a5abc8 686af32b1be94b979025e27d50ec0dce 0e2414273bb744fb8a9eee2977f58e9b - - c59447b58e78401e9044174794112ce9 c59447b58e78401e9044174794112ce9] 199.19.213.176 "GET /v2.0/subnets?id=8f645de2-07bf-4f9c-b3be-06ee649de4eb HTTP/1.1" status: 200 len: 852 time: 0.0799088
2026-06-24 19:12:23.503 9 INFO neutron.wsgi [req-70980964-b609-4366-b362-dd7ddbe6f933 req-2c0a41e9-5e16-43a1-9570-538f87356099 686af32b1be94b979025e27d50ec0dce 0e2414273bb744fb8a9eee2977f58e9b - - c59447b58e78401e9044174794112ce9 c59447b58e78401e9044174794112ce9] 199.19.213.176 "GET /v2.0/ports?network_id=39e0e982-54d1-4b1a-9e18-49f931242f98&device_owner=network%3Adhcp HTTP/1.1" status: 200 len: 210 time: 0.0389736
2026-06-24 19:12:23.622 9 INFO neutron.wsgi [req-70980964-b609-4366-b362-dd7ddbe6f933 req-e25945b2-18dd-4e5e-926c-f5cbed13cd5f 686af32b1be94b979025e27d50ec0dce 0e2414273bb744fb8a9eee2977f58e9b - - c59447b58e78401e9044174794112ce9 c59447b58e78401e9044174794112ce9] 199.19.213.176 "GET /v2.0/networks/39e0e982-54d1-4b1a-9e18-49f931242f98?fields=segments HTTP/1.1" status: 200 len: 212 time: 0.1108718
2026-06-24 19:12:23.629 10 INFO neutron.wsgi [req-30d0acc8-78a8-47b8-8cfb-61ecd84711f3 req-52bfde3a-7509-464d-96aa-c94a60e0c56f 2cf52b7df95140d7bf3b7f867c17eefa ad37b4197c0f4bf394c34c2f535c41cf - - default default] 10.0.0.181 "GET /v2.0/ports?device_id=ab4c202b-5c18-4796-b829-4ff3d3d36688 HTTP/1.1" status: 200 len: 1168 time: 0.0500181
2026-06-24 19:12:23.643 9 INFO neutron.db.ovn_revision_numbers_db [None req-df408e8f-efc6-4758-a26d-e9311033e58d - - - - - -] Successfully bumped revision number for resource ce0db0aa-fb5a-4fb4-b6bc-a8c0d8aaf0e3 (type: ports) to 5
