2026-06-24 19:17:15.664 9 INFO neutron.wsgi [req-d6a58df6-f4bb-4bf7-8d4b-11f3388bfcfd req-2ca646e4-a3f3-4c38-8757-6d7594857b51 686af32b1be94b979025e27d50ec0dce 0e2414273bb744fb8a9eee2977f58e9b - - c59447b58e78401e9044174794112ce9 c59447b58e78401e9044174794112ce9] 199.19.213.176 "GET /v2.0/subnets?id=eb927ad0-e558-48cc-b6b0-4d6926f52c8b&id=536e20dc-2905-4c95-b87a-2684a859e63d HTTP/1.1" status: 200 len: 1563 time: 0.0501211
2026-06-24 19:17:15.703 10 INFO neutron.wsgi [None req-6840cfff-b558-46af-9c94-423afc286835 4f10f8e3456c45888ba084e75ba8851b 7ca197cbfedf46c6a1675ce45718ce58 - - default default] 199.19.213.176 "GET /v2.0/ports/bb7cd561-1a15-494a-a5ea-bfac996819d5 HTTP/1.1" status: 200 len: 1587 time: 0.0339820
2026-06-24 19:17:15.703 9 INFO neutron.wsgi [req-d6a58df6-f4bb-4bf7-8d4b-11f3388bfcfd req-22647c0d-e05e-45cc-9cf1-ff2f466d89cd 686af32b1be94b979025e27d50ec0dce 0e2414273bb744fb8a9eee2977f58e9b - - c59447b58e78401e9044174794112ce9 c59447b58e78401e9044174794112ce9] 199.19.213.176 "GET /v2.0/ports?network_id=b9d8086e-620f-4633-b56a-9e0a156a8597&device_owner=network%3Adhcp HTTP/1.1" status: 200 len: 210 time: 0.0313487
2026-06-24 19:17:15.742 9 INFO neutron.wsgi [req-d6a58df6-f4bb-4bf7-8d4b-11f3388bfcfd req-6d6f5ddc-03f3-4ed2-a5c2-655a15853741 686af32b1be94b979025e27d50ec0dce 0e2414273bb744fb8a9eee2977f58e9b - - c59447b58e78401e9044174794112ce9 c59447b58e78401e9044174794112ce9] 199.19.213.176 "GET /v2.0/ports?network_id=b9d8086e-620f-4633-b56a-9e0a156a8597&device_owner=network%3Adhcp HTTP/1.1" status: 200 len: 210 time: 0.0296693
2026-06-24 19:17:15.840 9 INFO neutron.wsgi [req-d6a58df6-f4bb-4bf7-8d4b-11f3388bfcfd req-bd58b373-8db7-4463-8def-033e23aac31c 686af32b1be94b979025e27d50ec0dce 0e2414273bb744fb8a9eee2977f58e9b - - c59447b58e78401e9044174794112ce9 c59447b58e78401e9044174794112ce9] 199.19.213.176 "GET /v2.0/networks/b9d8086e-620f-4633-b56a-9e0a156a8597?fields=segments HTTP/1.1" status: 200 len: 212 time: 0.0891149
2026-06-24 19:17:15.896 9 INFO neutron.db.ovn_revision_numbers_db [None req-df408e8f-efc6-4758-a26d-e9311033e58d - - - - - -] Successfully bumped revision number for resource bb7cd561-1a15-494a-a5ea-bfac996819d5 (type: ports) to 4
2026-06-24 19:17:15.944 9 INFO neutron.wsgi [req-d6a58df6-f4bb-4bf7-8d4b-11f3388bfcfd req-7d35e6af-71f6-4803-afe8-729aa5c4ab99 686af32b1be94b979025e27d50ec0dce 0e2414273bb744fb8a9eee2977f58e9b - - c59447b58e78401e9044174794112ce9 c59447b58e78401e9044174794112ce9] 199.19.213.176 "GET /v2.0/networks/b9d8086e-620f-4633-b56a-9e0a156a8597?fields=provider%3Aphysical_network&fields=provider%3Anetwork_type HTTP/1.1" status: 200 len: 277 time: 0.0966315
2026-06-24 19:17:16.122 10 INFO neutron.db.ovn_revision_numbers_db [None req-d3acc3cf-2ab7-4fdc-b318-95caa957e48b 4f10f8e3456c45888ba084e75ba8851b 7ca197cbfedf46c6a1675ce45718ce58 - - - -] Successfully bumped revision number for resource bb7cd561-1a15-494a-a5ea-bfac996819d5 (type: ports) to 5
2026-06-24 19:17:16.133 10 INFO neutron.wsgi [None req-d3acc3cf-2ab7-4fdc-b318-95caa957e48b 4f10f8e3456c45888ba084e75ba8851b 7ca197cbfedf46c6a1675ce45718ce58 - - - -] 199.19.213.176 "PUT /v2.0/ports/bb7cd561-1a15-494a-a5ea-bfac996819d5 HTTP/1.1" status: 200 len: 1330 time: 0.4236360 /var/lib/openstack/lib/python3.10/site-packages/pycadf/identifier.py:71: UserWarning: Invalid uuid: neutron. To ensure interoperability, identifiers should be a valid uuid. warnings.warn(('Invalid uuid: %s. To ensure interoperability, '
2026-06-24 19:17:16.174 10 INFO neutron.notifiers.nova [-] Nova event matching ['req-ea07d9c5-4443-4460-8f44-5b3774e74108'] response: {'name': 'network-changed', 'server_uuid': '266e6dfd-6030-4991-9e6d-1c96e36bac92', 'tag': 'bb7cd561-1a15-494a-a5ea-bfac996819d5', 'status': 'completed', 'code': 200} /var/lib/openstack/lib/python3.10/site-packages/pycadf/identifier.py:71: UserWarning: Invalid uuid: neutron. To ensure interoperability, identifiers should be a valid uuid. warnings.warn(('Invalid uuid: %s. To ensure interoperability, '
2026-06-24 19:17:16.211 10 INFO neutron.wsgi [None req-491f9c95-2988-430b-93e6-45f893a3a833 4f10f8e3456c45888ba084e75ba8851b 7ca197cbfedf46c6a1675ce45718ce58 - - default default] 199.19.213.176 "GET /v2.0/networks/b9d8086e-620f-4633-b56a-9e0a156a8597 HTTP/1.1" status: 200 len: 999 time: 0.0706868
2026-06-24 19:17:16.239 9 INFO neutron.wsgi [req-a64cc89d-5e70-4d39-bc1e-85aca2b46ab1 req-83d60fe5-f9ef-40ec-b6f9-8890e3db23da 686af32b1be94b979025e27d50ec0dce 0e2414273bb744fb8a9eee2977f58e9b - - c59447b58e78401e9044174794112ce9 c59447b58e78401e9044174794112ce9] 199.19.213.176 "GET /v2.0/ports?tenant_id=7ca197cbfedf46c6a1675ce45718ce58&device_id=266e6dfd-6030-4991-9e6d-1c96e36bac92 HTTP/1.1" status: 200 len: 3782 time: 0.0438724
2026-06-24 19:17:16.258 10 INFO neutron.wsgi [None req-06beab48-3d4a-4aa0-b544-562f44c6c2b6 4f10f8e3456c45888ba084e75ba8851b 7ca197cbfedf46c6a1675ce45718ce58 - - default default] 199.19.213.176 "GET /v2.0/subnets/eb927ad0-e558-48cc-b6b0-4d6926f52c8b HTTP/1.1" status: 200 len: 849 time: 0.0387762
2026-06-24 19:17:16.324 9 INFO neutron.wsgi [req-a64cc89d-5e70-4d39-bc1e-85aca2b46ab1 req-9da5fb00-050f-415e-a650-a4e49ae50cc1 686af32b1be94b979025e27d50ec0dce 0e2414273bb744fb8a9eee2977f58e9b - - c59447b58e78401e9044174794112ce9 c59447b58e78401e9044174794112ce9] 199.19.213.176 "GET /v2.0/networks?id=b9d8086e-620f-4633-b56a-9e0a156a8597 HTTP/1.1" status: 200 len: 1002 time: 0.0765214
2026-06-24 19:17:16.328 10 INFO neutron.wsgi [None req-04577d64-053b-4129-8902-ec5c8a791f20 4f10f8e3456c45888ba084e75ba8851b 7ca197cbfedf46c6a1675ce45718ce58 - - default default] 199.19.213.176 "GET /v2.0/extensions/security-group HTTP/1.1" status: 200 len: 369 time: 0.0089056
2026-06-24 19:17:16.339 10 INFO neutron.wsgi [None req-0f1ef83a-5910-4a66-9b57-d79bb5fbbe63 4f10f8e3456c45888ba084e75ba8851b 7ca197cbfedf46c6a1675ce45718ce58 - - default default] 199.19.213.176 "GET /v2.0/extensions/dns-integration HTTP/1.1" status: 200 len: 371 time: 0.0070517
2026-06-24 19:17:16.348 10 INFO neutron.wsgi [None req-b642cb54-f073-452d-bdec-c10b444ad88d 4f10f8e3456c45888ba084e75ba8851b 7ca197cbfedf46c6a1675ce45718ce58 - - default default] 199.19.213.176 "GET /v2.0/extensions/qos HTTP/1.1" status: 200 len: 365 time: 0.0054395
2026-06-24 19:17:16.365 10 INFO neutron.wsgi [None req-b09a880c-c1f8-4bd4-84ad-395c27968be8 4f10f8e3456c45888ba084e75ba8851b 7ca197cbfedf46c6a1675ce45718ce58 - - default default] 199.19.213.176 "GET /v2.0/extensions/allowed-address-pairs HTTP/1.1" status: 200 len: 383 time: 0.0098817
2026-06-24 19:17:16.369 9 INFO neutron.wsgi [req-a64cc89d-5e70-4d39-bc1e-85aca2b46ab1 req-e26abf38-fda7-4d6d-86d9-dbfb83ac38dc 686af32b1be94b979025e27d50ec0dce 0e2414273bb744fb8a9eee2977f58e9b - - c59447b58e78401e9044174794112ce9 c59447b58e78401e9044174794112ce9] 199.19.213.176 "GET /v2.0/floatingips?fixed_ip_address=10.2.1.154&port_id=bb7cd561-1a15-494a-a5ea-bfac996819d5 HTTP/1.1" status: 200 len: 217 time: 0.0350161
2026-06-24 19:17:16.411 9 INFO neutron.wsgi [req-a64cc89d-5e70-4d39-bc1e-85aca2b46ab1 req-290d7b55-9057-4721-8cce-a9150db24cbc 686af32b1be94b979025e27d50ec0dce 0e2414273bb744fb8a9eee2977f58e9b - - c59447b58e78401e9044174794112ce9 c59447b58e78401e9044174794112ce9] 199.19.213.176 "GET /v2.0/subnets?id=eb927ad0-e558-48cc-b6b0-4d6926f52c8b HTTP/1.1" status: 200 len: 852 time: 0.0349789
2026-06-24 19:17:16.413 10 INFO neutron.wsgi [None req-1bd50319-fcf3-4b34-a763-ce5659fd6e88 4f10f8e3456c45888ba084e75ba8851b 7ca197cbfedf46c6a1675ce45718ce58 - - default default] 199.19.213.176 "GET /v2.0/subnets/575da278-fbaf-44da-bfcf-1f4f67888847 HTTP/1.1" status: 200 len: 851 time: 0.0391450
2026-06-24 19:17:16.455 10 INFO neutron.wsgi [None req-bd6d3fd7-85bc-4c15-80b6-4938bc7f5423 4f10f8e3456c45888ba084e75ba8851b 7ca197cbfedf46c6a1675ce45718ce58 - - default default] 199.19.213.176 "GET /v2.0/ports/4e90ccd3-0948-47e8-a031-50e27346ef3a HTTP/1.1" status: 200 len: 1340 time: 0.0366931
2026-06-24 19:17:16.460 9 INFO neutron.notifiers.nova [-] Nova event matching ['req-268f23d8-9b89-40aa-8247-3e2b48a84995'] response: {'server_uuid': '266e6dfd-6030-4991-9e6d-1c96e36bac92', 'name': 'network-vif-plugged', 'status': 'completed', 'tag': 'bb7cd561-1a15-494a-a5ea-bfac996819d5', 'code': 200}
2026-06-24 19:17:16.462 9 INFO neutron.notifiers.nova [-] Nova event matching ['req-268f23d8-9b89-40aa-8247-3e2b48a84995'] response: {'server_uuid': '266e6dfd-6030-4991-9e6d-1c96e36bac92', 'name': 'network-vif-plugged', 'status': 'completed', 'tag': 'bb7cd561-1a15-494a-a5ea-bfac996819d5', 'code': 200}
2026-06-24 19:17:16.465 9 INFO neutron.wsgi [req-a64cc89d-5e70-4d39-bc1e-85aca2b46ab1 req-b23259d8-b751-4a33-9c28-da82eeab6523 686af32b1be94b979025e27d50ec0dce 0e2414273bb744fb8a9eee2977f58e9b - - c59447b58e78401e9044174794112ce9 c59447b58e78401e9044174794112ce9] 199.19.213.176 "GET /v2.0/ports?network_id=b9d8086e-620f-4633-b56a-9e0a156a8597&device_owner=network%3Adhcp HTTP/1.1" status: 200 len: 210 time: 0.0397820
2026-06-24 19:17:16.494 10 INFO neutron.wsgi [None req-ff0d59fc-bb14-4784-a609-43de5c7c5b38 4f10f8e3456c45888ba084e75ba8851b 7ca197cbfedf46c6a1675ce45718ce58 - - default default] 199.19.213.176 "GET /v2.0/ports/debf35a7-ec0c-40d7-b7a1-cba847ab77af HTTP/1.1" status: 200 len: 1471 time: 0.0329678
2026-06-24 19:17:16.527 10 INFO neutron.wsgi [-] 10.0.0.108 "GET / HTTP/1.1" status: 200 len: 246 time: 0.0017409
2026-06-24 19:17:16.528 10 INFO neutron.wsgi [-] 10.0.0.108 "GET / HTTP/1.1" status: 200 len: 246 time: 0.0011055
2026-06-24 19:17:16.535 9 INFO neutron.wsgi [req-a64cc89d-5e70-4d39-bc1e-85aca2b46ab1 req-621e212e-0381-4a48-bbb5-90e72bc3fe95 686af32b1be94b979025e27d50ec0dce 0e2414273bb744fb8a9eee2977f58e9b - - c59447b58e78401e9044174794112ce9 c59447b58e78401e9044174794112ce9] 199.19.213.176 "GET /v2.0/networks/b9d8086e-620f-4633-b56a-9e0a156a8597?fields=segments HTTP/1.1" status: 200 len: 212 time: 0.0637376
2026-06-24 19:17:16.539 10 INFO neutron.wsgi [None req-331e8655-6f0d-4de7-b6d2-9ffd02f11b61 4f10f8e3456c45888ba084e75ba8851b 7ca197cbfedf46c6a1675ce45718ce58 - - default default] 199.19.213.176 "GET /v2.0/subnets/575da278-fbaf-44da-bfcf-1f4f67888847 HTTP/1.1" status: 200 len: 851 time: 0.0397537
2026-06-24 19:17:16.597 9 INFO neutron.wsgi [req-a64cc89d-5e70-4d39-bc1e-85aca2b46ab1 req-89db13d3-2ae9-4a6c-be7a-f4cb549c4153 686af32b1be94b979025e27d50ec0dce 0e2414273bb744fb8a9eee2977f58e9b - - c59447b58e78401e9044174794112ce9 c59447b58e78401e9044174794112ce9] 199.19.213.176 "GET /v2.0/networks/b9d8086e-620f-4633-b56a-9e0a156a8597?fields=provider%3Aphysical_network&fields=provider%3Anetwork_type HTTP/1.1" status: 200 len: 277 time: 0.0545409
2026-06-24 19:17:16.620 10 INFO neutron.wsgi [None req-1543f8a0-22bc-491b-88c3-ef4f971e66d8 4f10f8e3456c45888ba084e75ba8851b 7ca197cbfedf46c6a1675ce45718ce58 - - default default] 199.19.213.176 "GET /v2.0/networks/52db75be-b01c-4ae9-84b8-0e8feae2e9a8 HTTP/1.1" status: 200 len: 1001 time: 0.0723281
2026-06-24 19:17:16.662 10 INFO neutron.wsgi [None req-6ac4c5c2-9a4c-4ec4-8738-a5b906d2aafe 4f10f8e3456c45888ba084e75ba8851b 7ca197cbfedf46c6a1675ce45718ce58 - - default default] 199.19.213.176 "GET /v2.0/ports/4e90ccd3-0948-47e8-a031-50e27346ef3a HTTP/1.1" status: 200 len: 1340 time: 0.0349343
2026-06-24 19:17:16.702 10 INFO neutron.wsgi [None req-7e1e8855-74cd-4ef1-9252-7badf3af7f86 4f10f8e3456c45888ba084e75ba8851b 7ca197cbfedf46c6a1675ce45718ce58 - - default default] 199.19.213.176 "GET /v2.0/subnets/575da278-fbaf-44da-bfcf-1f4f67888847 HTTP/1.1" status: 200 len: 851 time: 0.0349092
2026-06-24 19:17:22.210 10 INFO neutron.wsgi [None req-80828d99-d9eb-4663-a5ba-5e5107af7f61 4f10f8e3456c45888ba084e75ba8851b 7ca197cbfedf46c6a1675ce45718ce58 - - default default] 10.0.0.227 "GET /v2.0/extensions/security-group HTTP/1.1" status: 200 len: 369 time: 0.0089555
2026-06-24 19:17:22.225 10 INFO neutron.wsgi [None req-38738579-9263-4c6a-a12d-d75a71310ac2 4f10f8e3456c45888ba084e75ba8851b 7ca197cbfedf46c6a1675ce45718ce58 - - default default] 10.0.0.227 "GET /v2.0/extensions/dns-integration HTTP/1.1" status: 200 len: 371 time: 0.0077784
2026-06-24 19:17:22.241 10 INFO neutron.wsgi [None req-7b4043eb-9b47-4214-a737-b813610f3de8 4f10f8e3456c45888ba084e75ba8851b 7ca197cbfedf46c6a1675ce45718ce58 - - default default] 10.0.0.227 "GET /v2.0/extensions/qos HTTP/1.1" status: 200 len: 365 time: 0.0089526
2026-06-24 19:17:22.251 10 INFO neutron.wsgi [None req-471f6253-288e-4706-98fa-fdcc2913b16e 4f10f8e3456c45888ba084e75ba8851b 7ca197cbfedf46c6a1675ce45718ce58 - - default default] 10.0.0.227 "GET /v2.0/extensions/allowed-address-pairs HTTP/1.1" status: 200 len: 383 time: 0.0046775
2026-06-24 19:17:22.571 10 INFO neutron.wsgi [-] 10.0.0.227 "GET / HTTP/1.1" status: 200 len: 284 time: 0.0031924
2026-06-24 19:17:22.617 10 INFO neutron.wsgi [None req-8afe4c0e-68ac-42d5-a99d-41370ecef1c7 26eac8efc20f45d095fb6613602ac549 6546151fb51d4506a0bbc78895f5e207 - - default default] 10.0.0.227 "GET /v2.0/subnets/10f9ef3b-216a-4701-b0e6-39f16f55c6e7 HTTP/1.1" status: 200 len: 831 time: 0.0402269
2026-06-24 19:17:23.059 10 INFO neutron.wsgi [None req-2782c79f-89b8-46e3-b0da-ee658de7818f 4f10f8e3456c45888ba084e75ba8851b 7ca197cbfedf46c6a1675ce45718ce58 - - default default] 199.19.213.176 "GET /v2.0/extensions/security-group HTTP/1.1" status: 200 len: 369 time: 0.0067925
2026-06-24 19:17:23.070 10 INFO neutron.wsgi [None req-ada824ab-3913-474b-b351-4cc82d556f31 4f10f8e3456c45888ba084e75ba8851b 7ca197cbfedf46c6a1675ce45718ce58 - - default default] 199.19.213.176 "GET /v2.0/extensions/dns-integration HTTP/1.1" status: 200 len: 371 time: 0.0047181
2026-06-24 19:17:23.078 10 INFO neutron.wsgi [None req-6fa1bb94-d93e-4112-a49f-411ad9cb311a 4f10f8e3456c45888ba084e75ba8851b 7ca197cbfedf46c6a1675ce45718ce58 - - default default] 199.19.213.176 "GET /v2.0/extensions/qos HTTP/1.1" status: 200 len: 365 time: 0.0045471
2026-06-24 19:17:23.089 10 INFO neutron.wsgi [None req-cb95e533-e76f-4911-8e17-4af39e721fca 4f10f8e3456c45888ba084e75ba8851b 7ca197cbfedf46c6a1675ce45718ce58 - - default default] 199.19.213.176 "GET /v2.0/extensions/allowed-address-pairs HTTP/1.1" status: 200 len: 383 time: 0.0046809
2026-06-24 19:17:23.129 10 INFO neutron.wsgi [None req-4ccbcbe2-4188-4e55-94d3-fe459abbcf0f 4f10f8e3456c45888ba084e75ba8851b 7ca197cbfedf46c6a1675ce45718ce58 - - default default] 199.19.213.176 "GET /v2.0/subnets/eb927ad0-e558-48cc-b6b0-4d6926f52c8b HTTP/1.1" status: 200 len: 849 time: 0.0340810
2026-06-24 19:17:23.170 10 INFO neutron.wsgi [None req-74517150-9f46-4961-91ff-11d2a0e91b3a 4f10f8e3456c45888ba084e75ba8851b 7ca197cbfedf46c6a1675ce45718ce58 - - default default] 199.19.213.176 "GET /v2.0/subnets/10f9ef3b-216a-4701-b0e6-39f16f55c6e7 HTTP/1.1" status: 200 len: 849 time: 0.0335648
2026-06-24 19:17:23.219 10 INFO neutron.wsgi [None req-9ee02b80-839e-4947-8f73-f5f2dae8fe00 4f10f8e3456c45888ba084e75ba8851b 7ca197cbfedf46c6a1675ce45718ce58 - - default default] 199.19.213.176 "GET /v2.0/ports?device_id=266e6dfd-6030-4991-9e6d-1c96e36bac92 HTTP/1.1" status: 200 len: 3782 time: 0.0421469
2026-06-24 19:17:23.383 10 INFO neutron.wsgi [None req-358ed008-8604-4e35-8fbd-8a4c7247e14e 4f10f8e3456c45888ba084e75ba8851b 7ca197cbfedf46c6a1675ce45718ce58 - - default default] 199.19.213.176 "GET /v2.0/extensions/security-group HTTP/1.1" status: 200 len: 369 time: 0.0060618
2026-06-24 19:17:23.393 10 INFO neutron.wsgi [None req-3791ba8c-915b-414f-a28c-bfcf67f872be 4f10f8e3456c45888ba084e75ba8851b 7ca197cbfedf46c6a1675ce45718ce58 - - default default] 199.19.213.176 "GET /v2.0/extensions/dns-integration HTTP/1.1" status: 200 len: 371 time: 0.0046608
2026-06-24 19:17:23.402 10 INFO neutron.wsgi [None req-3abf2672-46db-4dfb-b090-e72a2f00561f 4f10f8e3456c45888ba084e75ba8851b 7ca197cbfedf46c6a1675ce45718ce58 - - default default] 199.19.213.176 "GET /v2.0/extensions/qos HTTP/1.1" status: 200 len: 365 time: 0.0046792
2026-06-24 19:17:23.415 10 INFO neutron.wsgi [None req-31b2f40b-cbf7-4f3b-a7f8-f0b148c2a5ee 4f10f8e3456c45888ba084e75ba8851b 7ca197cbfedf46c6a1675ce45718ce58 - - default default] 199.19.213.176 "GET /v2.0/extensions/allowed-address-pairs HTTP/1.1" status: 200 len: 383 time: 0.0067618
2026-06-24 19:17:23.579 9 INFO neutron.wsgi [req-89f51651-7560-418d-a8bb-07b5423b90d2 req-0e6eba57-128a-4e45-bd3c-24348a6d698c 686af32b1be94b979025e27d50ec0dce 0e2414273bb744fb8a9eee2977f58e9b - - c59447b58e78401e9044174794112ce9 c59447b58e78401e9044174794112ce9] 199.19.213.176 "GET /v2.0/networks/69f36dfa-c4f9-4699-b631-81f957ec0061?fields=segments HTTP/1.1" status: 200 len: 212 time: 0.0636117
2026-06-24 19:17:23.659 9 INFO neutron.wsgi [req-89f51651-7560-418d-a8bb-07b5423b90d2 req-a9329ffd-e3fd-42c5-914e-be3db7d8a68a 686af32b1be94b979025e27d50ec0dce 0e2414273bb744fb8a9eee2977f58e9b - - c59447b58e78401e9044174794112ce9 c59447b58e78401e9044174794112ce9] 199.19.213.176 "GET /v2.0/networks/69f36dfa-c4f9-4699-b631-81f957ec0061?fields=provider%3Aphysical_network&fields=provider%3Anetwork_type HTTP/1.1" status: 200 len: 277 time: 0.0727825
2026-06-24 19:17:23.737 9 INFO neutron.wsgi [req-89f51651-7560-418d-a8bb-07b5423b90d2 req-52beaf06-e9f1-45b8-b6f0-9bb16e0ddfc2 4f10f8e3456c45888ba084e75ba8851b 7ca197cbfedf46c6a1675ce45718ce58 - - default default] 199.19.213.176 "GET /v2.0/networks?id=69f36dfa-c4f9-4699-b631-81f957ec0061 HTTP/1.1" status: 200 len: 1003 time: 0.0572708
2026-06-24 19:17:24.079 9 WARNING neutron.scheduler.dhcp_agent_scheduler [None req-873bc2f6-f4a1-4ba9-9187-29fc3d8177d3 4f10f8e3456c45888ba084e75ba8851b 7ca197cbfedf46c6a1675ce45718ce58 - - - -] No more DHCP agents
2026-06-24 19:17:24.081 9 WARNING neutron.api.rpc.agentnotifiers.dhcp_rpc_agent_api [None req-873bc2f6-f4a1-4ba9-9187-29fc3d8177d3 4f10f8e3456c45888ba084e75ba8851b 7ca197cbfedf46c6a1675ce45718ce58 - - - -] Unable to schedule network 69f36dfa-c4f9-4699-b631-81f957ec0061: no agents available; will retry on subsequent port and subnet creation events.
2026-06-24 19:17:24.244 9 INFO neutron.db.ovn_revision_numbers_db [None req-873bc2f6-f4a1-4ba9-9187-29fc3d8177d3 4f10f8e3456c45888ba084e75ba8851b 7ca197cbfedf46c6a1675ce45718ce58 - - - -] Successfully bumped revision number for resource cc4c5c79-3e8c-4da5-b863-ebeebc609045 (type: ports) to 1
2026-06-24 19:17:24.263 9 INFO neutron.wsgi [None req-873bc2f6-f4a1-4ba9-9187-29fc3d8177d3 4f10f8e3456c45888ba084e75ba8851b 7ca197cbfedf46c6a1675ce45718ce58 - - - -] 199.19.213.176 "POST /v2.0/ports HTTP/1.1" status: 201 len: 1508 time: 0.5197439 /var/lib/openstack/lib/python3.10/site-packages/pycadf/identifier.py:71: UserWarning: Invalid uuid: neutron. To ensure interoperability, identifiers should be a valid uuid. warnings.warn(('Invalid uuid: %s. To ensure interoperability, '
2026-06-24 19:17:24.730 9 INFO neutron.db.ovn_revision_numbers_db [None req-04ce780f-5bb2-425d-8b10-781920d9ff17 686af32b1be94b979025e27d50ec0dce 0e2414273bb744fb8a9eee2977f58e9b - - - -] Successfully bumped revision number for resource cc4c5c79-3e8c-4da5-b863-ebeebc609045 (type: ports) to 2
2026-06-24 19:17:24.965 9 INFO neutron.db.ovn_revision_numbers_db [None req-04ce780f-5bb2-425d-8b10-781920d9ff17 686af32b1be94b979025e27d50ec0dce 0e2414273bb744fb8a9eee2977f58e9b - - - -] Successfully bumped revision number for resource cc4c5c79-3e8c-4da5-b863-ebeebc609045 (type: ports) to 2
2026-06-24 19:17:24.980 9 INFO neutron.wsgi [None req-04ce780f-5bb2-425d-8b10-781920d9ff17 686af32b1be94b979025e27d50ec0dce 0e2414273bb744fb8a9eee2977f58e9b - - - -] 199.19.213.176 "PUT /v2.0/ports/cc4c5c79-3e8c-4da5-b863-ebeebc609045 HTTP/1.1" status: 200 len: 1557 time: 0.7094405
2026-06-24 19:17:25.018 9 INFO neutron.notifiers.nova [-] Nova event matching ['req-6f4614c6-1fcb-45da-810b-8b1b2e4dfde3'] response: {'name': 'network-changed', 'server_uuid': '266e6dfd-6030-4991-9e6d-1c96e36bac92', 'tag': 'cc4c5c79-3e8c-4da5-b863-ebeebc609045', 'status': 'completed', 'code': 200} /var/lib/openstack/lib/python3.10/site-packages/pycadf/identifier.py:71: UserWarning: Invalid uuid: neutron. To ensure interoperability, identifiers should be a valid uuid. warnings.warn(('Invalid uuid: %s. To ensure interoperability, '
2026-06-24 19:17:25.060 9 INFO neutron.wsgi [req-89f51651-7560-418d-a8bb-07b5423b90d2 req-a4cabb9d-ae39-460e-a32d-8efa13d3613b 686af32b1be94b979025e27d50ec0dce 0e2414273bb744fb8a9eee2977f58e9b - - c59447b58e78401e9044174794112ce9 c59447b58e78401e9044174794112ce9] 199.19.213.176 "GET /v2.0/ports?tenant_id=7ca197cbfedf46c6a1675ce45718ce58&device_id=266e6dfd-6030-4991-9e6d-1c96e36bac92 HTTP/1.1" status: 200 len: 5159 time: 0.0389106
2026-06-24 19:17:25.097 9 INFO neutron.wsgi [req-89f51651-7560-418d-a8bb-07b5423b90d2 req-995763bc-59bd-4931-b5bd-23140a2bd913 686af32b1be94b979025e27d50ec0dce 0e2414273bb744fb8a9eee2977f58e9b - - c59447b58e78401e9044174794112ce9 c59447b58e78401e9044174794112ce9] 199.19.213.176 "GET /v2.0/floatingips?fixed_ip_address=172.24.1.251&port_id=71ff17e4-7769-4f8a-85d4-cf115da773b7 HTTP/1.1" status: 200 len: 217 time: 0.0318041
2026-06-24 19:17:25.132 9 INFO neutron.wsgi [req-89f51651-7560-418d-a8bb-07b5423b90d2 req-7126a0c4-6b8b-4856-bc83-d6ebdf6e71fe 686af32b1be94b979025e27d50ec0dce 0e2414273bb744fb8a9eee2977f58e9b - - c59447b58e78401e9044174794112ce9 c59447b58e78401e9044174794112ce9] 199.19.213.176 "GET /v2.0/subnets?id=6c539b0f-58ed-4823-bd45-7ce4db7f5d78 HTTP/1.1" status: 200 len: 829 time: 0.0278633
2026-06-24 19:17:25.164 9 INFO neutron.wsgi [req-89f51651-7560-418d-a8bb-07b5423b90d2 req-108e04c3-4011-4dc4-954f-9fcfd450c8a5 686af32b1be94b979025e27d50ec0dce 0e2414273bb744fb8a9eee2977f58e9b - - c59447b58e78401e9044174794112ce9 c59447b58e78401e9044174794112ce9] 199.19.213.176 "GET /v2.0/ports?network_id=aaa5d777-0ee9-45ec-b4a8-e2b127f0fa8f&device_owner=network%3Adhcp HTTP/1.1" status: 200 len: 210 time: 0.0246396
2026-06-24 19:17:25.223 9 INFO neutron.wsgi [req-89f51651-7560-418d-a8bb-07b5423b90d2 req-6e8e549a-ebf7-4a5d-bae6-69f43b024a31 686af32b1be94b979025e27d50ec0dce 0e2414273bb744fb8a9eee2977f58e9b - - c59447b58e78401e9044174794112ce9 c59447b58e78401e9044174794112ce9] 199.19.213.176 "GET /v2.0/networks/aaa5d777-0ee9-45ec-b4a8-e2b127f0fa8f?fields=segments HTTP/1.1" status: 200 len: 212 time: 0.0521064
2026-06-24 19:17:25.287 9 INFO neutron.wsgi [req-89f51651-7560-418d-a8bb-07b5423b90d2 req-4247764b-8ee2-48b6-bc22-6c658f1f688a 686af32b1be94b979025e27d50ec0dce 0e2414273bb744fb8a9eee2977f58e9b - - c59447b58e78401e9044174794112ce9 c59447b58e78401e9044174794112ce9] 199.19.213.176 "GET /v2.0/networks/aaa5d777-0ee9-45ec-b4a8-e2b127f0fa8f?fields=provider%3Aphysical_network&fields=provider%3Anetwork_type HTTP/1.1" status: 200 len: 277 time: 0.0576248
2026-06-24 19:17:25.325 9 INFO neutron.wsgi [req-89f51651-7560-418d-a8bb-07b5423b90d2 req-042cf9de-888a-4551-82d4-5dbce7980e62 686af32b1be94b979025e27d50ec0dce 0e2414273bb744fb8a9eee2977f58e9b - - c59447b58e78401e9044174794112ce9 c59447b58e78401e9044174794112ce9] 199.19.213.176 "GET /v2.0/floatingips?fixed_ip_address=10.1.1.189&port_id=debf35a7-ec0c-40d7-b7a1-cba847ab77af HTTP/1.1" status: 200 len: 217 time: 0.0311275
2026-06-24 19:17:25.362 9 INFO neutron.wsgi [req-89f51651-7560-418d-a8bb-07b5423b90d2 req-1dadc83a-0fe6-4ca8-b3c4-79aff94aa61f 686af32b1be94b979025e27d50ec0dce 0e2414273bb744fb8a9eee2977f58e9b - - c59447b58e78401e9044174794112ce9 c59447b58e78401e9044174794112ce9] 199.19.213.176 "GET /v2.0/subnets?id=575da278-fbaf-44da-bfcf-1f4f67888847 HTTP/1.1" status: 200 len: 854 time: 0.0322828
2026-06-24 19:17:25.391 9 INFO neutron.wsgi [req-89f51651-7560-418d-a8bb-07b5423b90d2 req-335d55ec-7242-401d-879b-1f7f24cee860 686af32b1be94b979025e27d50ec0dce 0e2414273bb744fb8a9eee2977f58e9b - - c59447b58e78401e9044174794112ce9 c59447b58e78401e9044174794112ce9] 199.19.213.176 "GET /v2.0/ports?network_id=52db75be-b01c-4ae9-84b8-0e8feae2e9a8&device_owner=network%3Adhcp HTTP/1.1" status: 200 len: 210 time: 0.0252638
2026-06-24 19:17:25.462 9 INFO neutron.wsgi [req-89f51651-7560-418d-a8bb-07b5423b90d2 req-9a386b51-ce1f-453d-bceb-fec011b1e7a3 686af32b1be94b979025e27d50ec0dce 0e2414273bb744fb8a9eee2977f58e9b - - c59447b58e78401e9044174794112ce9 c59447b58e78401e9044174794112ce9] 199.19.213.176 "GET /v2.0/networks/52db75be-b01c-4ae9-84b8-0e8feae2e9a8?fields=segments HTTP/1.1" status: 200 len: 212 time: 0.0618725
2026-06-24 19:17:25.527 9 INFO neutron.wsgi [req-89f51651-7560-418d-a8bb-07b5423b90d2 req-079746ee-eb94-4ebd-8acf-a7dc35c49245 686af32b1be94b979025e27d50ec0dce 0e2414273bb744fb8a9eee2977f58e9b - - c59447b58e78401e9044174794112ce9 c59447b58e78401e9044174794112ce9] 199.19.213.176 "GET /v2.0/networks/52db75be-b01c-4ae9-84b8-0e8feae2e9a8?fields=provider%3Aphysical_network&fields=provider%3Anetwork_type HTTP/1.1" status: 200 len: 277 time: 0.0575194
2026-06-24 19:17:25.561 9 INFO neutron.wsgi [req-89f51651-7560-418d-a8bb-07b5423b90d2 req-7ff812d6-6e9a-4009-92f0-270cfc5b3748 686af32b1be94b979025e27d50ec0dce 0e2414273bb744fb8a9eee2977f58e9b - - c59447b58e78401e9044174794112ce9 c59447b58e78401e9044174794112ce9] 199.19.213.176 "GET /v2.0/floatingips?fixed_ip_address=10.2.1.154&port_id=bb7cd561-1a15-494a-a5ea-bfac996819d5 HTTP/1.1" status: 200 len: 217 time: 0.0283711
2026-06-24 19:17:25.599 9 INFO neutron.wsgi [req-89f51651-7560-418d-a8bb-07b5423b90d2 req-09a0e1f7-f492-4b12-9c6d-94720cfbf329 686af32b1be94b979025e27d50ec0dce 0e2414273bb744fb8a9eee2977f58e9b - - c59447b58e78401e9044174794112ce9 c59447b58e78401e9044174794112ce9] 199.19.213.176 "GET /v2.0/subnets?id=eb927ad0-e558-48cc-b6b0-4d6926f52c8b HTTP/1.1" status: 200 len: 852 time: 0.0318513
2026-06-24 19:17:25.624 9 INFO neutron.wsgi [req-89f51651-7560-418d-a8bb-07b5423b90d2 req-4beb7501-a7ea-4a97-8152-8859272264eb 686af32b1be94b979025e27d50ec0dce 0e2414273bb744fb8a9eee2977f58e9b - - c59447b58e78401e9044174794112ce9 c59447b58e78401e9044174794112ce9] 199.19.213.176 "GET /v2.0/ports?network_id=b9d8086e-620f-4633-b56a-9e0a156a8597&device_owner=network%3Adhcp HTTP/1.1" status: 200 len: 210 time: 0.0177422
2026-06-24 19:17:25.693 9 INFO neutron.wsgi [req-89f51651-7560-418d-a8bb-07b5423b90d2 req-58ef4c5a-86ca-44b8-9d5f-fa26cc444b0a 686af32b1be94b979025e27d50ec0dce 0e2414273bb744fb8a9eee2977f58e9b - - c59447b58e78401e9044174794112ce9 c59447b58e78401e9044174794112ce9] 199.19.213.176 "GET /v2.0/networks/b9d8086e-620f-4633-b56a-9e0a156a8597?fields=segments HTTP/1.1" status: 200 len: 212 time: 0.0605810
2026-06-24 19:17:25.764 9 INFO neutron.wsgi [req-89f51651-7560-418d-a8bb-07b5423b90d2 req-8f35ebe5-a779-40aa-ab26-7d131097c55b 686af32b1be94b979025e27d50ec0dce 0e2414273bb744fb8a9eee2977f58e9b - - c59447b58e78401e9044174794112ce9 c59447b58e78401e9044174794112ce9] 199.19.213.176 "GET /v2.0/networks/b9d8086e-620f-4633-b56a-9e0a156a8597?fields=provider%3Aphysical_network&fields=provider%3Anetwork_type HTTP/1.1" status: 200 len: 277 time: 0.0630593
2026-06-24 19:17:25.812 9 INFO neutron.wsgi [req-89f51651-7560-418d-a8bb-07b5423b90d2 req-9350f07a-c094-451d-8b81-4570554e46fb 686af32b1be94b979025e27d50ec0dce 0e2414273bb744fb8a9eee2977f58e9b - - c59447b58e78401e9044174794112ce9 c59447b58e78401e9044174794112ce9] 199.19.213.176 "GET /v2.0/floatingips?fixed_ip_address=10.2.2.30&port_id=cc4c5c79-3e8c-4da5-b863-ebeebc609045 HTTP/1.1" status: 200 len: 217 time: 0.0399535
2026-06-24 19:17:25.854 9 INFO neutron.wsgi [req-89f51651-7560-418d-a8bb-07b5423b90d2 req-53b40363-9408-4910-bce0-f83590e78388 686af32b1be94b979025e27d50ec0dce 0e2414273bb744fb8a9eee2977f58e9b - - c59447b58e78401e9044174794112ce9 c59447b58e78401e9044174794112ce9] 199.19.213.176 "GET /v2.0/floatingips?fixed_ip_address=fd77%3A1457%3A4cf0%3A26a8%3A%3A365&port_id=cc4c5c79-3e8c-4da5-b863-ebeebc609045 HTTP/1.1" status: 200 len: 217 time: 0.0336721
2026-06-24 19:17:25.913 9 INFO neutron.wsgi [req-89f51651-7560-418d-a8bb-07b5423b90d2 req-b865e2bf-483d-412a-9f2d-0c04f1263cbe 686af32b1be94b979025e27d50ec0dce 0e2414273bb744fb8a9eee2977f58e9b - - c59447b58e78401e9044174794112ce9 c59447b58e78401e9044174794112ce9] 199.19.213.176 "GET /v2.0/subnets?id=afc2043f-e584-4914-8f46-28729bac7af9&id=10f9ef3b-216a-4701-b0e6-39f16f55c6e7 HTTP/1.1" status: 200 len: 1566 time: 0.0533247
2026-06-24 19:17:25.948 9 INFO neutron.wsgi [req-89f51651-7560-418d-a8bb-07b5423b90d2 req-91bbc93f-fa32-48ad-bf35-f9866f0f2d41 686af32b1be94b979025e27d50ec0dce 0e2414273bb744fb8a9eee2977f58e9b - - c59447b58e78401e9044174794112ce9 c59447b58e78401e9044174794112ce9] 199.19.213.176 "GET /v2.0/ports?network_id=69f36dfa-c4f9-4699-b631-81f957ec0061&device_owner=network%3Adhcp HTTP/1.1" status: 200 len: 210 time: 0.0279865
2026-06-24 19:17:25.979 9 INFO neutron.wsgi [req-89f51651-7560-418d-a8bb-07b5423b90d2 req-d9f2c483-ef26-4ad5-bdc1-be326b4d9e07 686af32b1be94b979025e27d50ec0dce 0e2414273bb744fb8a9eee2977f58e9b - - c59447b58e78401e9044174794112ce9 c59447b58e78401e9044174794112ce9] 199.19.213.176 "GET /v2.0/ports?network_id=69f36dfa-c4f9-4699-b631-81f957ec0061&device_owner=network%3Adhcp HTTP/1.1" status: 200 len: 210 time: 0.0243261
2026-06-24 19:17:26.043 9 INFO neutron.wsgi [req-89f51651-7560-418d-a8bb-07b5423b90d2 req-fac9dce6-89d5-48d9-9588-96dc4cc81603 686af32b1be94b979025e27d50ec0dce 0e2414273bb744fb8a9eee2977f58e9b - - c59447b58e78401e9044174794112ce9 c59447b58e78401e9044174794112ce9] 199.19.213.176 "GET /v2.0/networks/69f36dfa-c4f9-4699-b631-81f957ec0061?fields=segments HTTP/1.1" status: 200 len: 212 time: 0.0556273
2026-06-24 19:17:26.099 9 INFO neutron.wsgi [req-89f51651-7560-418d-a8bb-07b5423b90d2 req-6c893481-1b3b-43bd-9da3-812d8250f25d 686af32b1be94b979025e27d50ec0dce 0e2414273bb744fb8a9eee2977f58e9b - - c59447b58e78401e9044174794112ce9 c59447b58e78401e9044174794112ce9] 199.19.213.176 "GET /v2.0/networks/69f36dfa-c4f9-4699-b631-81f957ec0061?fields=provider%3Aphysical_network&fields=provider%3Anetwork_type HTTP/1.1" status: 200 len: 277 time: 0.0480056
2026-06-24 19:17:26.176 9 INFO neutron.wsgi [req-38837b63-d264-4051-9906-ed80bf6b607d req-8fe407a2-9417-4941-b611-2848609bbd29 686af32b1be94b979025e27d50ec0dce 0e2414273bb744fb8a9eee2977f58e9b - - c59447b58e78401e9044174794112ce9 c59447b58e78401e9044174794112ce9] 199.19.213.176 "GET /v2.0/ports?tenant_id=7ca197cbfedf46c6a1675ce45718ce58&device_id=266e6dfd-6030-4991-9e6d-1c96e36bac92 HTTP/1.1" status: 200 len: 5159 time: 0.0343902
2026-06-24 19:17:26.185 9 INFO neutron.plugins.ml2.drivers.ovn.mech_driver.mech_driver [None req-df408e8f-efc6-4758-a26d-e9311033e58d - - - - - -] OVN reports status up for port: cc4c5c79-3e8c-4da5-b863-ebeebc609045
2026-06-24 19:17:26.422 10 INFO neutron.wsgi [req-89f51651-7560-418d-a8bb-07b5423b90d2 req-1a218353-3300-41b8-898a-a6b7199dd030 4f10f8e3456c45888ba084e75ba8851b 7ca197cbfedf46c6a1675ce45718ce58 - - default default] 10.0.0.181 "GET /v2.0/ports/cc4c5c79-3e8c-4da5-b863-ebeebc609045 HTTP/1.1" status: 200 len: 1585 time: 0.0371692
2026-06-24 19:17:26.462 10 INFO neutron.wsgi [None req-95a96a37-a594-4689-b2cc-cb0fae9d36e2 4f10f8e3456c45888ba084e75ba8851b 7ca197cbfedf46c6a1675ce45718ce58 - - default default] 199.19.213.176 "GET /v2.0/ports/cc4c5c79-3e8c-4da5-b863-ebeebc609045 HTTP/1.1" status: 200 len: 1585 time: 0.0308356
2026-06-24 19:17:26.466 9 INFO neutron.plugins.ml2.plugin [None req-df408e8f-efc6-4758-a26d-e9311033e58d - - - - - -] Attempt 1 to provision port cc4c5c79-3e8c-4da5-b863-ebeebc609045
2026-06-24 19:17:26.499 10 INFO neutron.wsgi [None req-3e3fe782-82f6-4518-86f5-801c417dfa9f 4f10f8e3456c45888ba084e75ba8851b 7ca197cbfedf46c6a1675ce45718ce58 - - default default] 199.19.213.176 "GET /v2.0/ports/cc4c5c79-3e8c-4da5-b863-ebeebc609045 HTTP/1.1" status: 200 len: 1585 time: 0.0309615
2026-06-24 19:17:26.509 9 INFO neutron.wsgi [req-38837b63-d264-4051-9906-ed80bf6b607d req-89bbd8ac-88e6-47a9-a4a4-d80350beaa12 686af32b1be94b979025e27d50ec0dce 0e2414273bb744fb8a9eee2977f58e9b - - c59447b58e78401e9044174794112ce9 c59447b58e78401e9044174794112ce9] 199.19.213.176 "GET /v2.0/networks?id=69f36dfa-c4f9-4699-b631-81f957ec0061 HTTP/1.1" status: 200 len: 1003 time: 0.3216221
2026-06-24 19:17:26.555 9 INFO neutron.wsgi [req-38837b63-d264-4051-9906-ed80bf6b607d req-ea3e1f69-8783-46b9-a85f-40ba6e9cd8ca 686af32b1be94b979025e27d50ec0dce 0e2414273bb744fb8a9eee2977f58e9b - - c59447b58e78401e9044174794112ce9 c59447b58e78401e9044174794112ce9] 199.19.213.176 "GET /v2.0/floatingips?fixed_ip_address=10.2.2.30&port_id=cc4c5c79-3e8c-4da5-b863-ebeebc609045 HTTP/1.1" status: 200 len: 217 time: 0.0335233
2026-06-24 19:17:26.596 9 INFO neutron.wsgi [req-38837b63-d264-4051-9906-ed80bf6b607d req-44e1c901-26bc-4a96-a22a-c25e0785ad73 686af32b1be94b979025e27d50ec0dce 0e2414273bb744fb8a9eee2977f58e9b - - c59447b58e78401e9044174794112ce9 c59447b58e78401e9044174794112ce9] 199.19.213.176 "GET /v2.0/floatingips?fixed_ip_address=fd77%3A1457%3A4cf0%3A26a8%3A%3A365&port_id=cc4c5c79-3e8c-4da5-b863-ebeebc609045 HTTP/1.1" status: 200 len: 217 time: 0.0322978
2026-06-24 19:17:26.651 9 INFO neutron.wsgi [req-38837b63-d264-4051-9906-ed80bf6b607d req-d14ff73d-9ea1-4f88-ac66-af4dcb6a776f 686af32b1be94b979025e27d50ec0dce 0e2414273bb744fb8a9eee2977f58e9b - - c59447b58e78401e9044174794112ce9 c59447b58e78401e9044174794112ce9] 199.19.213.176 "GET /v2.0/subnets?id=afc2043f-e584-4914-8f46-28729bac7af9&id=10f9ef3b-216a-4701-b0e6-39f16f55c6e7 HTTP/1.1" status: 200 len: 1566 time: 0.0482328
2026-06-24 19:17:26.697 9 INFO neutron.wsgi [req-38837b63-d264-4051-9906-ed80bf6b607d req-3b320f17-0c50-4e5d-9bf7-c3d5030e75c0 686af32b1be94b979025e27d50ec0dce 0e2414273bb744fb8a9eee2977f58e9b - - c59447b58e78401e9044174794112ce9 c59447b58e78401e9044174794112ce9] 199.19.213.176 "GET /v2.0/ports?network_id=69f36dfa-c4f9-4699-b631-81f957ec0061&device_owner=network%3Adhcp HTTP/1.1" status: 200 len: 210 time: 0.0340889
2026-06-24 19:17:26.732 9 INFO neutron.wsgi [req-38837b63-d264-4051-9906-ed80bf6b607d req-7dc42bfa-bb3f-417f-aea5-273513435483 686af32b1be94b979025e27d50ec0dce 0e2414273bb744fb8a9eee2977f58e9b - - c59447b58e78401e9044174794112ce9 c59447b58e78401e9044174794112ce9] 199.19.213.176 "GET /v2.0/ports?network_id=69f36dfa-c4f9-4699-b631-81f957ec0061&device_owner=network%3Adhcp HTTP/1.1" status: 200 len: 210 time: 0.0282676
2026-06-24 19:17:26.839 9 INFO neutron.wsgi [req-38837b63-d264-4051-9906-ed80bf6b607d req-a0f8cd62-727c-4c67-97b8-0d4ea18a94a2 686af32b1be94b979025e27d50ec0dce 0e2414273bb744fb8a9eee2977f58e9b - - c59447b58e78401e9044174794112ce9 c59447b58e78401e9044174794112ce9] 199.19.213.176 "GET /v2.0/networks/69f36dfa-c4f9-4699-b631-81f957ec0061?fields=segments HTTP/1.1" status: 200 len: 212 time: 0.0973260
2026-06-24 19:17:26.879 9 ERROR ovsdbapp.backend.ovs_idl.transaction [None req-df408e8f-efc6-4758-a26d-e9311033e58d - - - - - -]
Traceback (most recent call last): File "/var/lib/openstack/lib/python3.10/site-packages/ovsdbapp/backend/ovs_idl/connection.py", line 118, in run txn.results.put(txn.do_commit())
File "/var/lib/openstack/lib/python3.10/site-packages/ovsdbapp/backend/ovs_idl/transaction.py", line 92, in do_commit command.run_idl(txn)
File "/var/lib/openstack/lib/python3.10/site-packages/neutron/plugins/ml2/drivers/ovn/mech_driver/ovsdb/commands.py", line 801, in run_idl raise ovn_exc.RevisionConflict( neutron.common.ovn.exceptions.RevisionConflict: OVN revision number for cc4c5c79-3e8c-4da5-b863-ebeebc609045 (type: ports) is equal or higher than the given resource. Skipping update 
2026-06-24 19:17:26.880 9 INFO neutron.plugins.ml2.drivers.ovn.mech_driver.ovsdb.impl_idl_ovn [None req-df408e8f-efc6-4758-a26d-e9311033e58d - - - - - -] Transaction aborted. Reason: OVN revision number for cc4c5c79-3e8c-4da5-b863-ebeebc609045 (type: ports) is equal or higher than the given resource. Skipping update
2026-06-24 19:17:26.883 10 INFO neutron.db.ovn_revision_numbers_db [None req-ada16ea1-5b98-438b-bc15-e1afe769f65c 4f10f8e3456c45888ba084e75ba8851b 7ca197cbfedf46c6a1675ce45718ce58 - - - -] Successfully bumped revision number for resource cc4c5c79-3e8c-4da5-b863-ebeebc609045 (type: ports) to 5
2026-06-24 19:17:26.893 10 INFO neutron.wsgi [None req-ada16ea1-5b98-438b-bc15-e1afe769f65c 4f10f8e3456c45888ba084e75ba8851b 7ca197cbfedf46c6a1675ce45718ce58 - - - -] 199.19.213.176 "PUT /v2.0/ports/cc4c5c79-3e8c-4da5-b863-ebeebc609045 HTTP/1.1" status: 200 len: 1324 time: 0.3881559 /var/lib/openstack/lib/python3.10/site-packages/pycadf/identifier.py:71: UserWarning: Invalid uuid: neutron. To ensure interoperability, identifiers should be a valid uuid. warnings.warn(('Invalid uuid: %s. To ensure interoperability, '
2026-06-24 19:17:26.931 10 INFO neutron.notifiers.nova [-] Nova event matching ['req-c096d346-89bc-482f-b08e-d55790f82206'] response: {'name': 'network-changed', 'server_uuid': '266e6dfd-6030-4991-9e6d-1c96e36bac92', 'tag': 'cc4c5c79-3e8c-4da5-b863-ebeebc609045', 'status': 'completed', 'code': 200}
2026-06-24 19:17:26.954 9 INFO neutron.wsgi [req-38837b63-d264-4051-9906-ed80bf6b607d req-922f0cd9-6e21-4cb7-a931-5adf8ee24366 686af32b1be94b979025e27d50ec0dce 0e2414273bb744fb8a9eee2977f58e9b - - c59447b58e78401e9044174794112ce9 c59447b58e78401e9044174794112ce9] 199.19.213.176 "GET /v2.0/networks/69f36dfa-c4f9-4699-b631-81f957ec0061?fields=provider%3Aphysical_network&fields=provider%3Anetwork_type HTTP/1.1" status: 200 len: 277 time: 0.1098285
2026-06-24 19:17:26.968 10 INFO neutron.wsgi [None req-bd5e217d-601c-4c74-8d65-75512c8d8936 4f10f8e3456c45888ba084e75ba8851b 7ca197cbfedf46c6a1675ce45718ce58 - - default default] 199.19.213.176 "GET /v2.0/networks/69f36dfa-c4f9-4699-b631-81f957ec0061 HTTP/1.1" status: 200 len: 1000 time: 0.0682967 /var/lib/openstack/lib/python3.10/site-packages/pycadf/identifier.py:71: UserWarning: Invalid uuid: neutron. To ensure interoperability, identifiers should be a valid uuid. warnings.warn(('Invalid uuid: %s. To ensure interoperability, '
2026-06-24 19:17:27.002 10 INFO neutron.wsgi [None req-289e423c-1f15-4aa7-85f9-0027b1a35ce9 4f10f8e3456c45888ba084e75ba8851b 7ca197cbfedf46c6a1675ce45718ce58 - - default default] 199.19.213.176 "GET /v2.0/subnets/10f9ef3b-216a-4701-b0e6-39f16f55c6e7 HTTP/1.1" status: 200 len: 849 time: 0.0290759
2026-06-24 19:17:27.039 9 INFO neutron.wsgi [req-60ac50b5-3faa-4ba2-9c51-c96ff8181292 req-826910fd-77be-491a-aa72-d82c9d35f262 686af32b1be94b979025e27d50ec0dce 0e2414273bb744fb8a9eee2977f58e9b - - c59447b58e78401e9044174794112ce9 c59447b58e78401e9044174794112ce9] 199.19.213.176 "GET /v2.0/ports?tenant_id=7ca197cbfedf46c6a1675ce45718ce58&device_id=266e6dfd-6030-4991-9e6d-1c96e36bac92 HTTP/1.1" status: 200 len: 4928 time: 0.0450337
2026-06-24 19:17:27.054 9 INFO neutron.notifiers.nova [-] Nova event matching ['req-3c0326f4-b7a5-4e5a-bdc1-f644a4acc24c'] response: {'server_uuid': '266e6dfd-6030-4991-9e6d-1c96e36bac92', 'name': 'network-vif-plugged', 'status': 'completed', 'tag': 'cc4c5c79-3e8c-4da5-b863-ebeebc609045', 'code': 200}
2026-06-24 19:17:27.054 9 INFO neutron.notifiers.nova [-] Nova event matching ['req-3c0326f4-b7a5-4e5a-bdc1-f644a4acc24c'] response: {'server_uuid': '266e6dfd-6030-4991-9e6d-1c96e36bac92', 'name': 'network-vif-plugged', 'status': 'completed', 'tag': 'cc4c5c79-3e8c-4da5-b863-ebeebc609045', 'code': 200}
2026-06-24 19:17:27.071 10 INFO neutron.wsgi [None req-839d75df-3bc8-4d75-a8f2-5fb1b5b05a4c 4f10f8e3456c45888ba084e75ba8851b 7ca197cbfedf46c6a1675ce45718ce58 - - default default] 199.19.213.176 "GET /v2.0/extensions/security-group HTTP/1.1" status: 200 len: 369 time: 0.0081668
2026-06-24 19:17:27.085 10 INFO neutron.wsgi [None req-c9e2131c-cbf5-48e2-9a80-506229f9e6c5 4f10f8e3456c45888ba084e75ba8851b 7ca197cbfedf46c6a1675ce45718ce58 - - default default] 199.19.213.176 "GET /v2.0/extensions/dns-integration HTTP/1.1" status: 200 len: 371 time: 0.0078971
2026-06-24 19:17:27.093 10 INFO neutron.wsgi [None req-fbad6cbd-a99c-4dac-adef-ad3d658ef34a 4f10f8e3456c45888ba084e75ba8851b 7ca197cbfedf46c6a1675ce45718ce58 - - default default] 199.19.213.176 "GET /v2.0/extensions/qos HTTP/1.1" status: 200 len: 365 time: 0.0037115
2026-06-24 19:17:27.103 10 INFO neutron.wsgi [None req-9c1ce99b-14e7-4d17-a308-40e8d9cb32d6 4f10f8e3456c45888ba084e75ba8851b 7ca197cbfedf46c6a1675ce45718ce58 - - default default] 199.19.213.176 "GET /v2.0/extensions/allowed-address-pairs HTTP/1.1" status: 200 len: 383 time: 0.0044000
2026-06-24 19:17:27.111 9 INFO neutron.wsgi [req-60ac50b5-3faa-4ba2-9c51-c96ff8181292 req-a252ce96-444c-4378-aaf6-9b0235310581 686af32b1be94b979025e27d50ec0dce 0e2414273bb744fb8a9eee2977f58e9b - - c59447b58e78401e9044174794112ce9 c59447b58e78401e9044174794112ce9] 199.19.213.176 "GET /v2.0/networks?id=69f36dfa-c4f9-4699-b631-81f957ec0061 HTTP/1.1" status: 200 len: 1003 time: 0.0666411
2026-06-24 19:17:27.142 10 INFO neutron.wsgi [None req-9b17c7eb-cae6-4156-9f01-68af8306726e 4f10f8e3456c45888ba084e75ba8851b 7ca197cbfedf46c6a1675ce45718ce58 - - default default] 199.19.213.176 "GET /v2.0/subnets/575da278-fbaf-44da-bfcf-1f4f67888847 HTTP/1.1" status: 200 len: 851 time: 0.0330071
2026-06-24 19:17:27.145 9 INFO neutron.wsgi [req-60ac50b5-3faa-4ba2-9c51-c96ff8181292 req-47c004c1-d7bd-4114-8f71-bb7b8dc2a305 686af32b1be94b979025e27d50ec0dce 0e2414273bb744fb8a9eee2977f58e9b - - c59447b58e78401e9044174794112ce9 c59447b58e78401e9044174794112ce9] 199.19.213.176 "GET /v2.0/floatingips?fixed_ip_address=10.2.2.30&port_id=cc4c5c79-3e8c-4da5-b863-ebeebc609045 HTTP/1.1" status: 200 len: 217 time: 0.0267048
2026-06-24 19:17:27.182 10 INFO neutron.wsgi [None req-47468cbd-2aea-446f-b4dc-28f79320a089 4f10f8e3456c45888ba084e75ba8851b 7ca197cbfedf46c6a1675ce45718ce58 - - default default] 199.19.213.176 "GET /v2.0/ports/4e90ccd3-0948-47e8-a031-50e27346ef3a HTTP/1.1" status: 200 len: 1340 time: 0.0326514
2026-06-24 19:17:27.187 9 INFO neutron.wsgi [req-60ac50b5-3faa-4ba2-9c51-c96ff8181292 req-4e658f72-de18-4157-8d83-cef42c3f1a33 686af32b1be94b979025e27d50ec0dce 0e2414273bb744fb8a9eee2977f58e9b - - c59447b58e78401e9044174794112ce9 c59447b58e78401e9044174794112ce9] 199.19.213.176 "GET /v2.0/subnets?id=10f9ef3b-216a-4701-b0e6-39f16f55c6e7 HTTP/1.1" status: 200 len: 852 time: 0.0343113
2026-06-24 19:17:27.221 10 INFO neutron.wsgi [None req-9ba5291f-a080-4ee1-86bb-d254e1d9f466 4f10f8e3456c45888ba084e75ba8851b 7ca197cbfedf46c6a1675ce45718ce58 - - default default] 199.19.213.176 "GET /v2.0/ports/debf35a7-ec0c-40d7-b7a1-cba847ab77af HTTP/1.1" status: 200 len: 1471 time: 0.0323679
2026-06-24 19:17:27.227 9 INFO neutron.wsgi [req-60ac50b5-3faa-4ba2-9c51-c96ff8181292 req-f30f50cd-9578-41cf-9976-5476d584301c 686af32b1be94b979025e27d50ec0dce 0e2414273bb744fb8a9eee2977f58e9b - - c59447b58e78401e9044174794112ce9 c59447b58e78401e9044174794112ce9] 199.19.213.176 "GET /v2.0/ports?network_id=69f36dfa-c4f9-4699-b631-81f957ec0061&device_owner=network%3Adhcp HTTP/1.1" status: 200 len: 210 time: 0.0326707
2026-06-24 19:17:27.260 10 INFO neutron.wsgi [None req-3ba7f025-fb10-4977-8b15-d7418e5834e0 4f10f8e3456c45888ba084e75ba8851b 7ca197cbfedf46c6a1675ce45718ce58 - - default default] 199.19.213.176 "GET /v2.0/subnets/575da278-fbaf-44da-bfcf-1f4f67888847 HTTP/1.1" status: 200 len: 851 time: 0.0352890
2026-06-24 19:17:27.305 9 INFO neutron.wsgi [req-60ac50b5-3faa-4ba2-9c51-c96ff8181292 req-9feded62-0ffa-41fa-b455-0f7ce495ade4 686af32b1be94b979025e27d50ec0dce 0e2414273bb744fb8a9eee2977f58e9b - - c59447b58e78401e9044174794112ce9 c59447b58e78401e9044174794112ce9] 199.19.213.176 "GET /v2.0/networks/69f36dfa-c4f9-4699-b631-81f957ec0061?fields=segments HTTP/1.1" status: 200 len: 212 time: 0.0699487
2026-06-24 19:17:27.340 10 INFO neutron.wsgi [None req-d0bb3ed2-f9e3-4391-8ad7-62cbe93a0477 4f10f8e3456c45888ba084e75ba8851b 7ca197cbfedf46c6a1675ce45718ce58 - - default default] 199.19.213.176 "GET /v2.0/networks/52db75be-b01c-4ae9-84b8-0e8feae2e9a8 HTTP/1.1" status: 200 len: 1001 time: 0.0733752
2026-06-24 19:17:27.373 10 INFO neutron.wsgi [None req-99a641eb-72ba-4967-9bf8-35ea4a279841 4f10f8e3456c45888ba084e75ba8851b 7ca197cbfedf46c6a1675ce45718ce58 - - default default] 199.19.213.176 "GET /v2.0/ports/4e90ccd3-0948-47e8-a031-50e27346ef3a HTTP/1.1" status: 200 len: 1340 time: 0.0258846
2026-06-24 19:17:27.382 9 INFO neutron.wsgi [req-60ac50b5-3faa-4ba2-9c51-c96ff8181292 req-3117030f-2216-4e5a-a601-bd49c5da9c36 686af32b1be94b979025e27d50ec0dce 0e2414273bb744fb8a9eee2977f58e9b - - c59447b58e78401e9044174794112ce9 c59447b58e78401e9044174794112ce9] 199.19.213.176 "GET /v2.0/networks/69f36dfa-c4f9-4699-b631-81f957ec0061?fields=provider%3Aphysical_network&fields=provider%3Anetwork_type HTTP/1.1" status: 200 len: 277 time: 0.0697262
2026-06-24 19:17:27.417 10 INFO neutron.wsgi [None req-bd7bd9a8-3dfc-4498-80d2-32f94f2f7f45 4f10f8e3456c45888ba084e75ba8851b 7ca197cbfedf46c6a1675ce45718ce58 - - default default] 199.19.213.176 "GET /v2.0/subnets/575da278-fbaf-44da-bfcf-1f4f67888847 HTTP/1.1" status: 200 len: 851 time: 0.0376937
2026-06-24 19:17:31.527 9 INFO neutron.wsgi [-] 10.0.0.108 "GET / HTTP/1.1" status: 200 len: 246 time: 0.0020118
2026-06-24 19:17:31.528 10 INFO neutron.wsgi [-] 10.0.0.108 "GET / HTTP/1.1" status: 200 len: 246 time: 0.0028770
2026-06-24 19:17:36.811 10 INFO neutron.wsgi [None req-761a5bc0-5da3-4009-b200-6dd5d8652e51 4f10f8e3456c45888ba084e75ba8851b 7ca197cbfedf46c6a1675ce45718ce58 - - default default] 199.19.213.176 "GET /v2.0/extensions/security-group HTTP/1.1" status: 200 len: 369 time: 0.0130119
2026-06-24 19:17:36.823 10 INFO neutron.wsgi [None req-e5886c39-d0a4-4f07-a935-5dcdf31988df 4f10f8e3456c45888ba084e75ba8851b 7ca197cbfedf46c6a1675ce45718ce58 - - default default] 199.19.213.176 "GET /v2.0/extensions/dns-integration HTTP/1.1" status: 200 len: 371 time: 0.0056064
2026-06-24 19:17:36.838 10 INFO neutron.wsgi [None req-84afd557-dc84-4ffb-8a59-5326996ab2ce 4f10f8e3456c45888ba084e75ba8851b 7ca197cbfedf46c6a1675ce45718ce58 - - default default] 199.19.213.176 "GET /v2.0/extensions/qos HTTP/1.1" status: 200 len: 365 time: 0.0094645
2026-06-24 19:17:36.857 10 INFO neutron.wsgi [None req-a228f6c1-a7cb-47fd-89c5-f63c25280b38 4f10f8e3456c45888ba084e75ba8851b 7ca197cbfedf46c6a1675ce45718ce58 - - default default] 199.19.213.176 "GET /v2.0/extensions/allowed-address-pairs HTTP/1.1" status: 200 len: 383 time: 0.0081456
2026-06-24 19:17:36.917 10 INFO neutron.wsgi [None req-5f0f2893-d79b-45ce-a113-5091463e8828 4f10f8e3456c45888ba084e75ba8851b 7ca197cbfedf46c6a1675ce45718ce58 - - default default] 199.19.213.176 "GET /v2.0/subnets/eb927ad0-e558-48cc-b6b0-4d6926f52c8b HTTP/1.1" status: 200 len: 849 time: 0.0510621
2026-06-24 19:17:36.958 10 INFO neutron.wsgi [None req-8101d6f1-12c3-4fbb-a7c1-b6b624744828 4f10f8e3456c45888ba084e75ba8851b 7ca197cbfedf46c6a1675ce45718ce58 - - default default] 199.19.213.176 "GET /v2.0/ports?device_id=266e6dfd-6030-4991-9e6d-1c96e36bac92 HTTP/1.1" status: 200 len: 4928 time: 0.0332429
2026-06-24 19:17:37.093 10 INFO neutron.wsgi [None req-9efc4313-fda8-41b3-bf0f-87287b9848a8 4f10f8e3456c45888ba084e75ba8851b 7ca197cbfedf46c6a1675ce45718ce58 - - default default] 199.19.213.176 "GET /v2.0/extensions/security-group HTTP/1.1" status: 200 len: 369 time: 0.0086613
2026-06-24 19:17:37.105 10 INFO neutron.wsgi [None req-658bf188-5cdf-49d0-8ef5-9203a852c93f 4f10f8e3456c45888ba084e75ba8851b 7ca197cbfedf46c6a1675ce45718ce58 - - default default] 199.19.213.176 "GET /v2.0/extensions/dns-integration HTTP/1.1" status: 200 len: 371 time: 0.0047169
2026-06-24 19:17:37.114 10 INFO neutron.wsgi [None req-e4b1c433-6f48-42ac-9378-4f12b6856a0e 4f10f8e3456c45888ba084e75ba8851b 7ca197cbfedf46c6a1675ce45718ce58 - - default default] 199.19.213.176 "GET /v2.0/extensions/qos HTTP/1.1" status: 200 len: 365 time: 0.0049016
2026-06-24 19:17:37.124 10 INFO neutron.wsgi [None req-7ab2be79-08a5-4548-aa56-51e9b5adbf2b 4f10f8e3456c45888ba084e75ba8851b 7ca197cbfedf46c6a1675ce45718ce58 - - default default] 199.19.213.176 "GET /v2.0/extensions/allowed-address-pairs HTTP/1.1" status: 200 len: 383 time: 0.0051079
2026-06-24 19:17:37.168 10 INFO neutron.wsgi [None req-9178e5c4-4d58-4327-ba76-3a704f09637f 4f10f8e3456c45888ba084e75ba8851b 7ca197cbfedf46c6a1675ce45718ce58 - - default default] 199.19.213.176 "GET /v2.0/ports/cc4c5c79-3e8c-4da5-b863-ebeebc609045 HTTP/1.1" status: 200 len: 1354 time: 0.0364451
2026-06-24 19:17:37.542 10 INFO neutron.db.ovn_revision_numbers_db [None req-88db8a8f-e92f-4a7a-b47c-50e807984af9 4f10f8e3456c45888ba084e75ba8851b 7ca197cbfedf46c6a1675ce45718ce58 - - - -] Successfully bumped revision number for resource cc4c5c79-3e8c-4da5-b863-ebeebc609045 (type: ports) to 6
2026-06-24 19:17:37.550 10 INFO neutron.wsgi [None req-88db8a8f-e92f-4a7a-b47c-50e807984af9 4f10f8e3456c45888ba084e75ba8851b 7ca197cbfedf46c6a1675ce45718ce58 - - - -] 199.19.213.176 "PUT /v2.0/ports/cc4c5c79-3e8c-4da5-b863-ebeebc609045 HTTP/1.1" status: 200 len: 1154 time: 0.3740444 /var/lib/openstack/lib/python3.10/site-packages/pycadf/identifier.py:71: UserWarning: Invalid uuid: neutron. To ensure interoperability, identifiers should be a valid uuid. warnings.warn(('Invalid uuid: %s. To ensure interoperability, '
2026-06-24 19:17:37.596 10 INFO neutron.notifiers.nova [-] Nova event matching ['req-8dcb2345-441a-4319-880f-796463f0f010'] response: {'name': 'network-changed', 'server_uuid': '266e6dfd-6030-4991-9e6d-1c96e36bac92', 'tag': 'cc4c5c79-3e8c-4da5-b863-ebeebc609045', 'status': 'completed', 'code': 200}
2026-06-24 19:17:37.620 10 INFO neutron.wsgi [None req-46378bd1-3594-4011-92fd-b64d38feee4a 4f10f8e3456c45888ba084e75ba8851b 7ca197cbfedf46c6a1675ce45718ce58 - - default default] 199.19.213.176 "GET /v2.0/networks/69f36dfa-c4f9-4699-b631-81f957ec0061 HTTP/1.1" status: 200 len: 1000 time: 0.0641346
2026-06-24 19:17:37.652 9 INFO neutron.wsgi [req-54f522bd-309f-4ec3-a16e-6e34ddde3273 req-d50d38a2-45ce-4962-920f-0a091257882f 686af32b1be94b979025e27d50ec0dce 0e2414273bb744fb8a9eee2977f58e9b - - c59447b58e78401e9044174794112ce9 c59447b58e78401e9044174794112ce9] 199.19.213.176 "GET /v2.0/ports?tenant_id=7ca197cbfedf46c6a1675ce45718ce58&device_id=266e6dfd-6030-4991-9e6d-1c96e36bac92 HTTP/1.1" status: 200 len: 4757 time: 0.0438604
