2026-06-24 19:13:41.189 9 INFO neutron.wsgi [None req-e25f2ab9-0eef-4435-886f-1e9535a96c47 ed3a178848e249a0a8ac3823f8c489db 9bf34a01ca1d45d8a69b8c6cd4a9615d - - default default] 10.0.0.32 "GET /v2.0/ports/7cbbabfe-1349-4a94-91a1-c95ec525fc89/tags HTTP/1.1" status: 200 len: 227 time: 0.0323505
2026-06-24 19:13:41.254 9 INFO neutron.wsgi [None req-c1954640-d576-49ce-b1b5-221c197465e5 ed3a178848e249a0a8ac3823f8c489db 9bf34a01ca1d45d8a69b8c6cd4a9615d - - - -] 10.0.0.32 "PUT /v2.0/ports/7cbbabfe-1349-4a94-91a1-c95ec525fc89/tags/black.or.white HTTP/1.1" status: 201 len: 201 time: 0.0609190
2026-06-24 19:13:41.289 9 INFO neutron.wsgi [None req-7b2a7e0f-d61f-4bba-b09c-b0b1c8d13d04 ed3a178848e249a0a8ac3823f8c489db 9bf34a01ca1d45d8a69b8c6cd4a9615d - - default default] 10.0.0.32 "GET /v2.0/ports/7cbbabfe-1349-4a94-91a1-c95ec525fc89/tags HTTP/1.1" status: 200 len: 245 time: 0.0289562
2026-06-24 19:13:41.349 9 INFO neutron.wsgi [None req-d602b4e6-a253-4946-8330-3c78bbd8bb10 ed3a178848e249a0a8ac3823f8c489db 9bf34a01ca1d45d8a69b8c6cd4a9615d - - - -] 10.0.0.32 "PUT /v2.0/ports/7cbbabfe-1349-4a94-91a1-c95ec525fc89/tags HTTP/1.1" status: 200 len: 230 time: 0.0508988
2026-06-24 19:13:41.384 9 INFO neutron.wsgi [None req-3d45ea81-6b49-4aef-89d7-11cc8ce0c687 ed3a178848e249a0a8ac3823f8c489db 9bf34a01ca1d45d8a69b8c6cd4a9615d - - default default] 10.0.0.32 "GET /v2.0/ports/7cbbabfe-1349-4a94-91a1-c95ec525fc89/tags HTTP/1.1" status: 200 len: 230 time: 0.0291684
2026-06-24 19:13:41.420 9 INFO neutron.wsgi [None req-534bddf1-161b-49e5-83d2-48774500e97f ed3a178848e249a0a8ac3823f8c489db 9bf34a01ca1d45d8a69b8c6cd4a9615d - - default default] 10.0.0.32 "GET /v2.0/ports/7cbbabfe-1349-4a94-91a1-c95ec525fc89/tags/red HTTP/1.1" status: 204 len: 168 time: 0.0316477
2026-06-24 19:13:41.466 10 INFO neutron.api.v2.resource [None req-13c7846a-ed99-456e-80f9-957a846b78ae ed3a178848e249a0a8ac3823f8c489db 9bf34a01ca1d45d8a69b8c6cd4a9615d - - default default] show failed (client error): The resource could not be found.
2026-06-24 19:13:41.468 10 INFO neutron.wsgi [None req-13c7846a-ed99-456e-80f9-957a846b78ae ed3a178848e249a0a8ac3823f8c489db 9bf34a01ca1d45d8a69b8c6cd4a9615d - - default default] 10.0.0.32 "GET /v2.0/ports/7cbbabfe-1349-4a94-91a1-c95ec525fc89/tags/green HTTP/1.1" status: 404 len: 299 time: 0.0427494
2026-06-24 19:13:41.528 10 INFO neutron.db.ovn_revision_numbers_db [None req-b8302728-f206-4a73-8c5d-e0d8bdb826d9 2f30c547b3534b1c82da58361d483f20 d808676774dc42dd8b05d74de46d1fd0 - - - -] Successfully bumped revision number for resource bfd9ae82-fcd2-4e89-9bf0-e57577b97dee (type: security_groups) to 1
2026-06-24 19:13:41.534 10 INFO neutron.wsgi [None req-a54e30de-7248-428e-92ba-f3ad922314af ed3a178848e249a0a8ac3823f8c489db 9bf34a01ca1d45d8a69b8c6cd4a9615d - - - -] 10.0.0.32 "DELETE /v2.0/ports/7cbbabfe-1349-4a94-91a1-c95ec525fc89/tags/red HTTP/1.1" status: 204 len: 168 time: 0.0613060
2026-06-24 19:13:41.581 9 INFO neutron.wsgi [None req-d8b31d13-a35d-4146-9e02-7ec26ac70591 ed3a178848e249a0a8ac3823f8c489db 9bf34a01ca1d45d8a69b8c6cd4a9615d - - default default] 10.0.0.32 "GET /v2.0/ports/7cbbabfe-1349-4a94-91a1-c95ec525fc89/tags HTTP/1.1" status: 200 len: 223 time: 0.0430129
2026-06-24 19:13:41.583 10 INFO neutron.db.segments_db [None req-b8302728-f206-4a73-8c5d-e0d8bdb826d9 2f30c547b3534b1c82da58361d483f20 d808676774dc42dd8b05d74de46d1fd0 - - - -] Added segment cc1bbc5c-20b3-42bd-97f8-84afadf9fd53 of type geneve for network 6041930c-405a-4e93-a51e-2cc7d13689a4
2026-06-24 19:13:41.647 9 INFO neutron.api.v2.resource [None req-2ce91117-6546-41c4-9ff1-4066fc9c1863 ed3a178848e249a0a8ac3823f8c489db 9bf34a01ca1d45d8a69b8c6cd4a9615d - - - -] delete failed (client error): The resource could not be found.
2026-06-24 19:13:41.650 9 INFO neutron.wsgi [None req-2ce91117-6546-41c4-9ff1-4066fc9c1863 ed3a178848e249a0a8ac3823f8c489db 9bf34a01ca1d45d8a69b8c6cd4a9615d - - - -] 10.0.0.32 "DELETE /v2.0/ports/7cbbabfe-1349-4a94-91a1-c95ec525fc89/tags/green HTTP/1.1" status: 404 len: 299 time: 0.0621986
2026-06-24 19:13:41.700 9 INFO neutron.wsgi [None req-a0f6123d-d3e2-4ac6-b8f7-4e820af4f1fb ed3a178848e249a0a8ac3823f8c489db 9bf34a01ca1d45d8a69b8c6cd4a9615d - - - -] 10.0.0.32 "DELETE /v2.0/ports/7cbbabfe-1349-4a94-91a1-c95ec525fc89/tags HTTP/1.1" status: 204 len: 168 time: 0.0454340
2026-06-24 19:13:41.736 10 INFO neutron.db.ovn_revision_numbers_db [None req-b8302728-f206-4a73-8c5d-e0d8bdb826d9 2f30c547b3534b1c82da58361d483f20 d808676774dc42dd8b05d74de46d1fd0 - - - -] Successfully bumped revision number for resource 6041930c-405a-4e93-a51e-2cc7d13689a4 (type: networks) to 1
2026-06-24 19:13:41.740 9 INFO neutron.wsgi [None req-4ccbdc47-1ea8-4afa-96e4-8b3e091399a2 ed3a178848e249a0a8ac3823f8c489db 9bf34a01ca1d45d8a69b8c6cd4a9615d - - default default] 10.0.0.32 "GET /v2.0/ports/7cbbabfe-1349-4a94-91a1-c95ec525fc89/tags HTTP/1.1" status: 200 len: 205 time: 0.0360215
2026-06-24 19:13:41.993 10 WARNING neutron.scheduler.dhcp_agent_scheduler [None req-b8302728-f206-4a73-8c5d-e0d8bdb826d9 2f30c547b3534b1c82da58361d483f20 d808676774dc42dd8b05d74de46d1fd0 - - - -] No more DHCP agents
2026-06-24 19:13:41.995 10 WARNING neutron.api.rpc.agentnotifiers.dhcp_rpc_agent_api [None req-b8302728-f206-4a73-8c5d-e0d8bdb826d9 2f30c547b3534b1c82da58361d483f20 d808676774dc42dd8b05d74de46d1fd0 - - - -] Unable to schedule network 6041930c-405a-4e93-a51e-2cc7d13689a4: no agents available; will retry on subsequent port and subnet creation events.
2026-06-24 19:13:42.045 10 INFO neutron.wsgi [None req-c1566292-a2dd-49e8-9208-45dc9d0c8cc4 6954f9bd9e1e428bbf8a0bb2c40a8ecb d3c5e207247e44a089e540fe6934c7f5 - - default default] 10.0.0.32 "GET /v2.0/extensions HTTP/1.1" status: 200 len: 16520 time: 0.2296026
2026-06-24 19:13:42.047 9 INFO neutron.wsgi [None req-be3e314a-002b-4a64-96da-5c91ad46b670 ed3a178848e249a0a8ac3823f8c489db 9bf34a01ca1d45d8a69b8c6cd4a9615d - - - -] 10.0.0.32 "DELETE /v2.0/ports/7cbbabfe-1349-4a94-91a1-c95ec525fc89 HTTP/1.1" status: 204 len: 168 time: 0.2963982
2026-06-24 19:13:42.054 9 INFO neutron.wsgi [None req-7ba91458-a46c-4847-96f1-3bf5356654b4 6954f9bd9e1e428bbf8a0bb2c40a8ecb d3c5e207247e44a089e540fe6934c7f5 - - default default] 10.0.0.32 "GET /v2.0/extensions/address-group HTTP/1.1" status: 200 len: 353 time: 0.0052197
2026-06-24 19:13:42.061 9 INFO neutron.wsgi [None req-cac28c9a-20cc-4b8a-be13-c471cb219d36 6954f9bd9e1e428bbf8a0bb2c40a8ecb d3c5e207247e44a089e540fe6934c7f5 - - default default] 10.0.0.32 "GET /v2.0/extensions/address-scope HTTP/1.1" status: 200 len: 357 time: 0.0045779
2026-06-24 19:13:42.070 9 INFO neutron.wsgi [None req-54cb0e15-8a09-47eb-a9c9-fb597d03cae3 6954f9bd9e1e428bbf8a0bb2c40a8ecb d3c5e207247e44a089e540fe6934c7f5 - - default default] 10.0.0.32 "GET /v2.0/extensions/agent HTTP/1.1" status: 200 len: 347 time: 0.0048885
2026-06-24 19:13:42.079 9 INFO neutron.wsgi [None req-051ca956-02f9-42a2-aff7-fabdf71e61fc 6954f9bd9e1e428bbf8a0bb2c40a8ecb d3c5e207247e44a089e540fe6934c7f5 - - default default] 10.0.0.32 "GET /v2.0/extensions/allowed-address-pairs HTTP/1.1" status: 200 len: 378 time: 0.0053222
2026-06-24 19:13:42.086 9 INFO neutron.wsgi [None req-10a3479c-7235-4055-99df-2548ef691a91 6954f9bd9e1e428bbf8a0bb2c40a8ecb d3c5e207247e44a089e540fe6934c7f5 - - default default] 10.0.0.32 "GET /v2.0/extensions/auto-allocated-topology HTTP/1.1" status: 200 len: 394 time: 0.0041826
2026-06-24 19:13:42.096 9 INFO neutron.wsgi [None req-9dc0fa4b-d341-4c3b-ab4d-8eaee2146c53 6954f9bd9e1e428bbf8a0bb2c40a8ecb d3c5e207247e44a089e540fe6934c7f5 - - default default] 10.0.0.32 "GET /v2.0/extensions/availability_zone HTTP/1.1" status: 200 len: 372 time: 0.0043325
2026-06-24 19:13:42.104 9 INFO neutron.wsgi [None req-98ac9aaa-b1c2-47f8-9ed8-dc497fcb5c5a 6954f9bd9e1e428bbf8a0bb2c40a8ecb d3c5e207247e44a089e540fe6934c7f5 - - default default] 10.0.0.32 "GET /v2.0/extensions/default-subnetpools HTTP/1.1" status: 200 len: 405 time: 0.0044050
2026-06-24 19:13:42.112 9 INFO neutron.wsgi [None req-f811acc9-e317-408f-a409-242c36bebd69 6954f9bd9e1e428bbf8a0bb2c40a8ecb d3c5e207247e44a089e540fe6934c7f5 - - default default] 10.0.0.32 "GET /v2.0/extensions/dhcp_agent_scheduler HTTP/1.1" status: 200 len: 381 time: 0.0041845
2026-06-24 19:13:42.118 9 INFO neutron.wsgi [None req-6e60ae71-9f22-4dea-8f23-774f4fb6c5db 6954f9bd9e1e428bbf8a0bb2c40a8ecb d3c5e207247e44a089e540fe6934c7f5 - - default default] 10.0.0.32 "GET /v2.0/extensions/dns-integration HTTP/1.1" status: 200 len: 366 time: 0.0032806
2026-06-24 19:13:42.127 9 INFO neutron.wsgi [None req-145213dd-0a79-47df-8428-bdb29df5fd8f 6954f9bd9e1e428bbf8a0bb2c40a8ecb d3c5e207247e44a089e540fe6934c7f5 - - default default] 10.0.0.32 "GET /v2.0/extensions/dns-domain-ports HTTP/1.1" status: 200 len: 399 time: 0.0053291
2026-06-24 19:13:42.134 10 INFO neutron.db.ovn_revision_numbers_db [None req-b8302728-f206-4a73-8c5d-e0d8bdb826d9 2f30c547b3534b1c82da58361d483f20 d808676774dc42dd8b05d74de46d1fd0 - - - -] Successfully bumped revision number for resource 4db7d2e2-4972-442d-8f7b-c5cf236bd50f (type: ports) to 1
2026-06-24 19:13:42.142 9 INFO neutron.wsgi [None req-7ad422d2-3c2c-45bc-9bde-edf0eff67b3b 6954f9bd9e1e428bbf8a0bb2c40a8ecb d3c5e207247e44a089e540fe6934c7f5 - - default default] 10.0.0.32 "GET /v2.0/extensions/dns-integration-domain-keywords HTTP/1.1" status: 200 len: 477 time: 0.0084722
2026-06-24 19:13:42.153 9 INFO neutron.wsgi [None req-2cc7f01c-61c6-4c38-9500-f60b2730a495 6954f9bd9e1e428bbf8a0bb2c40a8ecb d3c5e207247e44a089e540fe6934c7f5 - - default default] 10.0.0.32 "GET /v2.0/extensions/external-net HTTP/1.1" status: 200 len: 394 time: 0.0061169
2026-06-24 19:13:42.160 10 INFO neutron.wsgi [None req-b8302728-f206-4a73-8c5d-e0d8bdb826d9 2f30c547b3534b1c82da58361d483f20 d808676774dc42dd8b05d74de46d1fd0 - - - -] 10.0.0.32 "POST /v2.0/networks HTTP/1.1" status: 201 len: 928 time: 1.0201256
2026-06-24 19:13:42.167 9 INFO neutron.wsgi [None req-adbea0dd-bfd3-401a-b923-66c1ae2b8811 6954f9bd9e1e428bbf8a0bb2c40a8ecb d3c5e207247e44a089e540fe6934c7f5 - - default default] 10.0.0.32 "GET /v2.0/extensions/extra_dhcp_opt HTTP/1.1" status: 200 len: 498 time: 0.0109658
2026-06-24 19:13:42.177 10 INFO neutron.wsgi [None req-53aff05c-0bf4-4bb4-a827-1257fb79117f 6954f9bd9e1e428bbf8a0bb2c40a8ecb d3c5e207247e44a089e540fe6934c7f5 - - default default] 10.0.0.32 "GET /v2.0/extensions/extraroute HTTP/1.1" status: 200 len: 375 time: 0.0052655
2026-06-24 19:13:42.186 10 INFO neutron.wsgi [None req-66af6d45-7d45-4d15-89a1-b5dc5c6c123c 6954f9bd9e1e428bbf8a0bb2c40a8ecb d3c5e207247e44a089e540fe6934c7f5 - - default default] 10.0.0.32 "GET /v2.0/extensions/filter-validation HTTP/1.1" status: 200 len: 392 time: 0.0043128
2026-06-24 19:13:42.196 9 INFO neutron.wsgi [None req-97fbad42-45b4-4c85-9c48-5ab1934e0ae6 6954f9bd9e1e428bbf8a0bb2c40a8ecb d3c5e207247e44a089e540fe6934c7f5 - - default default] 10.0.0.32 "GET /v2.0/extensions/floating-ip-port-forwarding-detail HTTP/1.1" status: 200 len: 465 time: 0.0061753
2026-06-24 19:13:42.209 9 INFO neutron.wsgi [None req-3397b40a-a92a-41d1-aaa9-31acd70ae369 6954f9bd9e1e428bbf8a0bb2c40a8ecb d3c5e207247e44a089e540fe6934c7f5 - - default default] 10.0.0.32 "GET /v2.0/extensions/fip-port-details HTTP/1.1" status: 200 len: 406 time: 0.0082190
2026-06-24 19:13:42.219 10 INFO neutron.wsgi [None req-643e9e96-caa1-4719-8b24-76254a784a41 6954f9bd9e1e428bbf8a0bb2c40a8ecb d3c5e207247e44a089e540fe6934c7f5 - - default default] 10.0.0.32 "GET /v2.0/extensions/flavors HTTP/1.1" status: 200 len: 387 time: 0.0060823
2026-06-24 19:13:42.227 10 INFO neutron.wsgi [None req-9e58f3e9-c2c9-4da7-bbdd-6ede8bda0439 6954f9bd9e1e428bbf8a0bb2c40a8ecb d3c5e207247e44a089e540fe6934c7f5 - - default default] 10.0.0.32 "GET /v2.0/extensions/floatingip-pools HTTP/1.1" status: 200 len: 382 time: 0.0039113
2026-06-24 19:13:42.234 10 INFO neutron.wsgi [None req-eda1b5fe-b82b-4809-abb9-8de4f6e03154 6954f9bd9e1e428bbf8a0bb2c40a8ecb d3c5e207247e44a089e540fe6934c7f5 - - default default] 10.0.0.32 "GET /v2.0/extensions/ip_allocation HTTP/1.1" status: 200 len: 356 time: 0.0035806
2026-06-24 19:13:42.260 10 INFO neutron.wsgi [None req-daa0a4cf-3224-4075-8a9a-0affae2f2483 6954f9bd9e1e428bbf8a0bb2c40a8ecb d3c5e207247e44a089e540fe6934c7f5 - - default default] 10.0.0.32 "GET /v2.0/extensions/l2_adjacency HTTP/1.1" status: 200 len: 372 time: 0.0240736
2026-06-24 19:13:42.269 10 INFO neutron.wsgi [None req-84d35000-3b7f-4ee9-8093-99af57287a5c 6954f9bd9e1e428bbf8a0bb2c40a8ecb d3c5e207247e44a089e540fe6934c7f5 - - default default] 10.0.0.32 "GET /v2.0/extensions/router HTTP/1.1" status: 200 len: 450 time: 0.0048084
2026-06-24 19:13:42.277 10 INFO neutron.wsgi [None req-5fb63c0d-76c0-42be-9d06-96c9a0d1a2c7 6954f9bd9e1e428bbf8a0bb2c40a8ecb d3c5e207247e44a089e540fe6934c7f5 - - default default] 10.0.0.32 "GET /v2.0/extensions/ext-gw-mode HTTP/1.1" status: 200 len: 462 time: 0.0041819
2026-06-24 19:13:42.287 9 INFO neutron.wsgi [None req-ca8dd96e-4846-4b20-bc8b-7e2b497dfbc7 6954f9bd9e1e428bbf8a0bb2c40a8ecb d3c5e207247e44a089e540fe6934c7f5 - - default default] 10.0.0.32 "GET /v2.0/extensions/logging HTTP/1.1" status: 200 len: 407 time: 0.0066853
2026-06-24 19:13:42.297 9 INFO neutron.wsgi [None req-f6365df8-8cb9-49f8-a6df-c46b8c3cb581 6954f9bd9e1e428bbf8a0bb2c40a8ecb d3c5e207247e44a089e540fe6934c7f5 - - default default] 10.0.0.32 "GET /v2.0/extensions/multi-provider HTTP/1.1" status: 200 len: 406 time: 0.0044527
2026-06-24 19:13:42.308 10 INFO neutron.wsgi [None req-68d4d8f6-afb3-4edd-a77e-b9fa75553c1f 6954f9bd9e1e428bbf8a0bb2c40a8ecb d3c5e207247e44a089e540fe6934c7f5 - - default default] 10.0.0.32 "GET /v2.0/extensions/net-mtu HTTP/1.1" status: 200 len: 370 time: 0.0060880
2026-06-24 19:13:42.321 9 INFO neutron.wsgi [None req-131fb4e2-5f35-486f-b36b-6c41140764c5 6954f9bd9e1e428bbf8a0bb2c40a8ecb d3c5e207247e44a089e540fe6934c7f5 - - default default] 10.0.0.32 "GET /v2.0/extensions/net-mtu-writable HTTP/1.1" status: 200 len: 401 time: 0.0064006
2026-06-24 19:13:42.330 9 INFO neutron.wsgi [None req-fe2d33f2-c166-4819-ba79-bf820bd8d12e 6954f9bd9e1e428bbf8a0bb2c40a8ecb d3c5e207247e44a089e540fe6934c7f5 - - default default] 10.0.0.32 "GET /v2.0/extensions/network_availability_zone HTTP/1.1" status: 200 len: 394 time: 0.0044458
2026-06-24 19:13:42.340 9 INFO neutron.wsgi [None req-8a5a66dd-e76a-47fb-a338-bd9a718efcc1 6954f9bd9e1e428bbf8a0bb2c40a8ecb d3c5e207247e44a089e540fe6934c7f5 - - default default] 10.0.0.32 "GET /v2.0/extensions/network-ip-availability HTTP/1.1" status: 200 len: 410 time: 0.0056970
2026-06-24 19:13:42.346 9 INFO neutron.wsgi [None req-212aeb3d-d846-498f-bd23-f51b30ef15d3 6954f9bd9e1e428bbf8a0bb2c40a8ecb d3c5e207247e44a089e540fe6934c7f5 - - default default] 10.0.0.32 "GET /v2.0/extensions/pagination HTTP/1.1" status: 200 len: 386 time: 0.0039330
2026-06-24 19:13:42.354 9 INFO neutron.wsgi [None req-c42bea73-3f44-40da-b6ad-5934aa73089d 6954f9bd9e1e428bbf8a0bb2c40a8ecb d3c5e207247e44a089e540fe6934c7f5 - - default default] 10.0.0.32 "GET /v2.0/extensions/port-device-profile HTTP/1.1" status: 200 len: 383 time: 0.0043900
2026-06-24 19:13:42.365 10 INFO neutron.wsgi [None req-477c62c3-25cb-42af-9ef0-94e5493a3c60 6954f9bd9e1e428bbf8a0bb2c40a8ecb d3c5e207247e44a089e540fe6934c7f5 - - default default] 10.0.0.32 "GET /v2.0/extensions/port-mac-address-regenerate HTTP/1.1" status: 200 len: 403 time: 0.0049715
2026-06-24 19:13:42.373 10 INFO neutron.wsgi [None req-815172ab-dc36-45cc-848d-411c20d9f140 6954f9bd9e1e428bbf8a0bb2c40a8ecb d3c5e207247e44a089e540fe6934c7f5 - - default default] 10.0.0.32 "GET /v2.0/extensions/port-numa-affinity-policy HTTP/1.1" status: 200 len: 392 time: 0.0046370
2026-06-24 19:13:42.383 10 INFO neutron.wsgi [None req-32e80953-6e60-4290-bd14-8ec965130f83 6954f9bd9e1e428bbf8a0bb2c40a8ecb d3c5e207247e44a089e540fe6934c7f5 - - default default] 10.0.0.32 "GET /v2.0/extensions/port-resource-request HTTP/1.1" status: 200 len: 379 time: 0.0062692
2026-06-24 19:13:42.394 9 WARNING neutron.scheduler.dhcp_agent_scheduler [None req-52b84c0d-2d0b-4b28-8963-ecb1c2344427 2f30c547b3534b1c82da58361d483f20 d808676774dc42dd8b05d74de46d1fd0 - - - -] No more DHCP agents
2026-06-24 19:13:42.395 10 INFO neutron.wsgi [None req-853ea803-6841-4fdc-993c-68793ce78c47 6954f9bd9e1e428bbf8a0bb2c40a8ecb d3c5e207247e44a089e540fe6934c7f5 - - default default] 10.0.0.32 "GET /v2.0/extensions/port-resource-request-groups HTTP/1.1" status: 200 len: 465 time: 0.0069234
2026-06-24 19:13:42.398 9 WARNING neutron.api.rpc.agentnotifiers.dhcp_rpc_agent_api [None req-52b84c0d-2d0b-4b28-8963-ecb1c2344427 2f30c547b3534b1c82da58361d483f20 d808676774dc42dd8b05d74de46d1fd0 - - - -] Unable to schedule network 6041930c-405a-4e93-a51e-2cc7d13689a4: no agents available; will retry on subsequent port and subnet creation events.
2026-06-24 19:13:42.416 9 INFO neutron.wsgi [None req-fa7cda50-a652-4f53-be85-781ba210f5a5 6954f9bd9e1e428bbf8a0bb2c40a8ecb d3c5e207247e44a089e540fe6934c7f5 - - default default] 10.0.0.32 "GET /v2.0/extensions/binding HTTP/1.1" status: 200 len: 387 time: 0.0161843
2026-06-24 19:13:42.427 10 INFO neutron.wsgi [None req-3a93f126-d3a4-4140-936d-6694d019107e 6954f9bd9e1e428bbf8a0bb2c40a8ecb d3c5e207247e44a089e540fe6934c7f5 - - default default] 10.0.0.32 "GET /v2.0/extensions/binding-extended HTTP/1.1" status: 200 len: 406 time: 0.0061984
2026-06-24 19:13:42.435 10 INFO neutron.wsgi [None req-8950b9cc-d98f-4719-9e39-208ec75f65d7 6954f9bd9e1e428bbf8a0bb2c40a8ecb d3c5e207247e44a089e540fe6934c7f5 - - default default] 10.0.0.32 "GET /v2.0/extensions/port-security HTTP/1.1" status: 200 len: 354 time: 0.0042920
2026-06-24 19:13:42.448 9 INFO neutron.wsgi [None req-17856757-4841-49d2-95e2-a4968799d979 6954f9bd9e1e428bbf8a0bb2c40a8ecb d3c5e207247e44a089e540fe6934c7f5 - - default default] 10.0.0.32 "GET /v2.0/extensions/project-id HTTP/1.1" status: 200 len: 398 time: 0.0081711
2026-06-24 19:13:42.461 10 INFO neutron.wsgi [None req-98fc2cc9-ba7b-4e46-979e-fc8332a2a681 6954f9bd9e1e428bbf8a0bb2c40a8ecb d3c5e207247e44a089e540fe6934c7f5 - - default default] 10.0.0.32 "GET /v2.0/extensions/provider HTTP/1.1" status: 200 len: 385 time: 0.0073364
2026-06-24 19:13:42.471 10 INFO neutron.wsgi [None req-d266c6f2-27f6-4e73-8a2c-c2b5eb410b1e 6954f9bd9e1e428bbf8a0bb2c40a8ecb d3c5e207247e44a089e540fe6934c7f5 - - default default] 10.0.0.32 "GET /v2.0/extensions/qos HTTP/1.1" status: 200 len: 360 time: 0.0041373
2026-06-24 19:13:42.482 10 INFO neutron.wsgi [None req-1987622a-ece8-4e33-8eb1-b242fff73b99 6954f9bd9e1e428bbf8a0bb2c40a8ecb d3c5e207247e44a089e540fe6934c7f5 - - default default] 10.0.0.32 "GET /v2.0/extensions/qos-bw-limit-direction HTTP/1.1" status: 200 len: 452 time: 0.0047703
2026-06-24 19:13:42.505 10 INFO neutron.wsgi [None req-098a0af1-ffaa-4db4-a5b7-c64e1b805b07 6954f9bd9e1e428bbf8a0bb2c40a8ecb d3c5e207247e44a089e540fe6934c7f5 - - default default] 10.0.0.32 "GET /v2.0/extensions/qos-bw-minimum-ingress HTTP/1.1" status: 200 len: 445 time: 0.0177028
2026-06-24 19:13:42.516 10 INFO neutron.wsgi [None req-e45ce1db-1e4c-4890-beff-fecfbdb8e649 6954f9bd9e1e428bbf8a0bb2c40a8ecb d3c5e207247e44a089e540fe6934c7f5 - - default default] 10.0.0.32 "GET /v2.0/extensions/qos-default HTTP/1.1" status: 200 len: 377 time: 0.0052872
2026-06-24 19:13:42.526 9 INFO neutron.wsgi [None req-543251a6-8d18-4ebb-a70b-68ae47f2e3f5 6954f9bd9e1e428bbf8a0bb2c40a8ecb d3c5e207247e44a089e540fe6934c7f5 - - default default] 10.0.0.32 "GET /v2.0/extensions/qos-fip HTTP/1.1" status: 200 len: 372 time: 0.0055463
2026-06-24 19:13:42.537 9 INFO neutron.wsgi [None req-6541d899-3d7d-4a0e-b1fa-cb26f44f2c03 6954f9bd9e1e428bbf8a0bb2c40a8ecb d3c5e207247e44a089e540fe6934c7f5 - - default default] 10.0.0.32 "GET /v2.0/extensions/qos-gateway-ip HTTP/1.1" status: 200 len: 391 time: 0.0070364
2026-06-24 19:13:42.555 9 INFO neutron.wsgi [None req-43fd5ad4-9299-4a30-9d7e-3ff0254f0107 6954f9bd9e1e428bbf8a0bb2c40a8ecb d3c5e207247e44a089e540fe6934c7f5 - - default default] 10.0.0.32 "GET /v2.0/extensions/qos-port-network-policy HTTP/1.1" status: 200 len: 403 time: 0.0140455
2026-06-24 19:13:42.569 9 INFO neutron.wsgi [None req-d5fa6f68-54cb-4603-94c4-9a7e840f9d7a 6954f9bd9e1e428bbf8a0bb2c40a8ecb d3c5e207247e44a089e540fe6934c7f5 - - default default] 10.0.0.32 "GET /v2.0/extensions/qos-pps-minimum HTTP/1.1" status: 200 len: 397 time: 0.0061555
2026-06-24 19:13:42.580 9 INFO neutron.wsgi [None req-4dff8739-afe4-4981-aa3e-3a409d685863 6954f9bd9e1e428bbf8a0bb2c40a8ecb d3c5e207247e44a089e540fe6934c7f5 - - default default] 10.0.0.32 "GET /v2.0/extensions/qos-pps-minimum-rule-alias HTTP/1.1" status: 200 len: 471 time: 0.0058711
2026-06-24 19:13:42.590 9 INFO neutron.wsgi [None req-bdba7fe7-b68f-408d-8494-6f369e08bf80 6954f9bd9e1e428bbf8a0bb2c40a8ecb d3c5e207247e44a089e540fe6934c7f5 - - default default] 10.0.0.32 "GET /v2.0/extensions/qos-pps HTTP/1.1" status: 200 len: 389 time: 0.0053763
2026-06-24 19:13:42.592 10 INFO neutron.services.segments.plugin [-] Segment 170fe1a4-e5a6-4c3f-9e28-779c9f58f506 resource provider aggregate not found
2026-06-24 19:13:42.598 10 INFO neutron.services.segments.plugin [-] Segment 170fe1a4-e5a6-4c3f-9e28-779c9f58f506 resource provider aggregate not found
2026-06-24 19:13:42.607 9 INFO neutron.wsgi [None req-55fc1e84-cbdf-4304-aabe-6555b0ebaa54 6954f9bd9e1e428bbf8a0bb2c40a8ecb d3c5e207247e44a089e540fe6934c7f5 - - default default] 10.0.0.32 "GET /v2.0/extensions/qos-rule-type-details HTTP/1.1" status: 200 len: 423 time: 0.0055845
2026-06-24 19:13:42.621 10 INFO neutron.wsgi [None req-9654148e-4c52-46eb-b94f-d7dbb5ee1bdd 6954f9bd9e1e428bbf8a0bb2c40a8ecb d3c5e207247e44a089e540fe6934c7f5 - - default default] 10.0.0.32 "GET /v2.0/extensions/qos-rule-type-filter HTTP/1.1" status: 200 len: 567 time: 0.0093145
2026-06-24 19:13:42.624 10 INFO neutron.services.segments.plugin [-] Segment 170fe1a4-e5a6-4c3f-9e28-779c9f58f506 resource provider not found; error: Placement Client Error (4xx): {"errors": [{"status": 404, "title": "Not Found", "detail": "The resource could not be found.\n\n No resource provider with uuid 170fe1a4-e5a6-4c3f-9e28-779c9f58f506 found for delete ", "request_id": "req-830b6d72-77b8-465d-a5ed-c8085feb8a26"}]}
2026-06-24 19:13:42.625 10 INFO neutron.services.segments.plugin [-] Segment 170fe1a4-e5a6-4c3f-9e28-779c9f58f506 resource provider not found; error: Placement Client Error (4xx): {"errors": [{"status": 404, "title": "Not Found", "detail": "The resource could not be found.\n\n No resource provider with uuid 170fe1a4-e5a6-4c3f-9e28-779c9f58f506 found for delete ", "request_id": "req-aa51f291-a681-477a-94f9-80863d18853d"}]}
2026-06-24 19:13:42.635 10 INFO neutron.wsgi [None req-ea5b31ee-2391-4426-a3d0-ba90319b4f8f 6954f9bd9e1e428bbf8a0bb2c40a8ecb d3c5e207247e44a089e540fe6934c7f5 - - default default] 10.0.0.32 "GET /v2.0/extensions/qos-rules-alias HTTP/1.1" status: 200 len: 448 time: 0.0062468
2026-06-24 19:13:42.644 10 INFO neutron.wsgi [None req-45cfa9f9-d2fa-45a7-a7f9-decebd5b950c 6954f9bd9e1e428bbf8a0bb2c40a8ecb d3c5e207247e44a089e540fe6934c7f5 - - default default] 10.0.0.32 "GET /v2.0/extensions/quota-check-limit HTTP/1.1" status: 200 len: 420 time: 0.0043702
2026-06-24 19:13:42.653 10 INFO neutron.wsgi [None req-233a618a-54fb-4efc-bbaa-7789560a296d ed3a178848e249a0a8ac3823f8c489db 9bf34a01ca1d45d8a69b8c6cd4a9615d - - - -] 10.0.0.32 "DELETE /v2.0/networks/b63392b3-5067-4902-b745-f53f3b4165ae HTTP/1.1" status: 204 len: 168 time: 0.5995841
2026-06-24 19:13:42.653 9 INFO neutron.wsgi [None req-1ed7541d-97f2-4a95-b829-977b06f863ec 6954f9bd9e1e428bbf8a0bb2c40a8ecb d3c5e207247e44a089e540fe6934c7f5 - - default default] 10.0.0.32 "GET /v2.0/extensions/quotas HTTP/1.1" status: 200 len: 386 time: 0.0060916
2026-06-24 19:13:42.665 10 INFO neutron.wsgi [None req-5a081ba0-cbfb-4cfb-847f-c905e82de262 6954f9bd9e1e428bbf8a0bb2c40a8ecb d3c5e207247e44a089e540fe6934c7f5 - - default default] 10.0.0.32 "GET /v2.0/extensions/quota_details HTTP/1.1" status: 200 len: 407 time: 0.0047510
2026-06-24 19:13:42.674 10 INFO neutron.wsgi [None req-4fca360c-d4aa-483c-9ee0-7b3116575a90 6954f9bd9e1e428bbf8a0bb2c40a8ecb d3c5e207247e44a089e540fe6934c7f5 - - default default] 10.0.0.32 "GET /v2.0/extensions/rbac-policies HTTP/1.1" status: 200 len: 417 time: 0.0038328
2026-06-24 19:13:42.683 10 INFO neutron.wsgi [None req-17363f9d-fa67-4091-8dfb-fc96d2b0bd24 6954f9bd9e1e428bbf8a0bb2c40a8ecb d3c5e207247e44a089e540fe6934c7f5 - - default default] 10.0.0.32 "GET /v2.0/extensions/rbac-address-scope HTTP/1.1" status: 200 len: 384 time: 0.0058193
2026-06-24 19:13:42.694 10 INFO neutron.wsgi [None req-329fa8ab-5e08-4e1a-a040-6231223f49aa 6954f9bd9e1e428bbf8a0bb2c40a8ecb d3c5e207247e44a089e540fe6934c7f5 - - default default] 10.0.0.32 "GET /v2.0/extensions/rbac-security-groups HTTP/1.1" status: 200 len: 404 time: 0.0062861
2026-06-24 19:13:42.705 10 INFO neutron.wsgi [None req-b98cf2a9-f09d-4ad3-8424-d6fc17263bdc 6954f9bd9e1e428bbf8a0bb2c40a8ecb d3c5e207247e44a089e540fe6934c7f5 - - default default] 10.0.0.32 "GET /v2.0/extensions/revision-if-match HTTP/1.1" status: 200 len: 441 time: 0.0055928
2026-06-24 19:13:42.714 10 INFO neutron.wsgi [None req-4d2c612e-809d-4708-bbcf-0fc399a66d5c 6954f9bd9e1e428bbf8a0bb2c40a8ecb d3c5e207247e44a089e540fe6934c7f5 - - default default] 10.0.0.32 "GET /v2.0/extensions/standard-attr-revisions HTTP/1.1" status: 200 len: 423 time: 0.0049880
2026-06-24 19:13:42.725 10 INFO neutron.wsgi [None req-f34b40e9-b055-434b-92d0-471088e8cd40 6954f9bd9e1e428bbf8a0bb2c40a8ecb d3c5e207247e44a089e540fe6934c7f5 - - default default] 10.0.0.32 "GET /v2.0/extensions/router_availability_zone HTTP/1.1" status: 200 len: 391 time: 0.0054226
2026-06-24 19:13:42.734 10 INFO neutron.wsgi [None req-9291e0df-f9ff-43aa-a57a-31c0810c5f61 6954f9bd9e1e428bbf8a0bb2c40a8ecb d3c5e207247e44a089e540fe6934c7f5 - - default default] 10.0.0.32 "GET /v2.0/extensions/security-groups-normalized-cidr HTTP/1.1" status: 200 len: 445 time: 0.0053415
2026-06-24 19:13:42.743 10 INFO neutron.wsgi [None req-07d40c13-c8e0-431d-80f0-03b253a813a6 6954f9bd9e1e428bbf8a0bb2c40a8ecb d3c5e207247e44a089e540fe6934c7f5 - - default default] 10.0.0.32 "GET /v2.0/extensions/security-groups-remote-address-group HTTP/1.1" status: 200 len: 448 time: 0.0048709
2026-06-24 19:13:42.751 10 INFO neutron.wsgi [None req-757009b4-e0c7-4d8f-941e-ec8e97c65ec6 6954f9bd9e1e428bbf8a0bb2c40a8ecb d3c5e207247e44a089e540fe6934c7f5 - - default default] 10.0.0.32 "GET /v2.0/extensions/security-groups-shared-filtering HTTP/1.1" status: 200 len: 435 time: 0.0045230
2026-06-24 19:13:42.769 9 INFO neutron.wsgi [None req-5b98a785-97a7-44e3-8fab-e859faa8a339 6954f9bd9e1e428bbf8a0bb2c40a8ecb d3c5e207247e44a089e540fe6934c7f5 - - default default] 10.0.0.32 "GET /v2.0/extensions/security-group HTTP/1.1" status: 200 len: 364 time: 0.0140102
2026-06-24 19:13:42.786 9 INFO neutron.wsgi [None req-ce76cd57-e539-4a54-9447-8398854b21cf 6954f9bd9e1e428bbf8a0bb2c40a8ecb d3c5e207247e44a089e540fe6934c7f5 - - default default] 10.0.0.32 "GET /v2.0/extensions/segment HTTP/1.1" status: 200 len: 339 time: 0.0139740
2026-06-24 19:13:42.801 10 INFO neutron.wsgi [None req-caa64888-ed69-4b45-9409-21d7d5ba9a00 6954f9bd9e1e428bbf8a0bb2c40a8ecb d3c5e207247e44a089e540fe6934c7f5 - - default default] 10.0.0.32 "GET /v2.0/extensions/segments-peer-subnet-host-routes HTTP/1.1" status: 200 len: 427 time: 0.0075922
2026-06-24 19:13:42.817 10 INFO neutron.wsgi [None req-3a51487e-a35c-414f-853f-77c8458305de 6954f9bd9e1e428bbf8a0bb2c40a8ecb d3c5e207247e44a089e540fe6934c7f5 - - default default] 10.0.0.32 "GET /v2.0/extensions/service-type HTTP/1.1" status: 200 len: 415 time: 0.0102339
2026-06-24 19:13:42.827 10 INFO neutron.wsgi [None req-0adf5f68-a643-4831-a967-a57d8a70080e 6954f9bd9e1e428bbf8a0bb2c40a8ecb d3c5e207247e44a089e540fe6934c7f5 - - default default] 10.0.0.32 "GET /v2.0/extensions/sorting HTTP/1.1" status: 200 len: 377 time: 0.0062025
2026-06-24 19:13:42.846 10 INFO neutron.wsgi [None req-494dd138-9b0a-4fad-8f8a-d522d10c2bba 6954f9bd9e1e428bbf8a0bb2c40a8ecb d3c5e207247e44a089e540fe6934c7f5 - - default default] 10.0.0.32 "GET /v2.0/extensions/standard-attr-segment HTTP/1.1" status: 200 len: 406 time: 0.0079684
2026-06-24 19:13:42.858 10 INFO neutron.wsgi [None req-819564e2-62ba-42d2-861d-d5f216e66519 6954f9bd9e1e428bbf8a0bb2c40a8ecb d3c5e207247e44a089e540fe6934c7f5 - - default default] 10.0.0.32 "GET /v2.0/extensions/standard-attr-description HTTP/1.1" status: 200 len: 408 time: 0.0059149
2026-06-24 19:13:42.869 10 INFO neutron.wsgi [None req-0e8bee51-45c3-42cd-b050-69e0948f1b75 6954f9bd9e1e428bbf8a0bb2c40a8ecb d3c5e207247e44a089e540fe6934c7f5 - - default default] 10.0.0.32 "GET /v2.0/extensions/stateful-security-group HTTP/1.1" status: 200 len: 402 time: 0.0068352
2026-06-24 19:13:42.881 10 INFO neutron.wsgi [None req-e7349f85-de77-4856-802e-a9cdbbfcbe1b 6954f9bd9e1e428bbf8a0bb2c40a8ecb d3c5e207247e44a089e540fe6934c7f5 - - default default] 10.0.0.32 "GET /v2.0/extensions/subnet-dns-publish-fixed-ip HTTP/1.1" status: 200 len: 421 time: 0.0059862
2026-06-24 19:13:42.893 9 INFO neutron.wsgi [None req-3ee256d4-b018-4a54-998f-64155148fc73 6954f9bd9e1e428bbf8a0bb2c40a8ecb d3c5e207247e44a089e540fe6934c7f5 - - default default] 10.0.0.32 "GET /v2.0/extensions/subnet-segmentid-writable HTTP/1.1" status: 200 len: 421 time: 0.0076418
2026-06-24 19:13:42.909 10 INFO neutron.wsgi [None req-203d8488-3fb9-4662-97a0-c272471b2ef3 6954f9bd9e1e428bbf8a0bb2c40a8ecb d3c5e207247e44a089e540fe6934c7f5 - - default default] 10.0.0.32 "GET /v2.0/extensions/subnet-service-types HTTP/1.1" status: 200 len: 400 time: 0.0098822
2026-06-24 19:13:42.919 10 INFO neutron.wsgi [None req-ffacc07b-715e-4681-bce6-9a3de09a1603 6954f9bd9e1e428bbf8a0bb2c40a8ecb d3c5e207247e44a089e540fe6934c7f5 - - default default] 10.0.0.32 "GET /v2.0/extensions/subnet_allocation HTTP/1.1" status: 200 len: 388 time: 0.0044608
2026-06-24 19:13:42.926 10 INFO neutron.wsgi [None req-9b788b6b-b94e-4b2c-8d47-fa79e4c83aca 6954f9bd9e1e428bbf8a0bb2c40a8ecb d3c5e207247e44a089e540fe6934c7f5 - - default default] 10.0.0.32 "GET /v2.0/extensions/subnetpool-prefix-ops HTTP/1.1" status: 200 len: 418 time: 0.0045326
2026-06-24 19:13:42.934 10 INFO neutron.wsgi [None req-f7bbdc2a-8fbe-4e2a-8cf8-46ac36fd32cd 6954f9bd9e1e428bbf8a0bb2c40a8ecb d3c5e207247e44a089e540fe6934c7f5 - - default default] 10.0.0.32 "GET /v2.0/extensions/standard-attr-tag HTTP/1.1" status: 200 len: 537 time: 0.0042155
2026-06-24 19:13:42.943 10 INFO neutron.wsgi [None req-b028501d-0260-461d-992a-2ffb8bd16059 6954f9bd9e1e428bbf8a0bb2c40a8ecb d3c5e207247e44a089e540fe6934c7f5 - - default default] 10.0.0.32 "GET /v2.0/extensions/standard-attr-timestamp HTTP/1.1" status: 200 len: 449 time: 0.0045087
2026-06-24 19:13:42.950 10 INFO neutron.wsgi [None req-b02536ee-01d8-425e-8213-8a612dcb95f5 6954f9bd9e1e428bbf8a0bb2c40a8ecb d3c5e207247e44a089e540fe6934c7f5 - - default default] 10.0.0.32 "GET /v2.0/extensions/trunk HTTP/1.1" status: 200 len: 358 time: 0.0041671
2026-06-24 19:13:42.959 10 INFO neutron.wsgi [None req-2f05cce2-95c8-4f8f-a6c2-800ce9ee08bc 6954f9bd9e1e428bbf8a0bb2c40a8ecb d3c5e207247e44a089e540fe6934c7f5 - - default default] 10.0.0.32 "GET /v2.0/extensions/trunk-details HTTP/1.1" status: 200 len: 362 time: 0.0047884
2026-06-24 19:13:43.015 9 INFO neutron.db.ovn_revision_numbers_db [None req-52b84c0d-2d0b-4b28-8963-ecb1c2344427 2f30c547b3534b1c82da58361d483f20 d808676774dc42dd8b05d74de46d1fd0 - - - -] Successfully bumped revision number for resource 4db7d2e2-4972-442d-8f7b-c5cf236bd50f (type: ports) to 2
2026-06-24 19:13:43.033 9 INFO neutron.db.ovn_revision_numbers_db [None req-52b84c0d-2d0b-4b28-8963-ecb1c2344427 2f30c547b3534b1c82da58361d483f20 d808676774dc42dd8b05d74de46d1fd0 - - - -] Successfully bumped revision number for resource 32322cf9-a06c-4fab-ba4c-e047730ca82f (type: subnets) to 0
2026-06-24 19:13:43.052 9 INFO neutron.wsgi [None req-52b84c0d-2d0b-4b28-8963-ecb1c2344427 2f30c547b3534b1c82da58361d483f20 d808676774dc42dd8b05d74de46d1fd0 - - - -] 10.0.0.32 "POST /v2.0/subnets HTTP/1.1" status: 201 len: 819 time: 0.8836830
2026-06-24 19:13:43.063 9 WARNING neutron.api.v2.base [None req-c2317731-b4aa-42ae-a29e-c3a6be23eaaa 2f30c547b3534b1c82da58361d483f20 d808676774dc42dd8b05d74de46d1fd0 - - - -] An exception happened while processing the request body. The exception message is [Invalid input for target_tenant. Reason: 'None' is not a valid string.].: webob.exc.HTTPBadRequest: Invalid input for target_tenant. Reason: 'None' is not a valid string.
2026-06-24 19:13:43.064 9 INFO neutron.api.v2.resource [None req-c2317731-b4aa-42ae-a29e-c3a6be23eaaa 2f30c547b3534b1c82da58361d483f20 d808676774dc42dd8b05d74de46d1fd0 - - - -] create failed (client error): Invalid input for target_tenant. Reason: 'None' is not a valid string.
2026-06-24 19:13:43.065 9 INFO neutron.wsgi [None req-c2317731-b4aa-42ae-a29e-c3a6be23eaaa 2f30c547b3534b1c82da58361d483f20 d808676774dc42dd8b05d74de46d1fd0 - - - -] 10.0.0.32 "POST /v2.0/rbac-policies HTTP/1.1" status: 400 len: 346 time: 0.0073719
2026-06-24 19:13:43.512 9 INFO neutron.wsgi [None req-75422468-21de-4c76-a627-4b9d5a7cbf24 4f10f8e3456c45888ba084e75ba8851b 7ca197cbfedf46c6a1675ce45718ce58 - - default default] 10.0.0.32 "GET /v2.0/security-groups?tenant_id=9bf34a01ca1d45d8a69b8c6cd4a9615d&name=default HTTP/1.1" status: 200 len: 2996 time: 0.1665065
2026-06-24 19:13:43.621 10 INFO neutron.db.ovn_revision_numbers_db [None req-0a3ad061-709e-4fb2-9002-97e64b85f43b 4f10f8e3456c45888ba084e75ba8851b 7ca197cbfedf46c6a1675ce45718ce58 - - default default] Successfully bumped revision number for resource dc23430f-8d5c-4ab9-aa62-2bbe55bd7aa2 (type: security_groups) to 1
2026-06-24 19:13:43.649 10 INFO neutron.wsgi [None req-0a3ad061-709e-4fb2-9002-97e64b85f43b 4f10f8e3456c45888ba084e75ba8851b 7ca197cbfedf46c6a1675ce45718ce58 - - default default] 10.0.0.32 "GET /v2.0/security-groups?tenant_id=d3c5e207247e44a089e540fe6934c7f5&name=default HTTP/1.1" status: 200 len: 2996 time: 0.2428517
2026-06-24 19:13:43.699 9 INFO neutron.services.segments.plugin [-] Segment cc1bbc5c-20b3-42bd-97f8-84afadf9fd53 resource provider aggregate not found
2026-06-24 19:13:43.707 9 INFO neutron.services.segments.plugin [-] Segment cc1bbc5c-20b3-42bd-97f8-84afadf9fd53 resource provider aggregate not found
2026-06-24 19:13:43.731 9 INFO neutron.services.segments.plugin [-] Segment cc1bbc5c-20b3-42bd-97f8-84afadf9fd53 resource provider not found; error: Placement Client Error (4xx): {"errors": [{"status": 404, "title": "Not Found", "detail": "The resource could not be found.\n\n No resource provider with uuid cc1bbc5c-20b3-42bd-97f8-84afadf9fd53 found for delete ", "request_id": "req-0a3bc62b-ff37-47a5-bde0-f49d470c36f0"}]}
2026-06-24 19:13:43.732 9 INFO neutron.services.segments.plugin [-] Segment cc1bbc5c-20b3-42bd-97f8-84afadf9fd53 resource provider not found; error: Placement Client Error (4xx): {"errors": [{"status": 404, "title": "Not Found", "detail": "The resource could not be found.\n\n No resource provider with uuid cc1bbc5c-20b3-42bd-97f8-84afadf9fd53 found for delete ", "request_id": "req-446b45f8-3a86-4481-a7ff-dc0a7e23583f"}]}
2026-06-24 19:13:43.773 9 INFO neutron.wsgi [None req-a6913188-6799-4a40-96c0-c28d4cdf8bee 2f30c547b3534b1c82da58361d483f20 d808676774dc42dd8b05d74de46d1fd0 - - - -] 10.0.0.32 "DELETE /v2.0/networks/6041930c-405a-4e93-a51e-2cc7d13689a4 HTTP/1.1" status: 204 len: 168 time: 0.7020068
2026-06-24 19:13:43.848 9 INFO neutron.wsgi [None req-a4fd5c57-b274-436f-8ef5-30fb5bee77df 4f10f8e3456c45888ba084e75ba8851b 7ca197cbfedf46c6a1675ce45718ce58 - - - -] 10.0.0.32 "DELETE /v2.0/security-groups/d18ef1ba-21da-495e-894e-2ad00a59c632 HTTP/1.1" status: 204 len: 168 time: 0.3320615
2026-06-24 19:13:43.891 9 INFO neutron.db.segments_db [None req-6a10d238-e344-4f21-9e36-40b93cd9c52b 2f30c547b3534b1c82da58361d483f20 d808676774dc42dd8b05d74de46d1fd0 - - - -] Added segment a7ad37d6-7056-4580-92fb-b96593e0726d of type geneve for network 58547ebd-5539-49d9-99a9-9dd429d4f084
2026-06-24 19:13:44.062 9 INFO neutron.db.ovn_revision_numbers_db [None req-6a10d238-e344-4f21-9e36-40b93cd9c52b 2f30c547b3534b1c82da58361d483f20 d808676774dc42dd8b05d74de46d1fd0 - - - -] Successfully bumped revision number for resource 58547ebd-5539-49d9-99a9-9dd429d4f084 (type: networks) to 1
2026-06-24 19:13:44.187 9 INFO neutron.db.ovn_revision_numbers_db [None req-f24e737c-da9a-4406-be82-e8d382e7db52 4f10f8e3456c45888ba084e75ba8851b 7ca197cbfedf46c6a1675ce45718ce58 - - default default] Successfully bumped revision number for resource 7188182d-bba8-4c4d-a8d3-80399c68a580 (type: security_groups) to 1
2026-06-24 19:13:44.203 10 INFO neutron.wsgi [None req-8c74ba70-f247-4811-b90b-93942c152594 4f10f8e3456c45888ba084e75ba8851b 7ca197cbfedf46c6a1675ce45718ce58 - - - -] 10.0.0.32 "DELETE /v2.0/security-groups/dc23430f-8d5c-4ab9-aa62-2bbe55bd7aa2 HTTP/1.1" status: 204 len: 168 time: 0.5491846
2026-06-24 19:13:44.223 9 INFO neutron.wsgi [None req-f24e737c-da9a-4406-be82-e8d382e7db52 4f10f8e3456c45888ba084e75ba8851b 7ca197cbfedf46c6a1675ce45718ce58 - - default default] 10.0.0.32 "GET /v2.0/security-groups?tenant_id=01279826d967407ba9cdbd1fedd2a915&name=default HTTP/1.1" status: 200 len: 2996 time: 0.2120368
2026-06-24 19:13:44.273 9 WARNING neutron.scheduler.dhcp_agent_scheduler [None req-6a10d238-e344-4f21-9e36-40b93cd9c52b 2f30c547b3534b1c82da58361d483f20 d808676774dc42dd8b05d74de46d1fd0 - - - -] No more DHCP agents
2026-06-24 19:13:44.276 9 WARNING neutron.api.rpc.agentnotifiers.dhcp_rpc_agent_api [None req-6a10d238-e344-4f21-9e36-40b93cd9c52b 2f30c547b3534b1c82da58361d483f20 d808676774dc42dd8b05d74de46d1fd0 - - - -] Unable to schedule network 58547ebd-5539-49d9-99a9-9dd429d4f084: no agents available; will retry on subsequent port and subnet creation events.
2026-06-24 19:13:44.658 9 INFO neutron.db.ovn_revision_numbers_db [None req-6a10d238-e344-4f21-9e36-40b93cd9c52b 2f30c547b3534b1c82da58361d483f20 d808676774dc42dd8b05d74de46d1fd0 - - - -] Successfully bumped revision number for resource 07714a39-4098-454c-8bc3-03e998f174cb (type: ports) to 1
2026-06-24 19:13:44.685 9 INFO neutron.wsgi [None req-6a10d238-e344-4f21-9e36-40b93cd9c52b 2f30c547b3534b1c82da58361d483f20 d808676774dc42dd8b05d74de46d1fd0 - - - -] 10.0.0.32 "POST /v2.0/networks HTTP/1.1" status: 201 len: 928 time: 0.8977797
2026-06-24 19:13:44.771 10 INFO neutron.db.ovn_revision_numbers_db [None req-cd9c4ad8-33d3-44dc-b92a-9e97d3d22124 256ef3cc6e8b4de5ac8cab20ab7e8178 17a370de88094904a5b7fc709f050017 - - - -] Successfully bumped revision number for resource 78f7da55-1e22-4841-ba61-f4180b1912a0 (type: routers) to 1
2026-06-24 19:13:44.797 10 INFO neutron.wsgi [None req-cd9c4ad8-33d3-44dc-b92a-9e97d3d22124 256ef3cc6e8b4de5ac8cab20ab7e8178 17a370de88094904a5b7fc709f050017 - - - -] 10.0.0.32 "POST /v2.0/routers HTTP/1.1" status: 201 len: 654 time: 0.4023185
2026-06-24 19:13:44.830 9 INFO neutron.wsgi [None req-a75fd885-d5c4-41e8-a0c0-57428d0333f9 4f10f8e3456c45888ba084e75ba8851b 7ca197cbfedf46c6a1675ce45718ce58 - - - -] 10.0.0.32 "DELETE /v2.0/security-groups/7188182d-bba8-4c4d-a8d3-80399c68a580 HTTP/1.1" status: 204 len: 168 time: 0.6016896
2026-06-24 19:13:44.914 9 WARNING neutron.scheduler.dhcp_agent_scheduler [None req-27697c05-5863-413c-a248-79b405885d47 2f30c547b3534b1c82da58361d483f20 d808676774dc42dd8b05d74de46d1fd0 - - - -] No more DHCP agents
2026-06-24 19:13:44.917 9 WARNING neutron.api.rpc.agentnotifiers.dhcp_rpc_agent_api [None req-27697c05-5863-413c-a248-79b405885d47 2f30c547b3534b1c82da58361d483f20 d808676774dc42dd8b05d74de46d1fd0 - - - -] Unable to schedule network 58547ebd-5539-49d9-99a9-9dd429d4f084: no agents available; will retry on subsequent port and subnet creation events.
2026-06-24 19:13:45.032 10 INFO neutron.db.ovn_revision_numbers_db [None req-37f294db-892d-492c-84fd-b279774d4494 256ef3cc6e8b4de5ac8cab20ab7e8178 17a370de88094904a5b7fc709f050017 - - - -] Successfully bumped revision number for resource ed5f765d-62db-485c-aae7-3c0357dc5be6 (type: routers) to 1
2026-06-24 19:13:45.047 10 INFO neutron.wsgi [None req-37f294db-892d-492c-84fd-b279774d4494 256ef3cc6e8b4de5ac8cab20ab7e8178 17a370de88094904a5b7fc709f050017 - - - -] 10.0.0.32 "POST /v2.0/routers HTTP/1.1" status: 201 len: 654 time: 0.2460012
2026-06-24 19:13:45.233 10 INFO neutron.db.ovn_revision_numbers_db [None req-8a13e77e-e865-4b8d-838d-cbb6fd5e5cf5 256ef3cc6e8b4de5ac8cab20ab7e8178 17a370de88094904a5b7fc709f050017 - - - -] Successfully bumped revision number for resource 2164b423-ba19-490e-b978-6502dd272ca8 (type: routers) to 1
2026-06-24 19:13:45.254 10 INFO neutron.wsgi [None req-8a13e77e-e865-4b8d-838d-cbb6fd5e5cf5 256ef3cc6e8b4de5ac8cab20ab7e8178 17a370de88094904a5b7fc709f050017 - - - -] 10.0.0.32 "POST /v2.0/routers HTTP/1.1" status: 201 len: 654 time: 0.2008200
2026-06-24 19:13:45.476 9 INFO neutron.db.ovn_revision_numbers_db [None req-27697c05-5863-413c-a248-79b405885d47 2f30c547b3534b1c82da58361d483f20 d808676774dc42dd8b05d74de46d1fd0 - - - -] Successfully bumped revision number for resource 07714a39-4098-454c-8bc3-03e998f174cb (type: ports) to 2
2026-06-24 19:13:45.479 9 INFO neutron.db.ovn_revision_numbers_db [None req-3e545ccf-7b30-4177-adc4-9ac1f369b3f3 256ef3cc6e8b4de5ac8cab20ab7e8178 17a370de88094904a5b7fc709f050017 - - - -] Successfully bumped revision number for resource 7bd0734a-9b85-4d91-84d8-a61314913d92 (type: routers) to 1
2026-06-24 19:13:45.494 9 INFO neutron.wsgi [None req-3e545ccf-7b30-4177-adc4-9ac1f369b3f3 256ef3cc6e8b4de5ac8cab20ab7e8178 17a370de88094904a5b7fc709f050017 - - - -] 10.0.0.32 "POST /v2.0/routers HTTP/1.1" status: 201 len: 654 time: 0.2333403
2026-06-24 19:13:45.494 9 INFO neutron.db.ovn_revision_numbers_db [None req-27697c05-5863-413c-a248-79b405885d47 2f30c547b3534b1c82da58361d483f20 d808676774dc42dd8b05d74de46d1fd0 - - - -] Successfully bumped revision number for resource 5aa00954-4aca-4164-a353-b8b80654e760 (type: subnets) to 0
2026-06-24 19:13:45.505 9 INFO neutron.wsgi [None req-27697c05-5863-413c-a248-79b405885d47 2f30c547b3534b1c82da58361d483f20 d808676774dc42dd8b05d74de46d1fd0 - - - -] 10.0.0.32 "POST /v2.0/subnets HTTP/1.1" status: 201 len: 822 time: 0.8131166
2026-06-24 19:13:45.518 9 WARNING neutron.api.v2.base [None req-4ab624f0-283a-4146-b0a3-e737e6fd54a0 2f30c547b3534b1c82da58361d483f20 d808676774dc42dd8b05d74de46d1fd0 - - - -] An exception happened while processing the request body. The exception message is [Invalid input for target_tenant. Reason: '1234123412341234123412341234123412341234123412341234123412341234123412341234123412341234123412341234123412341234123412341234123412341234123412341234123412341234123412341234123412341234123412341234123412341234123412341234123412341234123412341234123412341234123412341234123412341234123412341234123412341234123412341234123412341234123412341234123412341234123412341234123412341234123412341234123412341234' exceeds maximum length of 255.].: webob.exc.HTTPBadRequest: Invalid input for target_tenant. Reason: '1234123412341234123412341234123412341234123412341234123412341234123412341234123412341234123412341234123412341234123412341234123412341234123412341234123412341234123412341234123412341234123412341234123412341234123412341234123412341234123412341234123412341234123412341234123412341234123412341234123412341234123412341234123412341234123412341234123412341234123412341234123412341234123412341234123412341234' exceeds maximum length of 255.
2026-06-24 19:13:45.519 9 INFO neutron.api.v2.resource [None req-4ab624f0-283a-4146-b0a3-e737e6fd54a0 2f30c547b3534b1c82da58361d483f20 d808676774dc42dd8b05d74de46d1fd0 - - - -] create failed (client error): Invalid input for target_tenant. Reason: '1234123412341234123412341234123412341234123412341234123412341234123412341234123412341234123412341234123412341234123412341234123412341234123412341234123412341234123412341234123412341234123412341234123412341234123412341234123412341234123412341234123412341234123412341234123412341234123412341234123412341234123412341234123412341234123412341234123412341234123412341234123412341234123412341234123412341234' exceeds maximum length of 255.
2026-06-24 19:13:45.520 9 INFO neutron.wsgi [None req-4ab624f0-283a-4146-b0a3-e737e6fd54a0 2f30c547b3534b1c82da58361d483f20 d808676774dc42dd8b05d74de46d1fd0 - - - -] 10.0.0.32 "POST /v2.0/rbac-policies HTTP/1.1" status: 400 len: 750 time: 0.0082626
2026-06-24 19:13:45.746 10 INFO neutron.db.ovn_revision_numbers_db [None req-b0244984-10dc-41b6-ad80-6e63f592e3e6 256ef3cc6e8b4de5ac8cab20ab7e8178 17a370de88094904a5b7fc709f050017 - - - -] Successfully bumped revision number for resource eadcb364-b634-42b0-9530-d6932b0d9883 (type: routers) to 1
2026-06-24 19:13:45.772 10 INFO neutron.wsgi [None req-b0244984-10dc-41b6-ad80-6e63f592e3e6 256ef3cc6e8b4de5ac8cab20ab7e8178 17a370de88094904a5b7fc709f050017 - - - -] 10.0.0.32 "POST /v2.0/routers HTTP/1.1" status: 201 len: 654 time: 0.2738798
2026-06-24 19:13:45.846 9 INFO neutron.wsgi [None req-ec0a3a47-5cc6-4097-b285-4e9a1fb741d7 256ef3cc6e8b4de5ac8cab20ab7e8178 17a370de88094904a5b7fc709f050017 - - - -] 10.0.0.32 "PUT /v2.0/routers/78f7da55-1e22-4841-ba61-f4180b1912a0/tags HTTP/1.1" status: 200 len: 210 time: 0.0676506
2026-06-24 19:13:45.954 9 INFO neutron.wsgi [None req-362d3ed8-27fe-49b5-b3df-81d7d1aa4b90 256ef3cc6e8b4de5ac8cab20ab7e8178 17a370de88094904a5b7fc709f050017 - - - -] 10.0.0.32 "PUT /v2.0/routers/ed5f765d-62db-485c-aae7-3c0357dc5be6/tags HTTP/1.1" status: 200 len: 218 time: 0.1015937
2026-06-24 19:13:46.035 9 INFO neutron.wsgi [None req-ceae0b8d-963b-4e37-9e36-a32364f81687 256ef3cc6e8b4de5ac8cab20ab7e8178 17a370de88094904a5b7fc709f050017 - - - -] 10.0.0.32 "PUT /v2.0/routers/2164b423-ba19-490e-b978-6502dd272ca8/tags HTTP/1.1" status: 200 len: 227 time: 0.0745819
2026-06-24 19:13:46.116 10 INFO neutron.wsgi [None req-53551df6-88ef-4206-94dd-664ea012dd6d 256ef3cc6e8b4de5ac8cab20ab7e8178 17a370de88094904a5b7fc709f050017 - - - -] 10.0.0.32 "PUT /v2.0/routers/7bd0734a-9b85-4d91-84d8-a61314913d92/tags HTTP/1.1" status: 200 len: 212 time: 0.0719137
2026-06-24 19:13:46.212 9 INFO neutron.wsgi [None req-7e50a274-b774-4b42-9883-f08cb272569a 256ef3cc6e8b4de5ac8cab20ab7e8178 17a370de88094904a5b7fc709f050017 - - default default] 10.0.0.32 "GET /v2.0/routers?tags=red HTTP/1.1" status: 200 len: 1601 time: 0.0898073
2026-06-24 19:13:46.350 9 INFO neutron.db.ovn_revision_numbers_db [None req-620020d1-d2ca-49b2-bcde-f8f5297d8c01 cbdebe906c5a47ab8ac1895791170cb0 16bbb3d156ba4e9bba440a83f4b06799 - - - -] Successfully bumped revision number for resource 28dc18ee-bcb6-49cf-acc7-fc9bfc466ca6 (type: security_groups) to 1
2026-06-24 19:13:46.423 9 INFO neutron.db.segments_db [None req-620020d1-d2ca-49b2-bcde-f8f5297d8c01 cbdebe906c5a47ab8ac1895791170cb0 16bbb3d156ba4e9bba440a83f4b06799 - - - -] Added segment 223acdac-1225-482f-940b-23fb98229328 of type geneve for network b15ee21e-3b4c-42ce-abfe-0a90f28c1a20
2026-06-24 19:13:46.528 9 INFO neutron.wsgi [-] 10.0.0.108 "GET / HTTP/1.1" status: 200 len: 246 time: 0.0030499
2026-06-24 19:13:46.533 9 INFO neutron.wsgi [-] 10.0.0.108 "GET / HTTP/1.1" status: 200 len: 246 time: 0.0034277
2026-06-24 19:13:46.546 10 INFO neutron.wsgi [None req-c6104ab8-a3e6-4b15-9e38-22146a893fbf 256ef3cc6e8b4de5ac8cab20ab7e8178 17a370de88094904a5b7fc709f050017 - - default default] 10.0.0.32 "GET /v2.0/routers?tags=red%2Cblue HTTP/1.1" status: 200 len: 1144 time: 0.3284197
2026-06-24 19:13:46.552 9 INFO neutron.db.segments_db [None req-620020d1-d2ca-49b2-bcde-f8f5297d8c01 cbdebe906c5a47ab8ac1895791170cb0 16bbb3d156ba4e9bba440a83f4b06799 - - - -] Added segment 6d668d38-f872-46bd-ae99-c71e0d0ab6f6 of type geneve for network c34de2da-c6d7-46f0-a73d-9a9ee65f66aa
2026-06-24 19:13:46.581 10 INFO neutron.services.segments.plugin [-] Segment a7ad37d6-7056-4580-92fb-b96593e0726d resource provider aggregate not found
2026-06-24 19:13:46.590 10 INFO neutron.services.segments.plugin [-] Segment a7ad37d6-7056-4580-92fb-b96593e0726d resource provider aggregate not found
2026-06-24 19:13:46.614 10 INFO neutron.services.segments.plugin [-] Segment a7ad37d6-7056-4580-92fb-b96593e0726d resource provider not found; error: Placement Client Error (4xx): {"errors": [{"status": 404, "title": "Not Found", "detail": "The resource could not be found.\n\n No resource provider with uuid a7ad37d6-7056-4580-92fb-b96593e0726d found for delete ", "request_id": "req-a225b501-20ff-45a7-80ff-48b302602ab7"}]}
2026-06-24 19:13:46.614 10 INFO neutron.services.segments.plugin [-] Segment a7ad37d6-7056-4580-92fb-b96593e0726d resource provider not found; error: Placement Client Error (4xx): {"errors": [{"status": 404, "title": "Not Found", "detail": "The resource could not be found.\n\n No resource provider with uuid a7ad37d6-7056-4580-92fb-b96593e0726d found for delete ", "request_id": "req-7a3c0ab8-3958-41ba-a4b9-5b7ec8e1f398"}]}
2026-06-24 19:13:46.664 10 INFO neutron.wsgi [None req-54c1cfda-eb59-4454-9f10-59d1d46f0f4e 256ef3cc6e8b4de5ac8cab20ab7e8178 17a370de88094904a5b7fc709f050017 - - default default] 10.0.0.32 "GET /v2.0/routers?tags-any=blue HTTP/1.1" status: 200 len: 1144 time: 0.1136265
2026-06-24 19:13:46.678 10 INFO neutron.wsgi [None req-0d72bab9-f90a-4bb5-8e72-eb48fdf1ea56 2f30c547b3534b1c82da58361d483f20 d808676774dc42dd8b05d74de46d1fd0 - - - -] 10.0.0.32 "DELETE /v2.0/networks/58547ebd-5539-49d9-99a9-9dd429d4f084 HTTP/1.1" status: 204 len: 168 time: 1.1532514
2026-06-24 19:13:46.764 9 INFO neutron.db.ovn_revision_numbers_db [None req-620020d1-d2ca-49b2-bcde-f8f5297d8c01 cbdebe906c5a47ab8ac1895791170cb0 16bbb3d156ba4e9bba440a83f4b06799 - - - -] Successfully bumped revision number for resource b15ee21e-3b4c-42ce-abfe-0a90f28c1a20 (type: networks) to 1
2026-06-24 19:13:46.764 10 INFO neutron.db.segments_db [None req-a5bfe117-727d-43fa-935e-80d5d0109817 2f30c547b3534b1c82da58361d483f20 d808676774dc42dd8b05d74de46d1fd0 - - - -] Added segment 980c6604-90b5-438f-8d10-6658e9e1f145 of type geneve for network 25589fe6-23f7-4147-a975-491d58e5d736
