2026-06-24 19:14:14.638 9 INFO neutron.pecan_wsgi.hooks.translation [None req-8d156718-25d7-4445-9faa-ac3704866d81 7662d5d846dc46f0a0c52e3929518bf7 87ece3682bbc4f6790cbcd827904cc74 - - - -] DELETE failed (client error): The resource could not be found.
2026-06-24 19:14:14.640 9 INFO neutron.wsgi [None req-8d156718-25d7-4445-9faa-ac3704866d81 7662d5d846dc46f0a0c52e3929518bf7 87ece3682bbc4f6790cbcd827904cc74 - - - -] 10.0.0.32 "DELETE /v2.0/subnets/5caec5ee-0467-40a8-a264-38f452d6bfee HTTP/1.1" status: 404 len: 337 time: 0.0242157
2026-06-24 19:14:14.665 10 INFO neutron.wsgi [None req-c2a79812-902b-45d4-9147-5e8fb66828bb 4f10f8e3456c45888ba084e75ba8851b 7ca197cbfedf46c6a1675ce45718ce58 - - default default] 10.0.0.196 "GET /v2.0/subnets HTTP/1.1" status: 200 len: 1437 time: 0.0351472
2026-06-24 19:14:14.673 9 INFO neutron.pecan_wsgi.hooks.translation [None req-a2c22b67-9170-40c8-8f04-cd290eac7347 7662d5d846dc46f0a0c52e3929518bf7 87ece3682bbc4f6790cbcd827904cc74 - - - -] DELETE failed (client error): The resource could not be found.
2026-06-24 19:14:14.676 9 INFO neutron.wsgi [None req-a2c22b67-9170-40c8-8f04-cd290eac7347 7662d5d846dc46f0a0c52e3929518bf7 87ece3682bbc4f6790cbcd827904cc74 - - - -] 10.0.0.32 "DELETE /v2.0/subnets/b629409f-bf33-4f5e-8bf8-4314f511d0b4 HTTP/1.1" status: 404 len: 337 time: 0.0306528
2026-06-24 19:14:14.695 10 INFO neutron.wsgi [None req-f93d4b07-e23f-4ad7-87ea-9c31082d6a1b 4f10f8e3456c45888ba084e75ba8851b 7ca197cbfedf46c6a1675ce45718ce58 - - default default] 10.0.0.196 "GET /v2.0/routers HTTP/1.1" status: 200 len: 189 time: 0.0287769
2026-06-24 19:14:14.707 10 INFO neutron.wsgi [None req-0955e9b8-9650-47b3-86a5-db7e5c37c35d 4f10f8e3456c45888ba084e75ba8851b 7ca197cbfedf46c6a1675ce45718ce58 - - default default] 10.0.0.196 "GET /v2.0/agents?binary=ovn-controller HTTP/1.1" status: 200 len: 591 time: 0.0112598
2026-06-24 19:14:14.960 9 INFO neutron.wsgi [None req-602791a7-c454-43d5-9fc5-d757ba2ac4e3 7662d5d846dc46f0a0c52e3929518bf7 87ece3682bbc4f6790cbcd827904cc74 - - - -] 10.0.0.32 "DELETE /v2.0/ports/927b1b18-03a6-4a21-8d9b-2aa24612685f HTTP/1.1" status: 204 len: 168 time: 0.2796702
2026-06-24 19:14:15.429 9 INFO neutron.wsgi [None req-1ae8bea2-7e95-4cdc-9467-f4df8ae5a42b 7662d5d846dc46f0a0c52e3929518bf7 87ece3682bbc4f6790cbcd827904cc74 - - - -] 10.0.0.32 "DELETE /v2.0/networks/26ca999d-75b9-420a-b625-ae41f52ce14e HTTP/1.1" status: 204 len: 168 time: 0.4649580
2026-06-24 19:14:15.884 9 INFO neutron.services.segments.plugin [-] Segment 77856dff-b329-41bc-be45-28783a39b1d9 resource provider aggregate not found
2026-06-24 19:14:15.913 9 INFO neutron.services.segments.plugin [-] Segment 77856dff-b329-41bc-be45-28783a39b1d9 resource provider aggregate not found
2026-06-24 19:14:15.919 9 INFO neutron.services.segments.plugin [-] Segment 77856dff-b329-41bc-be45-28783a39b1d9 resource provider not found; error: Placement Client Error (4xx): {"errors": [{"status": 404, "title": "Not Found", "detail": "The resource could not be found.\n\n No resource provider with uuid 77856dff-b329-41bc-be45-28783a39b1d9 found for delete ", "request_id": "req-13386585-bf0c-4197-a1a0-67bd47e3f07e"}]}
2026-06-24 19:14:15.936 9 INFO neutron.services.segments.plugin [-] Segment 77856dff-b329-41bc-be45-28783a39b1d9 resource provider not found; error: Placement Client Error (4xx): {"errors": [{"status": 404, "title": "Not Found", "detail": "The resource could not be found.\n\n No resource provider with uuid 77856dff-b329-41bc-be45-28783a39b1d9 found for delete ", "request_id": "req-6d241c0f-4bea-416b-825d-95485a2ff387"}]}
2026-06-24 19:14:16.135 10 INFO neutron.wsgi [None req-c63847af-3cfd-455b-a259-22b12a3b7c53 4f10f8e3456c45888ba084e75ba8851b 7ca197cbfedf46c6a1675ce45718ce58 - - default default] 10.0.0.32 "GET /v2.0/security-groups?tenant_id=87ece3682bbc4f6790cbcd827904cc74&name=default HTTP/1.1" status: 200 len: 2996 time: 0.3030353
2026-06-24 19:14:16.274 9 INFO neutron.db.ovn_revision_numbers_db [None req-81684a26-3518-4a8b-9d01-a0e83c71bf68 4f10f8e3456c45888ba084e75ba8851b 7ca197cbfedf46c6a1675ce45718ce58 - - default default] Successfully bumped revision number for resource a4fad2ae-5f39-44d3-a7f5-38f51b667932 (type: security_groups) to 1
2026-06-24 19:14:16.307 9 INFO neutron.wsgi [None req-81684a26-3518-4a8b-9d01-a0e83c71bf68 4f10f8e3456c45888ba084e75ba8851b 7ca197cbfedf46c6a1675ce45718ce58 - - default default] 10.0.0.32 "GET /v2.0/security-groups?tenant_id=c8edc3870cb446bfa698cffdfcca0a09&name=default HTTP/1.1" status: 200 len: 2996 time: 0.1927116
2026-06-24 19:14:16.377 10 INFO neutron.wsgi [None req-bd2c2c06-7b5c-45f3-afe5-5df31cf02f1c 4f10f8e3456c45888ba084e75ba8851b 7ca197cbfedf46c6a1675ce45718ce58 - - - -] 10.0.0.32 "DELETE /v2.0/security-groups/e6224266-734c-4907-affa-a7bc9b89e165 HTTP/1.1" status: 204 len: 168 time: 0.2376373
2026-06-24 19:14:16.526 9 INFO neutron.wsgi [-] 10.0.0.108 "GET / HTTP/1.1" status: 200 len: 246 time: 0.0017369
2026-06-24 19:14:16.526 10 INFO neutron.wsgi [-] 10.0.0.108 "GET / HTTP/1.1" status: 200 len: 246 time: 0.0020869
2026-06-24 19:14:16.543 10 INFO neutron.wsgi [None req-f976e97b-8241-4067-b50b-1bd34e6d639d 4f10f8e3456c45888ba084e75ba8851b 7ca197cbfedf46c6a1675ce45718ce58 - - - -] 10.0.0.32 "DELETE /v2.0/security-groups/a4fad2ae-5f39-44d3-a7f5-38f51b667932 HTTP/1.1" status: 204 len: 168 time: 0.2287536
2026-06-24 19:14:16.838 10 INFO neutron.db.ovn_revision_numbers_db [None req-a721d77a-cfe3-4ede-9aa7-c68205e51554 4f10f8e3456c45888ba084e75ba8851b 7ca197cbfedf46c6a1675ce45718ce58 - - default default] Successfully bumped revision number for resource 4909eed2-1df6-4077-bfa3-a701554a14fc (type: security_groups) to 1
2026-06-24 19:14:16.871 10 INFO neutron.wsgi [None req-a721d77a-cfe3-4ede-9aa7-c68205e51554 4f10f8e3456c45888ba084e75ba8851b 7ca197cbfedf46c6a1675ce45718ce58 - - default default] 10.0.0.32 "GET /v2.0/security-groups?tenant_id=b14ace2e1ad84a0f94bd4329008b6786&name=default HTTP/1.1" status: 200 len: 2996 time: 0.1563697
2026-06-24 19:14:17.082 10 INFO neutron.wsgi [None req-5173d493-c3dd-4d79-9f40-ad250a17d6d7 4f10f8e3456c45888ba084e75ba8851b 7ca197cbfedf46c6a1675ce45718ce58 - - - -] 10.0.0.32 "DELETE /v2.0/security-groups/4909eed2-1df6-4077-bfa3-a701554a14fc HTTP/1.1" status: 204 len: 168 time: 0.1990421
2026-06-24 19:14:18.892 10 INFO neutron.db.ovn_revision_numbers_db [None req-a81cb547-287c-4304-b696-22d48e4db130 0e42a2a46e384e4da8b5080077d8f8e1 abda093473fa412190f860a2b46cc65e - - - -] Successfully bumped revision number for resource f3c5e80c-8a95-4562-a759-07138d9b4c63 (type: security_groups) to 1
2026-06-24 19:14:18.972 10 INFO neutron.db.ovn_revision_numbers_db [None req-a81cb547-287c-4304-b696-22d48e4db130 0e42a2a46e384e4da8b5080077d8f8e1 abda093473fa412190f860a2b46cc65e - - - -] Successfully bumped revision number for resource acaa86f5-71e7-45e5-a9a1-43f07a7eb4ae (type: security_groups) to 1
2026-06-24 19:14:18.995 10 INFO neutron.wsgi [None req-a81cb547-287c-4304-b696-22d48e4db130 0e42a2a46e384e4da8b5080077d8f8e1 abda093473fa412190f860a2b46cc65e - - - -] 10.0.0.32 "POST /v2.0/security-groups HTTP/1.1" status: 201 len: 1737 time: 0.3561425
2026-06-24 19:14:19.108 10 INFO neutron.db.ovn_revision_numbers_db [None req-8447f636-d2ac-4d9c-be8e-f7d56ef370fe 0e42a2a46e384e4da8b5080077d8f8e1 abda093473fa412190f860a2b46cc65e - - - -] Successfully bumped revision number for resource edad9ef8-f650-4af5-ac6f-89c72ae1277e (type: security_groups) to 1
2026-06-24 19:14:19.136 10 INFO neutron.wsgi [None req-8447f636-d2ac-4d9c-be8e-f7d56ef370fe 0e42a2a46e384e4da8b5080077d8f8e1 abda093473fa412190f860a2b46cc65e - - - -] 10.0.0.32 "POST /v2.0/security-groups HTTP/1.1" status: 201 len: 1737 time: 0.1370859
2026-06-24 19:14:19.246 10 INFO neutron.db.ovn_revision_numbers_db [None req-8a68627d-254a-4e38-a93d-bebe5b8b43bd 0e42a2a46e384e4da8b5080077d8f8e1 abda093473fa412190f860a2b46cc65e - - - -] Successfully bumped revision number for resource d9466a27-618a-4156-acc0-ef02f9535b52 (type: security_groups) to 1
2026-06-24 19:14:19.268 10 INFO neutron.wsgi [None req-8a68627d-254a-4e38-a93d-bebe5b8b43bd 0e42a2a46e384e4da8b5080077d8f8e1 abda093473fa412190f860a2b46cc65e - - - -] 10.0.0.32 "POST /v2.0/security-groups HTTP/1.1" status: 201 len: 1737 time: 0.1263490
2026-06-24 19:14:19.371 10 INFO neutron.db.ovn_revision_numbers_db [None req-fe59289e-494a-4bdc-a3e4-025df2acecc6 0e42a2a46e384e4da8b5080077d8f8e1 abda093473fa412190f860a2b46cc65e - - - -] Successfully bumped revision number for resource 43657f9a-8932-4f21-a4b1-dcd4a879409a (type: security_groups) to 1
2026-06-24 19:14:19.394 10 INFO neutron.wsgi [None req-fe59289e-494a-4bdc-a3e4-025df2acecc6 0e42a2a46e384e4da8b5080077d8f8e1 abda093473fa412190f860a2b46cc65e - - - -] 10.0.0.32 "POST /v2.0/security-groups HTTP/1.1" status: 201 len: 1737 time: 0.1219230
2026-06-24 19:14:19.534 9 INFO neutron.db.ovn_revision_numbers_db [None req-f30d1f8f-e1de-4758-9d98-94af8b48767e 0e42a2a46e384e4da8b5080077d8f8e1 abda093473fa412190f860a2b46cc65e - - - -] Successfully bumped revision number for resource b17c871c-a568-445d-b079-9928d889133a (type: security_groups) to 1
2026-06-24 19:14:19.556 9 INFO neutron.wsgi [None req-f30d1f8f-e1de-4758-9d98-94af8b48767e 0e42a2a46e384e4da8b5080077d8f8e1 abda093473fa412190f860a2b46cc65e - - - -] 10.0.0.32 "POST /v2.0/security-groups HTTP/1.1" status: 201 len: 1737 time: 0.1549282
2026-06-24 19:14:19.586 9 INFO neutron.wsgi [None req-e3ad0ef9-b333-4a85-8aaf-42bdb34c8e01 0e42a2a46e384e4da8b5080077d8f8e1 abda093473fa412190f860a2b46cc65e - - - -] 10.0.0.32 "PUT /v2.0/security-groups/acaa86f5-71e7-45e5-a9a1-43f07a7eb4ae/tags HTTP/1.1" status: 200 len: 210 time: 0.0228226
2026-06-24 19:14:19.621 10 INFO neutron.wsgi [None req-d32f8719-5037-4953-a754-02ca6628f9f0 0e42a2a46e384e4da8b5080077d8f8e1 abda093473fa412190f860a2b46cc65e - - - -] 10.0.0.32 "PUT /v2.0/security-groups/edad9ef8-f650-4af5-ac6f-89c72ae1277e/tags HTTP/1.1" status: 200 len: 218 time: 0.0293705
2026-06-24 19:14:19.655 9 INFO neutron.wsgi [None req-0a81114a-0d7e-4e7b-8b3f-ea4946917a9d 0e42a2a46e384e4da8b5080077d8f8e1 abda093473fa412190f860a2b46cc65e - - - -] 10.0.0.32 "PUT /v2.0/security-groups/d9466a27-618a-4156-acc0-ef02f9535b52/tags HTTP/1.1" status: 200 len: 227 time: 0.0291016
2026-06-24 19:14:19.691 9 INFO neutron.wsgi [None req-39e32b65-0e78-47cf-bd49-d60d9de52b0b 0e42a2a46e384e4da8b5080077d8f8e1 abda093473fa412190f860a2b46cc65e - - - -] 10.0.0.32 "PUT /v2.0/security-groups/43657f9a-8932-4f21-a4b1-dcd4a879409a/tags HTTP/1.1" status: 200 len: 212 time: 0.0294821
2026-06-24 19:14:19.758 10 INFO neutron.wsgi [None req-72dfe56b-4dde-4188-a99c-b253fb225a58 0e42a2a46e384e4da8b5080077d8f8e1 abda093473fa412190f860a2b46cc65e - - default default] 10.0.0.32 "GET /v2.0/security-groups?tags=red HTTP/1.1" status: 200 len: 4813 time: 0.0601859
2026-06-24 19:14:19.795 9 INFO neutron.db.ovn_revision_numbers_db [None req-b6c65d28-8776-4887-8dcf-5bda5cec37b6 4f10f8e3456c45888ba084e75ba8851b 7ca197cbfedf46c6a1675ce45718ce58 - - default default] Successfully bumped revision number for resource b0ae5f84-b912-4666-8384-a3d40756e7c0 (type: security_groups) to 1
2026-06-24 19:14:19.825 9 INFO neutron.wsgi [None req-b6c65d28-8776-4887-8dcf-5bda5cec37b6 4f10f8e3456c45888ba084e75ba8851b 7ca197cbfedf46c6a1675ce45718ce58 - - default default] 10.0.0.32 "GET /v2.0/security-groups?tenant_id=ea6102c9f9ad4730ac0a5cf81e0288a7&name=default HTTP/1.1" status: 200 len: 2996 time: 0.2351720
2026-06-24 19:14:19.831 10 INFO neutron.wsgi [None req-d88356e9-8d7a-4c5c-b465-5f4e763ad511 0e42a2a46e384e4da8b5080077d8f8e1 abda093473fa412190f860a2b46cc65e - - default default] 10.0.0.32 "GET /v2.0/security-groups?tags=red%2Cblue HTTP/1.1" status: 200 len: 3289 time: 0.0665948
2026-06-24 19:14:19.884 10 INFO neutron.wsgi [None req-dcaa35d8-a699-4f4b-9a78-bce5fffb91bf 0e42a2a46e384e4da8b5080077d8f8e1 abda093473fa412190f860a2b46cc65e - - default default] 10.0.0.32 "GET /v2.0/security-groups?tags-any=blue HTTP/1.1" status: 200 len: 3289 time: 0.0462635
2026-06-24 19:14:19.954 9 INFO neutron.wsgi [None req-90b5bb70-a3ba-4ec7-b2d1-2afae593d8aa 0e42a2a46e384e4da8b5080077d8f8e1 abda093473fa412190f860a2b46cc65e - - default default] 10.0.0.32 "GET /v2.0/security-groups?tags-any=red%2Cblue HTTP/1.1" status: 200 len: 4813 time: 0.0637453
2026-06-24 19:14:20.018 10 INFO neutron.wsgi [None req-392eaff2-733d-4a97-98ea-0da4088e066a 0e42a2a46e384e4da8b5080077d8f8e1 abda093473fa412190f860a2b46cc65e - - default default] 10.0.0.32 "GET /v2.0/security-groups?not-tags=red HTTP/1.1" status: 200 len: 6041 time: 0.0586462
2026-06-24 19:14:20.064 9 INFO neutron.wsgi [None req-632110e6-7fb4-4592-b2d0-3a3845c2fec4 4f10f8e3456c45888ba084e75ba8851b 7ca197cbfedf46c6a1675ce45718ce58 - - - -] 10.0.0.32 "DELETE /v2.0/security-groups/b0ae5f84-b912-4666-8384-a3d40756e7c0 HTTP/1.1" status: 204 len: 168 time: 0.2323227
2026-06-24 19:14:20.080 10 INFO neutron.wsgi [None req-5a17363f-5b3e-4711-b668-50dcf2245fc6 0e42a2a46e384e4da8b5080077d8f8e1 abda093473fa412190f860a2b46cc65e - - default default] 10.0.0.32 "GET /v2.0/security-groups?not-tags=red%2Cblue HTTP/1.1" status: 200 len: 7565 time: 0.0572126
2026-06-24 19:14:20.150 10 INFO neutron.wsgi [None req-754a4050-2490-4d89-8f2d-f7fae451fbfb 0e42a2a46e384e4da8b5080077d8f8e1 abda093473fa412190f860a2b46cc65e - - default default] 10.0.0.32 "GET /v2.0/security-groups?not-tags-any=blue HTTP/1.1" status: 200 len: 7565 time: 0.0651360
2026-06-24 19:14:20.202 10 INFO neutron.wsgi [None req-9d6bb6e7-e6c4-44dc-a7ff-1a04fd169ede 0e42a2a46e384e4da8b5080077d8f8e1 abda093473fa412190f860a2b46cc65e - - default default] 10.0.0.32 "GET /v2.0/security-groups?not-tags-any=red%2Cblue HTTP/1.1" status: 200 len: 6041 time: 0.0480652
2026-06-24 19:14:20.343 10 INFO neutron.wsgi [None req-b1621c6e-09b6-47c1-b86d-81e93b9fae66 0e42a2a46e384e4da8b5080077d8f8e1 abda093473fa412190f860a2b46cc65e - - - -] 10.0.0.32 "DELETE /v2.0/security-groups/acaa86f5-71e7-45e5-a9a1-43f07a7eb4ae HTTP/1.1" status: 204 len: 168 time: 0.1334794
2026-06-24 19:14:20.452 10 INFO neutron.wsgi [None req-e6e4ba5e-5e53-4d34-b47c-89b24610fc81 0e42a2a46e384e4da8b5080077d8f8e1 abda093473fa412190f860a2b46cc65e - - - -] 10.0.0.32 "DELETE /v2.0/security-groups/edad9ef8-f650-4af5-ac6f-89c72ae1277e HTTP/1.1" status: 204 len: 168 time: 0.1043894
2026-06-24 19:14:20.571 10 INFO neutron.wsgi [None req-0774c50b-3dbf-49bb-a1d1-6c913d3e856c 0e42a2a46e384e4da8b5080077d8f8e1 abda093473fa412190f860a2b46cc65e - - - -] 10.0.0.32 "DELETE /v2.0/security-groups/d9466a27-618a-4156-acc0-ef02f9535b52 HTTP/1.1" status: 204 len: 168 time: 0.1137893
2026-06-24 19:14:20.691 10 INFO neutron.wsgi [None req-c3961dba-242d-4be1-b53e-93c7fbc36527 0e42a2a46e384e4da8b5080077d8f8e1 abda093473fa412190f860a2b46cc65e - - - -] 10.0.0.32 "DELETE /v2.0/security-groups/43657f9a-8932-4f21-a4b1-dcd4a879409a HTTP/1.1" status: 204 len: 168 time: 0.1144195
2026-06-24 19:14:20.873 10 INFO neutron.wsgi [None req-dcdc8856-de5f-4376-aad4-873b6de5d079 0e42a2a46e384e4da8b5080077d8f8e1 abda093473fa412190f860a2b46cc65e - - - -] 10.0.0.32 "DELETE /v2.0/security-groups/b17c871c-a568-445d-b079-9928d889133a HTTP/1.1" status: 204 len: 168 time: 0.1773982
2026-06-24 19:14:21.997 10 INFO neutron.db.ovn_revision_numbers_db [None req-64d775b3-1edd-4b79-b291-1876104c6353 4f10f8e3456c45888ba084e75ba8851b 7ca197cbfedf46c6a1675ce45718ce58 - - default default] Successfully bumped revision number for resource 35ce832c-e294-46ed-88ed-6fc499f2f248 (type: security_groups) to 1
2026-06-24 19:14:22.020 10 INFO neutron.wsgi [None req-64d775b3-1edd-4b79-b291-1876104c6353 4f10f8e3456c45888ba084e75ba8851b 7ca197cbfedf46c6a1675ce45718ce58 - - default default] 10.0.0.32 "GET /v2.0/security-groups?tenant_id=9454e99e1f4d4c78a5988c9088f48477&name=default HTTP/1.1" status: 200 len: 2998 time: 0.3952575
2026-06-24 19:14:22.223 10 INFO neutron.wsgi [None req-e7cbbb9d-1cac-4bc2-b18e-591d26dc68a7 4f10f8e3456c45888ba084e75ba8851b 7ca197cbfedf46c6a1675ce45718ce58 - - - -] 10.0.0.32 "DELETE /v2.0/security-groups/35ce832c-e294-46ed-88ed-6fc499f2f248 HTTP/1.1" status: 204 len: 168 time: 0.1914937
2026-06-24 19:14:22.422 10 INFO neutron.db.ovn_revision_numbers_db [None req-34f4b1d9-9bda-47a9-b05d-8fbbe0528292 4f10f8e3456c45888ba084e75ba8851b 7ca197cbfedf46c6a1675ce45718ce58 - - default default] Successfully bumped revision number for resource 4077d277-e874-42e2-ad13-a8cd0fbe25bd (type: security_groups) to 1
2026-06-24 19:14:22.443 10 INFO neutron.wsgi [None req-34f4b1d9-9bda-47a9-b05d-8fbbe0528292 4f10f8e3456c45888ba084e75ba8851b 7ca197cbfedf46c6a1675ce45718ce58 - - default default] 10.0.0.32 "GET /v2.0/security-groups?tenant_id=4e260f8d68174ba597cc4ad02a41621f&name=default HTTP/1.1" status: 200 len: 3000 time: 0.1176620
2026-06-24 19:14:22.969 10 INFO neutron.wsgi [None req-d5e52864-60ad-40fe-8721-cba9eb580b34 4f10f8e3456c45888ba084e75ba8851b 7ca197cbfedf46c6a1675ce45718ce58 - - - -] 10.0.0.32 "DELETE /v2.0/security-groups/4077d277-e874-42e2-ad13-a8cd0fbe25bd HTTP/1.1" status: 204 len: 168 time: 0.5201068
2026-06-24 19:14:23.165 10 INFO neutron.wsgi [None req-7b29de5c-43db-4a1a-81ea-e3fbe2171d7d 4f10f8e3456c45888ba084e75ba8851b 7ca197cbfedf46c6a1675ce45718ce58 - - default default] 10.0.0.32 "GET /v2.0/security-groups?tenant_id=abda093473fa412190f860a2b46cc65e&name=default HTTP/1.1" status: 200 len: 2996 time: 0.0316889
2026-06-24 19:14:23.358 10 INFO neutron.wsgi [None req-216cecb9-7cf8-4c39-b366-2949259a4d5a 4f10f8e3456c45888ba084e75ba8851b 7ca197cbfedf46c6a1675ce45718ce58 - - - -] 10.0.0.32 "DELETE /v2.0/security-groups/f3c5e80c-8a95-4562-a759-07138d9b4c63 HTTP/1.1" status: 204 len: 168 time: 0.1876054
2026-06-24 19:14:23.905 10 INFO neutron.db.ovn_revision_numbers_db [None req-120e9b69-8d01-463e-b2ec-5db6c9dc2013 4f10f8e3456c45888ba084e75ba8851b 7ca197cbfedf46c6a1675ce45718ce58 - - default default] Successfully bumped revision number for resource 64dc2e7c-ae9b-4251-9eed-9ff1ee44ca89 (type: security_groups) to 1
2026-06-24 19:14:23.938 10 INFO neutron.wsgi [None req-120e9b69-8d01-463e-b2ec-5db6c9dc2013 4f10f8e3456c45888ba084e75ba8851b 7ca197cbfedf46c6a1675ce45718ce58 - - default default] 10.0.0.32 "GET /v2.0/security-groups?tenant_id=816b0be0c3c5449787469371de2b3a26&name=default HTTP/1.1" status: 200 len: 3000 time: 0.3074710
2026-06-24 19:14:24.148 10 INFO neutron.wsgi [None req-ea0f44c0-b313-498d-bdb7-62e6e6a2c058 4f10f8e3456c45888ba084e75ba8851b 7ca197cbfedf46c6a1675ce45718ce58 - - - -] 10.0.0.32 "DELETE /v2.0/security-groups/64dc2e7c-ae9b-4251-9eed-9ff1ee44ca89 HTTP/1.1" status: 204 len: 168 time: 0.2048786
2026-06-24 19:14:26.149 10 INFO neutron.db.ovn_revision_numbers_db [None req-2d224350-6631-43af-b164-72ff9e185a6d 4f10f8e3456c45888ba084e75ba8851b 7ca197cbfedf46c6a1675ce45718ce58 - - - -] Successfully bumped revision number for resource 4b198a52-7fa8-4648-8435-0b445ed7543c (type: security_groups) to 1
2026-06-24 19:14:26.204 10 INFO neutron.db.segments_db [None req-2d224350-6631-43af-b164-72ff9e185a6d 4f10f8e3456c45888ba084e75ba8851b 7ca197cbfedf46c6a1675ce45718ce58 - - - -] Added segment 3cfb2062-04ad-489c-9ef3-3e75fa51ffdb of type geneve for network 8a0b4dcb-75bf-4882-a493-16ff8353f6ce
2026-06-24 19:14:26.343 10 INFO neutron.db.ovn_revision_numbers_db [None req-2d224350-6631-43af-b164-72ff9e185a6d 4f10f8e3456c45888ba084e75ba8851b 7ca197cbfedf46c6a1675ce45718ce58 - - - -] Successfully bumped revision number for resource 8a0b4dcb-75bf-4882-a493-16ff8353f6ce (type: networks) to 1
2026-06-24 19:14:26.554 10 WARNING neutron.scheduler.dhcp_agent_scheduler [None req-2d224350-6631-43af-b164-72ff9e185a6d 4f10f8e3456c45888ba084e75ba8851b 7ca197cbfedf46c6a1675ce45718ce58 - - - -] No more DHCP agents
2026-06-24 19:14:26.557 10 WARNING neutron.api.rpc.agentnotifiers.dhcp_rpc_agent_api [None req-2d224350-6631-43af-b164-72ff9e185a6d 4f10f8e3456c45888ba084e75ba8851b 7ca197cbfedf46c6a1675ce45718ce58 - - - -] Unable to schedule network 8a0b4dcb-75bf-4882-a493-16ff8353f6ce: no agents available; will retry on subsequent port and subnet creation events.
2026-06-24 19:14:26.634 10 INFO neutron.db.ovn_revision_numbers_db [None req-2d224350-6631-43af-b164-72ff9e185a6d 4f10f8e3456c45888ba084e75ba8851b 7ca197cbfedf46c6a1675ce45718ce58 - - - -] Successfully bumped revision number for resource bcf31768-6880-4098-8c04-32c794a58865 (type: ports) to 1
2026-06-24 19:14:26.658 10 INFO neutron.wsgi [None req-2d224350-6631-43af-b164-72ff9e185a6d 4f10f8e3456c45888ba084e75ba8851b 7ca197cbfedf46c6a1675ce45718ce58 - - - -] 10.0.0.32 "POST /v2.0/networks HTTP/1.1" status: 201 len: 942 time: 0.8305092
2026-06-24 19:14:26.828 10 WARNING neutron.scheduler.dhcp_agent_scheduler [None req-78eee626-561a-49a7-b191-68d09eaa3479 4f10f8e3456c45888ba084e75ba8851b 7ca197cbfedf46c6a1675ce45718ce58 - - - -] No more DHCP agents
2026-06-24 19:14:26.833 10 WARNING neutron.api.rpc.agentnotifiers.dhcp_rpc_agent_api [None req-78eee626-561a-49a7-b191-68d09eaa3479 4f10f8e3456c45888ba084e75ba8851b 7ca197cbfedf46c6a1675ce45718ce58 - - - -] Unable to schedule network 8a0b4dcb-75bf-4882-a493-16ff8353f6ce: no agents available; will retry on subsequent port and subnet creation events.
2026-06-24 19:14:27.330 10 INFO neutron.db.ovn_revision_numbers_db [None req-78eee626-561a-49a7-b191-68d09eaa3479 4f10f8e3456c45888ba084e75ba8851b 7ca197cbfedf46c6a1675ce45718ce58 - - - -] Successfully bumped revision number for resource bcf31768-6880-4098-8c04-32c794a58865 (type: ports) to 2
2026-06-24 19:14:27.345 10 INFO neutron.db.ovn_revision_numbers_db [None req-78eee626-561a-49a7-b191-68d09eaa3479 4f10f8e3456c45888ba084e75ba8851b 7ca197cbfedf46c6a1675ce45718ce58 - - - -] Successfully bumped revision number for resource 78d34c09-0362-43c5-8cb7-96289c498b50 (type: subnets) to 0
2026-06-24 19:14:27.361 10 INFO neutron.wsgi [None req-78eee626-561a-49a7-b191-68d09eaa3479 4f10f8e3456c45888ba084e75ba8851b 7ca197cbfedf46c6a1675ce45718ce58 - - - -] 10.0.0.32 "POST /v2.0/subnets HTTP/1.1" status: 201 len: 862 time: 0.6959918
2026-06-24 19:14:27.746 9 INFO neutron.db.ovn_revision_numbers_db [None req-663b9693-48bd-416b-ba8c-a2313475592a 45fd7ac7d38e428d98c86818b136b0f9 342e0053bb7846ee97cfa7c331e4dccd - - - -] Successfully bumped revision number for resource 554c0a0c-ba78-4e91-a9ef-5d97e38d4088 (type: security_groups) to 1
2026-06-24 19:14:27.813 9 INFO neutron.db.segments_db [None req-663b9693-48bd-416b-ba8c-a2313475592a 45fd7ac7d38e428d98c86818b136b0f9 342e0053bb7846ee97cfa7c331e4dccd - - - -] Added segment 550a428c-d4e5-4106-9165-f92d47a00663 of type geneve for network 37e40529-4b4a-4940-adf7-4caf522f4822
2026-06-24 19:14:27.990 9 INFO neutron.db.ovn_revision_numbers_db [None req-663b9693-48bd-416b-ba8c-a2313475592a 45fd7ac7d38e428d98c86818b136b0f9 342e0053bb7846ee97cfa7c331e4dccd - - - -] Successfully bumped revision number for resource 37e40529-4b4a-4940-adf7-4caf522f4822 (type: networks) to 1
2026-06-24 19:14:28.033 9 WARNING neutron.scheduler.dhcp_agent_scheduler [None req-297ef045-405c-4a84-b8e2-46ecdcb74a5b 4f10f8e3456c45888ba084e75ba8851b 7ca197cbfedf46c6a1675ce45718ce58 - - - -] No more DHCP agents
2026-06-24 19:14:28.037 9 WARNING neutron.api.rpc.agentnotifiers.dhcp_rpc_agent_api [None req-297ef045-405c-4a84-b8e2-46ecdcb74a5b 4f10f8e3456c45888ba084e75ba8851b 7ca197cbfedf46c6a1675ce45718ce58 - - - -] Unable to schedule network 55253de1-2e58-4f71-a573-4da169fafa06: no agents available; will retry on subsequent port and subnet creation events.
2026-06-24 19:14:28.236 9 WARNING neutron.scheduler.dhcp_agent_scheduler [None req-663b9693-48bd-416b-ba8c-a2313475592a 45fd7ac7d38e428d98c86818b136b0f9 342e0053bb7846ee97cfa7c331e4dccd - - - -] No more DHCP agents
2026-06-24 19:14:28.239 9 WARNING neutron.api.rpc.agentnotifiers.dhcp_rpc_agent_api [None req-663b9693-48bd-416b-ba8c-a2313475592a 45fd7ac7d38e428d98c86818b136b0f9 342e0053bb7846ee97cfa7c331e4dccd - - - -] Unable to schedule network 37e40529-4b4a-4940-adf7-4caf522f4822: no agents available; will retry on subsequent port and subnet creation events.
2026-06-24 19:14:28.263 9 INFO neutron.db.ovn_revision_numbers_db [None req-297ef045-405c-4a84-b8e2-46ecdcb74a5b 4f10f8e3456c45888ba084e75ba8851b 7ca197cbfedf46c6a1675ce45718ce58 - - - -] Successfully bumped revision number for resource 4d6af62e-7b75-430d-907a-5921257582d9 (type: ports) to 1
2026-06-24 19:14:28.349 9 INFO neutron.db.ovn_revision_numbers_db [None req-663b9693-48bd-416b-ba8c-a2313475592a 45fd7ac7d38e428d98c86818b136b0f9 342e0053bb7846ee97cfa7c331e4dccd - - - -] Successfully bumped revision number for resource 532faadf-7529-4173-822a-cdbde70dbd73 (type: ports) to 1
2026-06-24 19:14:28.394 9 INFO neutron.wsgi [None req-663b9693-48bd-416b-ba8c-a2313475592a 45fd7ac7d38e428d98c86818b136b0f9 342e0053bb7846ee97cfa7c331e4dccd - - - -] 10.0.0.32 "POST /v2.0/networks HTTP/1.1" status: 201 len: 831 time: 1.0370057
2026-06-24 19:14:29.212 9 WARNING neutron.scheduler.dhcp_agent_scheduler [None req-9aba1b83-28e8-4506-a085-e1fc9be14164 45fd7ac7d38e428d98c86818b136b0f9 342e0053bb7846ee97cfa7c331e4dccd - - - -] No more DHCP agents
2026-06-24 19:14:29.217 9 WARNING neutron.api.rpc.agentnotifiers.dhcp_rpc_agent_api [None req-9aba1b83-28e8-4506-a085-e1fc9be14164 45fd7ac7d38e428d98c86818b136b0f9 342e0053bb7846ee97cfa7c331e4dccd - - - -] Unable to schedule network 37e40529-4b4a-4940-adf7-4caf522f4822: no agents available; will retry on subsequent port and subnet creation events.
2026-06-24 19:14:29.489 10 INFO neutron.plugins.ml2.drivers.ovn.mech_driver.mech_driver [None req-b80654a2-dc53-441e-bb73-9774f093998e - - - - - -] OVN reports status up for port: 4d6af62e-7b75-430d-907a-5921257582d9
2026-06-24 19:14:29.494 9 INFO neutron.plugins.ml2.drivers.ovn.mech_driver.ovsdb.ovsdb_monitor [None req-a78c4975-3c82-4bed-bc16-bc014fa055df - - - - - -] Router 6cd25b99-24d8-4863-a9ad-50091e64e33c is bound to host instance
2026-06-24 19:14:29.504 10 INFO neutron.plugins.ml2.plugin [None req-b80654a2-dc53-441e-bb73-9774f093998e - - - - - -] Attempt 1 to provision port 4d6af62e-7b75-430d-907a-5921257582d9
2026-06-24 19:14:29.507 9 INFO neutron.db.ovn_revision_numbers_db [None req-297ef045-405c-4a84-b8e2-46ecdcb74a5b 4f10f8e3456c45888ba084e75ba8851b 7ca197cbfedf46c6a1675ce45718ce58 - - - -] Successfully bumped revision number for resource 4d6af62e-7b75-430d-907a-5921257582d9 (type: router_ports) to 1
2026-06-24 19:14:29.640 9 INFO neutron.db.ovn_revision_numbers_db [None req-297ef045-405c-4a84-b8e2-46ecdcb74a5b 4f10f8e3456c45888ba084e75ba8851b 7ca197cbfedf46c6a1675ce45718ce58 - - - -] Successfully bumped revision number for resource 6cd25b99-24d8-4863-a9ad-50091e64e33c (type: routers) to 3
2026-06-24 19:14:29.685 9 INFO neutron.wsgi [None req-297ef045-405c-4a84-b8e2-46ecdcb74a5b 4f10f8e3456c45888ba084e75ba8851b 7ca197cbfedf46c6a1675ce45718ce58 - - - -] 10.0.0.32 "POST /v2.0/routers HTTP/1.1" status: 201 len: 873 time: 2.3195920
2026-06-24 19:14:30.011 9 INFO neutron.db.ovn_revision_numbers_db [None req-9aba1b83-28e8-4506-a085-e1fc9be14164 45fd7ac7d38e428d98c86818b136b0f9 342e0053bb7846ee97cfa7c331e4dccd - - - -] Successfully bumped revision number for resource 532faadf-7529-4173-822a-cdbde70dbd73 (type: ports) to 2
2026-06-24 19:14:30.058 9 INFO neutron.db.ovn_revision_numbers_db [None req-9aba1b83-28e8-4506-a085-e1fc9be14164 45fd7ac7d38e428d98c86818b136b0f9 342e0053bb7846ee97cfa7c331e4dccd - - - -] Successfully bumped revision number for resource eb74348b-35be-424c-a05a-861dd1171b52 (type: subnets) to 0
2026-06-24 19:14:30.090 9 INFO neutron.wsgi [None req-9aba1b83-28e8-4506-a085-e1fc9be14164 45fd7ac7d38e428d98c86818b136b0f9 342e0053bb7846ee97cfa7c331e4dccd - - - -] 10.0.0.32 "POST /v2.0/subnets HTTP/1.1" status: 201 len: 801 time: 1.6904473
2026-06-24 19:14:30.182 10 INFO neutron.db.segments_db [None req-17094b6c-56b5-418a-a2bd-765222a19099 45fd7ac7d38e428d98c86818b136b0f9 342e0053bb7846ee97cfa7c331e4dccd - - - -] Added segment 6b455583-16f8-4ca5-a979-d2c7831278bf of type geneve for network 7e8c3254-b794-428c-a25a-fbabaf66467b
2026-06-24 19:14:30.334 10 INFO neutron.db.ovn_revision_numbers_db [None req-17094b6c-56b5-418a-a2bd-765222a19099 45fd7ac7d38e428d98c86818b136b0f9 342e0053bb7846ee97cfa7c331e4dccd - - - -] Successfully bumped revision number for resource 7e8c3254-b794-428c-a25a-fbabaf66467b (type: networks) to 1
2026-06-24 19:14:30.533 10 WARNING neutron.scheduler.dhcp_agent_scheduler [None req-17094b6c-56b5-418a-a2bd-765222a19099 45fd7ac7d38e428d98c86818b136b0f9 342e0053bb7846ee97cfa7c331e4dccd - - - -] No more DHCP agents
2026-06-24 19:14:30.535 10 WARNING neutron.api.rpc.agentnotifiers.dhcp_rpc_agent_api [None req-17094b6c-56b5-418a-a2bd-765222a19099 45fd7ac7d38e428d98c86818b136b0f9 342e0053bb7846ee97cfa7c331e4dccd - - - -] Unable to schedule network 7e8c3254-b794-428c-a25a-fbabaf66467b: no agents available; will retry on subsequent port and subnet creation events.
2026-06-24 19:14:30.594 10 INFO neutron.db.ovn_revision_numbers_db [None req-17094b6c-56b5-418a-a2bd-765222a19099 45fd7ac7d38e428d98c86818b136b0f9 342e0053bb7846ee97cfa7c331e4dccd - - - -] Successfully bumped revision number for resource 5207cdd8-e6a9-4772-82d8-f4fbad461a82 (type: ports) to 1
2026-06-24 19:14:30.615 10 INFO neutron.wsgi [None req-17094b6c-56b5-418a-a2bd-765222a19099 45fd7ac7d38e428d98c86818b136b0f9 342e0053bb7846ee97cfa7c331e4dccd - - - -] 10.0.0.32 "POST /v2.0/networks HTTP/1.1" status: 201 len: 830 time: 0.5186667
2026-06-24 19:14:30.723 9 INFO neutron.db.ovn_revision_numbers_db [None req-a78c4975-3c82-4bed-bc16-bc014fa055df - - - - - -] Successfully bumped revision number for resource 4d6af62e-7b75-430d-907a-5921257582d9 (type: ports) to 1
2026-06-24 19:14:30.788 9 WARNING neutron.scheduler.dhcp_agent_scheduler [None req-fc272828-5536-461b-8de7-f1e26e6b8405 4f10f8e3456c45888ba084e75ba8851b 7ca197cbfedf46c6a1675ce45718ce58 - - default default] No more DHCP agents
2026-06-24 19:14:30.794 9 WARNING neutron.api.rpc.agentnotifiers.dhcp_rpc_agent_api [None req-fc272828-5536-461b-8de7-f1e26e6b8405 4f10f8e3456c45888ba084e75ba8851b 7ca197cbfedf46c6a1675ce45718ce58 - - default default] Unable to schedule network 8a0b4dcb-75bf-4882-a493-16ff8353f6ce: no agents available; will retry on subsequent port and subnet creation events.
2026-06-24 19:14:30.906 10 WARNING neutron.scheduler.dhcp_agent_scheduler [None req-faf6fcc8-e02d-4e60-bad5-27cf70257a11 45fd7ac7d38e428d98c86818b136b0f9 342e0053bb7846ee97cfa7c331e4dccd - - - -] No more DHCP agents
2026-06-24 19:14:30.910 10 WARNING neutron.api.rpc.agentnotifiers.dhcp_rpc_agent_api [None req-faf6fcc8-e02d-4e60-bad5-27cf70257a11 45fd7ac7d38e428d98c86818b136b0f9 342e0053bb7846ee97cfa7c331e4dccd - - - -] Unable to schedule network 7e8c3254-b794-428c-a25a-fbabaf66467b: no agents available; will retry on subsequent port and subnet creation events.
2026-06-24 19:14:31.037 9 INFO neutron.db.ovn_revision_numbers_db [None req-fc272828-5536-461b-8de7-f1e26e6b8405 4f10f8e3456c45888ba084e75ba8851b 7ca197cbfedf46c6a1675ce45718ce58 - - default default] Successfully bumped revision number for resource a91e3c15-d102-4495-8486-0e900b4215e7 (type: ports) to 1
2026-06-24 19:14:31.072 9 INFO neutron.db.ovn_revision_numbers_db [None req-a78c4975-3c82-4bed-bc16-bc014fa055df - - - - - -] Successfully bumped revision number for resource 4d6af62e-7b75-430d-907a-5921257582d9 (type: router_ports) to 3
2026-06-24 19:14:31.263 9 INFO neutron.db.ovn_revision_numbers_db [None req-a78c4975-3c82-4bed-bc16-bc014fa055df - - - - - -] Successfully bumped revision number for resource 4d6af62e-7b75-430d-907a-5921257582d9 (type: ports) to 2
2026-06-24 19:14:31.419 10 INFO neutron.db.ovn_revision_numbers_db [None req-faf6fcc8-e02d-4e60-bad5-27cf70257a11 45fd7ac7d38e428d98c86818b136b0f9 342e0053bb7846ee97cfa7c331e4dccd - - - -] Successfully bumped revision number for resource 5207cdd8-e6a9-4772-82d8-f4fbad461a82 (type: ports) to 2
2026-06-24 19:14:31.435 10 INFO neutron.db.ovn_revision_numbers_db [None req-faf6fcc8-e02d-4e60-bad5-27cf70257a11 45fd7ac7d38e428d98c86818b136b0f9 342e0053bb7846ee97cfa7c331e4dccd - - - -] Successfully bumped revision number for resource 571e2a3e-7927-4a7c-b279-61566960b207 (type: subnets) to 0
2026-06-24 19:14:31.454 10 INFO neutron.wsgi [None req-faf6fcc8-e02d-4e60-bad5-27cf70257a11 45fd7ac7d38e428d98c86818b136b0f9 342e0053bb7846ee97cfa7c331e4dccd - - - -] 10.0.0.32 "POST /v2.0/subnets HTTP/1.1" status: 201 len: 804 time: 0.8326755
2026-06-24 19:14:31.529 10 INFO neutron.wsgi [-] 10.0.0.108 "GET / HTTP/1.1" status: 200 len: 246 time: 0.0027237
2026-06-24 19:14:31.531 10 INFO neutron.wsgi [-] 10.0.0.108 "GET / HTTP/1.1" status: 200 len: 246 time: 0.0015233
2026-06-24 19:14:31.547 10 INFO neutron.db.segments_db [None req-37a2df9c-0e2d-4061-bfb4-37ce4eadf718 45fd7ac7d38e428d98c86818b136b0f9 342e0053bb7846ee97cfa7c331e4dccd - - - -] Added segment 9cf21303-f838-4862-a4fb-5174a9a034c4 of type geneve for network 157f1073-6062-4190-8320-13a63175aa39
2026-06-24 19:14:31.575 9 INFO neutron.plugins.ml2.drivers.ovn.mech_driver.mech_driver [None req-df408e8f-efc6-4758-a26d-e9311033e58d - - - - - -] OVN reports status up for port: a91e3c15-d102-4495-8486-0e900b4215e7
2026-06-24 19:14:31.590 9 INFO neutron.plugins.ml2.plugin [None req-df408e8f-efc6-4758-a26d-e9311033e58d - - - - - -] Attempt 1 to provision port a91e3c15-d102-4495-8486-0e900b4215e7
2026-06-24 19:14:31.593 9 INFO neutron.db.ovn_revision_numbers_db [None req-a78c4975-3c82-4bed-bc16-bc014fa055df - - - - - -] Successfully bumped revision number for resource 4d6af62e-7b75-430d-907a-5921257582d9 (type: ports) to 4
2026-06-24 19:14:31.614 9 INFO neutron.db.ovn_revision_numbers_db [None req-fc272828-5536-461b-8de7-f1e26e6b8405 4f10f8e3456c45888ba084e75ba8851b 7ca197cbfedf46c6a1675ce45718ce58 - - default default] Successfully bumped revision number for resource a91e3c15-d102-4495-8486-0e900b4215e7 (type: router_ports) to 2
2026-06-24 19:14:31.697 10 INFO neutron.db.ovn_revision_numbers_db [None req-37a2df9c-0e2d-4061-bfb4-37ce4eadf718 45fd7ac7d38e428d98c86818b136b0f9 342e0053bb7846ee97cfa7c331e4dccd - - - -] Successfully bumped revision number for resource 157f1073-6062-4190-8320-13a63175aa39 (type: networks) to 1
2026-06-24 19:14:31.878 10 WARNING neutron.scheduler.dhcp_agent_scheduler [None req-37a2df9c-0e2d-4061-bfb4-37ce4eadf718 45fd7ac7d38e428d98c86818b136b0f9 342e0053bb7846ee97cfa7c331e4dccd - - - -] No more DHCP agents
2026-06-24 19:14:31.881 10 WARNING neutron.api.rpc.agentnotifiers.dhcp_rpc_agent_api [None req-37a2df9c-0e2d-4061-bfb4-37ce4eadf718 45fd7ac7d38e428d98c86818b136b0f9 342e0053bb7846ee97cfa7c331e4dccd - - - -] Unable to schedule network 157f1073-6062-4190-8320-13a63175aa39: no agents available; will retry on subsequent port and subnet creation events.
2026-06-24 19:14:31.905 9 INFO neutron.db.ovn_revision_numbers_db [None req-fc272828-5536-461b-8de7-f1e26e6b8405 4f10f8e3456c45888ba084e75ba8851b 7ca197cbfedf46c6a1675ce45718ce58 - - default default] Successfully bumped revision number for resource a91e3c15-d102-4495-8486-0e900b4215e7 (type: ports) to 2
2026-06-24 19:14:31.985 10 INFO neutron.db.ovn_revision_numbers_db [None req-37a2df9c-0e2d-4061-bfb4-37ce4eadf718 45fd7ac7d38e428d98c86818b136b0f9 342e0053bb7846ee97cfa7c331e4dccd - - - -] Successfully bumped revision number for resource 3f57387b-eb57-4eef-a707-83ee39e99f00 (type: ports) to 1
2026-06-24 19:14:32.002 9 INFO neutron.db.ovn_revision_numbers_db [None req-a78c4975-3c82-4bed-bc16-bc014fa055df - - - - - -] Successfully bumped revision number for resource 4d6af62e-7b75-430d-907a-5921257582d9 (type: router_ports) to 4
2026-06-24 19:14:32.006 10 INFO neutron.wsgi [None req-37a2df9c-0e2d-4061-bfb4-37ce4eadf718 45fd7ac7d38e428d98c86818b136b0f9 342e0053bb7846ee97cfa7c331e4dccd - - - -] 10.0.0.32 "POST /v2.0/networks HTTP/1.1" status: 201 len: 831 time: 0.5472171
2026-06-24 19:14:32.033 9 WARNING neutron.scheduler.dhcp_agent_scheduler [None req-fc272828-5536-461b-8de7-f1e26e6b8405 4f10f8e3456c45888ba084e75ba8851b 7ca197cbfedf46c6a1675ce45718ce58 - - default default] No more DHCP agents
2026-06-24 19:14:32.039 9 WARNING neutron.api.rpc.agentnotifiers.dhcp_rpc_agent_api [None req-fc272828-5536-461b-8de7-f1e26e6b8405 4f10f8e3456c45888ba084e75ba8851b 7ca197cbfedf46c6a1675ce45718ce58 - - default default] Unable to schedule network 8a0b4dcb-75bf-4882-a493-16ff8353f6ce: no agents available; will retry on subsequent port and subnet creation events.
2026-06-24 19:14:32.059 9 INFO neutron.db.ovn_revision_numbers_db [None req-df408e8f-efc6-4758-a26d-e9311033e58d - - - - - -] Successfully bumped revision number for resource a91e3c15-d102-4495-8486-0e900b4215e7 (type: ports) to 3
2026-06-24 19:14:32.279 10 WARNING neutron.scheduler.dhcp_agent_scheduler [None req-be235a69-92e7-4953-a076-0bfdb41c425e 45fd7ac7d38e428d98c86818b136b0f9 342e0053bb7846ee97cfa7c331e4dccd - - - -] No more DHCP agents
2026-06-24 19:14:32.281 10 WARNING neutron.api.rpc.agentnotifiers.dhcp_rpc_agent_api [None req-be235a69-92e7-4953-a076-0bfdb41c425e 45fd7ac7d38e428d98c86818b136b0f9 342e0053bb7846ee97cfa7c331e4dccd - - - -] Unable to schedule network 157f1073-6062-4190-8320-13a63175aa39: no agents available; will retry on subsequent port and subnet creation events.
2026-06-24 19:14:32.601 9 INFO neutron.db.ovn_revision_numbers_db [None req-df408e8f-efc6-4758-a26d-e9311033e58d - - - - - -] Successfully bumped revision number for resource a91e3c15-d102-4495-8486-0e900b4215e7 (type: router_ports) to 3
2026-06-24 19:14:32.771 10 INFO neutron.db.ovn_revision_numbers_db [None req-be235a69-92e7-4953-a076-0bfdb41c425e 45fd7ac7d38e428d98c86818b136b0f9 342e0053bb7846ee97cfa7c331e4dccd - - - -] Successfully bumped revision number for resource 3f57387b-eb57-4eef-a707-83ee39e99f00 (type: ports) to 2
2026-06-24 19:14:32.792 10 INFO neutron.db.ovn_revision_numbers_db [None req-be235a69-92e7-4953-a076-0bfdb41c425e 45fd7ac7d38e428d98c86818b136b0f9 342e0053bb7846ee97cfa7c331e4dccd - - - -] Successfully bumped revision number for resource 1244ee20-5469-458f-a3d6-c37ef747b4f1 (type: subnets) to 0
2026-06-24 19:14:32.809 10 INFO neutron.wsgi [None req-be235a69-92e7-4953-a076-0bfdb41c425e 45fd7ac7d38e428d98c86818b136b0f9 342e0053bb7846ee97cfa7c331e4dccd - - - -] 10.0.0.32 "POST /v2.0/subnets HTTP/1.1" status: 201 len: 804 time: 0.7921915
2026-06-24 19:14:32.927 9 INFO neutron.db.ovn_revision_numbers_db [None req-fc272828-5536-461b-8de7-f1e26e6b8405 4f10f8e3456c45888ba084e75ba8851b 7ca197cbfedf46c6a1675ce45718ce58 - - - -] Successfully bumped revision number for resource a91e3c15-d102-4495-8486-0e900b4215e7 (type: router_ports) to 3
2026-06-24 19:14:32.927 10 INFO neutron.db.segments_db [None req-a3e41807-4895-4fc9-b70f-aa8ace5092c5 45fd7ac7d38e428d98c86818b136b0f9 342e0053bb7846ee97cfa7c331e4dccd - - - -] Added segment c6ef08f4-5429-4816-86e6-9e782074e197 of type geneve for network bcc66574-d3fa-4158-9a6c-26a3d58fb942
2026-06-24 19:14:32.930 9 INFO neutron.wsgi [None req-fc272828-5536-461b-8de7-f1e26e6b8405 4f10f8e3456c45888ba084e75ba8851b 7ca197cbfedf46c6a1675ce45718ce58 - - - -] 10.0.0.32 "PUT /v2.0/routers/6cd25b99-24d8-4863-a9ad-50091e64e33c/add_router_interface HTTP/1.1" status: 200 len: 503 time: 3.2405677
2026-06-24 19:14:33.063 10 INFO neutron.db.ovn_revision_numbers_db [None req-a3e41807-4895-4fc9-b70f-aa8ace5092c5 45fd7ac7d38e428d98c86818b136b0f9 342e0053bb7846ee97cfa7c331e4dccd - - - -] Successfully bumped revision number for resource bcc66574-d3fa-4158-9a6c-26a3d58fb942 (type: networks) to 1
2026-06-24 19:14:33.241 10 WARNING neutron.scheduler.dhcp_agent_scheduler [None req-a3e41807-4895-4fc9-b70f-aa8ace5092c5 45fd7ac7d38e428d98c86818b136b0f9 342e0053bb7846ee97cfa7c331e4dccd - - - -] No more DHCP agents
2026-06-24 19:14:33.243 10 WARNING neutron.api.rpc.agentnotifiers.dhcp_rpc_agent_api [None req-a3e41807-4895-4fc9-b70f-aa8ace5092c5 45fd7ac7d38e428d98c86818b136b0f9 342e0053bb7846ee97cfa7c331e4dccd - - - -] Unable to schedule network bcc66574-d3fa-4158-9a6c-26a3d58fb942: no agents available; will retry on subsequent port and subnet creation events.
2026-06-24 19:14:33.304 10 INFO neutron.db.ovn_revision_numbers_db [None req-a3e41807-4895-4fc9-b70f-aa8ace5092c5 45fd7ac7d38e428d98c86818b136b0f9 342e0053bb7846ee97cfa7c331e4dccd - - - -] Successfully bumped revision number for resource 8addf9db-0384-42b0-a1e0-ea4f11de775a (type: ports) to 1
2026-06-24 19:14:33.330 10 INFO neutron.wsgi [None req-a3e41807-4895-4fc9-b70f-aa8ace5092c5 45fd7ac7d38e428d98c86818b136b0f9 342e0053bb7846ee97cfa7c331e4dccd - - - -] 10.0.0.32 "POST /v2.0/networks HTTP/1.1" status: 201 len: 830 time: 0.5147347
2026-06-24 19:14:33.606 10 WARNING neutron.scheduler.dhcp_agent_scheduler [None req-44c8eb64-504f-4fd2-b732-74c21128846d 45fd7ac7d38e428d98c86818b136b0f9 342e0053bb7846ee97cfa7c331e4dccd - - - -] No more DHCP agents
2026-06-24 19:14:33.609 10 WARNING neutron.api.rpc.agentnotifiers.dhcp_rpc_agent_api [None req-44c8eb64-504f-4fd2-b732-74c21128846d 45fd7ac7d38e428d98c86818b136b0f9 342e0053bb7846ee97cfa7c331e4dccd - - - -] Unable to schedule network bcc66574-d3fa-4158-9a6c-26a3d58fb942: no agents available; will retry on subsequent port and subnet creation events.
2026-06-24 19:14:34.446 10 INFO neutron.db.ovn_revision_numbers_db [None req-44c8eb64-504f-4fd2-b732-74c21128846d 45fd7ac7d38e428d98c86818b136b0f9 342e0053bb7846ee97cfa7c331e4dccd - - - -] Successfully bumped revision number for resource 8addf9db-0384-42b0-a1e0-ea4f11de775a (type: ports) to 2
2026-06-24 19:14:34.460 10 INFO neutron.db.ovn_revision_numbers_db [None req-44c8eb64-504f-4fd2-b732-74c21128846d 45fd7ac7d38e428d98c86818b136b0f9 342e0053bb7846ee97cfa7c331e4dccd - - - -] Successfully bumped revision number for resource 1dacfbb3-7088-4ab9-95ee-b7430ae0aab3 (type: subnets) to 0
2026-06-24 19:14:34.478 10 INFO neutron.wsgi [None req-44c8eb64-504f-4fd2-b732-74c21128846d 45fd7ac7d38e428d98c86818b136b0f9 342e0053bb7846ee97cfa7c331e4dccd - - - -] 10.0.0.32 "POST /v2.0/subnets HTTP/1.1" status: 201 len: 804 time: 1.1442125
2026-06-24 19:14:34.568 10 INFO neutron.db.segments_db [None req-bf14b996-3f80-4efd-932c-431d6f876ac7 45fd7ac7d38e428d98c86818b136b0f9 342e0053bb7846ee97cfa7c331e4dccd - - - -] Added segment 373c552c-5383-4ece-bf80-35d7633c0374 of type geneve for network 7e9d425a-6587-4bd4-91c2-eaa588476c25
2026-06-24 19:14:34.702 10 INFO neutron.db.ovn_revision_numbers_db [None req-bf14b996-3f80-4efd-932c-431d6f876ac7 45fd7ac7d38e428d98c86818b136b0f9 342e0053bb7846ee97cfa7c331e4dccd - - - -] Successfully bumped revision number for resource 7e9d425a-6587-4bd4-91c2-eaa588476c25 (type: networks) to 1
2026-06-24 19:14:34.885 10 WARNING neutron.scheduler.dhcp_agent_scheduler [None req-bf14b996-3f80-4efd-932c-431d6f876ac7 45fd7ac7d38e428d98c86818b136b0f9 342e0053bb7846ee97cfa7c331e4dccd - - - -] No more DHCP agents
2026-06-24 19:14:34.887 10 WARNING neutron.api.rpc.agentnotifiers.dhcp_rpc_agent_api [None req-bf14b996-3f80-4efd-932c-431d6f876ac7 45fd7ac7d38e428d98c86818b136b0f9 342e0053bb7846ee97cfa7c331e4dccd - - - -] Unable to schedule network 7e9d425a-6587-4bd4-91c2-eaa588476c25: no agents available; will retry on subsequent port and subnet creation events.
2026-06-24 19:14:34.974 10 INFO neutron.db.ovn_revision_numbers_db [None req-bf14b996-3f80-4efd-932c-431d6f876ac7 45fd7ac7d38e428d98c86818b136b0f9 342e0053bb7846ee97cfa7c331e4dccd - - - -] Successfully bumped revision number for resource 85ca283e-345e-498e-b98b-704ff27f5fe5 (type: ports) to 1
2026-06-24 19:14:35.001 10 INFO neutron.wsgi [None req-bf14b996-3f80-4efd-932c-431d6f876ac7 45fd7ac7d38e428d98c86818b136b0f9 342e0053bb7846ee97cfa7c331e4dccd - - - -] 10.0.0.32 "POST /v2.0/networks HTTP/1.1" status: 201 len: 830 time: 0.5184064
2026-06-24 19:14:35.219 10 INFO neutron.wsgi [req-85959dde-9baf-4172-adb0-b6b664a9f883 req-8484afa1-2715-441a-a828-abcfb716df23 b34d5c8f7c6b4b4a84057c9131e8fe90 5805dd9c599d479c920c8fd11e72ca4e - - default default] 10.0.0.181 "GET /v2.0/networks?id=8a0b4dcb-75bf-4882-a493-16ff8353f6ce HTTP/1.1" status: 200 len: 871 time: 0.1405268
2026-06-24 19:14:35.242 10 INFO neutron.wsgi [req-85959dde-9baf-4172-adb0-b6b664a9f883 req-e407b656-da4d-49af-8240-d38608207e2a b34d5c8f7c6b4b4a84057c9131e8fe90 5805dd9c599d479c920c8fd11e72ca4e - - default default] 10.0.0.181 "GET /v2.0/quotas/5805dd9c599d479c920c8fd11e72ca4e HTTP/1.1" status: 200 len: 386 time: 0.0144250
2026-06-24 19:14:35.380 10 WARNING neutron.scheduler.dhcp_agent_scheduler [None req-81825c11-9768-41a8-8284-8cc36c401e2c 45fd7ac7d38e428d98c86818b136b0f9 342e0053bb7846ee97cfa7c331e4dccd - - - -] No more DHCP agents
2026-06-24 19:14:35.384 10 INFO neutron.wsgi [req-85959dde-9baf-4172-adb0-b6b664a9f883 req-c0f815c5-7672-44ad-adff-8e3da8e9c72f b34d5c8f7c6b4b4a84057c9131e8fe90 5805dd9c599d479c920c8fd11e72ca4e - - default default] 10.0.0.181 "GET /v2.0/ports?tenant_id=5805dd9c599d479c920c8fd11e72ca4e&fields=id HTTP/1.1" status: 200 len: 302 time: 0.1358035
2026-06-24 19:14:35.385 10 WARNING neutron.api.rpc.agentnotifiers.dhcp_rpc_agent_api [None req-81825c11-9768-41a8-8284-8cc36c401e2c 45fd7ac7d38e428d98c86818b136b0f9 342e0053bb7846ee97cfa7c331e4dccd - - - -] Unable to schedule network 7e9d425a-6587-4bd4-91c2-eaa588476c25: no agents available; will retry on subsequent port and subnet creation events.
2026-06-24 19:14:35.462 10 INFO neutron.wsgi [req-85959dde-9baf-4172-adb0-b6b664a9f883 req-128186c2-b304-4dfa-a3e2-babe246163af 686af32b1be94b979025e27d50ec0dce 0e2414273bb744fb8a9eee2977f58e9b - - c59447b58e78401e9044174794112ce9 c59447b58e78401e9044174794112ce9] 10.0.0.181 "GET /v2.0/networks/8a0b4dcb-75bf-4882-a493-16ff8353f6ce?fields=segments HTTP/1.1" status: 200 len: 212 time: 0.0636075
2026-06-24 19:14:35.568 10 INFO neutron.wsgi [req-85959dde-9baf-4172-adb0-b6b664a9f883 req-b34d7d84-c1b2-4dea-9bc7-9c2fed8535a1 686af32b1be94b979025e27d50ec0dce 0e2414273bb744fb8a9eee2977f58e9b - - c59447b58e78401e9044174794112ce9 c59447b58e78401e9044174794112ce9] 10.0.0.181 "GET /v2.0/networks/8a0b4dcb-75bf-4882-a493-16ff8353f6ce?fields=provider%3Aphysical_network&fields=provider%3Anetwork_type HTTP/1.1" status: 200 len: 277 time: 0.0975330
2026-06-24 19:14:35.733 10 INFO neutron.wsgi [req-586713ce-4586-4549-8cf6-21c053d8f57f req-801bcf5e-2e73-47fb-b3a3-30e57684721b b34d5c8f7c6b4b4a84057c9131e8fe90 5805dd9c599d479c920c8fd11e72ca4e - - default default] 10.0.0.181 "GET /v2.0/ports?device_id=35610d2d-e646-45a7-9650-d85370f50d03 HTTP/1.1" status: 200 len: 210 time: 0.0223007
2026-06-24 19:14:36.017 10 INFO neutron.db.ovn_revision_numbers_db [None req-81825c11-9768-41a8-8284-8cc36c401e2c 45fd7ac7d38e428d98c86818b136b0f9 342e0053bb7846ee97cfa7c331e4dccd - - - -] Successfully bumped revision number for resource 85ca283e-345e-498e-b98b-704ff27f5fe5 (type: ports) to 2
2026-06-24 19:14:36.033 10 INFO neutron.db.ovn_revision_numbers_db [None req-81825c11-9768-41a8-8284-8cc36c401e2c 45fd7ac7d38e428d98c86818b136b0f9 342e0053bb7846ee97cfa7c331e4dccd - - - -] Successfully bumped revision number for resource 6be9e178-26b0-4b49-a035-9c42ce6f60e5 (type: subnets) to 0
2026-06-24 19:14:36.051 10 INFO neutron.wsgi [None req-81825c11-9768-41a8-8284-8cc36c401e2c 45fd7ac7d38e428d98c86818b136b0f9 342e0053bb7846ee97cfa7c331e4dccd - - - -] 10.0.0.32 "POST /v2.0/subnets HTTP/1.1" status: 201 len: 804 time: 1.0460012
2026-06-24 19:14:36.119 10 INFO neutron.wsgi [None req-f82f3aea-fe20-4e0b-9d1e-1c6faaf801fa 45fd7ac7d38e428d98c86818b136b0f9 342e0053bb7846ee97cfa7c331e4dccd - - - -] 10.0.0.32 "PUT /v2.0/subnets/eb74348b-35be-424c-a05a-861dd1171b52/tags HTTP/1.1" status: 200 len: 210 time: 0.0628331
2026-06-24 19:14:36.187 10 INFO neutron.wsgi [None req-e1f82644-322b-4dba-95cd-969edc72755f 45fd7ac7d38e428d98c86818b136b0f9 342e0053bb7846ee97cfa7c331e4dccd - - - -] 10.0.0.32 "PUT /v2.0/subnets/571e2a3e-7927-4a7c-b279-61566960b207/tags HTTP/1.1" status: 200 len: 218 time: 0.0628369
2026-06-24 19:14:36.246 10 INFO neutron.wsgi [None req-88dba180-d98e-4a28-af71-8a0c54547abb 45fd7ac7d38e428d98c86818b136b0f9 342e0053bb7846ee97cfa7c331e4dccd - - - -] 10.0.0.32 "PUT /v2.0/subnets/1244ee20-5469-458f-a3d6-c37ef747b4f1/tags HTTP/1.1" status: 200 len: 227 time: 0.0540104
2026-06-24 19:14:36.325 9 INFO neutron.wsgi [None req-e9df2bff-d40a-4a26-b907-d5d2b489e3e8 45fd7ac7d38e428d98c86818b136b0f9 342e0053bb7846ee97cfa7c331e4dccd - - - -] 10.0.0.32 "PUT /v2.0/subnets/1dacfbb3-7088-4ab9-95ee-b7430ae0aab3/tags HTTP/1.1" status: 200 len: 212 time: 0.0726259
2026-06-24 19:14:36.412 9 INFO neutron.wsgi [None req-417cca58-b584-4f7a-a53e-a64048fb0c84 45fd7ac7d38e428d98c86818b136b0f9 342e0053bb7846ee97cfa7c331e4dccd - - default default] 10.0.0.32 "GET /v2.0/subnets?tags=red HTTP/1.1" status: 200 len: 2027 time: 0.0817225
2026-06-24 19:14:36.471 9 INFO neutron.wsgi [req-85959dde-9baf-4172-adb0-b6b664a9f883 req-8104409d-605a-4d45-8020-d9084f1eb582 b34d5c8f7c6b4b4a84057c9131e8fe90 5805dd9c599d479c920c8fd11e72ca4e - - default default] 199.19.213.176 "GET /v2.0/networks?id=8a0b4dcb-75bf-4882-a493-16ff8353f6ce HTTP/1.1" status: 200 len: 871 time: 0.0772705
2026-06-24 19:14:36.522 10 INFO neutron.wsgi [None req-c5572681-d791-48fa-92d8-17a84a69008c 45fd7ac7d38e428d98c86818b136b0f9 342e0053bb7846ee97cfa7c331e4dccd - - default default] 10.0.0.32 "GET /v2.0/subnets?tags=red%2Cblue HTTP/1.1" status: 200 len: 1430 time: 0.1046999
2026-06-24 19:14:36.610 10 INFO neutron.wsgi [None req-5d9a5798-9bd5-4e87-bcb3-d714e5042b62 45fd7ac7d38e428d98c86818b136b0f9 342e0053bb7846ee97cfa7c331e4dccd - - default default] 10.0.0.32 "GET /v2.0/subnets?tags-any=blue HTTP/1.1" status: 200 len: 1430 time: 0.0828688
2026-06-24 19:14:36.670 10 INFO neutron.wsgi [None req-3139a50d-8565-400a-abfe-56cdfbd5acd3 45fd7ac7d38e428d98c86818b136b0f9 342e0053bb7846ee97cfa7c331e4dccd - - default default] 10.0.0.32 "GET /v2.0/subnets?tags-any=red%2Cblue HTTP/1.1" status: 200 len: 2027 time: 0.0545275
2026-06-24 19:14:36.747 9 INFO neutron.wsgi [None req-903c63f6-74d3-42ff-a0ed-46fb217378c2 45fd7ac7d38e428d98c86818b136b0f9 342e0053bb7846ee97cfa7c331e4dccd - - default default] 10.0.0.32 "GET /v2.0/subnets?not-tags=red HTTP/1.1" status: 200 len: 2018 time: 0.0718431
