2026-06-24 19:12:03.165 9 INFO neutron.wsgi [None req-2b481503-a6dc-4343-bc1a-909e0d763bb8 d7e0b0b74b9f4cd6b757dfe837769119 be1b5b4df1f34c6f9854de71a77a1d7c - - - -] 10.0.0.32 "POST /v2.0/networks HTTP/1.1" status: 201 len: 843 time: 0.5474739
2026-06-24 19:12:03.348 9 INFO neutron.db.ovn_revision_numbers_db [None req-82943607-5142-4467-9b02-fb52559784a9 d7e0b0b74b9f4cd6b757dfe837769119 be1b5b4df1f34c6f9854de71a77a1d7c - - - -] Successfully bumped revision number for resource 70383abc-f65f-479e-9fff-67bb5c77133d (type: networks) to 2
2026-06-24 19:12:03.352 9 INFO neutron.wsgi [None req-82943607-5142-4467-9b02-fb52559784a9 d7e0b0b74b9f4cd6b757dfe837769119 be1b5b4df1f34c6f9854de71a77a1d7c - - - -] 10.0.0.32 "PUT /v2.0/networks/70383abc-f65f-479e-9fff-67bb5c77133d HTTP/1.1" status: 200 len: 792 time: 0.1813622
2026-06-24 19:12:03.470 9 INFO neutron.notifiers.nova [-] Nova event matching ['req-ccf2d902-86ea-4ad9-beba-ecf5f9e6390b'] response: {'server_uuid': '402e6dae-4e72-4b45-a404-17a46794a862', 'name': 'network-vif-plugged', 'status': 'completed', 'tag': 'ce0db0aa-fb5a-4fb4-b6bc-a8c0d8aaf0e3', 'code': 200}
2026-06-24 19:12:03.475 10 INFO neutron.wsgi [req-880f48c7-e158-475a-be5e-9dea2b5f4eae req-41d2848a-9458-4f6a-924e-3e721210606e bfa64a42334745138205fc3873cbb37f ce62fc5fd7044b2b930f0189dbe86ff8 - - default default] 10.0.0.181 "GET /v2.0/ports?device_id=402e6dae-4e72-4b45-a404-17a46794a862 HTTP/1.1" status: 200 len: 1170 time: 0.3832643
2026-06-24 19:12:03.633 9 WARNING neutron.scheduler.dhcp_agent_scheduler [None req-df9c568e-a07c-4991-a4b2-d5596f0fdc38 d7e0b0b74b9f4cd6b757dfe837769119 be1b5b4df1f34c6f9854de71a77a1d7c - - - -] No more DHCP agents
2026-06-24 19:12:03.635 9 WARNING neutron.api.rpc.agentnotifiers.dhcp_rpc_agent_api [None req-df9c568e-a07c-4991-a4b2-d5596f0fdc38 d7e0b0b74b9f4cd6b757dfe837769119 be1b5b4df1f34c6f9854de71a77a1d7c - - - -] Unable to schedule network 70383abc-f65f-479e-9fff-67bb5c77133d: no agents available; will retry on subsequent port and subnet creation events.
2026-06-24 19:12:03.678 10 INFO neutron.wsgi [None req-5b6ff62b-e2e4-412b-80a9-09056e57bb1a d8bf89a33f3247e7aaf007e6e3a64f94 4eaf2a0f555d4fdaa7ba10964c9292d9 - - - -] 10.0.0.32 "PUT /v2.0/routers/acccefab-7a09-4daf-b8a4-2baacad18aef/remove_router_interface HTTP/1.1" status: 200 len: 503 time: 1.1732326
2026-06-24 19:12:03.796 10 INFO neutron.db.l3_db [None req-41f81ff7-03c2-435c-8332-7b585e587544 bfa64a42334745138205fc3873cbb37f ce62fc5fd7044b2b930f0189dbe86ff8 - - - -] Floating IP 591b51f8-0565-425b-916a-7128faec4967 associated. External IP: 10.96.250.212, port: ce0db0aa-fb5a-4fb4-b6bc-a8c0d8aaf0e3.
2026-06-24 19:12:03.971 10 INFO neutron.db.ovn_revision_numbers_db [None req-41f81ff7-03c2-435c-8332-7b585e587544 bfa64a42334745138205fc3873cbb37f ce62fc5fd7044b2b930f0189dbe86ff8 - - - -] Successfully bumped revision number for resource 591b51f8-0565-425b-916a-7128faec4967 (type: floatingips) to 1
2026-06-24 19:12:04.065 10 INFO neutron.db.ovn_revision_numbers_db [None req-41f81ff7-03c2-435c-8332-7b585e587544 bfa64a42334745138205fc3873cbb37f ce62fc5fd7044b2b930f0189dbe86ff8 - - - -] Successfully bumped revision number for resource 591b51f8-0565-425b-916a-7128faec4967 (type: floatingips) to 2
2026-06-24 19:12:04.097 10 INFO neutron.wsgi [None req-41f81ff7-03c2-435c-8332-7b585e587544 bfa64a42334745138205fc3873cbb37f ce62fc5fd7044b2b930f0189dbe86ff8 - - - -] 10.0.0.32 "PUT /v2.0/floatingips/591b51f8-0565-425b-916a-7128faec4967 HTTP/1.1" status: 200 len: 1049 time: 0.6052806
2026-06-24 19:12:04.132 10 INFO neutron.notifiers.nova [-] Nova event matching ['req-2ff24681-30c2-45af-9950-32655143f56c'] response: {'name': 'network-changed', 'server_uuid': '402e6dae-4e72-4b45-a404-17a46794a862', 'tag': 'ce0db0aa-fb5a-4fb4-b6bc-a8c0d8aaf0e3', 'status': 'completed', 'code': 200}
2026-06-24 19:12:04.257 9 INFO neutron.wsgi [req-c95a5d4c-4f10-4a5d-ae84-80681c13282b req-f70048da-99af-438c-8131-0fd0f0b85a80 686af32b1be94b979025e27d50ec0dce 0e2414273bb744fb8a9eee2977f58e9b - - c59447b58e78401e9044174794112ce9 c59447b58e78401e9044174794112ce9] 199.19.213.176 "GET /v2.0/ports?tenant_id=ce62fc5fd7044b2b930f0189dbe86ff8&device_id=402e6dae-4e72-4b45-a404-17a46794a862 HTTP/1.1" status: 200 len: 1361 time: 0.0868788
2026-06-24 19:12:04.278 9 INFO neutron.wsgi [None req-8453111a-34cf-4d7e-aab2-93cf6082677c d8bf89a33f3247e7aaf007e6e3a64f94 4eaf2a0f555d4fdaa7ba10964c9292d9 - - default default] 10.0.0.32 "GET /v2.0/ports/c7cb1a38-deda-47e2-a6f1-7a7fcc425d21 HTTP/1.1" status: 200 len: 1141 time: 0.5937593 /var/lib/openstack/lib/python3.10/site-packages/pycadf/identifier.py:71: UserWarning: Invalid uuid: neutron. To ensure interoperability, identifiers should be a valid uuid. warnings.warn(('Invalid uuid: %s. To ensure interoperability, '
2026-06-24 19:12:04.393 9 INFO neutron.db.ovn_revision_numbers_db [None req-3437b41b-9fc6-436e-ae89-854b0e5a8c92 4f10f8e3456c45888ba084e75ba8851b 7ca197cbfedf46c6a1675ce45718ce58 - - default default] Successfully bumped revision number for resource 32e254e2-fdfb-46b5-b239-259d96fb3f2e (type: security_groups) to 1
2026-06-24 19:12:04.433 9 INFO neutron.wsgi [None req-3437b41b-9fc6-436e-ae89-854b0e5a8c92 4f10f8e3456c45888ba084e75ba8851b 7ca197cbfedf46c6a1675ce45718ce58 - - default default] 10.0.0.32 "GET /v2.0/security-groups?tenant_id=5160625ba95042b3a7767bc851393c22&name=default HTTP/1.1" status: 200 len: 2996 time: 0.8874230
2026-06-24 19:12:04.449 9 INFO neutron.wsgi [req-c95a5d4c-4f10-4a5d-ae84-80681c13282b req-c922e084-10f2-4c4a-841d-12634c511837 686af32b1be94b979025e27d50ec0dce 0e2414273bb744fb8a9eee2977f58e9b - - c59447b58e78401e9044174794112ce9 c59447b58e78401e9044174794112ce9] 199.19.213.176 "GET /v2.0/networks?id=2cf7db1d-f93e-40b2-a510-b81cdbc6eca6 HTTP/1.1" status: 200 len: 973 time: 0.1619060
2026-06-24 19:12:04.523 9 INFO neutron.wsgi [req-c95a5d4c-4f10-4a5d-ae84-80681c13282b req-54e360a4-aff3-436c-90b9-baa008f0198c 686af32b1be94b979025e27d50ec0dce 0e2414273bb744fb8a9eee2977f58e9b - - c59447b58e78401e9044174794112ce9 c59447b58e78401e9044174794112ce9] 199.19.213.176 "GET /v2.0/floatingips?fixed_ip_address=10.100.0.9&port_id=ce0db0aa-fb5a-4fb4-b6bc-a8c0d8aaf0e3 HTTP/1.1" status: 200 len: 1059 time: 0.0678601
2026-06-24 19:12:04.575 9 INFO neutron.wsgi [req-c95a5d4c-4f10-4a5d-ae84-80681c13282b req-cccf524e-84a1-400c-951c-4134a4dd95f1 686af32b1be94b979025e27d50ec0dce 0e2414273bb744fb8a9eee2977f58e9b - - c59447b58e78401e9044174794112ce9 c59447b58e78401e9044174794112ce9] 199.19.213.176 "GET /v2.0/subnets?id=52604853-4cb6-4a3d-8421-116b664d7441 HTTP/1.1" status: 200 len: 869 time: 0.0440032
2026-06-24 19:12:04.619 9 INFO neutron.wsgi [req-c95a5d4c-4f10-4a5d-ae84-80681c13282b req-d8e03bea-dfe7-4c15-956a-c3870c019469 686af32b1be94b979025e27d50ec0dce 0e2414273bb744fb8a9eee2977f58e9b - - c59447b58e78401e9044174794112ce9 c59447b58e78401e9044174794112ce9] 199.19.213.176 "GET /v2.0/ports?network_id=2cf7db1d-f93e-40b2-a510-b81cdbc6eca6&device_owner=network%3Adhcp HTTP/1.1" status: 200 len: 210 time: 0.0346549
2026-06-24 19:12:04.699 9 INFO neutron.wsgi [req-c95a5d4c-4f10-4a5d-ae84-80681c13282b req-91e28b60-ab8b-4b58-a659-fcf5102fc650 686af32b1be94b979025e27d50ec0dce 0e2414273bb744fb8a9eee2977f58e9b - - c59447b58e78401e9044174794112ce9 c59447b58e78401e9044174794112ce9] 199.19.213.176 "GET /v2.0/networks/2cf7db1d-f93e-40b2-a510-b81cdbc6eca6?fields=segments HTTP/1.1" status: 200 len: 212 time: 0.0716176
2026-06-24 19:12:04.748 10 INFO neutron.wsgi [None req-006b1e5e-df23-4386-a0c2-2183ff405d2f 4f10f8e3456c45888ba084e75ba8851b 7ca197cbfedf46c6a1675ce45718ce58 - - - -] 10.0.0.32 "DELETE /v2.0/security-groups/32e254e2-fdfb-46b5-b239-259d96fb3f2e HTTP/1.1" status: 204 len: 168 time: 0.3038757
2026-06-24 19:12:04.799 9 INFO neutron.wsgi [req-c95a5d4c-4f10-4a5d-ae84-80681c13282b req-727aa4c0-581e-49ab-be44-f70378940966 686af32b1be94b979025e27d50ec0dce 0e2414273bb744fb8a9eee2977f58e9b - - c59447b58e78401e9044174794112ce9 c59447b58e78401e9044174794112ce9] 199.19.213.176 "GET /v2.0/networks/2cf7db1d-f93e-40b2-a510-b81cdbc6eca6?fields=provider%3Aphysical_network&fields=provider%3Anetwork_type HTTP/1.1" status: 200 len: 277 time: 0.0925128
2026-06-24 19:12:04.870 9 INFO neutron.db.ovn_revision_numbers_db [None req-df9c568e-a07c-4991-a4b2-d5596f0fdc38 d7e0b0b74b9f4cd6b757dfe837769119 be1b5b4df1f34c6f9854de71a77a1d7c - - - -] Successfully bumped revision number for resource 4eb43762-20d8-4a91-8091-69494497b9f0 (type: ports) to 2
2026-06-24 19:12:04.886 9 INFO neutron.db.ovn_revision_numbers_db [None req-df9c568e-a07c-4991-a4b2-d5596f0fdc38 d7e0b0b74b9f4cd6b757dfe837769119 be1b5b4df1f34c6f9854de71a77a1d7c - - - -] Successfully bumped revision number for resource 71afb1b1-b8a5-40da-9547-507a47c15657 (type: subnets) to 0
2026-06-24 19:12:04.907 9 INFO neutron.wsgi [None req-df9c568e-a07c-4991-a4b2-d5596f0fdc38 d7e0b0b74b9f4cd6b757dfe837769119 be1b5b4df1f34c6f9854de71a77a1d7c - - - -] 10.0.0.32 "POST /v2.0/subnets HTTP/1.1" status: 201 len: 801 time: 1.5498676
2026-06-24 19:12:05.064 10 INFO neutron.wsgi [None req-90183066-26ee-45d9-ba47-f24e2f1f0986 d8bf89a33f3247e7aaf007e6e3a64f94 4eaf2a0f555d4fdaa7ba10964c9292d9 - - - -] 10.0.0.32 "PUT /v2.0/routers/acccefab-7a09-4daf-b8a4-2baacad18aef/remove_router_interface HTTP/1.1" status: 200 len: 503 time: 0.7808468 /var/lib/openstack/lib/python3.10/site-packages/pycadf/identifier.py:71: UserWarning: Invalid uuid: neutron. To ensure interoperability, identifiers should be a valid uuid. warnings.warn(('Invalid uuid: %s. To ensure interoperability, '
2026-06-24 19:12:05.097 10 INFO neutron.wsgi [None req-4d1207f0-5340-4377-91cb-6e80d4dc5702 d8bf89a33f3247e7aaf007e6e3a64f94 4eaf2a0f555d4fdaa7ba10964c9292d9 - - default default] 10.0.0.32 "GET /v2.0/ports?device_id=acccefab-7a09-4daf-b8a4-2baacad18aef HTTP/1.1" status: 200 len: 205 time: 0.0264988
2026-06-24 19:12:05.230 9 INFO neutron.db.ovn_revision_numbers_db [None req-6acc4f31-d1ee-4e00-a18b-c86aaa8c1b24 d7e0b0b74b9f4cd6b757dfe837769119 be1b5b4df1f34c6f9854de71a77a1d7c - - - -] Successfully bumped revision number for resource 71afb1b1-b8a5-40da-9547-507a47c15657 (type: subnets) to 1
2026-06-24 19:12:05.234 9 INFO neutron.wsgi [None req-6acc4f31-d1ee-4e00-a18b-c86aaa8c1b24 d7e0b0b74b9f4cd6b757dfe837769119 be1b5b4df1f34c6f9854de71a77a1d7c - - - -] 10.0.0.32 "PUT /v2.0/subnets/71afb1b1-b8a5-40da-9547-507a47c15657 HTTP/1.1" status: 200 len: 806 time: 0.3208516
2026-06-24 19:12:05.345 10 INFO neutron.wsgi [None req-b5d7896f-6fc9-4a61-a8c3-4f9355107859 d8bf89a33f3247e7aaf007e6e3a64f94 4eaf2a0f555d4fdaa7ba10964c9292d9 - - - -] 10.0.0.32 "DELETE /v2.0/routers/acccefab-7a09-4daf-b8a4-2baacad18aef HTTP/1.1" status: 204 len: 168 time: 0.2435205
2026-06-24 19:12:05.565 10 INFO neutron.wsgi [None req-b8f95fbe-33ae-494f-a692-0be12c65fe4e d8bf89a33f3247e7aaf007e6e3a64f94 4eaf2a0f555d4fdaa7ba10964c9292d9 - - - -] 10.0.0.32 "DELETE /v2.0/subnets/2817211c-a3ae-41f1-93d2-604147ad384a HTTP/1.1" status: 204 len: 168 time: 0.2150397
2026-06-24 19:12:05.779 10 INFO neutron.wsgi [None req-1e016a3c-d4d4-4389-af1f-89ed27c27948 d8bf89a33f3247e7aaf007e6e3a64f94 4eaf2a0f555d4fdaa7ba10964c9292d9 - - - -] 10.0.0.32 "DELETE /v2.0/subnets/81adc38f-5874-47f4-a49c-89f89d43b30a HTTP/1.1" status: 204 len: 168 time: 0.2104111
2026-06-24 19:12:05.900 9 INFO neutron.services.segments.plugin [-] Segment 6e36b4f3-1fe4-47a4-b274-e95cb85f7314 resource provider aggregate not found
2026-06-24 19:12:05.909 9 INFO neutron.services.segments.plugin [-] Segment 6e36b4f3-1fe4-47a4-b274-e95cb85f7314 resource provider aggregate not found
2026-06-24 19:12:05.931 9 INFO neutron.services.segments.plugin [-] Segment 6e36b4f3-1fe4-47a4-b274-e95cb85f7314 resource provider not found; error: Placement Client Error (4xx): {"errors": [{"status": 404, "title": "Not Found", "detail": "The resource could not be found.\n\n No resource provider with uuid 6e36b4f3-1fe4-47a4-b274-e95cb85f7314 found for delete ", "request_id": "req-0a690153-4f7b-4b74-aa09-f70f28ceda60"}]}
2026-06-24 19:12:05.934 9 INFO neutron.services.segments.plugin [-] Segment 6e36b4f3-1fe4-47a4-b274-e95cb85f7314 resource provider not found; error: Placement Client Error (4xx): {"errors": [{"status": 404, "title": "Not Found", "detail": "The resource could not be found.\n\n No resource provider with uuid 6e36b4f3-1fe4-47a4-b274-e95cb85f7314 found for delete ", "request_id": "req-6a725b1a-3072-4e66-9f7a-f5792f6406e1"}]}
2026-06-24 19:12:05.951 9 INFO neutron.wsgi [None req-430195a8-98d4-4dae-b25a-a658093675db d7e0b0b74b9f4cd6b757dfe837769119 be1b5b4df1f34c6f9854de71a77a1d7c - - - -] 10.0.0.32 "DELETE /v2.0/networks/70383abc-f65f-479e-9fff-67bb5c77133d HTTP/1.1" status: 204 len: 168 time: 0.7107098
2026-06-24 19:12:05.984 9 INFO neutron.pecan_wsgi.hooks.translation [None req-b4fea6cd-2656-4d81-a80d-6e480f0c47ef d7e0b0b74b9f4cd6b757dfe837769119 be1b5b4df1f34c6f9854de71a77a1d7c - - - -] DELETE failed (client error): The resource could not be found.
2026-06-24 19:12:05.987 9 INFO neutron.wsgi [None req-b4fea6cd-2656-4d81-a80d-6e480f0c47ef d7e0b0b74b9f4cd6b757dfe837769119 be1b5b4df1f34c6f9854de71a77a1d7c - - - -] 10.0.0.32 "DELETE /v2.0/networks/70383abc-f65f-479e-9fff-67bb5c77133d HTTP/1.1" status: 404 len: 339 time: 0.0313449
2026-06-24 19:12:06.124 9 INFO neutron.wsgi [None req-cffb1e2a-303c-4e47-ad40-2db44a13bc99 d7e0b0b74b9f4cd6b757dfe837769119 be1b5b4df1f34c6f9854de71a77a1d7c - - default default] 10.0.0.32 "GET /v2.0/networks?router%3Aexternal=True HTTP/1.1" status: 200 len: 845 time: 0.1311133
2026-06-24 19:12:06.218 10 INFO neutron.wsgi [None req-ceee8683-07b0-4678-80f0-2345dff2ccae d7e0b0b74b9f4cd6b757dfe837769119 be1b5b4df1f34c6f9854de71a77a1d7c - - default default] 10.0.0.32 "GET /v2.0/subnets?network_id=55253de1-2e58-4f71-a573-4da169fafa06 HTTP/1.1" status: 200 len: 820 time: 0.0855217
2026-06-24 19:12:06.231 9 INFO neutron.wsgi [None req-efb75fef-fbd0-4639-885d-4ec808651477 d7e0b0b74b9f4cd6b757dfe837769119 be1b5b4df1f34c6f9854de71a77a1d7c - - default default] 10.0.0.32 "GET /v2.0/extensions HTTP/1.1" status: 200 len: 16520 time: 0.0077064
2026-06-24 19:12:06.291 10 INFO neutron.services.segments.plugin [-] Segment 9d71dbbc-8789-4020-b62d-2b40e40d7daa resource provider aggregate not found
2026-06-24 19:12:06.296 10 INFO neutron.services.segments.plugin [-] Segment 9d71dbbc-8789-4020-b62d-2b40e40d7daa resource provider aggregate not found
2026-06-24 19:12:06.315 10 INFO neutron.services.segments.plugin [-] Segment 9d71dbbc-8789-4020-b62d-2b40e40d7daa resource provider not found; error: Placement Client Error (4xx): {"errors": [{"status": 404, "title": "Not Found", "detail": "The resource could not be found.\n\n No resource provider with uuid 9d71dbbc-8789-4020-b62d-2b40e40d7daa found for delete ", "request_id": "req-9f30353a-cf7e-4bc6-a41b-20ec66a3a772"}]}
2026-06-24 19:12:06.321 10 INFO neutron.services.segments.plugin [-] Segment 9d71dbbc-8789-4020-b62d-2b40e40d7daa resource provider not found; error: Placement Client Error (4xx): {"errors": [{"status": 404, "title": "Not Found", "detail": "The resource could not be found.\n\n No resource provider with uuid 9d71dbbc-8789-4020-b62d-2b40e40d7daa found for delete ", "request_id": "req-501cc6a5-ea52-46f5-b243-f5dad2c8dfbe"}]}
2026-06-24 19:12:06.331 10 INFO neutron.wsgi [None req-8dc856db-a602-4bac-aad1-2af3c81e9158 d8bf89a33f3247e7aaf007e6e3a64f94 4eaf2a0f555d4fdaa7ba10964c9292d9 - - - -] 10.0.0.32 "DELETE /v2.0/networks/855ef293-c93e-4f33-86dc-b372fd0963b0 HTTP/1.1" status: 204 len: 168 time: 0.5438352
2026-06-24 19:12:06.349 9 INFO neutron.wsgi [None req-5163baba-3551-415f-9769-3d97aa9f2ad1 d7e0b0b74b9f4cd6b757dfe837769119 be1b5b4df1f34c6f9854de71a77a1d7c - - default default] 10.0.0.32 "GET /v2.0/networks HTTP/1.1" status: 200 len: 1503 time: 0.1110654
2026-06-24 19:12:06.402 10 INFO neutron.wsgi [None req-fcd660d6-07fc-4bfa-b5ee-04f31004914c d7e0b0b74b9f4cd6b757dfe837769119 be1b5b4df1f34c6f9854de71a77a1d7c - - default default] 10.0.0.32 "GET /v2.0/subnets HTTP/1.1" status: 200 len: 1428 time: 0.0416133
2026-06-24 19:12:06.490 10 INFO neutron.wsgi [None req-b1664829-a4e9-4a2d-b20b-ac239f2d8767 d7e0b0b74b9f4cd6b757dfe837769119 be1b5b4df1f34c6f9854de71a77a1d7c - - default default] 10.0.0.32 "GET /v2.0/networks/698a5be5-3171-4cdd-abd3-0c8dc848534b HTTP/1.1" status: 200 len: 862 time: 0.0797834
2026-06-24 19:12:06.545 10 INFO neutron.wsgi [None req-d3e30b2f-287a-4311-a1d2-634f920b170f d7e0b0b74b9f4cd6b757dfe837769119 be1b5b4df1f34c6f9854de71a77a1d7c - - default default] 10.0.0.32 "GET /v2.0/subnets/206d1417-2462-489b-a9d2-23bc3eb0869d HTTP/1.1" status: 200 len: 811 time: 0.0474405
2026-06-24 19:12:06.571 10 INFO neutron.pecan_wsgi.hooks.translation [None req-5ea28e01-ae73-47fc-89f7-6dde117a63f2 d7e0b0b74b9f4cd6b757dfe837769119 be1b5b4df1f34c6f9854de71a77a1d7c - - - -] DELETE failed (client error): The resource could not be found.
2026-06-24 19:12:06.574 10 INFO neutron.wsgi [None req-5ea28e01-ae73-47fc-89f7-6dde117a63f2 d7e0b0b74b9f4cd6b757dfe837769119 be1b5b4df1f34c6f9854de71a77a1d7c - - - -] 10.0.0.32 "DELETE /v2.0/subnets/71afb1b1-b8a5-40da-9547-507a47c15657 HTTP/1.1" status: 404 len: 337 time: 0.0243466
2026-06-24 19:12:06.597 10 INFO neutron.pecan_wsgi.hooks.translation [None req-a567aa9e-3846-4ccb-9139-cc792f153292 d7e0b0b74b9f4cd6b757dfe837769119 be1b5b4df1f34c6f9854de71a77a1d7c - - - -] DELETE failed (client error): The resource could not be found.
2026-06-24 19:12:06.599 10 INFO neutron.wsgi [None req-a567aa9e-3846-4ccb-9139-cc792f153292 d7e0b0b74b9f4cd6b757dfe837769119 be1b5b4df1f34c6f9854de71a77a1d7c - - - -] 10.0.0.32 "DELETE /v2.0/networks/70383abc-f65f-479e-9fff-67bb5c77133d HTTP/1.1" status: 404 len: 339 time: 0.0195930
2026-06-24 19:12:06.806 9 INFO neutron.wsgi [None req-43607d38-758a-47ad-abab-e2c795601854 d8bf89a33f3247e7aaf007e6e3a64f94 4eaf2a0f555d4fdaa7ba10964c9292d9 - - - -] 10.0.0.32 "DELETE /v2.0/networks/3c47984e-7076-4d1b-9057-bc02b18a0685 HTTP/1.1" status: 204 len: 168 time: 0.4696424
2026-06-24 19:12:06.840 10 INFO neutron.wsgi [None req-ceb57722-22f5-429c-9117-6efc251aafeb d7e0b0b74b9f4cd6b757dfe837769119 be1b5b4df1f34c6f9854de71a77a1d7c - - - -] 10.0.0.32 "DELETE /v2.0/subnets/206d1417-2462-489b-a9d2-23bc3eb0869d HTTP/1.1" status: 204 len: 168 time: 0.2353039
2026-06-24 19:12:06.922 9 INFO neutron.db.segments_db [None req-6e538fbb-ad8b-45d9-a4b4-04bc448c3bc9 d8bf89a33f3247e7aaf007e6e3a64f94 4eaf2a0f555d4fdaa7ba10964c9292d9 - - - -] Added segment 9ba89af8-22e3-48e0-8f58-f8f33465c30f of type geneve for network da2f75eb-749e-4228-9762-8c63ef23be9b
2026-06-24 19:12:07.075 9 INFO neutron.db.ovn_revision_numbers_db [None req-6e538fbb-ad8b-45d9-a4b4-04bc448c3bc9 d8bf89a33f3247e7aaf007e6e3a64f94 4eaf2a0f555d4fdaa7ba10964c9292d9 - - - -] Successfully bumped revision number for resource da2f75eb-749e-4228-9762-8c63ef23be9b (type: networks) to 1
2026-06-24 19:12:07.298 9 WARNING neutron.scheduler.dhcp_agent_scheduler [None req-6e538fbb-ad8b-45d9-a4b4-04bc448c3bc9 d8bf89a33f3247e7aaf007e6e3a64f94 4eaf2a0f555d4fdaa7ba10964c9292d9 - - - -] No more DHCP agents
2026-06-24 19:12:07.302 9 WARNING neutron.api.rpc.agentnotifiers.dhcp_rpc_agent_api [None req-6e538fbb-ad8b-45d9-a4b4-04bc448c3bc9 d8bf89a33f3247e7aaf007e6e3a64f94 4eaf2a0f555d4fdaa7ba10964c9292d9 - - - -] Unable to schedule network da2f75eb-749e-4228-9762-8c63ef23be9b: no agents available; will retry on subsequent port and subnet creation events.
2026-06-24 19:12:07.372 9 INFO neutron.db.ovn_revision_numbers_db [None req-31abfb1d-34b3-48e5-b926-a481888588fa 4f10f8e3456c45888ba084e75ba8851b 7ca197cbfedf46c6a1675ce45718ce58 - - default default] Successfully bumped revision number for resource 55d89230-d571-418a-9a65-462a3f6fc19d (type: security_groups) to 1
2026-06-24 19:12:07.375 9 INFO neutron.db.ovn_revision_numbers_db [None req-6e538fbb-ad8b-45d9-a4b4-04bc448c3bc9 d8bf89a33f3247e7aaf007e6e3a64f94 4eaf2a0f555d4fdaa7ba10964c9292d9 - - - -] Successfully bumped revision number for resource 122ad730-e1af-41d2-baf2-00d362cfbd7b (type: ports) to 1
2026-06-24 19:12:07.394 9 INFO neutron.wsgi [None req-31abfb1d-34b3-48e5-b926-a481888588fa 4f10f8e3456c45888ba084e75ba8851b 7ca197cbfedf46c6a1675ce45718ce58 - - default default] 10.0.0.32 "GET /v2.0/security-groups?tenant_id=d15ca0b74a804a5ca4521ea634b040ed&name=default HTTP/1.1" status: 200 len: 2996 time: 0.3569732
2026-06-24 19:12:07.411 9 INFO neutron.wsgi [None req-6e538fbb-ad8b-45d9-a4b4-04bc448c3bc9 d8bf89a33f3247e7aaf007e6e3a64f94 4eaf2a0f555d4fdaa7ba10964c9292d9 - - - -] 10.0.0.32 "POST /v2.0/networks HTTP/1.1" status: 201 len: 831 time: 0.5895700
2026-06-24 19:12:07.605 10 INFO neutron.wsgi [None req-f27f0926-a37d-41f2-b98c-723ea57f8775 d7e0b0b74b9f4cd6b757dfe837769119 be1b5b4df1f34c6f9854de71a77a1d7c - - - -] 10.0.0.32 "DELETE /v2.0/networks/698a5be5-3171-4cdd-abd3-0c8dc848534b HTTP/1.1" status: 204 len: 168 time: 0.7571902
2026-06-24 19:12:07.690 9 INFO neutron.wsgi [None req-5fa30e5d-ddae-40ca-b680-49746e28dbc6 4f10f8e3456c45888ba084e75ba8851b 7ca197cbfedf46c6a1675ce45718ce58 - - - -] 10.0.0.32 "DELETE /v2.0/security-groups/55d89230-d571-418a-9a65-462a3f6fc19d HTTP/1.1" status: 204 len: 168 time: 0.2898626
2026-06-24 19:12:07.700 9 WARNING neutron.scheduler.dhcp_agent_scheduler [None req-98e777fa-dc03-47c4-bde2-ab4d7ca64211 d8bf89a33f3247e7aaf007e6e3a64f94 4eaf2a0f555d4fdaa7ba10964c9292d9 - - - -] No more DHCP agents
2026-06-24 19:12:07.703 9 WARNING neutron.api.rpc.agentnotifiers.dhcp_rpc_agent_api [None req-98e777fa-dc03-47c4-bde2-ab4d7ca64211 d8bf89a33f3247e7aaf007e6e3a64f94 4eaf2a0f555d4fdaa7ba10964c9292d9 - - - -] Unable to schedule network da2f75eb-749e-4228-9762-8c63ef23be9b: no agents available; will retry on subsequent port and subnet creation events.
2026-06-24 19:12:07.716 9 INFO neutron.db.ovn_revision_numbers_db [None req-98e777fa-dc03-47c4-bde2-ab4d7ca64211 d8bf89a33f3247e7aaf007e6e3a64f94 4eaf2a0f555d4fdaa7ba10964c9292d9 - - - -] Successfully bumped revision number for resource 19ed5113-6e4a-4167-ab39-60a3294f89e8 (type: subnets) to 0
2026-06-24 19:12:07.734 9 WARNING neutron.plugins.ml2.drivers.ovn.mech_driver.ovsdb.ovn_client [None req-df408e8f-efc6-4758-a26d-e9311033e58d - - - - - -] No port found with ID 62607985-657f-4d37-9d5c-695b67d07eb0: RuntimeError: No port found with ID 62607985-657f-4d37-9d5c-695b67d07eb0
2026-06-24 19:12:07.741 9 INFO neutron.wsgi [None req-98e777fa-dc03-47c4-bde2-ab4d7ca64211 d8bf89a33f3247e7aaf007e6e3a64f94 4eaf2a0f555d4fdaa7ba10964c9292d9 - - - -] 10.0.0.32 "POST /v2.0/subnets HTTP/1.1" status: 201 len: 821 time: 0.3252432
2026-06-24 19:12:07.961 9 INFO neutron.db.ovn_revision_numbers_db [None req-3fda9ea3-3a43-423e-88d7-82d124ae28ee d8bf89a33f3247e7aaf007e6e3a64f94 4eaf2a0f555d4fdaa7ba10964c9292d9 - - - -] Successfully bumped revision number for resource 92b609c6-925f-476d-9f00-47108716283b (type: routers) to 1
2026-06-24 19:12:07.964 9 INFO neutron.services.segments.plugin [-] Segment 176b1ac2-632e-4ab6-a6c4-5991305409f8 resource provider aggregate not found
2026-06-24 19:12:07.970 9 INFO neutron.services.segments.plugin [-] Segment 176b1ac2-632e-4ab6-a6c4-5991305409f8 resource provider aggregate not found
2026-06-24 19:12:07.991 9 INFO neutron.services.segments.plugin [-] Segment 176b1ac2-632e-4ab6-a6c4-5991305409f8 resource provider not found; error: Placement Client Error (4xx): {"errors": [{"status": 404, "title": "Not Found", "detail": "The resource could not be found.\n\n No resource provider with uuid 176b1ac2-632e-4ab6-a6c4-5991305409f8 found for delete ", "request_id": "req-2cb79116-a2b6-4529-9933-ad6aab8f213d"}]}
2026-06-24 19:12:07.997 9 INFO neutron.wsgi [None req-3fda9ea3-3a43-423e-88d7-82d124ae28ee d8bf89a33f3247e7aaf007e6e3a64f94 4eaf2a0f555d4fdaa7ba10964c9292d9 - - - -] 10.0.0.32 "POST /v2.0/routers HTTP/1.1" status: 201 len: 691 time: 0.2497365
2026-06-24 19:12:08.052 9 INFO neutron.services.segments.plugin [-] Segment 176b1ac2-632e-4ab6-a6c4-5991305409f8 resource provider not found; error: Placement Client Error (4xx): {"errors": [{"status": 404, "title": "Not Found", "detail": "The resource could not be found.\n\n No resource provider with uuid 176b1ac2-632e-4ab6-a6c4-5991305409f8 found for delete ", "request_id": "req-880e86ad-a9da-4a08-a5ba-b4986a4c6be5"}]}
2026-06-24 19:12:08.337 10 INFO neutron.services.segments.plugin [-] Segment 8fa0aa69-8d89-40b8-a954-2d0ad4e5ed79 resource provider aggregate not found
2026-06-24 19:12:08.348 10 INFO neutron.services.segments.plugin [-] Segment 8fa0aa69-8d89-40b8-a954-2d0ad4e5ed79 resource provider aggregate not found
2026-06-24 19:12:08.355 10 INFO neutron.services.segments.plugin [-] Segment 8fa0aa69-8d89-40b8-a954-2d0ad4e5ed79 resource provider not found; error: Placement Client Error (4xx): {"errors": [{"status": 404, "title": "Not Found", "detail": "The resource could not be found.\n\n No resource provider with uuid 8fa0aa69-8d89-40b8-a954-2d0ad4e5ed79 found for delete ", "request_id": "req-414798d2-5c60-4037-838a-0bc9cf2fbf4a"}]}
2026-06-24 19:12:08.362 9 WARNING neutron.scheduler.dhcp_agent_scheduler [None req-de407bfc-ebf4-4d94-a5af-34a8aa468980 d8bf89a33f3247e7aaf007e6e3a64f94 4eaf2a0f555d4fdaa7ba10964c9292d9 - - - -] No more DHCP agents
2026-06-24 19:12:08.364 10 INFO neutron.services.segments.plugin [-] Segment 8fa0aa69-8d89-40b8-a954-2d0ad4e5ed79 resource provider not found; error: Placement Client Error (4xx): {"errors": [{"status": 404, "title": "Not Found", "detail": "The resource could not be found.\n\n No resource provider with uuid 8fa0aa69-8d89-40b8-a954-2d0ad4e5ed79 found for delete ", "request_id": "req-e2bb9596-1443-44ab-878c-7c722817db47"}]}
2026-06-24 19:12:08.365 9 WARNING neutron.api.rpc.agentnotifiers.dhcp_rpc_agent_api [None req-de407bfc-ebf4-4d94-a5af-34a8aa468980 d8bf89a33f3247e7aaf007e6e3a64f94 4eaf2a0f555d4fdaa7ba10964c9292d9 - - - -] Unable to schedule network da2f75eb-749e-4228-9762-8c63ef23be9b: no agents available; will retry on subsequent port and subnet creation events.
2026-06-24 19:12:08.369 9 INFO neutron.wsgi [None req-83ca4564-1942-4dcf-8e95-2eb62c77f718 4f10f8e3456c45888ba084e75ba8851b 7ca197cbfedf46c6a1675ce45718ce58 - - default default] 10.0.0.32 "GET /v2.0/security-groups?tenant_id=be1b5b4df1f34c6f9854de71a77a1d7c&name=default HTTP/1.1" status: 200 len: 2996 time: 0.2465725
2026-06-24 19:12:08.591 10 INFO neutron.wsgi [None req-13c28588-7f21-4992-a283-381a49f3caaf 4f10f8e3456c45888ba084e75ba8851b 7ca197cbfedf46c6a1675ce45718ce58 - - - -] 10.0.0.32 "DELETE /v2.0/security-groups/5587c870-4c6b-4308-b812-109b791b21c2 HTTP/1.1" status: 204 len: 168 time: 0.2172487
2026-06-24 19:12:08.746 9 INFO neutron.db.ovn_revision_numbers_db [None req-de407bfc-ebf4-4d94-a5af-34a8aa468980 d8bf89a33f3247e7aaf007e6e3a64f94 4eaf2a0f555d4fdaa7ba10964c9292d9 - - - -] Successfully bumped revision number for resource 442c23d0-bd0d-45fd-b45c-4a7b1363bcab (type: ports) to 1
2026-06-24 19:12:08.776 9 INFO neutron.wsgi [None req-de407bfc-ebf4-4d94-a5af-34a8aa468980 d8bf89a33f3247e7aaf007e6e3a64f94 4eaf2a0f555d4fdaa7ba10964c9292d9 - - - -] 10.0.0.32 "POST /v2.0/ports HTTP/1.1" status: 201 len: 1163 time: 0.7726340
2026-06-24 19:12:09.191 9 INFO neutron.plugins.ml2.drivers.ovn.mech_driver.mech_driver [None req-df408e8f-efc6-4758-a26d-e9311033e58d - - - - - -] OVN reports status up for port: 442c23d0-bd0d-45fd-b45c-4a7b1363bcab
2026-06-24 19:12:09.193 10 INFO neutron.db.ovn_revision_numbers_db [None req-903fab31-583b-420c-8fed-bb39f49fa9b8 d8bf89a33f3247e7aaf007e6e3a64f94 4eaf2a0f555d4fdaa7ba10964c9292d9 - - default default] Successfully bumped revision number for resource 442c23d0-bd0d-45fd-b45c-4a7b1363bcab (type: router_ports) to 2
2026-06-24 19:12:09.199 9 INFO neutron.plugins.ml2.plugin [None req-df408e8f-efc6-4758-a26d-e9311033e58d - - - - - -] Attempt 1 to provision port 442c23d0-bd0d-45fd-b45c-4a7b1363bcab
2026-06-24 19:12:09.364 10 INFO neutron.db.ovn_revision_numbers_db [None req-903fab31-583b-420c-8fed-bb39f49fa9b8 d8bf89a33f3247e7aaf007e6e3a64f94 4eaf2a0f555d4fdaa7ba10964c9292d9 - - default default] Successfully bumped revision number for resource 442c23d0-bd0d-45fd-b45c-4a7b1363bcab (type: ports) to 2
2026-06-24 19:12:09.453 9 INFO neutron.db.ovn_revision_numbers_db [None req-df408e8f-efc6-4758-a26d-e9311033e58d - - - - - -] Successfully bumped revision number for resource 442c23d0-bd0d-45fd-b45c-4a7b1363bcab (type: ports) to 3
2026-06-24 19:12:09.554 9 INFO neutron.db.ovn_revision_numbers_db [None req-df408e8f-efc6-4758-a26d-e9311033e58d - - - - - -] Successfully bumped revision number for resource 442c23d0-bd0d-45fd-b45c-4a7b1363bcab (type: router_ports) to 3
2026-06-24 19:12:09.973 10 INFO neutron.db.ovn_revision_numbers_db [None req-903fab31-583b-420c-8fed-bb39f49fa9b8 d8bf89a33f3247e7aaf007e6e3a64f94 4eaf2a0f555d4fdaa7ba10964c9292d9 - - default default] Successfully bumped revision number for resource 442c23d0-bd0d-45fd-b45c-4a7b1363bcab (type: ports) to 4
2026-06-24 19:12:10.040 10 WARNING neutron.scheduler.dhcp_agent_scheduler [None req-903fab31-583b-420c-8fed-bb39f49fa9b8 d8bf89a33f3247e7aaf007e6e3a64f94 4eaf2a0f555d4fdaa7ba10964c9292d9 - - default default] No more DHCP agents
2026-06-24 19:12:10.042 10 WARNING neutron.api.rpc.agentnotifiers.dhcp_rpc_agent_api [None req-903fab31-583b-420c-8fed-bb39f49fa9b8 d8bf89a33f3247e7aaf007e6e3a64f94 4eaf2a0f555d4fdaa7ba10964c9292d9 - - default default] Unable to schedule network da2f75eb-749e-4228-9762-8c63ef23be9b: no agents available; will retry on subsequent port and subnet creation events.
2026-06-24 19:12:10.231 10 INFO neutron.db.ovn_revision_numbers_db [None req-903fab31-583b-420c-8fed-bb39f49fa9b8 d8bf89a33f3247e7aaf007e6e3a64f94 4eaf2a0f555d4fdaa7ba10964c9292d9 - - - -] Successfully bumped revision number for resource 442c23d0-bd0d-45fd-b45c-4a7b1363bcab (type: router_ports) to 4
2026-06-24 19:12:10.234 10 INFO neutron.wsgi [None req-903fab31-583b-420c-8fed-bb39f49fa9b8 d8bf89a33f3247e7aaf007e6e3a64f94 4eaf2a0f555d4fdaa7ba10964c9292d9 - - - -] 10.0.0.32 "PUT /v2.0/routers/92b609c6-925f-476d-9f00-47108716283b/add_router_interface HTTP/1.1" status: 200 len: 503 time: 1.4529319 /var/lib/openstack/lib/python3.10/site-packages/pycadf/identifier.py:71: UserWarning: Invalid uuid: neutron. To ensure interoperability, identifiers should be a valid uuid. warnings.warn(('Invalid uuid: %s. To ensure interoperability, '
2026-06-24 19:12:10.337 10 INFO neutron.wsgi [None req-4b761aea-1fba-4a0a-ab27-500baf1566ff d8bf89a33f3247e7aaf007e6e3a64f94 4eaf2a0f555d4fdaa7ba10964c9292d9 - - default default] 10.0.0.32 "GET /v2.0/ports/442c23d0-bd0d-45fd-b45c-4a7b1363bcab HTTP/1.1" status: 200 len: 1221 time: 0.0983405 /var/lib/openstack/lib/python3.10/site-packages/pycadf/identifier.py:71: UserWarning: Invalid uuid: neutron. To ensure interoperability, identifiers should be a valid uuid. warnings.warn(('Invalid uuid: %s. To ensure interoperability, ' /var/lib/openstack/lib/python3.10/site-packages/pycadf/identifier.py:71: UserWarning: Invalid uuid: neutron. To ensure interoperability, identifiers should be a valid uuid. warnings.warn(('Invalid uuid: %s. To ensure interoperability, '
2026-06-24 19:12:10.621 9 INFO neutron.db.ovn_revision_numbers_db [None req-f10975bb-9988-4a27-b752-ec406239cc08 eb7d45b7f13c41f184f330456ed0ce9c 61d19fe8f58f49c2819508fca7ae033d - - - -] Successfully bumped revision number for resource ea8d631a-e9fb-4f2f-a4a8-cbf0e7337f3b (type: security_groups) to 1
2026-06-24 19:12:10.759 9 INFO neutron.db.ovn_revision_numbers_db [None req-f10975bb-9988-4a27-b752-ec406239cc08 eb7d45b7f13c41f184f330456ed0ce9c 61d19fe8f58f49c2819508fca7ae033d - - - -] Successfully bumped revision number for resource 3ed87b07-2de3-4dad-bac1-8415ad30e752 (type: security_groups) to 1
2026-06-24 19:12:10.808 10 INFO neutron.db.ovn_revision_numbers_db [None req-a7a22006-d6a1-4915-aadd-a11f1585fcd7 2cf52b7df95140d7bf3b7f867c17eefa ad37b4197c0f4bf394c34c2f535c41cf - - - -] Successfully bumped revision number for resource 1b4db5b8-f7f7-4fa7-9bec-a07425751b91 (type: security_groups) to 1
2026-06-24 19:12:10.821 9 INFO neutron.wsgi [None req-f10975bb-9988-4a27-b752-ec406239cc08 eb7d45b7f13c41f184f330456ed0ce9c 61d19fe8f58f49c2819508fca7ae033d - - - -] 10.0.0.32 "POST /v2.0/security-groups HTTP/1.1" status: 201 len: 1761 time: 0.4994392
2026-06-24 19:12:10.877 10 INFO neutron.wsgi [None req-ee76cfa6-35ae-4271-a425-a53f31131674 eb7d45b7f13c41f184f330456ed0ce9c 61d19fe8f58f49c2819508fca7ae033d - - default default] 10.0.0.32 "GET /v2.0/security-groups HTTP/1.1" status: 200 len: 4539 time: 0.0484636
2026-06-24 19:12:10.895 10 INFO neutron.db.segments_db [None req-a7a22006-d6a1-4915-aadd-a11f1585fcd7 2cf52b7df95140d7bf3b7f867c17eefa ad37b4197c0f4bf394c34c2f535c41cf - - - -] Added segment f3462879-d46a-4813-8598-6406629cde6d of type geneve for network 39e0e982-54d1-4b1a-9e18-49f931242f98
2026-06-24 19:12:11.004 10 INFO neutron.db.ovn_revision_numbers_db [None req-cef21f14-7826-421d-95dc-bb07c51831b7 eb7d45b7f13c41f184f330456ed0ce9c 61d19fe8f58f49c2819508fca7ae033d - - - -] Successfully bumped revision number for resource 3ed87b07-2de3-4dad-bac1-8415ad30e752 (type: security_groups) to 2
2026-06-24 19:12:11.008 10 INFO neutron.wsgi [None req-cef21f14-7826-421d-95dc-bb07c51831b7 eb7d45b7f13c41f184f330456ed0ce9c 61d19fe8f58f49c2819508fca7ae033d - - - -] 10.0.0.32 "PUT /v2.0/security-groups/3ed87b07-2de3-4dad-bac1-8415ad30e752 HTTP/1.1" status: 200 len: 1795 time: 0.1249003
2026-06-24 19:12:11.085 9 INFO neutron.wsgi [None req-071f56db-8c02-4924-b6b0-c4e65b675512 d8bf89a33f3247e7aaf007e6e3a64f94 4eaf2a0f555d4fdaa7ba10964c9292d9 - - - -] 10.0.0.32 "PUT /v2.0/routers/92b609c6-925f-476d-9f00-47108716283b/remove_router_interface HTTP/1.1" status: 200 len: 503 time: 0.7436631
2026-06-24 19:12:11.096 10 INFO neutron.db.ovn_revision_numbers_db [None req-a7a22006-d6a1-4915-aadd-a11f1585fcd7 2cf52b7df95140d7bf3b7f867c17eefa ad37b4197c0f4bf394c34c2f535c41cf - - - -] Successfully bumped revision number for resource 39e0e982-54d1-4b1a-9e18-49f931242f98 (type: networks) to 1
2026-06-24 19:12:11.100 10 INFO neutron.wsgi [None req-50815a0e-7802-47b5-89c4-cd03dac2dac5 eb7d45b7f13c41f184f330456ed0ce9c 61d19fe8f58f49c2819508fca7ae033d - - default default] 10.0.0.32 "GET /v2.0/security-groups/3ed87b07-2de3-4dad-bac1-8415ad30e752 HTTP/1.1" status: 200 len: 1795 time: 0.0796003 /var/lib/openstack/lib/python3.10/site-packages/pycadf/identifier.py:71: UserWarning: Invalid uuid: neutron. To ensure interoperability, identifiers should be a valid uuid. warnings.warn(('Invalid uuid: %s. To ensure interoperability, '
2026-06-24 19:12:11.189 10 INFO neutron.api.v2.resource [None req-b7630499-ed22-47f8-b919-bb2457815f2d d8bf89a33f3247e7aaf007e6e3a64f94 4eaf2a0f555d4fdaa7ba10964c9292d9 - - default default] remove_router_interface failed (client error): The resource could not be found.
2026-06-24 19:12:11.191 10 INFO neutron.wsgi [None req-b7630499-ed22-47f8-b919-bb2457815f2d d8bf89a33f3247e7aaf007e6e3a64f94 4eaf2a0f555d4fdaa7ba10964c9292d9 - - default default] 10.0.0.32 "PUT /v2.0/routers/92b609c6-925f-476d-9f00-47108716283b/remove_router_interface HTTP/1.1" status: 404 len: 398 time: 0.1018848
2026-06-24 19:12:11.234 10 INFO neutron.wsgi [None req-2c014926-7310-457c-8c55-fe8ebcd68f6a d8bf89a33f3247e7aaf007e6e3a64f94 4eaf2a0f555d4fdaa7ba10964c9292d9 - - default default] 10.0.0.32 "GET /v2.0/ports?device_id=92b609c6-925f-476d-9f00-47108716283b HTTP/1.1" status: 200 len: 205 time: 0.0302949
2026-06-24 19:12:11.243 9 INFO neutron.wsgi [None req-67297f6c-6183-4453-abfa-2ac4fb53bfd1 eb7d45b7f13c41f184f330456ed0ce9c 61d19fe8f58f49c2819508fca7ae033d - - - -] 10.0.0.32 "DELETE /v2.0/security-groups/3ed87b07-2de3-4dad-bac1-8415ad30e752 HTTP/1.1" status: 204 len: 168 time: 0.1371424
2026-06-24 19:12:11.323 9 INFO neutron.wsgi [None req-851c0811-9eb8-41b5-9a52-c5f78e4cfd93 eb7d45b7f13c41f184f330456ed0ce9c 61d19fe8f58f49c2819508fca7ae033d - - default default] 10.0.0.32 "GET /v2.0/security-groups HTTP/1.1" status: 200 len: 2996 time: 0.0720901
2026-06-24 19:12:11.345 10 INFO neutron.api.v2.resource [None req-26ccfbb3-61bf-426e-9959-9003e91075d8 eb7d45b7f13c41f184f330456ed0ce9c 61d19fe8f58f49c2819508fca7ae033d - - - -] delete failed (client error): The resource could not be found.
2026-06-24 19:12:11.346 10 INFO neutron.wsgi [None req-26ccfbb3-61bf-426e-9959-9003e91075d8 eb7d45b7f13c41f184f330456ed0ce9c 61d19fe8f58f49c2819508fca7ae033d - - - -] 10.0.0.32 "DELETE /v2.0/security-groups/3ed87b07-2de3-4dad-bac1-8415ad30e752 HTTP/1.1" status: 404 len: 347 time: 0.0184293
2026-06-24 19:12:11.413 10 WARNING neutron.scheduler.dhcp_agent_scheduler [None req-a7a22006-d6a1-4915-aadd-a11f1585fcd7 2cf52b7df95140d7bf3b7f867c17eefa ad37b4197c0f4bf394c34c2f535c41cf - - - -] No more DHCP agents
2026-06-24 19:12:11.415 10 WARNING neutron.api.rpc.agentnotifiers.dhcp_rpc_agent_api [None req-a7a22006-d6a1-4915-aadd-a11f1585fcd7 2cf52b7df95140d7bf3b7f867c17eefa ad37b4197c0f4bf394c34c2f535c41cf - - - -] Unable to schedule network 39e0e982-54d1-4b1a-9e18-49f931242f98: no agents available; will retry on subsequent port and subnet creation events.
2026-06-24 19:12:11.478 10 INFO neutron.db.ovn_revision_numbers_db [None req-a7a22006-d6a1-4915-aadd-a11f1585fcd7 2cf52b7df95140d7bf3b7f867c17eefa ad37b4197c0f4bf394c34c2f535c41cf - - - -] Successfully bumped revision number for resource 49ca4fe4-6aec-43f1-8645-5eb4429e598a (type: ports) to 1
2026-06-24 19:12:11.490 9 INFO neutron.wsgi [None req-83790b8b-6bc6-4270-ac2e-d26b0090073e d8bf89a33f3247e7aaf007e6e3a64f94 4eaf2a0f555d4fdaa7ba10964c9292d9 - - - -] 10.0.0.32 "DELETE /v2.0/routers/92b609c6-925f-476d-9f00-47108716283b HTTP/1.1" status: 204 len: 168 time: 0.2455523
2026-06-24 19:12:11.496 10 INFO neutron.wsgi [None req-a7a22006-d6a1-4915-aadd-a11f1585fcd7 2cf52b7df95140d7bf3b7f867c17eefa ad37b4197c0f4bf394c34c2f535c41cf - - - -] 10.0.0.32 "POST /v2.0/networks HTTP/1.1" status: 201 len: 831 time: 0.9255896
2026-06-24 19:12:11.553 9 INFO neutron.db.ovn_revision_numbers_db [None req-a06e5e27-041c-4454-92c6-8bdc6f0dc888 eb7d45b7f13c41f184f330456ed0ce9c 61d19fe8f58f49c2819508fca7ae033d - - - -] Successfully bumped revision number for resource bccb87a7-616a-4eb4-92b0-eb3ec6ed5e5c (type: security_groups) to 1
2026-06-24 19:12:11.577 9 INFO neutron.wsgi [None req-a06e5e27-041c-4454-92c6-8bdc6f0dc888 eb7d45b7f13c41f184f330456ed0ce9c 61d19fe8f58f49c2819508fca7ae033d - - - -] 10.0.0.32 "POST /v2.0/security-groups HTTP/1.1" status: 201 len: 1761 time: 0.2219868
2026-06-24 19:12:11.681 10 INFO neutron.wsgi [req-f6c55b19-d006-4a3c-b72c-cf31b60f443e req-99107a3c-9a9b-43d8-84e1-3d4a048cff0f 686af32b1be94b979025e27d50ec0dce 0e2414273bb744fb8a9eee2977f58e9b - - c59447b58e78401e9044174794112ce9 c59447b58e78401e9044174794112ce9] 10.0.0.216 "GET /v2.0/ports?device_id=402e6dae-4e72-4b45-a404-17a46794a862 HTTP/1.1" status: 200 len: 1361 time: 0.0385656
2026-06-24 19:12:11.709 9 INFO neutron.wsgi [None req-0abd3bc5-7f45-438a-86a1-4f8e217c1c0b d8bf89a33f3247e7aaf007e6e3a64f94 4eaf2a0f555d4fdaa7ba10964c9292d9 - - - -] 10.0.0.32 "DELETE /v2.0/subnets/19ed5113-6e4a-4167-ab39-60a3294f89e8 HTTP/1.1" status: 204 len: 168 time: 0.2122626
2026-06-24 19:12:11.740 9 INFO neutron.db.ovn_revision_numbers_db [None req-f66f42b7-f355-4911-90d4-332186f5ee07 eb7d45b7f13c41f184f330456ed0ce9c 61d19fe8f58f49c2819508fca7ae033d - - - -] Successfully bumped revision number for resource 90733f15-d218-465a-9ffd-599fdf978852 (type: security_group_rules) to 0
2026-06-24 19:12:11.781 9 INFO neutron.wsgi [None req-f66f42b7-f355-4911-90d4-332186f5ee07 eb7d45b7f13c41f184f330456ed0ce9c 61d19fe8f58f49c2819508fca7ae033d - - - -] 10.0.0.32 "POST /v2.0/security-group-rules HTTP/1.1" status: 201 len: 768 time: 0.1932545
2026-06-24 19:12:11.811 9 INFO neutron.wsgi [None req-58e0c9ef-7295-413b-a119-e13eb1c25cf9 eb7d45b7f13c41f184f330456ed0ce9c 61d19fe8f58f49c2819508fca7ae033d - - default default] 10.0.0.32 "GET /v2.0/security-group-rules/90733f15-d218-465a-9ffd-599fdf978852 HTTP/1.1" status: 200 len: 763 time: 0.0194209
2026-06-24 19:12:11.880 9 INFO neutron.wsgi [None req-90375a80-5d69-4fbb-973d-7a6c27f753a4 eb7d45b7f13c41f184f330456ed0ce9c 61d19fe8f58f49c2819508fca7ae033d - - default default] 10.0.0.32 "GET /v2.0/security-group-rules HTTP/1.1" status: 200 len: 4113 time: 0.0626042
2026-06-24 19:12:12.076 9 INFO neutron.wsgi [None req-f607c09d-5564-4bea-abca-d0a2ea433942 eb7d45b7f13c41f184f330456ed0ce9c 61d19fe8f58f49c2819508fca7ae033d - - - -] 10.0.0.32 "DELETE /v2.0/security-group-rules/90733f15-d218-465a-9ffd-599fdf978852 HTTP/1.1" status: 204 len: 168 time: 0.1765051
2026-06-24 19:12:12.106 10 INFO neutron.wsgi [req-f6c55b19-d006-4a3c-b72c-cf31b60f443e req-cb955cca-b629-477d-a34b-cc5836e71eb0 686af32b1be94b979025e27d50ec0dce 0e2414273bb744fb8a9eee2977f58e9b - - c59447b58e78401e9044174794112ce9 c59447b58e78401e9044174794112ce9] 10.0.0.216 "GET /v2.0/security-groups?id=cfb179bf-e8c0-4cab-a69f-a46b4c17bdd9&fields=id&fields=name HTTP/1.1" status: 200 len: 313 time: 0.4164591
2026-06-24 19:12:12.162 10 INFO neutron.wsgi [None req-376bb63c-b646-4df7-9587-5f526bd1f77a eb7d45b7f13c41f184f330456ed0ce9c 61d19fe8f58f49c2819508fca7ae033d - - default default] 10.0.0.32 "GET /v2.0/security-group-rules HTTP/1.1" status: 200 len: 3567 time: 0.0707173
2026-06-24 19:12:12.180 9 INFO neutron.services.segments.plugin [-] Segment 9ba89af8-22e3-48e0-8f58-f8f33465c30f resource provider aggregate not found
2026-06-24 19:12:12.185 9 INFO neutron.services.segments.plugin [-] Segment 9ba89af8-22e3-48e0-8f58-f8f33465c30f resource provider aggregate not found
2026-06-24 19:12:12.205 9 INFO neutron.services.segments.plugin [-] Segment 9ba89af8-22e3-48e0-8f58-f8f33465c30f resource provider not found; error: Placement Client Error (4xx): {"errors": [{"status": 404, "title": "Not Found", "detail": "The resource could not be found.\n\n No resource provider with uuid 9ba89af8-22e3-48e0-8f58-f8f33465c30f found for delete ", "request_id": "req-a3b9e66f-d20d-4008-88e8-81201ced5a6c"}]}
2026-06-24 19:12:12.211 9 INFO neutron.services.segments.plugin [-] Segment 9ba89af8-22e3-48e0-8f58-f8f33465c30f resource provider not found; error: Placement Client Error (4xx): {"errors": [{"status": 404, "title": "Not Found", "detail": "The resource could not be found.\n\n No resource provider with uuid 9ba89af8-22e3-48e0-8f58-f8f33465c30f found for delete ", "request_id": "req-169f4b91-7b9f-4a5c-8bfa-83310c730702"}]}
2026-06-24 19:12:12.226 9 INFO neutron.wsgi [None req-0f209f4f-ef22-43da-bcc7-e12333e0b2c4 d8bf89a33f3247e7aaf007e6e3a64f94 4eaf2a0f555d4fdaa7ba10964c9292d9 - - - -] 10.0.0.32 "DELETE /v2.0/networks/da2f75eb-749e-4228-9762-8c63ef23be9b HTTP/1.1" status: 204 len: 168 time: 0.5086691
2026-06-24 19:12:12.321 9 INFO neutron.db.segments_db [None req-f5aa388b-6550-440c-a7fe-99d6985bcd31 d8bf89a33f3247e7aaf007e6e3a64f94 4eaf2a0f555d4fdaa7ba10964c9292d9 - - - -] Added segment 33505882-60e7-402d-8a74-af0788a243ff of type geneve for network 6f43c0f5-0cb4-412f-a4c9-bb0b4dbed9ec
2026-06-24 19:12:12.410 10 INFO neutron.db.ovn_revision_numbers_db [None req-4c5b47c2-83b3-4242-8062-722d5794b092 eb7d45b7f13c41f184f330456ed0ce9c 61d19fe8f58f49c2819508fca7ae033d - - - -] Successfully bumped revision number for resource 1d430a81-6f2a-4fa0-8982-0adda32a9f24 (type: security_group_rules) to 0
2026-06-24 19:12:12.474 9 INFO neutron.db.ovn_revision_numbers_db [None req-f5aa388b-6550-440c-a7fe-99d6985bcd31 d8bf89a33f3247e7aaf007e6e3a64f94 4eaf2a0f555d4fdaa7ba10964c9292d9 - - - -] Successfully bumped revision number for resource 6f43c0f5-0cb4-412f-a4c9-bb0b4dbed9ec (type: networks) to 1
2026-06-24 19:12:12.475 10 INFO neutron.wsgi [None req-4c5b47c2-83b3-4242-8062-722d5794b092 eb7d45b7f13c41f184f330456ed0ce9c 61d19fe8f58f49c2819508fca7ae033d - - - -] 10.0.0.32 "POST /v2.0/security-group-rules HTTP/1.1" status: 201 len: 768 time: 0.2986946
2026-06-24 19:12:12.508 9 INFO neutron.wsgi [None req-54aa6ddb-82c9-4637-abc4-9490b75f5dd2 eb7d45b7f13c41f184f330456ed0ce9c 61d19fe8f58f49c2819508fca7ae033d - - default default] 10.0.0.32 "GET /v2.0/security-group-rules/1d430a81-6f2a-4fa0-8982-0adda32a9f24 HTTP/1.1" status: 200 len: 763 time: 0.0284069
2026-06-24 19:12:12.546 10 INFO neutron.wsgi [None req-6c1a941a-eae0-4c4a-a43b-96283f242a65 eb7d45b7f13c41f184f330456ed0ce9c 61d19fe8f58f49c2819508fca7ae033d - - default default] 10.0.0.32 "GET /v2.0/security-group-rules HTTP/1.1" status: 200 len: 4113 time: 0.0323496
2026-06-24 19:12:12.566 10 WARNING neutron.scheduler.dhcp_agent_scheduler [None req-48df17a7-a148-4c91-a94f-2344d6d7a1d2 2cf52b7df95140d7bf3b7f867c17eefa ad37b4197c0f4bf394c34c2f535c41cf - - - -] No more DHCP agents
2026-06-24 19:12:12.567 10 WARNING neutron.api.rpc.agentnotifiers.dhcp_rpc_agent_api [None req-48df17a7-a148-4c91-a94f-2344d6d7a1d2 2cf52b7df95140d7bf3b7f867c17eefa ad37b4197c0f4bf394c34c2f535c41cf - - - -] Unable to schedule network 55253de1-2e58-4f71-a573-4da169fafa06: no agents available; will retry on subsequent port and subnet creation events.
2026-06-24 19:12:12.686 9 WARNING neutron.scheduler.dhcp_agent_scheduler [None req-f5aa388b-6550-440c-a7fe-99d6985bcd31 d8bf89a33f3247e7aaf007e6e3a64f94 4eaf2a0f555d4fdaa7ba10964c9292d9 - - - -] No more DHCP agents
2026-06-24 19:12:12.689 9 WARNING neutron.api.rpc.agentnotifiers.dhcp_rpc_agent_api [None req-f5aa388b-6550-440c-a7fe-99d6985bcd31 d8bf89a33f3247e7aaf007e6e3a64f94 4eaf2a0f555d4fdaa7ba10964c9292d9 - - - -] Unable to schedule network 6f43c0f5-0cb4-412f-a4c9-bb0b4dbed9ec: no agents available; will retry on subsequent port and subnet creation events.
2026-06-24 19:12:12.724 10 INFO neutron.db.ovn_revision_numbers_db [None req-48df17a7-a148-4c91-a94f-2344d6d7a1d2 2cf52b7df95140d7bf3b7f867c17eefa ad37b4197c0f4bf394c34c2f535c41cf - - - -] Successfully bumped revision number for resource 461dd50b-4563-4e19-a844-c854f2fdf470 (type: ports) to 1
2026-06-24 19:12:12.744 9 INFO neutron.wsgi [None req-f1f82420-c86e-4d46-b9ad-10f36066ea5b eb7d45b7f13c41f184f330456ed0ce9c 61d19fe8f58f49c2819508fca7ae033d - - - -] 10.0.0.32 "DELETE /v2.0/security-group-rules/1d430a81-6f2a-4fa0-8982-0adda32a9f24 HTTP/1.1" status: 204 len: 168 time: 0.1932895
2026-06-24 19:12:12.769 9 INFO neutron.db.ovn_revision_numbers_db [None req-f5aa388b-6550-440c-a7fe-99d6985bcd31 d8bf89a33f3247e7aaf007e6e3a64f94 4eaf2a0f555d4fdaa7ba10964c9292d9 - - - -] Successfully bumped revision number for resource 7356fd66-1800-4b8f-bbe4-d27c9b6ae199 (type: ports) to 1
2026-06-24 19:12:12.781 9 INFO neutron.wsgi [None req-06b5c6e4-6735-46da-9bc8-f71d4b28fdbc eb7d45b7f13c41f184f330456ed0ce9c 61d19fe8f58f49c2819508fca7ae033d - - default default] 10.0.0.32 "GET /v2.0/security-group-rules HTTP/1.1" status: 200 len: 3567 time: 0.0304351
2026-06-24 19:12:12.805 9 INFO neutron.wsgi [None req-f5aa388b-6550-440c-a7fe-99d6985bcd31 d8bf89a33f3247e7aaf007e6e3a64f94 4eaf2a0f555d4fdaa7ba10964c9292d9 - - - -] 10.0.0.32 "POST /v2.0/networks HTTP/1.1" status: 201 len: 833 time: 0.5735271
2026-06-24 19:12:12.983 9 INFO neutron.db.ovn_revision_numbers_db [None req-fbcc8228-597e-4619-a239-cdcb1b8207c6 eb7d45b7f13c41f184f330456ed0ce9c 61d19fe8f58f49c2819508fca7ae033d - - - -] Successfully bumped revision number for resource 263f2f54-8040-4e6a-abf4-33a31f5174ff (type: security_group_rules) to 0
2026-06-24 19:12:13.015 9 INFO neutron.wsgi [None req-fbcc8228-597e-4619-a239-cdcb1b8207c6 eb7d45b7f13c41f184f330456ed0ce9c 61d19fe8f58f49c2819508fca7ae033d - - - -] 10.0.0.32 "POST /v2.0/security-group-rules HTTP/1.1" status: 201 len: 769 time: 0.2290781
2026-06-24 19:12:13.040 9 INFO neutron.wsgi [None req-40d56c55-569e-4d1b-9a6f-9b12b1e0c317 eb7d45b7f13c41f184f330456ed0ce9c 61d19fe8f58f49c2819508fca7ae033d - - default default] 10.0.0.32 "GET /v2.0/security-group-rules/263f2f54-8040-4e6a-abf4-33a31f5174ff HTTP/1.1" status: 200 len: 764 time: 0.0207155
2026-06-24 19:12:13.085 9 INFO neutron.wsgi [None req-7293244b-47ff-4db8-88ca-c8b448e48fa9 eb7d45b7f13c41f184f330456ed0ce9c 61d19fe8f58f49c2819508fca7ae033d - - default default] 10.0.0.32 "GET /v2.0/security-group-rules HTTP/1.1" status: 200 len: 4114 time: 0.0411005
2026-06-24 19:12:13.112 9 WARNING neutron.scheduler.dhcp_agent_scheduler [None req-e09b61fb-6f78-4bb6-93a2-c23d0e957732 d8bf89a33f3247e7aaf007e6e3a64f94 4eaf2a0f555d4fdaa7ba10964c9292d9 - - - -] No more DHCP agents
2026-06-24 19:12:13.114 9 WARNING neutron.api.rpc.agentnotifiers.dhcp_rpc_agent_api [None req-e09b61fb-6f78-4bb6-93a2-c23d0e957732 d8bf89a33f3247e7aaf007e6e3a64f94 4eaf2a0f555d4fdaa7ba10964c9292d9 - - - -] Unable to schedule network 6f43c0f5-0cb4-412f-a4c9-bb0b4dbed9ec: no agents available; will retry on subsequent port and subnet creation events.
2026-06-24 19:12:13.132 9 INFO neutron.db.ovn_revision_numbers_db [None req-e09b61fb-6f78-4bb6-93a2-c23d0e957732 d8bf89a33f3247e7aaf007e6e3a64f94 4eaf2a0f555d4fdaa7ba10964c9292d9 - - - -] Successfully bumped revision number for resource 661db87b-0124-48f0-b5c4-768f49b00a1f (type: subnets) to 0
2026-06-24 19:12:13.149 9 INFO neutron.wsgi [None req-e09b61fb-6f78-4bb6-93a2-c23d0e957732 d8bf89a33f3247e7aaf007e6e3a64f94 4eaf2a0f555d4fdaa7ba10964c9292d9 - - - -] 10.0.0.32 "POST /v2.0/subnets HTTP/1.1" status: 201 len: 821 time: 0.3324242
2026-06-24 19:12:13.261 10 INFO neutron.wsgi [None req-eac290c4-94e9-4dd9-9eb1-16bedc7916c7 eb7d45b7f13c41f184f330456ed0ce9c 61d19fe8f58f49c2819508fca7ae033d - - - -] 10.0.0.32 "DELETE /v2.0/security-group-rules/263f2f54-8040-4e6a-abf4-33a31f5174ff HTTP/1.1" status: 204 len: 168 time: 0.1694071
2026-06-24 19:12:13.333 9 INFO neutron.wsgi [None req-b7035ebc-46de-46c7-8339-b2d41167fea6 eb7d45b7f13c41f184f330456ed0ce9c 61d19fe8f58f49c2819508fca7ae033d - - default default] 10.0.0.32 "GET /v2.0/security-group-rules HTTP/1.1" status: 200 len: 3567 time: 0.0588355
