2026-06-24 19:10:38.259 10 INFO neutron.db.ovn_revision_numbers_db [None req-cd92377e-d108-443a-b502-5f851ee79af7 4f10f8e3456c45888ba084e75ba8851b 7ca197cbfedf46c6a1675ce45718ce58 - - default default] Successfully bumped revision number for resource 10c370bc-7234-466d-97b3-8a521fbaff8a (type: ports) to 2
2026-06-24 19:10:38.280 9 WARNING neutron.scheduler.dhcp_agent_scheduler [None req-ecf50b68-41db-4c1d-812b-c8bda664cc55 4f10f8e3456c45888ba084e75ba8851b 7ca197cbfedf46c6a1675ce45718ce58 - - - -] No more DHCP agents
2026-06-24 19:10:38.281 9 INFO neutron.db.ovn_revision_numbers_db [None req-a9a4cf55-9279-4d83-8c2f-068883f42fc8 4f10f8e3456c45888ba084e75ba8851b 7ca197cbfedf46c6a1675ce45718ce58 - - default default] Successfully bumped revision number for resource e457fbcb-e0fe-457a-8a58-ef66cf26508a (type: ports) to 2
2026-06-24 19:10:38.287 9 WARNING neutron.api.rpc.agentnotifiers.dhcp_rpc_agent_api [None req-ecf50b68-41db-4c1d-812b-c8bda664cc55 4f10f8e3456c45888ba084e75ba8851b 7ca197cbfedf46c6a1675ce45718ce58 - - - -] Unable to schedule network 55253de1-2e58-4f71-a573-4da169fafa06: no agents available; will retry on subsequent port and subnet creation events.
2026-06-24 19:10:38.337 10 WARNING neutron.scheduler.dhcp_agent_scheduler [None req-cd92377e-d108-443a-b502-5f851ee79af7 4f10f8e3456c45888ba084e75ba8851b 7ca197cbfedf46c6a1675ce45718ce58 - - default default] No more DHCP agents
2026-06-24 19:10:38.338 10 WARNING neutron.api.rpc.agentnotifiers.dhcp_rpc_agent_api [None req-cd92377e-d108-443a-b502-5f851ee79af7 4f10f8e3456c45888ba084e75ba8851b 7ca197cbfedf46c6a1675ce45718ce58 - - default default] Unable to schedule network 6dc26663-b48d-4fc5-9768-0fd10495ba72: no agents available; will retry on subsequent port and subnet creation events.
2026-06-24 19:10:38.576 9 WARNING neutron.scheduler.dhcp_agent_scheduler [None req-a9a4cf55-9279-4d83-8c2f-068883f42fc8 4f10f8e3456c45888ba084e75ba8851b 7ca197cbfedf46c6a1675ce45718ce58 - - default default] No more DHCP agents
2026-06-24 19:10:38.579 9 WARNING neutron.api.rpc.agentnotifiers.dhcp_rpc_agent_api [None req-a9a4cf55-9279-4d83-8c2f-068883f42fc8 4f10f8e3456c45888ba084e75ba8851b 7ca197cbfedf46c6a1675ce45718ce58 - - default default] Unable to schedule network 72574efa-0c36-4c37-84a7-088d7b555cd5: no agents available; will retry on subsequent port and subnet creation events.
2026-06-24 19:10:38.662 9 INFO neutron.db.ovn_revision_numbers_db [None req-ecf50b68-41db-4c1d-812b-c8bda664cc55 4f10f8e3456c45888ba084e75ba8851b 7ca197cbfedf46c6a1675ce45718ce58 - - - -] Successfully bumped revision number for resource ee0de13c-759b-4815-b4c1-798e12524d9c (type: ports) to 1
2026-06-24 19:10:38.669 9 INFO neutron.db.ovn_revision_numbers_db [None req-a78c4975-3c82-4bed-bc16-bc014fa055df - - - - - -] Successfully bumped revision number for resource 1fcc4636-5529-4284-b56b-2163158171af (type: ports) to 1
2026-06-24 19:10:38.780 10 INFO neutron.db.ovn_revision_numbers_db [None req-d6f75db1-9926-4971-a78c-efe9de210749 1c6c9b1de9f343ac9e3aae5a523d43a7 13e36f4a6d2a4b40be20c2a7bac0ecf1 - - - -] Successfully bumped revision number for resource b5a3c6ba-3b47-4d76-9d7a-31bc53e4bd25 (type: security_groups) to 1
2026-06-24 19:10:38.843 10 INFO neutron.wsgi [None req-d6f75db1-9926-4971-a78c-efe9de210749 1c6c9b1de9f343ac9e3aae5a523d43a7 13e36f4a6d2a4b40be20c2a7bac0ecf1 - - - -] 10.0.0.181 "POST /v2.0/security-groups HTTP/1.1" status: 201 len: 1821 time: 0.2893326
2026-06-24 19:10:39.124 10 INFO neutron.db.ovn_revision_numbers_db [None req-cd92377e-d108-443a-b502-5f851ee79af7 4f10f8e3456c45888ba084e75ba8851b 7ca197cbfedf46c6a1675ce45718ce58 - - - -] Successfully bumped revision number for resource 10c370bc-7234-466d-97b3-8a521fbaff8a (type: router_ports) to 2
2026-06-24 19:10:39.126 10 INFO neutron.wsgi [None req-cd92377e-d108-443a-b502-5f851ee79af7 4f10f8e3456c45888ba084e75ba8851b 7ca197cbfedf46c6a1675ce45718ce58 - - - -] 10.0.0.32 "PUT /v2.0/routers/214b82ef-5efd-4118-9835-29f1031c7d88/add_router_interface HTTP/1.1" status: 200 len: 503 time: 3.1716070
2026-06-24 19:10:39.340 10 INFO neutron.db.ovn_revision_numbers_db [None req-22d98aae-0938-483e-b278-8f9561d4dbda 1c6c9b1de9f343ac9e3aae5a523d43a7 13e36f4a6d2a4b40be20c2a7bac0ecf1 - - - -] Successfully bumped revision number for resource 1ed28a81-451f-433f-8b2c-7f8d95f97f77 (type: security_groups) to 1
2026-06-24 19:10:39.365 10 INFO neutron.wsgi [None req-22d98aae-0938-483e-b278-8f9561d4dbda 1c6c9b1de9f343ac9e3aae5a523d43a7 13e36f4a6d2a4b40be20c2a7bac0ecf1 - - - -] 10.0.0.181 "POST /v2.0/security-groups HTTP/1.1" status: 201 len: 1823 time: 0.1642632
2026-06-24 19:10:39.440 9 INFO neutron.db.ovn_revision_numbers_db [None req-a78c4975-3c82-4bed-bc16-bc014fa055df - - - - - -] Successfully bumped revision number for resource 1fcc4636-5529-4284-b56b-2163158171af (type: router_ports) to 3
2026-06-24 19:10:39.512 10 INFO neutron.db.ovn_revision_numbers_db [None req-767d7683-4e0c-48e3-b090-f47d37f78c75 1c6c9b1de9f343ac9e3aae5a523d43a7 13e36f4a6d2a4b40be20c2a7bac0ecf1 - - - -] Successfully bumped revision number for resource 822d793c-9e7f-4bcf-88bb-d3f644122bd0 (type: security_groups) to 1
2026-06-24 19:10:39.538 10 INFO neutron.wsgi [None req-767d7683-4e0c-48e3-b090-f47d37f78c75 1c6c9b1de9f343ac9e3aae5a523d43a7 13e36f4a6d2a4b40be20c2a7bac0ecf1 - - - -] 10.0.0.181 "POST /v2.0/security-groups HTTP/1.1" status: 201 len: 1823 time: 0.1483095
2026-06-24 19:10:39.641 10 INFO neutron.wsgi [req-1292000f-1f83-4c14-b98f-73c39a90e096 req-3145008c-d9e4-451e-b26f-3a20c8840af7 1c6c9b1de9f343ac9e3aae5a523d43a7 13e36f4a6d2a4b40be20c2a7bac0ecf1 - - default default] 10.0.0.181 "GET /v2.0/security-groups?tenant_id=13e36f4a6d2a4b40be20c2a7bac0ecf1 HTTP/1.1" status: 200 len: 7795 time: 0.0738776
2026-06-24 19:10:39.685 9 INFO neutron.db.ovn_revision_numbers_db [None req-a78c4975-3c82-4bed-bc16-bc014fa055df - - - - - -] Successfully bumped revision number for resource 1fcc4636-5529-4284-b56b-2163158171af (type: ports) to 2
2026-06-24 19:10:39.690 10 INFO neutron.wsgi [req-1292000f-1f83-4c14-b98f-73c39a90e096 req-2231b42f-95f1-41da-b2a7-9f8a88f7f776 1c6c9b1de9f343ac9e3aae5a523d43a7 13e36f4a6d2a4b40be20c2a7bac0ecf1 - - default default] 10.0.0.181 "GET /v2.0/security-groups/ccb73d2d-8fd9-462f-b707-8495ee8e1a84 HTTP/1.1" status: 200 len: 2994 time: 0.0407014
2026-06-24 19:10:39.743 10 INFO neutron.wsgi [req-1292000f-1f83-4c14-b98f-73c39a90e096 req-80e7e63b-e47a-41e7-bcff-3ce27717db99 1c6c9b1de9f343ac9e3aae5a523d43a7 13e36f4a6d2a4b40be20c2a7bac0ecf1 - - default default] 10.0.0.181 "GET /v2.0/security-groups/ccb73d2d-8fd9-462f-b707-8495ee8e1a84 HTTP/1.1" status: 200 len: 2994 time: 0.0437186
2026-06-24 19:10:39.751 10 INFO neutron.db.ovn_revision_numbers_db [None req-bd1fe2fc-e3e7-4df0-a33c-54b9ed70cd72 b947cafe60034046a663e1cc442ac722 57c1966884cf414d840e90b02354dc2f - - - -] Successfully bumped revision number for resource e7224cc6-4f67-41de-ab16-eaeca0cb3048 (type: security_groups) to 1
2026-06-24 19:10:39.775 10 INFO neutron.wsgi [None req-bd1fe2fc-e3e7-4df0-a33c-54b9ed70cd72 b947cafe60034046a663e1cc442ac722 57c1966884cf414d840e90b02354dc2f - - - -] 10.0.0.32 "POST /v2.0/security-groups HTTP/1.1" status: 201 len: 1796 time: 0.1585913
2026-06-24 19:10:39.822 10 INFO neutron.wsgi [req-0be579c0-97b9-4aff-8012-1c4206687eb4 req-9dba33b0-3ec8-4f4f-ba9c-c2135b95c11b 1c6c9b1de9f343ac9e3aae5a523d43a7 13e36f4a6d2a4b40be20c2a7bac0ecf1 - - default default] 10.0.0.181 "GET /v2.0/security-groups/b5a3c6ba-3b47-4d76-9d7a-31bc53e4bd25 HTTP/1.1" status: 200 len: 1816 time: 0.0541184
2026-06-24 19:10:39.961 10 INFO neutron.db.ovn_revision_numbers_db [None req-191b034d-54d0-4057-ba71-fdae5015cb2b b947cafe60034046a663e1cc442ac722 57c1966884cf414d840e90b02354dc2f - - - -] Successfully bumped revision number for resource c98d1e32-75a3-47e1-8fa0-8ec222193a0a (type: security_group_rules) to 0
2026-06-24 19:10:40.118 10 INFO neutron.wsgi [None req-191b034d-54d0-4057-ba71-fdae5015cb2b b947cafe60034046a663e1cc442ac722 57c1966884cf414d840e90b02354dc2f - - - -] 10.0.0.32 "POST /v2.0/security-group-rules HTTP/1.1" status: 201 len: 764 time: 0.3347955
2026-06-24 19:10:40.129 9 INFO neutron.db.ovn_revision_numbers_db [None req-ecf50b68-41db-4c1d-812b-c8bda664cc55 4f10f8e3456c45888ba084e75ba8851b 7ca197cbfedf46c6a1675ce45718ce58 - - - -] Successfully bumped revision number for resource ee0de13c-759b-4815-b4c1-798e12524d9c (type: router_ports) to 1
2026-06-24 19:10:40.149 10 INFO neutron.wsgi [None req-2ce4c578-5409-4bf8-98fb-42259fb3e354 1c6c9b1de9f343ac9e3aae5a523d43a7 13e36f4a6d2a4b40be20c2a7bac0ecf1 - - - -] 10.0.0.181 "DELETE /v2.0/security-groups/b5a3c6ba-3b47-4d76-9d7a-31bc53e4bd25 HTTP/1.1" status: 204 len: 173 time: 0.3159864
2026-06-24 19:10:40.192 10 INFO neutron.api.v2.resource [req-00b18460-6570-48e4-88c6-0913b04368fb req-639ea734-55f9-40e8-9390-caf40b1dcab6 1c6c9b1de9f343ac9e3aae5a523d43a7 13e36f4a6d2a4b40be20c2a7bac0ecf1 - - default default] show failed (client error): The resource could not be found.
2026-06-24 19:10:40.193 10 INFO neutron.wsgi [req-00b18460-6570-48e4-88c6-0913b04368fb req-639ea734-55f9-40e8-9390-caf40b1dcab6 1c6c9b1de9f343ac9e3aae5a523d43a7 13e36f4a6d2a4b40be20c2a7bac0ecf1 - - default default] 10.0.0.181 "GET /v2.0/security-groups/b5a3c6ba-3b47-4d76-9d7a-31bc53e4bd25 HTTP/1.1" status: 404 len: 352 time: 0.0170829
2026-06-24 19:10:40.255 10 INFO neutron.wsgi [req-c6b3c32b-3123-4a87-b454-60ceface1df0 req-fdc8aa07-def8-49d0-a630-60feee15953c 1c6c9b1de9f343ac9e3aae5a523d43a7 13e36f4a6d2a4b40be20c2a7bac0ecf1 - - default default] 10.0.0.181 "GET /v2.0/security-groups/1ed28a81-451f-433f-8b2c-7f8d95f97f77 HTTP/1.1" status: 200 len: 1818 time: 0.0350945
2026-06-24 19:10:40.285 9 INFO neutron.db.ovn_revision_numbers_db [None req-ecf50b68-41db-4c1d-812b-c8bda664cc55 4f10f8e3456c45888ba084e75ba8851b 7ca197cbfedf46c6a1675ce45718ce58 - - - -] Successfully bumped revision number for resource 0f575447-8413-4013-9294-5f6dd1686f88 (type: routers) to 3
2026-06-24 19:10:40.293 9 INFO neutron.db.ovn_revision_numbers_db [None req-a9a4cf55-9279-4d83-8c2f-068883f42fc8 4f10f8e3456c45888ba084e75ba8851b 7ca197cbfedf46c6a1675ce45718ce58 - - - -] Successfully bumped revision number for resource e457fbcb-e0fe-457a-8a58-ef66cf26508a (type: router_ports) to 2
2026-06-24 19:10:40.296 9 INFO neutron.wsgi [None req-a9a4cf55-9279-4d83-8c2f-068883f42fc8 4f10f8e3456c45888ba084e75ba8851b 7ca197cbfedf46c6a1675ce45718ce58 - - - -] 10.0.0.32 "PUT /v2.0/routers/8fdadf0f-1f02-4c52-9ef1-dd1c62f6e579/add_router_interface HTTP/1.1" status: 200 len: 503 time: 4.3283951
2026-06-24 19:10:40.300 10 INFO neutron.db.ovn_revision_numbers_db [None req-e7a6065f-ce25-4deb-a301-a84e9b2a9d47 b947cafe60034046a663e1cc442ac722 57c1966884cf414d840e90b02354dc2f - - - -] Successfully bumped revision number for resource 32b44348-a577-4f5b-ac92-49da33cb143f (type: security_group_rules) to 0
2026-06-24 19:10:40.308 9 INFO neutron.db.ovn_revision_numbers_db [None req-a78c4975-3c82-4bed-bc16-bc014fa055df - - - - - -] Successfully bumped revision number for resource 1fcc4636-5529-4284-b56b-2163158171af (type: ports) to 4
2026-06-24 19:10:40.313 9 INFO neutron.wsgi [None req-ecf50b68-41db-4c1d-812b-c8bda664cc55 4f10f8e3456c45888ba084e75ba8851b 7ca197cbfedf46c6a1675ce45718ce58 - - - -] 10.0.0.32 "POST /v2.0/routers HTTP/1.1" status: 201 len: 877 time: 3.1433034
2026-06-24 19:10:40.353 10 INFO neutron.wsgi [None req-e7a6065f-ce25-4deb-a301-a84e9b2a9d47 b947cafe60034046a663e1cc442ac722 57c1966884cf414d840e90b02354dc2f - - - -] 10.0.0.32 "POST /v2.0/security-group-rules HTTP/1.1" status: 201 len: 769 time: 0.2247658
2026-06-24 19:10:40.515 10 INFO neutron.wsgi [None req-1bc8b306-a041-480d-8ccc-65acc7f22825 1c6c9b1de9f343ac9e3aae5a523d43a7 13e36f4a6d2a4b40be20c2a7bac0ecf1 - - - -] 10.0.0.181 "DELETE /v2.0/security-groups/1ed28a81-451f-433f-8b2c-7f8d95f97f77 HTTP/1.1" status: 204 len: 173 time: 0.2412765
2026-06-24 19:10:40.556 10 INFO neutron.api.v2.resource [req-af8e84a3-e54c-452c-8b58-fcca4f42aef9 req-e15508c8-787d-41a3-9c8f-5464127e3440 1c6c9b1de9f343ac9e3aae5a523d43a7 13e36f4a6d2a4b40be20c2a7bac0ecf1 - - default default] show failed (client error): The resource could not be found.
2026-06-24 19:10:40.557 10 INFO neutron.wsgi [req-af8e84a3-e54c-452c-8b58-fcca4f42aef9 req-e15508c8-787d-41a3-9c8f-5464127e3440 1c6c9b1de9f343ac9e3aae5a523d43a7 13e36f4a6d2a4b40be20c2a7bac0ecf1 - - default default] 10.0.0.181 "GET /v2.0/security-groups/1ed28a81-451f-433f-8b2c-7f8d95f97f77 HTTP/1.1" status: 404 len: 352 time: 0.0205538
2026-06-24 19:10:40.630 10 INFO neutron.wsgi [req-5c30668f-1383-4065-b459-2883cd2e8525 req-63712da4-9272-401e-b981-96c92496c2b4 1c6c9b1de9f343ac9e3aae5a523d43a7 13e36f4a6d2a4b40be20c2a7bac0ecf1 - - default default] 10.0.0.181 "GET /v2.0/security-groups/822d793c-9e7f-4bcf-88bb-d3f644122bd0 HTTP/1.1" status: 200 len: 1818 time: 0.0495360
2026-06-24 19:10:40.737 9 INFO neutron.db.ovn_revision_numbers_db [None req-a78c4975-3c82-4bed-bc16-bc014fa055df - - - - - -] Successfully bumped revision number for resource 1fcc4636-5529-4284-b56b-2163158171af (type: router_ports) to 4
2026-06-24 19:10:40.790 10 WARNING neutron.scheduler.dhcp_agent_scheduler [None req-72ee9fa9-53dc-479d-9e2b-f8ca096092fc b947cafe60034046a663e1cc442ac722 57c1966884cf414d840e90b02354dc2f - - - -] No more DHCP agents
2026-06-24 19:10:40.791 9 INFO neutron.plugins.ml2.drivers.ovn.mech_driver.ovsdb.ovsdb_monitor [None req-a78c4975-3c82-4bed-bc16-bc014fa055df - - - - - -] Router 8fdadf0f-1f02-4c52-9ef1-dd1c62f6e579 is bound to host instance
2026-06-24 19:10:40.796 10 WARNING neutron.api.rpc.agentnotifiers.dhcp_rpc_agent_api [None req-72ee9fa9-53dc-479d-9e2b-f8ca096092fc b947cafe60034046a663e1cc442ac722 57c1966884cf414d840e90b02354dc2f - - - -] Unable to schedule network 55253de1-2e58-4f71-a573-4da169fafa06: no agents available; will retry on subsequent port and subnet creation events.
2026-06-24 19:10:40.855 10 INFO neutron.wsgi [None req-02bf2b64-452a-4506-9889-82e419ea15fd 1c6c9b1de9f343ac9e3aae5a523d43a7 13e36f4a6d2a4b40be20c2a7bac0ecf1 - - - -] 10.0.0.181 "DELETE /v2.0/security-groups/822d793c-9e7f-4bcf-88bb-d3f644122bd0 HTTP/1.1" status: 204 len: 173 time: 0.2158866
2026-06-24 19:10:40.924 10 INFO neutron.api.v2.resource [req-77e86c9e-338c-44bb-9205-1ff287c80bef req-dd179d20-1748-4e77-b64a-84c4980b8a21 1c6c9b1de9f343ac9e3aae5a523d43a7 13e36f4a6d2a4b40be20c2a7bac0ecf1 - - default default] show failed (client error): The resource could not be found.
2026-06-24 19:10:40.926 10 INFO neutron.wsgi [req-77e86c9e-338c-44bb-9205-1ff287c80bef req-dd179d20-1748-4e77-b64a-84c4980b8a21 1c6c9b1de9f343ac9e3aae5a523d43a7 13e36f4a6d2a4b40be20c2a7bac0ecf1 - - default default] 10.0.0.181 "GET /v2.0/security-groups/822d793c-9e7f-4bcf-88bb-d3f644122bd0 HTTP/1.1" status: 404 len: 352 time: 0.0381644
2026-06-24 19:10:40.967 9 INFO neutron.plugins.ml2.drivers.ovn.mech_driver.mech_driver [None req-df408e8f-efc6-4758-a26d-e9311033e58d - - - - - -] OVN reports status up for port: a2630c1b-6c32-4707-abbd-0fbe0ae8fd10
2026-06-24 19:10:40.997 9 INFO neutron.plugins.ml2.plugin [None req-df408e8f-efc6-4758-a26d-e9311033e58d - - - - - -] Attempt 1 to provision port a2630c1b-6c32-4707-abbd-0fbe0ae8fd10
2026-06-24 19:10:41.000 9 WARNING neutron.scheduler.dhcp_agent_scheduler [None req-75267fe6-0161-4189-8816-df7f7f1759e8 4f10f8e3456c45888ba084e75ba8851b 7ca197cbfedf46c6a1675ce45718ce58 - - default default] No more DHCP agents
2026-06-24 19:10:41.005 10 INFO neutron.wsgi [req-067db6f1-4783-414a-9b19-9bc58a8be949 req-5e8a84cb-9571-46db-9500-497f150e45f8 1c6c9b1de9f343ac9e3aae5a523d43a7 13e36f4a6d2a4b40be20c2a7bac0ecf1 - - default default] 10.0.0.181 "GET /v2.0/security-groups?tenant_id=13e36f4a6d2a4b40be20c2a7bac0ecf1 HTTP/1.1" status: 200 len: 2997 time: 0.0540011
2026-06-24 19:10:41.006 10 INFO neutron.db.ovn_revision_numbers_db [None req-add9af1d-3ebe-485a-82bf-f62a96ec76cd 040aa09fa6d64604b28c135c3e5de85b 9309b7c2cb264e2e9979b86905e680e4 - - - -] Successfully bumped revision number for resource 8a6bf6f0-eb95-468f-97f3-6bfbb3edc115 (type: security_groups) to 1
2026-06-24 19:10:41.012 9 WARNING neutron.api.rpc.agentnotifiers.dhcp_rpc_agent_api [None req-75267fe6-0161-4189-8816-df7f7f1759e8 4f10f8e3456c45888ba084e75ba8851b 7ca197cbfedf46c6a1675ce45718ce58 - - default default] Unable to schedule network 825e61aa-87c6-4d8f-b019-c289288c3ddc: no agents available; will retry on subsequent port and subnet creation events.
2026-06-24 19:10:41.055 10 INFO neutron.wsgi [None req-add9af1d-3ebe-485a-82bf-f62a96ec76cd 040aa09fa6d64604b28c135c3e5de85b 9309b7c2cb264e2e9979b86905e680e4 - - - -] 10.0.0.181 "POST /v2.0/security-groups HTTP/1.1" status: 201 len: 1826 time: 0.2401979
2026-06-24 19:10:41.080 10 INFO neutron.wsgi [req-067db6f1-4783-414a-9b19-9bc58a8be949 req-7b8c31f2-4ff3-4c46-b1ff-37cac36f2331 1c6c9b1de9f343ac9e3aae5a523d43a7 13e36f4a6d2a4b40be20c2a7bac0ecf1 - - default default] 10.0.0.181 "GET /v2.0/security-groups/ccb73d2d-8fd9-462f-b707-8495ee8e1a84 HTTP/1.1" status: 200 len: 2994 time: 0.0596912
2026-06-24 19:10:41.140 10 INFO neutron.wsgi [req-0da069b6-a6ef-44ef-aa1e-f01b817fcaeb req-b0540af2-cacb-4d35-b416-e504596c1079 040aa09fa6d64604b28c135c3e5de85b 9309b7c2cb264e2e9979b86905e680e4 - - default default] 10.0.0.181 "GET /v2.0/security-groups/8a6bf6f0-eb95-468f-97f3-6bfbb3edc115 HTTP/1.1" status: 200 len: 1821 time: 0.0584567
2026-06-24 19:10:41.145 10 INFO neutron.wsgi [req-067db6f1-4783-414a-9b19-9bc58a8be949 req-55540aa0-9364-4773-9e98-3d764534bba1 1c6c9b1de9f343ac9e3aae5a523d43a7 13e36f4a6d2a4b40be20c2a7bac0ecf1 - - default default] 10.0.0.181 "GET /v2.0/security-groups/ccb73d2d-8fd9-462f-b707-8495ee8e1a84 HTTP/1.1" status: 200 len: 2994 time: 0.0449142
2026-06-24 19:10:41.189 10 INFO neutron.api.v2.resource [req-89ef7736-450b-4388-ae85-1877c5b469c2 req-740744c6-8881-4d6f-a2a1-edc47ea09311 1c6c9b1de9f343ac9e3aae5a523d43a7 13e36f4a6d2a4b40be20c2a7bac0ecf1 - - default default] show failed (client error): The resource could not be found.
2026-06-24 19:10:41.191 10 INFO neutron.wsgi [req-89ef7736-450b-4388-ae85-1877c5b469c2 req-740744c6-8881-4d6f-a2a1-edc47ea09311 1c6c9b1de9f343ac9e3aae5a523d43a7 13e36f4a6d2a4b40be20c2a7bac0ecf1 - - default default] 10.0.0.181 "GET /v2.0/security-groups/822d793c-9e7f-4bcf-88bb-d3f644122bd0 HTTP/1.1" status: 404 len: 352 time: 0.0171318
2026-06-24 19:10:41.243 10 INFO neutron.api.v2.resource [req-aae19219-1649-4353-bc6b-ee8ad9717226 req-0411af18-f1a5-4370-a2bb-1457298dcff7 1c6c9b1de9f343ac9e3aae5a523d43a7 13e36f4a6d2a4b40be20c2a7bac0ecf1 - - default default] show failed (client error): The resource could not be found.
2026-06-24 19:10:41.244 10 INFO neutron.wsgi [req-aae19219-1649-4353-bc6b-ee8ad9717226 req-0411af18-f1a5-4370-a2bb-1457298dcff7 1c6c9b1de9f343ac9e3aae5a523d43a7 13e36f4a6d2a4b40be20c2a7bac0ecf1 - - default default] 10.0.0.181 "GET /v2.0/security-groups/1ed28a81-451f-433f-8b2c-7f8d95f97f77 HTTP/1.1" status: 404 len: 352 time: 0.0288980
2026-06-24 19:10:41.293 10 INFO neutron.db.ovn_revision_numbers_db [None req-72ee9fa9-53dc-479d-9e2b-f8ca096092fc b947cafe60034046a663e1cc442ac722 57c1966884cf414d840e90b02354dc2f - - - -] Successfully bumped revision number for resource 26f8f2b2-7da9-4c7a-822c-fd5154b3b2aa (type: floatingips) to 0
2026-06-24 19:10:41.299 10 INFO neutron.api.v2.resource [req-36f6bc9b-f56b-49ca-851e-e6113aef1c2b req-3d529a19-4231-4444-804e-09e2a6d6abbe 1c6c9b1de9f343ac9e3aae5a523d43a7 13e36f4a6d2a4b40be20c2a7bac0ecf1 - - default default] show failed (client error): The resource could not be found.
2026-06-24 19:10:41.300 10 INFO neutron.wsgi [req-36f6bc9b-f56b-49ca-851e-e6113aef1c2b req-3d529a19-4231-4444-804e-09e2a6d6abbe 1c6c9b1de9f343ac9e3aae5a523d43a7 13e36f4a6d2a4b40be20c2a7bac0ecf1 - - default default] 10.0.0.181 "GET /v2.0/security-groups/b5a3c6ba-3b47-4d76-9d7a-31bc53e4bd25 HTTP/1.1" status: 404 len: 352 time: 0.0194037
2026-06-24 19:10:41.311 10 INFO neutron.wsgi [None req-72ee9fa9-53dc-479d-9e2b-f8ca096092fc b947cafe60034046a663e1cc442ac722 57c1966884cf414d840e90b02354dc2f - - - -] 10.0.0.32 "POST /v2.0/floatingips HTTP/1.1" status: 201 len: 751 time: 0.9508481
2026-06-24 19:10:41.344 9 INFO neutron.db.ovn_revision_numbers_db [None req-75267fe6-0161-4189-8816-df7f7f1759e8 4f10f8e3456c45888ba084e75ba8851b 7ca197cbfedf46c6a1675ce45718ce58 - - default default] Successfully bumped revision number for resource d4a8c77d-3488-48b3-87a8-e08d24680f6f (type: ports) to 1
2026-06-24 19:10:41.390 10 INFO neutron.db.ovn_revision_numbers_db [None req-784d1c81-2f6c-479b-a847-fff5cb51de83 040aa09fa6d64604b28c135c3e5de85b 9309b7c2cb264e2e9979b86905e680e4 - - - -] Successfully bumped revision number for resource 27790308-fed7-4a7b-85f4-da983f1f3376 (type: security_group_rules) to 0
2026-06-24 19:10:41.455 10 INFO neutron.wsgi [None req-784d1c81-2f6c-479b-a847-fff5cb51de83 040aa09fa6d64604b28c135c3e5de85b 9309b7c2cb264e2e9979b86905e680e4 - - - -] 10.0.0.181 "POST /v2.0/security-group-rules HTTP/1.1" status: 201 len: 786 time: 0.3047283
2026-06-24 19:10:41.724 9 INFO neutron.db.ovn_revision_numbers_db [None req-a78c4975-3c82-4bed-bc16-bc014fa055df - - - - - -] Successfully bumped revision number for resource a2630c1b-6c32-4707-abbd-0fbe0ae8fd10 (type: ports) to 1
2026-06-24 19:10:41.848 10 INFO neutron.db.ovn_revision_numbers_db [None req-88912c86-5ea9-4c8e-b379-ae84cced254d 040aa09fa6d64604b28c135c3e5de85b 9309b7c2cb264e2e9979b86905e680e4 - - - -] Successfully bumped revision number for resource f360b389-bce3-444a-b878-93c5605eabed (type: security_groups) to 1
2026-06-24 19:10:41.877 10 INFO neutron.wsgi [None req-88912c86-5ea9-4c8e-b379-ae84cced254d 040aa09fa6d64604b28c135c3e5de85b 9309b7c2cb264e2e9979b86905e680e4 - - - -] 10.0.0.181 "POST /v2.0/security-groups HTTP/1.1" status: 201 len: 1825 time: 0.2639058
2026-06-24 19:10:41.941 9 INFO neutron.db.ovn_revision_numbers_db [None req-75267fe6-0161-4189-8816-df7f7f1759e8 4f10f8e3456c45888ba084e75ba8851b 7ca197cbfedf46c6a1675ce45718ce58 - - default default] Successfully bumped revision number for resource d4a8c77d-3488-48b3-87a8-e08d24680f6f (type: router_ports) to 2
2026-06-24 19:10:41.974 10 INFO neutron.wsgi [req-e9514ba5-05ec-4e4b-b4c8-cbce0b3ba26e req-62225461-ac04-40f8-9cc9-c448acf3b049 040aa09fa6d64604b28c135c3e5de85b 9309b7c2cb264e2e9979b86905e680e4 - - default default] 10.0.0.181 "GET /v2.0/security-groups/f360b389-bce3-444a-b878-93c5605eabed HTTP/1.1" status: 200 len: 1820 time: 0.0625594
2026-06-24 19:10:42.187 10 INFO neutron.db.ovn_revision_numbers_db [None req-2e66682a-ede6-4945-820d-e10444dfda5c 040aa09fa6d64604b28c135c3e5de85b 9309b7c2cb264e2e9979b86905e680e4 - - - -] Successfully bumped revision number for resource 4add418a-bfcb-481c-b56d-584555200a58 (type: security_group_rules) to 0
2026-06-24 19:10:42.229 10 INFO neutron.wsgi [None req-2e66682a-ede6-4945-820d-e10444dfda5c 040aa09fa6d64604b28c135c3e5de85b 9309b7c2cb264e2e9979b86905e680e4 - - - -] 10.0.0.181 "POST /v2.0/security-group-rules HTTP/1.1" status: 201 len: 786 time: 0.2465067
2026-06-24 19:10:42.256 10 WARNING neutron.plugins.ml2.drivers.ovn.mech_driver.ovsdb.ovn_client [None req-b80654a2-dc53-441e-bb73-9774f093998e - - - - - -] No port found with ID ae8e689c-c188-4b0a-9ba8-9586d85087d5: RuntimeError: No port found with ID ae8e689c-c188-4b0a-9ba8-9586d85087d5
2026-06-24 19:10:42.257 10 INFO neutron.plugins.ml2.drivers.ovn.mech_driver.mech_driver [None req-b80654a2-dc53-441e-bb73-9774f093998e - - - - - -] OVN reports status up for port: e457fbcb-e0fe-457a-8a58-ef66cf26508a
2026-06-24 19:10:42.279 10 INFO neutron.plugins.ml2.plugin [None req-b80654a2-dc53-441e-bb73-9774f093998e - - - - - -] Attempt 1 to provision port e457fbcb-e0fe-457a-8a58-ef66cf26508a
2026-06-24 19:10:42.292 9 INFO neutron.db.ovn_revision_numbers_db [None req-a78c4975-3c82-4bed-bc16-bc014fa055df - - - - - -] Successfully bumped revision number for resource a2630c1b-6c32-4707-abbd-0fbe0ae8fd10 (type: router_ports) to 3
2026-06-24 19:10:42.297 9 INFO neutron.db.ovn_revision_numbers_db [None req-75267fe6-0161-4189-8816-df7f7f1759e8 4f10f8e3456c45888ba084e75ba8851b 7ca197cbfedf46c6a1675ce45718ce58 - - default default] Successfully bumped revision number for resource d4a8c77d-3488-48b3-87a8-e08d24680f6f (type: ports) to 2
2026-06-24 19:10:42.327 10 INFO neutron.wsgi [req-50b2fd74-b12d-46b8-b8f0-bdbff6f5a03c req-50151386-3efb-4bb1-b99f-09605ab7c5a0 040aa09fa6d64604b28c135c3e5de85b 9309b7c2cb264e2e9979b86905e680e4 - - default default] 10.0.0.181 "GET /v2.0/security-groups/f360b389-bce3-444a-b878-93c5605eabed HTTP/1.1" status: 200 len: 2413 time: 0.0685902
2026-06-24 19:10:42.407 9 WARNING neutron.scheduler.dhcp_agent_scheduler [None req-75267fe6-0161-4189-8816-df7f7f1759e8 4f10f8e3456c45888ba084e75ba8851b 7ca197cbfedf46c6a1675ce45718ce58 - - default default] No more DHCP agents
2026-06-24 19:10:42.409 9 WARNING neutron.api.rpc.agentnotifiers.dhcp_rpc_agent_api [None req-75267fe6-0161-4189-8816-df7f7f1759e8 4f10f8e3456c45888ba084e75ba8851b 7ca197cbfedf46c6a1675ce45718ce58 - - default default] Unable to schedule network 825e61aa-87c6-4d8f-b019-c289288c3ddc: no agents available; will retry on subsequent port and subnet creation events.
2026-06-24 19:10:42.433 9 INFO neutron.db.ovn_revision_numbers_db [None req-a78c4975-3c82-4bed-bc16-bc014fa055df - - - - - -] Successfully bumped revision number for resource a2630c1b-6c32-4707-abbd-0fbe0ae8fd10 (type: ports) to 2
2026-06-24 19:10:42.725 9 INFO neutron.db.ovn_revision_numbers_db [None req-a78c4975-3c82-4bed-bc16-bc014fa055df - - - - - -] Successfully bumped revision number for resource a2630c1b-6c32-4707-abbd-0fbe0ae8fd10 (type: ports) to 4
2026-06-24 19:10:42.790 10 INFO neutron.db.ovn_revision_numbers_db [None req-fdea2efc-73a7-4a9d-a882-9dd3dffb9019 040aa09fa6d64604b28c135c3e5de85b 9309b7c2cb264e2e9979b86905e680e4 - - - -] Successfully bumped revision number for resource f452de32-bfe9-4738-a875-8b5a7b568161 (type: security_group_rules) to 0
2026-06-24 19:10:42.865 10 INFO neutron.wsgi [None req-fdea2efc-73a7-4a9d-a882-9dd3dffb9019 040aa09fa6d64604b28c135c3e5de85b 9309b7c2cb264e2e9979b86905e680e4 - - - -] 10.0.0.181 "POST /v2.0/security-group-rules HTTP/1.1" status: 201 len: 791 time: 0.5225205
2026-06-24 19:10:42.959 10 INFO neutron.db.ovn_revision_numbers_db [None req-b80654a2-dc53-441e-bb73-9774f093998e - - - - - -] Successfully bumped revision number for resource e457fbcb-e0fe-457a-8a58-ef66cf26508a (type: ports) to 3
2026-06-24 19:10:42.996 10 INFO neutron.wsgi [req-fb2875d3-ce1e-4ff0-8d94-aab426cee143 req-b7cbc7cf-5980-4356-be4d-667f3b52c1b9 040aa09fa6d64604b28c135c3e5de85b 9309b7c2cb264e2e9979b86905e680e4 - - default default] 10.0.0.181 "GET /v2.0/security-groups/f360b389-bce3-444a-b878-93c5605eabed HTTP/1.1" status: 200 len: 3011 time: 0.0900366
2026-06-24 19:10:43.058 10 INFO neutron.wsgi [req-cd588682-21da-4c12-9fb1-da1fcbd68c70 req-a9f35981-78a6-4f1b-90ac-ba47b403a363 040aa09fa6d64604b28c135c3e5de85b 9309b7c2cb264e2e9979b86905e680e4 - - default default] 10.0.0.181 "GET /v2.0/security-group-rules/f452de32-bfe9-4738-a875-8b5a7b568161 HTTP/1.1" status: 200 len: 783 time: 0.0366070
2026-06-24 19:10:43.147 10 INFO neutron.wsgi [req-cd588682-21da-4c12-9fb1-da1fcbd68c70 req-7201ba68-badf-4ff8-88fd-5e6b59b14f0a 040aa09fa6d64604b28c135c3e5de85b 9309b7c2cb264e2e9979b86905e680e4 - - default default] 10.0.0.181 "GET /v2.0/security-groups/f360b389-bce3-444a-b878-93c5605eabed HTTP/1.1" status: 200 len: 3011 time: 0.0673707
2026-06-24 19:10:43.194 10 INFO neutron.db.ovn_revision_numbers_db [None req-b80654a2-dc53-441e-bb73-9774f093998e - - - - - -] Successfully bumped revision number for resource e457fbcb-e0fe-457a-8a58-ef66cf26508a (type: router_ports) to 3
2026-06-24 19:10:43.274 9 INFO neutron.db.ovn_revision_numbers_db [None req-a78c4975-3c82-4bed-bc16-bc014fa055df - - - - - -] Successfully bumped revision number for resource a2630c1b-6c32-4707-abbd-0fbe0ae8fd10 (type: router_ports) to 4
2026-06-24 19:10:43.313 9 INFO neutron.plugins.ml2.drivers.ovn.mech_driver.ovsdb.ovsdb_monitor [None req-a78c4975-3c82-4bed-bc16-bc014fa055df - - - - - -] Router 0f575447-8413-4013-9294-5f6dd1686f88 is bound to host instance
2026-06-24 19:10:43.414 10 INFO neutron.wsgi [None req-45c9cd75-3351-4489-ad0b-bd361f39903e 040aa09fa6d64604b28c135c3e5de85b 9309b7c2cb264e2e9979b86905e680e4 - - - -] 10.0.0.181 "DELETE /v2.0/security-group-rules/f452de32-bfe9-4738-a875-8b5a7b568161 HTTP/1.1" status: 204 len: 173 time: 0.2482939
2026-06-24 19:10:43.477 10 INFO neutron.wsgi [req-8a102ebc-2024-47f8-841b-93065409d093 req-23fbb55e-1b87-46fd-b5b9-ce0bae2cea48 040aa09fa6d64604b28c135c3e5de85b 9309b7c2cb264e2e9979b86905e680e4 - - default default] 10.0.0.181 "GET /v2.0/security-groups/f360b389-bce3-444a-b878-93c5605eabed HTTP/1.1" status: 200 len: 2413 time: 0.0410450
2026-06-24 19:10:43.604 9 INFO neutron.db.ovn_revision_numbers_db [None req-75267fe6-0161-4189-8816-df7f7f1759e8 4f10f8e3456c45888ba084e75ba8851b 7ca197cbfedf46c6a1675ce45718ce58 - - - -] Successfully bumped revision number for resource d4a8c77d-3488-48b3-87a8-e08d24680f6f (type: router_ports) to 2
2026-06-24 19:10:43.606 9 INFO neutron.wsgi [None req-75267fe6-0161-4189-8816-df7f7f1759e8 4f10f8e3456c45888ba084e75ba8851b 7ca197cbfedf46c6a1675ce45718ce58 - - - -] 10.0.0.32 "PUT /v2.0/routers/0f575447-8413-4013-9294-5f6dd1686f88/add_router_interface HTTP/1.1" status: 200 len: 503 time: 3.2875681
2026-06-24 19:10:43.632 10 INFO neutron.wsgi [None req-87b18ba1-e393-4fff-8b47-d895ab494227 4f10f8e3456c45888ba084e75ba8851b 7ca197cbfedf46c6a1675ce45718ce58 - - - -] 10.0.0.32 "PUT /v2.0/routers/e7f81919-e5bb-4b49-83dc-1adc204eb5eb/remove_router_interface HTTP/1.1" status: 200 len: 503 time: 2.3119440
2026-06-24 19:10:43.674 10 INFO neutron.wsgi [None req-a70658c2-0d2f-4f63-9d14-2cf1cba43c0c 040aa09fa6d64604b28c135c3e5de85b 9309b7c2cb264e2e9979b86905e680e4 - - - -] 10.0.0.181 "DELETE /v2.0/security-groups/f360b389-bce3-444a-b878-93c5605eabed HTTP/1.1" status: 204 len: 173 time: 0.1907163 /var/lib/openstack/lib/python3.10/site-packages/pycadf/identifier.py:71: UserWarning: Invalid uuid: neutron. To ensure interoperability, identifiers should be a valid uuid. warnings.warn(('Invalid uuid: %s. To ensure interoperability, '
2026-06-24 19:10:43.737 10 INFO neutron.wsgi [req-24d5f84c-f088-47ec-b330-92dc8af3dc16 req-da47991a-f5bd-4c0f-a843-e32c500d5a6c 040aa09fa6d64604b28c135c3e5de85b 9309b7c2cb264e2e9979b86905e680e4 - - default default] 10.0.0.181 "GET /v2.0/security-groups/8a6bf6f0-eb95-468f-97f3-6bfbb3edc115 HTTP/1.1" status: 200 len: 2414 time: 0.0376651
2026-06-24 19:10:43.869 10 INFO neutron.wsgi [None req-b9ca4da1-445f-4465-b6d6-b29248c7410d 040aa09fa6d64604b28c135c3e5de85b 9309b7c2cb264e2e9979b86905e680e4 - - - -] 10.0.0.181 "DELETE /v2.0/security-groups/8a6bf6f0-eb95-468f-97f3-6bfbb3edc115 HTTP/1.1" status: 204 len: 173 time: 0.1258514
2026-06-24 19:10:44.124 9 INFO neutron.plugins.ml2.drivers.ovn.mech_driver.mech_driver [None req-df408e8f-efc6-4758-a26d-e9311033e58d - - - - - -] OVN reports status up for port: 10c370bc-7234-466d-97b3-8a521fbaff8a
2026-06-24 19:10:44.137 9 INFO neutron.plugins.ml2.plugin [None req-df408e8f-efc6-4758-a26d-e9311033e58d - - - - - -] Attempt 1 to provision port 10c370bc-7234-466d-97b3-8a521fbaff8a
2026-06-24 19:10:44.305 9 INFO neutron.db.ovn_revision_numbers_db [None req-a78c4975-3c82-4bed-bc16-bc014fa055df - - - - - -] Successfully bumped revision number for resource ee0de13c-759b-4815-b4c1-798e12524d9c (type: ports) to 1
2026-06-24 19:10:44.353 9 INFO neutron.db.ovn_revision_numbers_db [None req-5d3232ef-2bd1-4e3b-9f16-d7cf024ef2fb cbbeb40ec2574b459ac4c0f2e3adfd41 916339a6ff6c40d59d79ecbe6d810096 - - - -] Successfully bumped revision number for resource a87170a4-2fb3-482f-b866-74e95082c61f (type: security_groups) to 1
2026-06-24 19:10:44.427 9 INFO neutron.wsgi [None req-5d3232ef-2bd1-4e3b-9f16-d7cf024ef2fb cbbeb40ec2574b459ac4c0f2e3adfd41 916339a6ff6c40d59d79ecbe6d810096 - - - -] 10.0.0.32 "POST /v2.0/security-groups HTTP/1.1" status: 201 len: 1795 time: 0.3224821
2026-06-24 19:10:44.622 10 INFO neutron.db.ovn_revision_numbers_db [None req-08005a5e-f192-4f54-9046-df6e8435dd48 cbbeb40ec2574b459ac4c0f2e3adfd41 916339a6ff6c40d59d79ecbe6d810096 - - - -] Successfully bumped revision number for resource 3ec99c48-36f7-484d-9e39-df6b581df7a7 (type: security_group_rules) to 0
2026-06-24 19:10:44.750 9 INFO neutron.db.ovn_revision_numbers_db [None req-df408e8f-efc6-4758-a26d-e9311033e58d - - - - - -] Successfully bumped revision number for resource 10c370bc-7234-466d-97b3-8a521fbaff8a (type: ports) to 3
2026-06-24 19:10:44.819 10 INFO neutron.wsgi [None req-08005a5e-f192-4f54-9046-df6e8435dd48 cbbeb40ec2574b459ac4c0f2e3adfd41 916339a6ff6c40d59d79ecbe6d810096 - - - -] 10.0.0.32 "POST /v2.0/security-group-rules HTTP/1.1" status: 201 len: 764 time: 0.3820846
2026-06-24 19:10:45.019 10 INFO neutron.db.ovn_revision_numbers_db [None req-02e0e64c-3bbe-4e15-88c7-c3c3156165f2 cbbeb40ec2574b459ac4c0f2e3adfd41 916339a6ff6c40d59d79ecbe6d810096 - - - -] Successfully bumped revision number for resource ef1f9565-be50-4c90-9dd3-fd9c23e81842 (type: security_group_rules) to 0
2026-06-24 19:10:45.060 10 INFO neutron.wsgi [None req-02e0e64c-3bbe-4e15-88c7-c3c3156165f2 cbbeb40ec2574b459ac4c0f2e3adfd41 916339a6ff6c40d59d79ecbe6d810096 - - - -] 10.0.0.32 "POST /v2.0/security-group-rules HTTP/1.1" status: 201 len: 769 time: 0.2208915
2026-06-24 19:10:45.145 9 INFO neutron.wsgi [None req-223e4e70-2b72-4f7b-811d-cbb21932653c 4f10f8e3456c45888ba084e75ba8851b 7ca197cbfedf46c6a1675ce45718ce58 - - - -] 10.0.0.32 "DELETE /v2.0/routers/e7f81919-e5bb-4b49-83dc-1adc204eb5eb HTTP/1.1" status: 204 len: 168 time: 1.5059950
2026-06-24 19:10:45.165 9 INFO neutron.db.ovn_revision_numbers_db [None req-df408e8f-efc6-4758-a26d-e9311033e58d - - - - - -] Successfully bumped revision number for resource 10c370bc-7234-466d-97b3-8a521fbaff8a (type: router_ports) to 3
2026-06-24 19:10:45.167 9 INFO neutron.db.ovn_revision_numbers_db [None req-a78c4975-3c82-4bed-bc16-bc014fa055df - - - - - -] Successfully bumped revision number for resource ee0de13c-759b-4815-b4c1-798e12524d9c (type: router_ports) to 3
2026-06-24 19:10:45.312 9 INFO neutron.db.ovn_revision_numbers_db [None req-a78c4975-3c82-4bed-bc16-bc014fa055df - - - - - -] Successfully bumped revision number for resource ee0de13c-759b-4815-b4c1-798e12524d9c (type: ports) to 2
2026-06-24 19:10:45.474 10 INFO neutron.wsgi [None req-1c919423-365a-4d52-adfa-a61acf1b98a3 4f10f8e3456c45888ba084e75ba8851b 7ca197cbfedf46c6a1675ce45718ce58 - - - -] 10.0.0.32 "PUT /v2.0/routers/8fdadf0f-1f02-4c52-9ef1-dd1c62f6e579/remove_router_interface HTTP/1.1" status: 200 len: 503 time: 1.5958884
2026-06-24 19:10:45.504 10 INFO neutron.wsgi [None req-ce08de3d-51a4-4330-8d4f-44994aa46331 4f10f8e3456c45888ba084e75ba8851b 7ca197cbfedf46c6a1675ce45718ce58 - - - -] 10.0.0.32 "DELETE /v2.0/subnets/5ffa2ca1-d7c2-4373-a0ee-d191c5d7f733 HTTP/1.1" status: 204 len: 168 time: 0.3539739 /var/lib/openstack/lib/python3.10/site-packages/pycadf/identifier.py:71: UserWarning: Invalid uuid: neutron. To ensure interoperability, identifiers should be a valid uuid. warnings.warn(('Invalid uuid: %s. To ensure interoperability, '
2026-06-24 19:10:45.564 9 INFO neutron.db.ovn_revision_numbers_db [None req-a78c4975-3c82-4bed-bc16-bc014fa055df - - - - - -] Successfully bumped revision number for resource ee0de13c-759b-4815-b4c1-798e12524d9c (type: ports) to 4
2026-06-24 19:10:45.577 10 WARNING neutron.scheduler.dhcp_agent_scheduler [None req-69398c6d-3243-4b43-8592-380fd0df304b cbbeb40ec2574b459ac4c0f2e3adfd41 916339a6ff6c40d59d79ecbe6d810096 - - - -] No more DHCP agents
2026-06-24 19:10:45.584 10 WARNING neutron.api.rpc.agentnotifiers.dhcp_rpc_agent_api [None req-69398c6d-3243-4b43-8592-380fd0df304b cbbeb40ec2574b459ac4c0f2e3adfd41 916339a6ff6c40d59d79ecbe6d810096 - - - -] Unable to schedule network 55253de1-2e58-4f71-a573-4da169fafa06: no agents available; will retry on subsequent port and subnet creation events.
2026-06-24 19:10:45.904 9 INFO neutron.db.ovn_revision_numbers_db [None req-a78c4975-3c82-4bed-bc16-bc014fa055df - - - - - -] Successfully bumped revision number for resource ee0de13c-759b-4815-b4c1-798e12524d9c (type: router_ports) to 4
2026-06-24 19:10:46.160 10 INFO neutron.db.ovn_revision_numbers_db [None req-69398c6d-3243-4b43-8592-380fd0df304b cbbeb40ec2574b459ac4c0f2e3adfd41 916339a6ff6c40d59d79ecbe6d810096 - - - -] Successfully bumped revision number for resource 3fa48592-11ed-4e1f-a5ee-32fc5213f30a (type: floatingips) to 0
2026-06-24 19:10:46.205 10 INFO neutron.wsgi [None req-69398c6d-3243-4b43-8592-380fd0df304b cbbeb40ec2574b459ac4c0f2e3adfd41 916339a6ff6c40d59d79ecbe6d810096 - - - -] 10.0.0.32 "POST /v2.0/floatingips HTTP/1.1" status: 201 len: 751 time: 1.1391387
2026-06-24 19:10:46.221 10 INFO neutron.wsgi [req-b6659d62-53f4-4040-aa55-24508a9a2353 req-8f5bc3ae-6f0f-4531-8a75-2e30569cdc3b b947cafe60034046a663e1cc442ac722 57c1966884cf414d840e90b02354dc2f - - default default] 10.0.0.181 "GET /v2.0/security-groups?name=tempest-securitygroup--1031115529&fields=id&tenant_id=57c1966884cf414d840e90b02354dc2f HTTP/1.1" status: 200 len: 267 time: 0.0613830
2026-06-24 19:10:46.230 9 INFO neutron.wsgi [None req-3609311e-f8f3-4cae-a3c5-3648ac3e8f97 4f10f8e3456c45888ba084e75ba8851b 7ca197cbfedf46c6a1675ce45718ce58 - - - -] 10.0.0.32 "DELETE /v2.0/routers/8fdadf0f-1f02-4c52-9ef1-dd1c62f6e579 HTTP/1.1" status: 204 len: 168 time: 0.7410293
2026-06-24 19:10:46.249 10 INFO neutron.wsgi [None req-ed8e9e27-d068-4bbb-a4f5-81d1878003f5 4f10f8e3456c45888ba084e75ba8851b 7ca197cbfedf46c6a1675ce45718ce58 - - - -] 10.0.0.32 "DELETE /v2.0/networks/bdb9d07e-8030-4152-a874-273fd1e61256 HTTP/1.1" status: 204 len: 168 time: 0.7399521
2026-06-24 19:10:46.344 10 INFO neutron.wsgi [req-b6659d62-53f4-4040-aa55-24508a9a2353 req-e597bace-5832-4f79-9648-53031622d46c b947cafe60034046a663e1cc442ac722 57c1966884cf414d840e90b02354dc2f - - default default] 10.0.0.181 "GET /v2.0/networks?id=6dc26663-b48d-4fc5-9768-0fd10495ba72 HTTP/1.1" status: 200 len: 878 time: 0.1155412
2026-06-24 19:10:46.364 10 INFO neutron.wsgi [req-b6659d62-53f4-4040-aa55-24508a9a2353 req-82c03a6d-df3e-41d5-aea9-c7d28d265872 b947cafe60034046a663e1cc442ac722 57c1966884cf414d840e90b02354dc2f - - default default] 10.0.0.181 "GET /v2.0/quotas/57c1966884cf414d840e90b02354dc2f HTTP/1.1" status: 200 len: 386 time: 0.0122774
2026-06-24 19:10:46.457 9 INFO neutron.wsgi [None req-179c094c-e00b-443c-a1c6-49a6d9fd3386 4f10f8e3456c45888ba084e75ba8851b 7ca197cbfedf46c6a1675ce45718ce58 - - default default] 10.0.0.32 "GET /v2.0/security-groups?tenant_id=13e36f4a6d2a4b40be20c2a7bac0ecf1&name=default HTTP/1.1" status: 200 len: 2992 time: 0.0403867
2026-06-24 19:10:46.513 9 INFO neutron.wsgi [None req-e0bb4697-1b70-43a7-a646-693a89f44065 4f10f8e3456c45888ba084e75ba8851b 7ca197cbfedf46c6a1675ce45718ce58 - - - -] 10.0.0.32 "DELETE /v2.0/subnets/e1073d59-6ddf-4c1b-b8bb-58ef6280dd5a HTTP/1.1" status: 204 len: 168 time: 0.2638330
2026-06-24 19:10:46.516 10 INFO neutron.wsgi [req-b6659d62-53f4-4040-aa55-24508a9a2353 req-6fc43d24-2dcf-4918-9058-21c2e2829a3c b947cafe60034046a663e1cc442ac722 57c1966884cf414d840e90b02354dc2f - - default default] 10.0.0.181 "GET /v2.0/ports?tenant_id=57c1966884cf414d840e90b02354dc2f&fields=id HTTP/1.1" status: 200 len: 302 time: 0.1387022
2026-06-24 19:10:46.530 9 INFO neutron.wsgi [-] 10.0.0.108 "GET / HTTP/1.1" status: 200 len: 246 time: 0.0047228
2026-06-24 19:10:46.532 9 INFO neutron.wsgi [-] 10.0.0.108 "GET / HTTP/1.1" status: 200 len: 246 time: 0.0011606
2026-06-24 19:10:46.686 9 INFO neutron.wsgi [None req-e619bb2d-9dd9-44b3-afaf-4f51e65eac33 4f10f8e3456c45888ba084e75ba8851b 7ca197cbfedf46c6a1675ce45718ce58 - - - -] 10.0.0.32 "DELETE /v2.0/security-groups/ccb73d2d-8fd9-462f-b707-8495ee8e1a84 HTTP/1.1" status: 204 len: 168 time: 0.2229345
2026-06-24 19:10:46.700 10 INFO neutron.services.segments.plugin [-] Segment 1720ac0e-2d20-469d-8cbb-c9dbc44b85d2 resource provider aggregate not found
2026-06-24 19:10:46.705 10 INFO neutron.services.segments.plugin [-] Segment 1720ac0e-2d20-469d-8cbb-c9dbc44b85d2 resource provider aggregate not found
2026-06-24 19:10:46.728 10 INFO neutron.services.segments.plugin [-] Segment 1720ac0e-2d20-469d-8cbb-c9dbc44b85d2 resource provider not found; error: Placement Client Error (4xx): {"errors": [{"status": 404, "title": "Not Found", "detail": "The resource could not be found.\n\n No resource provider with uuid 1720ac0e-2d20-469d-8cbb-c9dbc44b85d2 found for delete ", "request_id": "req-70063acc-3a90-490d-94e3-3d640db7dd71"}]}
2026-06-24 19:10:46.729 10 INFO neutron.services.segments.plugin [-] Segment 1720ac0e-2d20-469d-8cbb-c9dbc44b85d2 resource provider not found; error: Placement Client Error (4xx): {"errors": [{"status": 404, "title": "Not Found", "detail": "The resource could not be found.\n\n No resource provider with uuid 1720ac0e-2d20-469d-8cbb-c9dbc44b85d2 found for delete ", "request_id": "req-0d7c50bc-8ff6-4f40-8fd3-f33380b0ca64"}]}
2026-06-24 19:10:46.740 10 INFO neutron.wsgi [req-d2f74806-736d-4d85-b3e2-6f30e0fb4b62 req-d67cb893-66bb-4808-8fc0-d776884fef76 cbbeb40ec2574b459ac4c0f2e3adfd41 916339a6ff6c40d59d79ecbe6d810096 - - default default] 10.0.0.181 "GET /v2.0/security-groups?name=tempest-securitygroup--471098557&fields=id&tenant_id=916339a6ff6c40d59d79ecbe6d810096 HTTP/1.1" status: 200 len: 267 time: 0.0540397
2026-06-24 19:10:46.827 10 INFO neutron.wsgi [req-d2f74806-736d-4d85-b3e2-6f30e0fb4b62 req-e8a2d06a-1e7b-4a65-b491-e806d56875e7 cbbeb40ec2574b459ac4c0f2e3adfd41 916339a6ff6c40d59d79ecbe6d810096 - - default default] 10.0.0.181 "GET /v2.0/networks?id=825e61aa-87c6-4d8f-b019-c289288c3ddc HTTP/1.1" status: 200 len: 875 time: 0.0815639
2026-06-24 19:10:46.848 10 INFO neutron.wsgi [req-d2f74806-736d-4d85-b3e2-6f30e0fb4b62 req-0b153db5-2fbd-460c-adc7-312794eddb8f cbbeb40ec2574b459ac4c0f2e3adfd41 916339a6ff6c40d59d79ecbe6d810096 - - default default] 10.0.0.181 "GET /v2.0/quotas/916339a6ff6c40d59d79ecbe6d810096 HTTP/1.1" status: 200 len: 386 time: 0.0148325
2026-06-24 19:10:46.975 10 INFO neutron.wsgi [req-b6659d62-53f4-4040-aa55-24508a9a2353 req-afaeddc7-093e-4019-8572-8ec9e7d408a5 686af32b1be94b979025e27d50ec0dce 0e2414273bb744fb8a9eee2977f58e9b - - c59447b58e78401e9044174794112ce9 c59447b58e78401e9044174794112ce9] 10.0.0.181 "GET /v2.0/extensions HTTP/1.1" status: 200 len: 16525 time: 0.0636702
2026-06-24 19:10:46.982 10 INFO neutron.wsgi [req-d2f74806-736d-4d85-b3e2-6f30e0fb4b62 req-ddf7de99-5246-4cfb-ab24-937f280282c3 cbbeb40ec2574b459ac4c0f2e3adfd41 916339a6ff6c40d59d79ecbe6d810096 - - default default] 10.0.0.181 "GET /v2.0/ports?tenant_id=916339a6ff6c40d59d79ecbe6d810096&fields=id HTTP/1.1" status: 200 len: 302 time: 0.1216197
2026-06-24 19:10:47.044 10 INFO neutron.wsgi [None req-b7e85c5c-2133-4c29-8938-1d0fdfa1ccfa 4f10f8e3456c45888ba084e75ba8851b 7ca197cbfedf46c6a1675ce45718ce58 - - - -] 10.0.0.32 "DELETE /v2.0/networks/72574efa-0c36-4c37-84a7-088d7b555cd5 HTTP/1.1" status: 204 len: 168 time: 0.5258222
2026-06-24 19:10:47.054 10 INFO neutron.wsgi [req-b6659d62-53f4-4040-aa55-24508a9a2353 req-709d9b38-4210-4b1f-b40d-0d2852a8edb5 686af32b1be94b979025e27d50ec0dce 0e2414273bb744fb8a9eee2977f58e9b - - c59447b58e78401e9044174794112ce9 c59447b58e78401e9044174794112ce9] 10.0.0.181 "GET /v2.0/networks/6dc26663-b48d-4fc5-9768-0fd10495ba72?fields=segments HTTP/1.1" status: 200 len: 212 time: 0.0720403
2026-06-24 19:10:47.119 10 INFO neutron.wsgi [req-b6659d62-53f4-4040-aa55-24508a9a2353 req-741d23ae-53ff-427e-99ce-c1c8b8cc02e8 686af32b1be94b979025e27d50ec0dce 0e2414273bb744fb8a9eee2977f58e9b - - c59447b58e78401e9044174794112ce9 c59447b58e78401e9044174794112ce9] 10.0.0.181 "GET /v2.0/networks/6dc26663-b48d-4fc5-9768-0fd10495ba72?fields=provider%3Aphysical_network&fields=provider%3Anetwork_type HTTP/1.1" status: 200 len: 277 time: 0.0567729
2026-06-24 19:10:47.282 10 INFO neutron.wsgi [None req-476f8812-73de-4d7c-95dc-d8862d5230cb 4f10f8e3456c45888ba084e75ba8851b 7ca197cbfedf46c6a1675ce45718ce58 - - default default] 10.0.0.32 "GET /v2.0/security-groups?tenant_id=9309b7c2cb264e2e9979b86905e680e4&name=default HTTP/1.1" status: 200 len: 2992 time: 0.0330992
2026-06-24 19:10:47.445 10 INFO neutron.wsgi [req-d2f74806-736d-4d85-b3e2-6f30e0fb4b62 req-515fdb32-8c15-4241-ba33-b3e4a5346cc0 686af32b1be94b979025e27d50ec0dce 0e2414273bb744fb8a9eee2977f58e9b - - c59447b58e78401e9044174794112ce9 c59447b58e78401e9044174794112ce9] 10.0.0.181 "GET /v2.0/extensions HTTP/1.1" status: 200 len: 16525 time: 0.0487998
2026-06-24 19:10:47.482 10 INFO neutron.wsgi [None req-775e4a97-ac0c-469b-8e25-c4a235d08ee7 4f10f8e3456c45888ba084e75ba8851b 7ca197cbfedf46c6a1675ce45718ce58 - - - -] 10.0.0.32 "DELETE /v2.0/security-groups/dbc5eb96-1ccb-40af-9f88-4fb4a8494fbf HTTP/1.1" status: 204 len: 168 time: 0.1948082
2026-06-24 19:10:47.485 10 INFO neutron.wsgi [req-f07263d3-5fd0-4f80-a549-e5623bd2ffab req-bda8fb3b-3f2d-42e5-ac67-826a9ba9c1aa b947cafe60034046a663e1cc442ac722 57c1966884cf414d840e90b02354dc2f - - default default] 10.0.0.181 "GET /v2.0/ports?device_id=04ca842e-6910-429b-83fe-51c049d1ac3e HTTP/1.1" status: 200 len: 210 time: 0.0392091
2026-06-24 19:10:47.538 10 INFO neutron.wsgi [req-d2f74806-736d-4d85-b3e2-6f30e0fb4b62 req-fd19934e-d0d0-4f90-b6ff-9cc2af087391 686af32b1be94b979025e27d50ec0dce 0e2414273bb744fb8a9eee2977f58e9b - - c59447b58e78401e9044174794112ce9 c59447b58e78401e9044174794112ce9] 10.0.0.181 "GET /v2.0/networks/825e61aa-87c6-4d8f-b019-c289288c3ddc?fields=segments HTTP/1.1" status: 200 len: 212 time: 0.0837624
2026-06-24 19:10:47.801 10 INFO neutron.wsgi [req-d2f74806-736d-4d85-b3e2-6f30e0fb4b62 req-7c900546-0185-4ff4-85b0-f1d8c015cda3 686af32b1be94b979025e27d50ec0dce 0e2414273bb744fb8a9eee2977f58e9b - - c59447b58e78401e9044174794112ce9 c59447b58e78401e9044174794112ce9] 10.0.0.181 "GET /v2.0/networks/825e61aa-87c6-4d8f-b019-c289288c3ddc?fields=provider%3Aphysical_network&fields=provider%3Anetwork_type HTTP/1.1" status: 200 len: 277 time: 0.2563241
2026-06-24 19:10:48.043 10 INFO neutron.wsgi [req-c4ac806e-0823-43a5-961a-8f49e1c19589 req-14009a14-f326-4ae6-b269-a5b750a2ba2c cbbeb40ec2574b459ac4c0f2e3adfd41 916339a6ff6c40d59d79ecbe6d810096 - - default default] 10.0.0.181 "GET /v2.0/ports?device_id=3d0ea4b8-5e11-405f-a50d-688d999a61a3 HTTP/1.1" status: 200 len: 210 time: 0.0270295
2026-06-24 19:10:48.760 10 INFO neutron.services.segments.plugin [-] Segment d5a01291-292c-4b5c-9464-a9ccb372a2a3 resource provider aggregate not found
2026-06-24 19:10:48.765 10 INFO neutron.services.segments.plugin [-] Segment d5a01291-292c-4b5c-9464-a9ccb372a2a3 resource provider aggregate not found
2026-06-24 19:10:48.791 10 INFO neutron.services.segments.plugin [-] Segment d5a01291-292c-4b5c-9464-a9ccb372a2a3 resource provider not found; error: Placement Client Error (4xx): {"errors": [{"status": 404, "title": "Not Found", "detail": "The resource could not be found.\n\n No resource provider with uuid d5a01291-292c-4b5c-9464-a9ccb372a2a3 found for delete ", "request_id": "req-fd78fc89-4558-47f1-901b-ff5ee68fa869"}]}
2026-06-24 19:10:48.793 10 INFO neutron.services.segments.plugin [-] Segment d5a01291-292c-4b5c-9464-a9ccb372a2a3 resource provider not found; error: Placement Client Error (4xx): {"errors": [{"status": 404, "title": "Not Found", "detail": "The resource could not be found.\n\n No resource provider with uuid d5a01291-292c-4b5c-9464-a9ccb372a2a3 found for delete ", "request_id": "req-6e75e5aa-f020-4c38-98ce-3314a5ba6ccd"}]}
2026-06-24 19:10:48.812 10 INFO neutron.wsgi [req-fa19716c-6a55-4100-9a7c-af78cd37d857 req-acc8e3ca-162b-42dd-9ffe-883c451ec201 b947cafe60034046a663e1cc442ac722 57c1966884cf414d840e90b02354dc2f - - default default] 10.0.0.181 "GET /v2.0/ports?device_id=04ca842e-6910-429b-83fe-51c049d1ac3e HTTP/1.1" status: 200 len: 210 time: 0.0398302
2026-06-24 19:10:48.889 10 INFO neutron.db.ovn_revision_numbers_db [None req-92f5f675-cb76-491f-8700-d73a40982eb1 4f10f8e3456c45888ba084e75ba8851b 7ca197cbfedf46c6a1675ce45718ce58 - - - -] Successfully bumped revision number for resource 425216be-78b9-4b19-b316-b2b0b431d042 (type: security_groups) to 1
2026-06-24 19:10:48.963 10 INFO neutron.db.segments_db [None req-92f5f675-cb76-491f-8700-d73a40982eb1 4f10f8e3456c45888ba084e75ba8851b 7ca197cbfedf46c6a1675ce45718ce58 - - - -] Added segment 4590672e-2c90-443c-a7d7-6de73f8f3e64 of type geneve for network 069016be-42a1-4da3-9f19-4be903b5f388
2026-06-24 19:10:49.112 10 INFO neutron.db.ovn_revision_numbers_db [None req-92f5f675-cb76-491f-8700-d73a40982eb1 4f10f8e3456c45888ba084e75ba8851b 7ca197cbfedf46c6a1675ce45718ce58 - - - -] Successfully bumped revision number for resource 069016be-42a1-4da3-9f19-4be903b5f388 (type: networks) to 1
2026-06-24 19:10:49.248 10 WARNING neutron.plugins.ml2.drivers.ovn.mech_driver.ovsdb.ovn_client [None req-b80654a2-dc53-441e-bb73-9774f093998e - - - - - -] No port found with ID e457fbcb-e0fe-457a-8a58-ef66cf26508a: RuntimeError: No port found with ID e457fbcb-e0fe-457a-8a58-ef66cf26508a
2026-06-24 19:10:49.249 10 INFO neutron.plugins.ml2.drivers.ovn.mech_driver.mech_driver [None req-b80654a2-dc53-441e-bb73-9774f093998e - - - - - -] OVN reports status up for port: ee0de13c-759b-4815-b4c1-798e12524d9c
2026-06-24 19:10:49.269 10 INFO neutron.plugins.ml2.plugin [None req-b80654a2-dc53-441e-bb73-9774f093998e - - - - - -] Attempt 1 to provision port ee0de13c-759b-4815-b4c1-798e12524d9c
2026-06-24 19:10:49.321 10 WARNING neutron.scheduler.dhcp_agent_scheduler [None req-92f5f675-cb76-491f-8700-d73a40982eb1 4f10f8e3456c45888ba084e75ba8851b 7ca197cbfedf46c6a1675ce45718ce58 - - - -] No more DHCP agents
2026-06-24 19:10:49.323 10 WARNING neutron.api.rpc.agentnotifiers.dhcp_rpc_agent_api [None req-92f5f675-cb76-491f-8700-d73a40982eb1 4f10f8e3456c45888ba084e75ba8851b 7ca197cbfedf46c6a1675ce45718ce58 - - - -] Unable to schedule network 069016be-42a1-4da3-9f19-4be903b5f388: no agents available; will retry on subsequent port and subnet creation events.
