2026-06-24 19:14:36.858 10 INFO neutron.wsgi [req-bf58c895-b843-41c7-a759-16c4eb3ce9eb req-40a53c4a-6f01-48a5-96cd-e45c80486dd3 b34d5c8f7c6b4b4a84057c9131e8fe90 5805dd9c599d479c920c8fd11e72ca4e - - default default] 10.0.0.181 "GET /v2.0/ports?device_id=35610d2d-e646-45a7-9650-d85370f50d03 HTTP/1.1" status: 200 len: 210 time: 0.0440941
2026-06-24 19:14:36.870 10 INFO neutron.wsgi [None req-26cea081-3b82-436e-9415-13561aeca58b 45fd7ac7d38e428d98c86818b136b0f9 342e0053bb7846ee97cfa7c331e4dccd - - default default] 10.0.0.32 "GET /v2.0/subnets?not-tags=red%2Cblue HTTP/1.1" status: 200 len: 2615 time: 0.1161118
2026-06-24 19:14:36.939 9 WARNING neutron.scheduler.dhcp_agent_scheduler [None req-306b28d4-a043-4385-b07b-4ce4b84ec239 b34d5c8f7c6b4b4a84057c9131e8fe90 5805dd9c599d479c920c8fd11e72ca4e - - - -] No more DHCP agents
2026-06-24 19:14:36.942 9 WARNING neutron.api.rpc.agentnotifiers.dhcp_rpc_agent_api [None req-306b28d4-a043-4385-b07b-4ce4b84ec239 b34d5c8f7c6b4b4a84057c9131e8fe90 5805dd9c599d479c920c8fd11e72ca4e - - - -] Unable to schedule network 8a0b4dcb-75bf-4882-a493-16ff8353f6ce: no agents available; will retry on subsequent port and subnet creation events.
2026-06-24 19:14:36.955 10 INFO neutron.wsgi [None req-5e316c01-d216-43d0-bd22-b17d074b9420 45fd7ac7d38e428d98c86818b136b0f9 342e0053bb7846ee97cfa7c331e4dccd - - default default] 10.0.0.32 "GET /v2.0/subnets?not-tags-any=blue HTTP/1.1" status: 200 len: 2615 time: 0.0775280
2026-06-24 19:14:37.025 10 INFO neutron.wsgi [None req-98f5102f-cd29-4e3b-b6e2-3f93993f1229 45fd7ac7d38e428d98c86818b136b0f9 342e0053bb7846ee97cfa7c331e4dccd - - default default] 10.0.0.32 "GET /v2.0/subnets?not-tags-any=red%2Cblue HTTP/1.1" status: 200 len: 2018 time: 0.0653391 /var/lib/openstack/lib/python3.10/site-packages/pycadf/identifier.py:71: UserWarning: Invalid uuid: neutron. To ensure interoperability, identifiers should be a valid uuid. warnings.warn(('Invalid uuid: %s. To ensure interoperability, '
2026-06-24 19:14:37.185 9 INFO neutron.db.ovn_revision_numbers_db [None req-306b28d4-a043-4385-b07b-4ce4b84ec239 b34d5c8f7c6b4b4a84057c9131e8fe90 5805dd9c599d479c920c8fd11e72ca4e - - - -] Successfully bumped revision number for resource 08e505d9-789b-47bb-bd99-9369f43ac141 (type: ports) to 1
2026-06-24 19:14:37.235 9 INFO neutron.wsgi [None req-306b28d4-a043-4385-b07b-4ce4b84ec239 b34d5c8f7c6b4b4a84057c9131e8fe90 5805dd9c599d479c920c8fd11e72ca4e - - - -] 199.19.213.176 "POST /v2.0/ports HTTP/1.1" status: 201 len: 1158 time: 0.7584436
2026-06-24 19:14:37.329 9 INFO neutron.wsgi [None req-4a042371-81fe-40f7-bf21-50cfe92fb74e 45fd7ac7d38e428d98c86818b136b0f9 342e0053bb7846ee97cfa7c331e4dccd - - - -] 10.0.0.32 "DELETE /v2.0/subnets/eb74348b-35be-424c-a05a-861dd1171b52 HTTP/1.1" status: 204 len: 168 time: 0.2972159
2026-06-24 19:14:37.561 10 INFO neutron.wsgi [None req-8e22263b-aa52-43d3-8b16-000cee6d55be 45fd7ac7d38e428d98c86818b136b0f9 342e0053bb7846ee97cfa7c331e4dccd - - - -] 10.0.0.32 "DELETE /v2.0/subnets/571e2a3e-7927-4a7c-b279-61566960b207 HTTP/1.1" status: 204 len: 168 time: 0.2266579
2026-06-24 19:14:37.600 9 WARNING neutron.plugins.ml2.drivers.ovn.mech_driver.ovsdb.ovn_client [None req-df408e8f-efc6-4758-a26d-e9311033e58d - - - - - -] No hosting information found for port a91e3c15-d102-4495-8486-0e900b4215e7: RuntimeError: No hosting information found for port a91e3c15-d102-4495-8486-0e900b4215e7
2026-06-24 19:14:37.615 9 INFO neutron.db.ovn_revision_numbers_db [None req-f37f4a50-ee27-4f39-a09b-6581ba9bdfd0 686af32b1be94b979025e27d50ec0dce 0e2414273bb744fb8a9eee2977f58e9b - - - -] Successfully bumped revision number for resource 08e505d9-789b-47bb-bd99-9369f43ac141 (type: ports) to 2
2026-06-24 19:14:37.785 9 INFO neutron.db.ovn_revision_numbers_db [None req-f37f4a50-ee27-4f39-a09b-6581ba9bdfd0 686af32b1be94b979025e27d50ec0dce 0e2414273bb744fb8a9eee2977f58e9b - - - -] Successfully bumped revision number for resource 08e505d9-789b-47bb-bd99-9369f43ac141 (type: ports) to 2
2026-06-24 19:14:37.811 9 INFO neutron.wsgi [None req-f37f4a50-ee27-4f39-a09b-6581ba9bdfd0 686af32b1be94b979025e27d50ec0dce 0e2414273bb744fb8a9eee2977f58e9b - - - -] 199.19.213.176 "PUT /v2.0/ports/08e505d9-789b-47bb-bd99-9369f43ac141 HTTP/1.1" status: 200 len: 1328 time: 0.5680602 /var/lib/openstack/lib/python3.10/site-packages/pycadf/identifier.py:71: UserWarning: Invalid uuid: neutron. To ensure interoperability, identifiers should be a valid uuid. warnings.warn(('Invalid uuid: %s. To ensure interoperability, '
2026-06-24 19:14:37.877 9 INFO neutron.notifiers.nova [-] Nova event matching ['req-a9680699-6518-4bcc-b2b8-9c2381c2a796'] response: {'name': 'network-changed', 'server_uuid': '35610d2d-e646-45a7-9650-d85370f50d03', 'tag': '08e505d9-789b-47bb-bd99-9369f43ac141', 'status': 'completed', 'code': 200}
2026-06-24 19:14:37.910 9 INFO neutron.wsgi [req-85959dde-9baf-4172-adb0-b6b664a9f883 req-4cab7954-819c-47e3-b981-bb325aa1abe0 686af32b1be94b979025e27d50ec0dce 0e2414273bb744fb8a9eee2977f58e9b - - c59447b58e78401e9044174794112ce9 c59447b58e78401e9044174794112ce9] 199.19.213.176 "GET /v2.0/ports?tenant_id=5805dd9c599d479c920c8fd11e72ca4e&device_id=35610d2d-e646-45a7-9650-d85370f50d03 HTTP/1.1" status: 200 len: 1359 time: 0.0519376
2026-06-24 19:14:37.959 9 INFO neutron.wsgi [req-85959dde-9baf-4172-adb0-b6b664a9f883 req-27467bf1-2c49-43ac-87a2-6af4601fa186 686af32b1be94b979025e27d50ec0dce 0e2414273bb744fb8a9eee2977f58e9b - - c59447b58e78401e9044174794112ce9 c59447b58e78401e9044174794112ce9] 199.19.213.176 "GET /v2.0/floatingips?fixed_ip_address=10.100.0.8&port_id=08e505d9-789b-47bb-bd99-9369f43ac141 HTTP/1.1" status: 200 len: 217 time: 0.0380814
2026-06-24 19:14:38.006 9 INFO neutron.wsgi [req-85959dde-9baf-4172-adb0-b6b664a9f883 req-f8a529d7-7fd8-4d8c-aacd-537ff6f9a180 686af32b1be94b979025e27d50ec0dce 0e2414273bb744fb8a9eee2977f58e9b - - c59447b58e78401e9044174794112ce9 c59447b58e78401e9044174794112ce9] 199.19.213.176 "GET /v2.0/subnets?id=78d34c09-0362-43c5-8cb7-96289c498b50 HTTP/1.1" status: 200 len: 865 time: 0.0400774
2026-06-24 19:14:38.040 9 INFO neutron.wsgi [req-85959dde-9baf-4172-adb0-b6b664a9f883 req-aae208b0-1c73-4273-b645-c3ee1240f4c4 686af32b1be94b979025e27d50ec0dce 0e2414273bb744fb8a9eee2977f58e9b - - c59447b58e78401e9044174794112ce9 c59447b58e78401e9044174794112ce9] 199.19.213.176 "GET /v2.0/ports?network_id=8a0b4dcb-75bf-4882-a493-16ff8353f6ce&device_owner=network%3Adhcp HTTP/1.1" status: 200 len: 210 time: 0.0250785
2026-06-24 19:14:38.117 9 INFO neutron.wsgi [req-85959dde-9baf-4172-adb0-b6b664a9f883 req-70a32795-fe87-4daf-85ad-4298950ba48d 686af32b1be94b979025e27d50ec0dce 0e2414273bb744fb8a9eee2977f58e9b - - c59447b58e78401e9044174794112ce9 c59447b58e78401e9044174794112ce9] 199.19.213.176 "GET /v2.0/networks/8a0b4dcb-75bf-4882-a493-16ff8353f6ce?fields=segments HTTP/1.1" status: 200 len: 212 time: 0.0668190
2026-06-24 19:14:38.182 9 INFO neutron.wsgi [req-85959dde-9baf-4172-adb0-b6b664a9f883 req-6ddafb4d-7d5f-489e-a7da-a82e90054f3e 686af32b1be94b979025e27d50ec0dce 0e2414273bb744fb8a9eee2977f58e9b - - c59447b58e78401e9044174794112ce9 c59447b58e78401e9044174794112ce9] 199.19.213.176 "GET /v2.0/networks/8a0b4dcb-75bf-4882-a493-16ff8353f6ce?fields=provider%3Aphysical_network&fields=provider%3Anetwork_type HTTP/1.1" status: 200 len: 277 time: 0.0550606
2026-06-24 19:14:38.184 10 INFO neutron.wsgi [req-c8bfc0f7-bdf0-4fe6-b1c9-8609a37c4b38 req-51c27832-22e6-4b3b-a96d-f9d741a5ed3b b34d5c8f7c6b4b4a84057c9131e8fe90 5805dd9c599d479c920c8fd11e72ca4e - - default default] 10.0.0.181 "GET /v2.0/ports?device_id=35610d2d-e646-45a7-9650-d85370f50d03 HTTP/1.1" status: 200 len: 1168 time: 0.0539262
2026-06-24 19:14:38.244 10 INFO neutron.wsgi [None req-cf51be46-7b02-4bc6-acd7-a788aec3aa6a 45fd7ac7d38e428d98c86818b136b0f9 342e0053bb7846ee97cfa7c331e4dccd - - - -] 10.0.0.32 "DELETE /v2.0/subnets/1244ee20-5469-458f-a3d6-c37ef747b4f1 HTTP/1.1" status: 204 len: 168 time: 0.6777842
2026-06-24 19:14:38.249 10 INFO neutron.wsgi [req-c8bfc0f7-bdf0-4fe6-b1c9-8609a37c4b38 req-482582ee-09c4-409e-9618-4b55b2c9cbdd b34d5c8f7c6b4b4a84057c9131e8fe90 5805dd9c599d479c920c8fd11e72ca4e - - default default] 10.0.0.181 "GET /v2.0/security-groups?id=4b198a52-7fa8-4648-8435-0b445ed7543c&fields=id&fields=name HTTP/1.1" status: 200 len: 286 time: 0.0556037
2026-06-24 19:14:38.262 9 INFO neutron.wsgi [req-e5a408b7-9258-47ba-9312-3b56cc5e192a req-1b793103-f127-48af-a3d9-058b5b0ea8ff 686af32b1be94b979025e27d50ec0dce 0e2414273bb744fb8a9eee2977f58e9b - - c59447b58e78401e9044174794112ce9 c59447b58e78401e9044174794112ce9] 199.19.213.176 "GET /v2.0/ports?tenant_id=5805dd9c599d479c920c8fd11e72ca4e&device_id=35610d2d-e646-45a7-9650-d85370f50d03 HTTP/1.1" status: 200 len: 1359 time: 0.0370560
2026-06-24 19:14:38.336 9 INFO neutron.wsgi [req-e5a408b7-9258-47ba-9312-3b56cc5e192a req-a6caca98-316c-4286-b662-7444ae0aa0e8 686af32b1be94b979025e27d50ec0dce 0e2414273bb744fb8a9eee2977f58e9b - - c59447b58e78401e9044174794112ce9 c59447b58e78401e9044174794112ce9] 199.19.213.176 "GET /v2.0/networks?id=8a0b4dcb-75bf-4882-a493-16ff8353f6ce HTTP/1.1" status: 200 len: 970 time: 0.0635409
2026-06-24 19:14:38.372 9 INFO neutron.wsgi [req-e5a408b7-9258-47ba-9312-3b56cc5e192a req-ab18033d-e936-488a-92f1-fa90fd5797af 686af32b1be94b979025e27d50ec0dce 0e2414273bb744fb8a9eee2977f58e9b - - c59447b58e78401e9044174794112ce9 c59447b58e78401e9044174794112ce9] 199.19.213.176 "GET /v2.0/floatingips?fixed_ip_address=10.100.0.8&port_id=08e505d9-789b-47bb-bd99-9369f43ac141 HTTP/1.1" status: 200 len: 217 time: 0.0290158
2026-06-24 19:14:38.407 9 INFO neutron.plugins.ml2.drivers.ovn.mech_driver.mech_driver [None req-df408e8f-efc6-4758-a26d-e9311033e58d - - - - - -] OVN reports status up for port: 08e505d9-789b-47bb-bd99-9369f43ac141
2026-06-24 19:14:38.425 9 INFO neutron.wsgi [req-e5a408b7-9258-47ba-9312-3b56cc5e192a req-00a67694-e4f8-4df6-a65f-324c66a9d012 686af32b1be94b979025e27d50ec0dce 0e2414273bb744fb8a9eee2977f58e9b - - c59447b58e78401e9044174794112ce9 c59447b58e78401e9044174794112ce9] 199.19.213.176 "GET /v2.0/subnets?id=78d34c09-0362-43c5-8cb7-96289c498b50 HTTP/1.1" status: 200 len: 865 time: 0.0469289
2026-06-24 19:14:38.426 9 INFO neutron.plugins.ml2.plugin [None req-df408e8f-efc6-4758-a26d-e9311033e58d - - - - - -] Attempt 1 to provision port 08e505d9-789b-47bb-bd99-9369f43ac141
2026-06-24 19:14:38.475 9 INFO neutron.wsgi [req-e5a408b7-9258-47ba-9312-3b56cc5e192a req-81add8e6-f636-4bfa-8ed4-ac6eca81c1c6 686af32b1be94b979025e27d50ec0dce 0e2414273bb744fb8a9eee2977f58e9b - - c59447b58e78401e9044174794112ce9 c59447b58e78401e9044174794112ce9] 199.19.213.176 "GET /v2.0/ports?network_id=8a0b4dcb-75bf-4882-a493-16ff8353f6ce&device_owner=network%3Adhcp HTTP/1.1" status: 200 len: 210 time: 0.0362449
2026-06-24 19:14:38.482 10 INFO neutron.wsgi [None req-c998bcc7-38a1-4252-ae0d-13cc4dc60d0f 45fd7ac7d38e428d98c86818b136b0f9 342e0053bb7846ee97cfa7c331e4dccd - - - -] 10.0.0.32 "DELETE /v2.0/subnets/1dacfbb3-7088-4ab9-95ee-b7430ae0aab3 HTTP/1.1" status: 204 len: 168 time: 0.2324772
2026-06-24 19:14:38.549 9 INFO neutron.wsgi [req-e5a408b7-9258-47ba-9312-3b56cc5e192a req-60882f89-500f-4d0e-9da7-7290233430cb 686af32b1be94b979025e27d50ec0dce 0e2414273bb744fb8a9eee2977f58e9b - - c59447b58e78401e9044174794112ce9 c59447b58e78401e9044174794112ce9] 199.19.213.176 "GET /v2.0/networks/8a0b4dcb-75bf-4882-a493-16ff8353f6ce?fields=segments HTTP/1.1" status: 200 len: 212 time: 0.0664353
2026-06-24 19:14:38.658 9 INFO neutron.wsgi [req-e5a408b7-9258-47ba-9312-3b56cc5e192a req-ab8b77dd-29d6-4fc0-8f46-a0245ef43527 686af32b1be94b979025e27d50ec0dce 0e2414273bb744fb8a9eee2977f58e9b - - c59447b58e78401e9044174794112ce9 c59447b58e78401e9044174794112ce9] 199.19.213.176 "GET /v2.0/networks/8a0b4dcb-75bf-4882-a493-16ff8353f6ce?fields=provider%3Aphysical_network&fields=provider%3Anetwork_type HTTP/1.1" status: 200 len: 277 time: 0.1004646
2026-06-24 19:14:38.725 10 INFO neutron.wsgi [None req-5593c5ce-5bdb-47bb-9074-27e32384140e 45fd7ac7d38e428d98c86818b136b0f9 342e0053bb7846ee97cfa7c331e4dccd - - - -] 10.0.0.32 "DELETE /v2.0/subnets/6be9e178-26b0-4b49-a035-9c42ce6f60e5 HTTP/1.1" status: 204 len: 168 time: 0.2392459
2026-06-24 19:14:38.766 9 INFO neutron.db.ovn_revision_numbers_db [None req-df408e8f-efc6-4758-a26d-e9311033e58d - - - - - -] Successfully bumped revision number for resource 08e505d9-789b-47bb-bd99-9369f43ac141 (type: ports) to 4
2026-06-24 19:14:39.146 10 INFO neutron.services.segments.plugin [-] Segment 550a428c-d4e5-4106-9165-f92d47a00663 resource provider aggregate not found
2026-06-24 19:14:39.152 10 INFO neutron.services.segments.plugin [-] Segment 550a428c-d4e5-4106-9165-f92d47a00663 resource provider aggregate not found
2026-06-24 19:14:39.187 10 INFO neutron.services.segments.plugin [-] Segment 550a428c-d4e5-4106-9165-f92d47a00663 resource provider not found; error: Placement Client Error (4xx): {"errors": [{"status": 404, "title": "Not Found", "detail": "The resource could not be found.\n\n No resource provider with uuid 550a428c-d4e5-4106-9165-f92d47a00663 found for delete ", "request_id": "req-41b66128-d8f2-4d04-90cc-17f2a85b0274"}]}
2026-06-24 19:14:39.189 10 INFO neutron.services.segments.plugin [-] Segment 550a428c-d4e5-4106-9165-f92d47a00663 resource provider not found; error: Placement Client Error (4xx): {"errors": [{"status": 404, "title": "Not Found", "detail": "The resource could not be found.\n\n No resource provider with uuid 550a428c-d4e5-4106-9165-f92d47a00663 found for delete ", "request_id": "req-f5bff7fe-4dc8-4ab1-bd90-01ef02951527"}]}
2026-06-24 19:14:39.207 10 INFO neutron.wsgi [None req-eca19762-8c9a-46ac-b805-f4d88c595dd5 45fd7ac7d38e428d98c86818b136b0f9 342e0053bb7846ee97cfa7c331e4dccd - - - -] 10.0.0.32 "DELETE /v2.0/networks/37e40529-4b4a-4940-adf7-4caf522f4822 HTTP/1.1" status: 204 len: 168 time: 0.4735622 /var/lib/openstack/lib/python3.10/site-packages/pycadf/identifier.py:71: UserWarning: Invalid uuid: neutron. To ensure interoperability, identifiers should be a valid uuid. warnings.warn(('Invalid uuid: %s. To ensure interoperability, '
2026-06-24 19:14:39.368 10 INFO neutron.wsgi [req-7372c7d9-68b1-499a-8385-7b0fd4b2bad1 req-d7f49aee-782f-475d-97a1-b3cc701243a3 b34d5c8f7c6b4b4a84057c9131e8fe90 5805dd9c599d479c920c8fd11e72ca4e - - default default] 10.0.0.181 "GET /v2.0/ports?device_id=35610d2d-e646-45a7-9650-d85370f50d03 HTTP/1.1" status: 200 len: 1170 time: 0.0436885
2026-06-24 19:14:39.410 10 INFO neutron.wsgi [req-7372c7d9-68b1-499a-8385-7b0fd4b2bad1 req-9326b481-3e49-49fc-bc2f-c75fc0a1d038 b34d5c8f7c6b4b4a84057c9131e8fe90 5805dd9c599d479c920c8fd11e72ca4e - - default default] 10.0.0.181 "GET /v2.0/security-groups?id=4b198a52-7fa8-4648-8435-0b445ed7543c&fields=id&fields=name HTTP/1.1" status: 200 len: 286 time: 0.0352700
2026-06-24 19:14:39.612 9 INFO neutron.services.segments.plugin [-] Segment 6b455583-16f8-4ca5-a979-d2c7831278bf resource provider aggregate not found
2026-06-24 19:14:39.617 9 INFO neutron.services.segments.plugin [-] Segment 6b455583-16f8-4ca5-a979-d2c7831278bf resource provider aggregate not found
2026-06-24 19:14:39.637 9 INFO neutron.services.segments.plugin [-] Segment 6b455583-16f8-4ca5-a979-d2c7831278bf resource provider not found; error: Placement Client Error (4xx): {"errors": [{"status": 404, "title": "Not Found", "detail": "The resource could not be found.\n\n No resource provider with uuid 6b455583-16f8-4ca5-a979-d2c7831278bf found for delete ", "request_id": "req-ce455e6c-0967-499c-b6b6-24d6f34f4bf0"}]}
2026-06-24 19:14:39.638 9 INFO neutron.services.segments.plugin [-] Segment 6b455583-16f8-4ca5-a979-d2c7831278bf resource provider not found; error: Placement Client Error (4xx): {"errors": [{"status": 404, "title": "Not Found", "detail": "The resource could not be found.\n\n No resource provider with uuid 6b455583-16f8-4ca5-a979-d2c7831278bf found for delete ", "request_id": "req-a5cbf92b-a25a-41c0-a865-88b7ae7a2f55"}]}
2026-06-24 19:14:39.668 9 INFO neutron.wsgi [None req-ac80adf4-51ae-4308-8a5e-8f3e0530519e 45fd7ac7d38e428d98c86818b136b0f9 342e0053bb7846ee97cfa7c331e4dccd - - - -] 10.0.0.32 "DELETE /v2.0/networks/7e8c3254-b794-428c-a25a-fbabaf66467b HTTP/1.1" status: 204 len: 168 time: 0.4554698
2026-06-24 19:14:39.926 9 INFO neutron.notifiers.nova [-] Nova event matching ['req-3c5bd909-d69f-4c24-bfef-18097c81a11a'] response: {'server_uuid': '35610d2d-e646-45a7-9650-d85370f50d03', 'name': 'network-vif-plugged', 'status': 'completed', 'tag': '08e505d9-789b-47bb-bd99-9369f43ac141', 'code': 200}
2026-06-24 19:14:39.927 9 INFO neutron.notifiers.nova [-] Nova event matching ['req-3c5bd909-d69f-4c24-bfef-18097c81a11a'] response: {'server_uuid': '35610d2d-e646-45a7-9650-d85370f50d03', 'name': 'network-vif-plugged', 'status': 'completed', 'tag': '08e505d9-789b-47bb-bd99-9369f43ac141', 'code': 200}
2026-06-24 19:14:40.147 10 INFO neutron.wsgi [None req-f1fd560d-bc9d-438e-86e6-b6f15f3475cb 45fd7ac7d38e428d98c86818b136b0f9 342e0053bb7846ee97cfa7c331e4dccd - - - -] 10.0.0.32 "DELETE /v2.0/networks/157f1073-6062-4190-8320-13a63175aa39 HTTP/1.1" status: 204 len: 168 time: 0.4735658
2026-06-24 19:14:40.568 10 INFO neutron.wsgi [req-14a6c501-674d-40fb-ac02-e4057c076506 req-b93bb224-fc2c-4929-8a05-50f4227190b7 b34d5c8f7c6b4b4a84057c9131e8fe90 5805dd9c599d479c920c8fd11e72ca4e - - default default] 10.0.0.181 "GET /v2.0/ports?device_id=35610d2d-e646-45a7-9650-d85370f50d03 HTTP/1.1" status: 200 len: 1170 time: 0.0962865
2026-06-24 19:14:40.617 10 INFO neutron.wsgi [req-14a6c501-674d-40fb-ac02-e4057c076506 req-138e3d06-d4d3-4e4a-8400-526c5fa3cf46 b34d5c8f7c6b4b4a84057c9131e8fe90 5805dd9c599d479c920c8fd11e72ca4e - - default default] 10.0.0.181 "GET /v2.0/security-groups?id=4b198a52-7fa8-4648-8435-0b445ed7543c&fields=id&fields=name HTTP/1.1" status: 200 len: 286 time: 0.0401359
2026-06-24 19:14:40.939 9 INFO neutron.wsgi [None req-9d9019de-6e25-443f-b3a7-6272a09ff87d 45fd7ac7d38e428d98c86818b136b0f9 342e0053bb7846ee97cfa7c331e4dccd - - - -] 10.0.0.32 "DELETE /v2.0/networks/bcc66574-d3fa-4158-9a6c-26a3d58fb942 HTTP/1.1" status: 204 len: 168 time: 0.7858157
2026-06-24 19:14:41.211 9 INFO neutron.plugins.ml2.drivers.ovn.mech_driver.mech_driver [None req-df408e8f-efc6-4758-a26d-e9311033e58d - - - - - -] OVN reports status down for port: 08e505d9-789b-47bb-bd99-9369f43ac141
2026-06-24 19:14:41.233 10 INFO neutron.services.segments.plugin [-] Segment 9cf21303-f838-4862-a4fb-5174a9a034c4 resource provider aggregate not found
2026-06-24 19:14:41.245 10 INFO neutron.services.segments.plugin [-] Segment 9cf21303-f838-4862-a4fb-5174a9a034c4 resource provider aggregate not found
2026-06-24 19:14:41.261 10 INFO neutron.services.segments.plugin [-] Segment 9cf21303-f838-4862-a4fb-5174a9a034c4 resource provider not found; error: Placement Client Error (4xx): {"errors": [{"status": 404, "title": "Not Found", "detail": "The resource could not be found.\n\n No resource provider with uuid 9cf21303-f838-4862-a4fb-5174a9a034c4 found for delete ", "request_id": "req-b13a75d2-b763-4766-be95-f5b14f119084"}]}
2026-06-24 19:14:41.263 10 INFO neutron.services.segments.plugin [-] Segment 9cf21303-f838-4862-a4fb-5174a9a034c4 resource provider not found; error: Placement Client Error (4xx): {"errors": [{"status": 404, "title": "Not Found", "detail": "The resource could not be found.\n\n No resource provider with uuid 9cf21303-f838-4862-a4fb-5174a9a034c4 found for delete ", "request_id": "req-1cd00ff8-9908-4ade-a8f7-89c369153551"}]}
2026-06-24 19:14:41.280 10 INFO neutron.wsgi [req-0d703fc5-42f4-4eb7-b656-97cf9de7bef9 req-821f4668-5702-4516-97f7-c9136a28ee83 b34d5c8f7c6b4b4a84057c9131e8fe90 5805dd9c599d479c920c8fd11e72ca4e - - default default] 10.0.0.181 "GET /v2.0/ports?device_id=35610d2d-e646-45a7-9650-d85370f50d03 HTTP/1.1" status: 200 len: 1170 time: 0.0806983
2026-06-24 19:14:41.317 10 INFO neutron.wsgi [req-0d703fc5-42f4-4eb7-b656-97cf9de7bef9 req-3ee425c9-e04f-4f50-98bc-3e387775b1ea b34d5c8f7c6b4b4a84057c9131e8fe90 5805dd9c599d479c920c8fd11e72ca4e - - default default] 10.0.0.181 "GET /v2.0/security-groups?id=4b198a52-7fa8-4648-8435-0b445ed7543c&fields=id&fields=name HTTP/1.1" status: 200 len: 286 time: 0.0305443
2026-06-24 19:14:41.436 9 INFO neutron.wsgi [None req-ba1c2b1e-9606-4eec-a85a-940cec499a6b 45fd7ac7d38e428d98c86818b136b0f9 342e0053bb7846ee97cfa7c331e4dccd - - - -] 10.0.0.32 "DELETE /v2.0/networks/7e9d425a-6587-4bd4-91c2-eaa588476c25 HTTP/1.1" status: 204 len: 168 time: 0.4918048
2026-06-24 19:14:41.659 9 INFO neutron.services.segments.plugin [-] Segment c6ef08f4-5429-4816-86e6-9e782074e197 resource provider aggregate not found
2026-06-24 19:14:41.665 9 INFO neutron.services.segments.plugin [-] Segment c6ef08f4-5429-4816-86e6-9e782074e197 resource provider aggregate not found
2026-06-24 19:14:41.682 9 INFO neutron.services.segments.plugin [-] Segment c6ef08f4-5429-4816-86e6-9e782074e197 resource provider not found; error: Placement Client Error (4xx): {"errors": [{"status": 404, "title": "Not Found", "detail": "The resource could not be found.\n\n No resource provider with uuid c6ef08f4-5429-4816-86e6-9e782074e197 found for delete ", "request_id": "req-565ffea1-b09c-4f88-9510-a9599d73f7ac"}]}
2026-06-24 19:14:41.690 9 INFO neutron.wsgi [req-4a8f0997-7930-4195-8c23-a4bde2d34c9f req-c3c08415-6571-40d7-8138-3d82d94a01c3 b34d5c8f7c6b4b4a84057c9131e8fe90 5805dd9c599d479c920c8fd11e72ca4e - - default default] 199.19.213.176 "GET /v2.0/ports?device_id=35610d2d-e646-45a7-9650-d85370f50d03 HTTP/1.1" status: 200 len: 1168 time: 0.1879232
2026-06-24 19:14:41.691 9 INFO neutron.services.segments.plugin [-] Segment c6ef08f4-5429-4816-86e6-9e782074e197 resource provider not found; error: Placement Client Error (4xx): {"errors": [{"status": 404, "title": "Not Found", "detail": "The resource could not be found.\n\n No resource provider with uuid c6ef08f4-5429-4816-86e6-9e782074e197 found for delete ", "request_id": "req-0bc2b7f7-34ed-47e4-be54-5cd9e224e248"}]}
2026-06-24 19:14:41.696 9 INFO neutron.db.ovn_revision_numbers_db [None req-df408e8f-efc6-4758-a26d-e9311033e58d - - - - - -] Successfully bumped revision number for resource 08e505d9-789b-47bb-bd99-9369f43ac141 (type: ports) to 5
2026-06-24 19:14:41.715 9 INFO neutron.services.segments.plugin [-] Segment 373c552c-5383-4ece-bf80-35d7633c0374 resource provider aggregate not found
2026-06-24 19:14:41.720 9 INFO neutron.services.segments.plugin [-] Segment 373c552c-5383-4ece-bf80-35d7633c0374 resource provider aggregate not found
2026-06-24 19:14:41.762 9 INFO neutron.services.segments.plugin [-] Segment 373c552c-5383-4ece-bf80-35d7633c0374 resource provider not found; error: Placement Client Error (4xx): {"errors": [{"status": 404, "title": "Not Found", "detail": "The resource could not be found.\n\n No resource provider with uuid 373c552c-5383-4ece-bf80-35d7633c0374 found for delete ", "request_id": "req-0affcf2e-78ab-48fb-868a-8edb29986cad"}]}
2026-06-24 19:14:41.766 9 INFO neutron.services.segments.plugin [-] Segment 373c552c-5383-4ece-bf80-35d7633c0374 resource provider not found; error: Placement Client Error (4xx): {"errors": [{"status": 404, "title": "Not Found", "detail": "The resource could not be found.\n\n No resource provider with uuid 373c552c-5383-4ece-bf80-35d7633c0374 found for delete ", "request_id": "req-707a3676-1416-4064-9ed9-5b3328da7cb4"}]}
2026-06-24 19:14:41.973 9 INFO neutron.notifiers.nova [-] Nova event matching ['req-090b02cf-5c5c-4371-b418-50d0e2ac6284'] response: {'server_uuid': '35610d2d-e646-45a7-9650-d85370f50d03', 'name': 'network-vif-unplugged', 'status': 'completed', 'tag': '08e505d9-789b-47bb-bd99-9369f43ac141', 'code': 200}
2026-06-24 19:14:41.973 9 INFO neutron.notifiers.nova [-] Nova event matching ['req-090b02cf-5c5c-4371-b418-50d0e2ac6284'] response: {'server_uuid': '35610d2d-e646-45a7-9650-d85370f50d03', 'name': 'network-vif-plugged', 'status': 'completed', 'tag': '08e505d9-789b-47bb-bd99-9369f43ac141', 'code': 200}
2026-06-24 19:14:42.051 9 INFO neutron.wsgi [None req-b80d2608-5210-4af4-a012-d9c8bed330f1 b34d5c8f7c6b4b4a84057c9131e8fe90 5805dd9c599d479c920c8fd11e72ca4e - - - -] 199.19.213.176 "DELETE /v2.0/ports/08e505d9-789b-47bb-bd99-9369f43ac141 HTTP/1.1" status: 204 len: 173 time: 0.3556790
2026-06-24 19:14:42.415 10 INFO neutron.wsgi [req-13fda52a-3357-46f4-a1a5-e5cd839fe98e req-47302e2e-52d6-458f-846a-a950bed01188 b34d5c8f7c6b4b4a84057c9131e8fe90 5805dd9c599d479c920c8fd11e72ca4e - - default default] 10.0.0.181 "GET /v2.0/ports?device_id=35610d2d-e646-45a7-9650-d85370f50d03 HTTP/1.1" status: 200 len: 210 time: 0.0245919
2026-06-24 19:14:42.606 10 INFO neutron.db.ovn_revision_numbers_db [None req-86497fb5-48d3-4bce-8e4d-bf82104a8bd0 4f10f8e3456c45888ba084e75ba8851b 7ca197cbfedf46c6a1675ce45718ce58 - - default default] Successfully bumped revision number for resource 6a608aac-1f0b-45c9-8632-92a0d17b2ad5 (type: security_groups) to 1
2026-06-24 19:14:42.631 10 INFO neutron.wsgi [None req-86497fb5-48d3-4bce-8e4d-bf82104a8bd0 4f10f8e3456c45888ba084e75ba8851b 7ca197cbfedf46c6a1675ce45718ce58 - - default default] 10.0.0.32 "GET /v2.0/security-groups?tenant_id=576485f81d264ac09fe86f0d07e90750&name=default HTTP/1.1" status: 200 len: 3000 time: 0.2968581
2026-06-24 19:14:42.835 10 INFO neutron.wsgi [None req-ea8e9580-6a67-4b86-971c-fd9f685507fb 4f10f8e3456c45888ba084e75ba8851b 7ca197cbfedf46c6a1675ce45718ce58 - - - -] 10.0.0.32 "DELETE /v2.0/security-groups/6a608aac-1f0b-45c9-8632-92a0d17b2ad5 HTTP/1.1" status: 204 len: 168 time: 0.1996641 /var/lib/openstack/lib/python3.10/site-packages/pycadf/identifier.py:71: UserWarning: Invalid uuid: neutron. To ensure interoperability, identifiers should be a valid uuid. warnings.warn(('Invalid uuid: %s. To ensure interoperability, '
2026-06-24 19:14:42.986 9 INFO neutron.wsgi [None req-040a3e53-0848-4262-bcbb-3037ec6b2c5d 4f10f8e3456c45888ba084e75ba8851b 7ca197cbfedf46c6a1675ce45718ce58 - - default default] 10.0.0.32 "GET /v2.0/security-groups?tenant_id=342e0053bb7846ee97cfa7c331e4dccd&name=default HTTP/1.1" status: 200 len: 3000 time: 0.0371315
2026-06-24 19:14:43.170 9 INFO neutron.wsgi [None req-da7ea180-4ba4-461f-a501-d65f4be595dc 4f10f8e3456c45888ba084e75ba8851b 7ca197cbfedf46c6a1675ce45718ce58 - - - -] 10.0.0.32 "DELETE /v2.0/security-groups/554c0a0c-ba78-4e91-a9ef-5d97e38d4088 HTTP/1.1" status: 204 len: 168 time: 0.1779897
2026-06-24 19:14:43.412 10 INFO neutron.db.ovn_revision_numbers_db [None req-ccd96fe8-57b2-432a-99eb-3031bb892b88 4f10f8e3456c45888ba084e75ba8851b 7ca197cbfedf46c6a1675ce45718ce58 - - default default] Successfully bumped revision number for resource 5343d37a-a534-46e0-b4e5-fced4f36128c (type: security_groups) to 1
2026-06-24 19:14:43.438 10 INFO neutron.wsgi [None req-ccd96fe8-57b2-432a-99eb-3031bb892b88 4f10f8e3456c45888ba084e75ba8851b 7ca197cbfedf46c6a1675ce45718ce58 - - default default] 10.0.0.32 "GET /v2.0/security-groups?tenant_id=8a23606afcdf43b4b900b797f2c5dd50&name=default HTTP/1.1" status: 200 len: 3000 time: 0.1155300
2026-06-24 19:14:43.642 10 INFO neutron.wsgi [None req-7b6afbc4-00a2-491e-9167-e4f553f7745b 4f10f8e3456c45888ba084e75ba8851b 7ca197cbfedf46c6a1675ce45718ce58 - - - -] 10.0.0.32 "DELETE /v2.0/security-groups/5343d37a-a534-46e0-b4e5-fced4f36128c HTTP/1.1" status: 204 len: 168 time: 0.1987014
2026-06-24 19:14:44.033 9 INFO neutron.notifiers.nova [-] Nova event matching ['req-d2dfa768-b0ea-4d48-94b3-24a3df230cb5'] response: {'server_uuid': '35610d2d-e646-45a7-9650-d85370f50d03', 'name': 'network-vif-deleted', 'tag': '08e505d9-789b-47bb-bd99-9369f43ac141', 'status': 'completed', 'code': 200}
2026-06-24 19:14:45.762 10 INFO neutron.wsgi [None req-02ce8cac-3639-4737-a025-bbde21cc116f 4f10f8e3456c45888ba084e75ba8851b 7ca197cbfedf46c6a1675ce45718ce58 - - - -] 10.0.0.32 "PUT /v2.0/routers/6cd25b99-24d8-4863-a9ad-50091e64e33c/remove_router_interface HTTP/1.1" status: 200 len: 503 time: 1.1054456 /var/lib/openstack/lib/python3.10/site-packages/pycadf/identifier.py:71: UserWarning: Invalid uuid: neutron. To ensure interoperability, identifiers should be a valid uuid. warnings.warn(('Invalid uuid: %s. To ensure interoperability, '
2026-06-24 19:14:46.014 15 INFO neutron.plugins.ml2.drivers.ovn.mech_driver.ovsdb.maintenance [None req-151ea185-3e08-4901-9651-57cb3c96c503 - - - - - -] Maintenance task: Synchronization finished (took 0.77 seconds)
2026-06-24 19:14:46.494 10 INFO neutron.wsgi [None req-82fbf7ba-d393-4564-b959-ff2b1e2cfc48 4f10f8e3456c45888ba084e75ba8851b 7ca197cbfedf46c6a1675ce45718ce58 - - - -] 10.0.0.32 "DELETE /v2.0/routers/6cd25b99-24d8-4863-a9ad-50091e64e33c HTTP/1.1" status: 204 len: 168 time: 0.7246425
2026-06-24 19:14:46.528 10 INFO neutron.wsgi [-] 10.0.0.108 "GET / HTTP/1.1" status: 200 len: 246 time: 0.0025353
2026-06-24 19:14:46.530 10 INFO neutron.wsgi [-] 10.0.0.108 "GET / HTTP/1.1" status: 200 len: 246 time: 0.0013638
2026-06-24 19:14:46.768 9 INFO neutron.wsgi [None req-2dcd2107-ad47-4dae-90ab-267aef293f10 4f10f8e3456c45888ba084e75ba8851b 7ca197cbfedf46c6a1675ce45718ce58 - - - -] 10.0.0.32 "DELETE /v2.0/subnets/78d34c09-0362-43c5-8cb7-96289c498b50 HTTP/1.1" status: 204 len: 168 time: 0.2690825
2026-06-24 19:14:47.167 9 INFO neutron.db.ovn_revision_numbers_db [None req-31a33615-f073-4dd7-88d3-fdd725f6ad0f b6826f138aa84e9c88a06529a4db16bb 764de2b196fe4690920e855eb0486f3b - - - -] Successfully bumped revision number for resource f3ee1c6f-4adf-4c62-a22b-c4928ecfcc50 (type: security_groups) to 1
2026-06-24 19:14:47.224 9 INFO neutron.services.segments.plugin [-] Segment 3cfb2062-04ad-489c-9ef3-3e75fa51ffdb resource provider aggregate not found
2026-06-24 19:14:47.230 9 INFO neutron.services.segments.plugin [-] Segment 3cfb2062-04ad-489c-9ef3-3e75fa51ffdb resource provider aggregate not found
2026-06-24 19:14:47.237 9 INFO neutron.db.segments_db [None req-31a33615-f073-4dd7-88d3-fdd725f6ad0f b6826f138aa84e9c88a06529a4db16bb 764de2b196fe4690920e855eb0486f3b - - - -] Added segment b0e7e45f-ddb6-479f-b4ae-3fc1fb7af7c8 of type geneve for network 1bbd3aee-fd0c-49dc-89b6-e72b8e73f69b
2026-06-24 19:14:47.251 9 INFO neutron.services.segments.plugin [-] Segment 3cfb2062-04ad-489c-9ef3-3e75fa51ffdb resource provider not found; error: Placement Client Error (4xx): {"errors": [{"status": 404, "title": "Not Found", "detail": "The resource could not be found.\n\n No resource provider with uuid 3cfb2062-04ad-489c-9ef3-3e75fa51ffdb found for delete ", "request_id": "req-4f8c2c1e-5b34-4268-9b3d-09572b7d7789"}]}
2026-06-24 19:14:47.252 9 INFO neutron.services.segments.plugin [-] Segment 3cfb2062-04ad-489c-9ef3-3e75fa51ffdb resource provider not found; error: Placement Client Error (4xx): {"errors": [{"status": 404, "title": "Not Found", "detail": "The resource could not be found.\n\n No resource provider with uuid 3cfb2062-04ad-489c-9ef3-3e75fa51ffdb found for delete ", "request_id": "req-04172ba8-cfbb-425f-83a4-737e32a70451"}]}
2026-06-24 19:14:47.271 9 INFO neutron.wsgi [None req-342466d6-5263-4277-9440-e14e3c9b69c7 4f10f8e3456c45888ba084e75ba8851b 7ca197cbfedf46c6a1675ce45718ce58 - - - -] 10.0.0.32 "DELETE /v2.0/networks/8a0b4dcb-75bf-4882-a493-16ff8353f6ce HTTP/1.1" status: 204 len: 168 time: 0.4968069
2026-06-24 19:14:47.384 9 INFO neutron.db.ovn_revision_numbers_db [None req-31a33615-f073-4dd7-88d3-fdd725f6ad0f b6826f138aa84e9c88a06529a4db16bb 764de2b196fe4690920e855eb0486f3b - - - -] Successfully bumped revision number for resource 1bbd3aee-fd0c-49dc-89b6-e72b8e73f69b (type: networks) to 1
2026-06-24 19:14:47.466 9 INFO neutron.wsgi [None req-6c4947bd-3523-4eff-bbb9-f1235fd22bdc 4f10f8e3456c45888ba084e75ba8851b 7ca197cbfedf46c6a1675ce45718ce58 - - default default] 10.0.0.32 "GET /v2.0/security-groups?tenant_id=5805dd9c599d479c920c8fd11e72ca4e&name=default HTTP/1.1" status: 200 len: 3000 time: 0.0465083
2026-06-24 19:14:47.597 9 WARNING neutron.scheduler.dhcp_agent_scheduler [None req-31a33615-f073-4dd7-88d3-fdd725f6ad0f b6826f138aa84e9c88a06529a4db16bb 764de2b196fe4690920e855eb0486f3b - - - -] No more DHCP agents
2026-06-24 19:14:47.599 9 WARNING neutron.api.rpc.agentnotifiers.dhcp_rpc_agent_api [None req-31a33615-f073-4dd7-88d3-fdd725f6ad0f b6826f138aa84e9c88a06529a4db16bb 764de2b196fe4690920e855eb0486f3b - - - -] Unable to schedule network 1bbd3aee-fd0c-49dc-89b6-e72b8e73f69b: no agents available; will retry on subsequent port and subnet creation events.
2026-06-24 19:14:47.668 9 INFO neutron.db.ovn_revision_numbers_db [None req-31a33615-f073-4dd7-88d3-fdd725f6ad0f b6826f138aa84e9c88a06529a4db16bb 764de2b196fe4690920e855eb0486f3b - - - -] Successfully bumped revision number for resource 6ebfe4eb-8ed8-409f-82f7-e51fe1cbdbe7 (type: ports) to 1
2026-06-24 19:14:47.697 9 INFO neutron.wsgi [None req-31a33615-f073-4dd7-88d3-fdd725f6ad0f b6826f138aa84e9c88a06529a4db16bb 764de2b196fe4690920e855eb0486f3b - - - -] 10.0.0.32 "POST /v2.0/networks HTTP/1.1" status: 201 len: 831 time: 0.8980815
2026-06-24 19:14:47.755 9 INFO neutron.wsgi [None req-d74c8dbf-9e30-425b-8a0a-808e234f35d7 4f10f8e3456c45888ba084e75ba8851b 7ca197cbfedf46c6a1675ce45718ce58 - - - -] 10.0.0.32 "DELETE /v2.0/security-groups/4b198a52-7fa8-4648-8435-0b445ed7543c HTTP/1.1" status: 204 len: 168 time: 0.2838728
2026-06-24 19:14:48.010 9 WARNING neutron.scheduler.dhcp_agent_scheduler [None req-63a89e8b-b0d1-42ab-adc7-c3687f50e07b b6826f138aa84e9c88a06529a4db16bb 764de2b196fe4690920e855eb0486f3b - - - -] No more DHCP agents
2026-06-24 19:14:48.013 9 WARNING neutron.api.rpc.agentnotifiers.dhcp_rpc_agent_api [None req-63a89e8b-b0d1-42ab-adc7-c3687f50e07b b6826f138aa84e9c88a06529a4db16bb 764de2b196fe4690920e855eb0486f3b - - - -] Unable to schedule network 1bbd3aee-fd0c-49dc-89b6-e72b8e73f69b: no agents available; will retry on subsequent port and subnet creation events.
2026-06-24 19:14:48.473 9 INFO neutron.db.ovn_revision_numbers_db [None req-63a89e8b-b0d1-42ab-adc7-c3687f50e07b b6826f138aa84e9c88a06529a4db16bb 764de2b196fe4690920e855eb0486f3b - - - -] Successfully bumped revision number for resource 6ebfe4eb-8ed8-409f-82f7-e51fe1cbdbe7 (type: ports) to 2
2026-06-24 19:14:48.487 9 INFO neutron.db.ovn_revision_numbers_db [None req-63a89e8b-b0d1-42ab-adc7-c3687f50e07b b6826f138aa84e9c88a06529a4db16bb 764de2b196fe4690920e855eb0486f3b - - - -] Successfully bumped revision number for resource 384fd0ff-a81a-4921-937f-b3ed9374a37e (type: subnets) to 0
2026-06-24 19:14:48.503 9 INFO neutron.wsgi [None req-63a89e8b-b0d1-42ab-adc7-c3687f50e07b b6826f138aa84e9c88a06529a4db16bb 764de2b196fe4690920e855eb0486f3b - - - -] 10.0.0.32 "POST /v2.0/subnets HTTP/1.1" status: 201 len: 801 time: 0.8003728
2026-06-24 19:14:48.549 9 INFO neutron.wsgi [None req-5c843dd3-5859-479f-ae8a-953044aa1fe9 b6826f138aa84e9c88a06529a4db16bb 764de2b196fe4690920e855eb0486f3b - - - -] 10.0.0.32 "PUT /v2.0/subnets/384fd0ff-a81a-4921-937f-b3ed9374a37e/tags HTTP/1.1" status: 200 len: 218 time: 0.0395117
2026-06-24 19:14:48.588 9 INFO neutron.wsgi [None req-8a0b1578-df50-4938-a577-606fa164a025 b6826f138aa84e9c88a06529a4db16bb 764de2b196fe4690920e855eb0486f3b - - default default] 10.0.0.32 "GET /v2.0/subnets/384fd0ff-a81a-4921-937f-b3ed9374a37e/tags HTTP/1.1" status: 200 len: 218 time: 0.0350270
2026-06-24 19:14:48.641 9 INFO neutron.wsgi [None req-24cce5fa-9baf-4f09-84e8-5057177b6027 b6826f138aa84e9c88a06529a4db16bb 764de2b196fe4690920e855eb0486f3b - - - -] 10.0.0.32 "PUT /v2.0/subnets/384fd0ff-a81a-4921-937f-b3ed9374a37e/tags/green HTTP/1.1" status: 201 len: 201 time: 0.0473049
2026-06-24 19:14:48.676 9 INFO neutron.wsgi [None req-fa81d60b-c449-4c2c-bf6c-15a8483426d4 b6826f138aa84e9c88a06529a4db16bb 764de2b196fe4690920e855eb0486f3b - - default default] 10.0.0.32 "GET /v2.0/subnets/384fd0ff-a81a-4921-937f-b3ed9374a37e/tags HTTP/1.1" status: 200 len: 227 time: 0.0293021
2026-06-24 19:14:48.713 9 INFO neutron.wsgi [None req-1fe0a8c1-c320-4089-89b4-ccc14474a2a4 b6826f138aa84e9c88a06529a4db16bb 764de2b196fe4690920e855eb0486f3b - - - -] 10.0.0.32 "PUT /v2.0/subnets/384fd0ff-a81a-4921-937f-b3ed9374a37e/tags/red HTTP/1.1" status: 201 len: 201 time: 0.0323293
2026-06-24 19:14:48.751 9 INFO neutron.wsgi [None req-93921476-3605-4230-9d6d-4606ce281b89 b6826f138aa84e9c88a06529a4db16bb 764de2b196fe4690920e855eb0486f3b - - default default] 10.0.0.32 "GET /v2.0/subnets/384fd0ff-a81a-4921-937f-b3ed9374a37e/tags HTTP/1.1" status: 200 len: 227 time: 0.0330288
2026-06-24 19:14:48.809 9 INFO neutron.wsgi [None req-ad0f22c2-8af8-4b35-a11f-dce708760202 b6826f138aa84e9c88a06529a4db16bb 764de2b196fe4690920e855eb0486f3b - - - -] 10.0.0.32 "PUT /v2.0/subnets/384fd0ff-a81a-4921-937f-b3ed9374a37e/tags/black.or.white HTTP/1.1" status: 201 len: 201 time: 0.0523372
2026-06-24 19:14:48.860 9 INFO neutron.wsgi [None req-d88f8028-a917-4b38-b5e4-cd745b4a2aa0 b6826f138aa84e9c88a06529a4db16bb 764de2b196fe4690920e855eb0486f3b - - default default] 10.0.0.32 "GET /v2.0/subnets/384fd0ff-a81a-4921-937f-b3ed9374a37e/tags HTTP/1.1" status: 200 len: 245 time: 0.0466676
2026-06-24 19:14:48.916 9 INFO neutron.wsgi [None req-403ad87b-8d3e-40a6-b5f4-c0abc45bd376 b6826f138aa84e9c88a06529a4db16bb 764de2b196fe4690920e855eb0486f3b - - - -] 10.0.0.32 "PUT /v2.0/subnets/384fd0ff-a81a-4921-937f-b3ed9374a37e/tags HTTP/1.1" status: 200 len: 230 time: 0.0513704
2026-06-24 19:14:48.962 9 INFO neutron.wsgi [None req-a75932fc-5684-440c-a69f-37b50496c433 b6826f138aa84e9c88a06529a4db16bb 764de2b196fe4690920e855eb0486f3b - - default default] 10.0.0.32 "GET /v2.0/subnets/384fd0ff-a81a-4921-937f-b3ed9374a37e/tags HTTP/1.1" status: 200 len: 230 time: 0.0380738
2026-06-24 19:14:49.007 9 INFO neutron.wsgi [None req-9551d004-9151-4d59-812e-e6f7957cef37 b6826f138aa84e9c88a06529a4db16bb 764de2b196fe4690920e855eb0486f3b - - default default] 10.0.0.32 "GET /v2.0/subnets/384fd0ff-a81a-4921-937f-b3ed9374a37e/tags/red HTTP/1.1" status: 204 len: 168 time: 0.0391335
2026-06-24 19:14:49.044 9 INFO neutron.api.v2.resource [None req-e0fac24b-9b79-4027-aef8-7c4a7aa142b1 b6826f138aa84e9c88a06529a4db16bb 764de2b196fe4690920e855eb0486f3b - - default default] show failed (client error): The resource could not be found.
2026-06-24 19:14:49.046 9 INFO neutron.wsgi [None req-e0fac24b-9b79-4027-aef8-7c4a7aa142b1 b6826f138aa84e9c88a06529a4db16bb 764de2b196fe4690920e855eb0486f3b - - default default] 10.0.0.32 "GET /v2.0/subnets/384fd0ff-a81a-4921-937f-b3ed9374a37e/tags/green HTTP/1.1" status: 404 len: 299 time: 0.0338120
2026-06-24 19:14:49.096 9 INFO neutron.wsgi [None req-d8ea4671-642f-41ab-86a3-910b563a1b8b b6826f138aa84e9c88a06529a4db16bb 764de2b196fe4690920e855eb0486f3b - - - -] 10.0.0.32 "DELETE /v2.0/subnets/384fd0ff-a81a-4921-937f-b3ed9374a37e/tags/red HTTP/1.1" status: 204 len: 168 time: 0.0444551
2026-06-24 19:14:49.140 9 INFO neutron.wsgi [None req-e061ef66-cad5-46d3-ade4-7ec3014db4a5 b6826f138aa84e9c88a06529a4db16bb 764de2b196fe4690920e855eb0486f3b - - default default] 10.0.0.32 "GET /v2.0/subnets/384fd0ff-a81a-4921-937f-b3ed9374a37e/tags HTTP/1.1" status: 200 len: 223 time: 0.0386200
2026-06-24 19:14:49.185 9 INFO neutron.api.v2.resource [None req-2101f2a8-daa7-4e15-93b6-6d334f56cdc7 b6826f138aa84e9c88a06529a4db16bb 764de2b196fe4690920e855eb0486f3b - - - -] delete failed (client error): The resource could not be found.
2026-06-24 19:14:49.187 9 INFO neutron.wsgi [None req-2101f2a8-daa7-4e15-93b6-6d334f56cdc7 b6826f138aa84e9c88a06529a4db16bb 764de2b196fe4690920e855eb0486f3b - - - -] 10.0.0.32 "DELETE /v2.0/subnets/384fd0ff-a81a-4921-937f-b3ed9374a37e/tags/green HTTP/1.1" status: 404 len: 299 time: 0.0412731
2026-06-24 19:14:49.235 9 INFO neutron.wsgi [None req-72092da6-1756-4375-a875-13f61973ae1b b6826f138aa84e9c88a06529a4db16bb 764de2b196fe4690920e855eb0486f3b - - - -] 10.0.0.32 "DELETE /v2.0/subnets/384fd0ff-a81a-4921-937f-b3ed9374a37e/tags HTTP/1.1" status: 204 len: 168 time: 0.0427921
2026-06-24 19:14:49.279 10 INFO neutron.wsgi [None req-dcbc8bd0-f810-4ed8-a61a-a74c7f0402d5 b6826f138aa84e9c88a06529a4db16bb 764de2b196fe4690920e855eb0486f3b - - default default] 10.0.0.32 "GET /v2.0/subnets/384fd0ff-a81a-4921-937f-b3ed9374a37e/tags HTTP/1.1" status: 200 len: 205 time: 0.0383086
2026-06-24 19:14:49.528 10 INFO neutron.wsgi [None req-37f2cbc3-f6a1-42af-b1ba-194fc25000a0 b6826f138aa84e9c88a06529a4db16bb 764de2b196fe4690920e855eb0486f3b - - - -] 10.0.0.32 "DELETE /v2.0/subnets/384fd0ff-a81a-4921-937f-b3ed9374a37e HTTP/1.1" status: 204 len: 168 time: 0.2288775
2026-06-24 19:14:50.262 10 INFO neutron.services.segments.plugin [-] Segment b0e7e45f-ddb6-479f-b4ae-3fc1fb7af7c8 resource provider aggregate not found
2026-06-24 19:14:50.285 10 INFO neutron.services.segments.plugin [-] Segment b0e7e45f-ddb6-479f-b4ae-3fc1fb7af7c8 resource provider not found; error: Placement Client Error (4xx): {"errors": [{"status": 404, "title": "Not Found", "detail": "The resource could not be found.\n\n No resource provider with uuid b0e7e45f-ddb6-479f-b4ae-3fc1fb7af7c8 found for delete ", "request_id": "req-59c5e90f-b5cf-449e-83bc-ca3132cef421"}]}
2026-06-24 19:14:50.286 10 INFO neutron.services.segments.plugin [-] Segment b0e7e45f-ddb6-479f-b4ae-3fc1fb7af7c8 resource provider aggregate not found
2026-06-24 19:14:50.304 10 INFO neutron.services.segments.plugin [-] Segment b0e7e45f-ddb6-479f-b4ae-3fc1fb7af7c8 resource provider not found; error: Placement Client Error (4xx): {"errors": [{"status": 404, "title": "Not Found", "detail": "The resource could not be found.\n\n No resource provider with uuid b0e7e45f-ddb6-479f-b4ae-3fc1fb7af7c8 found for delete ", "request_id": "req-c4d42a57-34ae-4c70-acb4-be570b4c987d"}]}
2026-06-24 19:14:50.325 10 INFO neutron.wsgi [None req-c8f08ffc-7afc-4c78-aaf3-1f6bd442b9a6 b6826f138aa84e9c88a06529a4db16bb 764de2b196fe4690920e855eb0486f3b - - - -] 10.0.0.32 "DELETE /v2.0/networks/1bbd3aee-fd0c-49dc-89b6-e72b8e73f69b HTTP/1.1" status: 204 len: 168 time: 0.7916918
2026-06-24 19:14:50.723 9 INFO neutron.wsgi [None req-780e0e12-ca64-4568-8c1a-860b132457e8 c4d944a3a698469db4634ad9da31573e 19d5be49ee4245e394fee8a679e8d26b - - default default] 10.0.0.5 "GET /v2.0/extensions HTTP/1.1" status: 200 len: 16525 time: 0.2190878
2026-06-24 19:14:50.851 9 INFO neutron.wsgi [None req-24b26202-80f0-46af-85f4-ef2dda550254 c4d944a3a698469db4634ad9da31573e 19d5be49ee4245e394fee8a679e8d26b - - default default] 10.0.0.5 "GET /v2.0/quotas/19d5be49ee4245e394fee8a679e8d26b/details HTTP/1.1" status: 200 len: 756 time: 0.1061149
2026-06-24 19:14:51.299 10 INFO neutron.db.ovn_revision_numbers_db [None req-e7bbc9fa-69ec-45b3-95c7-189ecbd6953b 4f10f8e3456c45888ba084e75ba8851b 7ca197cbfedf46c6a1675ce45718ce58 - - default default] Successfully bumped revision number for resource f85126d7-4140-454b-aeef-d3780619ac75 (type: security_groups) to 1
2026-06-24 19:14:51.322 10 INFO neutron.wsgi [None req-e7bbc9fa-69ec-45b3-95c7-189ecbd6953b 4f10f8e3456c45888ba084e75ba8851b 7ca197cbfedf46c6a1675ce45718ce58 - - default default] 10.0.0.32 "GET /v2.0/security-groups?tenant_id=034883c02c984a3299b638e8c0aa346a&name=default HTTP/1.1" status: 200 len: 3000 time: 0.3045504
2026-06-24 19:14:51.562 10 INFO neutron.wsgi [None req-d91fe8cd-63a3-4152-af8a-278d48a393ed 4f10f8e3456c45888ba084e75ba8851b 7ca197cbfedf46c6a1675ce45718ce58 - - - -] 10.0.0.32 "DELETE /v2.0/security-groups/f85126d7-4140-454b-aeef-d3780619ac75 HTTP/1.1" status: 204 len: 168 time: 0.2354705
2026-06-24 19:14:51.721 9 INFO neutron.wsgi [None req-d1404d65-e92a-45b7-b246-4023b6743f64 4f10f8e3456c45888ba084e75ba8851b 7ca197cbfedf46c6a1675ce45718ce58 - - default default] 10.0.0.32 "GET /v2.0/security-groups?tenant_id=764de2b196fe4690920e855eb0486f3b&name=default HTTP/1.1" status: 200 len: 3000 time: 0.0511239
2026-06-24 19:14:51.921 9 INFO neutron.wsgi [None req-af819628-e185-40f4-9814-be39d98d4f15 4f10f8e3456c45888ba084e75ba8851b 7ca197cbfedf46c6a1675ce45718ce58 - - - -] 10.0.0.32 "DELETE /v2.0/security-groups/f3ee1c6f-4adf-4c62-a22b-c4928ecfcc50 HTTP/1.1" status: 204 len: 168 time: 0.1941309
2026-06-24 19:14:53.448 10 INFO neutron.wsgi [None req-4f580ac6-9d5e-4138-aa3d-eb1c3ebd50ee c4d944a3a698469db4634ad9da31573e 19d5be49ee4245e394fee8a679e8d26b - - default default] 10.0.0.5 "GET /v2.0/extensions HTTP/1.1" status: 200 len: 16525 time: 0.0103917
2026-06-24 19:14:53.575 10 INFO neutron.wsgi [None req-4a5b57e9-3757-4f4e-9230-fd57d69c3fec c4d944a3a698469db4634ad9da31573e 19d5be49ee4245e394fee8a679e8d26b - - default default] 10.0.0.5 "GET /v2.0/quotas/19d5be49ee4245e394fee8a679e8d26b/details HTTP/1.1" status: 200 len: 756 time: 0.1123543
2026-06-24 19:14:56.395 9 INFO neutron.db.ovn_revision_numbers_db [None req-d60cc9b2-5aed-41b6-bf9a-e1db7f992917 4f10f8e3456c45888ba084e75ba8851b 7ca197cbfedf46c6a1675ce45718ce58 - - default default] Successfully bumped revision number for resource 2e553c79-55f4-4db4-90c0-e8f38b48f340 (type: security_groups) to 1
2026-06-24 19:14:56.417 9 INFO neutron.wsgi [None req-d60cc9b2-5aed-41b6-bf9a-e1db7f992917 4f10f8e3456c45888ba084e75ba8851b 7ca197cbfedf46c6a1675ce45718ce58 - - default default] 10.0.0.32 "GET /v2.0/security-groups?tenant_id=19d5be49ee4245e394fee8a679e8d26b&name=default HTTP/1.1" status: 200 len: 3000 time: 0.3128145
2026-06-24 19:14:56.615 9 INFO neutron.wsgi [None req-b491075f-ffeb-405f-ad4e-411526fd6d9d 4f10f8e3456c45888ba084e75ba8851b 7ca197cbfedf46c6a1675ce45718ce58 - - - -] 10.0.0.32 "DELETE /v2.0/security-groups/2e553c79-55f4-4db4-90c0-e8f38b48f340 HTTP/1.1" status: 204 len: 168 time: 0.1916292
2026-06-24 19:14:58.580 9 INFO neutron.db.ovn_revision_numbers_db [None req-aa8f6def-acf5-4cd6-b86d-fadae7846c5d 4f10f8e3456c45888ba084e75ba8851b 7ca197cbfedf46c6a1675ce45718ce58 - - - -] Successfully bumped revision number for resource f9cc5a9a-457f-43ef-aa78-3f9a2df34a2f (type: security_groups) to 1
2026-06-24 19:14:58.641 9 INFO neutron.db.segments_db [None req-aa8f6def-acf5-4cd6-b86d-fadae7846c5d 4f10f8e3456c45888ba084e75ba8851b 7ca197cbfedf46c6a1675ce45718ce58 - - - -] Added segment 0e44fc1f-dde6-4b71-ab8d-b5d4d6062db4 of type geneve for network d348d1a9-9630-4518-86cd-37a4af922ab7
2026-06-24 19:14:58.797 9 INFO neutron.db.ovn_revision_numbers_db [None req-aa8f6def-acf5-4cd6-b86d-fadae7846c5d 4f10f8e3456c45888ba084e75ba8851b 7ca197cbfedf46c6a1675ce45718ce58 - - - -] Successfully bumped revision number for resource d348d1a9-9630-4518-86cd-37a4af922ab7 (type: networks) to 1
2026-06-24 19:14:58.995 9 WARNING neutron.scheduler.dhcp_agent_scheduler [None req-aa8f6def-acf5-4cd6-b86d-fadae7846c5d 4f10f8e3456c45888ba084e75ba8851b 7ca197cbfedf46c6a1675ce45718ce58 - - - -] No more DHCP agents
2026-06-24 19:14:58.997 9 WARNING neutron.api.rpc.agentnotifiers.dhcp_rpc_agent_api [None req-aa8f6def-acf5-4cd6-b86d-fadae7846c5d 4f10f8e3456c45888ba084e75ba8851b 7ca197cbfedf46c6a1675ce45718ce58 - - - -] Unable to schedule network d348d1a9-9630-4518-86cd-37a4af922ab7: no agents available; will retry on subsequent port and subnet creation events.
2026-06-24 19:14:59.088 9 INFO neutron.db.ovn_revision_numbers_db [None req-aa8f6def-acf5-4cd6-b86d-fadae7846c5d 4f10f8e3456c45888ba084e75ba8851b 7ca197cbfedf46c6a1675ce45718ce58 - - - -] Successfully bumped revision number for resource 2e93ea04-8848-47e6-9ab3-a8e1ebe367e9 (type: ports) to 1
2026-06-24 19:14:59.111 9 INFO neutron.wsgi [None req-aa8f6def-acf5-4cd6-b86d-fadae7846c5d 4f10f8e3456c45888ba084e75ba8851b 7ca197cbfedf46c6a1675ce45718ce58 - - - -] 10.0.0.32 "POST /v2.0/networks HTTP/1.1" status: 201 len: 942 time: 0.8070931
2026-06-24 19:14:59.285 9 WARNING neutron.scheduler.dhcp_agent_scheduler [None req-707daf3b-2e0c-4939-8610-591f8a1ec6cd 4f10f8e3456c45888ba084e75ba8851b 7ca197cbfedf46c6a1675ce45718ce58 - - - -] No more DHCP agents
2026-06-24 19:14:59.301 9 WARNING neutron.api.rpc.agentnotifiers.dhcp_rpc_agent_api [None req-707daf3b-2e0c-4939-8610-591f8a1ec6cd 4f10f8e3456c45888ba084e75ba8851b 7ca197cbfedf46c6a1675ce45718ce58 - - - -] Unable to schedule network d348d1a9-9630-4518-86cd-37a4af922ab7: no agents available; will retry on subsequent port and subnet creation events.
2026-06-24 19:14:59.777 9 INFO neutron.db.ovn_revision_numbers_db [None req-707daf3b-2e0c-4939-8610-591f8a1ec6cd 4f10f8e3456c45888ba084e75ba8851b 7ca197cbfedf46c6a1675ce45718ce58 - - - -] Successfully bumped revision number for resource 2e93ea04-8848-47e6-9ab3-a8e1ebe367e9 (type: ports) to 2
2026-06-24 19:14:59.798 9 INFO neutron.db.ovn_revision_numbers_db [None req-707daf3b-2e0c-4939-8610-591f8a1ec6cd 4f10f8e3456c45888ba084e75ba8851b 7ca197cbfedf46c6a1675ce45718ce58 - - - -] Successfully bumped revision number for resource ffbeda77-c836-4cfe-9574-f539ba7a855d (type: subnets) to 0
2026-06-24 19:14:59.817 9 INFO neutron.wsgi [None req-707daf3b-2e0c-4939-8610-591f8a1ec6cd 4f10f8e3456c45888ba084e75ba8851b 7ca197cbfedf46c6a1675ce45718ce58 - - - -] 10.0.0.32 "POST /v2.0/subnets HTTP/1.1" status: 201 len: 862 time: 0.6997619
2026-06-24 19:15:00.681 9 WARNING neutron.scheduler.dhcp_agent_scheduler [None req-7737ba9d-5ca5-49a4-b2f8-4e946ec2b7fd 4f10f8e3456c45888ba084e75ba8851b 7ca197cbfedf46c6a1675ce45718ce58 - - - -] No more DHCP agents
2026-06-24 19:15:00.682 9 WARNING neutron.api.rpc.agentnotifiers.dhcp_rpc_agent_api [None req-7737ba9d-5ca5-49a4-b2f8-4e946ec2b7fd 4f10f8e3456c45888ba084e75ba8851b 7ca197cbfedf46c6a1675ce45718ce58 - - - -] Unable to schedule network 55253de1-2e58-4f71-a573-4da169fafa06: no agents available; will retry on subsequent port and subnet creation events.
2026-06-24 19:15:00.873 9 INFO neutron.db.ovn_revision_numbers_db [None req-7737ba9d-5ca5-49a4-b2f8-4e946ec2b7fd 4f10f8e3456c45888ba084e75ba8851b 7ca197cbfedf46c6a1675ce45718ce58 - - - -] Successfully bumped revision number for resource be0d5180-6746-4a39-abcc-90a3cab46493 (type: ports) to 1
2026-06-24 19:15:01.428 10 INFO neutron.db.ovn_revision_numbers_db [None req-d08a5d3c-b5bd-4439-98ba-617dc753d8b5 26eac8efc20f45d095fb6613602ac549 6546151fb51d4506a0bbc78895f5e207 - - - -] Successfully bumped revision number for resource 5c9b0e08-d05a-40e7-b7f4-ecad071578ac (type: security_groups) to 1
