2026-06-24 19:14:06.049 10 INFO neutron.wsgi [None req-5af1ba78-483b-43fb-b5d5-aecb4991be52 156a5bdfa9884d14a89fd28989548dc7 c681f5f93f0f4bacad0c05f30b2c6876 - - default default] 10.0.0.32 "GET /v2.0/ports?not-tags-any=blue HTTP/1.1" status: 200 len: 6203 time: 0.0846183
2026-06-24 19:14:06.108 10 INFO neutron.wsgi [None req-9a8953c0-d72d-4964-9b4e-299fae1ec88f 156a5bdfa9884d14a89fd28989548dc7 c681f5f93f0f4bacad0c05f30b2c6876 - - default default] 10.0.0.32 "GET /v2.0/ports?not-tags-any=red%2Cblue HTTP/1.1" status: 200 len: 5463 time: 0.0542984
2026-06-24 19:14:06.201 9 WARNING neutron.scheduler.dhcp_agent_scheduler [None req-ef35868d-be37-416b-a40d-aab640604782 7662d5d846dc46f0a0c52e3929518bf7 87ece3682bbc4f6790cbcd827904cc74 - - - -] No more DHCP agents
2026-06-24 19:14:06.205 9 WARNING neutron.api.rpc.agentnotifiers.dhcp_rpc_agent_api [None req-ef35868d-be37-416b-a40d-aab640604782 7662d5d846dc46f0a0c52e3929518bf7 87ece3682bbc4f6790cbcd827904cc74 - - - -] Unable to schedule network 2d1dfb08-edc6-49c2-8d45-7ba4d38465d6: no agents available; will retry on subsequent port and subnet creation events.
2026-06-24 19:14:06.222 9 WARNING neutron.scheduler.dhcp_agent_scheduler [None req-bfeda7d3-57dd-41c8-9cea-c3a6eb7b2662 45d2edc75b944618a901ac6b067c4e21 742d8571d4924fd3b114641a47cc6694 - - - -] No more DHCP agents
2026-06-24 19:14:06.226 9 WARNING neutron.api.rpc.agentnotifiers.dhcp_rpc_agent_api [None req-bfeda7d3-57dd-41c8-9cea-c3a6eb7b2662 45d2edc75b944618a901ac6b067c4e21 742d8571d4924fd3b114641a47cc6694 - - - -] Unable to schedule network af740640-1222-4005-9c20-040c2cd6fa11: no agents available; will retry on subsequent port and subnet creation events.
2026-06-24 19:14:06.325 9 INFO neutron.db.ovn_revision_numbers_db [None req-bfeda7d3-57dd-41c8-9cea-c3a6eb7b2662 45d2edc75b944618a901ac6b067c4e21 742d8571d4924fd3b114641a47cc6694 - - - -] Successfully bumped revision number for resource 4105b68d-8539-4549-ab78-f27e5230d6f3 (type: ports) to 1
2026-06-24 19:14:06.349 10 INFO neutron.db.ovn_revision_numbers_db [None req-cf98ebb1-c553-4227-b1cc-2b7ee10166fa 8d3e8ab2cd6b436b98cd53be68c33727 f068bd37c5d34b3197ee7c2b2ba12f41 - - - -] Successfully bumped revision number for resource cdb46a79-92c8-4027-856b-a4b663a2b89c (type: security_groups) to 1
2026-06-24 19:14:06.357 9 INFO neutron.wsgi [None req-bfeda7d3-57dd-41c8-9cea-c3a6eb7b2662 45d2edc75b944618a901ac6b067c4e21 742d8571d4924fd3b114641a47cc6694 - - - -] 10.0.0.32 "POST /v2.0/networks HTTP/1.1" status: 201 len: 831 time: 0.6430974 /var/lib/openstack/lib/python3.10/site-packages/pycadf/identifier.py:71: UserWarning: Invalid uuid: neutron. To ensure interoperability, identifiers should be a valid uuid. warnings.warn(('Invalid uuid: %s. To ensure interoperability, '
2026-06-24 19:14:06.408 10 INFO neutron.wsgi [None req-12ffbd8a-bcae-4a4e-8e73-3c94c479c041 156a5bdfa9884d14a89fd28989548dc7 c681f5f93f0f4bacad0c05f30b2c6876 - - - -] 10.0.0.32 "DELETE /v2.0/ports/cf5aeed4-88b9-40aa-8bc0-2dd23e876a36 HTTP/1.1" status: 204 len: 168 time: 0.2894309
2026-06-24 19:14:06.429 9 INFO neutron.wsgi [None req-9250ee16-a161-4c96-9314-12cbc733eeb8 45d2edc75b944618a901ac6b067c4e21 742d8571d4924fd3b114641a47cc6694 - - - -] 10.0.0.32 "PUT /v2.0/networks/9bb37251-d371-4c6f-ad1a-eefdcd5653f7/tags HTTP/1.1" status: 200 len: 218 time: 0.0661724
2026-06-24 19:14:06.447 10 INFO neutron.db.segments_db [None req-cf98ebb1-c553-4227-b1cc-2b7ee10166fa 8d3e8ab2cd6b436b98cd53be68c33727 f068bd37c5d34b3197ee7c2b2ba12f41 - - - -] Added segment 814a6bbd-e500-4044-bf96-99e6877f2746 of type geneve for network e2aa8294-fd11-40e8-8fa1-c24dbe2fb6ff
2026-06-24 19:14:06.453 9 INFO neutron.db.ovn_revision_numbers_db [None req-ef35868d-be37-416b-a40d-aab640604782 7662d5d846dc46f0a0c52e3929518bf7 87ece3682bbc4f6790cbcd827904cc74 - - - -] Successfully bumped revision number for resource fc239ac1-2abb-49b7-9a19-847f39bd8d0e (type: ports) to 1
2026-06-24 19:14:06.490 9 INFO neutron.wsgi [None req-0a03ae5d-c572-4a7e-b61f-cd14f4b8a7af 45d2edc75b944618a901ac6b067c4e21 742d8571d4924fd3b114641a47cc6694 - - default default] 10.0.0.32 "GET /v2.0/networks/9bb37251-d371-4c6f-ad1a-eefdcd5653f7/tags HTTP/1.1" status: 200 len: 218 time: 0.0500419
2026-06-24 19:14:06.497 9 INFO neutron.wsgi [None req-ef35868d-be37-416b-a40d-aab640604782 7662d5d846dc46f0a0c52e3929518bf7 87ece3682bbc4f6790cbcd827904cc74 - - - -] 10.0.0.32 "POST /v2.0/ports HTTP/1.1" status: 201 len: 1149 time: 0.7392380
2026-06-24 19:14:06.589 10 INFO neutron.wsgi [None req-61409fac-475d-4bea-a22d-d99539caecf5 45d2edc75b944618a901ac6b067c4e21 742d8571d4924fd3b114641a47cc6694 - - - -] 10.0.0.32 "PUT /v2.0/networks/af740640-1222-4005-9c20-040c2cd6fa11/tags HTTP/1.1" status: 200 len: 210 time: 0.0910420
2026-06-24 19:14:06.694 10 INFO neutron.db.ovn_revision_numbers_db [None req-cf98ebb1-c553-4227-b1cc-2b7ee10166fa 8d3e8ab2cd6b436b98cd53be68c33727 f068bd37c5d34b3197ee7c2b2ba12f41 - - - -] Successfully bumped revision number for resource e2aa8294-fd11-40e8-8fa1-c24dbe2fb6ff (type: networks) to 1
2026-06-24 19:14:06.697 10 INFO neutron.wsgi [None req-338ded91-bdb9-4aa5-a1f5-d433e1ed5e38 45d2edc75b944618a901ac6b067c4e21 742d8571d4924fd3b114641a47cc6694 - - default default] 10.0.0.32 "GET /v2.0/networks/af740640-1222-4005-9c20-040c2cd6fa11/tags HTTP/1.1" status: 200 len: 210 time: 0.1006787
2026-06-24 19:14:06.809 10 INFO neutron.wsgi [None req-1d1d405b-7a3f-4a58-b357-ceca68b5fbab 45d2edc75b944618a901ac6b067c4e21 742d8571d4924fd3b114641a47cc6694 - - - -] 10.0.0.32 "PUT /v2.0/networks/af740640-1222-4005-9c20-040c2cd6fa11/tags HTTP/1.1" status: 200 len: 205 time: 0.1004405
2026-06-24 19:14:06.884 10 INFO neutron.wsgi [None req-49b40905-49c5-4ec5-89c8-c9d889ed3f7b 45d2edc75b944618a901ac6b067c4e21 742d8571d4924fd3b114641a47cc6694 - - default default] 10.0.0.32 "GET /v2.0/networks/af740640-1222-4005-9c20-040c2cd6fa11/tags HTTP/1.1" status: 200 len: 205 time: 0.0687656
2026-06-24 19:14:06.915 9 INFO neutron.wsgi [None req-b1b89c35-715c-4cdc-8294-c9a3706a562d 7662d5d846dc46f0a0c52e3929518bf7 87ece3682bbc4f6790cbcd827904cc74 - - - -] 10.0.0.32 "DELETE /v2.0/ports/fc239ac1-2abb-49b7-9a19-847f39bd8d0e HTTP/1.1" status: 204 len: 168 time: 0.4131052
2026-06-24 19:14:06.953 9 INFO neutron.pecan_wsgi.hooks.translation [None req-07917dfa-9eb0-48a2-bfd6-8c919ddd63f1 7662d5d846dc46f0a0c52e3929518bf7 87ece3682bbc4f6790cbcd827904cc74 - - - -] DELETE failed (client error): The resource could not be found.
2026-06-24 19:14:06.954 10 INFO neutron.wsgi [None req-8e7ee1ff-71a9-4f5b-b716-ea1087b9debe 156a5bdfa9884d14a89fd28989548dc7 c681f5f93f0f4bacad0c05f30b2c6876 - - - -] 10.0.0.32 "DELETE /v2.0/ports/de2e32b7-d456-4ce8-b35e-766cb4594b2b HTTP/1.1" status: 204 len: 168 time: 0.5402484
2026-06-24 19:14:06.957 9 INFO neutron.wsgi [None req-07917dfa-9eb0-48a2-bfd6-8c919ddd63f1 7662d5d846dc46f0a0c52e3929518bf7 87ece3682bbc4f6790cbcd827904cc74 - - - -] 10.0.0.32 "DELETE /v2.0/ports/fc239ac1-2abb-49b7-9a19-847f39bd8d0e HTTP/1.1" status: 404 len: 333 time: 0.0349979
2026-06-24 19:14:06.985 9 INFO neutron.wsgi [None req-1ba159c0-26fa-4a09-984d-bce8e0f48165 45d2edc75b944618a901ac6b067c4e21 742d8571d4924fd3b114641a47cc6694 - - default default] 10.0.0.32 "GET /v2.0/networks/9bb37251-d371-4c6f-ad1a-eefdcd5653f7/tags HTTP/1.1" status: 200 len: 218 time: 0.0831423
2026-06-24 19:14:06.995 9 INFO neutron.pecan_wsgi.hooks.translation [None req-0291805e-8800-46bb-a873-26a1d8646a56 7662d5d846dc46f0a0c52e3929518bf7 87ece3682bbc4f6790cbcd827904cc74 - - default default] GET failed (client error): The resource could not be found.
2026-06-24 19:14:06.997 9 INFO neutron.wsgi [None req-0291805e-8800-46bb-a873-26a1d8646a56 7662d5d846dc46f0a0c52e3929518bf7 87ece3682bbc4f6790cbcd827904cc74 - - default default] 10.0.0.32 "GET /v2.0/ports/fc239ac1-2abb-49b7-9a19-847f39bd8d0e HTTP/1.1" status: 404 len: 333 time: 0.0354877
2026-06-24 19:14:07.043 10 WARNING neutron.scheduler.dhcp_agent_scheduler [None req-cf98ebb1-c553-4227-b1cc-2b7ee10166fa 8d3e8ab2cd6b436b98cd53be68c33727 f068bd37c5d34b3197ee7c2b2ba12f41 - - - -] No more DHCP agents
2026-06-24 19:14:07.046 10 WARNING neutron.api.rpc.agentnotifiers.dhcp_rpc_agent_api [None req-cf98ebb1-c553-4227-b1cc-2b7ee10166fa 8d3e8ab2cd6b436b98cd53be68c33727 f068bd37c5d34b3197ee7c2b2ba12f41 - - - -] Unable to schedule network e2aa8294-fd11-40e8-8fa1-c24dbe2fb6ff: no agents available; will retry on subsequent port and subnet creation events.
2026-06-24 19:14:07.206 10 INFO neutron.db.ovn_revision_numbers_db [None req-cf98ebb1-c553-4227-b1cc-2b7ee10166fa 8d3e8ab2cd6b436b98cd53be68c33727 f068bd37c5d34b3197ee7c2b2ba12f41 - - - -] Successfully bumped revision number for resource e77b89f5-1dc7-4673-bc64-3313d7ea9c3c (type: ports) to 1
2026-06-24 19:14:07.277 10 INFO neutron.wsgi [None req-cf98ebb1-c553-4227-b1cc-2b7ee10166fa 8d3e8ab2cd6b436b98cd53be68c33727 f068bd37c5d34b3197ee7c2b2ba12f41 - - - -] 10.0.0.32 "POST /v2.0/networks HTTP/1.1" status: 201 len: 830 time: 1.2988882
2026-06-24 19:14:07.444 10 INFO neutron.wsgi [None req-3ce76671-4bb8-4135-84af-b4d3e728c4be 7662d5d846dc46f0a0c52e3929518bf7 87ece3682bbc4f6790cbcd827904cc74 - - - -] 10.0.0.32 "DELETE /v2.0/subnets/b629409f-bf33-4f5e-8bf8-4314f511d0b4 HTTP/1.1" status: 204 len: 168 time: 0.4317865
2026-06-24 19:14:07.449 10 INFO neutron.wsgi [None req-853bb979-a614-4bae-b42a-25b9636da690 156a5bdfa9884d14a89fd28989548dc7 c681f5f93f0f4bacad0c05f30b2c6876 - - - -] 10.0.0.32 "DELETE /v2.0/ports/43775684-bf59-4ce5-ab15-ae10e37557b6 HTTP/1.1" status: 204 len: 168 time: 0.4905021
2026-06-24 19:14:07.498 9 INFO neutron.services.segments.plugin [-] Segment 9b52b124-e981-4c60-8766-aa4b57ea8a68 resource provider aggregate not found
2026-06-24 19:14:07.506 9 INFO neutron.services.segments.plugin [-] Segment 9b52b124-e981-4c60-8766-aa4b57ea8a68 resource provider aggregate not found
2026-06-24 19:14:07.532 9 INFO neutron.services.segments.plugin [-] Segment 9b52b124-e981-4c60-8766-aa4b57ea8a68 resource provider not found; error: Placement Client Error (4xx): {"errors": [{"status": 404, "title": "Not Found", "detail": "The resource could not be found.\n\n No resource provider with uuid 9b52b124-e981-4c60-8766-aa4b57ea8a68 found for delete ", "request_id": "req-c862c3be-0880-4285-ab3d-2ea2e88d0844"}]}
2026-06-24 19:14:07.532 9 INFO neutron.services.segments.plugin [-] Segment 9b52b124-e981-4c60-8766-aa4b57ea8a68 resource provider not found; error: Placement Client Error (4xx): {"errors": [{"status": 404, "title": "Not Found", "detail": "The resource could not be found.\n\n No resource provider with uuid 9b52b124-e981-4c60-8766-aa4b57ea8a68 found for delete ", "request_id": "req-e6b80784-acee-4f6b-ba4a-661b33ce21b2"}]}
2026-06-24 19:14:07.600 9 INFO neutron.wsgi [None req-d13a19f5-d69a-487f-abaf-2ece5cf43431 45d2edc75b944618a901ac6b067c4e21 742d8571d4924fd3b114641a47cc6694 - - - -] 10.0.0.32 "DELETE /v2.0/networks/9bb37251-d371-4c6f-ad1a-eefdcd5653f7 HTTP/1.1" status: 204 len: 168 time: 0.5941122
2026-06-24 19:14:07.726 9 WARNING neutron.scheduler.dhcp_agent_scheduler [None req-76a56e59-bde8-4bb6-a45e-432383c36dde 8d3e8ab2cd6b436b98cd53be68c33727 f068bd37c5d34b3197ee7c2b2ba12f41 - - - -] No more DHCP agents
2026-06-24 19:14:07.734 9 WARNING neutron.api.rpc.agentnotifiers.dhcp_rpc_agent_api [None req-76a56e59-bde8-4bb6-a45e-432383c36dde 8d3e8ab2cd6b436b98cd53be68c33727 f068bd37c5d34b3197ee7c2b2ba12f41 - - - -] Unable to schedule network e2aa8294-fd11-40e8-8fa1-c24dbe2fb6ff: no agents available; will retry on subsequent port and subnet creation events.
2026-06-24 19:14:07.815 10 INFO neutron.wsgi [None req-61cd5bd5-3dfa-4fec-8f1c-a07f0755c90a 156a5bdfa9884d14a89fd28989548dc7 c681f5f93f0f4bacad0c05f30b2c6876 - - - -] 10.0.0.32 "DELETE /v2.0/ports/7a6f64a4-e0f6-4f07-85fb-19a3167eb896 HTTP/1.1" status: 204 len: 168 time: 0.3625798 /var/lib/openstack/lib/python3.10/site-packages/pycadf/identifier.py:71: UserWarning: Invalid uuid: neutron. To ensure interoperability, identifiers should be a valid uuid. warnings.warn(('Invalid uuid: %s. To ensure interoperability, '
2026-06-24 19:14:07.886 9 INFO neutron.db.ovn_revision_numbers_db [None req-76a56e59-bde8-4bb6-a45e-432383c36dde 8d3e8ab2cd6b436b98cd53be68c33727 f068bd37c5d34b3197ee7c2b2ba12f41 - - - -] Successfully bumped revision number for resource 5b4538c0-4a21-4332-9c33-3987ab943123 (type: ports) to 1
2026-06-24 19:14:07.934 9 INFO neutron.wsgi [None req-76a56e59-bde8-4bb6-a45e-432383c36dde 8d3e8ab2cd6b436b98cd53be68c33727 f068bd37c5d34b3197ee7c2b2ba12f41 - - - -] 10.0.0.32 "POST /v2.0/ports HTTP/1.1" status: 201 len: 942 time: 0.6511462
2026-06-24 19:14:08.377 10 INFO neutron.services.segments.plugin [-] Segment 4f5db201-001a-452e-ad08-a81d4f2cd29d resource provider aggregate not found
2026-06-24 19:14:08.387 10 INFO neutron.services.segments.plugin [-] Segment 4f5db201-001a-452e-ad08-a81d4f2cd29d resource provider aggregate not found
2026-06-24 19:14:08.408 10 INFO neutron.services.segments.plugin [-] Segment 4f5db201-001a-452e-ad08-a81d4f2cd29d resource provider not found; error: Placement Client Error (4xx): {"errors": [{"status": 404, "title": "Not Found", "detail": "The resource could not be found.\n\n No resource provider with uuid 4f5db201-001a-452e-ad08-a81d4f2cd29d found for delete ", "request_id": "req-18906f24-f14a-446a-84ed-8d186162ef6d"}]}
2026-06-24 19:14:08.431 10 INFO neutron.services.segments.plugin [-] Segment 4f5db201-001a-452e-ad08-a81d4f2cd29d resource provider not found; error: Placement Client Error (4xx): {"errors": [{"status": 404, "title": "Not Found", "detail": "The resource could not be found.\n\n No resource provider with uuid 4f5db201-001a-452e-ad08-a81d4f2cd29d found for delete ", "request_id": "req-492217ae-968f-42ac-9e7b-a7412050cff6"}]}
2026-06-24 19:14:08.451 10 INFO neutron.wsgi [None req-563b482d-0f72-4741-92d0-4f206f8e169c 45d2edc75b944618a901ac6b067c4e21 742d8571d4924fd3b114641a47cc6694 - - - -] 10.0.0.32 "DELETE /v2.0/networks/af740640-1222-4005-9c20-040c2cd6fa11 HTTP/1.1" status: 204 len: 168 time: 0.8447313
2026-06-24 19:14:08.621 9 INFO neutron.wsgi [None req-fab7664e-4e43-4342-a61e-0ba2a48be339 7662d5d846dc46f0a0c52e3929518bf7 87ece3682bbc4f6790cbcd827904cc74 - - - -] 10.0.0.32 "DELETE /v2.0/networks/2d1dfb08-edc6-49c2-8d45-7ba4d38465d6 HTTP/1.1" status: 204 len: 168 time: 1.1737263
2026-06-24 19:14:08.688 9 INFO neutron.wsgi [None req-f38e3495-f237-4fa5-800b-e493c6446009 156a5bdfa9884d14a89fd28989548dc7 c681f5f93f0f4bacad0c05f30b2c6876 - - - -] 10.0.0.32 "DELETE /v2.0/ports/3b8884f3-6006-4349-b421-876a18c47fcb HTTP/1.1" status: 204 len: 168 time: 0.8621740
2026-06-24 19:14:08.736 9 INFO neutron.wsgi [None req-b0bdd0b1-c0b6-4c83-90da-87e2a34a32de 8d3e8ab2cd6b436b98cd53be68c33727 f068bd37c5d34b3197ee7c2b2ba12f41 - - - -] 10.0.0.32 "POST /v2.0/trunks HTTP/1.1" status: 201 len: 608 time: 0.7849610
2026-06-24 19:14:08.738 10 INFO neutron.db.segments_db [None req-00da579a-48e5-436a-89dd-25717fb318c7 7662d5d846dc46f0a0c52e3929518bf7 87ece3682bbc4f6790cbcd827904cc74 - - - -] Added segment b9c0f158-4a70-46cc-94f9-0e6a6830004c of type geneve for network 209bb1d6-843e-4639-89c0-99f6e50ea532
2026-06-24 19:14:08.775 9 INFO neutron.wsgi [None req-76afba05-8993-4051-8fcd-ce03522e7d98 8d3e8ab2cd6b436b98cd53be68c33727 f068bd37c5d34b3197ee7c2b2ba12f41 - - - -] 10.0.0.32 "PUT /v2.0/trunks/5308748c-d157-40e2-9f9f-ce30a270e3fb/tags HTTP/1.1" status: 200 len: 218 time: 0.0334349
2026-06-24 19:14:08.804 9 INFO neutron.wsgi [None req-4ab6f9e4-42c2-4c12-80f1-cbd219b5900c 8d3e8ab2cd6b436b98cd53be68c33727 f068bd37c5d34b3197ee7c2b2ba12f41 - - default default] 10.0.0.32 "GET /v2.0/trunks/5308748c-d157-40e2-9f9f-ce30a270e3fb/tags HTTP/1.1" status: 200 len: 218 time: 0.0190194
2026-06-24 19:14:08.845 9 INFO neutron.wsgi [None req-d4b03365-687c-4abc-9d2a-618c72ac1a10 8d3e8ab2cd6b436b98cd53be68c33727 f068bd37c5d34b3197ee7c2b2ba12f41 - - - -] 10.0.0.32 "PUT /v2.0/trunks/5308748c-d157-40e2-9f9f-ce30a270e3fb/tags/green HTTP/1.1" status: 201 len: 201 time: 0.0347347
2026-06-24 19:14:08.866 9 INFO neutron.wsgi [None req-d3f3d0b6-92e5-4bf3-bf6b-3f6ca05a38ab 8d3e8ab2cd6b436b98cd53be68c33727 f068bd37c5d34b3197ee7c2b2ba12f41 - - default default] 10.0.0.32 "GET /v2.0/trunks/5308748c-d157-40e2-9f9f-ce30a270e3fb/tags HTTP/1.1" status: 200 len: 227 time: 0.0169797
2026-06-24 19:14:08.893 9 INFO neutron.wsgi [None req-8f9e19d2-cf67-48a9-8c93-de0a1d7115d8 8d3e8ab2cd6b436b98cd53be68c33727 f068bd37c5d34b3197ee7c2b2ba12f41 - - - -] 10.0.0.32 "PUT /v2.0/trunks/5308748c-d157-40e2-9f9f-ce30a270e3fb/tags/red HTTP/1.1" status: 201 len: 201 time: 0.0177000
2026-06-24 19:14:08.921 9 INFO neutron.wsgi [None req-c88016ce-6ee2-40f6-bdf1-d59f89d28dff 8d3e8ab2cd6b436b98cd53be68c33727 f068bd37c5d34b3197ee7c2b2ba12f41 - - default default] 10.0.0.32 "GET /v2.0/trunks/5308748c-d157-40e2-9f9f-ce30a270e3fb/tags HTTP/1.1" status: 200 len: 227 time: 0.0192132
2026-06-24 19:14:08.984 10 INFO neutron.db.ovn_revision_numbers_db [None req-00da579a-48e5-436a-89dd-25717fb318c7 7662d5d846dc46f0a0c52e3929518bf7 87ece3682bbc4f6790cbcd827904cc74 - - - -] Successfully bumped revision number for resource 209bb1d6-843e-4639-89c0-99f6e50ea532 (type: networks) to 1
2026-06-24 19:14:09.023 10 INFO neutron.wsgi [None req-50cb5f5a-e1f9-40d0-838c-17f43e9d44cf 8d3e8ab2cd6b436b98cd53be68c33727 f068bd37c5d34b3197ee7c2b2ba12f41 - - - -] 10.0.0.32 "PUT /v2.0/trunks/5308748c-d157-40e2-9f9f-ce30a270e3fb/tags/black.or.white HTTP/1.1" status: 201 len: 201 time: 0.0938396
2026-06-24 19:14:09.046 9 INFO neutron.wsgi [None req-e2186d90-a1cd-4aac-b428-768774faccc8 8d3e8ab2cd6b436b98cd53be68c33727 f068bd37c5d34b3197ee7c2b2ba12f41 - - default default] 10.0.0.32 "GET /v2.0/trunks/5308748c-d157-40e2-9f9f-ce30a270e3fb/tags HTTP/1.1" status: 200 len: 245 time: 0.0170841
2026-06-24 19:14:09.082 9 INFO neutron.wsgi [None req-7c577540-5983-4736-8547-2d2aeea557af 8d3e8ab2cd6b436b98cd53be68c33727 f068bd37c5d34b3197ee7c2b2ba12f41 - - - -] 10.0.0.32 "PUT /v2.0/trunks/5308748c-d157-40e2-9f9f-ce30a270e3fb/tags HTTP/1.1" status: 200 len: 230 time: 0.0311401
2026-06-24 19:14:09.107 9 INFO neutron.wsgi [None req-d4ffb21b-2b7f-4c2b-9478-9ce3dd80a6e4 8d3e8ab2cd6b436b98cd53be68c33727 f068bd37c5d34b3197ee7c2b2ba12f41 - - default default] 10.0.0.32 "GET /v2.0/trunks/5308748c-d157-40e2-9f9f-ce30a270e3fb/tags HTTP/1.1" status: 200 len: 230 time: 0.0203102
2026-06-24 19:14:09.129 9 INFO neutron.wsgi [None req-7771bba4-d680-49c4-802d-d03ece39b5fc 8d3e8ab2cd6b436b98cd53be68c33727 f068bd37c5d34b3197ee7c2b2ba12f41 - - default default] 10.0.0.32 "GET /v2.0/trunks/5308748c-d157-40e2-9f9f-ce30a270e3fb/tags/red HTTP/1.1" status: 204 len: 168 time: 0.0156245
2026-06-24 19:14:09.167 10 INFO neutron.api.v2.resource [None req-4250b89a-24e9-493a-ba10-bf95215f6e41 8d3e8ab2cd6b436b98cd53be68c33727 f068bd37c5d34b3197ee7c2b2ba12f41 - - default default] show failed (client error): The resource could not be found.
2026-06-24 19:14:09.169 10 INFO neutron.wsgi [None req-4250b89a-24e9-493a-ba10-bf95215f6e41 8d3e8ab2cd6b436b98cd53be68c33727 f068bd37c5d34b3197ee7c2b2ba12f41 - - default default] 10.0.0.32 "GET /v2.0/trunks/5308748c-d157-40e2-9f9f-ce30a270e3fb/tags/green HTTP/1.1" status: 404 len: 299 time: 0.0349154
2026-06-24 19:14:09.204 9 INFO neutron.wsgi [None req-3c4122c6-2e1a-447e-bf02-685a2165ed35 8d3e8ab2cd6b436b98cd53be68c33727 f068bd37c5d34b3197ee7c2b2ba12f41 - - - -] 10.0.0.32 "DELETE /v2.0/trunks/5308748c-d157-40e2-9f9f-ce30a270e3fb/tags/red HTTP/1.1" status: 204 len: 168 time: 0.0297444
2026-06-24 19:14:09.223 9 INFO neutron.wsgi [None req-e27ed61d-6796-4ee3-b89d-718fd972ca61 8d3e8ab2cd6b436b98cd53be68c33727 f068bd37c5d34b3197ee7c2b2ba12f41 - - default default] 10.0.0.32 "GET /v2.0/trunks/5308748c-d157-40e2-9f9f-ce30a270e3fb/tags HTTP/1.1" status: 200 len: 223 time: 0.0151896
2026-06-24 19:14:09.250 9 INFO neutron.api.v2.resource [None req-b0b6ca49-f241-45f2-8a11-ed5507c98e14 8d3e8ab2cd6b436b98cd53be68c33727 f068bd37c5d34b3197ee7c2b2ba12f41 - - - -] delete failed (client error): The resource could not be found.
2026-06-24 19:14:09.251 9 INFO neutron.wsgi [None req-b0b6ca49-f241-45f2-8a11-ed5507c98e14 8d3e8ab2cd6b436b98cd53be68c33727 f068bd37c5d34b3197ee7c2b2ba12f41 - - - -] 10.0.0.32 "DELETE /v2.0/trunks/5308748c-d157-40e2-9f9f-ce30a270e3fb/tags/green HTTP/1.1" status: 404 len: 299 time: 0.0210674
2026-06-24 19:14:09.275 9 INFO neutron.wsgi [None req-386b7cf5-4e71-4f51-a66d-367e32d1adde 4f10f8e3456c45888ba084e75ba8851b 7ca197cbfedf46c6a1675ce45718ce58 - - default default] 10.0.0.32 "GET /v2.0/security-groups?tenant_id=742d8571d4924fd3b114641a47cc6694&name=default HTTP/1.1" status: 200 len: 2996 time: 0.1203032
2026-06-24 19:14:09.289 10 WARNING neutron.scheduler.dhcp_agent_scheduler [None req-00da579a-48e5-436a-89dd-25717fb318c7 7662d5d846dc46f0a0c52e3929518bf7 87ece3682bbc4f6790cbcd827904cc74 - - - -] No more DHCP agents
2026-06-24 19:14:09.293 10 WARNING neutron.api.rpc.agentnotifiers.dhcp_rpc_agent_api [None req-00da579a-48e5-436a-89dd-25717fb318c7 7662d5d846dc46f0a0c52e3929518bf7 87ece3682bbc4f6790cbcd827904cc74 - - - -] Unable to schedule network 209bb1d6-843e-4639-89c0-99f6e50ea532: no agents available; will retry on subsequent port and subnet creation events.
2026-06-24 19:14:09.294 9 INFO neutron.wsgi [None req-f8fe1220-fb98-4776-9ff5-7112f3cba28d 8d3e8ab2cd6b436b98cd53be68c33727 f068bd37c5d34b3197ee7c2b2ba12f41 - - - -] 10.0.0.32 "DELETE /v2.0/trunks/5308748c-d157-40e2-9f9f-ce30a270e3fb/tags HTTP/1.1" status: 204 len: 168 time: 0.0375824
2026-06-24 19:14:09.315 9 INFO neutron.wsgi [None req-9b13dff5-5f2a-4814-b256-a9386b6e4621 8d3e8ab2cd6b436b98cd53be68c33727 f068bd37c5d34b3197ee7c2b2ba12f41 - - default default] 10.0.0.32 "GET /v2.0/trunks/5308748c-d157-40e2-9f9f-ce30a270e3fb/tags HTTP/1.1" status: 200 len: 205 time: 0.0158150
2026-06-24 19:14:09.360 9 INFO neutron.wsgi [None req-fb10e0b0-ac67-4121-a985-b85712e73a9a 8d3e8ab2cd6b436b98cd53be68c33727 f068bd37c5d34b3197ee7c2b2ba12f41 - - default default] 10.0.0.32 "GET /v2.0/trunks/5308748c-d157-40e2-9f9f-ce30a270e3fb HTTP/1.1" status: 200 len: 603 time: 0.0339274
2026-06-24 19:14:09.400 10 INFO neutron.wsgi [None req-58ef9faf-fce3-4b1b-846c-2e20aad6b29a 156a5bdfa9884d14a89fd28989548dc7 c681f5f93f0f4bacad0c05f30b2c6876 - - - -] 10.0.0.32 "DELETE /v2.0/networks/e7485fe7-5441-4899-a343-537b514b0fd7 HTTP/1.1" status: 204 len: 168 time: 0.7040935
2026-06-24 19:14:09.429 10 INFO neutron.db.ovn_revision_numbers_db [None req-00da579a-48e5-436a-89dd-25717fb318c7 7662d5d846dc46f0a0c52e3929518bf7 87ece3682bbc4f6790cbcd827904cc74 - - - -] Successfully bumped revision number for resource 9d3af9f5-c74d-4ba9-8226-197d044e6c9f (type: ports) to 1
2026-06-24 19:14:09.478 10 INFO neutron.wsgi [None req-00da579a-48e5-436a-89dd-25717fb318c7 7662d5d846dc46f0a0c52e3929518bf7 87ece3682bbc4f6790cbcd827904cc74 - - - -] 10.0.0.32 "POST /v2.0/networks HTTP/1.1" status: 201 len: 830 time: 0.8482630
2026-06-24 19:14:09.485 10 INFO neutron.wsgi [None req-1c94f0e4-0c4d-48c2-bb10-818172401f53 8d3e8ab2cd6b436b98cd53be68c33727 f068bd37c5d34b3197ee7c2b2ba12f41 - - default default] 10.0.0.32 "GET /v2.0/ports/5b4538c0-4a21-4332-9c33-3987ab943123 HTTP/1.1" status: 200 len: 1020 time: 0.1179991
2026-06-24 19:14:09.560 9 INFO neutron.services.segments.plugin [-] Segment 36ca0a04-1f60-4e22-a7b2-ce67398d71c1 resource provider aggregate not found
2026-06-24 19:14:09.573 9 INFO neutron.services.segments.plugin [-] Segment 36ca0a04-1f60-4e22-a7b2-ce67398d71c1 resource provider aggregate not found
2026-06-24 19:14:09.595 9 INFO neutron.services.segments.plugin [-] Segment 36ca0a04-1f60-4e22-a7b2-ce67398d71c1 resource provider not found; error: Placement Client Error (4xx): {"errors": [{"status": 404, "title": "Not Found", "detail": "The resource could not be found.\n\n No resource provider with uuid 36ca0a04-1f60-4e22-a7b2-ce67398d71c1 found for delete ", "request_id": "req-18062225-dba9-453b-964b-7e3905e0e98f"}]}
2026-06-24 19:14:09.612 9 INFO neutron.services.segments.plugin [-] Segment 36ca0a04-1f60-4e22-a7b2-ce67398d71c1 resource provider not found; error: Placement Client Error (4xx): {"errors": [{"status": 404, "title": "Not Found", "detail": "The resource could not be found.\n\n No resource provider with uuid 36ca0a04-1f60-4e22-a7b2-ce67398d71c1 found for delete ", "request_id": "req-d872d812-cc73-48a9-a2d6-d9147d1d8d4f"}]}
2026-06-24 19:14:09.619 10 INFO neutron.wsgi [None req-f16541f8-282d-4cb4-862a-67efa3dbae57 8d3e8ab2cd6b436b98cd53be68c33727 f068bd37c5d34b3197ee7c2b2ba12f41 - - - -] 10.0.0.32 "DELETE /v2.0/trunks/5308748c-d157-40e2-9f9f-ce30a270e3fb HTTP/1.1" status: 204 len: 168 time: 0.1276388
2026-06-24 19:14:09.706 9 INFO neutron.wsgi [None req-6dbd61e6-48d6-4236-9b96-663b26ca1866 4f10f8e3456c45888ba084e75ba8851b 7ca197cbfedf46c6a1675ce45718ce58 - - - -] 10.0.0.32 "DELETE /v2.0/security-groups/cd46d4b9-aac6-4482-ad0f-9b3521f80bed HTTP/1.1" status: 204 len: 168 time: 0.4251990
2026-06-24 19:14:09.974 10 INFO neutron.wsgi [None req-89acf237-44b6-422d-9fe2-fea64ea843d8 8d3e8ab2cd6b436b98cd53be68c33727 f068bd37c5d34b3197ee7c2b2ba12f41 - - - -] 10.0.0.32 "DELETE /v2.0/ports/5b4538c0-4a21-4332-9c33-3987ab943123 HTTP/1.1" status: 204 len: 168 time: 0.3509085
2026-06-24 19:14:09.978 9 WARNING neutron.scheduler.dhcp_agent_scheduler [None req-028f76f2-fe1b-4757-924a-4fcb84e5488a 7662d5d846dc46f0a0c52e3929518bf7 87ece3682bbc4f6790cbcd827904cc74 - - - -] No more DHCP agents
2026-06-24 19:14:09.994 10 INFO neutron.db.ovn_revision_numbers_db [None req-f6ed8955-fd52-4c9c-a5c2-38e6e6298488 4f10f8e3456c45888ba084e75ba8851b 7ca197cbfedf46c6a1675ce45718ce58 - - default default] Successfully bumped revision number for resource 5dc7669a-4c6d-4903-a9e4-a0d4c0a8a9ae (type: security_groups) to 1
2026-06-24 19:14:10.004 9 WARNING neutron.api.rpc.agentnotifiers.dhcp_rpc_agent_api [None req-028f76f2-fe1b-4757-924a-4fcb84e5488a 7662d5d846dc46f0a0c52e3929518bf7 87ece3682bbc4f6790cbcd827904cc74 - - - -] Unable to schedule network 209bb1d6-843e-4639-89c0-99f6e50ea532: no agents available; will retry on subsequent port and subnet creation events.
2026-06-24 19:14:10.018 10 INFO neutron.wsgi [None req-f6ed8955-fd52-4c9c-a5c2-38e6e6298488 4f10f8e3456c45888ba084e75ba8851b 7ca197cbfedf46c6a1675ce45718ce58 - - default default] 10.0.0.32 "GET /v2.0/security-groups?tenant_id=5d60d0e365314b999aa9fd9ba5c5fb33&name=default HTTP/1.1" status: 200 len: 2996 time: 0.1939650
2026-06-24 19:14:10.207 10 INFO neutron.wsgi [None req-546c36df-d2bd-4c95-96bb-e69152bd125b 4f10f8e3456c45888ba084e75ba8851b 7ca197cbfedf46c6a1675ce45718ce58 - - - -] 10.0.0.32 "DELETE /v2.0/security-groups/5dc7669a-4c6d-4903-a9e4-a0d4c0a8a9ae HTTP/1.1" status: 204 len: 168 time: 0.1840529
2026-06-24 19:14:10.224 9 INFO neutron.wsgi [None req-d3ed7190-1c7b-4411-8f15-58f15c0ccb36 156a5bdfa9884d14a89fd28989548dc7 c681f5f93f0f4bacad0c05f30b2c6876 - - - -] 10.0.0.32 "DELETE /v2.0/networks/11513d3f-c94a-4b23-95c8-b6c20834dea8 HTTP/1.1" status: 204 len: 168 time: 0.8156226
2026-06-24 19:14:10.426 10 INFO neutron.services.segments.plugin [-] Segment 93c420de-9e69-493f-b0dd-e1c99c989b1e resource provider aggregate not found
2026-06-24 19:14:10.449 10 INFO neutron.services.segments.plugin [-] Segment 93c420de-9e69-493f-b0dd-e1c99c989b1e resource provider not found; error: Placement Client Error (4xx): {"errors": [{"status": 404, "title": "Not Found", "detail": "The resource could not be found.\n\n No resource provider with uuid 93c420de-9e69-493f-b0dd-e1c99c989b1e found for delete ", "request_id": "req-ed0e8d3b-a25d-4d8e-a9e5-435e860cb875"}]}
2026-06-24 19:14:10.450 10 INFO neutron.services.segments.plugin [-] Segment 93c420de-9e69-493f-b0dd-e1c99c989b1e resource provider aggregate not found
2026-06-24 19:14:10.470 10 INFO neutron.services.segments.plugin [-] Segment 93c420de-9e69-493f-b0dd-e1c99c989b1e resource provider not found; error: Placement Client Error (4xx): {"errors": [{"status": 404, "title": "Not Found", "detail": "The resource could not be found.\n\n No resource provider with uuid 93c420de-9e69-493f-b0dd-e1c99c989b1e found for delete ", "request_id": "req-a918a93d-bac3-4ef1-bd5b-b9ef78b6b773"}]}
2026-06-24 19:14:10.745 9 INFO neutron.wsgi [None req-7e0a4a86-b22f-4d5c-b05d-6bab30b72e9e 8d3e8ab2cd6b436b98cd53be68c33727 f068bd37c5d34b3197ee7c2b2ba12f41 - - - -] 10.0.0.32 "DELETE /v2.0/networks/e2aa8294-fd11-40e8-8fa1-c24dbe2fb6ff HTTP/1.1" status: 204 len: 168 time: 0.7625282
2026-06-24 19:14:10.940 9 INFO neutron.wsgi [None req-d698c8d5-d008-4e0a-8855-fb81e80b229c 156a5bdfa9884d14a89fd28989548dc7 c681f5f93f0f4bacad0c05f30b2c6876 - - - -] 10.0.0.32 "DELETE /v2.0/networks/bae7f06b-76a7-40f4-a916-8ead87b436a8 HTTP/1.1" status: 204 len: 168 time: 0.7083440
2026-06-24 19:14:10.979 9 INFO neutron.db.ovn_revision_numbers_db [None req-028f76f2-fe1b-4757-924a-4fcb84e5488a 7662d5d846dc46f0a0c52e3929518bf7 87ece3682bbc4f6790cbcd827904cc74 - - - -] Successfully bumped revision number for resource 9d3af9f5-c74d-4ba9-8226-197d044e6c9f (type: ports) to 2
2026-06-24 19:14:11.001 9 INFO neutron.db.ovn_revision_numbers_db [None req-028f76f2-fe1b-4757-924a-4fcb84e5488a 7662d5d846dc46f0a0c52e3929518bf7 87ece3682bbc4f6790cbcd827904cc74 - - - -] Successfully bumped revision number for resource 5caec5ee-0467-40a8-a264-38f452d6bfee (type: subnets) to 0
2026-06-24 19:14:11.018 9 INFO neutron.wsgi [None req-028f76f2-fe1b-4757-924a-4fcb84e5488a 7662d5d846dc46f0a0c52e3929518bf7 87ece3682bbc4f6790cbcd827904cc74 - - - -] 10.0.0.32 "POST /v2.0/subnets HTTP/1.1" status: 201 len: 801 time: 1.5311284
2026-06-24 19:14:11.406 9 WARNING neutron.scheduler.dhcp_agent_scheduler [None req-7035bc2c-d3b7-4b15-9726-fa14fc765ba2 7662d5d846dc46f0a0c52e3929518bf7 87ece3682bbc4f6790cbcd827904cc74 - - - -] No more DHCP agents
2026-06-24 19:14:11.409 9 WARNING neutron.api.rpc.agentnotifiers.dhcp_rpc_agent_api [None req-7035bc2c-d3b7-4b15-9726-fa14fc765ba2 7662d5d846dc46f0a0c52e3929518bf7 87ece3682bbc4f6790cbcd827904cc74 - - - -] Unable to schedule network 209bb1d6-843e-4639-89c0-99f6e50ea532: no agents available; will retry on subsequent port and subnet creation events.
2026-06-24 19:14:11.416 10 INFO neutron.wsgi [None req-61318a36-f635-4eff-b7c7-d25dbd34e1ca 156a5bdfa9884d14a89fd28989548dc7 c681f5f93f0f4bacad0c05f30b2c6876 - - - -] 10.0.0.32 "DELETE /v2.0/networks/0884a25e-3ed0-48ff-a9a1-019c65a26b25 HTTP/1.1" status: 204 len: 168 time: 0.4685938
2026-06-24 19:14:11.641 9 INFO neutron.services.segments.plugin [-] Segment 9b2baf02-4d77-4d46-b0f6-067b3f708e7d resource provider aggregate not found
2026-06-24 19:14:11.647 9 INFO neutron.services.segments.plugin [-] Segment 9b2baf02-4d77-4d46-b0f6-067b3f708e7d resource provider aggregate not found
2026-06-24 19:14:11.665 9 INFO neutron.db.ovn_revision_numbers_db [None req-7035bc2c-d3b7-4b15-9726-fa14fc765ba2 7662d5d846dc46f0a0c52e3929518bf7 87ece3682bbc4f6790cbcd827904cc74 - - - -] Successfully bumped revision number for resource 7ce28401-d23b-497a-9daa-2607a85f9d55 (type: ports) to 1
2026-06-24 19:14:11.670 9 INFO neutron.services.segments.plugin [-] Segment 9b2baf02-4d77-4d46-b0f6-067b3f708e7d resource provider not found; error: Placement Client Error (4xx): {"errors": [{"status": 404, "title": "Not Found", "detail": "The resource could not be found.\n\n No resource provider with uuid 9b2baf02-4d77-4d46-b0f6-067b3f708e7d found for delete ", "request_id": "req-a4c4ac77-9bd9-41ec-a778-f8cc177f849b"}]}
2026-06-24 19:14:11.678 9 INFO neutron.services.segments.plugin [-] Segment 9b2baf02-4d77-4d46-b0f6-067b3f708e7d resource provider not found; error: Placement Client Error (4xx): {"errors": [{"status": 404, "title": "Not Found", "detail": "The resource could not be found.\n\n No resource provider with uuid 9b2baf02-4d77-4d46-b0f6-067b3f708e7d found for delete ", "request_id": "req-66e160d7-408e-4dd2-bc4f-3aed9ea20eb2"}]}
2026-06-24 19:14:11.702 9 INFO neutron.services.segments.plugin [-] Segment 814a6bbd-e500-4044-bf96-99e6877f2746 resource provider aggregate not found
2026-06-24 19:14:11.708 9 INFO neutron.services.segments.plugin [-] Segment 814a6bbd-e500-4044-bf96-99e6877f2746 resource provider aggregate not found
2026-06-24 19:14:11.731 9 INFO neutron.services.segments.plugin [-] Segment 814a6bbd-e500-4044-bf96-99e6877f2746 resource provider not found; error: Placement Client Error (4xx): {"errors": [{"status": 404, "title": "Not Found", "detail": "The resource could not be found.\n\n No resource provider with uuid 814a6bbd-e500-4044-bf96-99e6877f2746 found for delete ", "request_id": "req-07464431-5a91-4a40-ba08-9b32f8673cd1"}]}
2026-06-24 19:14:11.737 9 INFO neutron.services.segments.plugin [-] Segment 814a6bbd-e500-4044-bf96-99e6877f2746 resource provider not found; error: Placement Client Error (4xx): {"errors": [{"status": 404, "title": "Not Found", "detail": "The resource could not be found.\n\n No resource provider with uuid 814a6bbd-e500-4044-bf96-99e6877f2746 found for delete ", "request_id": "req-e6db60e5-ac87-4a88-b53c-ea3c108000a1"}]}
2026-06-24 19:14:11.768 9 INFO neutron.services.segments.plugin [-] Segment aef382a0-af52-4b96-897b-3c907da39fd8 resource provider aggregate not found
2026-06-24 19:14:11.774 9 INFO neutron.services.segments.plugin [-] Segment aef382a0-af52-4b96-897b-3c907da39fd8 resource provider aggregate not found
2026-06-24 19:14:11.788 10 INFO neutron.wsgi [None req-9db26a0f-4425-4f57-ac41-291febfeef57 4f10f8e3456c45888ba084e75ba8851b 7ca197cbfedf46c6a1675ce45718ce58 - - default default] 10.0.0.32 "GET /v2.0/security-groups?tenant_id=f068bd37c5d34b3197ee7c2b2ba12f41&name=default HTTP/1.1" status: 200 len: 2996 time: 0.2981932
2026-06-24 19:14:11.790 9 INFO neutron.wsgi [None req-7035bc2c-d3b7-4b15-9726-fa14fc765ba2 7662d5d846dc46f0a0c52e3929518bf7 87ece3682bbc4f6790cbcd827904cc74 - - - -] 10.0.0.32 "POST /v2.0/ports HTTP/1.1" status: 201 len: 1110 time: 0.7667325
2026-06-24 19:14:11.800 9 INFO neutron.services.segments.plugin [-] Segment aef382a0-af52-4b96-897b-3c907da39fd8 resource provider not found; error: Placement Client Error (4xx): {"errors": [{"status": 404, "title": "Not Found", "detail": "The resource could not be found.\n\n No resource provider with uuid aef382a0-af52-4b96-897b-3c907da39fd8 found for delete ", "request_id": "req-a2621328-6bdc-4b2d-99da-c4010be798ee"}]}
2026-06-24 19:14:11.807 9 INFO neutron.services.segments.plugin [-] Segment aef382a0-af52-4b96-897b-3c907da39fd8 resource provider not found; error: Placement Client Error (4xx): {"errors": [{"status": 404, "title": "Not Found", "detail": "The resource could not be found.\n\n No resource provider with uuid aef382a0-af52-4b96-897b-3c907da39fd8 found for delete ", "request_id": "req-d07fce90-5c57-4284-9c31-ad5b7fdbdde1"}]}
2026-06-24 19:14:12.067 9 INFO neutron.wsgi [None req-80f0a2fe-20a4-4e57-ab90-69b80da83d4d 156a5bdfa9884d14a89fd28989548dc7 c681f5f93f0f4bacad0c05f30b2c6876 - - - -] 10.0.0.32 "DELETE /v2.0/networks/cebbe0d0-f8a7-46ef-bb1c-f03b0ce5e77e HTTP/1.1" status: 204 len: 168 time: 0.6377556
2026-06-24 19:14:12.110 10 INFO neutron.wsgi [None req-d90dc9a1-97da-48f8-9950-4d4ab294be01 4f10f8e3456c45888ba084e75ba8851b 7ca197cbfedf46c6a1675ce45718ce58 - - - -] 10.0.0.32 "DELETE /v2.0/security-groups/cdb46a79-92c8-4027-856b-a4b663a2b89c HTTP/1.1" status: 204 len: 168 time: 0.3106780
2026-06-24 19:14:12.204 10 INFO neutron.wsgi [None req-1c551d76-f6fc-4a74-ad68-72563a57fb4d 7662d5d846dc46f0a0c52e3929518bf7 87ece3682bbc4f6790cbcd827904cc74 - - - -] 10.0.0.32 "DELETE /v2.0/ports/7ce28401-d23b-497a-9daa-2607a85f9d55 HTTP/1.1" status: 204 len: 168 time: 0.4059772
2026-06-24 19:14:12.232 10 INFO neutron.pecan_wsgi.hooks.translation [None req-0f1abf9c-28d1-46c5-b428-0070966b82cd 7662d5d846dc46f0a0c52e3929518bf7 87ece3682bbc4f6790cbcd827904cc74 - - default default] GET failed (client error): The resource could not be found.
2026-06-24 19:14:12.234 10 INFO neutron.wsgi [None req-0f1abf9c-28d1-46c5-b428-0070966b82cd 7662d5d846dc46f0a0c52e3929518bf7 87ece3682bbc4f6790cbcd827904cc74 - - default default] 10.0.0.32 "GET /v2.0/ports/7ce28401-d23b-497a-9daa-2607a85f9d55 HTTP/1.1" status: 404 len: 333 time: 0.0253656
2026-06-24 19:14:12.316 9 INFO neutron.db.ovn_revision_numbers_db [None req-15dd24d8-74f2-4d3e-97da-0e3f1272260a 4f10f8e3456c45888ba084e75ba8851b 7ca197cbfedf46c6a1675ce45718ce58 - - default default] Successfully bumped revision number for resource e3300689-321a-4a7b-8e8b-94c32e29cbdf (type: security_groups) to 1
2026-06-24 19:14:12.340 9 INFO neutron.wsgi [None req-15dd24d8-74f2-4d3e-97da-0e3f1272260a 4f10f8e3456c45888ba084e75ba8851b 7ca197cbfedf46c6a1675ce45718ce58 - - default default] 10.0.0.32 "GET /v2.0/security-groups?tenant_id=c5f18fefac2e43f391f14d8d2561680b&name=default HTTP/1.1" status: 200 len: 2996 time: 0.1241879
2026-06-24 19:14:12.469 10 INFO neutron.services.segments.plugin [-] Segment e6b92115-96fd-4157-991b-5aab892a1dcb resource provider aggregate not found
2026-06-24 19:14:12.493 10 INFO neutron.services.segments.plugin [-] Segment e6b92115-96fd-4157-991b-5aab892a1dcb resource provider not found; error: Placement Client Error (4xx): {"errors": [{"status": 404, "title": "Not Found", "detail": "The resource could not be found.\n\n No resource provider with uuid e6b92115-96fd-4157-991b-5aab892a1dcb found for delete ", "request_id": "req-b371292f-3f89-4b67-863d-c6710f30a0e8"}]}
2026-06-24 19:14:12.494 10 INFO neutron.services.segments.plugin [-] Segment e6b92115-96fd-4157-991b-5aab892a1dcb resource provider aggregate not found
2026-06-24 19:14:12.507 9 INFO neutron.wsgi [None req-76c8f91c-a44e-4fc1-9cf3-76d33cadcd67 4f10f8e3456c45888ba084e75ba8851b 7ca197cbfedf46c6a1675ce45718ce58 - - - -] 10.0.0.32 "DELETE /v2.0/security-groups/e3300689-321a-4a7b-8e8b-94c32e29cbdf HTTP/1.1" status: 204 len: 168 time: 0.1616361
2026-06-24 19:14:12.518 10 INFO neutron.services.segments.plugin [-] Segment e6b92115-96fd-4157-991b-5aab892a1dcb resource provider not found; error: Placement Client Error (4xx): {"errors": [{"status": 404, "title": "Not Found", "detail": "The resource could not be found.\n\n No resource provider with uuid e6b92115-96fd-4157-991b-5aab892a1dcb found for delete ", "request_id": "req-080659b3-b5fa-4d9a-ad79-cd28e2df1d95"}]}
2026-06-24 19:14:12.522 10 INFO neutron.wsgi [None req-9c964fe6-f519-4230-891e-c35649197bb1 7662d5d846dc46f0a0c52e3929518bf7 87ece3682bbc4f6790cbcd827904cc74 - - - -] 10.0.0.32 "DELETE /v2.0/subnets/5caec5ee-0467-40a8-a264-38f452d6bfee HTTP/1.1" status: 204 len: 168 time: 0.2797763
2026-06-24 19:14:12.978 10 INFO neutron.wsgi [None req-ed4cdada-a182-48f5-a86f-5568b7d213cb 7662d5d846dc46f0a0c52e3929518bf7 87ece3682bbc4f6790cbcd827904cc74 - - - -] 10.0.0.32 "DELETE /v2.0/networks/209bb1d6-843e-4639-89c0-99f6e50ea532 HTTP/1.1" status: 204 len: 168 time: 0.4528430
2026-06-24 19:14:13.177 9 INFO neutron.db.ovn_revision_numbers_db [None req-63309f89-6998-4076-bf91-bfc9f04bab71 4f10f8e3456c45888ba084e75ba8851b 7ca197cbfedf46c6a1675ce45718ce58 - - default default] Successfully bumped revision number for resource ce293332-ddde-4f48-90f9-c54d92e2f0bc (type: security_groups) to 1
2026-06-24 19:14:13.214 9 INFO neutron.wsgi [None req-63309f89-6998-4076-bf91-bfc9f04bab71 4f10f8e3456c45888ba084e75ba8851b 7ca197cbfedf46c6a1675ce45718ce58 - - default default] 10.0.0.32 "GET /v2.0/security-groups?tenant_id=67976dc9d2db4e2da9c7110e994c0f14&name=default HTTP/1.1" status: 200 len: 2996 time: 0.3407793
2026-06-24 19:14:13.275 9 WARNING neutron.scheduler.dhcp_agent_scheduler [None req-f3714f9d-98bf-4ec7-b0eb-fffe21a39dfb 7662d5d846dc46f0a0c52e3929518bf7 87ece3682bbc4f6790cbcd827904cc74 - - - -] No more DHCP agents
2026-06-24 19:14:13.277 9 WARNING neutron.api.rpc.agentnotifiers.dhcp_rpc_agent_api [None req-f3714f9d-98bf-4ec7-b0eb-fffe21a39dfb 7662d5d846dc46f0a0c52e3929518bf7 87ece3682bbc4f6790cbcd827904cc74 - - - -] Unable to schedule network 26ca999d-75b9-420a-b625-ae41f52ce14e: no agents available; will retry on subsequent port and subnet creation events.
2026-06-24 19:14:13.358 9 INFO neutron.db.ovn_revision_numbers_db [None req-f3714f9d-98bf-4ec7-b0eb-fffe21a39dfb 7662d5d846dc46f0a0c52e3929518bf7 87ece3682bbc4f6790cbcd827904cc74 - - - -] Successfully bumped revision number for resource 8cc78415-4d23-4dac-bb02-3a5c45e7e050 (type: ports) to 1
2026-06-24 19:14:13.383 9 INFO neutron.wsgi [None req-f3714f9d-98bf-4ec7-b0eb-fffe21a39dfb 7662d5d846dc46f0a0c52e3929518bf7 87ece3682bbc4f6790cbcd827904cc74 - - - -] 10.0.0.32 "POST /v2.0/ports HTTP/1.1" status: 201 len: 974 time: 0.3977468 /var/lib/openstack/lib/python3.10/site-packages/pycadf/identifier.py:71: UserWarning: Invalid uuid: neutron. To ensure interoperability, identifiers should be a valid uuid. warnings.warn(('Invalid uuid: %s. To ensure interoperability, '
2026-06-24 19:14:13.409 10 INFO neutron.wsgi [None req-9b357f0a-185a-4f3e-af64-37a05e1e9a30 4f10f8e3456c45888ba084e75ba8851b 7ca197cbfedf46c6a1675ce45718ce58 - - - -] 10.0.0.32 "DELETE /v2.0/security-groups/ce293332-ddde-4f48-90f9-c54d92e2f0bc HTTP/1.1" status: 204 len: 168 time: 0.1872094
2026-06-24 19:14:13.528 10 INFO neutron.wsgi [None req-e838c268-8896-4cb0-8778-e9c0e9e34812 4f10f8e3456c45888ba084e75ba8851b 7ca197cbfedf46c6a1675ce45718ce58 - - default default] 10.0.0.32 "GET /v2.0/security-groups?tenant_id=c681f5f93f0f4bacad0c05f30b2c6876&name=default HTTP/1.1" status: 200 len: 2996 time: 0.0322883
2026-06-24 19:14:13.733 10 INFO neutron.wsgi [None req-25279c65-2b4a-473b-ae09-fb3d6c88fbd6 4f10f8e3456c45888ba084e75ba8851b 7ca197cbfedf46c6a1675ce45718ce58 - - - -] 10.0.0.32 "DELETE /v2.0/security-groups/ebb86deb-853a-4ae4-85b2-f9887a8d73e8 HTTP/1.1" status: 204 len: 168 time: 0.2003267
2026-06-24 19:14:13.828 9 INFO neutron.services.segments.plugin [-] Segment 51db640a-5a83-4569-9517-9b4a3c20c172 resource provider aggregate not found
2026-06-24 19:14:13.849 9 INFO neutron.services.segments.plugin [-] Segment 51db640a-5a83-4569-9517-9b4a3c20c172 resource provider aggregate not found
2026-06-24 19:14:13.856 9 INFO neutron.services.segments.plugin [-] Segment 51db640a-5a83-4569-9517-9b4a3c20c172 resource provider not found; error: Placement Client Error (4xx): {"errors": [{"status": 404, "title": "Not Found", "detail": "The resource could not be found.\n\n No resource provider with uuid 51db640a-5a83-4569-9517-9b4a3c20c172 found for delete ", "request_id": "req-a9300910-1510-418f-9710-e697672c7eac"}]}
2026-06-24 19:14:13.874 9 INFO neutron.services.segments.plugin [-] Segment 51db640a-5a83-4569-9517-9b4a3c20c172 resource provider not found; error: Placement Client Error (4xx): {"errors": [{"status": 404, "title": "Not Found", "detail": "The resource could not be found.\n\n No resource provider with uuid 51db640a-5a83-4569-9517-9b4a3c20c172 found for delete ", "request_id": "req-18aab868-63e3-4dbc-8473-922e2089c089"}]}
2026-06-24 19:14:14.026 9 INFO neutron.db.ovn_revision_numbers_db [None req-026aa068-4b52-455b-a485-bcc01a277bd0 4f10f8e3456c45888ba084e75ba8851b 7ca197cbfedf46c6a1675ce45718ce58 - - default default] Successfully bumped revision number for resource d981335e-9cd3-40a3-b8df-3121056acad3 (type: security_groups) to 1
2026-06-24 19:14:14.048 9 INFO neutron.db.ovn_revision_numbers_db [None req-cac74720-a068-49b1-ae2a-b1346b4328a0 7662d5d846dc46f0a0c52e3929518bf7 87ece3682bbc4f6790cbcd827904cc74 - - - -] Successfully bumped revision number for resource 8cc78415-4d23-4dac-bb02-3a5c45e7e050 (type: ports) to 2
2026-06-24 19:14:14.051 9 INFO neutron.wsgi [None req-026aa068-4b52-455b-a485-bcc01a277bd0 4f10f8e3456c45888ba084e75ba8851b 7ca197cbfedf46c6a1675ce45718ce58 - - default default] 10.0.0.32 "GET /v2.0/security-groups?tenant_id=b7003fb83486446187dba347ddc92e0d&name=default HTTP/1.1" status: 200 len: 2996 time: 0.2119014
2026-06-24 19:14:14.059 9 INFO neutron.wsgi [None req-cac74720-a068-49b1-ae2a-b1346b4328a0 7662d5d846dc46f0a0c52e3929518bf7 87ece3682bbc4f6790cbcd827904cc74 - - - -] 10.0.0.32 "PUT /v2.0/ports/8cc78415-4d23-4dac-bb02-3a5c45e7e050 HTTP/1.1" status: 200 len: 946 time: 0.6684725 /var/lib/openstack/lib/python3.10/site-packages/pycadf/identifier.py:71: UserWarning: Invalid uuid: neutron. To ensure interoperability, identifiers should be a valid uuid. warnings.warn(('Invalid uuid: %s. To ensure interoperability, '
2026-06-24 19:14:14.254 10 INFO neutron.wsgi [None req-1c1129c2-2883-4673-bda6-a04c2c482cea 4f10f8e3456c45888ba084e75ba8851b 7ca197cbfedf46c6a1675ce45718ce58 - - - -] 10.0.0.32 "DELETE /v2.0/security-groups/d981335e-9cd3-40a3-b8df-3121056acad3 HTTP/1.1" status: 204 len: 168 time: 0.1954103
2026-06-24 19:14:14.334 9 INFO neutron.wsgi [None req-a2de365b-863b-4e90-88aa-9f32912b0d50 7662d5d846dc46f0a0c52e3929518bf7 87ece3682bbc4f6790cbcd827904cc74 - - - -] 10.0.0.32 "DELETE /v2.0/ports/8cc78415-4d23-4dac-bb02-3a5c45e7e050 HTTP/1.1" status: 204 len: 168 time: 0.2701330
2026-06-24 19:14:14.364 10 INFO neutron.wsgi [None req-e6374a60-14c1-43e9-ad52-810488d54d77 4f10f8e3456c45888ba084e75ba8851b 7ca197cbfedf46c6a1675ce45718ce58 - - default default] 10.0.0.196 "GET /v2.0/security-groups HTTP/1.1" status: 200 len: 19579 time: 0.2528126
2026-06-24 19:14:14.411 10 INFO neutron.wsgi [None req-b725acbf-64b2-4fd0-9246-0bfc0b6e76fe 4f10f8e3456c45888ba084e75ba8851b 7ca197cbfedf46c6a1675ce45718ce58 - - default default] 10.0.0.196 "GET /v2.0/ports HTTP/1.1" status: 200 len: 7014 time: 0.0368264
2026-06-24 19:14:14.439 10 INFO neutron.wsgi [None req-56d7d98d-760e-412a-927e-418788c78679 4f10f8e3456c45888ba084e75ba8851b 7ca197cbfedf46c6a1675ce45718ce58 - - default default] 10.0.0.196 "GET /v2.0/agents HTTP/1.1" status: 200 len: 997 time: 0.0224171
2026-06-24 19:14:14.443 9 INFO neutron.wsgi [None req-bd2d1bfb-5190-4cee-9dca-b7ff28f0e0e6 7662d5d846dc46f0a0c52e3929518bf7 87ece3682bbc4f6790cbcd827904cc74 - - default default] 10.0.0.32 "GET /v2.0/ports HTTP/1.1" status: 200 len: 1729 time: 0.1035633
2026-06-24 19:14:14.467 10 INFO neutron.wsgi [None req-adbdf8cd-09d2-417e-8040-6f7a01e4ccbc 4f10f8e3456c45888ba084e75ba8851b 7ca197cbfedf46c6a1675ce45718ce58 - - default default] 10.0.0.196 "GET /v2.0/floatingips HTTP/1.1" status: 200 len: 193 time: 0.0260448
2026-06-24 19:14:14.469 9 INFO neutron.pecan_wsgi.hooks.translation [None req-4269ec9b-69f6-4150-bf5b-e0488a511b86 7662d5d846dc46f0a0c52e3929518bf7 87ece3682bbc4f6790cbcd827904cc74 - - default default] GET failed (client error): The resource could not be found.
2026-06-24 19:14:14.471 9 INFO neutron.wsgi [None req-4269ec9b-69f6-4150-bf5b-e0488a511b86 7662d5d846dc46f0a0c52e3929518bf7 87ece3682bbc4f6790cbcd827904cc74 - - default default] 10.0.0.32 "GET /v2.0/ports/8cc78415-4d23-4dac-bb02-3a5c45e7e050 HTTP/1.1" status: 404 len: 333 time: 0.0229287
2026-06-24 19:14:14.482 10 INFO neutron.wsgi [None req-91ade727-e2df-4e31-9cf1-92527ce27f87 4f10f8e3456c45888ba084e75ba8851b 7ca197cbfedf46c6a1675ce45718ce58 - - default default] 10.0.0.196 "GET /v2.0/network-ip-availabilities HTTP/1.1" status: 200 len: 1560 time: 0.0151801
2026-06-24 19:14:14.518 9 INFO neutron.wsgi [None req-f9972d25-b449-4fcb-b5b6-3477daa793ce 7662d5d846dc46f0a0c52e3929518bf7 87ece3682bbc4f6790cbcd827904cc74 - - default default] 10.0.0.32 "GET /v2.0/ports HTTP/1.1" status: 200 len: 1729 time: 0.0408871
2026-06-24 19:14:14.534 10 INFO neutron.services.segments.plugin [-] Segment b9c0f158-4a70-46cc-94f9-0e6a6830004c resource provider aggregate not found
2026-06-24 19:14:14.541 10 INFO neutron.wsgi [None req-6d16f6ec-1f19-4962-8f82-873e1dea64f1 4f10f8e3456c45888ba084e75ba8851b 7ca197cbfedf46c6a1675ce45718ce58 - - default default] 10.0.0.196 "GET /v2.0/subnets HTTP/1.1" status: 200 len: 1437 time: 0.0573289
2026-06-24 19:14:14.548 10 INFO neutron.services.segments.plugin [-] Segment b9c0f158-4a70-46cc-94f9-0e6a6830004c resource provider aggregate not found
2026-06-24 19:14:14.553 10 INFO neutron.services.segments.plugin [-] Segment b9c0f158-4a70-46cc-94f9-0e6a6830004c resource provider not found; error: Placement Client Error (4xx): {"errors": [{"status": 404, "title": "Not Found", "detail": "The resource could not be found.\n\n No resource provider with uuid b9c0f158-4a70-46cc-94f9-0e6a6830004c found for delete ", "request_id": "req-da8f9e46-1e50-4750-ac75-588be56ba49d"}]}
2026-06-24 19:14:14.560 10 INFO neutron.wsgi [None req-ea3e9eab-8c5e-4fa7-b7d3-7b54bd61f85f 4f10f8e3456c45888ba084e75ba8851b 7ca197cbfedf46c6a1675ce45718ce58 - - default default] 10.0.0.196 "GET /v2.0/subnetpools HTTP/1.1" status: 200 len: 193 time: 0.0184138
2026-06-24 19:14:14.573 10 INFO neutron.services.segments.plugin [-] Segment b9c0f158-4a70-46cc-94f9-0e6a6830004c resource provider not found; error: Placement Client Error (4xx): {"errors": [{"status": 404, "title": "Not Found", "detail": "The resource could not be found.\n\n No resource provider with uuid b9c0f158-4a70-46cc-94f9-0e6a6830004c found for delete ", "request_id": "req-fe773092-7e95-467b-9376-d0bfdb945a71"}]}
2026-06-24 19:14:14.575 9 INFO neutron.wsgi [None req-b8ac148c-f262-4b76-920f-bca402d64803 7662d5d846dc46f0a0c52e3929518bf7 87ece3682bbc4f6790cbcd827904cc74 - - default default] 10.0.0.32 "GET /v2.0/ports/927b1b18-03a6-4a21-8d9b-2aa24612685f HTTP/1.1" status: 200 len: 969 time: 0.0449762
2026-06-24 19:14:14.604 9 INFO neutron.pecan_wsgi.hooks.translation [None req-09eae7e6-2511-41b9-adbb-c073ff8af920 7662d5d846dc46f0a0c52e3929518bf7 87ece3682bbc4f6790cbcd827904cc74 - - - -] DELETE failed (client error): The resource could not be found.
2026-06-24 19:14:14.607 9 INFO neutron.wsgi [None req-09eae7e6-2511-41b9-adbb-c073ff8af920 7662d5d846dc46f0a0c52e3929518bf7 87ece3682bbc4f6790cbcd827904cc74 - - - -] 10.0.0.32 "DELETE /v2.0/ports/7ce28401-d23b-497a-9daa-2607a85f9d55 HTTP/1.1" status: 404 len: 333 time: 0.0259385
2026-06-24 19:14:14.627 10 INFO neutron.wsgi [None req-bf6c19b1-4258-47cf-9ce4-7ed68047b2fa 4f10f8e3456c45888ba084e75ba8851b 7ca197cbfedf46c6a1675ce45718ce58 - - default default] 10.0.0.196 "GET /v2.0/networks HTTP/1.1" status: 200 len: 3069 time: 0.0627437
