2026-06-24 19:12:39.251 10 INFO neutron.db.ovn_revision_numbers_db [None req-966b1bc5-d6ac-45b6-985c-c7eea4fe3300 19f88b8610924c5d8224caa8949c3a0c 7fcc6baa08da4d2cb41fbca27bf36c35 - - - -] Successfully bumped revision number for resource 9a2bed98-6eae-4cd0-9667-6c8a91503fa0 (type: ports) to 1
2026-06-24 19:12:39.279 10 INFO neutron.wsgi [None req-966b1bc5-d6ac-45b6-985c-c7eea4fe3300 19f88b8610924c5d8224caa8949c3a0c 7fcc6baa08da4d2cb41fbca27bf36c35 - - - -] 10.0.0.32 "POST /v2.0/networks HTTP/1.1" status: 201 len: 830 time: 0.6918039
2026-06-24 19:12:39.388 10 INFO neutron.db.segments_db [None req-fa0a7d03-5fda-4063-993e-dfc8c71b9145 19f88b8610924c5d8224caa8949c3a0c 7fcc6baa08da4d2cb41fbca27bf36c35 - - - -] Added segment fc6024e0-ab1e-4086-a777-fbd018e6cede of type geneve for network e21c017d-75c0-4794-bfd0-10b2432f7111
2026-06-24 19:12:39.536 10 INFO neutron.db.ovn_revision_numbers_db [None req-fa0a7d03-5fda-4063-993e-dfc8c71b9145 19f88b8610924c5d8224caa8949c3a0c 7fcc6baa08da4d2cb41fbca27bf36c35 - - - -] Successfully bumped revision number for resource e21c017d-75c0-4794-bfd0-10b2432f7111 (type: networks) to 1
2026-06-24 19:12:39.785 10 WARNING neutron.scheduler.dhcp_agent_scheduler [None req-fa0a7d03-5fda-4063-993e-dfc8c71b9145 19f88b8610924c5d8224caa8949c3a0c 7fcc6baa08da4d2cb41fbca27bf36c35 - - - -] No more DHCP agents
2026-06-24 19:12:39.793 10 WARNING neutron.api.rpc.agentnotifiers.dhcp_rpc_agent_api [None req-fa0a7d03-5fda-4063-993e-dfc8c71b9145 19f88b8610924c5d8224caa8949c3a0c 7fcc6baa08da4d2cb41fbca27bf36c35 - - - -] Unable to schedule network e21c017d-75c0-4794-bfd0-10b2432f7111: no agents available; will retry on subsequent port and subnet creation events.
2026-06-24 19:12:39.916 10 INFO neutron.db.ovn_revision_numbers_db [None req-fa0a7d03-5fda-4063-993e-dfc8c71b9145 19f88b8610924c5d8224caa8949c3a0c 7fcc6baa08da4d2cb41fbca27bf36c35 - - - -] Successfully bumped revision number for resource b82b28a1-8a79-431e-aeac-ae718815a4b8 (type: ports) to 1
2026-06-24 19:12:39.978 10 INFO neutron.wsgi [None req-fa0a7d03-5fda-4063-993e-dfc8c71b9145 19f88b8610924c5d8224caa8949c3a0c 7fcc6baa08da4d2cb41fbca27bf36c35 - - - -] 10.0.0.32 "POST /v2.0/networks HTTP/1.1" status: 201 len: 831 time: 0.6935384 /var/lib/openstack/lib/python3.10/site-packages/pycadf/identifier.py:71: UserWarning: Invalid uuid: neutron. To ensure interoperability, identifiers should be a valid uuid. warnings.warn(('Invalid uuid: %s. To ensure interoperability, '
2026-06-24 19:12:40.040 9 INFO neutron.wsgi [None req-a32c9cfb-b720-4707-941f-81eb76567151 19f88b8610924c5d8224caa8949c3a0c 7fcc6baa08da4d2cb41fbca27bf36c35 - - - -] 10.0.0.32 "PUT /v2.0/networks/f0e0d2a7-0503-419f-b1f8-a97f11655dc9/tags HTTP/1.1" status: 200 len: 210 time: 0.0552659
2026-06-24 19:12:40.098 9 INFO neutron.wsgi [None req-321cd1b8-7d9a-44e2-aef0-1b67302f3dae 19f88b8610924c5d8224caa8949c3a0c 7fcc6baa08da4d2cb41fbca27bf36c35 - - - -] 10.0.0.32 "PUT /v2.0/networks/e8905545-c907-4e22-b50c-9cd47292e614/tags HTTP/1.1" status: 200 len: 218 time: 0.0513599
2026-06-24 19:12:40.118 10 INFO neutron.wsgi [None req-32a700da-13ad-4120-bf04-69c5e71f20ea 7ec65932304445b4bc8c4402e5b13f70 810c2aef5f064a2a98dde81ac5306e60 - - - -] 10.0.0.32 "PUT /v2.0/routers/fe1c25ff-fbe1-4daa-94e8-96c49dd6e30a/remove_router_interface HTTP/1.1" status: 200 len: 503 time: 0.9386060 /var/lib/openstack/lib/python3.10/site-packages/pycadf/identifier.py:71: UserWarning: Invalid uuid: neutron. To ensure interoperability, identifiers should be a valid uuid. warnings.warn(('Invalid uuid: %s. To ensure interoperability, '
2026-06-24 19:12:40.147 10 INFO neutron.wsgi [None req-f1d58e09-b725-4631-918a-ab82f6316977 7ec65932304445b4bc8c4402e5b13f70 810c2aef5f064a2a98dde81ac5306e60 - - default default] 10.0.0.32 "GET /v2.0/ports?device_id=fe1c25ff-fbe1-4daa-94e8-96c49dd6e30a HTTP/1.1" status: 200 len: 205 time: 0.0231314
2026-06-24 19:12:40.151 9 INFO neutron.wsgi [None req-cafccc38-4dc8-49e6-a94e-1d822f955281 19f88b8610924c5d8224caa8949c3a0c 7fcc6baa08da4d2cb41fbca27bf36c35 - - - -] 10.0.0.32 "PUT /v2.0/networks/c06c73fc-90fd-4afe-8414-956375ce7590/tags HTTP/1.1" status: 200 len: 227 time: 0.0466795
2026-06-24 19:12:40.152 10 INFO neutron.wsgi [req-f939945f-ec75-44bb-aab3-e165042546ff req-19ac0ef5-6eb2-4eaa-b239-0913d5ade8c0 bfa64a42334745138205fc3873cbb37f ce62fc5fd7044b2b930f0189dbe86ff8 - - default default] 10.0.0.181 "GET /v2.0/ports?device_id=402e6dae-4e72-4b45-a404-17a46794a862 HTTP/1.1" status: 200 len: 1170 time: 0.1487682
2026-06-24 19:12:40.212 9 INFO neutron.wsgi [None req-8228663e-0948-42fe-b52b-eda8787b9020 19f88b8610924c5d8224caa8949c3a0c 7fcc6baa08da4d2cb41fbca27bf36c35 - - - -] 10.0.0.32 "PUT /v2.0/networks/cc88f394-023c-4fdd-a888-c01e20ef4bd7/tags HTTP/1.1" status: 200 len: 212 time: 0.0551651
2026-06-24 19:12:40.242 10 INFO neutron.wsgi [req-f939945f-ec75-44bb-aab3-e165042546ff req-22fc692a-1a51-4137-bc7b-3e96e937e8e3 bfa64a42334745138205fc3873cbb37f ce62fc5fd7044b2b930f0189dbe86ff8 - - default default] 10.0.0.181 "GET /v2.0/security-groups?id=cfb179bf-e8c0-4cab-a69f-a46b4c17bdd9&fields=id&fields=name HTTP/1.1" status: 200 len: 313 time: 0.0783393
2026-06-24 19:12:40.316 9 INFO neutron.wsgi [None req-c843ef12-7b46-4adc-ac03-7d0ecaac2895 19f88b8610924c5d8224caa8949c3a0c 7fcc6baa08da4d2cb41fbca27bf36c35 - - default default] 10.0.0.32 "GET /v2.0/networks?tags=red HTTP/1.1" status: 200 len: 2068 time: 0.0988867
2026-06-24 19:12:40.421 9 INFO neutron.wsgi [None req-a4e23e81-8a03-464e-a91b-8d5d68f2e019 19f88b8610924c5d8224caa8949c3a0c 7fcc6baa08da4d2cb41fbca27bf36c35 - - default default] 10.0.0.32 "GET /v2.0/networks?tags=red%2Cblue HTTP/1.1" status: 200 len: 1456 time: 0.0961494
2026-06-24 19:12:40.662 10 INFO neutron.wsgi [req-8e05787d-5df0-487d-80a4-e608eb08ca89 req-42f65645-1907-406f-9d62-afa947f2db97 bfa64a42334745138205fc3873cbb37f ce62fc5fd7044b2b930f0189dbe86ff8 - - default default] 10.0.0.181 "GET /v2.0/ports?device_id=402e6dae-4e72-4b45-a404-17a46794a862 HTTP/1.1" status: 200 len: 1170 time: 0.0834241
2026-06-24 19:12:40.751 10 INFO neutron.wsgi [req-8e05787d-5df0-487d-80a4-e608eb08ca89 req-51a23b3c-f989-465d-b4b4-111e2e4fac54 bfa64a42334745138205fc3873cbb37f ce62fc5fd7044b2b930f0189dbe86ff8 - - default default] 10.0.0.181 "GET /v2.0/security-groups?id=cfb179bf-e8c0-4cab-a69f-a46b4c17bdd9&fields=id&fields=name HTTP/1.1" status: 200 len: 313 time: 0.0702972
2026-06-24 19:12:40.766 9 INFO neutron.wsgi [None req-e73d476b-7642-403e-ba2f-73a79768084c 19f88b8610924c5d8224caa8949c3a0c 7fcc6baa08da4d2cb41fbca27bf36c35 - - default default] 10.0.0.32 "GET /v2.0/networks?tags-any=blue HTTP/1.1" status: 200 len: 1456 time: 0.3411853
2026-06-24 19:12:40.779 10 INFO neutron.wsgi [None req-a5ea3690-98d4-4444-a7ea-bb3fb8bd21bd 7ec65932304445b4bc8c4402e5b13f70 810c2aef5f064a2a98dde81ac5306e60 - - - -] 10.0.0.32 "DELETE /v2.0/routers/fe1c25ff-fbe1-4daa-94e8-96c49dd6e30a HTTP/1.1" status: 204 len: 168 time: 0.6261921
2026-06-24 19:12:40.884 9 INFO neutron.wsgi [None req-dbddba8f-ca18-4dd0-b358-151db4f0f911 19f88b8610924c5d8224caa8949c3a0c 7fcc6baa08da4d2cb41fbca27bf36c35 - - default default] 10.0.0.32 "GET /v2.0/networks?tags-any=red%2Cblue HTTP/1.1" status: 200 len: 2068 time: 0.1139276
2026-06-24 19:12:41.040 9 INFO neutron.wsgi [None req-4a4f647a-a074-4e49-be1e-5ed692033766 19f88b8610924c5d8224caa8949c3a0c 7fcc6baa08da4d2cb41fbca27bf36c35 - - default default] 10.0.0.32 "GET /v2.0/networks?not-tags=red HTTP/1.1" status: 200 len: 2068 time: 0.1493828
2026-06-24 19:12:41.045 9 INFO neutron.wsgi [req-e94a186f-69b5-4740-be38-f59e026f3c02 req-8294dfe9-99e0-4f42-9bc6-d9f6072471df bfa64a42334745138205fc3873cbb37f ce62fc5fd7044b2b930f0189dbe86ff8 - - default default] 199.19.213.176 "GET /v2.0/ports?device_id=402e6dae-4e72-4b45-a404-17a46794a862 HTTP/1.1" status: 200 len: 1170 time: 0.2349825
2026-06-24 19:12:41.070 10 INFO neutron.wsgi [None req-f577d675-94a3-4895-be9f-92817e55dcd3 7ec65932304445b4bc8c4402e5b13f70 810c2aef5f064a2a98dde81ac5306e60 - - - -] 10.0.0.32 "DELETE /v2.0/subnets/60022a51-9eec-4124-9804-ec949ab34562 HTTP/1.1" status: 204 len: 168 time: 0.2860134
2026-06-24 19:12:41.204 9 INFO neutron.wsgi [None req-3064a8ac-b921-4986-af02-414550a616b9 19f88b8610924c5d8224caa8949c3a0c 7fcc6baa08da4d2cb41fbca27bf36c35 - - default default] 10.0.0.32 "GET /v2.0/networks?not-tags=red%2Cblue HTTP/1.1" status: 200 len: 2680 time: 0.1570203
2026-06-24 19:12:41.314 10 INFO neutron.wsgi [None req-30673525-ff4d-4048-8d1a-ff6834e30d19 7ec65932304445b4bc8c4402e5b13f70 810c2aef5f064a2a98dde81ac5306e60 - - - -] 10.0.0.32 "DELETE /v2.0/subnets/6299a641-d238-4a41-81c5-c849bea9e77b HTTP/1.1" status: 204 len: 168 time: 0.2404532
2026-06-24 19:12:41.364 9 INFO neutron.wsgi [None req-5934ee9b-4557-4e83-a953-67fa8a574007 19f88b8610924c5d8224caa8949c3a0c 7fcc6baa08da4d2cb41fbca27bf36c35 - - default default] 10.0.0.32 "GET /v2.0/networks?not-tags-any=blue HTTP/1.1" status: 200 len: 2680 time: 0.1534209
2026-06-24 19:12:41.498 10 INFO neutron.wsgi [None req-932cd7a3-8fd9-4962-bf50-57baf9a5347c 19f88b8610924c5d8224caa8949c3a0c 7fcc6baa08da4d2cb41fbca27bf36c35 - - default default] 10.0.0.32 "GET /v2.0/networks?not-tags-any=red%2Cblue HTTP/1.1" status: 200 len: 2068 time: 0.1200454
2026-06-24 19:12:41.579 9 INFO neutron.db.l3_db [None req-48304ab8-c081-4feb-986b-041337703625 bfa64a42334745138205fc3873cbb37f ce62fc5fd7044b2b930f0189dbe86ff8 - - - -] Floating IP 591b51f8-0565-425b-916a-7128faec4967 disassociated. External IP: 10.96.250.212, port: ce0db0aa-fb5a-4fb4-b6bc-a8c0d8aaf0e3.
2026-06-24 19:12:41.734 9 INFO neutron.wsgi [None req-d2dceb59-f883-44fa-97be-5fb42747b575 0c5bae27bb744c4cb45f65ad83fd9762 eea43b44569b44fa909e3880ef89c646 - - default default] 10.0.0.32 "GET /v2.0/ports?project_id=ad37b4197c0f4bf394c34c2f535c41cf&network_id=39e0e982-54d1-4b1a-9e18-49f931242f98 HTTP/1.1" status: 200 len: 3462 time: 0.0743859
2026-06-24 19:12:41.838 9 INFO neutron.wsgi [None req-48304ab8-c081-4feb-986b-041337703625 bfa64a42334745138205fc3873cbb37f ce62fc5fd7044b2b930f0189dbe86ff8 - - - -] 199.19.213.176 "DELETE /v2.0/ports/ce0db0aa-fb5a-4fb4-b6bc-a8c0d8aaf0e3 HTTP/1.1" status: 204 len: 173 time: 0.7824633 /var/lib/openstack/lib/python3.10/site-packages/pycadf/identifier.py:71: UserWarning: Invalid uuid: neutron. To ensure interoperability, identifiers should be a valid uuid. warnings.warn(('Invalid uuid: %s. To ensure interoperability, '
2026-06-24 19:12:41.883 10 INFO neutron.wsgi [req-3f470537-cc4a-45bc-8fbe-cbcc7a3158c1 req-aca989a0-fb30-4091-8886-691a3aebac8d bfa64a42334745138205fc3873cbb37f ce62fc5fd7044b2b930f0189dbe86ff8 - - default default] 10.0.0.181 "GET /v2.0/ports?device_id=402e6dae-4e72-4b45-a404-17a46794a862 HTTP/1.1" status: 200 len: 210 time: 0.0296707
2026-06-24 19:12:41.883 9 INFO neutron.notifiers.nova [-] Nova event matching ['req-3a9993f7-dda7-4e45-97b6-2ae4a1a23376'] response: {'server_uuid': '402e6dae-4e72-4b45-a404-17a46794a862', 'name': 'network-vif-deleted', 'tag': 'ce0db0aa-fb5a-4fb4-b6bc-a8c0d8aaf0e3', 'status': 'completed', 'code': 200}
2026-06-24 19:12:42.006 10 INFO neutron.services.segments.plugin [-] Segment b906f7f7-61f2-4320-a418-59e2f0f75fd2 resource provider aggregate not found
2026-06-24 19:12:42.013 10 INFO neutron.services.segments.plugin [-] Segment b906f7f7-61f2-4320-a418-59e2f0f75fd2 resource provider aggregate not found
2026-06-24 19:12:42.029 9 INFO neutron.wsgi [None req-2e4031b4-aa6d-4103-9e6b-11883a239fb6 0c5bae27bb744c4cb45f65ad83fd9762 eea43b44569b44fa909e3880ef89c646 - - default default] 10.0.0.32 "GET /v2.0/subnets?network_id=55253de1-2e58-4f71-a573-4da169fafa06 HTTP/1.1" status: 200 len: 838 time: 0.0354567
2026-06-24 19:12:42.036 10 INFO neutron.services.segments.plugin [-] Segment b906f7f7-61f2-4320-a418-59e2f0f75fd2 resource provider not found; error: Placement Client Error (4xx): {"errors": [{"status": 404, "title": "Not Found", "detail": "The resource could not be found.\n\n No resource provider with uuid b906f7f7-61f2-4320-a418-59e2f0f75fd2 found for delete ", "request_id": "req-1ecba972-7b48-4fa6-a42b-634a718a9764"}]}
2026-06-24 19:12:42.037 10 INFO neutron.services.segments.plugin [-] Segment b906f7f7-61f2-4320-a418-59e2f0f75fd2 resource provider not found; error: Placement Client Error (4xx): {"errors": [{"status": 404, "title": "Not Found", "detail": "The resource could not be found.\n\n No resource provider with uuid b906f7f7-61f2-4320-a418-59e2f0f75fd2 found for delete ", "request_id": "req-3b0baa83-03a5-484a-a33d-672c044ca5f5"}]}
2026-06-24 19:12:42.094 10 INFO neutron.wsgi [None req-848af8e7-2bee-4015-af70-56d1f123b7d2 7ec65932304445b4bc8c4402e5b13f70 810c2aef5f064a2a98dde81ac5306e60 - - - -] 10.0.0.32 "DELETE /v2.0/networks/42f4f822-a718-4cdb-8216-e688474c60e4 HTTP/1.1" status: 204 len: 168 time: 0.7690167
2026-06-24 19:12:42.216 10 INFO neutron.wsgi [None req-d2df301a-d62d-4d07-9daf-fbb55bc5587b 19f88b8610924c5d8224caa8949c3a0c 7fcc6baa08da4d2cb41fbca27bf36c35 - - - -] 10.0.0.32 "DELETE /v2.0/networks/f0e0d2a7-0503-419f-b1f8-a97f11655dc9 HTTP/1.1" status: 204 len: 168 time: 0.7109520
2026-06-24 19:12:42.618 10 INFO neutron.wsgi [None req-ce9ddda3-2f28-4b71-b86d-63a1cf1bfb78 19f88b8610924c5d8224caa8949c3a0c 7fcc6baa08da4d2cb41fbca27bf36c35 - - - -] 10.0.0.32 "DELETE /v2.0/networks/e8905545-c907-4e22-b50c-9cd47292e614 HTTP/1.1" status: 204 len: 168 time: 0.3945439
2026-06-24 19:12:42.663 9 INFO neutron.db.l3_db [None req-fc4f7c34-00f2-4fa7-8653-677f02be5590 2cf52b7df95140d7bf3b7f867c17eefa ad37b4197c0f4bf394c34c2f535c41cf - - - -] Floating IP cd9a2484-8323-4bb1-994e-4bfc957f3f9c disassociated. External IP: 10.96.250.201, port: 65d9c4a1-6e47-497f-9e90-d371b0ccf843.
2026-06-24 19:12:42.706 9 INFO neutron.db.ovn_revision_numbers_db [None req-fc4f7c34-00f2-4fa7-8653-677f02be5590 2cf52b7df95140d7bf3b7f867c17eefa ad37b4197c0f4bf394c34c2f535c41cf - - - -] Successfully bumped revision number for resource cd9a2484-8323-4bb1-994e-4bfc957f3f9c (type: floatingips) to 2
2026-06-24 19:12:42.827 9 INFO neutron.wsgi [None req-fc4f7c34-00f2-4fa7-8653-677f02be5590 2cf52b7df95140d7bf3b7f867c17eefa ad37b4197c0f4bf394c34c2f535c41cf - - - -] 10.0.0.32 "PUT /v2.0/floatingips/cd9a2484-8323-4bb1-994e-4bfc957f3f9c HTTP/1.1" status: 200 len: 748 time: 0.6519189
2026-06-24 19:12:42.870 10 INFO neutron.wsgi [None req-64ad4253-bf4f-4d75-ad00-6264a2fe5f15 2cf52b7df95140d7bf3b7f867c17eefa ad37b4197c0f4bf394c34c2f535c41cf - - default default] 10.0.0.32 "GET /v2.0/floatingips/cd9a2484-8323-4bb1-994e-4bfc957f3f9c HTTP/1.1" status: 200 len: 746 time: 0.0366693
2026-06-24 19:12:42.967 9 INFO neutron.services.segments.plugin [-] Segment ac66810f-1e96-4227-9cef-1bacc91c16cc resource provider aggregate not found
2026-06-24 19:12:42.972 9 INFO neutron.services.segments.plugin [-] Segment ac66810f-1e96-4227-9cef-1bacc91c16cc resource provider aggregate not found
2026-06-24 19:12:43.021 9 INFO neutron.services.segments.plugin [-] Segment ac66810f-1e96-4227-9cef-1bacc91c16cc resource provider not found; error: Placement Client Error (4xx): {"errors": [{"status": 404, "title": "Not Found", "detail": "The resource could not be found.\n\n No resource provider with uuid ac66810f-1e96-4227-9cef-1bacc91c16cc found for delete ", "request_id": "req-3ef2d7fb-9ee1-44ad-acbd-eafec10a35d2"}]}
2026-06-24 19:12:43.022 9 INFO neutron.services.segments.plugin [-] Segment ac66810f-1e96-4227-9cef-1bacc91c16cc resource provider not found; error: Placement Client Error (4xx): {"errors": [{"status": 404, "title": "Not Found", "detail": "The resource could not be found.\n\n No resource provider with uuid ac66810f-1e96-4227-9cef-1bacc91c16cc found for delete ", "request_id": "req-a0ef047e-75b0-412b-9bdd-3462b8888932"}]}
2026-06-24 19:12:43.045 9 INFO neutron.wsgi [None req-54bee70a-b105-4124-ab6b-b57f5d32d1ef 7ec65932304445b4bc8c4402e5b13f70 810c2aef5f064a2a98dde81ac5306e60 - - - -] 10.0.0.32 "DELETE /v2.0/networks/33c01fc3-3704-4fa6-bd28-85995f581a8d HTTP/1.1" status: 204 len: 168 time: 0.9460678
2026-06-24 19:12:43.132 10 INFO neutron.wsgi [None req-925afb67-616a-44a2-9e1d-6eb5accacdf3 bfa64a42334745138205fc3873cbb37f ce62fc5fd7044b2b930f0189dbe86ff8 - - - -] 10.0.0.32 "DELETE /v2.0/security-groups/cfb179bf-e8c0-4cab-a69f-a46b4c17bdd9 HTTP/1.1" status: 204 len: 168 time: 0.1521919
2026-06-24 19:12:43.148 10 INFO neutron.db.segments_db [None req-056f641b-95ab-41d0-9558-759ca67310b3 7ec65932304445b4bc8c4402e5b13f70 810c2aef5f064a2a98dde81ac5306e60 - - - -] Added segment 21c80121-19e1-4a23-936b-dfe8eafa090d of type geneve for network 27788b0e-9365-49c7-8c24-fc34fb420d02
2026-06-24 19:12:43.155 9 INFO neutron.api.v2.resource [None req-578ab02a-6e47-454a-bcdc-9f9f97bbc4e2 bfa64a42334745138205fc3873cbb37f ce62fc5fd7044b2b930f0189dbe86ff8 - - default default] show failed (client error): The resource could not be found.
2026-06-24 19:12:43.157 9 INFO neutron.wsgi [None req-578ab02a-6e47-454a-bcdc-9f9f97bbc4e2 bfa64a42334745138205fc3873cbb37f ce62fc5fd7044b2b930f0189dbe86ff8 - - default default] 10.0.0.32 "GET /v2.0/security-groups/cfb179bf-e8c0-4cab-a69f-a46b4c17bdd9 HTTP/1.1" status: 404 len: 347 time: 0.0168049
2026-06-24 19:12:43.300 9 INFO neutron.wsgi [None req-b88a93bd-f153-4e85-a070-c7d9a90fee2e 19f88b8610924c5d8224caa8949c3a0c 7fcc6baa08da4d2cb41fbca27bf36c35 - - - -] 10.0.0.32 "DELETE /v2.0/networks/c06c73fc-90fd-4afe-8414-956375ce7590 HTTP/1.1" status: 204 len: 168 time: 0.6758175
2026-06-24 19:12:43.393 10 INFO neutron.db.ovn_revision_numbers_db [None req-056f641b-95ab-41d0-9558-759ca67310b3 7ec65932304445b4bc8c4402e5b13f70 810c2aef5f064a2a98dde81ac5306e60 - - - -] Successfully bumped revision number for resource 27788b0e-9365-49c7-8c24-fc34fb420d02 (type: networks) to 1
2026-06-24 19:12:43.460 9 WARNING neutron.plugins.ml2.drivers.ovn.mech_driver.ovsdb.ovn_client [None req-df408e8f-efc6-4758-a26d-e9311033e58d - - - - - -] No port found with ID b636a4a8-b287-48af-b40c-9563bbf0264f: RuntimeError: No port found with ID b636a4a8-b287-48af-b40c-9563bbf0264f
2026-06-24 19:12:43.460 9 INFO neutron.plugins.ml2.drivers.ovn.mech_driver.mech_driver [None req-df408e8f-efc6-4758-a26d-e9311033e58d - - - - - -] OVN reports status down for port: ce0db0aa-fb5a-4fb4-b6bc-a8c0d8aaf0e3
2026-06-24 19:12:43.713 10 WARNING neutron.scheduler.dhcp_agent_scheduler [None req-056f641b-95ab-41d0-9558-759ca67310b3 7ec65932304445b4bc8c4402e5b13f70 810c2aef5f064a2a98dde81ac5306e60 - - - -] No more DHCP agents
2026-06-24 19:12:43.722 10 WARNING neutron.api.rpc.agentnotifiers.dhcp_rpc_agent_api [None req-056f641b-95ab-41d0-9558-759ca67310b3 7ec65932304445b4bc8c4402e5b13f70 810c2aef5f064a2a98dde81ac5306e60 - - - -] Unable to schedule network 27788b0e-9365-49c7-8c24-fc34fb420d02: no agents available; will retry on subsequent port and subnet creation events.
2026-06-24 19:12:43.849 10 INFO neutron.db.ovn_revision_numbers_db [None req-056f641b-95ab-41d0-9558-759ca67310b3 7ec65932304445b4bc8c4402e5b13f70 810c2aef5f064a2a98dde81ac5306e60 - - - -] Successfully bumped revision number for resource 6cff6d44-c0b8-4670-874e-bc00e73159e9 (type: ports) to 1
2026-06-24 19:12:43.879 10 INFO neutron.wsgi [None req-094b6561-91b9-4ad0-9a7e-9a40d6fbe898 bfa64a42334745138205fc3873cbb37f ce62fc5fd7044b2b930f0189dbe86ff8 - - - -] 10.0.0.32 "DELETE /v2.0/floatingips/591b51f8-0565-425b-916a-7128faec4967 HTTP/1.1" status: 204 len: 168 time: 0.7108591
2026-06-24 19:12:43.894 10 INFO neutron.wsgi [None req-056f641b-95ab-41d0-9558-759ca67310b3 7ec65932304445b4bc8c4402e5b13f70 810c2aef5f064a2a98dde81ac5306e60 - - - -] 10.0.0.32 "POST /v2.0/networks HTTP/1.1" status: 201 len: 828 time: 0.8390977 /var/lib/openstack/lib/python3.10/site-packages/pycadf/identifier.py:71: UserWarning: Invalid uuid: neutron. To ensure interoperability, identifiers should be a valid uuid. warnings.warn(('Invalid uuid: %s. To ensure interoperability, '
2026-06-24 19:12:43.955 9 INFO neutron.notifiers.nova [-] Nova event matching ['req-7a3cfd4f-b91f-4d51-9c12-894bc7ac6a87'] response: {'name': 'network-changed', 'server_uuid': 'ab4c202b-5c18-4796-b829-4ff3d3d36688', 'tag': '65d9c4a1-6e47-497f-9e90-d371b0ccf843', 'status': 'completed', 'code': 200}
2026-06-24 19:12:44.025 9 INFO neutron.wsgi [req-a943aa3f-3b57-4887-8cab-5b11535832dc req-cd72f139-54ba-4f47-828c-cb14ab3572a1 686af32b1be94b979025e27d50ec0dce 0e2414273bb744fb8a9eee2977f58e9b - - c59447b58e78401e9044174794112ce9 c59447b58e78401e9044174794112ce9] 199.19.213.176 "GET /v2.0/ports?tenant_id=ad37b4197c0f4bf394c34c2f535c41cf&device_id=ab4c202b-5c18-4796-b829-4ff3d3d36688 HTTP/1.1" status: 200 len: 1361 time: 0.0491285
2026-06-24 19:12:44.126 9 INFO neutron.wsgi [req-a943aa3f-3b57-4887-8cab-5b11535832dc req-7ab0bce8-677b-4dce-af85-380b0bf34e79 686af32b1be94b979025e27d50ec0dce 0e2414273bb744fb8a9eee2977f58e9b - - c59447b58e78401e9044174794112ce9 c59447b58e78401e9044174794112ce9] 199.19.213.176 "GET /v2.0/networks?id=39e0e982-54d1-4b1a-9e18-49f931242f98 HTTP/1.1" status: 200 len: 958 time: 0.0835612
2026-06-24 19:12:44.164 9 INFO neutron.wsgi [req-a943aa3f-3b57-4887-8cab-5b11535832dc req-45b9f8a1-032c-43af-a4f5-a4576cbf022b 686af32b1be94b979025e27d50ec0dce 0e2414273bb744fb8a9eee2977f58e9b - - c59447b58e78401e9044174794112ce9 c59447b58e78401e9044174794112ce9] 199.19.213.176 "GET /v2.0/floatingips?fixed_ip_address=10.100.0.7&port_id=65d9c4a1-6e47-497f-9e90-d371b0ccf843 HTTP/1.1" status: 200 len: 217 time: 0.0297723
2026-06-24 19:12:44.207 9 INFO neutron.wsgi [req-a943aa3f-3b57-4887-8cab-5b11535832dc req-f75aad7e-fffc-4617-bee1-57cab0183d33 686af32b1be94b979025e27d50ec0dce 0e2414273bb744fb8a9eee2977f58e9b - - c59447b58e78401e9044174794112ce9 c59447b58e78401e9044174794112ce9] 199.19.213.176 "GET /v2.0/subnets?id=8f645de2-07bf-4f9c-b3be-06ee649de4eb HTTP/1.1" status: 200 len: 852 time: 0.0346193
2026-06-24 19:12:44.236 9 INFO neutron.wsgi [req-a943aa3f-3b57-4887-8cab-5b11535832dc req-f255fde5-a969-4b13-95d4-3d00981c4669 686af32b1be94b979025e27d50ec0dce 0e2414273bb744fb8a9eee2977f58e9b - - c59447b58e78401e9044174794112ce9 c59447b58e78401e9044174794112ce9] 199.19.213.176 "GET /v2.0/ports?network_id=39e0e982-54d1-4b1a-9e18-49f931242f98&device_owner=network%3Adhcp HTTP/1.1" status: 200 len: 210 time: 0.0234807
2026-06-24 19:12:44.297 10 INFO neutron.services.segments.plugin [-] Segment 51d4f5e6-b210-4f6e-8597-cdd428a11662 resource provider aggregate not found
2026-06-24 19:12:44.303 9 INFO neutron.wsgi [req-a943aa3f-3b57-4887-8cab-5b11535832dc req-5b79bd88-168e-42dc-be74-81b1d4c6a733 686af32b1be94b979025e27d50ec0dce 0e2414273bb744fb8a9eee2977f58e9b - - c59447b58e78401e9044174794112ce9 c59447b58e78401e9044174794112ce9] 199.19.213.176 "GET /v2.0/networks/39e0e982-54d1-4b1a-9e18-49f931242f98?fields=segments HTTP/1.1" status: 200 len: 212 time: 0.0600376
2026-06-24 19:12:44.304 10 INFO neutron.services.segments.plugin [-] Segment 51d4f5e6-b210-4f6e-8597-cdd428a11662 resource provider aggregate not found
2026-06-24 19:12:44.337 10 INFO neutron.services.segments.plugin [-] Segment 51d4f5e6-b210-4f6e-8597-cdd428a11662 resource provider not found; error: Placement Client Error (4xx): {"errors": [{"status": 404, "title": "Not Found", "detail": "The resource could not be found.\n\n No resource provider with uuid 51d4f5e6-b210-4f6e-8597-cdd428a11662 found for delete ", "request_id": "req-800829e4-9243-44d3-8c2c-987e6830493b"}]}
2026-06-24 19:12:44.343 10 INFO neutron.services.segments.plugin [-] Segment 51d4f5e6-b210-4f6e-8597-cdd428a11662 resource provider not found; error: Placement Client Error (4xx): {"errors": [{"status": 404, "title": "Not Found", "detail": "The resource could not be found.\n\n No resource provider with uuid 51d4f5e6-b210-4f6e-8597-cdd428a11662 found for delete ", "request_id": "req-1c05e868-0afe-4fb6-9653-51e39f6acd8a"}]}
2026-06-24 19:12:44.357 10 INFO neutron.services.segments.plugin [-] Segment a5ea2704-746c-44d5-b091-ed209c924319 resource provider aggregate not found
2026-06-24 19:12:44.368 10 INFO neutron.services.segments.plugin [-] Segment a5ea2704-746c-44d5-b091-ed209c924319 resource provider aggregate not found
2026-06-24 19:12:44.384 10 INFO neutron.services.segments.plugin [-] Segment a5ea2704-746c-44d5-b091-ed209c924319 resource provider not found; error: Placement Client Error (4xx): {"errors": [{"status": 404, "title": "Not Found", "detail": "The resource could not be found.\n\n No resource provider with uuid a5ea2704-746c-44d5-b091-ed209c924319 found for delete ", "request_id": "req-8b107eae-eabc-43ec-b300-40374c58e031"}]}
2026-06-24 19:12:44.396 10 INFO neutron.wsgi [None req-65073f02-46e2-4047-93a0-b8357e902efb 19f88b8610924c5d8224caa8949c3a0c 7fcc6baa08da4d2cb41fbca27bf36c35 - - - -] 10.0.0.32 "DELETE /v2.0/networks/cc88f394-023c-4fdd-a888-c01e20ef4bd7 HTTP/1.1" status: 204 len: 168 time: 1.0870373
2026-06-24 19:12:44.401 10 INFO neutron.services.segments.plugin [-] Segment a5ea2704-746c-44d5-b091-ed209c924319 resource provider not found; error: Placement Client Error (4xx): {"errors": [{"status": 404, "title": "Not Found", "detail": "The resource could not be found.\n\n No resource provider with uuid a5ea2704-746c-44d5-b091-ed209c924319 found for delete ", "request_id": "req-98d51fc7-23dd-496c-b90b-ec79eac12322"}]}
2026-06-24 19:12:44.408 10 INFO neutron.services.segments.plugin [-] Segment a6bb8804-1e76-4e82-892a-139f5fb1cce5 resource provider aggregate not found
2026-06-24 19:12:44.415 9 INFO neutron.wsgi [req-a943aa3f-3b57-4887-8cab-5b11535832dc req-aa4e223a-3e25-4687-b3c7-121733d1b1d9 686af32b1be94b979025e27d50ec0dce 0e2414273bb744fb8a9eee2977f58e9b - - c59447b58e78401e9044174794112ce9 c59447b58e78401e9044174794112ce9] 199.19.213.176 "GET /v2.0/networks/39e0e982-54d1-4b1a-9e18-49f931242f98?fields=provider%3Aphysical_network&fields=provider%3Anetwork_type HTTP/1.1" status: 200 len: 277 time: 0.1003699
2026-06-24 19:12:44.421 10 INFO neutron.services.segments.plugin [-] Segment a6bb8804-1e76-4e82-892a-139f5fb1cce5 resource provider aggregate not found
2026-06-24 19:12:44.438 10 INFO neutron.services.segments.plugin [-] Segment a6bb8804-1e76-4e82-892a-139f5fb1cce5 resource provider not found; error: Placement Client Error (4xx): {"errors": [{"status": 404, "title": "Not Found", "detail": "The resource could not be found.\n\n No resource provider with uuid a6bb8804-1e76-4e82-892a-139f5fb1cce5 found for delete ", "request_id": "req-93741f7f-bf9a-44ee-96d3-5ce758066435"}]}
2026-06-24 19:12:44.440 10 INFO neutron.services.segments.plugin [-] Segment a6bb8804-1e76-4e82-892a-139f5fb1cce5 resource provider not found; error: Placement Client Error (4xx): {"errors": [{"status": 404, "title": "Not Found", "detail": "The resource could not be found.\n\n No resource provider with uuid a6bb8804-1e76-4e82-892a-139f5fb1cce5 found for delete ", "request_id": "req-3904e336-521c-4541-8f23-717541b8b350"}]}
2026-06-24 19:12:44.488 9 WARNING neutron.scheduler.dhcp_agent_scheduler [None req-407c1d4e-452a-4ec7-baa3-60c0571499ff 7ec65932304445b4bc8c4402e5b13f70 810c2aef5f064a2a98dde81ac5306e60 - - - -] No more DHCP agents
2026-06-24 19:12:44.492 9 WARNING neutron.api.rpc.agentnotifiers.dhcp_rpc_agent_api [None req-407c1d4e-452a-4ec7-baa3-60c0571499ff 7ec65932304445b4bc8c4402e5b13f70 810c2aef5f064a2a98dde81ac5306e60 - - - -] Unable to schedule network 27788b0e-9365-49c7-8c24-fc34fb420d02: no agents available; will retry on subsequent port and subnet creation events.
2026-06-24 19:12:44.494 10 INFO neutron.db.ovn_revision_numbers_db [None req-ced2d944-030e-4e75-87db-1c75fa56240b 2cf52b7df95140d7bf3b7f867c17eefa ad37b4197c0f4bf394c34c2f535c41cf - - - -] Successfully bumped revision number for resource ecaed824-4bc1-4c34-a741-bcec6190e4ce (type: security_groups) to 1
2026-06-24 19:12:44.535 10 INFO neutron.wsgi [None req-ced2d944-030e-4e75-87db-1c75fa56240b 2cf52b7df95140d7bf3b7f867c17eefa ad37b4197c0f4bf394c34c2f535c41cf - - - -] 10.0.0.32 "POST /v2.0/security-groups HTTP/1.1" status: 201 len: 1811 time: 0.5909352
2026-06-24 19:12:44.807 9 INFO neutron.db.ovn_revision_numbers_db [None req-ce0587ea-d9c9-461e-b3f2-1cfb735aac16 2cf52b7df95140d7bf3b7f867c17eefa ad37b4197c0f4bf394c34c2f535c41cf - - - -] Successfully bumped revision number for resource 800acc04-5585-4522-bdfd-41c6477311dc (type: security_group_rules) to 0
2026-06-24 19:12:44.904 9 INFO neutron.wsgi [None req-ce0587ea-d9c9-461e-b3f2-1cfb735aac16 2cf52b7df95140d7bf3b7f867c17eefa ad37b4197c0f4bf394c34c2f535c41cf - - - -] 10.0.0.32 "POST /v2.0/security-group-rules HTTP/1.1" status: 201 len: 764 time: 0.3589897
2026-06-24 19:12:45.050 9 INFO neutron.services.segments.plugin [-] Segment e65a907b-ebfd-4a60-bb59-46055f7f6d54 resource provider aggregate not found
2026-06-24 19:12:45.057 9 INFO neutron.services.segments.plugin [-] Segment e65a907b-ebfd-4a60-bb59-46055f7f6d54 resource provider aggregate not found
2026-06-24 19:12:45.093 9 INFO neutron.services.segments.plugin [-] Segment e65a907b-ebfd-4a60-bb59-46055f7f6d54 resource provider not found; error: Placement Client Error (4xx): {"errors": [{"status": 404, "title": "Not Found", "detail": "The resource could not be found.\n\n No resource provider with uuid e65a907b-ebfd-4a60-bb59-46055f7f6d54 found for delete ", "request_id": "req-8e98b120-aed2-48ce-b33a-32cc9070edc2"}]}
2026-06-24 19:12:45.093 9 INFO neutron.services.segments.plugin [-] Segment e65a907b-ebfd-4a60-bb59-46055f7f6d54 resource provider not found; error: Placement Client Error (4xx): {"errors": [{"status": 404, "title": "Not Found", "detail": "The resource could not be found.\n\n No resource provider with uuid e65a907b-ebfd-4a60-bb59-46055f7f6d54 found for delete ", "request_id": "req-2fee7140-18c6-4708-b1d0-012fd221ff28"}]}
2026-06-24 19:12:45.108 10 INFO neutron.db.ovn_revision_numbers_db [None req-18214dba-0b53-4c74-930f-45a3a4f32473 2cf52b7df95140d7bf3b7f867c17eefa ad37b4197c0f4bf394c34c2f535c41cf - - - -] Successfully bumped revision number for resource 10a1265f-8f9f-48d3-94b1-d2304f5776d7 (type: security_group_rules) to 0
2026-06-24 19:12:45.147 9 INFO neutron.wsgi [None req-71aed8eb-c846-4868-8655-c69bbbed0b95 19f88b8610924c5d8224caa8949c3a0c 7fcc6baa08da4d2cb41fbca27bf36c35 - - - -] 10.0.0.32 "DELETE /v2.0/networks/e21c017d-75c0-4794-bfd0-10b2432f7111 HTTP/1.1" status: 204 len: 168 time: 0.7438078
2026-06-24 19:12:45.169 10 INFO neutron.wsgi [None req-18214dba-0b53-4c74-930f-45a3a4f32473 2cf52b7df95140d7bf3b7f867c17eefa ad37b4197c0f4bf394c34c2f535c41cf - - - -] 10.0.0.32 "POST /v2.0/security-group-rules HTTP/1.1" status: 201 len: 763 time: 0.2548738
2026-06-24 19:12:45.278 9 INFO neutron.db.ovn_revision_numbers_db [None req-407c1d4e-452a-4ec7-baa3-60c0571499ff 7ec65932304445b4bc8c4402e5b13f70 810c2aef5f064a2a98dde81ac5306e60 - - - -] Successfully bumped revision number for resource 6cff6d44-c0b8-4670-874e-bc00e73159e9 (type: ports) to 2
2026-06-24 19:12:45.294 9 INFO neutron.db.ovn_revision_numbers_db [None req-407c1d4e-452a-4ec7-baa3-60c0571499ff 7ec65932304445b4bc8c4402e5b13f70 810c2aef5f064a2a98dde81ac5306e60 - - - -] Successfully bumped revision number for resource d0838a4c-a367-49e7-b363-e19a7bf3b0b8 (type: subnets) to 0
2026-06-24 19:12:45.319 9 INFO neutron.wsgi [None req-407c1d4e-452a-4ec7-baa3-60c0571499ff 7ec65932304445b4bc8c4402e5b13f70 810c2aef5f064a2a98dde81ac5306e60 - - - -] 10.0.0.32 "POST /v2.0/subnets HTTP/1.1" status: 201 len: 801 time: 1.4187534
2026-06-24 19:12:45.400 10 INFO neutron.db.ovn_revision_numbers_db [None req-0fb412b9-4a1c-4029-b194-9fd00a4de39f 2cf52b7df95140d7bf3b7f867c17eefa ad37b4197c0f4bf394c34c2f535c41cf - - - -] Successfully bumped revision number for resource c3471844-bcbd-4e7d-925e-76c0f70be255 (type: security_group_rules) to 0
2026-06-24 19:12:45.459 10 INFO neutron.wsgi [None req-0fb412b9-4a1c-4029-b194-9fd00a4de39f 2cf52b7df95140d7bf3b7f867c17eefa ad37b4197c0f4bf394c34c2f535c41cf - - - -] 10.0.0.32 "POST /v2.0/security-group-rules HTTP/1.1" status: 201 len: 769 time: 0.2838180
2026-06-24 19:12:45.503 9 INFO neutron.db.ovn_revision_numbers_db [None req-9ad78e4f-b299-4651-a069-ab2406c04d76 7ec65932304445b4bc8c4402e5b13f70 810c2aef5f064a2a98dde81ac5306e60 - - - -] Successfully bumped revision number for resource de724a39-cc89-488c-8198-e3bb6f46720b (type: routers) to 1
2026-06-24 19:12:45.520 9 INFO neutron.wsgi [None req-9ad78e4f-b299-4651-a069-ab2406c04d76 7ec65932304445b4bc8c4402e5b13f70 810c2aef5f064a2a98dde81ac5306e60 - - - -] 10.0.0.32 "POST /v2.0/routers HTTP/1.1" status: 201 len: 687 time: 0.1972880
2026-06-24 19:12:45.678 10 INFO neutron.wsgi [None req-2a7ecfc9-6b0a-43ff-a099-20c1d9207715 4f10f8e3456c45888ba084e75ba8851b 7ca197cbfedf46c6a1675ce45718ce58 - - - -] 10.0.0.32 "PUT /v2.0/routers/4bde5aa3-d684-4631-9ef0-f9720756f5ef/remove_router_interface HTTP/1.1" status: 200 len: 503 time: 1.7899261
2026-06-24 19:12:45.680 10 INFO neutron.db.ovn_revision_numbers_db [None req-d7081d0b-3110-4d28-84b8-c58bdf3dad6e 2cf52b7df95140d7bf3b7f867c17eefa ad37b4197c0f4bf394c34c2f535c41cf - - - -] Successfully bumped revision number for resource 1c1c7a30-7716-4a73-917c-675c598b1c40 (type: security_group_rules) to 0
2026-06-24 19:12:45.712 10 INFO neutron.wsgi [None req-d7081d0b-3110-4d28-84b8-c58bdf3dad6e 2cf52b7df95140d7bf3b7f867c17eefa ad37b4197c0f4bf394c34c2f535c41cf - - - -] 10.0.0.32 "POST /v2.0/security-group-rules HTTP/1.1" status: 201 len: 768 time: 0.2474761 /var/lib/openstack/lib/python3.10/site-packages/pycadf/identifier.py:71: UserWarning: Invalid uuid: neutron. To ensure interoperability, identifiers should be a valid uuid. warnings.warn(('Invalid uuid: %s. To ensure interoperability, '
2026-06-24 19:12:45.759 10 INFO neutron.db.securitygroups_db [None req-e535f423-6083-41b0-a4c3-04e58175e4b1 2cf52b7df95140d7bf3b7f867c17eefa ad37b4197c0f4bf394c34c2f535c41cf - - - -] Project ad37b4197c0f4bf394c34c2f535c41cf added a security group rule with legacy IPv6 ICMP protocol name icmp, ipv6-icmp should be used instead. It was automatically converted.
2026-06-24 19:12:45.868 10 INFO neutron.db.ovn_revision_numbers_db [None req-e535f423-6083-41b0-a4c3-04e58175e4b1 2cf52b7df95140d7bf3b7f867c17eefa ad37b4197c0f4bf394c34c2f535c41cf - - - -] Successfully bumped revision number for resource ff1d067f-efb5-4691-aed9-262fa9bc91bd (type: security_group_rules) to 0
2026-06-24 19:12:45.907 10 INFO neutron.wsgi [None req-e535f423-6083-41b0-a4c3-04e58175e4b1 2cf52b7df95140d7bf3b7f867c17eefa ad37b4197c0f4bf394c34c2f535c41cf - - - -] 10.0.0.32 "POST /v2.0/security-group-rules HTTP/1.1" status: 201 len: 774 time: 0.1896687
2026-06-24 19:12:45.936 10 INFO neutron.db.securitygroups_db [None req-0e16e253-bc22-45b2-9f9a-ace77f2d7e10 2cf52b7df95140d7bf3b7f867c17eefa ad37b4197c0f4bf394c34c2f535c41cf - - - -] Project ad37b4197c0f4bf394c34c2f535c41cf added a security group rule with legacy IPv6 ICMP protocol name icmp, ipv6-icmp should be used instead. It was automatically converted.
2026-06-24 19:12:46.033 10 INFO neutron.db.ovn_revision_numbers_db [None req-0e16e253-bc22-45b2-9f9a-ace77f2d7e10 2cf52b7df95140d7bf3b7f867c17eefa ad37b4197c0f4bf394c34c2f535c41cf - - - -] Successfully bumped revision number for resource f9d0b54f-38c2-4a30-9c5a-80c7b3113e1f (type: security_group_rules) to 0
2026-06-24 19:12:46.059 10 INFO neutron.wsgi [None req-0e16e253-bc22-45b2-9f9a-ace77f2d7e10 2cf52b7df95140d7bf3b7f867c17eefa ad37b4197c0f4bf394c34c2f535c41cf - - - -] 10.0.0.32 "POST /v2.0/security-group-rules HTTP/1.1" status: 201 len: 773 time: 0.1455333
2026-06-24 19:12:46.344 9 WARNING neutron.scheduler.dhcp_agent_scheduler [None req-f28f99c9-fb43-43bd-863c-1830b984e836 7ec65932304445b4bc8c4402e5b13f70 810c2aef5f064a2a98dde81ac5306e60 - - - -] No more DHCP agents
2026-06-24 19:12:46.349 9 WARNING neutron.api.rpc.agentnotifiers.dhcp_rpc_agent_api [None req-f28f99c9-fb43-43bd-863c-1830b984e836 7ec65932304445b4bc8c4402e5b13f70 810c2aef5f064a2a98dde81ac5306e60 - - - -] Unable to schedule network 27788b0e-9365-49c7-8c24-fc34fb420d02: no agents available; will retry on subsequent port and subnet creation events.
2026-06-24 19:12:46.350 10 INFO neutron.db.ovn_revision_numbers_db [None req-13d9578f-6008-40be-a85b-daace62299ec 4f10f8e3456c45888ba084e75ba8851b 7ca197cbfedf46c6a1675ce45718ce58 - - default default] Successfully bumped revision number for resource bf68631f-90e1-4792-b518-4b5c410e6aa5 (type: security_groups) to 1
2026-06-24 19:12:46.376 10 INFO neutron.wsgi [None req-13d9578f-6008-40be-a85b-daace62299ec 4f10f8e3456c45888ba084e75ba8851b 7ca197cbfedf46c6a1675ce45718ce58 - - default default] 10.0.0.32 "GET /v2.0/security-groups?tenant_id=5d0ae4c4f88947f88ecb660028421828&name=default HTTP/1.1" status: 200 len: 2996 time: 0.3063002
2026-06-24 19:12:46.526 9 INFO neutron.wsgi [-] 10.0.0.108 "GET / HTTP/1.1" status: 200 len: 246 time: 0.0013916
2026-06-24 19:12:46.527 9 INFO neutron.wsgi [-] 10.0.0.108 "GET / HTTP/1.1" status: 200 len: 246 time: 0.0008914
2026-06-24 19:12:46.538 10 INFO neutron.wsgi [None req-e8e9a818-2912-4e30-ae46-1531ba3b1bbb 2cf52b7df95140d7bf3b7f867c17eefa ad37b4197c0f4bf394c34c2f535c41cf - - default default] 10.0.0.32 "GET /v2.0/networks HTTP/1.1" status: 200 len: 1492 time: 0.1327319
2026-06-24 19:12:46.558 9 INFO neutron.db.ovn_revision_numbers_db [None req-f28f99c9-fb43-43bd-863c-1830b984e836 7ec65932304445b4bc8c4402e5b13f70 810c2aef5f064a2a98dde81ac5306e60 - - - -] Successfully bumped revision number for resource 20ea2a01-90b0-4aa0-b77e-06ae2c38b66a (type: ports) to 1
2026-06-24 19:12:46.583 9 INFO neutron.wsgi [None req-f28f99c9-fb43-43bd-863c-1830b984e836 7ec65932304445b4bc8c4402e5b13f70 810c2aef5f064a2a98dde81ac5306e60 - - - -] 10.0.0.32 "POST /v2.0/ports HTTP/1.1" status: 201 len: 1147 time: 1.0571806
2026-06-24 19:12:46.701 10 INFO neutron.wsgi [None req-2d73a4a0-584c-4ba3-9f90-d0e5b24a734c 4f10f8e3456c45888ba084e75ba8851b 7ca197cbfedf46c6a1675ce45718ce58 - - - -] 10.0.0.32 "DELETE /v2.0/security-groups/bf68631f-90e1-4792-b518-4b5c410e6aa5 HTTP/1.1" status: 204 len: 168 time: 0.3193724
2026-06-24 19:12:46.704 10 INFO neutron.wsgi [req-927548dc-8574-4c41-8b6a-3e23553462f6 req-2727faff-de30-4620-8491-8cdc72277dbc 2cf52b7df95140d7bf3b7f867c17eefa ad37b4197c0f4bf394c34c2f535c41cf - - default default] 10.0.0.181 "GET /v2.0/security-groups?name=tempest-secgroup-smoke-1998485207&fields=id&tenant_id=ad37b4197c0f4bf394c34c2f535c41cf HTTP/1.1" status: 200 len: 267 time: 0.0835648 /var/lib/openstack/lib/python3.10/site-packages/pycadf/identifier.py:71: UserWarning: Invalid uuid: neutron. To ensure interoperability, identifiers should be a valid uuid. warnings.warn(('Invalid uuid: %s. To ensure interoperability, '
2026-06-24 19:12:46.808 10 INFO neutron.wsgi [req-927548dc-8574-4c41-8b6a-3e23553462f6 req-4fcaa683-e321-4eb5-8b85-a5b6feb9e498 2cf52b7df95140d7bf3b7f867c17eefa ad37b4197c0f4bf394c34c2f535c41cf - - default default] 10.0.0.181 "GET /v2.0/networks?id=39e0e982-54d1-4b1a-9e18-49f931242f98 HTTP/1.1" status: 200 len: 859 time: 0.0948887
2026-06-24 19:12:46.833 9 INFO neutron.wsgi [None req-2acb3063-833d-4202-ac9c-92e9b16efe29 4f10f8e3456c45888ba084e75ba8851b 7ca197cbfedf46c6a1675ce45718ce58 - - - -] 10.0.0.32 "DELETE /v2.0/routers/4bde5aa3-d684-4631-9ef0-f9720756f5ef HTTP/1.1" status: 204 len: 168 time: 1.1508749
2026-06-24 19:12:46.841 10 INFO neutron.wsgi [req-927548dc-8574-4c41-8b6a-3e23553462f6 req-3ded1846-4331-45d7-b349-6b4604b94505 2cf52b7df95140d7bf3b7f867c17eefa ad37b4197c0f4bf394c34c2f535c41cf - - default default] 10.0.0.181 "GET /v2.0/quotas/ad37b4197c0f4bf394c34c2f535c41cf HTTP/1.1" status: 200 len: 386 time: 0.0228291
2026-06-24 19:12:46.948 9 INFO neutron.db.ovn_revision_numbers_db [None req-226ce726-8973-4b6d-ac5b-f72fc84fbc87 4f10f8e3456c45888ba084e75ba8851b 7ca197cbfedf46c6a1675ce45718ce58 - - default default] Successfully bumped revision number for resource 30369b05-6fde-45e4-b666-5999bcb47ab9 (type: security_groups) to 1
2026-06-24 19:12:46.977 9 INFO neutron.wsgi [None req-226ce726-8973-4b6d-ac5b-f72fc84fbc87 4f10f8e3456c45888ba084e75ba8851b 7ca197cbfedf46c6a1675ce45718ce58 - - default default] 10.0.0.32 "GET /v2.0/security-groups?tenant_id=37040275e96346789113030c2afb98d3&name=default HTTP/1.1" status: 200 len: 2996 time: 0.1775205
2026-06-24 19:12:47.032 10 INFO neutron.wsgi [req-927548dc-8574-4c41-8b6a-3e23553462f6 req-ce7e39ea-8cdc-44bb-824b-29fa6bae09f6 2cf52b7df95140d7bf3b7f867c17eefa ad37b4197c0f4bf394c34c2f535c41cf - - default default] 10.0.0.181 "GET /v2.0/ports?tenant_id=ad37b4197c0f4bf394c34c2f535c41cf&fields=id HTTP/1.1" status: 200 len: 348 time: 0.1820016
2026-06-24 19:12:47.122 9 INFO neutron.services.segments.plugin [-] Segment fc6024e0-ab1e-4086-a777-fbd018e6cede resource provider aggregate not found
2026-06-24 19:12:47.129 9 INFO neutron.services.segments.plugin [-] Segment fc6024e0-ab1e-4086-a777-fbd018e6cede resource provider aggregate not found
2026-06-24 19:12:47.147 10 INFO neutron.wsgi [req-927548dc-8574-4c41-8b6a-3e23553462f6 req-e21f9e0c-3917-44eb-b445-8c728fa2d4d2 686af32b1be94b979025e27d50ec0dce 0e2414273bb744fb8a9eee2977f58e9b - - c59447b58e78401e9044174794112ce9 c59447b58e78401e9044174794112ce9] 10.0.0.181 "GET /v2.0/networks/39e0e982-54d1-4b1a-9e18-49f931242f98?fields=segments HTTP/1.1" status: 200 len: 212 time: 0.1028283
2026-06-24 19:12:47.152 9 INFO neutron.services.segments.plugin [-] Segment fc6024e0-ab1e-4086-a777-fbd018e6cede resource provider not found; error: Placement Client Error (4xx): {"errors": [{"status": 404, "title": "Not Found", "detail": "The resource could not be found.\n\n No resource provider with uuid fc6024e0-ab1e-4086-a777-fbd018e6cede found for delete ", "request_id": "req-31c73de5-b255-4378-9c5e-9f9b711632af"}]}
2026-06-24 19:12:47.153 9 INFO neutron.services.segments.plugin [-] Segment fc6024e0-ab1e-4086-a777-fbd018e6cede resource provider not found; error: Placement Client Error (4xx): {"errors": [{"status": 404, "title": "Not Found", "detail": "The resource could not be found.\n\n No resource provider with uuid fc6024e0-ab1e-4086-a777-fbd018e6cede found for delete ", "request_id": "req-8ff5b50c-a5a6-4287-82d7-7698efafcd06"}]}
2026-06-24 19:12:47.160 9 INFO neutron.wsgi [None req-176a2f16-5ded-4cd3-9f82-b4353516c0e1 4f10f8e3456c45888ba084e75ba8851b 7ca197cbfedf46c6a1675ce45718ce58 - - - -] 10.0.0.32 "DELETE /v2.0/subnets/52604853-4cb6-4a3d-8421-116b664d7441 HTTP/1.1" status: 204 len: 168 time: 0.3222208
2026-06-24 19:12:47.280 10 INFO neutron.wsgi [req-927548dc-8574-4c41-8b6a-3e23553462f6 req-e24ca3a8-7e37-4639-8fc4-b25dfefe338b 686af32b1be94b979025e27d50ec0dce 0e2414273bb744fb8a9eee2977f58e9b - - c59447b58e78401e9044174794112ce9 c59447b58e78401e9044174794112ce9] 10.0.0.181 "GET /v2.0/networks/39e0e982-54d1-4b1a-9e18-49f931242f98?fields=provider%3Aphysical_network&fields=provider%3Anetwork_type HTTP/1.1" status: 200 len: 277 time: 0.1235425
2026-06-24 19:12:47.297 9 INFO neutron.plugins.ml2.drivers.ovn.mech_driver.mech_driver [None req-df408e8f-efc6-4758-a26d-e9311033e58d - - - - - -] OVN reports status up for port: 20ea2a01-90b0-4aa0-b77e-06ae2c38b66a
2026-06-24 19:12:47.304 10 INFO neutron.db.ovn_revision_numbers_db [None req-ceb345e7-6bfe-4ca8-b6af-51f2ca952328 7ec65932304445b4bc8c4402e5b13f70 810c2aef5f064a2a98dde81ac5306e60 - - default default] Successfully bumped revision number for resource 20ea2a01-90b0-4aa0-b77e-06ae2c38b66a (type: router_ports) to 2
2026-06-24 19:12:47.323 9 INFO neutron.plugins.ml2.plugin [None req-df408e8f-efc6-4758-a26d-e9311033e58d - - - - - -] Attempt 1 to provision port 20ea2a01-90b0-4aa0-b77e-06ae2c38b66a
2026-06-24 19:12:47.363 9 INFO neutron.wsgi [None req-3a9ac4b7-e8ac-47c6-ae72-8bbf6278a281 4f10f8e3456c45888ba084e75ba8851b 7ca197cbfedf46c6a1675ce45718ce58 - - - -] 10.0.0.32 "DELETE /v2.0/security-groups/30369b05-6fde-45e4-b666-5999bcb47ab9 HTTP/1.1" status: 204 len: 168 time: 0.3805761 /var/lib/openstack/lib/python3.10/site-packages/pycadf/identifier.py:71: UserWarning: Invalid uuid: neutron. To ensure interoperability, identifiers should be a valid uuid. warnings.warn(('Invalid uuid: %s. To ensure interoperability, '
2026-06-24 19:12:47.446 10 INFO neutron.wsgi [req-f122db26-b706-4fce-9682-f8df2d57f3be req-e1e22f61-66b6-49df-9c75-16c0a928a532 2cf52b7df95140d7bf3b7f867c17eefa ad37b4197c0f4bf394c34c2f535c41cf - - default default] 10.0.0.181 "GET /v2.0/ports?device_id=a2004e99-f127-482f-bb72-181637bb3384 HTTP/1.1" status: 200 len: 210 time: 0.0240912
2026-06-24 19:12:47.512 10 INFO neutron.db.ovn_revision_numbers_db [None req-ceb345e7-6bfe-4ca8-b6af-51f2ca952328 7ec65932304445b4bc8c4402e5b13f70 810c2aef5f064a2a98dde81ac5306e60 - - default default] Successfully bumped revision number for resource 20ea2a01-90b0-4aa0-b77e-06ae2c38b66a (type: ports) to 2
2026-06-24 19:12:47.629 9 INFO neutron.wsgi [None req-118a05b1-6bbb-4a5e-a55d-f33d055f0c7f 4f10f8e3456c45888ba084e75ba8851b 7ca197cbfedf46c6a1675ce45718ce58 - - default default] 10.0.0.32 "GET /v2.0/security-groups?tenant_id=7fcc6baa08da4d2cb41fbca27bf36c35&name=default HTTP/1.1" status: 200 len: 2996 time: 0.0917108
2026-06-24 19:12:47.756 9 INFO neutron.db.ovn_revision_numbers_db [None req-df408e8f-efc6-4758-a26d-e9311033e58d - - - - - -] Successfully bumped revision number for resource 20ea2a01-90b0-4aa0-b77e-06ae2c38b66a (type: ports) to 3
2026-06-24 19:12:47.770 9 INFO neutron.wsgi [None req-23cff54b-d4fc-4c1f-91c8-e0932e67af54 4f10f8e3456c45888ba084e75ba8851b 7ca197cbfedf46c6a1675ce45718ce58 - - - -] 10.0.0.32 "DELETE /v2.0/networks/2cf7db1d-f93e-40b2-a510-b81cdbc6eca6 HTTP/1.1" status: 204 len: 168 time: 0.6058087
2026-06-24 19:12:47.926 9 INFO neutron.db.ovn_revision_numbers_db [None req-df408e8f-efc6-4758-a26d-e9311033e58d - - - - - -] Successfully bumped revision number for resource 20ea2a01-90b0-4aa0-b77e-06ae2c38b66a (type: router_ports) to 3
2026-06-24 19:12:47.977 9 INFO neutron.wsgi [None req-0f0ed8c5-0f91-4b3b-8728-ac0608f31854 4f10f8e3456c45888ba084e75ba8851b 7ca197cbfedf46c6a1675ce45718ce58 - - - -] 10.0.0.32 "DELETE /v2.0/security-groups/2ffa181d-4431-458b-a1c0-08b632e03683 HTTP/1.1" status: 204 len: 168 time: 0.3363466 /var/lib/openstack/lib/python3.10/site-packages/pycadf/identifier.py:71: UserWarning: Invalid uuid: neutron. To ensure interoperability, identifiers should be a valid uuid. warnings.warn(('Invalid uuid: %s. To ensure interoperability, '
2026-06-24 19:12:48.023 9 INFO neutron.wsgi [None req-7b472590-9c36-4a4f-bb40-9752d64e7ce4 4f10f8e3456c45888ba084e75ba8851b 7ca197cbfedf46c6a1675ce45718ce58 - - default default] 10.0.0.32 "GET /v2.0/security-groups?tenant_id=ce62fc5fd7044b2b930f0189dbe86ff8&name=default HTTP/1.1" status: 200 len: 2996 time: 0.0273426
2026-06-24 19:12:48.158 10 INFO neutron.db.ovn_revision_numbers_db [None req-ceb345e7-6bfe-4ca8-b6af-51f2ca952328 7ec65932304445b4bc8c4402e5b13f70 810c2aef5f064a2a98dde81ac5306e60 - - default default] Successfully bumped revision number for resource 20ea2a01-90b0-4aa0-b77e-06ae2c38b66a (type: ports) to 4
2026-06-24 19:12:48.225 9 INFO neutron.wsgi [req-927548dc-8574-4c41-8b6a-3e23553462f6 req-7b393124-48b2-4aa9-8f41-8430d563f31b 2cf52b7df95140d7bf3b7f867c17eefa ad37b4197c0f4bf394c34c2f535c41cf - - default default] 199.19.213.176 "GET /v2.0/networks?id=39e0e982-54d1-4b1a-9e18-49f931242f98 HTTP/1.1" status: 200 len: 859 time: 0.0769629
2026-06-24 19:12:48.241 10 WARNING neutron.scheduler.dhcp_agent_scheduler [None req-ceb345e7-6bfe-4ca8-b6af-51f2ca952328 7ec65932304445b4bc8c4402e5b13f70 810c2aef5f064a2a98dde81ac5306e60 - - default default] No more DHCP agents
2026-06-24 19:12:48.245 10 WARNING neutron.api.rpc.agentnotifiers.dhcp_rpc_agent_api [None req-ceb345e7-6bfe-4ca8-b6af-51f2ca952328 7ec65932304445b4bc8c4402e5b13f70 810c2aef5f064a2a98dde81ac5306e60 - - default default] Unable to schedule network 27788b0e-9365-49c7-8c24-fc34fb420d02: no agents available; will retry on subsequent port and subnet creation events.
2026-06-24 19:12:48.271 9 INFO neutron.wsgi [None req-12b56191-a6e4-421e-a4ba-bda9f3a13a79 4f10f8e3456c45888ba084e75ba8851b 7ca197cbfedf46c6a1675ce45718ce58 - - - -] 10.0.0.32 "DELETE /v2.0/security-groups/dd63d2d3-f2a6-4237-88f6-4301b63d8367 HTTP/1.1" status: 204 len: 168 time: 0.2436993
2026-06-24 19:12:48.287 9 INFO neutron.wsgi [req-927548dc-8574-4c41-8b6a-3e23553462f6 req-adf19494-1f21-43a8-b163-b256c2b34adc 2cf52b7df95140d7bf3b7f867c17eefa ad37b4197c0f4bf394c34c2f535c41cf - - default default] 199.19.213.176 "GET /v2.0/security-groups?fields=id&fields=name&tenant_id=ad37b4197c0f4bf394c34c2f535c41cf HTTP/1.1" status: 200 len: 472 time: 0.0561659 /var/lib/openstack/lib/python3.10/site-packages/pycadf/identifier.py:71: UserWarning: Invalid uuid: neutron. To ensure interoperability, identifiers should be a valid uuid. warnings.warn(('Invalid uuid: %s. To ensure interoperability, '
2026-06-24 19:12:48.634 10 INFO neutron.wsgi [req-64bc1787-5b9e-4f9d-a3c3-00715a768571 req-6dddadbe-13f3-4c37-a37b-f387fca00c36 2cf52b7df95140d7bf3b7f867c17eefa ad37b4197c0f4bf394c34c2f535c41cf - - default default] 10.0.0.181 "GET /v2.0/ports?device_id=a2004e99-f127-482f-bb72-181637bb3384 HTTP/1.1" status: 200 len: 210 time: 0.0339897
2026-06-24 19:12:48.668 9 WARNING neutron.scheduler.dhcp_agent_scheduler [None req-1383d22b-0392-4a0a-b032-1e294a076dba 2cf52b7df95140d7bf3b7f867c17eefa ad37b4197c0f4bf394c34c2f535c41cf - - - -] No more DHCP agents
2026-06-24 19:12:48.672 9 WARNING neutron.api.rpc.agentnotifiers.dhcp_rpc_agent_api [None req-1383d22b-0392-4a0a-b032-1e294a076dba 2cf52b7df95140d7bf3b7f867c17eefa ad37b4197c0f4bf394c34c2f535c41cf - - - -] Unable to schedule network 39e0e982-54d1-4b1a-9e18-49f931242f98: no agents available; will retry on subsequent port and subnet creation events.
2026-06-24 19:12:48.789 10 INFO neutron.db.ovn_revision_numbers_db [None req-ceb345e7-6bfe-4ca8-b6af-51f2ca952328 7ec65932304445b4bc8c4402e5b13f70 810c2aef5f064a2a98dde81ac5306e60 - - - -] Successfully bumped revision number for resource 20ea2a01-90b0-4aa0-b77e-06ae2c38b66a (type: router_ports) to 4
