2026-06-24 19:11:35.378 9 INFO neutron.wsgi [None req-36136f62-596d-42d3-b295-1941718ef12a 66f650cd88da40fc93941e2a354026fe b42d4d86daff45a1a5e63455f39119fb - - - -] 10.0.0.32 "POST /v2.0/networks HTTP/1.1" status: 201 len: 847 time: 1.1653013 /var/lib/openstack/lib/python3.10/site-packages/pycadf/identifier.py:71: UserWarning: Invalid uuid: neutron. To ensure interoperability, identifiers should be a valid uuid. warnings.warn(('Invalid uuid: %s. To ensure interoperability, '
2026-06-24 19:11:35.430 10 INFO neutron.wsgi [None req-11be1dbf-a275-4115-b565-dbbe327be415 4f10f8e3456c45888ba084e75ba8851b 7ca197cbfedf46c6a1675ce45718ce58 - - - -] 10.0.0.32 "DELETE /v2.0/routers/69a5c2dc-604e-4347-a657-52e6cba6d80c HTTP/1.1" status: 204 len: 168 time: 0.9945281
2026-06-24 19:11:35.460 10 INFO neutron.db.ovn_revision_numbers_db [None req-460b2a8a-f5f9-4d6e-976b-2ea900051801 4f10f8e3456c45888ba084e75ba8851b 7ca197cbfedf46c6a1675ce45718ce58 - - default default] Successfully bumped revision number for resource f72c80f9-2e2a-49c9-b363-e04b9b8d5d72 (type: security_groups) to 1
2026-06-24 19:11:35.490 10 INFO neutron.wsgi [None req-460b2a8a-f5f9-4d6e-976b-2ea900051801 4f10f8e3456c45888ba084e75ba8851b 7ca197cbfedf46c6a1675ce45718ce58 - - default default] 10.0.0.32 "GET /v2.0/security-groups?tenant_id=64689f5dda1748cdb2b4976d2153976d&name=default HTTP/1.1" status: 200 len: 2996 time: 0.3823502
2026-06-24 19:11:35.662 9 INFO neutron.wsgi [None req-388ece92-8396-4581-8951-b3a14b64a32f 4f10f8e3456c45888ba084e75ba8851b 7ca197cbfedf46c6a1675ce45718ce58 - - - -] 10.0.0.32 "DELETE /v2.0/subnets/19ee8eeb-2b2c-4bbb-84cf-bb32c0246561 HTTP/1.1" status: 204 len: 168 time: 0.2268438
2026-06-24 19:11:35.701 9 WARNING neutron.scheduler.dhcp_agent_scheduler [None req-36906a78-06d0-4b28-ad70-674bd799e94a 66f650cd88da40fc93941e2a354026fe b42d4d86daff45a1a5e63455f39119fb - - - -] No more DHCP agents
2026-06-24 19:11:35.703 9 WARNING neutron.api.rpc.agentnotifiers.dhcp_rpc_agent_api [None req-36906a78-06d0-4b28-ad70-674bd799e94a 66f650cd88da40fc93941e2a354026fe b42d4d86daff45a1a5e63455f39119fb - - - -] Unable to schedule network 95d99608-6f70-4717-a134-9e76712377ad: no agents available; will retry on subsequent port and subnet creation events.
2026-06-24 19:11:35.775 10 INFO neutron.wsgi [None req-0221ac57-2a5d-4c6b-9611-6e18fce5b74d 4f10f8e3456c45888ba084e75ba8851b 7ca197cbfedf46c6a1675ce45718ce58 - - - -] 10.0.0.32 "DELETE /v2.0/security-groups/f72c80f9-2e2a-49c9-b363-e04b9b8d5d72 HTTP/1.1" status: 204 len: 168 time: 0.2790277
2026-06-24 19:11:35.776 9 INFO neutron.db.ovn_revision_numbers_db [None req-36906a78-06d0-4b28-ad70-674bd799e94a 66f650cd88da40fc93941e2a354026fe b42d4d86daff45a1a5e63455f39119fb - - - -] Successfully bumped revision number for resource cd2f5745-b286-4613-9daa-edde9cfbcd37 (type: ports) to 1
2026-06-24 19:11:35.806 9 INFO neutron.wsgi [None req-36906a78-06d0-4b28-ad70-674bd799e94a 66f650cd88da40fc93941e2a354026fe b42d4d86daff45a1a5e63455f39119fb - - - -] 10.0.0.32 "POST /v2.0/ports HTTP/1.1" status: 201 len: 977 time: 0.4224389 /var/lib/openstack/lib/python3.10/site-packages/pycadf/identifier.py:71: UserWarning: Invalid uuid: neutron. To ensure interoperability, identifiers should be a valid uuid. warnings.warn(('Invalid uuid: %s. To ensure interoperability, '
2026-06-24 19:11:35.935 9 INFO neutron.db.segments_db [None req-2ed9a12d-656d-4024-82f5-c0baf0a3aa7b 66f650cd88da40fc93941e2a354026fe b42d4d86daff45a1a5e63455f39119fb - - - -] Added segment b6597098-8134-451b-9de1-35afe988b7c7 of type geneve for network 3295e9c2-4675-46be-b8e3-51de52298119
2026-06-24 19:11:36.083 9 INFO neutron.db.ovn_revision_numbers_db [None req-82318121-175b-480d-8e01-45370ec42878 4f10f8e3456c45888ba084e75ba8851b 7ca197cbfedf46c6a1675ce45718ce58 - - default default] Successfully bumped revision number for resource d062dd96-cf5a-4f8d-9b66-527b49988c0f (type: security_groups) to 1
2026-06-24 19:11:36.086 9 INFO neutron.db.ovn_revision_numbers_db [None req-2ed9a12d-656d-4024-82f5-c0baf0a3aa7b 66f650cd88da40fc93941e2a354026fe b42d4d86daff45a1a5e63455f39119fb - - - -] Successfully bumped revision number for resource 3295e9c2-4675-46be-b8e3-51de52298119 (type: networks) to 1
2026-06-24 19:11:36.115 9 INFO neutron.wsgi [None req-82318121-175b-480d-8e01-45370ec42878 4f10f8e3456c45888ba084e75ba8851b 7ca197cbfedf46c6a1675ce45718ce58 - - default default] 10.0.0.32 "GET /v2.0/security-groups?tenant_id=bad73006b0a545e3b5cbcbc4fafc663d&name=default HTTP/1.1" status: 200 len: 2996 time: 0.2100632
2026-06-24 19:11:36.127 10 INFO neutron.db.l3_db [None req-44ca618d-945b-4163-86dc-69d1b39684c2 294a5599d75746ba9244d2f8aa7680ca a7ec68b544ff43b8a3965f6fd901854f - - - -] Floating IP 8cf6ead0-31e8-4fe0-9712-67a018119ce0 associated. External IP: 10.96.250.212, port: 36447815-3867-443b-a3a6-f54128b8c817.
2026-06-24 19:11:36.308 9 WARNING neutron.scheduler.dhcp_agent_scheduler [None req-2ed9a12d-656d-4024-82f5-c0baf0a3aa7b 66f650cd88da40fc93941e2a354026fe b42d4d86daff45a1a5e63455f39119fb - - - -] No more DHCP agents
2026-06-24 19:11:36.315 9 WARNING neutron.api.rpc.agentnotifiers.dhcp_rpc_agent_api [None req-2ed9a12d-656d-4024-82f5-c0baf0a3aa7b 66f650cd88da40fc93941e2a354026fe b42d4d86daff45a1a5e63455f39119fb - - - -] Unable to schedule network 3295e9c2-4675-46be-b8e3-51de52298119: no agents available; will retry on subsequent port and subnet creation events.
2026-06-24 19:11:36.389 9 INFO neutron.db.ovn_revision_numbers_db [None req-2ed9a12d-656d-4024-82f5-c0baf0a3aa7b 66f650cd88da40fc93941e2a354026fe b42d4d86daff45a1a5e63455f39119fb - - - -] Successfully bumped revision number for resource 4e877960-21de-4a46-b1d9-6d5373c69013 (type: ports) to 1
2026-06-24 19:11:36.412 9 INFO neutron.wsgi [None req-2ed9a12d-656d-4024-82f5-c0baf0a3aa7b 66f650cd88da40fc93941e2a354026fe b42d4d86daff45a1a5e63455f39119fb - - - -] 10.0.0.32 "POST /v2.0/networks HTTP/1.1" status: 201 len: 835 time: 0.5986052
2026-06-24 19:11:36.435 10 INFO neutron.db.ovn_revision_numbers_db [None req-44ca618d-945b-4163-86dc-69d1b39684c2 294a5599d75746ba9244d2f8aa7680ca a7ec68b544ff43b8a3965f6fd901854f - - - -] Successfully bumped revision number for resource 8cf6ead0-31e8-4fe0-9712-67a018119ce0 (type: floatingips) to 0
2026-06-24 19:11:36.536 10 INFO neutron.services.segments.plugin [-] Segment 0c2bc761-6c54-4cd2-bcf0-d8d4537ce962 resource provider aggregate not found
2026-06-24 19:11:36.541 10 INFO neutron.services.segments.plugin [-] Segment 0c2bc761-6c54-4cd2-bcf0-d8d4537ce962 resource provider aggregate not found
2026-06-24 19:11:36.576 10 INFO neutron.services.segments.plugin [-] Segment 0c2bc761-6c54-4cd2-bcf0-d8d4537ce962 resource provider not found; error: Placement Client Error (4xx): {"errors": [{"status": 404, "title": "Not Found", "detail": "The resource could not be found.\n\n No resource provider with uuid 0c2bc761-6c54-4cd2-bcf0-d8d4537ce962 found for delete ", "request_id": "req-3d5687ff-cf2b-403d-9b1b-afa5b7ebfbe9"}]}
2026-06-24 19:11:36.577 10 INFO neutron.services.segments.plugin [-] Segment 0c2bc761-6c54-4cd2-bcf0-d8d4537ce962 resource provider not found; error: Placement Client Error (4xx): {"errors": [{"status": 404, "title": "Not Found", "detail": "The resource could not be found.\n\n No resource provider with uuid 0c2bc761-6c54-4cd2-bcf0-d8d4537ce962 found for delete ", "request_id": "req-4fee512f-677f-4ba6-bd75-5fe1c0e12709"}]}
2026-06-24 19:11:36.601 10 INFO neutron.wsgi [None req-3abab1f2-20fe-4652-b198-10460494480e 4f10f8e3456c45888ba084e75ba8851b 7ca197cbfedf46c6a1675ce45718ce58 - - - -] 10.0.0.32 "DELETE /v2.0/security-groups/d062dd96-cf5a-4f8d-9b66-527b49988c0f HTTP/1.1" status: 204 len: 168 time: 0.4806128
2026-06-24 19:11:36.602 10 INFO neutron.db.ovn_revision_numbers_db [None req-44ca618d-945b-4163-86dc-69d1b39684c2 294a5599d75746ba9244d2f8aa7680ca a7ec68b544ff43b8a3965f6fd901854f - - - -] Successfully bumped revision number for resource 8cf6ead0-31e8-4fe0-9712-67a018119ce0 (type: floatingips) to 1
2026-06-24 19:11:36.616 9 WARNING neutron.plugins.ml2.drivers.ovn.mech_driver.ovsdb.ovn_client [None req-df408e8f-efc6-4758-a26d-e9311033e58d - - - - - -] No hosting information found for port c251931d-be83-45c2-837d-dd410ecc076b: RuntimeError: No hosting information found for port c251931d-be83-45c2-837d-dd410ecc076b
2026-06-24 19:11:36.616 10 INFO neutron.wsgi [None req-6ba0d17f-bfc3-4e89-86d1-3119dd350ea4 4f10f8e3456c45888ba084e75ba8851b 7ca197cbfedf46c6a1675ce45718ce58 - - - -] 10.0.0.32 "DELETE /v2.0/networks/aff67b49-b50b-4ab4-a528-fa88719fc3bc HTTP/1.1" status: 204 len: 168 time: 0.9467096
2026-06-24 19:11:36.616 9 INFO neutron.plugins.ml2.drivers.ovn.mech_driver.mech_driver [None req-df408e8f-efc6-4758-a26d-e9311033e58d - - - - - -] OVN reports status up for port: 2cf6a185-860a-4b97-a2d1-9d27f71601c7
2026-06-24 19:11:36.629 9 INFO neutron.plugins.ml2.plugin [None req-df408e8f-efc6-4758-a26d-e9311033e58d - - - - - -] Attempt 1 to provision port 2cf6a185-860a-4b97-a2d1-9d27f71601c7
2026-06-24 19:11:36.645 10 INFO neutron.wsgi [None req-44ca618d-945b-4163-86dc-69d1b39684c2 294a5599d75746ba9244d2f8aa7680ca a7ec68b544ff43b8a3965f6fd901854f - - - -] 10.0.0.32 "POST /v2.0/floatingips HTTP/1.1" status: 201 len: 1040 time: 1.7507915 /var/lib/openstack/lib/python3.10/site-packages/pycadf/identifier.py:71: UserWarning: Invalid uuid: neutron. To ensure interoperability, identifiers should be a valid uuid. warnings.warn(('Invalid uuid: %s. To ensure interoperability, '
2026-06-24 19:11:36.778 9 WARNING neutron.scheduler.dhcp_agent_scheduler [None req-887cf344-6e34-400b-935d-fc487ed96516 66f650cd88da40fc93941e2a354026fe b42d4d86daff45a1a5e63455f39119fb - - - -] No more DHCP agents
2026-06-24 19:11:36.784 9 WARNING neutron.api.rpc.agentnotifiers.dhcp_rpc_agent_api [None req-887cf344-6e34-400b-935d-fc487ed96516 66f650cd88da40fc93941e2a354026fe b42d4d86daff45a1a5e63455f39119fb - - - -] Unable to schedule network 3295e9c2-4675-46be-b8e3-51de52298119: no agents available; will retry on subsequent port and subnet creation events.
2026-06-24 19:11:36.803 10 INFO neutron.db.l3_db [None req-42f19d40-ec07-46cb-8a12-d5ade9063330 294a5599d75746ba9244d2f8aa7680ca a7ec68b544ff43b8a3965f6fd901854f - - - -] Floating IP 8cf6ead0-31e8-4fe0-9712-67a018119ce0 disassociated. External IP: 10.96.250.212, port: 36447815-3867-443b-a3a6-f54128b8c817.
2026-06-24 19:11:36.822 9 INFO neutron.db.ovn_revision_numbers_db [None req-887cf344-6e34-400b-935d-fc487ed96516 66f650cd88da40fc93941e2a354026fe b42d4d86daff45a1a5e63455f39119fb - - - -] Successfully bumped revision number for resource 3b61cafd-003f-4198-abf8-558cf3aa129a (type: subnets) to 0
2026-06-24 19:11:36.849 10 INFO neutron.db.ovn_revision_numbers_db [None req-42f19d40-ec07-46cb-8a12-d5ade9063330 294a5599d75746ba9244d2f8aa7680ca a7ec68b544ff43b8a3965f6fd901854f - - - -] Successfully bumped revision number for resource 8cf6ead0-31e8-4fe0-9712-67a018119ce0 (type: floatingips) to 2
2026-06-24 19:11:36.875 9 INFO neutron.wsgi [None req-887cf344-6e34-400b-935d-fc487ed96516 66f650cd88da40fc93941e2a354026fe b42d4d86daff45a1a5e63455f39119fb - - - -] 10.0.0.32 "POST /v2.0/subnets HTTP/1.1" status: 201 len: 821 time: 0.4573445
2026-06-24 19:11:36.885 9 INFO neutron.wsgi [None req-2bd0207c-d3ef-477b-b9aa-5535d801a1f8 4f10f8e3456c45888ba084e75ba8851b 7ca197cbfedf46c6a1675ce45718ce58 - - default default] 10.0.0.32 "GET /v2.0/security-groups?tenant_id=c1cdad8c24414722a448f852f26f2d2c&name=default HTTP/1.1" status: 200 len: 2996 time: 0.0960991
2026-06-24 19:11:36.964 10 INFO neutron.wsgi [None req-42f19d40-ec07-46cb-8a12-d5ade9063330 294a5599d75746ba9244d2f8aa7680ca a7ec68b544ff43b8a3965f6fd901854f - - - -] 10.0.0.32 "PUT /v2.0/floatingips/8cf6ead0-31e8-4fe0-9712-67a018119ce0 HTTP/1.1" status: 200 len: 748 time: 0.3126056 /var/lib/openstack/lib/python3.10/site-packages/pycadf/identifier.py:71: UserWarning: Invalid uuid: neutron. To ensure interoperability, identifiers should be a valid uuid. warnings.warn(('Invalid uuid: %s. To ensure interoperability, '
2026-06-24 19:11:37.168 9 INFO neutron.db.ovn_revision_numbers_db [None req-df408e8f-efc6-4758-a26d-e9311033e58d - - - - - -] Successfully bumped revision number for resource 2cf6a185-860a-4b97-a2d1-9d27f71601c7 (type: ports) to 3
2026-06-24 19:11:37.355 9 INFO neutron.wsgi [None req-2af02a86-be47-48e7-88f5-7460c0b0ab25 4f10f8e3456c45888ba084e75ba8851b 7ca197cbfedf46c6a1675ce45718ce58 - - - -] 10.0.0.32 "DELETE /v2.0/security-groups/e7b0f3b8-a733-4146-a72b-d2eaaa473aae HTTP/1.1" status: 204 len: 168 time: 0.4587491
2026-06-24 19:11:37.388 10 INFO neutron.wsgi [None req-f39b51f7-f21e-4540-89c5-e3ff7c6426bf 294a5599d75746ba9244d2f8aa7680ca a7ec68b544ff43b8a3965f6fd901854f - - - -] 10.0.0.32 "DELETE /v2.0/floatingips/8cf6ead0-31e8-4fe0-9712-67a018119ce0 HTTP/1.1" status: 204 len: 168 time: 0.4195769
2026-06-24 19:11:37.389 9 INFO neutron.db.ovn_revision_numbers_db [None req-df408e8f-efc6-4758-a26d-e9311033e58d - - - - - -] Successfully bumped revision number for resource 2cf6a185-860a-4b97-a2d1-9d27f71601c7 (type: router_ports) to 3
2026-06-24 19:11:37.448 9 WARNING neutron.scheduler.dhcp_agent_scheduler [None req-39de97a5-8cb3-458b-944a-cc5359d3c1c1 66f650cd88da40fc93941e2a354026fe b42d4d86daff45a1a5e63455f39119fb - - - -] No more DHCP agents
2026-06-24 19:11:37.452 9 WARNING neutron.api.rpc.agentnotifiers.dhcp_rpc_agent_api [None req-39de97a5-8cb3-458b-944a-cc5359d3c1c1 66f650cd88da40fc93941e2a354026fe b42d4d86daff45a1a5e63455f39119fb - - - -] Unable to schedule network 3295e9c2-4675-46be-b8e3-51de52298119: no agents available; will retry on subsequent port and subnet creation events.
2026-06-24 19:11:37.551 9 INFO neutron.db.ovn_revision_numbers_db [None req-39de97a5-8cb3-458b-944a-cc5359d3c1c1 66f650cd88da40fc93941e2a354026fe b42d4d86daff45a1a5e63455f39119fb - - - -] Successfully bumped revision number for resource 7b12d22d-95ae-4837-b0ea-24af67c83f04 (type: ports) to 1
2026-06-24 19:11:37.587 9 INFO neutron.wsgi [None req-39de97a5-8cb3-458b-944a-cc5359d3c1c1 66f650cd88da40fc93941e2a354026fe b42d4d86daff45a1a5e63455f39119fb - - - -] 10.0.0.32 "POST /v2.0/ports HTTP/1.1" status: 201 len: 1160 time: 0.7046881 /var/lib/openstack/lib/python3.10/site-packages/pycadf/identifier.py:71: UserWarning: Invalid uuid: neutron. To ensure interoperability, identifiers should be a valid uuid. warnings.warn(('Invalid uuid: %s. To ensure interoperability, '
2026-06-24 19:11:37.690 10 WARNING neutron.scheduler.dhcp_agent_scheduler [None req-2503fd7d-1f44-48b5-ac64-e6d52bb6305c 294a5599d75746ba9244d2f8aa7680ca a7ec68b544ff43b8a3965f6fd901854f - - - -] No more DHCP agents
2026-06-24 19:11:37.692 10 WARNING neutron.api.rpc.agentnotifiers.dhcp_rpc_agent_api [None req-2503fd7d-1f44-48b5-ac64-e6d52bb6305c 294a5599d75746ba9244d2f8aa7680ca a7ec68b544ff43b8a3965f6fd901854f - - - -] Unable to schedule network 55253de1-2e58-4f71-a573-4da169fafa06: no agents available; will retry on subsequent port and subnet creation events.
2026-06-24 19:11:37.944 9 INFO neutron.wsgi [None req-2e2146b3-b792-4d7a-aae9-45410fe08446 66f650cd88da40fc93941e2a354026fe b42d4d86daff45a1a5e63455f39119fb - - - -] 10.0.0.32 "DELETE /v2.0/ports/7b12d22d-95ae-4837-b0ea-24af67c83f04 HTTP/1.1" status: 204 len: 168 time: 0.3523664
2026-06-24 19:11:37.971 9 INFO neutron.pecan_wsgi.hooks.translation [None req-915f1a95-da0f-4571-a9a9-18a0c994c6f4 66f650cd88da40fc93941e2a354026fe b42d4d86daff45a1a5e63455f39119fb - - - -] DELETE failed (client error): The resource could not be found.
2026-06-24 19:11:37.974 9 INFO neutron.wsgi [None req-915f1a95-da0f-4571-a9a9-18a0c994c6f4 66f650cd88da40fc93941e2a354026fe b42d4d86daff45a1a5e63455f39119fb - - - -] 10.0.0.32 "DELETE /v2.0/ports/7b12d22d-95ae-4837-b0ea-24af67c83f04 HTTP/1.1" status: 404 len: 333 time: 0.0250762
2026-06-24 19:11:38.000 9 INFO neutron.pecan_wsgi.hooks.translation [None req-cb1cbb92-8948-428a-ade3-6ea0724dd13f 66f650cd88da40fc93941e2a354026fe b42d4d86daff45a1a5e63455f39119fb - - default default] GET failed (client error): The resource could not be found.
2026-06-24 19:11:38.002 9 INFO neutron.wsgi [None req-cb1cbb92-8948-428a-ade3-6ea0724dd13f 66f650cd88da40fc93941e2a354026fe b42d4d86daff45a1a5e63455f39119fb - - default default] 10.0.0.32 "GET /v2.0/ports/7b12d22d-95ae-4837-b0ea-24af67c83f04 HTTP/1.1" status: 404 len: 333 time: 0.0244393
2026-06-24 19:11:38.181 9 INFO neutron.wsgi [None req-5df3d4e8-8a3f-46d5-9a56-47c654b094ed 66f650cd88da40fc93941e2a354026fe b42d4d86daff45a1a5e63455f39119fb - - - -] 10.0.0.32 "DELETE /v2.0/subnets/3b61cafd-003f-4198-abf8-558cf3aa129a HTTP/1.1" status: 204 len: 168 time: 0.1738513
2026-06-24 19:11:38.195 10 INFO neutron.db.l3_db [None req-2503fd7d-1f44-48b5-ac64-e6d52bb6305c 294a5599d75746ba9244d2f8aa7680ca a7ec68b544ff43b8a3965f6fd901854f - - - -] Floating IP b814a44a-b7c0-4c1e-b0ec-05d0cd7eeb6b associated. External IP: 10.96.250.208, port: 4e1bed8b-ce0e-4186-b3f5-d705b2bb3e02.
2026-06-24 19:11:38.388 10 INFO neutron.db.ovn_revision_numbers_db [None req-2503fd7d-1f44-48b5-ac64-e6d52bb6305c 294a5599d75746ba9244d2f8aa7680ca a7ec68b544ff43b8a3965f6fd901854f - - - -] Successfully bumped revision number for resource b814a44a-b7c0-4c1e-b0ec-05d0cd7eeb6b (type: floatingips) to 0
2026-06-24 19:11:38.503 10 INFO neutron.db.ovn_revision_numbers_db [None req-2503fd7d-1f44-48b5-ac64-e6d52bb6305c 294a5599d75746ba9244d2f8aa7680ca a7ec68b544ff43b8a3965f6fd901854f - - - -] Successfully bumped revision number for resource b814a44a-b7c0-4c1e-b0ec-05d0cd7eeb6b (type: floatingips) to 1
2026-06-24 19:11:38.542 10 INFO neutron.wsgi [None req-2503fd7d-1f44-48b5-ac64-e6d52bb6305c 294a5599d75746ba9244d2f8aa7680ca a7ec68b544ff43b8a3965f6fd901854f - - - -] 10.0.0.32 "POST /v2.0/floatingips HTTP/1.1" status: 201 len: 1040 time: 1.1429415 /var/lib/openstack/lib/python3.10/site-packages/pycadf/identifier.py:71: UserWarning: Invalid uuid: neutron. To ensure interoperability, identifiers should be a valid uuid. warnings.warn(('Invalid uuid: %s. To ensure interoperability, '
2026-06-24 19:11:38.595 10 INFO neutron.wsgi [None req-e6c096c8-83b2-4b39-85c6-d785255dcb6c 294a5599d75746ba9244d2f8aa7680ca a7ec68b544ff43b8a3965f6fd901854f - - default default] 10.0.0.32 "GET /v2.0/floatingips/b814a44a-b7c0-4c1e-b0ec-05d0cd7eeb6b HTTP/1.1" status: 200 len: 1037 time: 0.0477304
2026-06-24 19:11:38.687 9 INFO neutron.wsgi [None req-0b79479c-cd5e-443e-b638-13c0e380f6da 66f650cd88da40fc93941e2a354026fe b42d4d86daff45a1a5e63455f39119fb - - - -] 10.0.0.32 "DELETE /v2.0/networks/3295e9c2-4675-46be-b8e3-51de52298119 HTTP/1.1" status: 204 len: 168 time: 0.5021844
2026-06-24 19:11:38.703 10 INFO neutron.wsgi [None req-89de677d-71c4-4d92-b468-e66d024bf099 294a5599d75746ba9244d2f8aa7680ca a7ec68b544ff43b8a3965f6fd901854f - - default default] 10.0.0.32 "GET /v2.0/floatingips HTTP/1.1" status: 200 len: 1040 time: 0.1033223
2026-06-24 19:11:38.823 10 INFO neutron.db.segments_db [None req-4a24aa3b-f073-427a-85f8-85fa9dfd1bfa 66f650cd88da40fc93941e2a354026fe b42d4d86daff45a1a5e63455f39119fb - - - -] Added segment 1b21fd0e-c0c6-485c-b71f-210e686a7496 of type geneve for network 8a3fb9e8-cb92-4fb3-bb2d-672ba23b9892
2026-06-24 19:11:39.191 9 INFO neutron.services.segments.plugin [-] Segment b6597098-8134-451b-9de1-35afe988b7c7 resource provider aggregate not found
2026-06-24 19:11:39.200 9 INFO neutron.services.segments.plugin [-] Segment b6597098-8134-451b-9de1-35afe988b7c7 resource provider aggregate not found
2026-06-24 19:11:39.223 9 INFO neutron.services.segments.plugin [-] Segment b6597098-8134-451b-9de1-35afe988b7c7 resource provider not found; error: Placement Client Error (4xx): {"errors": [{"status": 404, "title": "Not Found", "detail": "The resource could not be found.\n\n No resource provider with uuid b6597098-8134-451b-9de1-35afe988b7c7 found for delete ", "request_id": "req-a82c69d7-62d0-4eb0-bd0c-b112fe9815d4"}]}
2026-06-24 19:11:39.224 9 INFO neutron.services.segments.plugin [-] Segment b6597098-8134-451b-9de1-35afe988b7c7 resource provider not found; error: Placement Client Error (4xx): {"errors": [{"status": 404, "title": "Not Found", "detail": "The resource could not be found.\n\n No resource provider with uuid b6597098-8134-451b-9de1-35afe988b7c7 found for delete ", "request_id": "req-3b9e5c52-c549-47a9-92bd-96dbe490fe01"}]}
2026-06-24 19:11:39.282 10 INFO neutron.db.ovn_revision_numbers_db [None req-4a24aa3b-f073-427a-85f8-85fa9dfd1bfa 66f650cd88da40fc93941e2a354026fe b42d4d86daff45a1a5e63455f39119fb - - - -] Successfully bumped revision number for resource 8a3fb9e8-cb92-4fb3-bb2d-672ba23b9892 (type: networks) to 1
2026-06-24 19:11:39.320 9 INFO neutron.db.ovn_revision_numbers_db [None req-afddff2a-a538-4070-88cf-926f2cf30587 4f10f8e3456c45888ba084e75ba8851b 7ca197cbfedf46c6a1675ce45718ce58 - - default default] Successfully bumped revision number for resource b38f21e2-9e38-4496-9edc-333513f46696 (type: security_groups) to 1
2026-06-24 19:11:39.322 10 INFO neutron.db.l3_db [None req-033cb26a-a820-435b-9906-31d48910dba9 294a5599d75746ba9244d2f8aa7680ca a7ec68b544ff43b8a3965f6fd901854f - - - -] Floating IP b814a44a-b7c0-4c1e-b0ec-05d0cd7eeb6b associated. External IP: 10.96.250.208, port: 4e1bed8b-ce0e-4186-b3f5-d705b2bb3e02.
2026-06-24 19:11:39.347 9 INFO neutron.wsgi [None req-afddff2a-a538-4070-88cf-926f2cf30587 4f10f8e3456c45888ba084e75ba8851b 7ca197cbfedf46c6a1675ce45718ce58 - - default default] 10.0.0.32 "GET /v2.0/security-groups?tenant_id=4ac5d72653a6440db29e91ebe521a7bf&name=default HTTP/1.1" status: 200 len: 2996 time: 0.4298308
2026-06-24 19:11:39.508 9 INFO neutron.db.ovn_revision_numbers_db [None req-282a3f73-5fe2-46ba-9bac-821bc59b47f5 4f10f8e3456c45888ba084e75ba8851b 7ca197cbfedf46c6a1675ce45718ce58 - - - -] Successfully bumped revision number for resource dd63d2d3-f2a6-4237-88f6-4301b63d8367 (type: security_groups) to 1
2026-06-24 19:11:39.580 9 INFO neutron.db.segments_db [None req-282a3f73-5fe2-46ba-9bac-821bc59b47f5 4f10f8e3456c45888ba084e75ba8851b 7ca197cbfedf46c6a1675ce45718ce58 - - - -] Added segment 2b4de2dd-dc0c-46e6-a003-3b1fcc57df11 of type geneve for network 2cf7db1d-f93e-40b2-a510-b81cdbc6eca6
2026-06-24 19:11:39.603 9 INFO neutron.wsgi [None req-095737cb-f4d2-405c-81ae-938f9bc71b1b 4f10f8e3456c45888ba084e75ba8851b 7ca197cbfedf46c6a1675ce45718ce58 - - - -] 10.0.0.32 "DELETE /v2.0/security-groups/b38f21e2-9e38-4496-9edc-333513f46696 HTTP/1.1" status: 204 len: 168 time: 0.2450867
2026-06-24 19:11:39.611 10 WARNING neutron.scheduler.dhcp_agent_scheduler [None req-4a24aa3b-f073-427a-85f8-85fa9dfd1bfa 66f650cd88da40fc93941e2a354026fe b42d4d86daff45a1a5e63455f39119fb - - - -] No more DHCP agents
2026-06-24 19:11:39.618 10 WARNING neutron.api.rpc.agentnotifiers.dhcp_rpc_agent_api [None req-4a24aa3b-f073-427a-85f8-85fa9dfd1bfa 66f650cd88da40fc93941e2a354026fe b42d4d86daff45a1a5e63455f39119fb - - - -] Unable to schedule network 8a3fb9e8-cb92-4fb3-bb2d-672ba23b9892: no agents available; will retry on subsequent port and subnet creation events.
2026-06-24 19:11:39.621 10 INFO neutron.db.ovn_revision_numbers_db [None req-033cb26a-a820-435b-9906-31d48910dba9 294a5599d75746ba9244d2f8aa7680ca a7ec68b544ff43b8a3965f6fd901854f - - - -] Successfully bumped revision number for resource b814a44a-b7c0-4c1e-b0ec-05d0cd7eeb6b (type: floatingips) to 2
2026-06-24 19:11:39.721 9 INFO neutron.db.ovn_revision_numbers_db [None req-282a3f73-5fe2-46ba-9bac-821bc59b47f5 4f10f8e3456c45888ba084e75ba8851b 7ca197cbfedf46c6a1675ce45718ce58 - - - -] Successfully bumped revision number for resource 2cf7db1d-f93e-40b2-a510-b81cdbc6eca6 (type: networks) to 1
2026-06-24 19:11:39.727 10 INFO neutron.db.ovn_revision_numbers_db [None req-4a24aa3b-f073-427a-85f8-85fa9dfd1bfa 66f650cd88da40fc93941e2a354026fe b42d4d86daff45a1a5e63455f39119fb - - - -] Successfully bumped revision number for resource f66de1f9-cbff-40ce-9575-21a130e81b6d (type: ports) to 1
2026-06-24 19:11:39.741 10 INFO neutron.db.ovn_revision_numbers_db [None req-033cb26a-a820-435b-9906-31d48910dba9 294a5599d75746ba9244d2f8aa7680ca a7ec68b544ff43b8a3965f6fd901854f - - - -] Successfully bumped revision number for resource b814a44a-b7c0-4c1e-b0ec-05d0cd7eeb6b (type: floatingips) to 3
2026-06-24 19:11:39.774 10 INFO neutron.wsgi [None req-4a24aa3b-f073-427a-85f8-85fa9dfd1bfa 66f650cd88da40fc93941e2a354026fe b42d4d86daff45a1a5e63455f39119fb - - - -] 10.0.0.32 "POST /v2.0/networks HTTP/1.1" status: 201 len: 834 time: 1.0824997
2026-06-24 19:11:39.796 10 INFO neutron.wsgi [None req-033cb26a-a820-435b-9906-31d48910dba9 294a5599d75746ba9244d2f8aa7680ca a7ec68b544ff43b8a3965f6fd901854f - - - -] 10.0.0.32 "PUT /v2.0/floatingips/b814a44a-b7c0-4c1e-b0ec-05d0cd7eeb6b HTTP/1.1" status: 200 len: 1037 time: 1.0882595
2026-06-24 19:11:40.333 9 WARNING neutron.scheduler.dhcp_agent_scheduler [None req-282a3f73-5fe2-46ba-9bac-821bc59b47f5 4f10f8e3456c45888ba084e75ba8851b 7ca197cbfedf46c6a1675ce45718ce58 - - - -] No more DHCP agents
2026-06-24 19:11:40.336 9 INFO neutron.db.l3_db [None req-c70f8f6a-b759-4f53-954f-fcc6ca4a6ebd 294a5599d75746ba9244d2f8aa7680ca a7ec68b544ff43b8a3965f6fd901854f - - - -] Floating IP b814a44a-b7c0-4c1e-b0ec-05d0cd7eeb6b disassociated. External IP: 10.96.250.208, port: 36447815-3867-443b-a3a6-f54128b8c817.
2026-06-24 19:11:40.337 9 WARNING neutron.api.rpc.agentnotifiers.dhcp_rpc_agent_api [None req-282a3f73-5fe2-46ba-9bac-821bc59b47f5 4f10f8e3456c45888ba084e75ba8851b 7ca197cbfedf46c6a1675ce45718ce58 - - - -] Unable to schedule network 2cf7db1d-f93e-40b2-a510-b81cdbc6eca6: no agents available; will retry on subsequent port and subnet creation events.
2026-06-24 19:11:40.395 9 INFO neutron.db.ovn_revision_numbers_db [None req-c70f8f6a-b759-4f53-954f-fcc6ca4a6ebd 294a5599d75746ba9244d2f8aa7680ca a7ec68b544ff43b8a3965f6fd901854f - - - -] Successfully bumped revision number for resource b814a44a-b7c0-4c1e-b0ec-05d0cd7eeb6b (type: floatingips) to 4
2026-06-24 19:11:40.481 9 INFO neutron.db.ovn_revision_numbers_db [None req-282a3f73-5fe2-46ba-9bac-821bc59b47f5 4f10f8e3456c45888ba084e75ba8851b 7ca197cbfedf46c6a1675ce45718ce58 - - - -] Successfully bumped revision number for resource 0c2b3597-2f5d-4a09-abdb-f063d15da44b (type: ports) to 1
2026-06-24 19:11:40.506 9 INFO neutron.wsgi [None req-c70f8f6a-b759-4f53-954f-fcc6ca4a6ebd 294a5599d75746ba9244d2f8aa7680ca a7ec68b544ff43b8a3965f6fd901854f - - - -] 10.0.0.32 "PUT /v2.0/floatingips/b814a44a-b7c0-4c1e-b0ec-05d0cd7eeb6b HTTP/1.1" status: 200 len: 748 time: 0.7026923 /var/lib/openstack/lib/python3.10/site-packages/pycadf/identifier.py:71: UserWarning: Invalid uuid: neutron. To ensure interoperability, identifiers should be a valid uuid. warnings.warn(('Invalid uuid: %s. To ensure interoperability, '
2026-06-24 19:11:40.525 9 INFO neutron.wsgi [None req-282a3f73-5fe2-46ba-9bac-821bc59b47f5 4f10f8e3456c45888ba084e75ba8851b 7ca197cbfedf46c6a1675ce45718ce58 - - - -] 10.0.0.32 "POST /v2.0/networks HTTP/1.1" status: 201 len: 945 time: 1.2243817
2026-06-24 19:11:40.549 9 WARNING neutron.scheduler.dhcp_agent_scheduler [None req-db11ce43-fb3a-42ef-8709-e07417b553db 66f650cd88da40fc93941e2a354026fe b42d4d86daff45a1a5e63455f39119fb - - - -] No more DHCP agents
2026-06-24 19:11:40.552 9 WARNING neutron.api.rpc.agentnotifiers.dhcp_rpc_agent_api [None req-db11ce43-fb3a-42ef-8709-e07417b553db 66f650cd88da40fc93941e2a354026fe b42d4d86daff45a1a5e63455f39119fb - - - -] Unable to schedule network 8a3fb9e8-cb92-4fb3-bb2d-672ba23b9892: no agents available; will retry on subsequent port and subnet creation events.
2026-06-24 19:11:40.563 9 INFO neutron.db.ovn_revision_numbers_db [None req-db11ce43-fb3a-42ef-8709-e07417b553db 66f650cd88da40fc93941e2a354026fe b42d4d86daff45a1a5e63455f39119fb - - - -] Successfully bumped revision number for resource d9763b52-4629-419c-9547-ddb547457d74 (type: subnets) to 0
2026-06-24 19:11:40.578 9 INFO neutron.wsgi [None req-db11ce43-fb3a-42ef-8709-e07417b553db 66f650cd88da40fc93941e2a354026fe b42d4d86daff45a1a5e63455f39119fb - - - -] 10.0.0.32 "POST /v2.0/subnets HTTP/1.1" status: 201 len: 821 time: 0.7958503
2026-06-24 19:11:40.774 10 WARNING neutron.scheduler.dhcp_agent_scheduler [None req-6e403fa7-cd47-42d2-8d69-ea9f3b37e9a4 4f10f8e3456c45888ba084e75ba8851b 7ca197cbfedf46c6a1675ce45718ce58 - - - -] No more DHCP agents
2026-06-24 19:11:40.778 10 WARNING neutron.api.rpc.agentnotifiers.dhcp_rpc_agent_api [None req-6e403fa7-cd47-42d2-8d69-ea9f3b37e9a4 4f10f8e3456c45888ba084e75ba8851b 7ca197cbfedf46c6a1675ce45718ce58 - - - -] Unable to schedule network 2cf7db1d-f93e-40b2-a510-b81cdbc6eca6: no agents available; will retry on subsequent port and subnet creation events.
2026-06-24 19:11:40.913 9 WARNING neutron.scheduler.dhcp_agent_scheduler [None req-72c9b4ab-17d0-4d17-9a58-c3ff39caa617 66f650cd88da40fc93941e2a354026fe b42d4d86daff45a1a5e63455f39119fb - - - -] No more DHCP agents
2026-06-24 19:11:40.915 9 WARNING neutron.api.rpc.agentnotifiers.dhcp_rpc_agent_api [None req-72c9b4ab-17d0-4d17-9a58-c3ff39caa617 66f650cd88da40fc93941e2a354026fe b42d4d86daff45a1a5e63455f39119fb - - - -] Unable to schedule network 8a3fb9e8-cb92-4fb3-bb2d-672ba23b9892: no agents available; will retry on subsequent port and subnet creation events.
2026-06-24 19:11:41.020 9 INFO neutron.db.ovn_revision_numbers_db [None req-72c9b4ab-17d0-4d17-9a58-c3ff39caa617 66f650cd88da40fc93941e2a354026fe b42d4d86daff45a1a5e63455f39119fb - - - -] Successfully bumped revision number for resource af43ac4f-3ed0-4e10-82cf-a46d3910a239 (type: ports) to 1
2026-06-24 19:11:41.048 9 INFO neutron.wsgi [None req-72c9b4ab-17d0-4d17-9a58-c3ff39caa617 66f650cd88da40fc93941e2a354026fe b42d4d86daff45a1a5e63455f39119fb - - - -] 10.0.0.32 "POST /v2.0/ports HTTP/1.1" status: 201 len: 1122 time: 0.4647574
2026-06-24 19:11:41.051 10 INFO neutron.wsgi [None req-bbb73da0-d1f2-43a2-9d41-9e50e6fbe220 294a5599d75746ba9244d2f8aa7680ca a7ec68b544ff43b8a3965f6fd901854f - - - -] 10.0.0.32 "DELETE /v2.0/floatingips/b814a44a-b7c0-4c1e-b0ec-05d0cd7eeb6b HTTP/1.1" status: 204 len: 168 time: 0.5366478
2026-06-24 19:11:41.080 10 INFO neutron.api.v2.resource [None req-498e697b-2f8b-4dec-8ffc-2cd912356deb 294a5599d75746ba9244d2f8aa7680ca a7ec68b544ff43b8a3965f6fd901854f - - - -] delete failed (client error): The resource could not be found.
2026-06-24 19:11:41.081 10 INFO neutron.wsgi [None req-498e697b-2f8b-4dec-8ffc-2cd912356deb 294a5599d75746ba9244d2f8aa7680ca a7ec68b544ff43b8a3965f6fd901854f - - - -] 10.0.0.32 "DELETE /v2.0/floatingips/b814a44a-b7c0-4c1e-b0ec-05d0cd7eeb6b HTTP/1.1" status: 404 len: 345 time: 0.0229192
2026-06-24 19:11:41.378 9 INFO neutron.wsgi [None req-3dfc5bb0-6d93-486a-a8bf-7860f4b7838b 66f650cd88da40fc93941e2a354026fe b42d4d86daff45a1a5e63455f39119fb - - - -] 10.0.0.32 "DELETE /v2.0/ports/af43ac4f-3ed0-4e10-82cf-a46d3910a239 HTTP/1.1" status: 204 len: 168 time: 0.3245261
2026-06-24 19:11:41.411 10 INFO neutron.db.ovn_revision_numbers_db [None req-6e403fa7-cd47-42d2-8d69-ea9f3b37e9a4 4f10f8e3456c45888ba084e75ba8851b 7ca197cbfedf46c6a1675ce45718ce58 - - - -] Successfully bumped revision number for resource 0c2b3597-2f5d-4a09-abdb-f063d15da44b (type: ports) to 2
2026-06-24 19:11:41.414 10 INFO neutron.pecan_wsgi.hooks.translation [None req-c386fd67-ff1f-4969-9691-21bcf02ccbb0 66f650cd88da40fc93941e2a354026fe b42d4d86daff45a1a5e63455f39119fb - - default default] GET failed (client error): The resource could not be found.
2026-06-24 19:11:41.415 10 INFO neutron.wsgi [None req-c386fd67-ff1f-4969-9691-21bcf02ccbb0 66f650cd88da40fc93941e2a354026fe b42d4d86daff45a1a5e63455f39119fb - - default default] 10.0.0.32 "GET /v2.0/ports/af43ac4f-3ed0-4e10-82cf-a46d3910a239 HTTP/1.1" status: 404 len: 333 time: 0.0307229
2026-06-24 19:11:41.435 10 INFO neutron.db.ovn_revision_numbers_db [None req-6e403fa7-cd47-42d2-8d69-ea9f3b37e9a4 4f10f8e3456c45888ba084e75ba8851b 7ca197cbfedf46c6a1675ce45718ce58 - - - -] Successfully bumped revision number for resource 52604853-4cb6-4a3d-8421-116b664d7441 (type: subnets) to 0
2026-06-24 19:11:41.460 10 INFO neutron.wsgi [None req-6e403fa7-cd47-42d2-8d69-ea9f3b37e9a4 4f10f8e3456c45888ba084e75ba8851b 7ca197cbfedf46c6a1675ce45718ce58 - - - -] 10.0.0.32 "POST /v2.0/subnets HTTP/1.1" status: 201 len: 866 time: 0.9308608
2026-06-24 19:11:41.553 10 INFO neutron.wsgi [None req-871a5339-253c-4543-a4de-68dca02e9d6a 294a5599d75746ba9244d2f8aa7680ca a7ec68b544ff43b8a3965f6fd901854f - - - -] 10.0.0.32 "DELETE /v2.0/ports/36447815-3867-443b-a3a6-f54128b8c817 HTTP/1.1" status: 204 len: 168 time: 0.4661345
2026-06-24 19:11:41.730 9 INFO neutron.wsgi [None req-3ca9c866-988f-4c2e-8600-d0a843445540 66f650cd88da40fc93941e2a354026fe b42d4d86daff45a1a5e63455f39119fb - - - -] 10.0.0.32 "DELETE /v2.0/subnets/d9763b52-4629-419c-9547-ddb547457d74 HTTP/1.1" status: 204 len: 168 time: 0.3048942
2026-06-24 19:11:41.765 10 INFO neutron.db.ovn_revision_numbers_db [None req-b1c7b2ab-7778-48e0-822e-6e3ad0ca687b f44f83509bb0431e8f1240215294b84a c5dfda06a8474bd98454f6b82b4a3833 - - - -] Successfully bumped revision number for resource 92ff24d9-2882-44b1-adc8-95bdc78d9672 (type: security_groups) to 1
2026-06-24 19:11:41.905 10 INFO neutron.db.segments_db [None req-b1c7b2ab-7778-48e0-822e-6e3ad0ca687b f44f83509bb0431e8f1240215294b84a c5dfda06a8474bd98454f6b82b4a3833 - - - -] Added segment 310c95e6-4572-42c1-96e7-07b065100ff3 of type geneve for network 54cf73b6-616b-4edb-9913-7a5caa2218f4
2026-06-24 19:11:42.079 9 WARNING neutron.scheduler.dhcp_agent_scheduler [None req-9f312190-93ee-4b17-8e06-8a78c5179bb5 4f10f8e3456c45888ba084e75ba8851b 7ca197cbfedf46c6a1675ce45718ce58 - - - -] No more DHCP agents
2026-06-24 19:11:42.081 9 WARNING neutron.api.rpc.agentnotifiers.dhcp_rpc_agent_api [None req-9f312190-93ee-4b17-8e06-8a78c5179bb5 4f10f8e3456c45888ba084e75ba8851b 7ca197cbfedf46c6a1675ce45718ce58 - - - -] Unable to schedule network 55253de1-2e58-4f71-a573-4da169fafa06: no agents available; will retry on subsequent port and subnet creation events.
2026-06-24 19:11:42.086 10 INFO neutron.db.segments_db [None req-b1c7b2ab-7778-48e0-822e-6e3ad0ca687b f44f83509bb0431e8f1240215294b84a c5dfda06a8474bd98454f6b82b4a3833 - - - -] Added segment 242d4a5a-5b1e-4d09-80ba-89583814679e of type geneve for network 744a8d7a-9250-4550-b3a5-b86408c4e832
2026-06-24 19:11:42.262 9 INFO neutron.db.ovn_revision_numbers_db [None req-9f312190-93ee-4b17-8e06-8a78c5179bb5 4f10f8e3456c45888ba084e75ba8851b 7ca197cbfedf46c6a1675ce45718ce58 - - - -] Successfully bumped revision number for resource 20fc1dfe-f769-49c3-8d81-1b73052ceeb6 (type: ports) to 1
2026-06-24 19:11:42.488 10 INFO neutron.wsgi [None req-6ea8eafe-c948-432a-a64c-02ff33220ab9 294a5599d75746ba9244d2f8aa7680ca a7ec68b544ff43b8a3965f6fd901854f - - - -] 10.0.0.32 "DELETE /v2.0/ports/4e1bed8b-ce0e-4186-b3f5-d705b2bb3e02 HTTP/1.1" status: 204 len: 168 time: 0.9285815
2026-06-24 19:11:42.603 10 INFO neutron.db.ovn_revision_numbers_db [None req-b1c7b2ab-7778-48e0-822e-6e3ad0ca687b f44f83509bb0431e8f1240215294b84a c5dfda06a8474bd98454f6b82b4a3833 - - - -] Successfully bumped revision number for resource 54cf73b6-616b-4edb-9913-7a5caa2218f4 (type: networks) to 1
2026-06-24 19:11:42.670 10 INFO neutron.wsgi [None req-f8173cce-1815-4274-bf41-9a5a118ba367 294a5599d75746ba9244d2f8aa7680ca a7ec68b544ff43b8a3965f6fd901854f - - default default] 10.0.0.32 "GET /v2.0/ports?device_id=d8511dcd-927a-4131-b91d-538866306671 HTTP/1.1" status: 200 len: 1140 time: 0.1750531
2026-06-24 19:11:42.701 10 INFO neutron.services.segments.plugin [-] Segment 1b21fd0e-c0c6-485c-b71f-210e686a7496 resource provider aggregate not found
2026-06-24 19:11:42.706 10 INFO neutron.services.segments.plugin [-] Segment 1b21fd0e-c0c6-485c-b71f-210e686a7496 resource provider aggregate not found
2026-06-24 19:11:42.725 10 INFO neutron.services.segments.plugin [-] Segment 1b21fd0e-c0c6-485c-b71f-210e686a7496 resource provider not found; error: Placement Client Error (4xx): {"errors": [{"status": 404, "title": "Not Found", "detail": "The resource could not be found.\n\n No resource provider with uuid 1b21fd0e-c0c6-485c-b71f-210e686a7496 found for delete ", "request_id": "req-3962a618-580d-45cf-aab3-c2d69b2aca28"}]}
2026-06-24 19:11:42.726 10 INFO neutron.services.segments.plugin [-] Segment 1b21fd0e-c0c6-485c-b71f-210e686a7496 resource provider not found; error: Placement Client Error (4xx): {"errors": [{"status": 404, "title": "Not Found", "detail": "The resource could not be found.\n\n No resource provider with uuid 1b21fd0e-c0c6-485c-b71f-210e686a7496 found for delete ", "request_id": "req-eee770b6-6edd-4e38-bf0a-520be9225b33"}]}
2026-06-24 19:11:42.845 10 INFO neutron.wsgi [None req-d6a73e4e-fdc6-4482-ba9b-ffb9785a7bbd 66f650cd88da40fc93941e2a354026fe b42d4d86daff45a1a5e63455f39119fb - - - -] 10.0.0.32 "DELETE /v2.0/networks/8a3fb9e8-cb92-4fb3-bb2d-672ba23b9892 HTTP/1.1" status: 204 len: 168 time: 1.0982099
2026-06-24 19:11:42.947 10 WARNING neutron.scheduler.dhcp_agent_scheduler [None req-b1c7b2ab-7778-48e0-822e-6e3ad0ca687b f44f83509bb0431e8f1240215294b84a c5dfda06a8474bd98454f6b82b4a3833 - - - -] No more DHCP agents
2026-06-24 19:11:42.951 10 WARNING neutron.api.rpc.agentnotifiers.dhcp_rpc_agent_api [None req-b1c7b2ab-7778-48e0-822e-6e3ad0ca687b f44f83509bb0431e8f1240215294b84a c5dfda06a8474bd98454f6b82b4a3833 - - - -] Unable to schedule network 54cf73b6-616b-4edb-9913-7a5caa2218f4: no agents available; will retry on subsequent port and subnet creation events.
2026-06-24 19:11:43.065 10 INFO neutron.db.ovn_revision_numbers_db [None req-b1c7b2ab-7778-48e0-822e-6e3ad0ca687b f44f83509bb0431e8f1240215294b84a c5dfda06a8474bd98454f6b82b4a3833 - - - -] Successfully bumped revision number for resource 75a5e1cc-78a1-4af0-b65a-627a8c1d9cac (type: ports) to 1
2026-06-24 19:11:43.142 9 WARNING neutron.plugins.ml2.drivers.ovn.mech_driver.ovsdb.ovn_client [None req-df408e8f-efc6-4758-a26d-e9311033e58d - - - - - -] No hosting information found for port 2cf6a185-860a-4b97-a2d1-9d27f71601c7: RuntimeError: No hosting information found for port 2cf6a185-860a-4b97-a2d1-9d27f71601c7
2026-06-24 19:11:43.158 10 INFO neutron.db.ovn_revision_numbers_db [None req-b1c7b2ab-7778-48e0-822e-6e3ad0ca687b f44f83509bb0431e8f1240215294b84a c5dfda06a8474bd98454f6b82b4a3833 - - - -] Successfully bumped revision number for resource 744a8d7a-9250-4550-b3a5-b86408c4e832 (type: networks) to 1
2026-06-24 19:11:43.261 10 WARNING neutron.scheduler.dhcp_agent_scheduler [None req-bc444a82-ff64-4960-8033-6640aa9421a5 66f650cd88da40fc93941e2a354026fe b42d4d86daff45a1a5e63455f39119fb - - - -] No more DHCP agents
2026-06-24 19:11:43.268 10 WARNING neutron.api.rpc.agentnotifiers.dhcp_rpc_agent_api [None req-bc444a82-ff64-4960-8033-6640aa9421a5 66f650cd88da40fc93941e2a354026fe b42d4d86daff45a1a5e63455f39119fb - - - -] Unable to schedule network 95d99608-6f70-4717-a134-9e76712377ad: no agents available; will retry on subsequent port and subnet creation events.
2026-06-24 19:11:43.360 10 INFO neutron.plugins.ml2.drivers.ovn.mech_driver.ovsdb.ovsdb_monitor [None req-03ada97e-4d6a-4de4-99bc-5c1c74d562d0 - - - - - -] Router 4bde5aa3-d684-4631-9ef0-f9720756f5ef is bound to host instance
2026-06-24 19:11:43.362 9 INFO neutron.plugins.ml2.drivers.ovn.mech_driver.mech_driver [None req-df408e8f-efc6-4758-a26d-e9311033e58d - - - - - -] OVN reports status up for port: 20fc1dfe-f769-49c3-8d81-1b73052ceeb6
2026-06-24 19:11:43.388 10 INFO neutron.db.ovn_revision_numbers_db [None req-bc444a82-ff64-4960-8033-6640aa9421a5 66f650cd88da40fc93941e2a354026fe b42d4d86daff45a1a5e63455f39119fb - - - -] Successfully bumped revision number for resource c53be985-5d59-447e-91d0-bcba8d1bf30f (type: ports) to 1
2026-06-24 19:11:43.402 9 INFO neutron.db.ovn_revision_numbers_db [None req-9f312190-93ee-4b17-8e06-8a78c5179bb5 4f10f8e3456c45888ba084e75ba8851b 7ca197cbfedf46c6a1675ce45718ce58 - - - -] Successfully bumped revision number for resource 20fc1dfe-f769-49c3-8d81-1b73052ceeb6 (type: router_ports) to 1
2026-06-24 19:11:43.404 9 INFO neutron.plugins.ml2.plugin [None req-df408e8f-efc6-4758-a26d-e9311033e58d - - - - - -] Attempt 1 to provision port 20fc1dfe-f769-49c3-8d81-1b73052ceeb6
2026-06-24 19:11:43.425 10 WARNING neutron.scheduler.dhcp_agent_scheduler [None req-b1c7b2ab-7778-48e0-822e-6e3ad0ca687b f44f83509bb0431e8f1240215294b84a c5dfda06a8474bd98454f6b82b4a3833 - - - -] No more DHCP agents
2026-06-24 19:11:43.431 10 WARNING neutron.api.rpc.agentnotifiers.dhcp_rpc_agent_api [None req-b1c7b2ab-7778-48e0-822e-6e3ad0ca687b f44f83509bb0431e8f1240215294b84a c5dfda06a8474bd98454f6b82b4a3833 - - - -] Unable to schedule network 744a8d7a-9250-4550-b3a5-b86408c4e832: no agents available; will retry on subsequent port and subnet creation events.
2026-06-24 19:11:43.444 10 INFO neutron.wsgi [None req-bc444a82-ff64-4960-8033-6640aa9421a5 66f650cd88da40fc93941e2a354026fe b42d4d86daff45a1a5e63455f39119fb - - - -] 10.0.0.32 "POST /v2.0/ports HTTP/1.1" status: 201 len: 977 time: 0.5811317 /var/lib/openstack/lib/python3.10/site-packages/pycadf/identifier.py:71: UserWarning: Invalid uuid: neutron. To ensure interoperability, identifiers should be a valid uuid. warnings.warn(('Invalid uuid: %s. To ensure interoperability, '
2026-06-24 19:11:43.528 9 INFO neutron.db.ovn_revision_numbers_db [None req-9f312190-93ee-4b17-8e06-8a78c5179bb5 4f10f8e3456c45888ba084e75ba8851b 7ca197cbfedf46c6a1675ce45718ce58 - - - -] Successfully bumped revision number for resource 4bde5aa3-d684-4631-9ef0-f9720756f5ef (type: routers) to 3
2026-06-24 19:11:43.567 9 INFO neutron.wsgi [None req-9f312190-93ee-4b17-8e06-8a78c5179bb5 4f10f8e3456c45888ba084e75ba8851b 7ca197cbfedf46c6a1675ce45718ce58 - - - -] 10.0.0.32 "POST /v2.0/routers HTTP/1.1" status: 201 len: 877 time: 2.0995235
2026-06-24 19:11:43.576 10 INFO neutron.db.ovn_revision_numbers_db [None req-b1c7b2ab-7778-48e0-822e-6e3ad0ca687b f44f83509bb0431e8f1240215294b84a c5dfda06a8474bd98454f6b82b4a3833 - - - -] Successfully bumped revision number for resource 57b228c0-f61d-4fab-bc45-6cd800d47efb (type: ports) to 1
2026-06-24 19:11:43.633 10 INFO neutron.wsgi [None req-b1c7b2ab-7778-48e0-822e-6e3ad0ca687b f44f83509bb0431e8f1240215294b84a c5dfda06a8474bd98454f6b82b4a3833 - - - -] 10.0.0.32 "POST /v2.0/networks HTTP/1.1" status: 201 len: 1445 time: 2.3282142
2026-06-24 19:11:43.797 10 INFO neutron.wsgi [None req-36f2a4a5-d15f-4e78-a6b6-a29c9f31eb51 f44f83509bb0431e8f1240215294b84a c5dfda06a8474bd98454f6b82b4a3833 - - default default] 10.0.0.32 "GET /v2.0/networks HTTP/1.1" status: 200 len: 2051 time: 0.1525867
2026-06-24 19:11:43.985 10 INFO neutron.db.ovn_revision_numbers_db [None req-6eafd1e4-24b2-4480-a7b5-9f490a3feb65 66f650cd88da40fc93941e2a354026fe b42d4d86daff45a1a5e63455f39119fb - - - -] Successfully bumped revision number for resource c53be985-5d59-447e-91d0-bcba8d1bf30f (type: ports) to 2
2026-06-24 19:11:43.995 10 INFO neutron.wsgi [None req-6eafd1e4-24b2-4480-a7b5-9f490a3feb65 66f650cd88da40fc93941e2a354026fe b42d4d86daff45a1a5e63455f39119fb - - - -] 10.0.0.32 "PUT /v2.0/ports/c53be985-5d59-447e-91d0-bcba8d1bf30f HTTP/1.1" status: 200 len: 946 time: 0.5385554
2026-06-24 19:11:44.272 10 INFO neutron.db.ovn_revision_numbers_db [None req-03ada97e-4d6a-4de4-99bc-5c1c74d562d0 - - - - - -] Successfully bumped revision number for resource 20fc1dfe-f769-49c3-8d81-1b73052ceeb6 (type: ports) to 1
2026-06-24 19:11:44.314 9 WARNING neutron.scheduler.dhcp_agent_scheduler [None req-280b1e90-be91-448b-9610-a6dc8d7ba678 4f10f8e3456c45888ba084e75ba8851b 7ca197cbfedf46c6a1675ce45718ce58 - - default default] No more DHCP agents
2026-06-24 19:11:44.341 9 WARNING neutron.api.rpc.agentnotifiers.dhcp_rpc_agent_api [None req-280b1e90-be91-448b-9610-a6dc8d7ba678 4f10f8e3456c45888ba084e75ba8851b 7ca197cbfedf46c6a1675ce45718ce58 - - default default] Unable to schedule network 2cf7db1d-f93e-40b2-a510-b81cdbc6eca6: no agents available; will retry on subsequent port and subnet creation events.
2026-06-24 19:11:44.530 9 INFO neutron.wsgi [None req-8e5a6220-bd45-487a-a860-33e25577a5e2 294a5599d75746ba9244d2f8aa7680ca a7ec68b544ff43b8a3965f6fd901854f - - - -] 10.0.0.32 "PUT /v2.0/routers/d8511dcd-927a-4131-b91d-538866306671/remove_router_interface HTTP/1.1" status: 200 len: 503 time: 1.8541515 /var/lib/openstack/lib/python3.10/site-packages/pycadf/identifier.py:71: UserWarning: Invalid uuid: neutron. To ensure interoperability, identifiers should be a valid uuid. warnings.warn(('Invalid uuid: %s. To ensure interoperability, '
2026-06-24 19:11:44.548 9 INFO neutron.wsgi [None req-60e1a006-38b3-4551-92e0-f146a1e3e7c1 66f650cd88da40fc93941e2a354026fe b42d4d86daff45a1a5e63455f39119fb - - - -] 10.0.0.32 "DELETE /v2.0/ports/c53be985-5d59-447e-91d0-bcba8d1bf30f HTTP/1.1" status: 204 len: 168 time: 0.5461540
2026-06-24 19:11:44.639 10 INFO neutron.wsgi [None req-72f60369-0cdc-41c3-b015-a702fb3bde7c f44f83509bb0431e8f1240215294b84a c5dfda06a8474bd98454f6b82b4a3833 - - - -] 10.0.0.32 "DELETE /v2.0/networks/54cf73b6-616b-4edb-9913-7a5caa2218f4 HTTP/1.1" status: 204 len: 168 time: 0.8371234 /var/lib/openstack/lib/python3.10/site-packages/pycadf/identifier.py:71: UserWarning: Invalid uuid: neutron. To ensure interoperability, identifiers should be a valid uuid. warnings.warn(('Invalid uuid: %s. To ensure interoperability, '
2026-06-24 19:11:44.756 10 INFO neutron.services.segments.plugin [-] Segment 310c95e6-4572-42c1-96e7-07b065100ff3 resource provider aggregate not found
2026-06-24 19:11:44.761 10 INFO neutron.services.segments.plugin [-] Segment 310c95e6-4572-42c1-96e7-07b065100ff3 resource provider aggregate not found
2026-06-24 19:11:44.785 10 INFO neutron.services.segments.plugin [-] Segment 310c95e6-4572-42c1-96e7-07b065100ff3 resource provider not found; error: Placement Client Error (4xx): {"errors": [{"status": 404, "title": "Not Found", "detail": "The resource could not be found.\n\n No resource provider with uuid 310c95e6-4572-42c1-96e7-07b065100ff3 found for delete ", "request_id": "req-c1c811c3-dc5d-4292-b33d-742ccf7d866f"}]}
2026-06-24 19:11:44.786 10 INFO neutron.services.segments.plugin [-] Segment 310c95e6-4572-42c1-96e7-07b065100ff3 resource provider not found; error: Placement Client Error (4xx): {"errors": [{"status": 404, "title": "Not Found", "detail": "The resource could not be found.\n\n No resource provider with uuid 310c95e6-4572-42c1-96e7-07b065100ff3 found for delete ", "request_id": "req-d90bf9d6-6715-4c50-948d-e3c9c98019c6"}]}
2026-06-24 19:11:44.853 10 INFO neutron.db.ovn_revision_numbers_db [None req-03ada97e-4d6a-4de4-99bc-5c1c74d562d0 - - - - - -] Successfully bumped revision number for resource 20fc1dfe-f769-49c3-8d81-1b73052ceeb6 (type: router_ports) to 3
2026-06-24 19:11:45.008 9 INFO neutron.wsgi [None req-7608e724-f56a-471e-96f9-b4d4da67acbe 66f650cd88da40fc93941e2a354026fe b42d4d86daff45a1a5e63455f39119fb - - default default] 10.0.0.32 "GET /v2.0/ports HTTP/1.1" status: 200 len: 1732 time: 0.4342153
2026-06-24 19:11:45.022 9 INFO neutron.db.ovn_revision_numbers_db [None req-280b1e90-be91-448b-9610-a6dc8d7ba678 4f10f8e3456c45888ba084e75ba8851b 7ca197cbfedf46c6a1675ce45718ce58 - - default default] Successfully bumped revision number for resource 12b6bb97-b8b1-447e-a1a1-8bec9e5df92c (type: ports) to 1
2026-06-24 19:11:45.036 10 INFO neutron.pecan_wsgi.hooks.translation [None req-9136ceb8-dd07-43b2-b5eb-87e6f60ee91e 66f650cd88da40fc93941e2a354026fe b42d4d86daff45a1a5e63455f39119fb - - default default] GET failed (client error): The resource could not be found.
2026-06-24 19:11:45.038 10 INFO neutron.wsgi [None req-9136ceb8-dd07-43b2-b5eb-87e6f60ee91e 66f650cd88da40fc93941e2a354026fe b42d4d86daff45a1a5e63455f39119fb - - default default] 10.0.0.32 "GET /v2.0/ports/c53be985-5d59-447e-91d0-bcba8d1bf30f HTTP/1.1" status: 404 len: 333 time: 0.0217507
2026-06-24 19:11:45.071 10 INFO neutron.db.ovn_revision_numbers_db [None req-03ada97e-4d6a-4de4-99bc-5c1c74d562d0 - - - - - -] Successfully bumped revision number for resource 20fc1dfe-f769-49c3-8d81-1b73052ceeb6 (type: ports) to 2
2026-06-24 19:11:45.179 10 INFO neutron.wsgi [None req-2cb8f9e2-c885-48bc-b617-e45e15f28616 66f650cd88da40fc93941e2a354026fe b42d4d86daff45a1a5e63455f39119fb - - default default] 10.0.0.32 "GET /v2.0/ports HTTP/1.1" status: 200 len: 1732 time: 0.1345479
2026-06-24 19:11:45.239 10 INFO neutron.wsgi [None req-69e85758-5aa1-4fda-afb3-8c4540573382 66f650cd88da40fc93941e2a354026fe b42d4d86daff45a1a5e63455f39119fb - - default default] 10.0.0.32 "GET /v2.0/ports/cd2f5745-b286-4613-9daa-edde9cfbcd37 HTTP/1.1" status: 200 len: 972 time: 0.0524573
2026-06-24 19:11:45.266 10 INFO neutron.pecan_wsgi.hooks.translation [None req-cea36a73-6b0c-4c22-a4d0-94425c0c57f6 66f650cd88da40fc93941e2a354026fe b42d4d86daff45a1a5e63455f39119fb - - - -] DELETE failed (client error): The resource could not be found.
2026-06-24 19:11:45.268 10 INFO neutron.wsgi [None req-cea36a73-6b0c-4c22-a4d0-94425c0c57f6 66f650cd88da40fc93941e2a354026fe b42d4d86daff45a1a5e63455f39119fb - - - -] 10.0.0.32 "DELETE /v2.0/ports/af43ac4f-3ed0-4e10-82cf-a46d3910a239 HTTP/1.1" status: 404 len: 333 time: 0.0220039
2026-06-24 19:11:45.296 10 INFO neutron.wsgi [None req-2c150757-21ab-4284-a41f-594ec5d09cea f44f83509bb0431e8f1240215294b84a c5dfda06a8474bd98454f6b82b4a3833 - - - -] 10.0.0.32 "DELETE /v2.0/networks/744a8d7a-9250-4550-b3a5-b86408c4e832 HTTP/1.1" status: 204 len: 168 time: 0.6471405
2026-06-24 19:11:45.304 9 INFO neutron.pecan_wsgi.hooks.translation [None req-f2be06b6-befa-4e44-b0e8-26b0f585b44a 66f650cd88da40fc93941e2a354026fe b42d4d86daff45a1a5e63455f39119fb - - - -] DELETE failed (client error): The resource could not be found.
2026-06-24 19:11:45.307 9 INFO neutron.wsgi [None req-f2be06b6-befa-4e44-b0e8-26b0f585b44a 66f650cd88da40fc93941e2a354026fe b42d4d86daff45a1a5e63455f39119fb - - - -] 10.0.0.32 "DELETE /v2.0/subnets/d9763b52-4629-419c-9547-ddb547457d74 HTTP/1.1" status: 404 len: 337 time: 0.0322375
