2026-06-24 19:16:49.097 9 INFO neutron.wsgi [req-3f508493-e203-4ff5-bb00-23341156d5f3 req-f9f257d9-7d27-43c3-9304-5e5c87f3fbab 686af32b1be94b979025e27d50ec0dce 0e2414273bb744fb8a9eee2977f58e9b - - c59447b58e78401e9044174794112ce9 c59447b58e78401e9044174794112ce9] 199.19.213.176 "GET /v2.0/networks/aaa5d777-0ee9-45ec-b4a8-e2b127f0fa8f?fields=provider%3Aphysical_network&fields=provider%3Anetwork_type HTTP/1.1" status: 200 len: 277 time: 0.0735836
2026-06-24 19:16:49.142 9 INFO neutron.wsgi [req-3f508493-e203-4ff5-bb00-23341156d5f3 req-d9d0255c-cc49-499b-b6ef-cf04a6a3ef3b 686af32b1be94b979025e27d50ec0dce 0e2414273bb744fb8a9eee2977f58e9b - - c59447b58e78401e9044174794112ce9 c59447b58e78401e9044174794112ce9] 199.19.213.176 "GET /v2.0/floatingips?fixed_ip_address=10.1.1.189&port_id=debf35a7-ec0c-40d7-b7a1-cba847ab77af HTTP/1.1" status: 200 len: 217 time: 0.0375323
2026-06-24 19:16:49.198 9 INFO neutron.wsgi [req-3f508493-e203-4ff5-bb00-23341156d5f3 req-52631e1f-f522-406e-b014-13b2846f9b65 686af32b1be94b979025e27d50ec0dce 0e2414273bb744fb8a9eee2977f58e9b - - c59447b58e78401e9044174794112ce9 c59447b58e78401e9044174794112ce9] 199.19.213.176 "GET /v2.0/subnets?id=575da278-fbaf-44da-bfcf-1f4f67888847 HTTP/1.1" status: 200 len: 854 time: 0.0484095
2026-06-24 19:16:49.234 9 INFO neutron.wsgi [req-3f508493-e203-4ff5-bb00-23341156d5f3 req-879eb903-40a4-40d2-b202-8a93bfdad2b4 686af32b1be94b979025e27d50ec0dce 0e2414273bb744fb8a9eee2977f58e9b - - c59447b58e78401e9044174794112ce9 c59447b58e78401e9044174794112ce9] 199.19.213.176 "GET /v2.0/ports?network_id=52db75be-b01c-4ae9-84b8-0e8feae2e9a8&device_owner=network%3Adhcp HTTP/1.1" status: 200 len: 210 time: 0.0283160
2026-06-24 19:16:49.299 9 INFO neutron.wsgi [req-3f508493-e203-4ff5-bb00-23341156d5f3 req-22f4146a-8a42-44d7-b5aa-a5306ea47371 686af32b1be94b979025e27d50ec0dce 0e2414273bb744fb8a9eee2977f58e9b - - c59447b58e78401e9044174794112ce9 c59447b58e78401e9044174794112ce9] 199.19.213.176 "GET /v2.0/networks/52db75be-b01c-4ae9-84b8-0e8feae2e9a8?fields=segments HTTP/1.1" status: 200 len: 212 time: 0.0575519
2026-06-24 19:16:49.381 9 INFO neutron.wsgi [req-3f508493-e203-4ff5-bb00-23341156d5f3 req-5c9af0da-9247-44dc-aa7e-f9b46a25be04 686af32b1be94b979025e27d50ec0dce 0e2414273bb744fb8a9eee2977f58e9b - - c59447b58e78401e9044174794112ce9 c59447b58e78401e9044174794112ce9] 199.19.213.176 "GET /v2.0/networks/52db75be-b01c-4ae9-84b8-0e8feae2e9a8?fields=provider%3Aphysical_network&fields=provider%3Anetwork_type HTTP/1.1" status: 200 len: 277 time: 0.0745089
2026-06-24 19:16:49.477 9 INFO neutron.wsgi [req-946bc6b1-bf01-44b8-bdd7-f33f3d758083 req-b9d213b9-cd84-4a1e-9eca-8e527bbb423d 686af32b1be94b979025e27d50ec0dce 0e2414273bb744fb8a9eee2977f58e9b - - c59447b58e78401e9044174794112ce9 c59447b58e78401e9044174794112ce9] 199.19.213.176 "GET /v2.0/ports?tenant_id=7ca197cbfedf46c6a1675ce45718ce58&device_id=266e6dfd-6030-4991-9e6d-1c96e36bac92 HTTP/1.1" status: 200 len: 2569 time: 0.0476484
2026-06-24 19:16:49.486 9 INFO neutron.plugins.ml2.drivers.ovn.mech_driver.mech_driver [None req-df408e8f-efc6-4758-a26d-e9311033e58d - - - - - -] OVN reports status up for port: debf35a7-ec0c-40d7-b7a1-cba847ab77af
2026-06-24 19:16:49.518 9 INFO neutron.plugins.ml2.plugin [None req-df408e8f-efc6-4758-a26d-e9311033e58d - - - - - -] Attempt 1 to provision port debf35a7-ec0c-40d7-b7a1-cba847ab77af
2026-06-24 19:16:49.593 9 INFO neutron.wsgi [req-946bc6b1-bf01-44b8-bdd7-f33f3d758083 req-9d89fd47-47c9-4299-991b-74586ac1811e 686af32b1be94b979025e27d50ec0dce 0e2414273bb744fb8a9eee2977f58e9b - - c59447b58e78401e9044174794112ce9 c59447b58e78401e9044174794112ce9] 199.19.213.176 "GET /v2.0/networks?id=52db75be-b01c-4ae9-84b8-0e8feae2e9a8 HTTP/1.1" status: 200 len: 1004 time: 0.1081583
2026-06-24 19:16:49.640 9 INFO neutron.wsgi [req-946bc6b1-bf01-44b8-bdd7-f33f3d758083 req-b29a3c55-a57d-48b1-9aa4-11fa2225757c 686af32b1be94b979025e27d50ec0dce 0e2414273bb744fb8a9eee2977f58e9b - - c59447b58e78401e9044174794112ce9 c59447b58e78401e9044174794112ce9] 199.19.213.176 "GET /v2.0/floatingips?fixed_ip_address=10.1.1.189&port_id=debf35a7-ec0c-40d7-b7a1-cba847ab77af HTTP/1.1" status: 200 len: 217 time: 0.0406859
2026-06-24 19:16:49.692 9 INFO neutron.wsgi [req-946bc6b1-bf01-44b8-bdd7-f33f3d758083 req-34da0beb-5068-4fc2-8d41-0657fe995577 686af32b1be94b979025e27d50ec0dce 0e2414273bb744fb8a9eee2977f58e9b - - c59447b58e78401e9044174794112ce9 c59447b58e78401e9044174794112ce9] 199.19.213.176 "GET /v2.0/subnets?id=575da278-fbaf-44da-bfcf-1f4f67888847 HTTP/1.1" status: 200 len: 854 time: 0.0463331
2026-06-24 19:16:49.702 10 INFO neutron.wsgi [req-3f508493-e203-4ff5-bb00-23341156d5f3 req-49c753d4-67a4-4419-be38-a4e2b86b2fdb 4f10f8e3456c45888ba084e75ba8851b 7ca197cbfedf46c6a1675ce45718ce58 - - default default] 10.0.0.181 "GET /v2.0/ports/debf35a7-ec0c-40d7-b7a1-cba847ab77af HTTP/1.1" status: 200 len: 1408 time: 0.0309188
2026-06-24 19:16:49.758 9 INFO neutron.wsgi [req-946bc6b1-bf01-44b8-bdd7-f33f3d758083 req-401810aa-d11d-4688-9c66-207f61c1ca85 686af32b1be94b979025e27d50ec0dce 0e2414273bb744fb8a9eee2977f58e9b - - c59447b58e78401e9044174794112ce9 c59447b58e78401e9044174794112ce9] 199.19.213.176 "GET /v2.0/ports?network_id=52db75be-b01c-4ae9-84b8-0e8feae2e9a8&device_owner=network%3Adhcp HTTP/1.1" status: 200 len: 210 time: 0.0575025
2026-06-24 19:16:49.893 9 INFO neutron.wsgi [req-946bc6b1-bf01-44b8-bdd7-f33f3d758083 req-61f13d53-0eee-4640-ada4-dd338730b578 686af32b1be94b979025e27d50ec0dce 0e2414273bb744fb8a9eee2977f58e9b - - c59447b58e78401e9044174794112ce9 c59447b58e78401e9044174794112ce9] 199.19.213.176 "GET /v2.0/networks/52db75be-b01c-4ae9-84b8-0e8feae2e9a8?fields=segments HTTP/1.1" status: 200 len: 212 time: 0.1264799
2026-06-24 19:16:49.995 9 INFO neutron.wsgi [req-946bc6b1-bf01-44b8-bdd7-f33f3d758083 req-56c59492-6b6d-40ac-b7e8-a9a17d86516e 686af32b1be94b979025e27d50ec0dce 0e2414273bb744fb8a9eee2977f58e9b - - c59447b58e78401e9044174794112ce9 c59447b58e78401e9044174794112ce9] 199.19.213.176 "GET /v2.0/networks/52db75be-b01c-4ae9-84b8-0e8feae2e9a8?fields=provider%3Aphysical_network&fields=provider%3Anetwork_type HTTP/1.1" status: 200 len: 277 time: 0.0937681
2026-06-24 19:16:50.008 9 INFO neutron.db.ovn_revision_numbers_db [None req-df408e8f-efc6-4758-a26d-e9311033e58d - - - - - -] Successfully bumped revision number for resource debf35a7-ec0c-40d7-b7a1-cba847ab77af (type: ports) to 4
2026-06-24 19:16:50.114 10 INFO neutron.db.ovn_revision_numbers_db [None req-1ffbde66-b2a4-418e-9289-ed19800a5987 4f10f8e3456c45888ba084e75ba8851b 7ca197cbfedf46c6a1675ce45718ce58 - - - -] Successfully bumped revision number for resource debf35a7-ec0c-40d7-b7a1-cba847ab77af (type: ports) to 5
2026-06-24 19:16:50.123 10 INFO neutron.wsgi [None req-1ffbde66-b2a4-418e-9289-ed19800a5987 4f10f8e3456c45888ba084e75ba8851b 7ca197cbfedf46c6a1675ce45718ce58 - - - -] 199.19.213.176 "PUT /v2.0/ports/debf35a7-ec0c-40d7-b7a1-cba847ab77af HTTP/1.1" status: 200 len: 1443 time: 0.4115033 /var/lib/openstack/lib/python3.10/site-packages/pycadf/identifier.py:71: UserWarning: Invalid uuid: neutron. To ensure interoperability, identifiers should be a valid uuid. warnings.warn(('Invalid uuid: %s. To ensure interoperability, '
2026-06-24 19:16:50.171 10 INFO neutron.wsgi [None req-b19fe8a4-8acd-48be-9201-e5d764572ca7 4f10f8e3456c45888ba084e75ba8851b 7ca197cbfedf46c6a1675ce45718ce58 - - default default] 199.19.213.176 "GET /v2.0/security-groups?name=lb-12063ff0-ad83-4474-84a5-556c3927e534 HTTP/1.1" status: 200 len: 1777 time: 0.0405011
2026-06-24 19:16:50.225 10 INFO neutron.notifiers.nova [-] Nova event matching ['req-8d38b815-cb0c-435e-9aa5-c64f971a6c92'] response: {'name': 'network-changed', 'server_uuid': '266e6dfd-6030-4991-9e6d-1c96e36bac92', 'tag': 'debf35a7-ec0c-40d7-b7a1-cba847ab77af', 'status': 'completed', 'code': 200} /var/lib/openstack/lib/python3.10/site-packages/pycadf/identifier.py:71: UserWarning: Invalid uuid: neutron. To ensure interoperability, identifiers should be a valid uuid. warnings.warn(('Invalid uuid: %s. To ensure interoperability, '
2026-06-24 19:16:50.292 9 INFO neutron.wsgi [req-ae736f3a-fbd4-4a17-b63b-54677093a890 req-ac019a66-9dba-4879-9f15-011105d09b7a 686af32b1be94b979025e27d50ec0dce 0e2414273bb744fb8a9eee2977f58e9b - - c59447b58e78401e9044174794112ce9 c59447b58e78401e9044174794112ce9] 199.19.213.176 "GET /v2.0/ports?tenant_id=7ca197cbfedf46c6a1675ce45718ce58&device_id=266e6dfd-6030-4991-9e6d-1c96e36bac92 HTTP/1.1" status: 200 len: 2632 time: 0.0483088
2026-06-24 19:16:50.392 9 INFO neutron.wsgi [req-ae736f3a-fbd4-4a17-b63b-54677093a890 req-a12da018-ef78-49a4-adbd-c506be49ba4f 686af32b1be94b979025e27d50ec0dce 0e2414273bb744fb8a9eee2977f58e9b - - c59447b58e78401e9044174794112ce9 c59447b58e78401e9044174794112ce9] 199.19.213.176 "GET /v2.0/networks?id=52db75be-b01c-4ae9-84b8-0e8feae2e9a8 HTTP/1.1" status: 200 len: 1004 time: 0.0913663
2026-06-24 19:16:50.412 9 INFO neutron.notifiers.nova [-] Nova event matching ['req-52649ea8-7981-4b2c-93a8-60b36c138ce1'] response: {'server_uuid': '266e6dfd-6030-4991-9e6d-1c96e36bac92', 'name': 'network-vif-plugged', 'status': 'completed', 'tag': 'debf35a7-ec0c-40d7-b7a1-cba847ab77af', 'code': 200}
2026-06-24 19:16:50.413 9 INFO neutron.notifiers.nova [-] Nova event matching ['req-52649ea8-7981-4b2c-93a8-60b36c138ce1'] response: {'server_uuid': '266e6dfd-6030-4991-9e6d-1c96e36bac92', 'name': 'network-vif-plugged', 'status': 'completed', 'tag': 'debf35a7-ec0c-40d7-b7a1-cba847ab77af', 'code': 200}
2026-06-24 19:16:50.435 9 INFO neutron.wsgi [req-ae736f3a-fbd4-4a17-b63b-54677093a890 req-e06ac73d-4bb3-4dd9-91c6-1e8bd3d1cfda 686af32b1be94b979025e27d50ec0dce 0e2414273bb744fb8a9eee2977f58e9b - - c59447b58e78401e9044174794112ce9 c59447b58e78401e9044174794112ce9] 199.19.213.176 "GET /v2.0/floatingips?fixed_ip_address=10.1.1.189&port_id=debf35a7-ec0c-40d7-b7a1-cba847ab77af HTTP/1.1" status: 200 len: 217 time: 0.0342205
2026-06-24 19:16:50.461 10 INFO neutron.db.ovn_revision_numbers_db [None req-053f63a0-ceff-4522-8608-faefe9b58b9a 4f10f8e3456c45888ba084e75ba8851b 7ca197cbfedf46c6a1675ce45718ce58 - - - -] Successfully bumped revision number for resource debf35a7-ec0c-40d7-b7a1-cba847ab77af (type: ports) to 6
2026-06-24 19:16:50.471 10 INFO neutron.wsgi [None req-053f63a0-ceff-4522-8608-faefe9b58b9a 4f10f8e3456c45888ba084e75ba8851b 7ca197cbfedf46c6a1675ce45718ce58 - - - -] 199.19.213.176 "PUT /v2.0/ports/debf35a7-ec0c-40d7-b7a1-cba847ab77af HTTP/1.1" status: 200 len: 1443 time: 0.2950802
2026-06-24 19:16:50.490 9 INFO neutron.wsgi [req-ae736f3a-fbd4-4a17-b63b-54677093a890 req-b3e940ca-7860-4fae-8aa7-420eeaa43b7b 686af32b1be94b979025e27d50ec0dce 0e2414273bb744fb8a9eee2977f58e9b - - c59447b58e78401e9044174794112ce9 c59447b58e78401e9044174794112ce9] 199.19.213.176 "GET /v2.0/subnets?id=575da278-fbaf-44da-bfcf-1f4f67888847 HTTP/1.1" status: 200 len: 854 time: 0.0484862
2026-06-24 19:16:50.530 9 INFO neutron.wsgi [req-ae736f3a-fbd4-4a17-b63b-54677093a890 req-f658cf79-d08f-463b-9e2a-1ed9b1e9ba10 686af32b1be94b979025e27d50ec0dce 0e2414273bb744fb8a9eee2977f58e9b - - c59447b58e78401e9044174794112ce9 c59447b58e78401e9044174794112ce9] 199.19.213.176 "GET /v2.0/ports?network_id=52db75be-b01c-4ae9-84b8-0e8feae2e9a8&device_owner=network%3Adhcp HTTP/1.1" status: 200 len: 210 time: 0.0319533 /var/lib/openstack/lib/python3.10/site-packages/pycadf/identifier.py:71: UserWarning: Invalid uuid: neutron. To ensure interoperability, identifiers should be a valid uuid. warnings.warn(('Invalid uuid: %s. To ensure interoperability, '
2026-06-24 19:16:50.561 10 INFO neutron.wsgi [None req-17a2b689-dd44-4391-b447-0fa478cc70d0 4f10f8e3456c45888ba084e75ba8851b 7ca197cbfedf46c6a1675ce45718ce58 - - default default] 199.19.213.176 "GET /v2.0/extensions/security-group HTTP/1.1" status: 200 len: 369 time: 0.0089738
2026-06-24 19:16:50.571 10 INFO neutron.wsgi [None req-2215e4ea-fd28-424e-819d-df50ee89b4d3 4f10f8e3456c45888ba084e75ba8851b 7ca197cbfedf46c6a1675ce45718ce58 - - default default] 199.19.213.176 "GET /v2.0/extensions/dns-integration HTTP/1.1" status: 200 len: 371 time: 0.0046060
2026-06-24 19:16:50.580 10 INFO neutron.wsgi [None req-9cece6ed-05a4-4fb1-be6b-8227a308815f 4f10f8e3456c45888ba084e75ba8851b 7ca197cbfedf46c6a1675ce45718ce58 - - default default] 199.19.213.176 "GET /v2.0/extensions/qos HTTP/1.1" status: 200 len: 365 time: 0.0048344
2026-06-24 19:16:50.591 10 INFO neutron.wsgi [None req-5c8dec14-c8c3-43db-b6b5-2594ee297642 4f10f8e3456c45888ba084e75ba8851b 7ca197cbfedf46c6a1675ce45718ce58 - - default default] 199.19.213.176 "GET /v2.0/extensions/allowed-address-pairs HTTP/1.1" status: 200 len: 383 time: 0.0056219
2026-06-24 19:16:50.607 9 INFO neutron.wsgi [req-ae736f3a-fbd4-4a17-b63b-54677093a890 req-75532c65-4a3a-4410-9f32-397646e302dc 686af32b1be94b979025e27d50ec0dce 0e2414273bb744fb8a9eee2977f58e9b - - c59447b58e78401e9044174794112ce9 c59447b58e78401e9044174794112ce9] 199.19.213.176 "GET /v2.0/networks/52db75be-b01c-4ae9-84b8-0e8feae2e9a8?fields=segments HTTP/1.1" status: 200 len: 212 time: 0.0694432
2026-06-24 19:16:50.639 10 INFO neutron.wsgi [None req-287bf7ed-88b0-43f8-84ba-9b6af3486a1c 4f10f8e3456c45888ba084e75ba8851b 7ca197cbfedf46c6a1675ce45718ce58 - - default default] 199.19.213.176 "GET /v2.0/subnets/575da278-fbaf-44da-bfcf-1f4f67888847 HTTP/1.1" status: 200 len: 851 time: 0.0385718
2026-06-24 19:16:50.679 9 INFO neutron.wsgi [req-ae736f3a-fbd4-4a17-b63b-54677093a890 req-c8c4cf93-4eb3-4b73-96fa-3a218a8d9a43 686af32b1be94b979025e27d50ec0dce 0e2414273bb744fb8a9eee2977f58e9b - - c59447b58e78401e9044174794112ce9 c59447b58e78401e9044174794112ce9] 199.19.213.176 "GET /v2.0/networks/52db75be-b01c-4ae9-84b8-0e8feae2e9a8?fields=provider%3Aphysical_network&fields=provider%3Anetwork_type HTTP/1.1" status: 200 len: 277 time: 0.0643098
2026-06-24 19:16:50.681 10 INFO neutron.wsgi [None req-ce0f6d62-f5cc-47f9-853f-4678f3ca98ec 4f10f8e3456c45888ba084e75ba8851b 7ca197cbfedf46c6a1675ce45718ce58 - - default default] 199.19.213.176 "GET /v2.0/ports/4e90ccd3-0948-47e8-a031-50e27346ef3a HTTP/1.1" status: 200 len: 1332 time: 0.0349441
2026-06-24 19:16:50.717 10 INFO neutron.wsgi [None req-93fd6883-a815-467c-a36f-8e4b5580e303 4f10f8e3456c45888ba084e75ba8851b 7ca197cbfedf46c6a1675ce45718ce58 - - default default] 199.19.213.176 "GET /v2.0/ports/debf35a7-ec0c-40d7-b7a1-cba847ab77af HTTP/1.1" status: 200 len: 1471 time: 0.0303195
2026-06-24 19:16:50.761 10 INFO neutron.wsgi [None req-92e417dd-b635-4479-bce0-eaf4d10c0562 4f10f8e3456c45888ba084e75ba8851b 7ca197cbfedf46c6a1675ce45718ce58 - - default default] 199.19.213.176 "GET /v2.0/subnets/575da278-fbaf-44da-bfcf-1f4f67888847 HTTP/1.1" status: 200 len: 851 time: 0.0364816
2026-06-24 19:16:51.172 10 INFO neutron.wsgi [None req-73057cba-0416-440d-afd4-87a15502fde4 4f10f8e3456c45888ba084e75ba8851b 7ca197cbfedf46c6a1675ce45718ce58 - - default default] 199.19.213.176 "GET /v2.0/networks/52db75be-b01c-4ae9-84b8-0e8feae2e9a8 HTTP/1.1" status: 200 len: 1001 time: 0.4042678
2026-06-24 19:16:51.226 10 INFO neutron.wsgi [None req-10b46162-5ffa-4afa-bf7a-bd95fcf81afc 4f10f8e3456c45888ba084e75ba8851b 7ca197cbfedf46c6a1675ce45718ce58 - - default default] 199.19.213.176 "GET /v2.0/ports/4e90ccd3-0948-47e8-a031-50e27346ef3a HTTP/1.1" status: 200 len: 1332 time: 0.0395920
2026-06-24 19:16:51.265 10 INFO neutron.wsgi [None req-ef9f5565-0e0c-4d7d-825d-dc8472c04b96 4f10f8e3456c45888ba084e75ba8851b 7ca197cbfedf46c6a1675ce45718ce58 - - default default] 199.19.213.176 "GET /v2.0/subnets/575da278-fbaf-44da-bfcf-1f4f67888847 HTTP/1.1" status: 200 len: 851 time: 0.0286472
2026-06-24 19:16:52.270 10 INFO neutron.notifiers.nova [-] Nova event matching ['req-9da88411-f48d-49fc-995c-123d70666acd'] response: {'name': 'network-changed', 'server_uuid': '266e6dfd-6030-4991-9e6d-1c96e36bac92', 'tag': 'debf35a7-ec0c-40d7-b7a1-cba847ab77af', 'status': 'completed', 'code': 200}
2026-06-24 19:16:52.330 9 INFO neutron.wsgi [req-848ae511-6642-4f19-bf0d-bfb7af1b76b1 req-c3b09074-4602-45bc-85b2-f5f693953327 686af32b1be94b979025e27d50ec0dce 0e2414273bb744fb8a9eee2977f58e9b - - c59447b58e78401e9044174794112ce9 c59447b58e78401e9044174794112ce9] 199.19.213.176 "GET /v2.0/ports?tenant_id=7ca197cbfedf46c6a1675ce45718ce58&device_id=266e6dfd-6030-4991-9e6d-1c96e36bac92 HTTP/1.1" status: 200 len: 2632 time: 0.0367632
2026-06-24 19:16:52.397 9 INFO neutron.wsgi [req-848ae511-6642-4f19-bf0d-bfb7af1b76b1 req-93207d82-09ed-46e2-9c6e-a3d07de45eb1 686af32b1be94b979025e27d50ec0dce 0e2414273bb744fb8a9eee2977f58e9b - - c59447b58e78401e9044174794112ce9 c59447b58e78401e9044174794112ce9] 199.19.213.176 "GET /v2.0/networks?id=52db75be-b01c-4ae9-84b8-0e8feae2e9a8 HTTP/1.1" status: 200 len: 1004 time: 0.0616112
2026-06-24 19:16:52.430 9 INFO neutron.wsgi [req-848ae511-6642-4f19-bf0d-bfb7af1b76b1 req-c42b856e-de20-4382-a413-974565cc9db9 686af32b1be94b979025e27d50ec0dce 0e2414273bb744fb8a9eee2977f58e9b - - c59447b58e78401e9044174794112ce9 c59447b58e78401e9044174794112ce9] 199.19.213.176 "GET /v2.0/floatingips?fixed_ip_address=10.1.1.189&port_id=debf35a7-ec0c-40d7-b7a1-cba847ab77af HTTP/1.1" status: 200 len: 217 time: 0.0268996
2026-06-24 19:16:52.484 9 INFO neutron.wsgi [req-848ae511-6642-4f19-bf0d-bfb7af1b76b1 req-355ad600-84fe-41ec-a643-20e4ee474e1c 686af32b1be94b979025e27d50ec0dce 0e2414273bb744fb8a9eee2977f58e9b - - c59447b58e78401e9044174794112ce9 c59447b58e78401e9044174794112ce9] 199.19.213.176 "GET /v2.0/subnets?id=575da278-fbaf-44da-bfcf-1f4f67888847 HTTP/1.1" status: 200 len: 854 time: 0.0473328
2026-06-24 19:16:52.517 9 INFO neutron.wsgi [req-848ae511-6642-4f19-bf0d-bfb7af1b76b1 req-f1e22295-af24-453b-b7f4-9202495a40c2 686af32b1be94b979025e27d50ec0dce 0e2414273bb744fb8a9eee2977f58e9b - - c59447b58e78401e9044174794112ce9 c59447b58e78401e9044174794112ce9] 199.19.213.176 "GET /v2.0/ports?network_id=52db75be-b01c-4ae9-84b8-0e8feae2e9a8&device_owner=network%3Adhcp HTTP/1.1" status: 200 len: 210 time: 0.0270200
2026-06-24 19:16:52.584 9 INFO neutron.wsgi [req-848ae511-6642-4f19-bf0d-bfb7af1b76b1 req-82aaf495-d805-46cd-a0b9-836e8034d4d6 686af32b1be94b979025e27d50ec0dce 0e2414273bb744fb8a9eee2977f58e9b - - c59447b58e78401e9044174794112ce9 c59447b58e78401e9044174794112ce9] 199.19.213.176 "GET /v2.0/networks/52db75be-b01c-4ae9-84b8-0e8feae2e9a8?fields=segments HTTP/1.1" status: 200 len: 212 time: 0.0598896
2026-06-24 19:16:52.661 9 INFO neutron.wsgi [req-848ae511-6642-4f19-bf0d-bfb7af1b76b1 req-9f814970-02cf-49e4-88f3-ba4894018927 686af32b1be94b979025e27d50ec0dce 0e2414273bb744fb8a9eee2977f58e9b - - c59447b58e78401e9044174794112ce9 c59447b58e78401e9044174794112ce9] 199.19.213.176 "GET /v2.0/networks/52db75be-b01c-4ae9-84b8-0e8feae2e9a8?fields=provider%3Aphysical_network&fields=provider%3Anetwork_type HTTP/1.1" status: 200 len: 277 time: 0.0696635
2026-06-24 19:16:58.298 10 WARNING neutron.scheduler.dhcp_agent_scheduler [None req-43bbe030-341f-4c7e-95b4-a24a54d0a130 26eac8efc20f45d095fb6613602ac549 6546151fb51d4506a0bbc78895f5e207 - - - -] No more DHCP agents
2026-06-24 19:16:58.299 10 WARNING neutron.api.rpc.agentnotifiers.dhcp_rpc_agent_api [None req-43bbe030-341f-4c7e-95b4-a24a54d0a130 26eac8efc20f45d095fb6613602ac549 6546151fb51d4506a0bbc78895f5e207 - - - -] Unable to schedule network 55253de1-2e58-4f71-a573-4da169fafa06: no agents available; will retry on subsequent port and subnet creation events.
2026-06-24 19:16:58.813 10 INFO neutron.db.l3_db [None req-43bbe030-341f-4c7e-95b4-a24a54d0a130 26eac8efc20f45d095fb6613602ac549 6546151fb51d4506a0bbc78895f5e207 - - - -] Floating IP ca038d04-b40b-42ed-bd76-f3c991f07ea0 associated. External IP: 10.96.250.217, port: 4e90ccd3-0948-47e8-a031-50e27346ef3a.
2026-06-24 19:16:59.065 10 INFO neutron.db.ovn_revision_numbers_db [None req-43bbe030-341f-4c7e-95b4-a24a54d0a130 26eac8efc20f45d095fb6613602ac549 6546151fb51d4506a0bbc78895f5e207 - - - -] Successfully bumped revision number for resource ca038d04-b40b-42ed-bd76-f3c991f07ea0 (type: floatingips) to 0
2026-06-24 19:16:59.154 10 INFO neutron.db.ovn_revision_numbers_db [None req-43bbe030-341f-4c7e-95b4-a24a54d0a130 26eac8efc20f45d095fb6613602ac549 6546151fb51d4506a0bbc78895f5e207 - - - -] Successfully bumped revision number for resource ca038d04-b40b-42ed-bd76-f3c991f07ea0 (type: floatingips) to 1
2026-06-24 19:16:59.208 10 INFO neutron.wsgi [None req-43bbe030-341f-4c7e-95b4-a24a54d0a130 26eac8efc20f45d095fb6613602ac549 6546151fb51d4506a0bbc78895f5e207 - - - -] 10.0.0.32 "POST /v2.0/floatingips HTTP/1.1" status: 201 len: 1098 time: 1.1846397
2026-06-24 19:17:01.529 10 INFO neutron.wsgi [-] 10.0.0.108 "GET / HTTP/1.1" status: 200 len: 246 time: 0.0034764
2026-06-24 19:17:01.533 10 INFO neutron.wsgi [-] 10.0.0.108 "GET / HTTP/1.1" status: 200 len: 246 time: 0.0027354
2026-06-24 19:17:02.344 9 INFO neutron.plugins.ml2.drivers.ovn.mech_driver.mech_driver [None req-df408e8f-efc6-4758-a26d-e9311033e58d - - - - - -] OVN reports status up for port: 4e90ccd3-0948-47e8-a031-50e27346ef3a
2026-06-24 19:17:02.366 9 INFO neutron.plugins.ml2.plugin [None req-df408e8f-efc6-4758-a26d-e9311033e58d - - - - - -] Attempt 1 to provision port 4e90ccd3-0948-47e8-a031-50e27346ef3a
2026-06-24 19:17:02.746 9 INFO neutron.wsgi [req-b62a1a9b-83af-49a9-9f80-30ca007c4e87 req-b7d865d4-8955-48cd-8b76-0783fe77b905 686af32b1be94b979025e27d50ec0dce 0e2414273bb744fb8a9eee2977f58e9b - - c59447b58e78401e9044174794112ce9 c59447b58e78401e9044174794112ce9] 199.19.213.176 "GET /v2.0/ports?device_id=9c5d19dc-3b54-4077-8fda-f2b2d57720ec&fields=binding%3Ahost_id&fields=binding%3Avif_type HTTP/1.1" status: 200 len: 265 time: 0.0365655
2026-06-24 19:17:02.820 9 INFO neutron.wsgi [req-b62a1a9b-83af-49a9-9f80-30ca007c4e87 req-0292f59c-8ade-48af-ae5f-e7f66975e4c2 686af32b1be94b979025e27d50ec0dce 0e2414273bb744fb8a9eee2977f58e9b - - c59447b58e78401e9044174794112ce9 c59447b58e78401e9044174794112ce9] 199.19.213.176 "GET /v2.0/ports?tenant_id=6546151fb51d4506a0bbc78895f5e207&device_id=9c5d19dc-3b54-4077-8fda-f2b2d57720ec HTTP/1.1" status: 200 len: 1590 time: 0.0388544
2026-06-24 19:17:02.911 9 INFO neutron.wsgi [req-b62a1a9b-83af-49a9-9f80-30ca007c4e87 req-40432c05-54c7-4f49-8fc8-93523c0f5042 686af32b1be94b979025e27d50ec0dce 0e2414273bb744fb8a9eee2977f58e9b - - c59447b58e78401e9044174794112ce9 c59447b58e78401e9044174794112ce9] 199.19.213.176 "GET /v2.0/networks?id=69f36dfa-c4f9-4699-b631-81f957ec0061 HTTP/1.1" status: 200 len: 1003 time: 0.0713496 /var/lib/openstack/lib/python3.10/site-packages/pycadf/identifier.py:71: UserWarning: Invalid uuid: neutron. To ensure interoperability, identifiers should be a valid uuid. warnings.warn(('Invalid uuid: %s. To ensure interoperability, '
2026-06-24 19:17:02.927 10 INFO neutron.wsgi [None req-8c2fec87-e770-41b4-8d4f-d1ed86972b91 4f10f8e3456c45888ba084e75ba8851b 7ca197cbfedf46c6a1675ce45718ce58 - - default default] 199.19.213.176 "GET /v2.0/extensions/security-group HTTP/1.1" status: 200 len: 369 time: 0.0830798
2026-06-24 19:17:02.939 10 INFO neutron.wsgi [None req-4a173e80-8a11-4cfd-9a20-637e48113514 4f10f8e3456c45888ba084e75ba8851b 7ca197cbfedf46c6a1675ce45718ce58 - - default default] 199.19.213.176 "GET /v2.0/extensions/dns-integration HTTP/1.1" status: 200 len: 371 time: 0.0063691
2026-06-24 19:17:02.953 10 INFO neutron.wsgi [None req-0501cd71-6ee8-43d5-b15b-5ab1fe33d1b9 4f10f8e3456c45888ba084e75ba8851b 7ca197cbfedf46c6a1675ce45718ce58 - - default default] 199.19.213.176 "GET /v2.0/extensions/qos HTTP/1.1" status: 200 len: 365 time: 0.0086725
2026-06-24 19:17:02.959 9 INFO neutron.wsgi [req-b62a1a9b-83af-49a9-9f80-30ca007c4e87 req-00d33ca2-d043-4e3b-a23e-67d8842f4733 686af32b1be94b979025e27d50ec0dce 0e2414273bb744fb8a9eee2977f58e9b - - c59447b58e78401e9044174794112ce9 c59447b58e78401e9044174794112ce9] 199.19.213.176 "GET /v2.0/floatingips?fixed_ip_address=10.2.2.46&port_id=de4d9cec-0d5b-48ba-9ed5-20dd340fbf7b HTTP/1.1" status: 200 len: 1058 time: 0.0421920
2026-06-24 19:17:02.968 10 INFO neutron.wsgi [None req-abf9c1c6-4032-40d6-8b30-e9dee7786942 4f10f8e3456c45888ba084e75ba8851b 7ca197cbfedf46c6a1675ce45718ce58 - - default default] 199.19.213.176 "GET /v2.0/extensions/allowed-address-pairs HTTP/1.1" status: 200 len: 383 time: 0.0066805
2026-06-24 19:17:02.997 9 INFO neutron.wsgi [req-b62a1a9b-83af-49a9-9f80-30ca007c4e87 req-56b56eb4-a3cc-4749-80b3-2df94e9fa735 686af32b1be94b979025e27d50ec0dce 0e2414273bb744fb8a9eee2977f58e9b - - c59447b58e78401e9044174794112ce9 c59447b58e78401e9044174794112ce9] 199.19.213.176 "GET /v2.0/floatingips?fixed_ip_address=fd77%3A1457%3A4cf0%3A26a8%3A%3A17a&port_id=de4d9cec-0d5b-48ba-9ed5-20dd340fbf7b HTTP/1.1" status: 200 len: 217 time: 0.0303643
2026-06-24 19:17:03.060 9 INFO neutron.wsgi [req-b62a1a9b-83af-49a9-9f80-30ca007c4e87 req-19f33c65-c4d9-418f-925c-2b350ddb7134 686af32b1be94b979025e27d50ec0dce 0e2414273bb744fb8a9eee2977f58e9b - - c59447b58e78401e9044174794112ce9 c59447b58e78401e9044174794112ce9] 199.19.213.176 "GET /v2.0/subnets?id=afc2043f-e584-4914-8f46-28729bac7af9&id=10f9ef3b-216a-4701-b0e6-39f16f55c6e7 HTTP/1.1" status: 200 len: 1566 time: 0.0546646
2026-06-24 19:17:03.094 9 INFO neutron.wsgi [req-b62a1a9b-83af-49a9-9f80-30ca007c4e87 req-ffeba94d-2061-4b75-b970-7e2c960830bf 686af32b1be94b979025e27d50ec0dce 0e2414273bb744fb8a9eee2977f58e9b - - c59447b58e78401e9044174794112ce9 c59447b58e78401e9044174794112ce9] 199.19.213.176 "GET /v2.0/ports?network_id=69f36dfa-c4f9-4699-b631-81f957ec0061&device_owner=network%3Adhcp HTTP/1.1" status: 200 len: 210 time: 0.0251732
2026-06-24 19:17:03.125 9 INFO neutron.wsgi [req-b62a1a9b-83af-49a9-9f80-30ca007c4e87 req-38a348c8-1f8a-4143-841b-2161dfc8218d 686af32b1be94b979025e27d50ec0dce 0e2414273bb744fb8a9eee2977f58e9b - - c59447b58e78401e9044174794112ce9 c59447b58e78401e9044174794112ce9] 199.19.213.176 "GET /v2.0/ports?network_id=69f36dfa-c4f9-4699-b631-81f957ec0061&device_owner=network%3Adhcp HTTP/1.1" status: 200 len: 210 time: 0.0222542
2026-06-24 19:17:03.139 10 INFO neutron.wsgi [None req-eb38c77a-01c4-41f7-affc-78496af64e89 4f10f8e3456c45888ba084e75ba8851b 7ca197cbfedf46c6a1675ce45718ce58 - - default default] 199.19.213.176 "GET /v2.0/security-groups?name=lb-12063ff0-ad83-4474-84a5-556c3927e534 HTTP/1.1" status: 200 len: 1777 time: 0.0434825
2026-06-24 19:17:03.171 10 INFO neutron.wsgi [None req-f6575fe2-d990-4bf4-8e15-40f423c160c2 4f10f8e3456c45888ba084e75ba8851b 7ca197cbfedf46c6a1675ce45718ce58 - - default default] 199.19.213.176 "GET /v2.0/security-group-rules?security_group_id=f0250cf3-44b1-4e86-8bb7-50faeab269b5 HTTP/1.1" status: 200 len: 1318 time: 0.0221968
2026-06-24 19:17:03.202 9 INFO neutron.wsgi [req-b62a1a9b-83af-49a9-9f80-30ca007c4e87 req-d7b17d56-d8fc-4e3e-ace2-e629aca68727 686af32b1be94b979025e27d50ec0dce 0e2414273bb744fb8a9eee2977f58e9b - - c59447b58e78401e9044174794112ce9 c59447b58e78401e9044174794112ce9] 199.19.213.176 "GET /v2.0/networks/69f36dfa-c4f9-4699-b631-81f957ec0061?fields=segments HTTP/1.1" status: 200 len: 212 time: 0.0665615
2026-06-24 19:17:03.266 9 INFO neutron.wsgi [req-b62a1a9b-83af-49a9-9f80-30ca007c4e87 req-b335d2e1-3a49-487c-8a26-3fe2b014151d 686af32b1be94b979025e27d50ec0dce 0e2414273bb744fb8a9eee2977f58e9b - - c59447b58e78401e9044174794112ce9 c59447b58e78401e9044174794112ce9] 199.19.213.176 "GET /v2.0/networks/69f36dfa-c4f9-4699-b631-81f957ec0061?fields=provider%3Aphysical_network&fields=provider%3Anetwork_type HTTP/1.1" status: 200 len: 277 time: 0.0579941
2026-06-24 19:17:03.293 10 INFO neutron.db.ovn_revision_numbers_db [None req-f66392ec-d919-48df-be82-22dd56f794a3 4f10f8e3456c45888ba084e75ba8851b 7ca197cbfedf46c6a1675ce45718ce58 - - - -] Successfully bumped revision number for resource 90159ef8-e967-4ce2-9d34-1b2775212507 (type: security_group_rules) to 0
2026-06-24 19:17:03.323 10 INFO neutron.wsgi [None req-f66392ec-d919-48df-be82-22dd56f794a3 4f10f8e3456c45888ba084e75ba8851b 7ca197cbfedf46c6a1675ce45718ce58 - - - -] 199.19.213.176 "POST /v2.0/security-group-rules HTTP/1.1" status: 201 len: 769 time: 0.1440275
2026-06-24 19:17:03.457 10 INFO neutron.db.ovn_revision_numbers_db [None req-29d784e3-44d3-45ce-9f58-933458b9b684 4f10f8e3456c45888ba084e75ba8851b 7ca197cbfedf46c6a1675ce45718ce58 - - - -] Successfully bumped revision number for resource f3ef545c-23d4-4926-b0eb-aaf3dbd2b946 (type: security_group_rules) to 0
2026-06-24 19:17:03.486 10 INFO neutron.wsgi [None req-29d784e3-44d3-45ce-9f58-933458b9b684 4f10f8e3456c45888ba084e75ba8851b 7ca197cbfedf46c6a1675ce45718ce58 - - - -] 199.19.213.176 "POST /v2.0/security-group-rules HTTP/1.1" status: 201 len: 773 time: 0.1570411
2026-06-24 19:17:10.935 9 INFO neutron.wsgi [None req-5793f11d-e1bc-471d-92c5-ec48d5d24059 4f10f8e3456c45888ba084e75ba8851b 7ca197cbfedf46c6a1675ce45718ce58 - - default default] 10.0.0.227 "GET /v2.0/extensions/security-group HTTP/1.1" status: 200 len: 369 time: 0.0632951
2026-06-24 19:17:10.947 9 INFO neutron.wsgi [None req-c15c94cf-2d5e-48a8-ba87-e429065fb3e6 4f10f8e3456c45888ba084e75ba8851b 7ca197cbfedf46c6a1675ce45718ce58 - - default default] 10.0.0.227 "GET /v2.0/extensions/dns-integration HTTP/1.1" status: 200 len: 371 time: 0.0055404
2026-06-24 19:17:10.957 9 INFO neutron.wsgi [None req-13ef1cd2-9f34-4e63-b986-78a5e7834657 4f10f8e3456c45888ba084e75ba8851b 7ca197cbfedf46c6a1675ce45718ce58 - - default default] 10.0.0.227 "GET /v2.0/extensions/qos HTTP/1.1" status: 200 len: 365 time: 0.0049903
2026-06-24 19:17:10.968 9 INFO neutron.wsgi [None req-f23743cd-dfb2-4390-a1c3-277aa77743a4 4f10f8e3456c45888ba084e75ba8851b 7ca197cbfedf46c6a1675ce45718ce58 - - default default] 10.0.0.227 "GET /v2.0/extensions/allowed-address-pairs HTTP/1.1" status: 200 len: 383 time: 0.0066881
2026-06-24 19:17:11.456 9 INFO neutron.wsgi [-] 10.0.0.227 "GET / HTTP/1.1" status: 200 len: 284 time: 0.0020385
2026-06-24 19:17:11.525 9 INFO neutron.wsgi [None req-49001c08-32ff-49b3-be89-fbec85c9c5ee 26eac8efc20f45d095fb6613602ac549 6546151fb51d4506a0bbc78895f5e207 - - default default] 10.0.0.227 "GET /v2.0/subnets/eb927ad0-e558-48cc-b6b0-4d6926f52c8b HTTP/1.1" status: 200 len: 831 time: 0.0635059
2026-06-24 19:17:11.998 10 INFO neutron.wsgi [None req-6684efb7-45bb-4e88-9dce-e32e4bc86240 4f10f8e3456c45888ba084e75ba8851b 7ca197cbfedf46c6a1675ce45718ce58 - - default default] 199.19.213.176 "GET /v2.0/extensions/security-group HTTP/1.1" status: 200 len: 369 time: 0.0095847
2026-06-24 19:17:12.005 10 INFO neutron.wsgi [None req-d1a564dd-cbc0-4909-9739-14c971ab086a 4f10f8e3456c45888ba084e75ba8851b 7ca197cbfedf46c6a1675ce45718ce58 - - default default] 199.19.213.176 "GET /v2.0/extensions/dns-integration HTTP/1.1" status: 200 len: 371 time: 0.0035534
2026-06-24 19:17:12.013 10 INFO neutron.wsgi [None req-48e514f4-15bc-49a1-83b9-57bf0ce8333c 4f10f8e3456c45888ba084e75ba8851b 7ca197cbfedf46c6a1675ce45718ce58 - - default default] 199.19.213.176 "GET /v2.0/extensions/qos HTTP/1.1" status: 200 len: 365 time: 0.0045185
2026-06-24 19:17:12.023 10 INFO neutron.wsgi [None req-459e5f06-6fd3-4e5d-9345-0001366e0708 4f10f8e3456c45888ba084e75ba8851b 7ca197cbfedf46c6a1675ce45718ce58 - - default default] 199.19.213.176 "GET /v2.0/extensions/allowed-address-pairs HTTP/1.1" status: 200 len: 383 time: 0.0055366
2026-06-24 19:17:12.076 10 INFO neutron.wsgi [None req-2b4c5be6-7879-4e5d-af69-1792146d32d0 4f10f8e3456c45888ba084e75ba8851b 7ca197cbfedf46c6a1675ce45718ce58 - - default default] 199.19.213.176 "GET /v2.0/subnets/eb927ad0-e558-48cc-b6b0-4d6926f52c8b HTTP/1.1" status: 200 len: 849 time: 0.0454094
2026-06-24 19:17:12.120 10 INFO neutron.wsgi [None req-daf499e4-752c-46e1-b51e-84b346cbec4e 4f10f8e3456c45888ba084e75ba8851b 7ca197cbfedf46c6a1675ce45718ce58 - - default default] 199.19.213.176 "GET /v2.0/ports?device_id=266e6dfd-6030-4991-9e6d-1c96e36bac92 HTTP/1.1" status: 200 len: 2632 time: 0.0370498
2026-06-24 19:17:12.262 10 INFO neutron.wsgi [None req-8b4c508b-754d-4078-979a-77558d4366c3 4f10f8e3456c45888ba084e75ba8851b 7ca197cbfedf46c6a1675ce45718ce58 - - default default] 199.19.213.176 "GET /v2.0/extensions/security-group HTTP/1.1" status: 200 len: 369 time: 0.0080209
2026-06-24 19:17:12.272 10 INFO neutron.wsgi [None req-3d12b981-5d50-4392-aea8-2562afab48c5 4f10f8e3456c45888ba084e75ba8851b 7ca197cbfedf46c6a1675ce45718ce58 - - default default] 199.19.213.176 "GET /v2.0/extensions/dns-integration HTTP/1.1" status: 200 len: 371 time: 0.0045536
2026-06-24 19:17:12.281 10 INFO neutron.wsgi [None req-5a337de1-4188-43ee-9858-b9c876032339 4f10f8e3456c45888ba084e75ba8851b 7ca197cbfedf46c6a1675ce45718ce58 - - default default] 199.19.213.176 "GET /v2.0/extensions/qos HTTP/1.1" status: 200 len: 365 time: 0.0047545
2026-06-24 19:17:12.290 10 INFO neutron.wsgi [None req-8b70936e-10e7-4d1a-a227-c4c128149de6 4f10f8e3456c45888ba084e75ba8851b 7ca197cbfedf46c6a1675ce45718ce58 - - default default] 199.19.213.176 "GET /v2.0/extensions/allowed-address-pairs HTTP/1.1" status: 200 len: 383 time: 0.0046761
2026-06-24 19:17:12.825 9 INFO neutron.wsgi [req-5fb73db8-0873-41d5-878f-81f7dd296446 req-753ef3c2-12ac-43c7-871e-f4341458edb8 686af32b1be94b979025e27d50ec0dce 0e2414273bb744fb8a9eee2977f58e9b - - c59447b58e78401e9044174794112ce9 c59447b58e78401e9044174794112ce9] 199.19.213.176 "GET /v2.0/networks/b9d8086e-620f-4633-b56a-9e0a156a8597?fields=segments HTTP/1.1" status: 200 len: 212 time: 0.0615304
2026-06-24 19:17:12.904 9 INFO neutron.wsgi [req-5fb73db8-0873-41d5-878f-81f7dd296446 req-47cfb3e3-1edc-46c6-ba41-7bbf11e6c44b 686af32b1be94b979025e27d50ec0dce 0e2414273bb744fb8a9eee2977f58e9b - - c59447b58e78401e9044174794112ce9 c59447b58e78401e9044174794112ce9] 199.19.213.176 "GET /v2.0/networks/b9d8086e-620f-4633-b56a-9e0a156a8597?fields=provider%3Aphysical_network&fields=provider%3Anetwork_type HTTP/1.1" status: 200 len: 277 time: 0.0701506
2026-06-24 19:17:12.986 9 INFO neutron.wsgi [req-5fb73db8-0873-41d5-878f-81f7dd296446 req-a3c22a48-ecf4-49e4-bba6-438d7ef0aea4 4f10f8e3456c45888ba084e75ba8851b 7ca197cbfedf46c6a1675ce45718ce58 - - default default] 199.19.213.176 "GET /v2.0/networks?id=b9d8086e-620f-4633-b56a-9e0a156a8597 HTTP/1.1" status: 200 len: 1002 time: 0.0569742
2026-06-24 19:17:13.269 9 WARNING neutron.scheduler.dhcp_agent_scheduler [None req-3be00d4f-18e9-42f1-8b10-6c80ad7846ce 4f10f8e3456c45888ba084e75ba8851b 7ca197cbfedf46c6a1675ce45718ce58 - - - -] No more DHCP agents
2026-06-24 19:17:13.271 9 WARNING neutron.api.rpc.agentnotifiers.dhcp_rpc_agent_api [None req-3be00d4f-18e9-42f1-8b10-6c80ad7846ce 4f10f8e3456c45888ba084e75ba8851b 7ca197cbfedf46c6a1675ce45718ce58 - - - -] Unable to schedule network b9d8086e-620f-4633-b56a-9e0a156a8597: no agents available; will retry on subsequent port and subnet creation events.
2026-06-24 19:17:13.412 9 INFO neutron.db.ovn_revision_numbers_db [None req-3be00d4f-18e9-42f1-8b10-6c80ad7846ce 4f10f8e3456c45888ba084e75ba8851b 7ca197cbfedf46c6a1675ce45718ce58 - - - -] Successfully bumped revision number for resource bb7cd561-1a15-494a-a5ea-bfac996819d5 (type: ports) to 1
2026-06-24 19:17:13.439 9 INFO neutron.wsgi [None req-3be00d4f-18e9-42f1-8b10-6c80ad7846ce 4f10f8e3456c45888ba084e75ba8851b 7ca197cbfedf46c6a1675ce45718ce58 - - - -] 199.19.213.176 "POST /v2.0/ports HTTP/1.1" status: 201 len: 1508 time: 0.4472306 /var/lib/openstack/lib/python3.10/site-packages/pycadf/identifier.py:71: UserWarning: Invalid uuid: neutron. To ensure interoperability, identifiers should be a valid uuid. warnings.warn(('Invalid uuid: %s. To ensure interoperability, '
2026-06-24 19:17:13.874 9 INFO neutron.db.ovn_revision_numbers_db [None req-fb82f6c3-2209-4388-8fc5-a3ea54bab2ad 686af32b1be94b979025e27d50ec0dce 0e2414273bb744fb8a9eee2977f58e9b - - - -] Successfully bumped revision number for resource bb7cd561-1a15-494a-a5ea-bfac996819d5 (type: ports) to 2
2026-06-24 19:17:14.094 10 INFO neutron.wsgi [None req-0c13bf95-c978-44fa-82e6-309dcf779a36 4f10f8e3456c45888ba084e75ba8851b 7ca197cbfedf46c6a1675ce45718ce58 - - default default] 10.0.0.196 "GET /v2.0/ports HTTP/1.1" status: 200 len: 23259 time: 0.1195402
2026-06-24 19:17:14.192 10 INFO neutron.wsgi [None req-3c1e263e-12b5-4dcd-899d-4d4f9f6e7bc2 4f10f8e3456c45888ba084e75ba8851b 7ca197cbfedf46c6a1675ce45718ce58 - - default default] 10.0.0.196 "GET /v2.0/routers HTTP/1.1" status: 200 len: 850 time: 0.0860364
2026-06-24 19:17:14.213 10 INFO neutron.wsgi [None req-9b0f712d-a466-4db4-aeb5-75366b7b16c4 4f10f8e3456c45888ba084e75ba8851b 7ca197cbfedf46c6a1675ce45718ce58 - - default default] 10.0.0.196 "GET /v2.0/agents?binary=ovn-controller HTTP/1.1" status: 200 len: 591 time: 0.0204947
2026-06-24 19:17:14.330 10 INFO neutron.wsgi [None req-4709fbb6-70c1-4b83-8c7a-7fdfc8282d90 4f10f8e3456c45888ba084e75ba8851b 7ca197cbfedf46c6a1675ce45718ce58 - - default default] 10.0.0.196 "GET /v2.0/security-groups HTTP/1.1" status: 200 len: 30248 time: 0.1131155
2026-06-24 19:17:14.364 9 INFO neutron.db.ovn_revision_numbers_db [None req-fb82f6c3-2209-4388-8fc5-a3ea54bab2ad 686af32b1be94b979025e27d50ec0dce 0e2414273bb744fb8a9eee2977f58e9b - - - -] Successfully bumped revision number for resource bb7cd561-1a15-494a-a5ea-bfac996819d5 (type: ports) to 2
2026-06-24 19:17:14.381 9 INFO neutron.wsgi [None req-fb82f6c3-2209-4388-8fc5-a3ea54bab2ad 686af32b1be94b979025e27d50ec0dce 0e2414273bb744fb8a9eee2977f58e9b - - - -] 199.19.213.176 "PUT /v2.0/ports/bb7cd561-1a15-494a-a5ea-bfac996819d5 HTTP/1.1" status: 200 len: 1557 time: 0.9331794
2026-06-24 19:17:14.381 10 INFO neutron.wsgi [None req-d9353abb-2a49-410b-8a20-9c4a5efbbdfd 4f10f8e3456c45888ba084e75ba8851b 7ca197cbfedf46c6a1675ce45718ce58 - - default default] 10.0.0.196 "GET /v2.0/subnets HTTP/1.1" status: 200 len: 5498 time: 0.0434532
2026-06-24 19:17:14.416 9 INFO neutron.notifiers.nova [-] Nova event matching ['req-418b3777-b51f-42ba-848b-2256cec5ccca'] response: {'name': 'network-changed', 'server_uuid': '266e6dfd-6030-4991-9e6d-1c96e36bac92', 'tag': 'bb7cd561-1a15-494a-a5ea-bfac996819d5', 'status': 'completed', 'code': 200} /var/lib/openstack/lib/python3.10/site-packages/pycadf/identifier.py:71: UserWarning: Invalid uuid: neutron. To ensure interoperability, identifiers should be a valid uuid. warnings.warn(('Invalid uuid: %s. To ensure interoperability, '
2026-06-24 19:17:14.436 10 INFO neutron.wsgi [None req-684ba7cc-b124-4dd2-a310-fed4fe278c6b 4f10f8e3456c45888ba084e75ba8851b 7ca197cbfedf46c6a1675ce45718ce58 - - default default] 10.0.0.196 "GET /v2.0/floatingips HTTP/1.1" status: 200 len: 2764 time: 0.0530350
2026-06-24 19:17:14.458 10 INFO neutron.wsgi [None req-b23ee408-c953-4599-865f-fe4576bc537b 4f10f8e3456c45888ba084e75ba8851b 7ca197cbfedf46c6a1675ce45718ce58 - - default default] 10.0.0.196 "GET /v2.0/agents HTTP/1.1" status: 200 len: 997 time: 0.0189059
2026-06-24 19:17:14.463 9 INFO neutron.wsgi [req-5fb73db8-0873-41d5-878f-81f7dd296446 req-faed9451-d768-43e1-a612-0e5b50f6b284 686af32b1be94b979025e27d50ec0dce 0e2414273bb744fb8a9eee2977f58e9b - - c59447b58e78401e9044174794112ce9 c59447b58e78401e9044174794112ce9] 199.19.213.176 "GET /v2.0/ports?tenant_id=7ca197cbfedf46c6a1675ce45718ce58&device_id=266e6dfd-6030-4991-9e6d-1c96e36bac92 HTTP/1.1" status: 200 len: 4009 time: 0.0390244
2026-06-24 19:17:14.475 10 INFO neutron.wsgi [None req-f9ee9e55-8742-4e94-9062-b3dc76887b6c 4f10f8e3456c45888ba084e75ba8851b 7ca197cbfedf46c6a1675ce45718ce58 - - default default] 10.0.0.196 "GET /v2.0/network-ip-availabilities HTTP/1.1" status: 200 len: 3365 time: 0.0158010
2026-06-24 19:17:14.506 9 INFO neutron.wsgi [req-5fb73db8-0873-41d5-878f-81f7dd296446 req-3a4ad7d9-8a51-4dab-b152-de3c8e7b1185 686af32b1be94b979025e27d50ec0dce 0e2414273bb744fb8a9eee2977f58e9b - - c59447b58e78401e9044174794112ce9 c59447b58e78401e9044174794112ce9] 199.19.213.176 "GET /v2.0/floatingips?fixed_ip_address=172.24.1.251&port_id=71ff17e4-7769-4f8a-85d4-cf115da773b7 HTTP/1.1" status: 200 len: 217 time: 0.0339203
2026-06-24 19:17:14.522 10 INFO neutron.wsgi [None req-5146c7a1-4c69-4ca0-a550-3aed1efe61b4 4f10f8e3456c45888ba084e75ba8851b 7ca197cbfedf46c6a1675ce45718ce58 - - default default] 10.0.0.196 "GET /v2.0/subnets HTTP/1.1" status: 200 len: 5498 time: 0.0459924
2026-06-24 19:17:14.537 10 INFO neutron.wsgi [None req-598e2c4d-31e5-45fb-84da-baa12ac6c5c8 4f10f8e3456c45888ba084e75ba8851b 7ca197cbfedf46c6a1675ce45718ce58 - - default default] 10.0.0.196 "GET /v2.0/subnetpools HTTP/1.1" status: 200 len: 193 time: 0.0131066
2026-06-24 19:17:14.544 9 INFO neutron.wsgi [req-5fb73db8-0873-41d5-878f-81f7dd296446 req-f9d09807-3f84-4773-8783-4d077e46693a 686af32b1be94b979025e27d50ec0dce 0e2414273bb744fb8a9eee2977f58e9b - - c59447b58e78401e9044174794112ce9 c59447b58e78401e9044174794112ce9] 199.19.213.176 "GET /v2.0/subnets?id=6c539b0f-58ed-4823-bd45-7ce4db7f5d78 HTTP/1.1" status: 200 len: 829 time: 0.0332105
2026-06-24 19:17:14.577 9 INFO neutron.wsgi [req-5fb73db8-0873-41d5-878f-81f7dd296446 req-9d5c3e58-d0c6-460b-ac22-a61267ad2aa1 686af32b1be94b979025e27d50ec0dce 0e2414273bb744fb8a9eee2977f58e9b - - c59447b58e78401e9044174794112ce9 c59447b58e78401e9044174794112ce9] 199.19.213.176 "GET /v2.0/ports?network_id=aaa5d777-0ee9-45ec-b4a8-e2b127f0fa8f&device_owner=network%3Adhcp HTTP/1.1" status: 200 len: 210 time: 0.0249081
2026-06-24 19:17:14.622 10 INFO neutron.wsgi [None req-ad15b918-545f-4ecb-a10b-78d8af08052e 4f10f8e3456c45888ba084e75ba8851b 7ca197cbfedf46c6a1675ce45718ce58 - - default default] 10.0.0.196 "GET /v2.0/networks HTTP/1.1" status: 200 len: 4720 time: 0.0839956
2026-06-24 19:17:14.647 9 INFO neutron.wsgi [req-5fb73db8-0873-41d5-878f-81f7dd296446 req-a14c0092-2647-4914-878a-faee74ee99a0 686af32b1be94b979025e27d50ec0dce 0e2414273bb744fb8a9eee2977f58e9b - - c59447b58e78401e9044174794112ce9 c59447b58e78401e9044174794112ce9] 199.19.213.176 "GET /v2.0/networks/aaa5d777-0ee9-45ec-b4a8-e2b127f0fa8f?fields=segments HTTP/1.1" status: 200 len: 212 time: 0.0644431
2026-06-24 19:17:14.732 9 INFO neutron.wsgi [req-5fb73db8-0873-41d5-878f-81f7dd296446 req-99d2015a-c5b7-4849-84f9-e7c357a5f87f 686af32b1be94b979025e27d50ec0dce 0e2414273bb744fb8a9eee2977f58e9b - - c59447b58e78401e9044174794112ce9 c59447b58e78401e9044174794112ce9] 199.19.213.176 "GET /v2.0/networks/aaa5d777-0ee9-45ec-b4a8-e2b127f0fa8f?fields=provider%3Aphysical_network&fields=provider%3Anetwork_type HTTP/1.1" status: 200 len: 277 time: 0.0760632
2026-06-24 19:17:14.767 9 INFO neutron.wsgi [req-5fb73db8-0873-41d5-878f-81f7dd296446 req-f22d32ac-eea6-4b28-ac50-5ebd60ed8ff2 686af32b1be94b979025e27d50ec0dce 0e2414273bb744fb8a9eee2977f58e9b - - c59447b58e78401e9044174794112ce9 c59447b58e78401e9044174794112ce9] 199.19.213.176 "GET /v2.0/floatingips?fixed_ip_address=10.1.1.189&port_id=debf35a7-ec0c-40d7-b7a1-cba847ab77af HTTP/1.1" status: 200 len: 217 time: 0.0248194
2026-06-24 19:17:14.811 9 INFO neutron.wsgi [req-5fb73db8-0873-41d5-878f-81f7dd296446 req-b6c01300-afca-4a74-be2e-6a38386c3b7d 686af32b1be94b979025e27d50ec0dce 0e2414273bb744fb8a9eee2977f58e9b - - c59447b58e78401e9044174794112ce9 c59447b58e78401e9044174794112ce9] 199.19.213.176 "GET /v2.0/subnets?id=575da278-fbaf-44da-bfcf-1f4f67888847 HTTP/1.1" status: 200 len: 854 time: 0.0332255
2026-06-24 19:17:14.844 9 INFO neutron.wsgi [req-5fb73db8-0873-41d5-878f-81f7dd296446 req-971916e9-b4c0-46e4-a4f0-b44ce25a9f7d 686af32b1be94b979025e27d50ec0dce 0e2414273bb744fb8a9eee2977f58e9b - - c59447b58e78401e9044174794112ce9 c59447b58e78401e9044174794112ce9] 199.19.213.176 "GET /v2.0/ports?network_id=52db75be-b01c-4ae9-84b8-0e8feae2e9a8&device_owner=network%3Adhcp HTTP/1.1" status: 200 len: 210 time: 0.0251544
2026-06-24 19:17:14.923 9 INFO neutron.wsgi [req-5fb73db8-0873-41d5-878f-81f7dd296446 req-85a0572a-8ebb-4f91-acac-81e7bf9e6138 686af32b1be94b979025e27d50ec0dce 0e2414273bb744fb8a9eee2977f58e9b - - c59447b58e78401e9044174794112ce9 c59447b58e78401e9044174794112ce9] 199.19.213.176 "GET /v2.0/networks/52db75be-b01c-4ae9-84b8-0e8feae2e9a8?fields=segments HTTP/1.1" status: 200 len: 212 time: 0.0718818
2026-06-24 19:17:14.997 9 INFO neutron.wsgi [req-5fb73db8-0873-41d5-878f-81f7dd296446 req-042d182a-1dd9-4d54-8d09-5cd54002b493 686af32b1be94b979025e27d50ec0dce 0e2414273bb744fb8a9eee2977f58e9b - - c59447b58e78401e9044174794112ce9 c59447b58e78401e9044174794112ce9] 199.19.213.176 "GET /v2.0/networks/52db75be-b01c-4ae9-84b8-0e8feae2e9a8?fields=provider%3Aphysical_network&fields=provider%3Anetwork_type HTTP/1.1" status: 200 len: 277 time: 0.0661898
2026-06-24 19:17:15.035 9 INFO neutron.wsgi [req-5fb73db8-0873-41d5-878f-81f7dd296446 req-ef312a4f-9ea4-4831-a035-fff762fc50dc 686af32b1be94b979025e27d50ec0dce 0e2414273bb744fb8a9eee2977f58e9b - - c59447b58e78401e9044174794112ce9 c59447b58e78401e9044174794112ce9] 199.19.213.176 "GET /v2.0/floatingips?fixed_ip_address=10.2.1.154&port_id=bb7cd561-1a15-494a-a5ea-bfac996819d5 HTTP/1.1" status: 200 len: 217 time: 0.0300105
2026-06-24 19:17:15.069 9 INFO neutron.wsgi [req-5fb73db8-0873-41d5-878f-81f7dd296446 req-5bd89166-3128-4c68-8d72-282ee23fdc82 686af32b1be94b979025e27d50ec0dce 0e2414273bb744fb8a9eee2977f58e9b - - c59447b58e78401e9044174794112ce9 c59447b58e78401e9044174794112ce9] 199.19.213.176 "GET /v2.0/floatingips?fixed_ip_address=fd7b%3Af9f7%3Afff%3A4eca%3A%3A382&port_id=bb7cd561-1a15-494a-a5ea-bfac996819d5 HTTP/1.1" status: 200 len: 217 time: 0.0250211
2026-06-24 19:17:15.116 9 INFO neutron.wsgi [req-5fb73db8-0873-41d5-878f-81f7dd296446 req-88203c25-c380-437d-a28a-7f57c1b3bc9f 686af32b1be94b979025e27d50ec0dce 0e2414273bb744fb8a9eee2977f58e9b - - c59447b58e78401e9044174794112ce9 c59447b58e78401e9044174794112ce9] 199.19.213.176 "GET /v2.0/subnets?id=eb927ad0-e558-48cc-b6b0-4d6926f52c8b&id=536e20dc-2905-4c95-b87a-2684a859e63d HTTP/1.1" status: 200 len: 1563 time: 0.0384822
2026-06-24 19:17:15.149 9 INFO neutron.wsgi [req-5fb73db8-0873-41d5-878f-81f7dd296446 req-78d243de-2f74-4e11-a918-c85296a65c71 686af32b1be94b979025e27d50ec0dce 0e2414273bb744fb8a9eee2977f58e9b - - c59447b58e78401e9044174794112ce9 c59447b58e78401e9044174794112ce9] 199.19.213.176 "GET /v2.0/ports?network_id=b9d8086e-620f-4633-b56a-9e0a156a8597&device_owner=network%3Adhcp HTTP/1.1" status: 200 len: 210 time: 0.0241864
2026-06-24 19:17:15.181 9 INFO neutron.wsgi [req-5fb73db8-0873-41d5-878f-81f7dd296446 req-6978cc33-0e54-4228-bcc6-cac25b39cc0d 686af32b1be94b979025e27d50ec0dce 0e2414273bb744fb8a9eee2977f58e9b - - c59447b58e78401e9044174794112ce9 c59447b58e78401e9044174794112ce9] 199.19.213.176 "GET /v2.0/ports?network_id=b9d8086e-620f-4633-b56a-9e0a156a8597&device_owner=network%3Adhcp HTTP/1.1" status: 200 len: 210 time: 0.0243397
2026-06-24 19:17:15.238 9 INFO neutron.wsgi [req-5fb73db8-0873-41d5-878f-81f7dd296446 req-9074c26e-b164-4a82-b99c-4e6359cb3932 686af32b1be94b979025e27d50ec0dce 0e2414273bb744fb8a9eee2977f58e9b - - c59447b58e78401e9044174794112ce9 c59447b58e78401e9044174794112ce9] 199.19.213.176 "GET /v2.0/networks/b9d8086e-620f-4633-b56a-9e0a156a8597?fields=segments HTTP/1.1" status: 200 len: 212 time: 0.0497336
2026-06-24 19:17:15.309 9 INFO neutron.wsgi [req-5fb73db8-0873-41d5-878f-81f7dd296446 req-64ba4ea5-3914-42a6-9308-8b01bec6dd52 686af32b1be94b979025e27d50ec0dce 0e2414273bb744fb8a9eee2977f58e9b - - c59447b58e78401e9044174794112ce9 c59447b58e78401e9044174794112ce9] 199.19.213.176 "GET /v2.0/networks/b9d8086e-620f-4633-b56a-9e0a156a8597?fields=provider%3Aphysical_network&fields=provider%3Anetwork_type HTTP/1.1" status: 200 len: 277 time: 0.0628147
2026-06-24 19:17:15.421 9 INFO neutron.wsgi [req-d6a58df6-f4bb-4bf7-8d4b-11f3388bfcfd req-904bd6a9-21bf-4e93-aca1-326d0951cba5 686af32b1be94b979025e27d50ec0dce 0e2414273bb744fb8a9eee2977f58e9b - - c59447b58e78401e9044174794112ce9 c59447b58e78401e9044174794112ce9] 199.19.213.176 "GET /v2.0/ports?tenant_id=7ca197cbfedf46c6a1675ce45718ce58&device_id=266e6dfd-6030-4991-9e6d-1c96e36bac92 HTTP/1.1" status: 200 len: 4009 time: 0.0625277
2026-06-24 19:17:15.423 9 INFO neutron.plugins.ml2.drivers.ovn.mech_driver.mech_driver [None req-df408e8f-efc6-4758-a26d-e9311033e58d - - - - - -] OVN reports status up for port: bb7cd561-1a15-494a-a5ea-bfac996819d5
2026-06-24 19:17:15.456 9 INFO neutron.plugins.ml2.plugin [None req-df408e8f-efc6-4758-a26d-e9311033e58d - - - - - -] Attempt 1 to provision port bb7cd561-1a15-494a-a5ea-bfac996819d5
2026-06-24 19:17:15.523 9 INFO neutron.wsgi [req-d6a58df6-f4bb-4bf7-8d4b-11f3388bfcfd req-a51f002b-f6ac-4464-9a39-a5fc2343ac62 686af32b1be94b979025e27d50ec0dce 0e2414273bb744fb8a9eee2977f58e9b - - c59447b58e78401e9044174794112ce9 c59447b58e78401e9044174794112ce9] 199.19.213.176 "GET /v2.0/networks?id=b9d8086e-620f-4633-b56a-9e0a156a8597 HTTP/1.1" status: 200 len: 1002 time: 0.0867891
2026-06-24 19:17:15.567 9 INFO neutron.wsgi [req-d6a58df6-f4bb-4bf7-8d4b-11f3388bfcfd req-eac43231-0044-460c-a55a-c4f98659e228 686af32b1be94b979025e27d50ec0dce 0e2414273bb744fb8a9eee2977f58e9b - - c59447b58e78401e9044174794112ce9 c59447b58e78401e9044174794112ce9] 199.19.213.176 "GET /v2.0/floatingips?fixed_ip_address=10.2.1.154&port_id=bb7cd561-1a15-494a-a5ea-bfac996819d5 HTTP/1.1" status: 200 len: 217 time: 0.0278783
2026-06-24 19:17:15.606 9 INFO neutron.wsgi [req-d6a58df6-f4bb-4bf7-8d4b-11f3388bfcfd req-1d0a2cd6-87f5-4e07-8ce9-e1bb8cae75e7 686af32b1be94b979025e27d50ec0dce 0e2414273bb744fb8a9eee2977f58e9b - - c59447b58e78401e9044174794112ce9 c59447b58e78401e9044174794112ce9] 199.19.213.176 "GET /v2.0/floatingips?fixed_ip_address=fd7b%3Af9f7%3Afff%3A4eca%3A%3A382&port_id=bb7cd561-1a15-494a-a5ea-bfac996819d5 HTTP/1.1" status: 200 len: 217 time: 0.0313454
2026-06-24 19:17:15.613 10 INFO neutron.wsgi [req-5fb73db8-0873-41d5-878f-81f7dd296446 req-8a503dbc-1c8b-494e-a35c-3d98cd5a84a5 4f10f8e3456c45888ba084e75ba8851b 7ca197cbfedf46c6a1675ce45718ce58 - - default default] 10.0.0.181 "GET /v2.0/ports/bb7cd561-1a15-494a-a5ea-bfac996819d5 HTTP/1.1" status: 200 len: 1585 time: 0.0392382
2026-06-24 19:17:15.661 10 INFO neutron.wsgi [None req-413ae314-fe61-4ff9-a1a3-2569e67bbbfd 4f10f8e3456c45888ba084e75ba8851b 7ca197cbfedf46c6a1675ce45718ce58 - - default default] 199.19.213.176 "GET /v2.0/ports/bb7cd561-1a15-494a-a5ea-bfac996819d5 HTTP/1.1" status: 200 len: 1587 time: 0.0366828
