2026-06-24 19:12:23.672 10 INFO neutron.wsgi [req-30d0acc8-78a8-47b8-8cfb-61ecd84711f3 req-f12bcce6-9d31-4908-9dc3-2ec46c151f02 2cf52b7df95140d7bf3b7f867c17eefa ad37b4197c0f4bf394c34c2f535c41cf - - default default] 10.0.0.181 "GET /v2.0/security-groups?id=089a5320-01b4-47ae-9dad-67cc317fbcbd&fields=id&fields=name HTTP/1.1" status: 200 len: 312 time: 0.0363822
2026-06-24 19:12:23.721 9 INFO neutron.plugins.ml2.drivers.ovn.mech_driver.mech_driver [None req-df408e8f-efc6-4758-a26d-e9311033e58d - - - - - -] OVN reports status up for port: ce0db0aa-fb5a-4fb4-b6bc-a8c0d8aaf0e3
2026-06-24 19:12:23.750 9 INFO neutron.plugins.ml2.plugin [None req-df408e8f-efc6-4758-a26d-e9311033e58d - - - - - -] Attempt 1 to provision port ce0db0aa-fb5a-4fb4-b6bc-a8c0d8aaf0e3
2026-06-24 19:12:23.769 9 INFO neutron.wsgi [req-70980964-b609-4366-b362-dd7ddbe6f933 req-705dd405-cc06-4ad1-a171-2cc980e12f5d 686af32b1be94b979025e27d50ec0dce 0e2414273bb744fb8a9eee2977f58e9b - - c59447b58e78401e9044174794112ce9 c59447b58e78401e9044174794112ce9] 199.19.213.176 "GET /v2.0/networks/39e0e982-54d1-4b1a-9e18-49f931242f98?fields=provider%3Aphysical_network&fields=provider%3Anetwork_type HTTP/1.1" status: 200 len: 277 time: 0.1273246
2026-06-24 19:12:23.788 9 INFO neutron.wsgi [None req-41d57645-e3ca-4a53-ace9-c7296b3116b0 d8bf89a33f3247e7aaf007e6e3a64f94 4eaf2a0f555d4fdaa7ba10964c9292d9 - - - -] 10.0.0.32 "DELETE /v2.0/routers/cb447889-4f95-4936-85f3-cbf1aec863fc HTTP/1.1" status: 204 len: 168 time: 1.4502189
2026-06-24 19:12:23.840 10 INFO neutron.wsgi [None req-f605f425-3bd7-42c7-b18d-f5750275ca88 d8bf89a33f3247e7aaf007e6e3a64f94 4eaf2a0f555d4fdaa7ba10964c9292d9 - - default default] 10.0.0.32 "GET /v2.0/ports?device_id=cb447889-4f95-4936-85f3-cbf1aec863fc HTTP/1.1" status: 200 len: 205 time: 0.0360060 /var/lib/openstack/lib/python3.10/site-packages/pycadf/identifier.py:71: UserWarning: Invalid uuid: neutron. To ensure interoperability, identifiers should be a valid uuid. warnings.warn(('Invalid uuid: %s. To ensure interoperability, '
2026-06-24 19:12:23.882 9 INFO neutron.wsgi [req-62e3021f-dcc9-4527-b711-1996c38b217c req-1feeb6f8-39c2-45da-984c-769d5c97a3ff 686af32b1be94b979025e27d50ec0dce 0e2414273bb744fb8a9eee2977f58e9b - - c59447b58e78401e9044174794112ce9 c59447b58e78401e9044174794112ce9] 199.19.213.176 "GET /v2.0/ports?tenant_id=ad37b4197c0f4bf394c34c2f535c41cf&device_id=ab4c202b-5c18-4796-b829-4ff3d3d36688 HTTP/1.1" status: 200 len: 1359 time: 0.0487413
2026-06-24 19:12:23.891 10 INFO neutron.api.v2.resource [None req-c66afca5-3206-4d75-b83e-6e6c369499da d8bf89a33f3247e7aaf007e6e3a64f94 4eaf2a0f555d4fdaa7ba10964c9292d9 - - - -] delete failed (client error): The resource could not be found.
2026-06-24 19:12:23.893 10 INFO neutron.wsgi [None req-c66afca5-3206-4d75-b83e-6e6c369499da d8bf89a33f3247e7aaf007e6e3a64f94 4eaf2a0f555d4fdaa7ba10964c9292d9 - - - -] 10.0.0.32 "DELETE /v2.0/routers/cb447889-4f95-4936-85f3-cbf1aec863fc HTTP/1.1" status: 404 len: 336 time: 0.0455101
2026-06-24 19:12:23.936 10 INFO neutron.wsgi [None req-bef7522d-a141-42d3-a0d1-1f69488f3145 d8bf89a33f3247e7aaf007e6e3a64f94 4eaf2a0f555d4fdaa7ba10964c9292d9 - - default default] 10.0.0.32 "GET /v2.0/ports?device_id=babef7f6-af70-4530-addc-39b2f02bd192 HTTP/1.1" status: 200 len: 205 time: 0.0335693
2026-06-24 19:12:23.977 10 INFO neutron.api.v2.resource [None req-5da263d4-9909-497c-a657-44abf4a6ff49 d8bf89a33f3247e7aaf007e6e3a64f94 4eaf2a0f555d4fdaa7ba10964c9292d9 - - - -] delete failed (client error): The resource could not be found.
2026-06-24 19:12:23.979 10 INFO neutron.wsgi [None req-5da263d4-9909-497c-a657-44abf4a6ff49 d8bf89a33f3247e7aaf007e6e3a64f94 4eaf2a0f555d4fdaa7ba10964c9292d9 - - - -] 10.0.0.32 "DELETE /v2.0/routers/babef7f6-af70-4530-addc-39b2f02bd192 HTTP/1.1" status: 404 len: 336 time: 0.0378776
2026-06-24 19:12:24.014 10 INFO neutron.pecan_wsgi.hooks.translation [None req-6307350a-74bc-4db1-a815-46d596eadb80 d8bf89a33f3247e7aaf007e6e3a64f94 4eaf2a0f555d4fdaa7ba10964c9292d9 - - - -] DELETE failed (client error): The resource could not be found.
2026-06-24 19:12:24.018 10 INFO neutron.wsgi [None req-6307350a-74bc-4db1-a815-46d596eadb80 d8bf89a33f3247e7aaf007e6e3a64f94 4eaf2a0f555d4fdaa7ba10964c9292d9 - - - -] 10.0.0.32 "DELETE /v2.0/subnets/661db87b-0124-48f0-b5c4-768f49b00a1f HTTP/1.1" status: 404 len: 337 time: 0.0340528
2026-06-24 19:12:24.025 9 INFO neutron.wsgi [req-62e3021f-dcc9-4527-b711-1996c38b217c req-d83a54aa-940e-429b-8c5b-21570e53cdd1 686af32b1be94b979025e27d50ec0dce 0e2414273bb744fb8a9eee2977f58e9b - - c59447b58e78401e9044174794112ce9 c59447b58e78401e9044174794112ce9] 199.19.213.176 "GET /v2.0/networks?id=39e0e982-54d1-4b1a-9e18-49f931242f98 HTTP/1.1" status: 200 len: 958 time: 0.1351578
2026-06-24 19:12:24.058 10 INFO neutron.wsgi [None req-aade36f4-9f3e-4f0b-8009-77ff488e2684 d8bf89a33f3247e7aaf007e6e3a64f94 4eaf2a0f555d4fdaa7ba10964c9292d9 - - default default] 10.0.0.32 "GET /v2.0/ports?device_id=92b609c6-925f-476d-9f00-47108716283b HTTP/1.1" status: 200 len: 205 time: 0.0253856
2026-06-24 19:12:24.086 9 INFO neutron.wsgi [req-62e3021f-dcc9-4527-b711-1996c38b217c req-1b67d356-d08d-4549-83df-5ad9f2439bf7 686af32b1be94b979025e27d50ec0dce 0e2414273bb744fb8a9eee2977f58e9b - - c59447b58e78401e9044174794112ce9 c59447b58e78401e9044174794112ce9] 199.19.213.176 "GET /v2.0/floatingips?fixed_ip_address=10.100.0.7&port_id=65d9c4a1-6e47-497f-9e90-d371b0ccf843 HTTP/1.1" status: 200 len: 217 time: 0.0479898
2026-06-24 19:12:24.089 10 INFO neutron.api.v2.resource [None req-03800edb-2c40-4f9c-8612-01748d06642a d8bf89a33f3247e7aaf007e6e3a64f94 4eaf2a0f555d4fdaa7ba10964c9292d9 - - - -] delete failed (client error): The resource could not be found.
2026-06-24 19:12:24.091 10 INFO neutron.wsgi [None req-03800edb-2c40-4f9c-8612-01748d06642a d8bf89a33f3247e7aaf007e6e3a64f94 4eaf2a0f555d4fdaa7ba10964c9292d9 - - - -] 10.0.0.32 "DELETE /v2.0/routers/92b609c6-925f-476d-9f00-47108716283b HTTP/1.1" status: 404 len: 336 time: 0.0255048
2026-06-24 19:12:24.115 10 INFO neutron.pecan_wsgi.hooks.translation [None req-0791f325-4abb-43e8-bad4-98c0f2fea4f0 d8bf89a33f3247e7aaf007e6e3a64f94 4eaf2a0f555d4fdaa7ba10964c9292d9 - - - -] DELETE failed (client error): The resource could not be found.
2026-06-24 19:12:24.117 10 INFO neutron.wsgi [None req-0791f325-4abb-43e8-bad4-98c0f2fea4f0 d8bf89a33f3247e7aaf007e6e3a64f94 4eaf2a0f555d4fdaa7ba10964c9292d9 - - - -] 10.0.0.32 "DELETE /v2.0/subnets/19ed5113-6e4a-4167-ab39-60a3294f89e8 HTTP/1.1" status: 404 len: 337 time: 0.0221477
2026-06-24 19:12:24.132 9 INFO neutron.wsgi [req-62e3021f-dcc9-4527-b711-1996c38b217c req-c981bc62-87a3-4df3-9734-e4c05cd4162f 686af32b1be94b979025e27d50ec0dce 0e2414273bb744fb8a9eee2977f58e9b - - c59447b58e78401e9044174794112ce9 c59447b58e78401e9044174794112ce9] 199.19.213.176 "GET /v2.0/subnets?id=8f645de2-07bf-4f9c-b3be-06ee649de4eb HTTP/1.1" status: 200 len: 852 time: 0.0389869
2026-06-24 19:12:24.147 10 INFO neutron.wsgi [None req-11030d4e-db34-4600-94f5-6e05548d2b9f d8bf89a33f3247e7aaf007e6e3a64f94 4eaf2a0f555d4fdaa7ba10964c9292d9 - - default default] 10.0.0.32 "GET /v2.0/ports?device_id=acccefab-7a09-4daf-b8a4-2baacad18aef HTTP/1.1" status: 200 len: 205 time: 0.0244503
2026-06-24 19:12:24.164 9 INFO neutron.wsgi [req-62e3021f-dcc9-4527-b711-1996c38b217c req-fe2a3f34-8304-43f6-b2d7-a6283461b449 686af32b1be94b979025e27d50ec0dce 0e2414273bb744fb8a9eee2977f58e9b - - c59447b58e78401e9044174794112ce9 c59447b58e78401e9044174794112ce9] 199.19.213.176 "GET /v2.0/ports?network_id=39e0e982-54d1-4b1a-9e18-49f931242f98&device_owner=network%3Adhcp HTTP/1.1" status: 200 len: 210 time: 0.0220549
2026-06-24 19:12:24.184 10 INFO neutron.api.v2.resource [None req-0f582079-6ea9-4897-8e8e-2df222bbb905 d8bf89a33f3247e7aaf007e6e3a64f94 4eaf2a0f555d4fdaa7ba10964c9292d9 - - - -] delete failed (client error): The resource could not be found.
2026-06-24 19:12:24.186 10 INFO neutron.wsgi [None req-0f582079-6ea9-4897-8e8e-2df222bbb905 d8bf89a33f3247e7aaf007e6e3a64f94 4eaf2a0f555d4fdaa7ba10964c9292d9 - - - -] 10.0.0.32 "DELETE /v2.0/routers/acccefab-7a09-4daf-b8a4-2baacad18aef HTTP/1.1" status: 404 len: 336 time: 0.0290229
2026-06-24 19:12:24.214 10 INFO neutron.pecan_wsgi.hooks.translation [None req-fef00300-c862-4c58-977b-11c111c4101b d8bf89a33f3247e7aaf007e6e3a64f94 4eaf2a0f555d4fdaa7ba10964c9292d9 - - - -] DELETE failed (client error): The resource could not be found.
2026-06-24 19:12:24.216 10 INFO neutron.wsgi [None req-fef00300-c862-4c58-977b-11c111c4101b d8bf89a33f3247e7aaf007e6e3a64f94 4eaf2a0f555d4fdaa7ba10964c9292d9 - - - -] 10.0.0.32 "DELETE /v2.0/subnets/2817211c-a3ae-41f1-93d2-604147ad384a HTTP/1.1" status: 404 len: 337 time: 0.0238566
2026-06-24 19:12:24.250 9 INFO neutron.db.ovn_revision_numbers_db [None req-df408e8f-efc6-4758-a26d-e9311033e58d - - - - - -] Successfully bumped revision number for resource ce0db0aa-fb5a-4fb4-b6bc-a8c0d8aaf0e3 (type: ports) to 6
2026-06-24 19:12:24.255 10 INFO neutron.pecan_wsgi.hooks.translation [None req-27202bff-2b50-45b6-b84c-6faacc767e75 d8bf89a33f3247e7aaf007e6e3a64f94 4eaf2a0f555d4fdaa7ba10964c9292d9 - - - -] DELETE failed (client error): The resource could not be found.
2026-06-24 19:12:24.256 9 INFO neutron.wsgi [req-62e3021f-dcc9-4527-b711-1996c38b217c req-52d150fe-2919-4034-a054-24ab243275e2 686af32b1be94b979025e27d50ec0dce 0e2414273bb744fb8a9eee2977f58e9b - - c59447b58e78401e9044174794112ce9 c59447b58e78401e9044174794112ce9] 199.19.213.176 "GET /v2.0/networks/39e0e982-54d1-4b1a-9e18-49f931242f98?fields=segments HTTP/1.1" status: 200 len: 212 time: 0.0793943
2026-06-24 19:12:24.258 10 INFO neutron.wsgi [None req-27202bff-2b50-45b6-b84c-6faacc767e75 d8bf89a33f3247e7aaf007e6e3a64f94 4eaf2a0f555d4fdaa7ba10964c9292d9 - - - -] 10.0.0.32 "DELETE /v2.0/subnets/81adc38f-5874-47f4-a49c-89f89d43b30a HTTP/1.1" status: 404 len: 337 time: 0.0372841
2026-06-24 19:12:24.271 10 INFO neutron.wsgi [req-704d4767-7b05-4d0e-abff-2d0af740f57f req-045e4347-d4e3-4689-b0d1-ce9ddf6c9821 bfa64a42334745138205fc3873cbb37f ce62fc5fd7044b2b930f0189dbe86ff8 - - default default] 10.0.0.181 "GET /v2.0/ports?device_id=402e6dae-4e72-4b45-a404-17a46794a862 HTTP/1.1" status: 200 len: 1170 time: 0.0438037
2026-06-24 19:12:24.318 10 INFO neutron.wsgi [req-704d4767-7b05-4d0e-abff-2d0af740f57f req-9750cd5e-f002-46a7-84f0-41d0d3deaa7a bfa64a42334745138205fc3873cbb37f ce62fc5fd7044b2b930f0189dbe86ff8 - - default default] 10.0.0.181 "GET /v2.0/security-groups?id=cfb179bf-e8c0-4cab-a69f-a46b4c17bdd9&fields=id&fields=name HTTP/1.1" status: 200 len: 313 time: 0.0379789
2026-06-24 19:12:24.361 9 INFO neutron.wsgi [req-62e3021f-dcc9-4527-b711-1996c38b217c req-148d37bd-dc23-49e7-8793-0663b0ffd913 686af32b1be94b979025e27d50ec0dce 0e2414273bb744fb8a9eee2977f58e9b - - c59447b58e78401e9044174794112ce9 c59447b58e78401e9044174794112ce9] 199.19.213.176 "GET /v2.0/networks/39e0e982-54d1-4b1a-9e18-49f931242f98?fields=provider%3Aphysical_network&fields=provider%3Anetwork_type HTTP/1.1" status: 200 len: 277 time: 0.0942535
2026-06-24 19:12:24.793 10 INFO neutron.wsgi [req-a3e95853-8029-41b3-83b7-3d3d855e6633 req-1de7687c-9d78-4bc7-ba7f-31c21458cda4 2cf52b7df95140d7bf3b7f867c17eefa ad37b4197c0f4bf394c34c2f535c41cf - - default default] 10.0.0.181 "GET /v2.0/ports?device_id=ab4c202b-5c18-4796-b829-4ff3d3d36688 HTTP/1.1" status: 200 len: 1168 time: 0.0393620
2026-06-24 19:12:24.843 10 INFO neutron.wsgi [req-a3e95853-8029-41b3-83b7-3d3d855e6633 req-55a061c0-8dd3-4a9b-a5d3-cf9fcaeb5969 2cf52b7df95140d7bf3b7f867c17eefa ad37b4197c0f4bf394c34c2f535c41cf - - default default] 10.0.0.181 "GET /v2.0/security-groups?id=089a5320-01b4-47ae-9dad-67cc317fbcbd&fields=id&fields=name HTTP/1.1" status: 200 len: 312 time: 0.0402639
2026-06-24 19:12:25.070 10 INFO neutron.wsgi [None req-b6ea02b4-d8bb-46dc-81b6-ba127bca2679 4f10f8e3456c45888ba084e75ba8851b 7ca197cbfedf46c6a1675ce45718ce58 - - default default] 10.0.0.32 "GET /v2.0/security-groups?tenant_id=4eaf2a0f555d4fdaa7ba10964c9292d9&name=default HTTP/1.1" status: 200 len: 2996 time: 0.1888916
2026-06-24 19:12:25.259 10 INFO neutron.wsgi [None req-905572ee-6df7-4ed8-8607-ba1555d448d8 4f10f8e3456c45888ba084e75ba8851b 7ca197cbfedf46c6a1675ce45718ce58 - - - -] 10.0.0.32 "DELETE /v2.0/security-groups/75b35375-6a10-49ed-8a89-e7b221610276 HTTP/1.1" status: 204 len: 168 time: 0.1852932
2026-06-24 19:12:25.322 9 INFO neutron.notifiers.nova [-] Nova event matching ['req-cc530dee-15ac-40a6-9a8d-d4941be970c8'] response: {'server_uuid': '402e6dae-4e72-4b45-a404-17a46794a862', 'name': 'network-vif-unplugged', 'status': 'completed', 'tag': 'ce0db0aa-fb5a-4fb4-b6bc-a8c0d8aaf0e3', 'code': 200}
2026-06-24 19:12:25.322 9 INFO neutron.notifiers.nova [-] Nova event matching ['req-cc530dee-15ac-40a6-9a8d-d4941be970c8'] response: {'server_uuid': '402e6dae-4e72-4b45-a404-17a46794a862', 'name': 'network-vif-plugged', 'status': 'completed', 'tag': 'ce0db0aa-fb5a-4fb4-b6bc-a8c0d8aaf0e3', 'code': 200}
2026-06-24 19:12:25.323 9 INFO neutron.notifiers.nova [-] Nova event matching ['req-cc530dee-15ac-40a6-9a8d-d4941be970c8'] response: {'server_uuid': '402e6dae-4e72-4b45-a404-17a46794a862', 'name': 'network-vif-plugged', 'status': 'completed', 'tag': 'ce0db0aa-fb5a-4fb4-b6bc-a8c0d8aaf0e3', 'code': 200}
2026-06-24 19:12:25.323 9 INFO neutron.notifiers.nova [-] Nova event matching ['req-cc530dee-15ac-40a6-9a8d-d4941be970c8'] response: {'server_uuid': '402e6dae-4e72-4b45-a404-17a46794a862', 'name': 'network-vif-plugged', 'status': 'completed', 'tag': 'ce0db0aa-fb5a-4fb4-b6bc-a8c0d8aaf0e3', 'code': 200}
2026-06-24 19:12:26.053 10 INFO neutron.wsgi [req-44a97fa6-91b3-4c77-b71c-3d3cdda01989 req-422f2f7b-8a9d-4512-94ee-d4b00645e75b 2cf52b7df95140d7bf3b7f867c17eefa ad37b4197c0f4bf394c34c2f535c41cf - - default default] 10.0.0.181 "GET /v2.0/ports?device_id=ab4c202b-5c18-4796-b829-4ff3d3d36688 HTTP/1.1" status: 200 len: 1168 time: 0.1097562
2026-06-24 19:12:26.099 10 INFO neutron.wsgi [req-44a97fa6-91b3-4c77-b71c-3d3cdda01989 req-379d5037-4f0b-4f1e-8a98-c068347f409b 2cf52b7df95140d7bf3b7f867c17eefa ad37b4197c0f4bf394c34c2f535c41cf - - default default] 10.0.0.181 "GET /v2.0/security-groups?id=089a5320-01b4-47ae-9dad-67cc317fbcbd&fields=id&fields=name HTTP/1.1" status: 200 len: 312 time: 0.0380075
2026-06-24 19:12:26.427 10 WARNING neutron.plugins.ml2.drivers.ovn.mech_driver.ovsdb.ovn_client [None req-b80654a2-dc53-441e-bb73-9774f093998e - - - - - -] No port found with ID bf1730e7-f8db-4427-82a6-9f43d70b52a1: RuntimeError: No port found with ID bf1730e7-f8db-4427-82a6-9f43d70b52a1
2026-06-24 19:12:26.427 10 INFO neutron.plugins.ml2.drivers.ovn.mech_driver.mech_driver [None req-b80654a2-dc53-441e-bb73-9774f093998e - - - - - -] OVN reports status up for port: 65d9c4a1-6e47-497f-9e90-d371b0ccf843
2026-06-24 19:12:26.461 10 INFO neutron.plugins.ml2.plugin [None req-b80654a2-dc53-441e-bb73-9774f093998e - - - - - -] Attempt 1 to provision port 65d9c4a1-6e47-497f-9e90-d371b0ccf843
2026-06-24 19:12:26.583 10 INFO neutron.notifiers.nova [-] Nova event matching ['req-68346ed8-5d74-4e90-8cc2-a329f0ccaca5'] response: {'server_uuid': 'ab4c202b-5c18-4796-b829-4ff3d3d36688', 'name': 'network-vif-plugged', 'status': 'completed', 'tag': '65d9c4a1-6e47-497f-9e90-d371b0ccf843', 'code': 200}
2026-06-24 19:12:26.829 10 INFO neutron.db.ovn_revision_numbers_db [None req-b80654a2-dc53-441e-bb73-9774f093998e - - - - - -] Successfully bumped revision number for resource 65d9c4a1-6e47-497f-9e90-d371b0ccf843 (type: ports) to 4
2026-06-24 19:12:27.241 10 INFO neutron.wsgi [req-15dea6d8-befb-47a2-aa1d-de4161f9e0f1 req-a79f9f0f-a9b3-4271-883f-666248b9154b 2cf52b7df95140d7bf3b7f867c17eefa ad37b4197c0f4bf394c34c2f535c41cf - - default default] 10.0.0.181 "GET /v2.0/ports?device_id=ab4c202b-5c18-4796-b829-4ff3d3d36688 HTTP/1.1" status: 200 len: 1170 time: 0.0449159 /var/lib/openstack/lib/python3.10/site-packages/pycadf/identifier.py:71: UserWarning: Invalid uuid: neutron. To ensure interoperability, identifiers should be a valid uuid. warnings.warn(('Invalid uuid: %s. To ensure interoperability, ' /var/lib/openstack/lib/python3.10/site-packages/pycadf/identifier.py:71: UserWarning: Invalid uuid: neutron. To ensure interoperability, identifiers should be a valid uuid. warnings.warn(('Invalid uuid: %s. To ensure interoperability, '
2026-06-24 19:12:27.279 10 INFO neutron.wsgi [req-15dea6d8-befb-47a2-aa1d-de4161f9e0f1 req-0ce71ed4-8b7a-46f8-b07d-529d3a0524a1 2cf52b7df95140d7bf3b7f867c17eefa ad37b4197c0f4bf394c34c2f535c41cf - - default default] 10.0.0.181 "GET /v2.0/security-groups?id=089a5320-01b4-47ae-9dad-67cc317fbcbd&fields=id&fields=name HTTP/1.1" status: 200 len: 312 time: 0.0299778
2026-06-24 19:12:27.379 9 INFO neutron.db.ovn_revision_numbers_db [None req-b14b9378-17f6-4d8f-bb9b-2abf0a11c314 7ec65932304445b4bc8c4402e5b13f70 810c2aef5f064a2a98dde81ac5306e60 - - - -] Successfully bumped revision number for resource e150126f-2546-45dd-993f-8f6d28c8c49c (type: security_groups) to 1
2026-06-24 19:12:27.388 10 INFO neutron.wsgi [req-0fd39da3-5b99-49c1-b594-0734d44b76b0 req-e75c115c-7592-4c5e-865d-485907f54921 2cf52b7df95140d7bf3b7f867c17eefa ad37b4197c0f4bf394c34c2f535c41cf - - default default] 10.0.0.181 "GET /v2.0/ports?device_id=ab4c202b-5c18-4796-b829-4ff3d3d36688 HTTP/1.1" status: 200 len: 1170 time: 0.0433242
2026-06-24 19:12:27.431 10 INFO neutron.wsgi [req-0fd39da3-5b99-49c1-b594-0734d44b76b0 req-be2ba65f-8b60-4fd6-aab6-6fff7a3fe240 2cf52b7df95140d7bf3b7f867c17eefa ad37b4197c0f4bf394c34c2f535c41cf - - default default] 10.0.0.181 "GET /v2.0/security-groups?id=089a5320-01b4-47ae-9dad-67cc317fbcbd&fields=id&fields=name HTTP/1.1" status: 200 len: 312 time: 0.0351884
2026-06-24 19:12:27.432 9 INFO neutron.db.segments_db [None req-b14b9378-17f6-4d8f-bb9b-2abf0a11c314 7ec65932304445b4bc8c4402e5b13f70 810c2aef5f064a2a98dde81ac5306e60 - - - -] Added segment ac66810f-1e96-4227-9cef-1bacc91c16cc of type geneve for network 33c01fc3-3704-4fa6-bd28-85995f581a8d
2026-06-24 19:12:27.496 10 INFO neutron.wsgi [None req-67693a4d-ed4e-4d65-9662-42c637ca89f3 0c5bae27bb744c4cb45f65ad83fd9762 eea43b44569b44fa909e3880ef89c646 - - default default] 10.0.0.32 "GET /v2.0/ports?device_id=ab4c202b-5c18-4796-b829-4ff3d3d36688 HTTP/1.1" status: 200 len: 1356 time: 0.0314639
2026-06-24 19:12:27.580 9 INFO neutron.db.ovn_revision_numbers_db [None req-b14b9378-17f6-4d8f-bb9b-2abf0a11c314 7ec65932304445b4bc8c4402e5b13f70 810c2aef5f064a2a98dde81ac5306e60 - - - -] Successfully bumped revision number for resource 33c01fc3-3704-4fa6-bd28-85995f581a8d (type: networks) to 1
2026-06-24 19:12:27.762 9 WARNING neutron.scheduler.dhcp_agent_scheduler [None req-b14b9378-17f6-4d8f-bb9b-2abf0a11c314 7ec65932304445b4bc8c4402e5b13f70 810c2aef5f064a2a98dde81ac5306e60 - - - -] No more DHCP agents
2026-06-24 19:12:27.766 9 WARNING neutron.api.rpc.agentnotifiers.dhcp_rpc_agent_api [None req-b14b9378-17f6-4d8f-bb9b-2abf0a11c314 7ec65932304445b4bc8c4402e5b13f70 810c2aef5f064a2a98dde81ac5306e60 - - - -] Unable to schedule network 33c01fc3-3704-4fa6-bd28-85995f581a8d: no agents available; will retry on subsequent port and subnet creation events.
2026-06-24 19:12:27.807 10 WARNING neutron.scheduler.dhcp_agent_scheduler [None req-eaf992be-e93f-487d-b758-20e2227be647 2cf52b7df95140d7bf3b7f867c17eefa ad37b4197c0f4bf394c34c2f535c41cf - - - -] No more DHCP agents
2026-06-24 19:12:27.812 10 WARNING neutron.api.rpc.agentnotifiers.dhcp_rpc_agent_api [None req-eaf992be-e93f-487d-b758-20e2227be647 2cf52b7df95140d7bf3b7f867c17eefa ad37b4197c0f4bf394c34c2f535c41cf - - - -] Unable to schedule network 55253de1-2e58-4f71-a573-4da169fafa06: no agents available; will retry on subsequent port and subnet creation events.
2026-06-24 19:12:27.840 9 INFO neutron.db.ovn_revision_numbers_db [None req-b14b9378-17f6-4d8f-bb9b-2abf0a11c314 7ec65932304445b4bc8c4402e5b13f70 810c2aef5f064a2a98dde81ac5306e60 - - - -] Successfully bumped revision number for resource b946ae90-d9c7-4ebf-9b2f-232a364961f5 (type: ports) to 1
2026-06-24 19:12:27.870 9 INFO neutron.wsgi [None req-b14b9378-17f6-4d8f-bb9b-2abf0a11c314 7ec65932304445b4bc8c4402e5b13f70 810c2aef5f064a2a98dde81ac5306e60 - - - -] 10.0.0.32 "POST /v2.0/networks HTTP/1.1" status: 201 len: 828 time: 0.8308096
2026-06-24 19:12:27.975 9 INFO neutron.db.segments_db [None req-c62ee2d4-3fae-4c0d-ad35-cf3f52ff7d32 7ec65932304445b4bc8c4402e5b13f70 810c2aef5f064a2a98dde81ac5306e60 - - - -] Added segment b906f7f7-61f2-4320-a418-59e2f0f75fd2 of type geneve for network 42f4f822-a718-4cdb-8216-e688474c60e4
2026-06-24 19:12:28.119 9 INFO neutron.db.ovn_revision_numbers_db [None req-c62ee2d4-3fae-4c0d-ad35-cf3f52ff7d32 7ec65932304445b4bc8c4402e5b13f70 810c2aef5f064a2a98dde81ac5306e60 - - - -] Successfully bumped revision number for resource 42f4f822-a718-4cdb-8216-e688474c60e4 (type: networks) to 1
2026-06-24 19:12:28.288 10 INFO neutron.db.l3_db [None req-eaf992be-e93f-487d-b758-20e2227be647 2cf52b7df95140d7bf3b7f867c17eefa ad37b4197c0f4bf394c34c2f535c41cf - - - -] Floating IP cd9a2484-8323-4bb1-994e-4bfc957f3f9c associated. External IP: 10.96.250.201, port: 65d9c4a1-6e47-497f-9e90-d371b0ccf843.
2026-06-24 19:12:28.331 9 WARNING neutron.scheduler.dhcp_agent_scheduler [None req-c62ee2d4-3fae-4c0d-ad35-cf3f52ff7d32 7ec65932304445b4bc8c4402e5b13f70 810c2aef5f064a2a98dde81ac5306e60 - - - -] No more DHCP agents
2026-06-24 19:12:28.333 9 WARNING neutron.api.rpc.agentnotifiers.dhcp_rpc_agent_api [None req-c62ee2d4-3fae-4c0d-ad35-cf3f52ff7d32 7ec65932304445b4bc8c4402e5b13f70 810c2aef5f064a2a98dde81ac5306e60 - - - -] Unable to schedule network 42f4f822-a718-4cdb-8216-e688474c60e4: no agents available; will retry on subsequent port and subnet creation events.
2026-06-24 19:12:28.418 9 INFO neutron.db.ovn_revision_numbers_db [None req-c62ee2d4-3fae-4c0d-ad35-cf3f52ff7d32 7ec65932304445b4bc8c4402e5b13f70 810c2aef5f064a2a98dde81ac5306e60 - - - -] Successfully bumped revision number for resource c4c21467-0d6d-4945-ac5d-1a3dc6b46fcd (type: ports) to 1
2026-06-24 19:12:28.442 9 INFO neutron.wsgi [None req-c62ee2d4-3fae-4c0d-ad35-cf3f52ff7d32 7ec65932304445b4bc8c4402e5b13f70 810c2aef5f064a2a98dde81ac5306e60 - - - -] 10.0.0.32 "POST /v2.0/networks HTTP/1.1" status: 201 len: 828 time: 0.5662529
2026-06-24 19:12:28.465 10 INFO neutron.db.ovn_revision_numbers_db [None req-eaf992be-e93f-487d-b758-20e2227be647 2cf52b7df95140d7bf3b7f867c17eefa ad37b4197c0f4bf394c34c2f535c41cf - - - -] Successfully bumped revision number for resource cd9a2484-8323-4bb1-994e-4bfc957f3f9c (type: floatingips) to 0
2026-06-24 19:12:28.568 10 INFO neutron.db.ovn_revision_numbers_db [None req-eaf992be-e93f-487d-b758-20e2227be647 2cf52b7df95140d7bf3b7f867c17eefa ad37b4197c0f4bf394c34c2f535c41cf - - - -] Successfully bumped revision number for resource cd9a2484-8323-4bb1-994e-4bfc957f3f9c (type: floatingips) to 1
2026-06-24 19:12:28.641 10 INFO neutron.notifiers.nova [-] Nova event matching ['req-5172ae42-183c-45d0-a6e0-2447aec8e852'] response: {'server_uuid': 'ab4c202b-5c18-4796-b829-4ff3d3d36688', 'name': 'network-vif-plugged', 'status': 'completed', 'tag': '65d9c4a1-6e47-497f-9e90-d371b0ccf843', 'code': 200}
2026-06-24 19:12:28.649 10 INFO neutron.wsgi [None req-eaf992be-e93f-487d-b758-20e2227be647 2cf52b7df95140d7bf3b7f867c17eefa ad37b4197c0f4bf394c34c2f535c41cf - - - -] 10.0.0.32 "POST /v2.0/floatingips HTTP/1.1" status: 201 len: 1054 time: 1.1389027 /var/lib/openstack/lib/python3.10/site-packages/pycadf/identifier.py:71: UserWarning: Invalid uuid: neutron. To ensure interoperability, identifiers should be a valid uuid. warnings.warn(('Invalid uuid: %s. To ensure interoperability, '
2026-06-24 19:12:28.734 9 INFO neutron.wsgi [None req-4b8329fe-3293-42c8-b6e6-26ffbf7ca058 2cf52b7df95140d7bf3b7f867c17eefa ad37b4197c0f4bf394c34c2f535c41cf - - default default] 10.0.0.32 "GET /v2.0/floatingips/cd9a2484-8323-4bb1-994e-4bfc957f3f9c HTTP/1.1" status: 200 len: 1051 time: 0.0789258
2026-06-24 19:12:28.779 10 WARNING neutron.scheduler.dhcp_agent_scheduler [None req-61fddbde-6cba-4446-acdc-62945c74b3cb 7ec65932304445b4bc8c4402e5b13f70 810c2aef5f064a2a98dde81ac5306e60 - - - -] No more DHCP agents
2026-06-24 19:12:28.781 10 WARNING neutron.api.rpc.agentnotifiers.dhcp_rpc_agent_api [None req-61fddbde-6cba-4446-acdc-62945c74b3cb 7ec65932304445b4bc8c4402e5b13f70 810c2aef5f064a2a98dde81ac5306e60 - - - -] Unable to schedule network 33c01fc3-3704-4fa6-bd28-85995f581a8d: no agents available; will retry on subsequent port and subnet creation events.
2026-06-24 19:12:29.273 10 INFO neutron.db.ovn_revision_numbers_db [None req-61fddbde-6cba-4446-acdc-62945c74b3cb 7ec65932304445b4bc8c4402e5b13f70 810c2aef5f064a2a98dde81ac5306e60 - - - -] Successfully bumped revision number for resource b946ae90-d9c7-4ebf-9b2f-232a364961f5 (type: ports) to 2
2026-06-24 19:12:29.288 10 INFO neutron.db.ovn_revision_numbers_db [None req-61fddbde-6cba-4446-acdc-62945c74b3cb 7ec65932304445b4bc8c4402e5b13f70 810c2aef5f064a2a98dde81ac5306e60 - - - -] Successfully bumped revision number for resource 6299a641-d238-4a41-81c5-c849bea9e77b (type: subnets) to 0
2026-06-24 19:12:29.306 10 INFO neutron.wsgi [None req-61fddbde-6cba-4446-acdc-62945c74b3cb 7ec65932304445b4bc8c4402e5b13f70 810c2aef5f064a2a98dde81ac5306e60 - - - -] 10.0.0.32 "POST /v2.0/subnets HTTP/1.1" status: 201 len: 801 time: 0.8586891
2026-06-24 19:12:29.577 10 WARNING neutron.scheduler.dhcp_agent_scheduler [None req-b90dc6e4-937b-41dc-8cf4-8696f1bd9000 7ec65932304445b4bc8c4402e5b13f70 810c2aef5f064a2a98dde81ac5306e60 - - - -] No more DHCP agents
2026-06-24 19:12:29.579 10 WARNING neutron.api.rpc.agentnotifiers.dhcp_rpc_agent_api [None req-b90dc6e4-937b-41dc-8cf4-8696f1bd9000 7ec65932304445b4bc8c4402e5b13f70 810c2aef5f064a2a98dde81ac5306e60 - - - -] Unable to schedule network 42f4f822-a718-4cdb-8216-e688474c60e4: no agents available; will retry on subsequent port and subnet creation events.
2026-06-24 19:12:30.080 10 INFO neutron.db.ovn_revision_numbers_db [None req-b90dc6e4-937b-41dc-8cf4-8696f1bd9000 7ec65932304445b4bc8c4402e5b13f70 810c2aef5f064a2a98dde81ac5306e60 - - - -] Successfully bumped revision number for resource c4c21467-0d6d-4945-ac5d-1a3dc6b46fcd (type: ports) to 2
2026-06-24 19:12:30.100 10 INFO neutron.db.ovn_revision_numbers_db [None req-b90dc6e4-937b-41dc-8cf4-8696f1bd9000 7ec65932304445b4bc8c4402e5b13f70 810c2aef5f064a2a98dde81ac5306e60 - - - -] Successfully bumped revision number for resource 60022a51-9eec-4124-9804-ec949ab34562 (type: subnets) to 0
2026-06-24 19:12:30.119 10 INFO neutron.wsgi [None req-b90dc6e4-937b-41dc-8cf4-8696f1bd9000 7ec65932304445b4bc8c4402e5b13f70 810c2aef5f064a2a98dde81ac5306e60 - - - -] 10.0.0.32 "POST /v2.0/subnets HTTP/1.1" status: 201 len: 801 time: 0.8080552
2026-06-24 19:12:30.313 10 INFO neutron.db.ovn_revision_numbers_db [None req-11957cbc-9ac0-4df5-a1c2-f570d5719bd7 7ec65932304445b4bc8c4402e5b13f70 810c2aef5f064a2a98dde81ac5306e60 - - - -] Successfully bumped revision number for resource fe1c25ff-fbe1-4daa-94e8-96c49dd6e30a (type: routers) to 1
2026-06-24 19:12:30.335 10 INFO neutron.wsgi [None req-11957cbc-9ac0-4df5-a1c2-f570d5719bd7 7ec65932304445b4bc8c4402e5b13f70 810c2aef5f064a2a98dde81ac5306e60 - - - -] 10.0.0.32 "POST /v2.0/routers HTTP/1.1" status: 201 len: 687 time: 0.2102787
2026-06-24 19:12:30.683 10 INFO neutron.notifiers.nova [-] Nova event matching ['req-dc811359-0164-493c-9959-ece8072ccea9'] response: {'name': 'network-changed', 'server_uuid': 'ab4c202b-5c18-4796-b829-4ff3d3d36688', 'tag': '65d9c4a1-6e47-497f-9e90-d371b0ccf843', 'status': 'completed', 'code': 200}
2026-06-24 19:12:30.761 10 WARNING neutron.scheduler.dhcp_agent_scheduler [None req-4cdedd39-3363-4e9d-a39e-9ca8b5b47b54 7ec65932304445b4bc8c4402e5b13f70 810c2aef5f064a2a98dde81ac5306e60 - - default default] No more DHCP agents
2026-06-24 19:12:30.764 10 WARNING neutron.api.rpc.agentnotifiers.dhcp_rpc_agent_api [None req-4cdedd39-3363-4e9d-a39e-9ca8b5b47b54 7ec65932304445b4bc8c4402e5b13f70 810c2aef5f064a2a98dde81ac5306e60 - - default default] Unable to schedule network 33c01fc3-3704-4fa6-bd28-85995f581a8d: no agents available; will retry on subsequent port and subnet creation events.
2026-06-24 19:12:30.971 10 INFO neutron.db.ovn_revision_numbers_db [None req-4cdedd39-3363-4e9d-a39e-9ca8b5b47b54 7ec65932304445b4bc8c4402e5b13f70 810c2aef5f064a2a98dde81ac5306e60 - - default default] Successfully bumped revision number for resource 8fc669fe-6d8e-4988-8e9b-46a024c91c6c (type: ports) to 1
2026-06-24 19:12:31.037 9 INFO neutron.wsgi [req-716740e2-21db-4642-9249-fe98b6511c80 req-3aed57c3-b3ad-4d9b-bc8a-1bb952b8abb0 686af32b1be94b979025e27d50ec0dce 0e2414273bb744fb8a9eee2977f58e9b - - c59447b58e78401e9044174794112ce9 c59447b58e78401e9044174794112ce9] 199.19.213.176 "GET /v2.0/ports?tenant_id=ad37b4197c0f4bf394c34c2f535c41cf&device_id=ab4c202b-5c18-4796-b829-4ff3d3d36688 HTTP/1.1" status: 200 len: 1361 time: 0.3243666
2026-06-24 19:12:31.101 9 INFO neutron.wsgi [req-716740e2-21db-4642-9249-fe98b6511c80 req-accdfd94-9385-4688-84ae-671143a66bda 686af32b1be94b979025e27d50ec0dce 0e2414273bb744fb8a9eee2977f58e9b - - c59447b58e78401e9044174794112ce9 c59447b58e78401e9044174794112ce9] 199.19.213.176 "GET /v2.0/networks?id=39e0e982-54d1-4b1a-9e18-49f931242f98 HTTP/1.1" status: 200 len: 958 time: 0.0595913
2026-06-24 19:12:31.164 9 INFO neutron.wsgi [req-716740e2-21db-4642-9249-fe98b6511c80 req-3398e86e-60a8-46d1-9b19-6bbcfb33574b 686af32b1be94b979025e27d50ec0dce 0e2414273bb744fb8a9eee2977f58e9b - - c59447b58e78401e9044174794112ce9 c59447b58e78401e9044174794112ce9] 199.19.213.176 "GET /v2.0/floatingips?fixed_ip_address=10.100.0.7&port_id=65d9c4a1-6e47-497f-9e90-d371b0ccf843 HTTP/1.1" status: 200 len: 1059 time: 0.0553803
2026-06-24 19:12:31.205 9 INFO neutron.wsgi [req-716740e2-21db-4642-9249-fe98b6511c80 req-f120b88a-6c44-4113-86f8-1dfab0dcb839 686af32b1be94b979025e27d50ec0dce 0e2414273bb744fb8a9eee2977f58e9b - - c59447b58e78401e9044174794112ce9 c59447b58e78401e9044174794112ce9] 199.19.213.176 "GET /v2.0/subnets?id=8f645de2-07bf-4f9c-b3be-06ee649de4eb HTTP/1.1" status: 200 len: 852 time: 0.0346329
2026-06-24 19:12:31.237 9 INFO neutron.wsgi [req-716740e2-21db-4642-9249-fe98b6511c80 req-3a8b41c3-fbe6-4ff9-a4bb-b43c04538bb1 686af32b1be94b979025e27d50ec0dce 0e2414273bb744fb8a9eee2977f58e9b - - c59447b58e78401e9044174794112ce9 c59447b58e78401e9044174794112ce9] 199.19.213.176 "GET /v2.0/ports?network_id=39e0e982-54d1-4b1a-9e18-49f931242f98&device_owner=network%3Adhcp HTTP/1.1" status: 200 len: 210 time: 0.0240049
2026-06-24 19:12:31.307 9 INFO neutron.wsgi [req-716740e2-21db-4642-9249-fe98b6511c80 req-55949a59-7dec-4c98-8810-9a531f56eabe 686af32b1be94b979025e27d50ec0dce 0e2414273bb744fb8a9eee2977f58e9b - - c59447b58e78401e9044174794112ce9 c59447b58e78401e9044174794112ce9] 199.19.213.176 "GET /v2.0/networks/39e0e982-54d1-4b1a-9e18-49f931242f98?fields=segments HTTP/1.1" status: 200 len: 212 time: 0.0583770
2026-06-24 19:12:31.392 9 INFO neutron.wsgi [req-716740e2-21db-4642-9249-fe98b6511c80 req-fa3802dd-cc39-44d9-948d-37e1ba859076 686af32b1be94b979025e27d50ec0dce 0e2414273bb744fb8a9eee2977f58e9b - - c59447b58e78401e9044174794112ce9 c59447b58e78401e9044174794112ce9] 199.19.213.176 "GET /v2.0/networks/39e0e982-54d1-4b1a-9e18-49f931242f98?fields=provider%3Aphysical_network&fields=provider%3Anetwork_type HTTP/1.1" status: 200 len: 277 time: 0.0735784
2026-06-24 19:12:31.526 10 INFO neutron.wsgi [-] 10.0.0.108 "GET / HTTP/1.1" status: 200 len: 246 time: 0.0018091
2026-06-24 19:12:31.529 10 INFO neutron.wsgi [-] 10.0.0.108 "GET / HTTP/1.1" status: 200 len: 246 time: 0.0015876
2026-06-24 19:12:31.722 9 INFO neutron.plugins.ml2.drivers.ovn.mech_driver.mech_driver [None req-df408e8f-efc6-4758-a26d-e9311033e58d - - - - - -] OVN reports status up for port: 8fc669fe-6d8e-4988-8e9b-46a024c91c6c
2026-06-24 19:12:31.731 10 INFO neutron.db.ovn_revision_numbers_db [None req-4cdedd39-3363-4e9d-a39e-9ca8b5b47b54 7ec65932304445b4bc8c4402e5b13f70 810c2aef5f064a2a98dde81ac5306e60 - - default default] Successfully bumped revision number for resource 8fc669fe-6d8e-4988-8e9b-46a024c91c6c (type: router_ports) to 2
2026-06-24 19:12:31.732 9 INFO neutron.plugins.ml2.plugin [None req-df408e8f-efc6-4758-a26d-e9311033e58d - - - - - -] Attempt 1 to provision port 8fc669fe-6d8e-4988-8e9b-46a024c91c6c
2026-06-24 19:12:31.959 10 INFO neutron.db.ovn_revision_numbers_db [None req-4cdedd39-3363-4e9d-a39e-9ca8b5b47b54 7ec65932304445b4bc8c4402e5b13f70 810c2aef5f064a2a98dde81ac5306e60 - - default default] Successfully bumped revision number for resource 8fc669fe-6d8e-4988-8e9b-46a024c91c6c (type: ports) to 2
2026-06-24 19:12:31.965 9 INFO neutron.db.ovn_revision_numbers_db [None req-d95699ac-1036-4244-bb6e-49402846c5bf 4f10f8e3456c45888ba084e75ba8851b 7ca197cbfedf46c6a1675ce45718ce58 - - default default] Successfully bumped revision number for resource 0a98aa04-b69b-4c46-92df-edead2661712 (type: security_groups) to 1
2026-06-24 19:12:32.003 9 INFO neutron.wsgi [None req-d95699ac-1036-4244-bb6e-49402846c5bf 4f10f8e3456c45888ba084e75ba8851b 7ca197cbfedf46c6a1675ce45718ce58 - - default default] 10.0.0.32 "GET /v2.0/security-groups?tenant_id=2c6b1f62baeb49919217b949738b85c9&name=default HTTP/1.1" status: 200 len: 2996 time: 0.3312998
2026-06-24 19:12:32.036 10 WARNING neutron.scheduler.dhcp_agent_scheduler [None req-4cdedd39-3363-4e9d-a39e-9ca8b5b47b54 7ec65932304445b4bc8c4402e5b13f70 810c2aef5f064a2a98dde81ac5306e60 - - default default] No more DHCP agents
2026-06-24 19:12:32.037 10 WARNING neutron.api.rpc.agentnotifiers.dhcp_rpc_agent_api [None req-4cdedd39-3363-4e9d-a39e-9ca8b5b47b54 7ec65932304445b4bc8c4402e5b13f70 810c2aef5f064a2a98dde81ac5306e60 - - default default] Unable to schedule network 33c01fc3-3704-4fa6-bd28-85995f581a8d: no agents available; will retry on subsequent port and subnet creation events.
2026-06-24 19:12:32.093 9 INFO neutron.db.ovn_revision_numbers_db [None req-df408e8f-efc6-4758-a26d-e9311033e58d - - - - - -] Successfully bumped revision number for resource 8fc669fe-6d8e-4988-8e9b-46a024c91c6c (type: ports) to 3
2026-06-24 19:12:32.222 10 INFO neutron.db.ovn_revision_numbers_db [None req-4cdedd39-3363-4e9d-a39e-9ca8b5b47b54 7ec65932304445b4bc8c4402e5b13f70 810c2aef5f064a2a98dde81ac5306e60 - - - -] Successfully bumped revision number for resource 8fc669fe-6d8e-4988-8e9b-46a024c91c6c (type: router_ports) to 3
2026-06-24 19:12:32.225 10 INFO neutron.wsgi [None req-4cdedd39-3363-4e9d-a39e-9ca8b5b47b54 7ec65932304445b4bc8c4402e5b13f70 810c2aef5f064a2a98dde81ac5306e60 - - - -] 10.0.0.32 "PUT /v2.0/routers/fe1c25ff-fbe1-4daa-94e8-96c49dd6e30a/add_router_interface HTTP/1.1" status: 200 len: 503 time: 1.8839297
2026-06-24 19:12:32.226 9 INFO neutron.db.ovn_revision_numbers_db [None req-df408e8f-efc6-4758-a26d-e9311033e58d - - - - - -] Successfully bumped revision number for resource 8fc669fe-6d8e-4988-8e9b-46a024c91c6c (type: router_ports) to 3
2026-06-24 19:12:32.271 10 INFO neutron.wsgi [None req-789cb5f0-d5be-4af8-9289-1d8a2b43c767 7ec65932304445b4bc8c4402e5b13f70 810c2aef5f064a2a98dde81ac5306e60 - - default default] 10.0.0.32 "GET /v2.0/ports/8fc669fe-6d8e-4988-8e9b-46a024c91c6c HTTP/1.1" status: 200 len: 1137 time: 0.0390067
2026-06-24 19:12:32.322 9 INFO neutron.wsgi [None req-01c882d4-4b52-4652-9927-152afb92fe9e 4f10f8e3456c45888ba084e75ba8851b 7ca197cbfedf46c6a1675ce45718ce58 - - - -] 10.0.0.32 "DELETE /v2.0/security-groups/0a98aa04-b69b-4c46-92df-edead2661712 HTTP/1.1" status: 204 len: 168 time: 0.3136985
2026-06-24 19:12:32.819 9 WARNING neutron.scheduler.dhcp_agent_scheduler [None req-b96c2b4b-b53b-4a2c-bb36-d70a58778ddd 7ec65932304445b4bc8c4402e5b13f70 810c2aef5f064a2a98dde81ac5306e60 - - default default] No more DHCP agents
2026-06-24 19:12:32.820 9 WARNING neutron.api.rpc.agentnotifiers.dhcp_rpc_agent_api [None req-b96c2b4b-b53b-4a2c-bb36-d70a58778ddd 7ec65932304445b4bc8c4402e5b13f70 810c2aef5f064a2a98dde81ac5306e60 - - default default] Unable to schedule network 42f4f822-a718-4cdb-8216-e688474c60e4: no agents available; will retry on subsequent port and subnet creation events.
2026-06-24 19:12:33.032 9 INFO neutron.db.ovn_revision_numbers_db [None req-b96c2b4b-b53b-4a2c-bb36-d70a58778ddd 7ec65932304445b4bc8c4402e5b13f70 810c2aef5f064a2a98dde81ac5306e60 - - default default] Successfully bumped revision number for resource b636a4a8-b287-48af-b40c-9563bbf0264f (type: ports) to 1
2026-06-24 19:12:33.511 9 INFO neutron.db.ovn_revision_numbers_db [None req-b96c2b4b-b53b-4a2c-bb36-d70a58778ddd 7ec65932304445b4bc8c4402e5b13f70 810c2aef5f064a2a98dde81ac5306e60 - - default default] Successfully bumped revision number for resource b636a4a8-b287-48af-b40c-9563bbf0264f (type: router_ports) to 2
2026-06-24 19:12:33.659 9 INFO neutron.db.ovn_revision_numbers_db [None req-b96c2b4b-b53b-4a2c-bb36-d70a58778ddd 7ec65932304445b4bc8c4402e5b13f70 810c2aef5f064a2a98dde81ac5306e60 - - default default] Successfully bumped revision number for resource b636a4a8-b287-48af-b40c-9563bbf0264f (type: ports) to 2
2026-06-24 19:12:33.728 9 WARNING neutron.scheduler.dhcp_agent_scheduler [None req-b96c2b4b-b53b-4a2c-bb36-d70a58778ddd 7ec65932304445b4bc8c4402e5b13f70 810c2aef5f064a2a98dde81ac5306e60 - - default default] No more DHCP agents
2026-06-24 19:12:33.730 9 WARNING neutron.api.rpc.agentnotifiers.dhcp_rpc_agent_api [None req-b96c2b4b-b53b-4a2c-bb36-d70a58778ddd 7ec65932304445b4bc8c4402e5b13f70 810c2aef5f064a2a98dde81ac5306e60 - - default default] Unable to schedule network 42f4f822-a718-4cdb-8216-e688474c60e4: no agents available; will retry on subsequent port and subnet creation events.
2026-06-24 19:12:33.926 9 INFO neutron.db.ovn_revision_numbers_db [None req-b96c2b4b-b53b-4a2c-bb36-d70a58778ddd 7ec65932304445b4bc8c4402e5b13f70 810c2aef5f064a2a98dde81ac5306e60 - - - -] Successfully bumped revision number for resource b636a4a8-b287-48af-b40c-9563bbf0264f (type: router_ports) to 2
2026-06-24 19:12:33.929 9 INFO neutron.wsgi [None req-b96c2b4b-b53b-4a2c-bb36-d70a58778ddd 7ec65932304445b4bc8c4402e5b13f70 810c2aef5f064a2a98dde81ac5306e60 - - - -] 10.0.0.32 "PUT /v2.0/routers/fe1c25ff-fbe1-4daa-94e8-96c49dd6e30a/add_router_interface HTTP/1.1" status: 200 len: 503 time: 1.6503222
2026-06-24 19:12:34.027 9 INFO neutron.wsgi [None req-2e41fa4b-fe45-4009-98d3-a1f0be29baa7 7ec65932304445b4bc8c4402e5b13f70 810c2aef5f064a2a98dde81ac5306e60 - - default default] 10.0.0.32 "GET /v2.0/ports/b636a4a8-b287-48af-b40c-9563bbf0264f HTTP/1.1" status: 200 len: 1135 time: 0.0921860
2026-06-24 19:12:34.089 9 INFO neutron.wsgi [None req-b31ac856-7f58-422f-866b-768c579bbed3 7ec65932304445b4bc8c4402e5b13f70 810c2aef5f064a2a98dde81ac5306e60 - - default default] 10.0.0.32 "GET /v2.0/ports/b636a4a8-b287-48af-b40c-9563bbf0264f HTTP/1.1" status: 200 len: 1135 time: 0.0549581
2026-06-24 19:12:35.176 10 INFO neutron.wsgi [None req-438de9c2-fac1-47fe-b777-fe95ba6b3cb9 7ec65932304445b4bc8c4402e5b13f70 810c2aef5f064a2a98dde81ac5306e60 - - default default] 10.0.0.32 "GET /v2.0/ports/b636a4a8-b287-48af-b40c-9563bbf0264f HTTP/1.1" status: 200 len: 1135 time: 0.0794661
2026-06-24 19:12:35.368 10 INFO neutron.wsgi [req-6ebeb486-6af1-42b7-a961-374bbd72f673 req-eadb8e21-c2de-4110-8458-125b2bee0cee 686af32b1be94b979025e27d50ec0dce 0e2414273bb744fb8a9eee2977f58e9b - - c59447b58e78401e9044174794112ce9 c59447b58e78401e9044174794112ce9] 10.0.0.216 "GET /v2.0/ports?device_id=402e6dae-4e72-4b45-a404-17a46794a862 HTTP/1.1" status: 200 len: 1361 time: 0.0316365
2026-06-24 19:12:35.412 10 INFO neutron.wsgi [req-6ebeb486-6af1-42b7-a961-374bbd72f673 req-1f1e611a-3d6f-4b1e-99ef-98b8e951555a 686af32b1be94b979025e27d50ec0dce 0e2414273bb744fb8a9eee2977f58e9b - - c59447b58e78401e9044174794112ce9 c59447b58e78401e9044174794112ce9] 10.0.0.216 "GET /v2.0/security-groups?id=cfb179bf-e8c0-4cab-a69f-a46b4c17bdd9&fields=id&fields=name HTTP/1.1" status: 200 len: 313 time: 0.0344677
2026-06-24 19:12:36.217 9 INFO neutron.wsgi [None req-bbd2de38-ce75-4aff-9108-1e709199ea6b 7ec65932304445b4bc8c4402e5b13f70 810c2aef5f064a2a98dde81ac5306e60 - - default default] 10.0.0.32 "GET /v2.0/ports/b636a4a8-b287-48af-b40c-9563bbf0264f HTTP/1.1" status: 200 len: 1135 time: 0.0344574
2026-06-24 19:12:36.631 9 INFO neutron.db.ovn_revision_numbers_db [None req-42f5abf5-0d49-4183-ab5e-0c96e73eaafd 19f88b8610924c5d8224caa8949c3a0c 7fcc6baa08da4d2cb41fbca27bf36c35 - - - -] Successfully bumped revision number for resource 2ffa181d-4431-458b-a1c0-08b632e03683 (type: security_groups) to 1
2026-06-24 19:12:36.683 9 INFO neutron.db.segments_db [None req-42f5abf5-0d49-4183-ab5e-0c96e73eaafd 19f88b8610924c5d8224caa8949c3a0c 7fcc6baa08da4d2cb41fbca27bf36c35 - - - -] Added segment 51d4f5e6-b210-4f6e-8597-cdd428a11662 of type geneve for network f0e0d2a7-0503-419f-b1f8-a97f11655dc9
2026-06-24 19:12:36.830 9 INFO neutron.db.ovn_revision_numbers_db [None req-42f5abf5-0d49-4183-ab5e-0c96e73eaafd 19f88b8610924c5d8224caa8949c3a0c 7fcc6baa08da4d2cb41fbca27bf36c35 - - - -] Successfully bumped revision number for resource f0e0d2a7-0503-419f-b1f8-a97f11655dc9 (type: networks) to 1
2026-06-24 19:12:37.077 9 WARNING neutron.scheduler.dhcp_agent_scheduler [None req-42f5abf5-0d49-4183-ab5e-0c96e73eaafd 19f88b8610924c5d8224caa8949c3a0c 7fcc6baa08da4d2cb41fbca27bf36c35 - - - -] No more DHCP agents
2026-06-24 19:12:37.080 9 WARNING neutron.api.rpc.agentnotifiers.dhcp_rpc_agent_api [None req-42f5abf5-0d49-4183-ab5e-0c96e73eaafd 19f88b8610924c5d8224caa8949c3a0c 7fcc6baa08da4d2cb41fbca27bf36c35 - - - -] Unable to schedule network f0e0d2a7-0503-419f-b1f8-a97f11655dc9: no agents available; will retry on subsequent port and subnet creation events.
2026-06-24 19:12:37.147 9 INFO neutron.db.ovn_revision_numbers_db [None req-42f5abf5-0d49-4183-ab5e-0c96e73eaafd 19f88b8610924c5d8224caa8949c3a0c 7fcc6baa08da4d2cb41fbca27bf36c35 - - - -] Successfully bumped revision number for resource 24739959-96bc-4f54-9c46-41b35caf4a3f (type: ports) to 1
2026-06-24 19:12:37.174 9 INFO neutron.wsgi [None req-42f5abf5-0d49-4183-ab5e-0c96e73eaafd 19f88b8610924c5d8224caa8949c3a0c 7fcc6baa08da4d2cb41fbca27bf36c35 - - - -] 10.0.0.32 "POST /v2.0/networks HTTP/1.1" status: 201 len: 830 time: 0.7946181
2026-06-24 19:12:37.259 9 INFO neutron.wsgi [None req-c69700b3-91bd-4934-9806-c709913bde5c 7ec65932304445b4bc8c4402e5b13f70 810c2aef5f064a2a98dde81ac5306e60 - - default default] 10.0.0.32 "GET /v2.0/ports/b636a4a8-b287-48af-b40c-9563bbf0264f HTTP/1.1" status: 200 len: 1135 time: 0.0357769
2026-06-24 19:12:37.268 9 INFO neutron.db.segments_db [None req-ee256211-e707-44f3-be3a-345745dd86a1 19f88b8610924c5d8224caa8949c3a0c 7fcc6baa08da4d2cb41fbca27bf36c35 - - - -] Added segment a5ea2704-746c-44d5-b091-ed209c924319 of type geneve for network e8905545-c907-4e22-b50c-9cd47292e614
2026-06-24 19:12:37.361 9 WARNING neutron.plugins.ml2.drivers.ovn.mech_driver.ovsdb.ovn_client [None req-df408e8f-efc6-4758-a26d-e9311033e58d - - - - - -] No hosting information found for port 8fc669fe-6d8e-4988-8e9b-46a024c91c6c: RuntimeError: No hosting information found for port 8fc669fe-6d8e-4988-8e9b-46a024c91c6c
2026-06-24 19:12:37.362 9 INFO neutron.plugins.ml2.drivers.ovn.mech_driver.mech_driver [None req-df408e8f-efc6-4758-a26d-e9311033e58d - - - - - -] OVN reports status up for port: b636a4a8-b287-48af-b40c-9563bbf0264f
2026-06-24 19:12:37.371 9 INFO neutron.plugins.ml2.plugin [None req-df408e8f-efc6-4758-a26d-e9311033e58d - - - - - -] Attempt 1 to provision port b636a4a8-b287-48af-b40c-9563bbf0264f
2026-06-24 19:12:37.693 9 INFO neutron.db.ovn_revision_numbers_db [None req-ee256211-e707-44f3-be3a-345745dd86a1 19f88b8610924c5d8224caa8949c3a0c 7fcc6baa08da4d2cb41fbca27bf36c35 - - - -] Successfully bumped revision number for resource e8905545-c907-4e22-b50c-9cd47292e614 (type: networks) to 1
2026-06-24 19:12:37.941 9 WARNING neutron.scheduler.dhcp_agent_scheduler [None req-ee256211-e707-44f3-be3a-345745dd86a1 19f88b8610924c5d8224caa8949c3a0c 7fcc6baa08da4d2cb41fbca27bf36c35 - - - -] No more DHCP agents
2026-06-24 19:12:37.948 9 WARNING neutron.api.rpc.agentnotifiers.dhcp_rpc_agent_api [None req-ee256211-e707-44f3-be3a-345745dd86a1 19f88b8610924c5d8224caa8949c3a0c 7fcc6baa08da4d2cb41fbca27bf36c35 - - - -] Unable to schedule network e8905545-c907-4e22-b50c-9cd47292e614: no agents available; will retry on subsequent port and subnet creation events.
2026-06-24 19:12:38.041 9 INFO neutron.db.ovn_revision_numbers_db [None req-ee256211-e707-44f3-be3a-345745dd86a1 19f88b8610924c5d8224caa8949c3a0c 7fcc6baa08da4d2cb41fbca27bf36c35 - - - -] Successfully bumped revision number for resource c43d5062-cbee-46cb-b3b0-92f372bd9678 (type: ports) to 1
2026-06-24 19:12:38.053 9 INFO neutron.db.ovn_revision_numbers_db [None req-df408e8f-efc6-4758-a26d-e9311033e58d - - - - - -] Successfully bumped revision number for resource b636a4a8-b287-48af-b40c-9563bbf0264f (type: ports) to 3
2026-06-24 19:12:38.067 9 INFO neutron.wsgi [None req-ee256211-e707-44f3-be3a-345745dd86a1 19f88b8610924c5d8224caa8949c3a0c 7fcc6baa08da4d2cb41fbca27bf36c35 - - - -] 10.0.0.32 "POST /v2.0/networks HTTP/1.1" status: 201 len: 830 time: 0.8878257
2026-06-24 19:12:38.152 10 INFO neutron.db.segments_db [None req-9773db75-058c-4b98-964d-e7776e7b7507 19f88b8610924c5d8224caa8949c3a0c 7fcc6baa08da4d2cb41fbca27bf36c35 - - - -] Added segment e65a907b-ebfd-4a60-bb59-46055f7f6d54 of type geneve for network c06c73fc-90fd-4afe-8414-956375ce7590
2026-06-24 19:12:38.167 9 INFO neutron.db.ovn_revision_numbers_db [None req-df408e8f-efc6-4758-a26d-e9311033e58d - - - - - -] Successfully bumped revision number for resource b636a4a8-b287-48af-b40c-9563bbf0264f (type: router_ports) to 3
2026-06-24 19:12:38.279 10 INFO neutron.db.ovn_revision_numbers_db [None req-9773db75-058c-4b98-964d-e7776e7b7507 19f88b8610924c5d8224caa8949c3a0c 7fcc6baa08da4d2cb41fbca27bf36c35 - - - -] Successfully bumped revision number for resource c06c73fc-90fd-4afe-8414-956375ce7590 (type: networks) to 1
2026-06-24 19:12:38.299 9 INFO neutron.wsgi [None req-8bb9702a-744f-4230-976c-d48f55e9e307 7ec65932304445b4bc8c4402e5b13f70 810c2aef5f064a2a98dde81ac5306e60 - - default default] 10.0.0.32 "GET /v2.0/ports/b636a4a8-b287-48af-b40c-9563bbf0264f HTTP/1.1" status: 200 len: 1137 time: 0.0341220
2026-06-24 19:12:38.465 10 WARNING neutron.scheduler.dhcp_agent_scheduler [None req-9773db75-058c-4b98-964d-e7776e7b7507 19f88b8610924c5d8224caa8949c3a0c 7fcc6baa08da4d2cb41fbca27bf36c35 - - - -] No more DHCP agents
2026-06-24 19:12:38.467 10 WARNING neutron.api.rpc.agentnotifiers.dhcp_rpc_agent_api [None req-9773db75-058c-4b98-964d-e7776e7b7507 19f88b8610924c5d8224caa8949c3a0c 7fcc6baa08da4d2cb41fbca27bf36c35 - - - -] Unable to schedule network c06c73fc-90fd-4afe-8414-956375ce7590: no agents available; will retry on subsequent port and subnet creation events.
2026-06-24 19:12:38.560 10 INFO neutron.db.ovn_revision_numbers_db [None req-9773db75-058c-4b98-964d-e7776e7b7507 19f88b8610924c5d8224caa8949c3a0c 7fcc6baa08da4d2cb41fbca27bf36c35 - - - -] Successfully bumped revision number for resource b8372018-86a7-4faa-831c-ece125a5f2f1 (type: ports) to 1
2026-06-24 19:12:38.583 10 INFO neutron.wsgi [None req-9773db75-058c-4b98-964d-e7776e7b7507 19f88b8610924c5d8224caa8949c3a0c 7fcc6baa08da4d2cb41fbca27bf36c35 - - - -] 10.0.0.32 "POST /v2.0/networks HTTP/1.1" status: 201 len: 831 time: 0.5114014
2026-06-24 19:12:38.674 10 INFO neutron.db.segments_db [None req-966b1bc5-d6ac-45b6-985c-c7eea4fe3300 19f88b8610924c5d8224caa8949c3a0c 7fcc6baa08da4d2cb41fbca27bf36c35 - - - -] Added segment a6bb8804-1e76-4e82-892a-139f5fb1cce5 of type geneve for network cc88f394-023c-4fdd-a888-c01e20ef4bd7
2026-06-24 19:12:38.806 10 INFO neutron.db.ovn_revision_numbers_db [None req-966b1bc5-d6ac-45b6-985c-c7eea4fe3300 19f88b8610924c5d8224caa8949c3a0c 7fcc6baa08da4d2cb41fbca27bf36c35 - - - -] Successfully bumped revision number for resource cc88f394-023c-4fdd-a888-c01e20ef4bd7 (type: networks) to 1
2026-06-24 19:12:38.929 10 INFO neutron.wsgi [req-52c52ab2-42ab-4311-a86b-ec79666badf3 req-b1257414-f5b0-4003-853a-1d3a4eaf5e2c 686af32b1be94b979025e27d50ec0dce 0e2414273bb744fb8a9eee2977f58e9b - - c59447b58e78401e9044174794112ce9 c59447b58e78401e9044174794112ce9] 10.0.0.216 "GET /v2.0/ports?device_id=ab4c202b-5c18-4796-b829-4ff3d3d36688 HTTP/1.1" status: 200 len: 1361 time: 0.0811052
2026-06-24 19:12:39.008 10 INFO neutron.wsgi [req-52c52ab2-42ab-4311-a86b-ec79666badf3 req-90c72f2c-4338-4b12-b3da-fea01d10a59b 686af32b1be94b979025e27d50ec0dce 0e2414273bb744fb8a9eee2977f58e9b - - c59447b58e78401e9044174794112ce9 c59447b58e78401e9044174794112ce9] 10.0.0.216 "GET /v2.0/security-groups?id=089a5320-01b4-47ae-9dad-67cc317fbcbd&fields=id&fields=name HTTP/1.1" status: 200 len: 312 time: 0.0713050
2026-06-24 19:12:39.041 9 INFO neutron.wsgi [None req-06cf5929-9e6f-438d-a49e-764c45e8234b 7ec65932304445b4bc8c4402e5b13f70 810c2aef5f064a2a98dde81ac5306e60 - - - -] 10.0.0.32 "PUT /v2.0/routers/fe1c25ff-fbe1-4daa-94e8-96c49dd6e30a/remove_router_interface HTTP/1.1" status: 200 len: 503 time: 0.7366157
2026-06-24 19:12:39.135 10 WARNING neutron.scheduler.dhcp_agent_scheduler [None req-966b1bc5-d6ac-45b6-985c-c7eea4fe3300 19f88b8610924c5d8224caa8949c3a0c 7fcc6baa08da4d2cb41fbca27bf36c35 - - - -] No more DHCP agents
2026-06-24 19:12:39.138 10 WARNING neutron.api.rpc.agentnotifiers.dhcp_rpc_agent_api [None req-966b1bc5-d6ac-45b6-985c-c7eea4fe3300 19f88b8610924c5d8224caa8949c3a0c 7fcc6baa08da4d2cb41fbca27bf36c35 - - - -] Unable to schedule network cc88f394-023c-4fdd-a888-c01e20ef4bd7: no agents available; will retry on subsequent port and subnet creation events.
2026-06-24 19:12:39.173 10 INFO neutron.wsgi [None req-543509f6-b367-4209-9d16-5dc9d5523e40 7ec65932304445b4bc8c4402e5b13f70 810c2aef5f064a2a98dde81ac5306e60 - - default default] 10.0.0.32 "GET /v2.0/ports/8fc669fe-6d8e-4988-8e9b-46a024c91c6c HTTP/1.1" status: 200 len: 1137 time: 0.1251266
