2026-06-24 19:10:49.420 10 INFO neutron.wsgi [req-79fed62f-0550-442c-a5c2-22bf66c70a01 req-ebb03c59-cf54-45c3-a18c-0fd86ad5a955 cbbeb40ec2574b459ac4c0f2e3adfd41 916339a6ff6c40d59d79ecbe6d810096 - - default default] 10.0.0.181 "GET /v2.0/ports?device_id=3d0ea4b8-5e11-405f-a50d-688d999a61a3 HTTP/1.1" status: 200 len: 210 time: 0.0456381
2026-06-24 19:10:49.458 10 INFO neutron.plugins.ml2.drivers.ovn.mech_driver.mech_driver [None req-b80654a2-dc53-441e-bb73-9774f093998e - - - - - -] OVN reports status up for port: d4a8c77d-3488-48b3-87a8-e08d24680f6f
2026-06-24 19:10:49.476 10 INFO neutron.db.ovn_revision_numbers_db [None req-92f5f675-cb76-491f-8700-d73a40982eb1 4f10f8e3456c45888ba084e75ba8851b 7ca197cbfedf46c6a1675ce45718ce58 - - - -] Successfully bumped revision number for resource 1666dc5b-2377-4a02-a34f-eb2687ac442a (type: ports) to 1
2026-06-24 19:10:49.483 10 INFO neutron.plugins.ml2.plugin [None req-b80654a2-dc53-441e-bb73-9774f093998e - - - - - -] Attempt 1 to provision port d4a8c77d-3488-48b3-87a8-e08d24680f6f
2026-06-24 19:10:49.525 10 INFO neutron.wsgi [None req-92f5f675-cb76-491f-8700-d73a40982eb1 4f10f8e3456c45888ba084e75ba8851b 7ca197cbfedf46c6a1675ce45718ce58 - - - -] 10.0.0.32 "POST /v2.0/networks HTTP/1.1" status: 201 len: 940 time: 1.0428443
2026-06-24 19:10:49.579 9 INFO neutron.wsgi [req-d2f74806-736d-4d85-b3e2-6f30e0fb4b62 req-b7f449e1-bdeb-4dcd-bef3-43ace64e6dd1 cbbeb40ec2574b459ac4c0f2e3adfd41 916339a6ff6c40d59d79ecbe6d810096 - - default default] 199.19.213.176 "GET /v2.0/networks?id=825e61aa-87c6-4d8f-b019-c289288c3ddc HTTP/1.1" status: 200 len: 875 time: 0.5300848
2026-06-24 19:10:49.587 9 INFO neutron.wsgi [req-b6659d62-53f4-4040-aa55-24508a9a2353 req-de5c2728-7b40-4a98-9b76-d9984c279c10 b947cafe60034046a663e1cc442ac722 57c1966884cf414d840e90b02354dc2f - - default default] 199.19.213.176 "GET /v2.0/networks?id=6dc26663-b48d-4fc5-9768-0fd10495ba72 HTTP/1.1" status: 200 len: 878 time: 0.5817800
2026-06-24 19:10:49.652 10 INFO neutron.db.ovn_revision_numbers_db [None req-ca5420d7-6379-4b25-905f-50bb4971bc50 4f10f8e3456c45888ba084e75ba8851b 7ca197cbfedf46c6a1675ce45718ce58 - - - -] Successfully bumped revision number for resource e7b0f3b8-a733-4146-a72b-d2eaaa473aae (type: security_groups) to 1
2026-06-24 19:10:49.682 9 INFO neutron.wsgi [req-b6659d62-53f4-4040-aa55-24508a9a2353 req-d3773a61-37bc-47f9-9167-128ff771cca7 b947cafe60034046a663e1cc442ac722 57c1966884cf414d840e90b02354dc2f - - default default] 199.19.213.176 "GET /v2.0/security-groups?fields=id&fields=name&tenant_id=57c1966884cf414d840e90b02354dc2f HTTP/1.1" status: 200 len: 380 time: 0.0670764
2026-06-24 19:10:49.686 9 INFO neutron.wsgi [req-d2f74806-736d-4d85-b3e2-6f30e0fb4b62 req-6ad023f8-fa75-417f-bc0d-0d4741d1657c cbbeb40ec2574b459ac4c0f2e3adfd41 916339a6ff6c40d59d79ecbe6d810096 - - default default] 199.19.213.176 "GET /v2.0/security-groups?fields=id&fields=name&tenant_id=916339a6ff6c40d59d79ecbe6d810096 HTTP/1.1" status: 200 len: 379 time: 0.0726814
2026-06-24 19:10:49.725 10 INFO neutron.db.segments_db [None req-ca5420d7-6379-4b25-905f-50bb4971bc50 4f10f8e3456c45888ba084e75ba8851b 7ca197cbfedf46c6a1675ce45718ce58 - - - -] Added segment 0c2bc761-6c54-4cd2-bcf0-d8d4537ce962 of type geneve for network aff67b49-b50b-4ab4-a528-fa88719fc3bc
2026-06-24 19:10:49.944 10 WARNING neutron.scheduler.dhcp_agent_scheduler [None req-c4f91bfb-7d3e-4f77-860b-da18bd041660 4f10f8e3456c45888ba084e75ba8851b 7ca197cbfedf46c6a1675ce45718ce58 - - - -] No more DHCP agents
2026-06-24 19:10:49.956 10 INFO neutron.wsgi [req-9a83f30b-b580-419e-9b67-77945f8acf91 req-3fd56265-aaa2-47ae-b036-932b63c95d4b b947cafe60034046a663e1cc442ac722 57c1966884cf414d840e90b02354dc2f - - default default] 10.0.0.181 "GET /v2.0/ports?device_id=04ca842e-6910-429b-83fe-51c049d1ac3e HTTP/1.1" status: 200 len: 210 time: 0.0526237
2026-06-24 19:10:49.960 10 WARNING neutron.api.rpc.agentnotifiers.dhcp_rpc_agent_api [None req-c4f91bfb-7d3e-4f77-860b-da18bd041660 4f10f8e3456c45888ba084e75ba8851b 7ca197cbfedf46c6a1675ce45718ce58 - - - -] Unable to schedule network 069016be-42a1-4da3-9f19-4be903b5f388: no agents available; will retry on subsequent port and subnet creation events.
2026-06-24 19:10:50.030 10 INFO neutron.db.ovn_revision_numbers_db [None req-ca5420d7-6379-4b25-905f-50bb4971bc50 4f10f8e3456c45888ba084e75ba8851b 7ca197cbfedf46c6a1675ce45718ce58 - - - -] Successfully bumped revision number for resource aff67b49-b50b-4ab4-a528-fa88719fc3bc (type: networks) to 1
2026-06-24 19:10:50.141 10 INFO neutron.db.ovn_revision_numbers_db [None req-b80654a2-dc53-441e-bb73-9774f093998e - - - - - -] Successfully bumped revision number for resource d4a8c77d-3488-48b3-87a8-e08d24680f6f (type: ports) to 3
2026-06-24 19:10:50.269 9 WARNING neutron.scheduler.dhcp_agent_scheduler [None req-96fd47d2-191e-44d7-beee-723b868d9cd7 b947cafe60034046a663e1cc442ac722 57c1966884cf414d840e90b02354dc2f - - - -] No more DHCP agents
2026-06-24 19:10:50.272 9 WARNING neutron.plugins.ml2.drivers.ovn.mech_driver.ovsdb.ovn_client [None req-df408e8f-efc6-4758-a26d-e9311033e58d - - - - - -] No hosting information found for port 10c370bc-7234-466d-97b3-8a521fbaff8a: RuntimeError: No hosting information found for port 10c370bc-7234-466d-97b3-8a521fbaff8a
2026-06-24 19:10:50.273 9 WARNING neutron.scheduler.dhcp_agent_scheduler [None req-e52623ed-5d69-47d3-b140-74043ec4b76d cbbeb40ec2574b459ac4c0f2e3adfd41 916339a6ff6c40d59d79ecbe6d810096 - - - -] No more DHCP agents
2026-06-24 19:10:50.273 9 WARNING neutron.api.rpc.agentnotifiers.dhcp_rpc_agent_api [None req-96fd47d2-191e-44d7-beee-723b868d9cd7 b947cafe60034046a663e1cc442ac722 57c1966884cf414d840e90b02354dc2f - - - -] Unable to schedule network 6dc26663-b48d-4fc5-9768-0fd10495ba72: no agents available; will retry on subsequent port and subnet creation events.
2026-06-24 19:10:50.277 9 WARNING neutron.api.rpc.agentnotifiers.dhcp_rpc_agent_api [None req-e52623ed-5d69-47d3-b140-74043ec4b76d cbbeb40ec2574b459ac4c0f2e3adfd41 916339a6ff6c40d59d79ecbe6d810096 - - - -] Unable to schedule network 825e61aa-87c6-4d8f-b019-c289288c3ddc: no agents available; will retry on subsequent port and subnet creation events.
2026-06-24 19:10:50.373 10 WARNING neutron.scheduler.dhcp_agent_scheduler [None req-ca5420d7-6379-4b25-905f-50bb4971bc50 4f10f8e3456c45888ba084e75ba8851b 7ca197cbfedf46c6a1675ce45718ce58 - - - -] No more DHCP agents
2026-06-24 19:10:50.382 10 WARNING neutron.api.rpc.agentnotifiers.dhcp_rpc_agent_api [None req-ca5420d7-6379-4b25-905f-50bb4971bc50 4f10f8e3456c45888ba084e75ba8851b 7ca197cbfedf46c6a1675ce45718ce58 - - - -] Unable to schedule network aff67b49-b50b-4ab4-a528-fa88719fc3bc: no agents available; will retry on subsequent port and subnet creation events.
2026-06-24 19:10:50.409 10 INFO neutron.db.ovn_revision_numbers_db [None req-b80654a2-dc53-441e-bb73-9774f093998e - - - - - -] Successfully bumped revision number for resource d4a8c77d-3488-48b3-87a8-e08d24680f6f (type: router_ports) to 3
2026-06-24 19:10:50.668 9 INFO neutron.db.ovn_revision_numbers_db [None req-96fd47d2-191e-44d7-beee-723b868d9cd7 b947cafe60034046a663e1cc442ac722 57c1966884cf414d840e90b02354dc2f - - - -] Successfully bumped revision number for resource b7109695-d07d-4f93-a540-30023eae199e (type: ports) to 1
2026-06-24 19:10:50.674 9 INFO neutron.db.ovn_revision_numbers_db [None req-e52623ed-5d69-47d3-b140-74043ec4b76d cbbeb40ec2574b459ac4c0f2e3adfd41 916339a6ff6c40d59d79ecbe6d810096 - - - -] Successfully bumped revision number for resource b9fd7ca2-dde8-464a-a3d2-b0c505fa692a (type: ports) to 1
2026-06-24 19:10:50.700 9 INFO neutron.wsgi [None req-96fd47d2-191e-44d7-beee-723b868d9cd7 b947cafe60034046a663e1cc442ac722 57c1966884cf414d840e90b02354dc2f - - - -] 199.19.213.176 "POST /v2.0/ports HTTP/1.1" status: 201 len: 1158 time: 1.0093935
2026-06-24 19:10:50.703 9 INFO neutron.wsgi [None req-e52623ed-5d69-47d3-b140-74043ec4b76d cbbeb40ec2574b459ac4c0f2e3adfd41 916339a6ff6c40d59d79ecbe6d810096 - - - -] 199.19.213.176 "POST /v2.0/ports HTTP/1.1" status: 201 len: 1158 time: 1.0100873 /var/lib/openstack/lib/python3.10/site-packages/pycadf/identifier.py:71: UserWarning: Invalid uuid: neutron. To ensure interoperability, identifiers should be a valid uuid. warnings.warn(('Invalid uuid: %s. To ensure interoperability, '
2026-06-24 19:10:50.717 9 INFO neutron.wsgi [req-b6659d62-53f4-4040-aa55-24508a9a2353 req-b3cb2345-9291-4b96-9078-4fb88f04ea01 b947cafe60034046a663e1cc442ac722 57c1966884cf414d840e90b02354dc2f - - default default] 199.19.213.176 "GET /v2.0/extensions HTTP/1.1" status: 200 len: 16525 time: 0.0083027
2026-06-24 19:10:50.722 9 INFO neutron.wsgi [req-d2f74806-736d-4d85-b3e2-6f30e0fb4b62 req-d0b9e009-d285-49e7-83c0-8107efd4079a cbbeb40ec2574b459ac4c0f2e3adfd41 916339a6ff6c40d59d79ecbe6d810096 - - default default] 199.19.213.176 "GET /v2.0/extensions HTTP/1.1" status: 200 len: 16525 time: 0.0120409
2026-06-24 19:10:50.737 10 INFO neutron.wsgi [req-8fbc0572-ea65-428d-8437-72beae3c6ac3 req-e9f08820-35e3-4b52-8cd1-e4e88853d96c cbbeb40ec2574b459ac4c0f2e3adfd41 916339a6ff6c40d59d79ecbe6d810096 - - default default] 10.0.0.181 "GET /v2.0/ports?device_id=3d0ea4b8-5e11-405f-a50d-688d999a61a3 HTTP/1.1" status: 200 len: 1156 time: 0.1026790
2026-06-24 19:10:50.805 10 INFO neutron.db.ovn_revision_numbers_db [None req-ca5420d7-6379-4b25-905f-50bb4971bc50 4f10f8e3456c45888ba084e75ba8851b 7ca197cbfedf46c6a1675ce45718ce58 - - - -] Successfully bumped revision number for resource 74ce1572-715e-410f-86e7-7c4afba08d7b (type: ports) to 1
2026-06-24 19:10:50.875 10 INFO neutron.wsgi [req-8fbc0572-ea65-428d-8437-72beae3c6ac3 req-9d3f0d44-a069-4104-9099-33f10bae4b47 cbbeb40ec2574b459ac4c0f2e3adfd41 916339a6ff6c40d59d79ecbe6d810096 - - default default] 10.0.0.181 "GET /v2.0/security-groups?id=a87170a4-2fb3-482f-b866-74e95082c61f&fields=id&fields=name HTTP/1.1" status: 200 len: 312 time: 0.1328707
2026-06-24 19:10:50.911 10 INFO neutron.wsgi [None req-ca5420d7-6379-4b25-905f-50bb4971bc50 4f10f8e3456c45888ba084e75ba8851b 7ca197cbfedf46c6a1675ce45718ce58 - - - -] 10.0.0.32 "POST /v2.0/networks HTTP/1.1" status: 201 len: 953 time: 1.6298037
2026-06-24 19:10:51.090 10 INFO neutron.wsgi [req-d9b2a665-12da-4065-8ff3-bd9e43ce30e6 req-06052112-02d8-419d-b57e-fc0e7c3c66ed b947cafe60034046a663e1cc442ac722 57c1966884cf414d840e90b02354dc2f - - default default] 10.0.0.181 "GET /v2.0/ports?device_id=04ca842e-6910-429b-83fe-51c049d1ac3e HTTP/1.1" status: 200 len: 1156 time: 0.0404172
2026-06-24 19:10:51.155 9 WARNING neutron.scheduler.dhcp_agent_scheduler [None req-b88d9b42-2ad8-4f3b-b2cf-6892212568bd 4f10f8e3456c45888ba084e75ba8851b 7ca197cbfedf46c6a1675ce45718ce58 - - - -] No more DHCP agents
2026-06-24 19:10:51.168 10 INFO neutron.wsgi [req-d9b2a665-12da-4065-8ff3-bd9e43ce30e6 req-d958ba7b-24e8-4e05-99b9-6492e9d162a9 b947cafe60034046a663e1cc442ac722 57c1966884cf414d840e90b02354dc2f - - default default] 10.0.0.181 "GET /v2.0/security-groups?id=e7224cc6-4f67-41de-ab16-eaeca0cb3048&fields=id&fields=name HTTP/1.1" status: 200 len: 313 time: 0.0673599
2026-06-24 19:10:51.169 9 WARNING neutron.api.rpc.agentnotifiers.dhcp_rpc_agent_api [None req-b88d9b42-2ad8-4f3b-b2cf-6892212568bd 4f10f8e3456c45888ba084e75ba8851b 7ca197cbfedf46c6a1675ce45718ce58 - - - -] Unable to schedule network aff67b49-b50b-4ab4-a528-fa88719fc3bc: no agents available; will retry on subsequent port and subnet creation events.
2026-06-24 19:10:51.174 10 INFO neutron.db.ovn_revision_numbers_db [None req-c4f91bfb-7d3e-4f77-860b-da18bd041660 4f10f8e3456c45888ba084e75ba8851b 7ca197cbfedf46c6a1675ce45718ce58 - - - -] Successfully bumped revision number for resource 1666dc5b-2377-4a02-a34f-eb2687ac442a (type: ports) to 2
2026-06-24 19:10:51.192 10 INFO neutron.db.ovn_revision_numbers_db [None req-c4f91bfb-7d3e-4f77-860b-da18bd041660 4f10f8e3456c45888ba084e75ba8851b 7ca197cbfedf46c6a1675ce45718ce58 - - - -] Successfully bumped revision number for resource bd1694a4-a0b5-4bbc-b1ed-ce367aae80ea (type: subnets) to 0
2026-06-24 19:10:51.210 10 INFO neutron.wsgi [None req-c4f91bfb-7d3e-4f77-860b-da18bd041660 4f10f8e3456c45888ba084e75ba8851b 7ca197cbfedf46c6a1675ce45718ce58 - - - -] 10.0.0.32 "POST /v2.0/subnets HTTP/1.1" status: 201 len: 860 time: 1.6772959
2026-06-24 19:10:51.818 10 WARNING neutron.scheduler.dhcp_agent_scheduler [None req-5eef2444-b1ae-485e-b079-ec3ce6ef2354 4f10f8e3456c45888ba084e75ba8851b 7ca197cbfedf46c6a1675ce45718ce58 - - - -] No more DHCP agents
2026-06-24 19:10:51.839 10 WARNING neutron.api.rpc.agentnotifiers.dhcp_rpc_agent_api [None req-5eef2444-b1ae-485e-b079-ec3ce6ef2354 4f10f8e3456c45888ba084e75ba8851b 7ca197cbfedf46c6a1675ce45718ce58 - - - -] Unable to schedule network 55253de1-2e58-4f71-a573-4da169fafa06: no agents available; will retry on subsequent port and subnet creation events.
2026-06-24 19:10:51.931 9 INFO neutron.db.ovn_revision_numbers_db [None req-720fcc31-8512-4e4a-af2d-0b8c3c81e393 686af32b1be94b979025e27d50ec0dce 0e2414273bb744fb8a9eee2977f58e9b - - - -] Successfully bumped revision number for resource b7109695-d07d-4f93-a540-30023eae199e (type: ports) to 2
2026-06-24 19:10:51.982 9 INFO neutron.db.ovn_revision_numbers_db [None req-df17a6d6-7c81-495f-a3d2-ac265a431afc 686af32b1be94b979025e27d50ec0dce 0e2414273bb744fb8a9eee2977f58e9b - - - -] Successfully bumped revision number for resource b9fd7ca2-dde8-464a-a3d2-b0c505fa692a (type: ports) to 2
2026-06-24 19:10:52.013 9 INFO neutron.db.ovn_revision_numbers_db [None req-b88d9b42-2ad8-4f3b-b2cf-6892212568bd 4f10f8e3456c45888ba084e75ba8851b 7ca197cbfedf46c6a1675ce45718ce58 - - - -] Successfully bumped revision number for resource 74ce1572-715e-410f-86e7-7c4afba08d7b (type: ports) to 2
2026-06-24 19:10:52.052 9 INFO neutron.db.ovn_revision_numbers_db [None req-b88d9b42-2ad8-4f3b-b2cf-6892212568bd 4f10f8e3456c45888ba084e75ba8851b 7ca197cbfedf46c6a1675ce45718ce58 - - - -] Successfully bumped revision number for resource 19ee8eeb-2b2c-4bbb-84cf-bb32c0246561 (type: subnets) to 0
2026-06-24 19:10:52.091 10 INFO neutron.db.ovn_revision_numbers_db [None req-5eef2444-b1ae-485e-b079-ec3ce6ef2354 4f10f8e3456c45888ba084e75ba8851b 7ca197cbfedf46c6a1675ce45718ce58 - - - -] Successfully bumped revision number for resource eeeb3a0c-78d8-437d-9b3f-cb472127696a (type: ports) to 1
2026-06-24 19:10:52.100 10 INFO neutron.wsgi [req-565b6097-de77-4ad6-a9e8-1cc44a6ae547 req-fef37f8f-e568-4314-aaad-22fb59346750 cbbeb40ec2574b459ac4c0f2e3adfd41 916339a6ff6c40d59d79ecbe6d810096 - - default default] 10.0.0.181 "GET /v2.0/ports?device_id=3d0ea4b8-5e11-405f-a50d-688d999a61a3 HTTP/1.1" status: 200 len: 1168 time: 0.1378274
2026-06-24 19:10:52.127 9 INFO neutron.wsgi [None req-b88d9b42-2ad8-4f3b-b2cf-6892212568bd 4f10f8e3456c45888ba084e75ba8851b 7ca197cbfedf46c6a1675ce45718ce58 - - - -] 10.0.0.32 "POST /v2.0/subnets HTTP/1.1" status: 201 len: 873 time: 1.2075975 /var/lib/openstack/lib/python3.10/site-packages/pycadf/identifier.py:71: UserWarning: Invalid uuid: neutron. To ensure interoperability, identifiers should be a valid uuid. warnings.warn(('Invalid uuid: %s. To ensure interoperability, '
2026-06-24 19:10:52.176 10 INFO neutron.wsgi [req-565b6097-de77-4ad6-a9e8-1cc44a6ae547 req-10040bcc-7ec3-4143-a807-d4eb282309be cbbeb40ec2574b459ac4c0f2e3adfd41 916339a6ff6c40d59d79ecbe6d810096 - - default default] 10.0.0.181 "GET /v2.0/security-groups?id=a87170a4-2fb3-482f-b866-74e95082c61f&fields=id&fields=name HTTP/1.1" status: 200 len: 312 time: 0.0519319
2026-06-24 19:10:52.455 9 INFO neutron.db.ovn_revision_numbers_db [None req-720fcc31-8512-4e4a-af2d-0b8c3c81e393 686af32b1be94b979025e27d50ec0dce 0e2414273bb744fb8a9eee2977f58e9b - - - -] Successfully bumped revision number for resource b7109695-d07d-4f93-a540-30023eae199e (type: ports) to 2
2026-06-24 19:10:52.498 9 INFO neutron.wsgi [None req-720fcc31-8512-4e4a-af2d-0b8c3c81e393 686af32b1be94b979025e27d50ec0dce 0e2414273bb744fb8a9eee2977f58e9b - - - -] 199.19.213.176 "PUT /v2.0/ports/b7109695-d07d-4f93-a540-30023eae199e HTTP/1.1" status: 200 len: 1328 time: 1.4132607
2026-06-24 19:10:52.549 9 INFO neutron.db.ovn_revision_numbers_db [None req-df17a6d6-7c81-495f-a3d2-ac265a431afc 686af32b1be94b979025e27d50ec0dce 0e2414273bb744fb8a9eee2977f58e9b - - - -] Successfully bumped revision number for resource b9fd7ca2-dde8-464a-a3d2-b0c505fa692a (type: ports) to 2 /var/lib/openstack/lib/python3.10/site-packages/pycadf/identifier.py:71: UserWarning: Invalid uuid: neutron. To ensure interoperability, identifiers should be a valid uuid. warnings.warn(('Invalid uuid: %s. To ensure interoperability, '
2026-06-24 19:10:52.611 10 INFO neutron.wsgi [req-fb8cb420-dce2-47c6-8f55-591f11a9852e req-f7baa9df-fec4-4222-897f-0dd901238e2a b947cafe60034046a663e1cc442ac722 57c1966884cf414d840e90b02354dc2f - - default default] 10.0.0.181 "GET /v2.0/ports?device_id=04ca842e-6910-429b-83fe-51c049d1ac3e HTTP/1.1" status: 200 len: 1168 time: 0.3238707
2026-06-24 19:10:52.615 9 INFO neutron.wsgi [req-b6659d62-53f4-4040-aa55-24508a9a2353 req-ed11fba7-de58-43d0-99b8-a9ed61364aa5 686af32b1be94b979025e27d50ec0dce 0e2414273bb744fb8a9eee2977f58e9b - - c59447b58e78401e9044174794112ce9 c59447b58e78401e9044174794112ce9] 199.19.213.176 "GET /v2.0/ports?tenant_id=57c1966884cf414d840e90b02354dc2f&device_id=04ca842e-6910-429b-83fe-51c049d1ac3e HTTP/1.1" status: 200 len: 1359 time: 0.0687582
2026-06-24 19:10:52.622 9 INFO neutron.wsgi [None req-df17a6d6-7c81-495f-a3d2-ac265a431afc 686af32b1be94b979025e27d50ec0dce 0e2414273bb744fb8a9eee2977f58e9b - - - -] 199.19.213.176 "PUT /v2.0/ports/b9fd7ca2-dde8-464a-a3d2-b0c505fa692a HTTP/1.1" status: 200 len: 1328 time: 1.5357645
2026-06-24 19:10:52.684 9 INFO neutron.wsgi [req-b6659d62-53f4-4040-aa55-24508a9a2353 req-1ef4c2c2-b681-44d1-8caa-356225ca3501 686af32b1be94b979025e27d50ec0dce 0e2414273bb744fb8a9eee2977f58e9b - - c59447b58e78401e9044174794112ce9 c59447b58e78401e9044174794112ce9] 199.19.213.176 "GET /v2.0/floatingips?fixed_ip_address=10.100.0.9&port_id=b7109695-d07d-4f93-a540-30023eae199e HTTP/1.1" status: 200 len: 217 time: 0.0458295
2026-06-24 19:10:52.695 10 INFO neutron.wsgi [req-fb8cb420-dce2-47c6-8f55-591f11a9852e req-f56c7cd3-98f8-4067-9562-8d26c034ad2a b947cafe60034046a663e1cc442ac722 57c1966884cf414d840e90b02354dc2f - - default default] 10.0.0.181 "GET /v2.0/security-groups?id=e7224cc6-4f67-41de-ab16-eaeca0cb3048&fields=id&fields=name HTTP/1.1" status: 200 len: 313 time: 0.0747712
2026-06-24 19:10:52.748 9 INFO neutron.wsgi [req-d2f74806-736d-4d85-b3e2-6f30e0fb4b62 req-15a8376f-d148-4b7d-9d3e-5a98ba0c96fe 686af32b1be94b979025e27d50ec0dce 0e2414273bb744fb8a9eee2977f58e9b - - c59447b58e78401e9044174794112ce9 c59447b58e78401e9044174794112ce9] 199.19.213.176 "GET /v2.0/ports?tenant_id=916339a6ff6c40d59d79ecbe6d810096&device_id=3d0ea4b8-5e11-405f-a50d-688d999a61a3 HTTP/1.1" status: 200 len: 1359 time: 0.0860882
2026-06-24 19:10:52.794 9 INFO neutron.wsgi [req-d2f74806-736d-4d85-b3e2-6f30e0fb4b62 req-a690be21-e540-45b1-9365-b8e92b91e1b0 686af32b1be94b979025e27d50ec0dce 0e2414273bb744fb8a9eee2977f58e9b - - c59447b58e78401e9044174794112ce9 c59447b58e78401e9044174794112ce9] 199.19.213.176 "GET /v2.0/floatingips?fixed_ip_address=10.100.0.8&port_id=b9fd7ca2-dde8-464a-a3d2-b0c505fa692a HTTP/1.1" status: 200 len: 217 time: 0.0347424
2026-06-24 19:10:52.796 9 INFO neutron.wsgi [req-b6659d62-53f4-4040-aa55-24508a9a2353 req-813eaea2-d46e-4ba4-a178-411747be024b 686af32b1be94b979025e27d50ec0dce 0e2414273bb744fb8a9eee2977f58e9b - - c59447b58e78401e9044174794112ce9 c59447b58e78401e9044174794112ce9] 199.19.213.176 "GET /v2.0/subnets?id=4d681e85-665f-442b-a7f9-60d1955a2f30 HTTP/1.1" status: 200 len: 872 time: 0.0870738
2026-06-24 19:10:52.869 9 INFO neutron.wsgi [req-b6659d62-53f4-4040-aa55-24508a9a2353 req-f89f4870-1695-4388-8b23-97b3f7c0baed 686af32b1be94b979025e27d50ec0dce 0e2414273bb744fb8a9eee2977f58e9b - - c59447b58e78401e9044174794112ce9 c59447b58e78401e9044174794112ce9] 199.19.213.176 "GET /v2.0/ports?network_id=6dc26663-b48d-4fc5-9768-0fd10495ba72&device_owner=network%3Adhcp HTTP/1.1" status: 200 len: 210 time: 0.0570824
2026-06-24 19:10:52.903 9 INFO neutron.wsgi [req-d2f74806-736d-4d85-b3e2-6f30e0fb4b62 req-2853a373-4a98-40d1-9978-2fe66100fb03 686af32b1be94b979025e27d50ec0dce 0e2414273bb744fb8a9eee2977f58e9b - - c59447b58e78401e9044174794112ce9 c59447b58e78401e9044174794112ce9] 199.19.213.176 "GET /v2.0/subnets?id=2b8c4408-e77b-40c2-afb4-f38003ed2bc1 HTTP/1.1" status: 200 len: 869 time: 0.0904272
2026-06-24 19:10:52.944 9 INFO neutron.wsgi [req-d2f74806-736d-4d85-b3e2-6f30e0fb4b62 req-1e38fa4e-4274-4176-9481-4db5d3c85510 686af32b1be94b979025e27d50ec0dce 0e2414273bb744fb8a9eee2977f58e9b - - c59447b58e78401e9044174794112ce9 c59447b58e78401e9044174794112ce9] 199.19.213.176 "GET /v2.0/ports?network_id=825e61aa-87c6-4d8f-b019-c289288c3ddc&device_owner=network%3Adhcp HTTP/1.1" status: 200 len: 210 time: 0.0331891
2026-06-24 19:10:52.964 9 INFO neutron.notifiers.nova [-] Nova event matching ['req-073b9c1f-24c8-4833-b7fe-467f6bac8257'] response: {'name': 'network-changed', 'server_uuid': '04ca842e-6910-429b-83fe-51c049d1ac3e', 'tag': 'b7109695-d07d-4f93-a540-30023eae199e', 'status': 'completed', 'code': 200}
2026-06-24 19:10:53.012 10 INFO neutron.plugins.ml2.drivers.ovn.mech_driver.ovsdb.ovsdb_monitor [-] Router 662a5a7e-df02-4602-8bcf-340f59be6e57 is bound to host instance
2026-06-24 19:10:53.024 10 INFO neutron.db.ovn_revision_numbers_db [None req-5eef2444-b1ae-485e-b079-ec3ce6ef2354 4f10f8e3456c45888ba084e75ba8851b 7ca197cbfedf46c6a1675ce45718ce58 - - - -] Successfully bumped revision number for resource eeeb3a0c-78d8-437d-9b3f-cb472127696a (type: router_ports) to 1
2026-06-24 19:10:53.031 9 INFO neutron.wsgi [req-b6659d62-53f4-4040-aa55-24508a9a2353 req-2acadbdb-ad39-4734-971c-f88aba729fd6 686af32b1be94b979025e27d50ec0dce 0e2414273bb744fb8a9eee2977f58e9b - - c59447b58e78401e9044174794112ce9 c59447b58e78401e9044174794112ce9] 199.19.213.176 "GET /v2.0/networks/6dc26663-b48d-4fc5-9768-0fd10495ba72?fields=segments HTTP/1.1" status: 200 len: 212 time: 0.1411126
2026-06-24 19:10:53.070 9 INFO neutron.wsgi [req-d2f74806-736d-4d85-b3e2-6f30e0fb4b62 req-6c98f16e-3b1c-48f5-98e4-2740e4da07d8 686af32b1be94b979025e27d50ec0dce 0e2414273bb744fb8a9eee2977f58e9b - - c59447b58e78401e9044174794112ce9 c59447b58e78401e9044174794112ce9] 199.19.213.176 "GET /v2.0/networks/825e61aa-87c6-4d8f-b019-c289288c3ddc?fields=segments HTTP/1.1" status: 200 len: 212 time: 0.1057355
2026-06-24 19:10:53.118 10 INFO neutron.db.ovn_revision_numbers_db [None req-5eef2444-b1ae-485e-b079-ec3ce6ef2354 4f10f8e3456c45888ba084e75ba8851b 7ca197cbfedf46c6a1675ce45718ce58 - - - -] Successfully bumped revision number for resource 662a5a7e-df02-4602-8bcf-340f59be6e57 (type: routers) to 3
2026-06-24 19:10:53.134 9 INFO neutron.wsgi [req-b6659d62-53f4-4040-aa55-24508a9a2353 req-6f5cbadd-3ce3-40bd-9087-06d85507a847 686af32b1be94b979025e27d50ec0dce 0e2414273bb744fb8a9eee2977f58e9b - - c59447b58e78401e9044174794112ce9 c59447b58e78401e9044174794112ce9] 199.19.213.176 "GET /v2.0/networks/6dc26663-b48d-4fc5-9768-0fd10495ba72?fields=provider%3Aphysical_network&fields=provider%3Anetwork_type HTTP/1.1" status: 200 len: 277 time: 0.0944088
2026-06-24 19:10:53.163 10 INFO neutron.wsgi [None req-5eef2444-b1ae-485e-b079-ec3ce6ef2354 4f10f8e3456c45888ba084e75ba8851b 7ca197cbfedf46c6a1675ce45718ce58 - - - -] 10.0.0.32 "POST /v2.0/routers HTTP/1.1" status: 201 len: 871 time: 1.9465342
2026-06-24 19:10:53.311 10 INFO neutron.wsgi [req-76579612-4dc1-4eed-a42c-63d697017b71 req-9589bc4f-d091-4553-ae69-1d267a93432e cbbeb40ec2574b459ac4c0f2e3adfd41 916339a6ff6c40d59d79ecbe6d810096 - - default default] 10.0.0.181 "GET /v2.0/ports?device_id=3d0ea4b8-5e11-405f-a50d-688d999a61a3 HTTP/1.1" status: 200 len: 1168 time: 0.0394773
2026-06-24 19:10:53.381 10 INFO neutron.wsgi [req-76579612-4dc1-4eed-a42c-63d697017b71 req-ce3ef71b-d60d-4331-8aec-11b2db6cd6f1 cbbeb40ec2574b459ac4c0f2e3adfd41 916339a6ff6c40d59d79ecbe6d810096 - - default default] 10.0.0.181 "GET /v2.0/security-groups?id=a87170a4-2fb3-482f-b866-74e95082c61f&fields=id&fields=name HTTP/1.1" status: 200 len: 312 time: 0.0500913
2026-06-24 19:10:53.437 9 INFO neutron.wsgi [req-d2f74806-736d-4d85-b3e2-6f30e0fb4b62 req-7e33bd03-7542-4c00-98fb-61da6a38dedb 686af32b1be94b979025e27d50ec0dce 0e2414273bb744fb8a9eee2977f58e9b - - c59447b58e78401e9044174794112ce9 c59447b58e78401e9044174794112ce9] 199.19.213.176 "GET /v2.0/networks/825e61aa-87c6-4d8f-b019-c289288c3ddc?fields=provider%3Aphysical_network&fields=provider%3Anetwork_type HTTP/1.1" status: 200 len: 277 time: 0.3512874
2026-06-24 19:10:53.500 9 INFO neutron.wsgi [req-ce7616aa-f6fc-485d-ab8e-bfc0e019294c req-f649bf7a-29df-41e4-b96d-8a1cbae117ea 686af32b1be94b979025e27d50ec0dce 0e2414273bb744fb8a9eee2977f58e9b - - c59447b58e78401e9044174794112ce9 c59447b58e78401e9044174794112ce9] 199.19.213.176 "GET /v2.0/ports?tenant_id=57c1966884cf414d840e90b02354dc2f&device_id=04ca842e-6910-429b-83fe-51c049d1ac3e HTTP/1.1" status: 200 len: 1359 time: 0.3227563
2026-06-24 19:10:53.510 9 WARNING neutron.scheduler.dhcp_agent_scheduler [None req-0fa82e71-ec30-468d-91ea-85aba0d8322d 4f10f8e3456c45888ba084e75ba8851b 7ca197cbfedf46c6a1675ce45718ce58 - - - -] No more DHCP agents
2026-06-24 19:10:53.519 9 WARNING neutron.api.rpc.agentnotifiers.dhcp_rpc_agent_api [None req-0fa82e71-ec30-468d-91ea-85aba0d8322d 4f10f8e3456c45888ba084e75ba8851b 7ca197cbfedf46c6a1675ce45718ce58 - - - -] Unable to schedule network 55253de1-2e58-4f71-a573-4da169fafa06: no agents available; will retry on subsequent port and subnet creation events.
2026-06-24 19:10:53.635 9 INFO neutron.wsgi [req-ce7616aa-f6fc-485d-ab8e-bfc0e019294c req-8b224f86-9a7b-4879-af2a-0379d73488d7 686af32b1be94b979025e27d50ec0dce 0e2414273bb744fb8a9eee2977f58e9b - - c59447b58e78401e9044174794112ce9 c59447b58e78401e9044174794112ce9] 199.19.213.176 "GET /v2.0/networks?id=6dc26663-b48d-4fc5-9768-0fd10495ba72 HTTP/1.1" status: 200 len: 977 time: 0.1277242
2026-06-24 19:10:53.648 10 INFO neutron.db.ovn_revision_numbers_db [None req-03ada97e-4d6a-4de4-99bc-5c1c74d562d0 - - - - - -] Successfully bumped revision number for resource eeeb3a0c-78d8-437d-9b3f-cb472127696a (type: ports) to 1
2026-06-24 19:10:53.685 9 INFO neutron.wsgi [req-ce7616aa-f6fc-485d-ab8e-bfc0e019294c req-07919eca-d054-48af-b0d4-6d74f6a1e7ce 686af32b1be94b979025e27d50ec0dce 0e2414273bb744fb8a9eee2977f58e9b - - c59447b58e78401e9044174794112ce9 c59447b58e78401e9044174794112ce9] 199.19.213.176 "GET /v2.0/floatingips?fixed_ip_address=10.100.0.9&port_id=b7109695-d07d-4f93-a540-30023eae199e HTTP/1.1" status: 200 len: 217 time: 0.0432076
2026-06-24 19:10:53.750 9 INFO neutron.wsgi [req-ce7616aa-f6fc-485d-ab8e-bfc0e019294c req-0516e048-895c-4f8b-81c3-bc3f10071574 686af32b1be94b979025e27d50ec0dce 0e2414273bb744fb8a9eee2977f58e9b - - c59447b58e78401e9044174794112ce9 c59447b58e78401e9044174794112ce9] 199.19.213.176 "GET /v2.0/subnets?id=4d681e85-665f-442b-a7f9-60d1955a2f30 HTTP/1.1" status: 200 len: 872 time: 0.0488563
2026-06-24 19:10:53.792 9 INFO neutron.db.ovn_revision_numbers_db [None req-0fa82e71-ec30-468d-91ea-85aba0d8322d 4f10f8e3456c45888ba084e75ba8851b 7ca197cbfedf46c6a1675ce45718ce58 - - - -] Successfully bumped revision number for resource b1cc2a57-e01c-40e4-a09c-870d0f478e3a (type: ports) to 1
2026-06-24 19:10:53.796 9 INFO neutron.wsgi [req-ce7616aa-f6fc-485d-ab8e-bfc0e019294c req-245b4e6f-e091-4f20-b5fc-33ec816b0453 686af32b1be94b979025e27d50ec0dce 0e2414273bb744fb8a9eee2977f58e9b - - c59447b58e78401e9044174794112ce9 c59447b58e78401e9044174794112ce9] 199.19.213.176 "GET /v2.0/ports?network_id=6dc26663-b48d-4fc5-9768-0fd10495ba72&device_owner=network%3Adhcp HTTP/1.1" status: 200 len: 210 time: 0.0372746
2026-06-24 19:10:53.867 10 INFO neutron.wsgi [req-8cc5b95a-5746-4f10-b6a3-6534242ceda5 req-47c2e193-1c49-48f4-b291-c332b89d3095 b947cafe60034046a663e1cc442ac722 57c1966884cf414d840e90b02354dc2f - - default default] 10.0.0.181 "GET /v2.0/ports?device_id=04ca842e-6910-429b-83fe-51c049d1ac3e HTTP/1.1" status: 200 len: 1168 time: 0.0761194
2026-06-24 19:10:53.919 9 INFO neutron.wsgi [req-ce7616aa-f6fc-485d-ab8e-bfc0e019294c req-9d417747-4be8-4843-906e-e90f5c82697b 686af32b1be94b979025e27d50ec0dce 0e2414273bb744fb8a9eee2977f58e9b - - c59447b58e78401e9044174794112ce9 c59447b58e78401e9044174794112ce9] 199.19.213.176 "GET /v2.0/networks/6dc26663-b48d-4fc5-9768-0fd10495ba72?fields=segments HTTP/1.1" status: 200 len: 212 time: 0.1160049
2026-06-24 19:10:53.955 10 INFO neutron.wsgi [req-8cc5b95a-5746-4f10-b6a3-6534242ceda5 req-d98c2bf8-2f5a-4d62-9e94-ee86c4644c7b b947cafe60034046a663e1cc442ac722 57c1966884cf414d840e90b02354dc2f - - default default] 10.0.0.181 "GET /v2.0/security-groups?id=e7224cc6-4f67-41de-ab16-eaeca0cb3048&fields=id&fields=name HTTP/1.1" status: 200 len: 313 time: 0.0794468
2026-06-24 19:10:54.018 10 INFO neutron.db.ovn_revision_numbers_db [None req-03ada97e-4d6a-4de4-99bc-5c1c74d562d0 - - - - - -] Successfully bumped revision number for resource eeeb3a0c-78d8-437d-9b3f-cb472127696a (type: router_ports) to 3
2026-06-24 19:10:54.100 9 INFO neutron.wsgi [req-ce7616aa-f6fc-485d-ab8e-bfc0e019294c req-e4b77686-7231-4c2b-83fb-37a0cb3a5525 686af32b1be94b979025e27d50ec0dce 0e2414273bb744fb8a9eee2977f58e9b - - c59447b58e78401e9044174794112ce9 c59447b58e78401e9044174794112ce9] 199.19.213.176 "GET /v2.0/networks/6dc26663-b48d-4fc5-9768-0fd10495ba72?fields=provider%3Aphysical_network&fields=provider%3Anetwork_type HTTP/1.1" status: 200 len: 277 time: 0.1491318
2026-06-24 19:10:54.161 10 INFO neutron.db.ovn_revision_numbers_db [None req-03ada97e-4d6a-4de4-99bc-5c1c74d562d0 - - - - - -] Successfully bumped revision number for resource eeeb3a0c-78d8-437d-9b3f-cb472127696a (type: ports) to 2
2026-06-24 19:10:54.403 10 INFO neutron.db.ovn_revision_numbers_db [None req-03ada97e-4d6a-4de4-99bc-5c1c74d562d0 - - - - - -] Successfully bumped revision number for resource eeeb3a0c-78d8-437d-9b3f-cb472127696a (type: ports) to 4
2026-06-24 19:10:54.497 9 WARNING neutron.scheduler.dhcp_agent_scheduler [None req-4c14858e-84e2-4117-98d3-c8656f5e092d 4f10f8e3456c45888ba084e75ba8851b 7ca197cbfedf46c6a1675ce45718ce58 - - default default] No more DHCP agents
2026-06-24 19:10:54.502 9 WARNING neutron.api.rpc.agentnotifiers.dhcp_rpc_agent_api [None req-4c14858e-84e2-4117-98d3-c8656f5e092d 4f10f8e3456c45888ba084e75ba8851b 7ca197cbfedf46c6a1675ce45718ce58 - - default default] Unable to schedule network 069016be-42a1-4da3-9f19-4be903b5f388: no agents available; will retry on subsequent port and subnet creation events.
2026-06-24 19:10:54.659 9 INFO neutron.db.ovn_revision_numbers_db [None req-4c14858e-84e2-4117-98d3-c8656f5e092d 4f10f8e3456c45888ba084e75ba8851b 7ca197cbfedf46c6a1675ce45718ce58 - - default default] Successfully bumped revision number for resource 4d5df4f5-5c71-4839-be5a-6a32cd9ffd99 (type: ports) to 1
2026-06-24 19:10:54.675 10 INFO neutron.wsgi [req-ee7da72f-1030-49eb-a963-d5b5101dcf5d req-35e40f9d-a751-4b05-aff6-2767724b0184 cbbeb40ec2574b459ac4c0f2e3adfd41 916339a6ff6c40d59d79ecbe6d810096 - - default default] 10.0.0.181 "GET /v2.0/ports?device_id=3d0ea4b8-5e11-405f-a50d-688d999a61a3 HTTP/1.1" status: 200 len: 1168 time: 0.0522637
2026-06-24 19:10:54.729 10 INFO neutron.wsgi [req-ee7da72f-1030-49eb-a963-d5b5101dcf5d req-5b4ec015-9699-44a5-a2c6-c4e6dd36fef5 cbbeb40ec2574b459ac4c0f2e3adfd41 916339a6ff6c40d59d79ecbe6d810096 - - default default] 10.0.0.181 "GET /v2.0/security-groups?id=a87170a4-2fb3-482f-b866-74e95082c61f&fields=id&fields=name HTTP/1.1" status: 200 len: 312 time: 0.0478783
2026-06-24 19:10:54.826 10 INFO neutron.db.ovn_revision_numbers_db [None req-03ada97e-4d6a-4de4-99bc-5c1c74d562d0 - - - - - -] Successfully bumped revision number for resource eeeb3a0c-78d8-437d-9b3f-cb472127696a (type: router_ports) to 4
2026-06-24 19:10:54.852 9 INFO neutron.plugins.ml2.drivers.ovn.mech_driver.mech_driver [None req-df408e8f-efc6-4758-a26d-e9311033e58d - - - - - -] OVN reports status up for port: b1cc2a57-e01c-40e4-a09c-870d0f478e3a
2026-06-24 19:10:54.868 9 INFO neutron.db.ovn_revision_numbers_db [None req-0fa82e71-ec30-468d-91ea-85aba0d8322d 4f10f8e3456c45888ba084e75ba8851b 7ca197cbfedf46c6a1675ce45718ce58 - - - -] Successfully bumped revision number for resource b1cc2a57-e01c-40e4-a09c-870d0f478e3a (type: router_ports) to 1
2026-06-24 19:10:54.871 9 INFO neutron.plugins.ml2.plugin [None req-df408e8f-efc6-4758-a26d-e9311033e58d - - - - - -] Attempt 1 to provision port b1cc2a57-e01c-40e4-a09c-870d0f478e3a
2026-06-24 19:10:54.915 9 INFO neutron.plugins.ml2.drivers.ovn.mech_driver.ovsdb.ovsdb_monitor [None req-a78c4975-3c82-4bed-bc16-bc014fa055df - - - - - -] Router 69a5c2dc-604e-4347-a657-52e6cba6d80c is bound to host instance
2026-06-24 19:10:55.025 9 INFO neutron.notifiers.nova [-] Nova event matching ['req-889d463e-26fe-40c3-a55c-515a73e42533'] response: {'name': 'network-changed', 'server_uuid': '3d0ea4b8-5e11-405f-a50d-688d999a61a3', 'tag': 'b9fd7ca2-dde8-464a-a3d2-b0c505fa692a', 'status': 'completed', 'code': 200}
2026-06-24 19:10:55.028 9 INFO neutron.db.ovn_revision_numbers_db [None req-0fa82e71-ec30-468d-91ea-85aba0d8322d 4f10f8e3456c45888ba084e75ba8851b 7ca197cbfedf46c6a1675ce45718ce58 - - - -] Successfully bumped revision number for resource 69a5c2dc-604e-4347-a657-52e6cba6d80c (type: routers) to 3
2026-06-24 19:10:55.059 10 INFO neutron.wsgi [req-d289c28c-a7c5-4f2e-80aa-25f83a18f315 req-35b3ab3f-0e40-45ae-9be0-cbc87f530416 b947cafe60034046a663e1cc442ac722 57c1966884cf414d840e90b02354dc2f - - default default] 10.0.0.181 "GET /v2.0/ports?device_id=04ca842e-6910-429b-83fe-51c049d1ac3e HTTP/1.1" status: 200 len: 1168 time: 0.0387833
2026-06-24 19:10:55.105 10 INFO neutron.wsgi [req-d289c28c-a7c5-4f2e-80aa-25f83a18f315 req-3d1edc3a-13a6-4418-9059-c5ea54eac3e7 b947cafe60034046a663e1cc442ac722 57c1966884cf414d840e90b02354dc2f - - default default] 10.0.0.181 "GET /v2.0/security-groups?id=e7224cc6-4f67-41de-ab16-eaeca0cb3048&fields=id&fields=name HTTP/1.1" status: 200 len: 313 time: 0.0364633
2026-06-24 19:10:55.108 9 INFO neutron.wsgi [None req-0fa82e71-ec30-468d-91ea-85aba0d8322d 4f10f8e3456c45888ba084e75ba8851b 7ca197cbfedf46c6a1675ce45718ce58 - - - -] 10.0.0.32 "POST /v2.0/routers HTTP/1.1" status: 201 len: 884 time: 2.9761763
2026-06-24 19:10:55.118 9 INFO neutron.wsgi [req-93a96d77-5a93-4b6c-84c9-1b844f7b76c6 req-0f88ff73-9a6a-4237-aba7-05b6a89db0ae 686af32b1be94b979025e27d50ec0dce 0e2414273bb744fb8a9eee2977f58e9b - - c59447b58e78401e9044174794112ce9 c59447b58e78401e9044174794112ce9] 199.19.213.176 "GET /v2.0/ports?tenant_id=916339a6ff6c40d59d79ecbe6d810096&device_id=3d0ea4b8-5e11-405f-a50d-688d999a61a3 HTTP/1.1" status: 200 len: 1359 time: 0.0790288
2026-06-24 19:10:55.230 9 INFO neutron.wsgi [req-93a96d77-5a93-4b6c-84c9-1b844f7b76c6 req-704d70ca-01f6-4ef3-8580-80d0e4518cc2 686af32b1be94b979025e27d50ec0dce 0e2414273bb744fb8a9eee2977f58e9b - - c59447b58e78401e9044174794112ce9 c59447b58e78401e9044174794112ce9] 199.19.213.176 "GET /v2.0/networks?id=825e61aa-87c6-4d8f-b019-c289288c3ddc HTTP/1.1" status: 200 len: 974 time: 0.1003356
2026-06-24 19:10:55.274 9 INFO neutron.wsgi [req-93a96d77-5a93-4b6c-84c9-1b844f7b76c6 req-30d1a6ed-4c68-4ca8-8446-e402c74a3c12 686af32b1be94b979025e27d50ec0dce 0e2414273bb744fb8a9eee2977f58e9b - - c59447b58e78401e9044174794112ce9 c59447b58e78401e9044174794112ce9] 199.19.213.176 "GET /v2.0/floatingips?fixed_ip_address=10.100.0.8&port_id=b9fd7ca2-dde8-464a-a3d2-b0c505fa692a HTTP/1.1" status: 200 len: 217 time: 0.0352862
2026-06-24 19:10:55.561 10 WARNING neutron.scheduler.dhcp_agent_scheduler [None req-17c37112-0852-4356-9d0d-2a0937d824e8 4f10f8e3456c45888ba084e75ba8851b 7ca197cbfedf46c6a1675ce45718ce58 - - default default] No more DHCP agents
2026-06-24 19:10:55.563 10 WARNING neutron.api.rpc.agentnotifiers.dhcp_rpc_agent_api [None req-17c37112-0852-4356-9d0d-2a0937d824e8 4f10f8e3456c45888ba084e75ba8851b 7ca197cbfedf46c6a1675ce45718ce58 - - default default] Unable to schedule network aff67b49-b50b-4ab4-a528-fa88719fc3bc: no agents available; will retry on subsequent port and subnet creation events.
2026-06-24 19:10:55.587 9 INFO neutron.wsgi [req-93a96d77-5a93-4b6c-84c9-1b844f7b76c6 req-8d425eb4-661a-4f99-99a2-e178e8f3d781 686af32b1be94b979025e27d50ec0dce 0e2414273bb744fb8a9eee2977f58e9b - - c59447b58e78401e9044174794112ce9 c59447b58e78401e9044174794112ce9] 199.19.213.176 "GET /v2.0/subnets?id=2b8c4408-e77b-40c2-afb4-f38003ed2bc1 HTTP/1.1" status: 200 len: 869 time: 0.2833219
2026-06-24 19:10:55.634 9 INFO neutron.wsgi [req-93a96d77-5a93-4b6c-84c9-1b844f7b76c6 req-6d55692b-e6fa-4364-9193-24016c8c28af 686af32b1be94b979025e27d50ec0dce 0e2414273bb744fb8a9eee2977f58e9b - - c59447b58e78401e9044174794112ce9 c59447b58e78401e9044174794112ce9] 199.19.213.176 "GET /v2.0/ports?network_id=825e61aa-87c6-4d8f-b019-c289288c3ddc&device_owner=network%3Adhcp HTTP/1.1" status: 200 len: 210 time: 0.0365157
2026-06-24 19:10:55.701 10 INFO neutron.db.ovn_revision_numbers_db [None req-17c37112-0852-4356-9d0d-2a0937d824e8 4f10f8e3456c45888ba084e75ba8851b 7ca197cbfedf46c6a1675ce45718ce58 - - default default] Successfully bumped revision number for resource 1e70646d-9d8a-4083-a487-ceec159fe6fa (type: ports) to 1
2026-06-24 19:10:55.734 9 INFO neutron.db.ovn_revision_numbers_db [None req-4c14858e-84e2-4117-98d3-c8656f5e092d 4f10f8e3456c45888ba084e75ba8851b 7ca197cbfedf46c6a1675ce45718ce58 - - default default] Successfully bumped revision number for resource 4d5df4f5-5c71-4839-be5a-6a32cd9ffd99 (type: router_ports) to 2
2026-06-24 19:10:55.764 9 INFO neutron.wsgi [req-93a96d77-5a93-4b6c-84c9-1b844f7b76c6 req-d60dc97c-dc3b-418b-a394-c6589bee1226 686af32b1be94b979025e27d50ec0dce 0e2414273bb744fb8a9eee2977f58e9b - - c59447b58e78401e9044174794112ce9 c59447b58e78401e9044174794112ce9] 199.19.213.176 "GET /v2.0/networks/825e61aa-87c6-4d8f-b019-c289288c3ddc?fields=segments HTTP/1.1" status: 200 len: 212 time: 0.1113639
2026-06-24 19:10:55.896 10 INFO neutron.wsgi [req-9cbbacc7-df1e-4e9b-94d7-bfdcb8f1adda req-b6df41bb-2056-402a-8c0c-89c46429bd07 cbbeb40ec2574b459ac4c0f2e3adfd41 916339a6ff6c40d59d79ecbe6d810096 - - default default] 10.0.0.181 "GET /v2.0/ports?device_id=3d0ea4b8-5e11-405f-a50d-688d999a61a3 HTTP/1.1" status: 200 len: 1168 time: 0.0921700
2026-06-24 19:10:55.953 10 INFO neutron.wsgi [req-9cbbacc7-df1e-4e9b-94d7-bfdcb8f1adda req-09f6be89-46ff-4a0c-806f-287587508f3d cbbeb40ec2574b459ac4c0f2e3adfd41 916339a6ff6c40d59d79ecbe6d810096 - - default default] 10.0.0.181 "GET /v2.0/security-groups?id=a87170a4-2fb3-482f-b866-74e95082c61f&fields=id&fields=name HTTP/1.1" status: 200 len: 312 time: 0.0421422
2026-06-24 19:10:55.969 9 INFO neutron.wsgi [req-93a96d77-5a93-4b6c-84c9-1b844f7b76c6 req-052f5a87-0f2c-495e-a06d-5f2eaff49d61 686af32b1be94b979025e27d50ec0dce 0e2414273bb744fb8a9eee2977f58e9b - - c59447b58e78401e9044174794112ce9 c59447b58e78401e9044174794112ce9] 199.19.213.176 "GET /v2.0/networks/825e61aa-87c6-4d8f-b019-c289288c3ddc?fields=provider%3Aphysical_network&fields=provider%3Anetwork_type HTTP/1.1" status: 200 len: 277 time: 0.1955888
2026-06-24 19:10:56.047 9 INFO neutron.db.ovn_revision_numbers_db [None req-4c14858e-84e2-4117-98d3-c8656f5e092d 4f10f8e3456c45888ba084e75ba8851b 7ca197cbfedf46c6a1675ce45718ce58 - - default default] Successfully bumped revision number for resource 4d5df4f5-5c71-4839-be5a-6a32cd9ffd99 (type: ports) to 2
2026-06-24 19:10:56.176 9 WARNING neutron.scheduler.dhcp_agent_scheduler [None req-4c14858e-84e2-4117-98d3-c8656f5e092d 4f10f8e3456c45888ba084e75ba8851b 7ca197cbfedf46c6a1675ce45718ce58 - - default default] No more DHCP agents
2026-06-24 19:10:56.178 9 WARNING neutron.api.rpc.agentnotifiers.dhcp_rpc_agent_api [None req-4c14858e-84e2-4117-98d3-c8656f5e092d 4f10f8e3456c45888ba084e75ba8851b 7ca197cbfedf46c6a1675ce45718ce58 - - default default] Unable to schedule network 069016be-42a1-4da3-9f19-4be903b5f388: no agents available; will retry on subsequent port and subnet creation events.
2026-06-24 19:10:56.181 10 WARNING neutron.plugins.ml2.drivers.ovn.mech_driver.ovsdb.ovn_client [None req-b80654a2-dc53-441e-bb73-9774f093998e - - - - - -] No hosting information found for port d4a8c77d-3488-48b3-87a8-e08d24680f6f: RuntimeError: No hosting information found for port d4a8c77d-3488-48b3-87a8-e08d24680f6f
2026-06-24 19:10:56.182 10 INFO neutron.plugins.ml2.drivers.ovn.mech_driver.mech_driver [None req-b80654a2-dc53-441e-bb73-9774f093998e - - - - - -] OVN reports status up for port: eeeb3a0c-78d8-437d-9b3f-cb472127696a
2026-06-24 19:10:56.211 10 INFO neutron.plugins.ml2.plugin [None req-b80654a2-dc53-441e-bb73-9774f093998e - - - - - -] Attempt 1 to provision port eeeb3a0c-78d8-437d-9b3f-cb472127696a
2026-06-24 19:10:56.221 10 INFO neutron.wsgi [req-ec47bc6e-3532-4511-90ad-c43b577c50d2 req-bfba50a2-6985-474a-bd6b-0b8a10e9f856 b947cafe60034046a663e1cc442ac722 57c1966884cf414d840e90b02354dc2f - - default default] 10.0.0.181 "GET /v2.0/ports?device_id=04ca842e-6910-429b-83fe-51c049d1ac3e HTTP/1.1" status: 200 len: 1168 time: 0.0521157
2026-06-24 19:10:56.248 9 INFO neutron.db.ovn_revision_numbers_db [None req-a78c4975-3c82-4bed-bc16-bc014fa055df - - - - - -] Successfully bumped revision number for resource b1cc2a57-e01c-40e4-a09c-870d0f478e3a (type: ports) to 1
2026-06-24 19:10:56.282 10 INFO neutron.wsgi [req-ec47bc6e-3532-4511-90ad-c43b577c50d2 req-84bc6192-4414-48e1-9ebb-a018c232d856 b947cafe60034046a663e1cc442ac722 57c1966884cf414d840e90b02354dc2f - - default default] 10.0.0.181 "GET /v2.0/security-groups?id=e7224cc6-4f67-41de-ab16-eaeca0cb3048&fields=id&fields=name HTTP/1.1" status: 200 len: 313 time: 0.0430439
2026-06-24 19:10:56.306 10 INFO neutron.db.ovn_revision_numbers_db [None req-17c37112-0852-4356-9d0d-2a0937d824e8 4f10f8e3456c45888ba084e75ba8851b 7ca197cbfedf46c6a1675ce45718ce58 - - default default] Successfully bumped revision number for resource 1e70646d-9d8a-4083-a487-ceec159fe6fa (type: router_ports) to 2
2026-06-24 19:10:56.357 10 INFO neutron.plugins.ml2.drivers.ovn.mech_driver.mech_driver [None req-b80654a2-dc53-441e-bb73-9774f093998e - - - - - -] OVN reports status up for port: 1e70646d-9d8a-4083-a487-ceec159fe6fa
2026-06-24 19:10:56.368 10 INFO neutron.plugins.ml2.plugin [None req-b80654a2-dc53-441e-bb73-9774f093998e - - - - - -] Attempt 1 to provision port 1e70646d-9d8a-4083-a487-ceec159fe6fa
2026-06-24 19:10:56.485 10 INFO neutron.db.ovn_revision_numbers_db [None req-17c37112-0852-4356-9d0d-2a0937d824e8 4f10f8e3456c45888ba084e75ba8851b 7ca197cbfedf46c6a1675ce45718ce58 - - default default] Successfully bumped revision number for resource 1e70646d-9d8a-4083-a487-ceec159fe6fa (type: ports) to 2
2026-06-24 19:10:56.596 10 WARNING neutron.scheduler.dhcp_agent_scheduler [None req-17c37112-0852-4356-9d0d-2a0937d824e8 4f10f8e3456c45888ba084e75ba8851b 7ca197cbfedf46c6a1675ce45718ce58 - - default default] No more DHCP agents
2026-06-24 19:10:56.597 10 WARNING neutron.api.rpc.agentnotifiers.dhcp_rpc_agent_api [None req-17c37112-0852-4356-9d0d-2a0937d824e8 4f10f8e3456c45888ba084e75ba8851b 7ca197cbfedf46c6a1675ce45718ce58 - - default default] Unable to schedule network aff67b49-b50b-4ab4-a528-fa88719fc3bc: no agents available; will retry on subsequent port and subnet creation events.
2026-06-24 19:10:56.748 10 INFO neutron.db.ovn_revision_numbers_db [None req-b80654a2-dc53-441e-bb73-9774f093998e - - - - - -] Successfully bumped revision number for resource 1e70646d-9d8a-4083-a487-ceec159fe6fa (type: ports) to 3
2026-06-24 19:10:56.967 9 INFO neutron.db.ovn_revision_numbers_db [None req-a78c4975-3c82-4bed-bc16-bc014fa055df - - - - - -] Successfully bumped revision number for resource b1cc2a57-e01c-40e4-a09c-870d0f478e3a (type: router_ports) to 3
2026-06-24 19:10:57.186 9 INFO neutron.plugins.ml2.drivers.ovn.mech_driver.mech_driver [None req-df408e8f-efc6-4758-a26d-e9311033e58d - - - - - -] OVN reports status up for port: 4d5df4f5-5c71-4839-be5a-6a32cd9ffd99
2026-06-24 19:10:57.212 9 INFO neutron.plugins.ml2.plugin [None req-df408e8f-efc6-4758-a26d-e9311033e58d - - - - - -] Attempt 1 to provision port 4d5df4f5-5c71-4839-be5a-6a32cd9ffd99
2026-06-24 19:10:57.234 9 INFO neutron.db.ovn_revision_numbers_db [None req-a78c4975-3c82-4bed-bc16-bc014fa055df - - - - - -] Successfully bumped revision number for resource b1cc2a57-e01c-40e4-a09c-870d0f478e3a (type: ports) to 2
2026-06-24 19:10:57.243 10 INFO neutron.db.ovn_revision_numbers_db [None req-b80654a2-dc53-441e-bb73-9774f093998e - - - - - -] Successfully bumped revision number for resource 1e70646d-9d8a-4083-a487-ceec159fe6fa (type: router_ports) to 3
2026-06-24 19:10:57.267 10 INFO neutron.wsgi [req-53b4fe22-bf4e-4d64-99f7-cafc9c8a4f02 req-d317a672-3f3f-4655-9a37-a62aea3aeb59 cbbeb40ec2574b459ac4c0f2e3adfd41 916339a6ff6c40d59d79ecbe6d810096 - - default default] 10.0.0.181 "GET /v2.0/ports?device_id=3d0ea4b8-5e11-405f-a50d-688d999a61a3 HTTP/1.1" status: 200 len: 1168 time: 0.1578844
2026-06-24 19:10:57.338 10 INFO neutron.wsgi [req-53b4fe22-bf4e-4d64-99f7-cafc9c8a4f02 req-ead0ca3f-95f6-48f7-86b6-d676c6ccb6d3 cbbeb40ec2574b459ac4c0f2e3adfd41 916339a6ff6c40d59d79ecbe6d810096 - - default default] 10.0.0.181 "GET /v2.0/security-groups?id=a87170a4-2fb3-482f-b866-74e95082c61f&fields=id&fields=name HTTP/1.1" status: 200 len: 312 time: 0.0589783
2026-06-24 19:10:57.409 10 INFO neutron.wsgi [req-7695f5dd-a6c1-4634-891a-5c7f69025d66 req-bc8d28de-4814-463f-bca6-3f63c8eecdda b947cafe60034046a663e1cc442ac722 57c1966884cf414d840e90b02354dc2f - - default default] 10.0.0.181 "GET /v2.0/ports?device_id=04ca842e-6910-429b-83fe-51c049d1ac3e HTTP/1.1" status: 200 len: 1168 time: 0.0517867
2026-06-24 19:10:57.469 10 INFO neutron.wsgi [req-7695f5dd-a6c1-4634-891a-5c7f69025d66 req-4141ff60-a954-4bf3-88cb-ffdb1f791df9 b947cafe60034046a663e1cc442ac722 57c1966884cf414d840e90b02354dc2f - - default default] 10.0.0.181 "GET /v2.0/security-groups?id=e7224cc6-4f67-41de-ab16-eaeca0cb3048&fields=id&fields=name HTTP/1.1" status: 200 len: 313 time: 0.0525358
2026-06-24 19:10:57.638 9 INFO neutron.db.ovn_revision_numbers_db [None req-4c14858e-84e2-4117-98d3-c8656f5e092d 4f10f8e3456c45888ba084e75ba8851b 7ca197cbfedf46c6a1675ce45718ce58 - - - -] Successfully bumped revision number for resource 4d5df4f5-5c71-4839-be5a-6a32cd9ffd99 (type: router_ports) to 2
2026-06-24 19:10:57.641 9 INFO neutron.wsgi [None req-4c14858e-84e2-4117-98d3-c8656f5e092d 4f10f8e3456c45888ba084e75ba8851b 7ca197cbfedf46c6a1675ce45718ce58 - - - -] 10.0.0.32 "PUT /v2.0/routers/662a5a7e-df02-4602-8bcf-340f59be6e57/add_router_interface HTTP/1.1" status: 200 len: 503 time: 4.4718494
2026-06-24 19:10:57.648 9 INFO neutron.db.ovn_revision_numbers_db [None req-df408e8f-efc6-4758-a26d-e9311033e58d - - - - - -] Successfully bumped revision number for resource 4d5df4f5-5c71-4839-be5a-6a32cd9ffd99 (type: ports) to 3
2026-06-24 19:10:57.657 9 INFO neutron.db.ovn_revision_numbers_db [None req-a78c4975-3c82-4bed-bc16-bc014fa055df - - - - - -] Successfully bumped revision number for resource b1cc2a57-e01c-40e4-a09c-870d0f478e3a (type: ports) to 4
2026-06-24 19:10:57.889 10 INFO neutron.db.ovn_revision_numbers_db [None req-17c37112-0852-4356-9d0d-2a0937d824e8 4f10f8e3456c45888ba084e75ba8851b 7ca197cbfedf46c6a1675ce45718ce58 - - - -] Successfully bumped revision number for resource 1e70646d-9d8a-4083-a487-ceec159fe6fa (type: router_ports) to 3
2026-06-24 19:10:57.893 10 INFO neutron.wsgi [None req-17c37112-0852-4356-9d0d-2a0937d824e8 4f10f8e3456c45888ba084e75ba8851b 7ca197cbfedf46c6a1675ce45718ce58 - - - -] 10.0.0.32 "PUT /v2.0/routers/69a5c2dc-604e-4347-a657-52e6cba6d80c/add_router_interface HTTP/1.1" status: 200 len: 503 time: 2.7738945
2026-06-24 19:10:58.060 9 INFO neutron.db.ovn_revision_numbers_db [None req-df408e8f-efc6-4758-a26d-e9311033e58d - - - - - -] Successfully bumped revision number for resource 4d5df4f5-5c71-4839-be5a-6a32cd9ffd99 (type: router_ports) to 3
2026-06-24 19:10:58.188 9 INFO neutron.db.ovn_revision_numbers_db [None req-a78c4975-3c82-4bed-bc16-bc014fa055df - - - - - -] Successfully bumped revision number for resource b1cc2a57-e01c-40e4-a09c-870d0f478e3a (type: router_ports) to 4
2026-06-24 19:10:58.254 10 INFO neutron.db.ovn_revision_numbers_db [None req-e8eeb4fa-1536-48dd-9934-446b7a53dba9 af38270eb91146bebe45fe88cec892ae 9f7ef141a199463a8856946b26c17d62 - - - -] Successfully bumped revision number for resource 31983900-1897-4d51-b499-54b8f3e616c7 (type: security_groups) to 1
2026-06-24 19:10:58.275 10 INFO neutron.wsgi [None req-e8eeb4fa-1536-48dd-9934-446b7a53dba9 af38270eb91146bebe45fe88cec892ae 9f7ef141a199463a8856946b26c17d62 - - - -] 10.0.0.32 "POST /v2.0/security-groups HTTP/1.1" status: 201 len: 1797 time: 0.1221385
2026-06-24 19:10:58.438 10 INFO neutron.db.ovn_revision_numbers_db [None req-8a6833af-a5a8-4197-b8aa-940f284b09ef af38270eb91146bebe45fe88cec892ae 9f7ef141a199463a8856946b26c17d62 - - - -] Successfully bumped revision number for resource 9f9d81be-55f8-48b0-aa62-b8ffb02f4642 (type: security_group_rules) to 0
2026-06-24 19:10:58.449 10 INFO neutron.wsgi [req-d055b048-247b-4489-a168-14895b2f7bc1 req-b299b441-10e9-4856-8e80-71e744edf361 cbbeb40ec2574b459ac4c0f2e3adfd41 916339a6ff6c40d59d79ecbe6d810096 - - default default] 10.0.0.181 "GET /v2.0/ports?device_id=3d0ea4b8-5e11-405f-a50d-688d999a61a3 HTTP/1.1" status: 200 len: 1168 time: 0.0552809
2026-06-24 19:10:58.483 10 INFO neutron.wsgi [None req-8a6833af-a5a8-4197-b8aa-940f284b09ef af38270eb91146bebe45fe88cec892ae 9f7ef141a199463a8856946b26c17d62 - - - -] 10.0.0.32 "POST /v2.0/security-group-rules HTTP/1.1" status: 201 len: 764 time: 0.2013283
2026-06-24 19:10:58.507 10 INFO neutron.wsgi [req-d055b048-247b-4489-a168-14895b2f7bc1 req-cb981dae-78d5-4a45-a8d6-08117912ee67 cbbeb40ec2574b459ac4c0f2e3adfd41 916339a6ff6c40d59d79ecbe6d810096 - - default default] 10.0.0.181 "GET /v2.0/security-groups?id=a87170a4-2fb3-482f-b866-74e95082c61f&fields=id&fields=name HTTP/1.1" status: 200 len: 312 time: 0.0457520
