2026-06-24 19:12:48.794 10 INFO neutron.wsgi [None req-ceb345e7-6bfe-4ca8-b6af-51f2ca952328 7ec65932304445b4bc8c4402e5b13f70 810c2aef5f064a2a98dde81ac5306e60 - - - -] 10.0.0.32 "PUT /v2.0/routers/de724a39-cc89-488c-8198-e3bb6f46720b/add_router_interface HTTP/1.1" status: 200 len: 503 time: 2.2040350 /var/lib/openstack/lib/python3.10/site-packages/pycadf/identifier.py:71: UserWarning: Invalid uuid: neutron. To ensure interoperability, identifiers should be a valid uuid. warnings.warn(('Invalid uuid: %s. To ensure interoperability, '
2026-06-24 19:12:48.853 9 INFO neutron.wsgi [None req-784c042b-6b8e-4b28-a454-bc39727fd6db 7ec65932304445b4bc8c4402e5b13f70 810c2aef5f064a2a98dde81ac5306e60 - - default default] 10.0.0.32 "GET /v2.0/ports/20ea2a01-90b0-4aa0-b77e-06ae2c38b66a HTTP/1.1" status: 200 len: 1205 time: 0.0537877
2026-06-24 19:12:48.862 9 INFO neutron.db.ovn_revision_numbers_db [None req-1383d22b-0392-4a0a-b032-1e294a076dba 2cf52b7df95140d7bf3b7f867c17eefa ad37b4197c0f4bf394c34c2f535c41cf - - - -] Successfully bumped revision number for resource a404dcda-5448-4272-a72f-f88d2e86dd65 (type: ports) to 1
2026-06-24 19:12:48.886 9 INFO neutron.wsgi [None req-1383d22b-0392-4a0a-b032-1e294a076dba 2cf52b7df95140d7bf3b7f867c17eefa ad37b4197c0f4bf394c34c2f535c41cf - - - -] 199.19.213.176 "POST /v2.0/ports HTTP/1.1" status: 201 len: 1158 time: 0.5935116
2026-06-24 19:12:49.190 9 INFO neutron.services.segments.plugin [-] Segment 2b4de2dd-dc0c-46e6-a003-3b1fcc57df11 resource provider aggregate not found
2026-06-24 19:12:49.196 9 INFO neutron.services.segments.plugin [-] Segment 2b4de2dd-dc0c-46e6-a003-3b1fcc57df11 resource provider aggregate not found
2026-06-24 19:12:49.217 9 INFO neutron.services.segments.plugin [-] Segment 2b4de2dd-dc0c-46e6-a003-3b1fcc57df11 resource provider not found; error: Placement Client Error (4xx): {"errors": [{"status": 404, "title": "Not Found", "detail": "The resource could not be found.\n\n No resource provider with uuid 2b4de2dd-dc0c-46e6-a003-3b1fcc57df11 found for delete ", "request_id": "req-0aef4d08-c241-45a0-abe9-35c35558e469"}]}
2026-06-24 19:12:49.218 9 INFO neutron.services.segments.plugin [-] Segment 2b4de2dd-dc0c-46e6-a003-3b1fcc57df11 resource provider not found; error: Placement Client Error (4xx): {"errors": [{"status": 404, "title": "Not Found", "detail": "The resource could not be found.\n\n No resource provider with uuid 2b4de2dd-dc0c-46e6-a003-3b1fcc57df11 found for delete ", "request_id": "req-5fa593c8-430e-4e24-aa2a-48177e10c875"}]}
2026-06-24 19:12:49.335 9 INFO neutron.db.ovn_revision_numbers_db [None req-e491ab42-3aa8-43d9-94f7-94e22aac0bfa 686af32b1be94b979025e27d50ec0dce 0e2414273bb744fb8a9eee2977f58e9b - - - -] Successfully bumped revision number for resource a404dcda-5448-4272-a72f-f88d2e86dd65 (type: ports) to 2
2026-06-24 19:12:49.505 9 INFO neutron.db.ovn_revision_numbers_db [None req-e491ab42-3aa8-43d9-94f7-94e22aac0bfa 686af32b1be94b979025e27d50ec0dce 0e2414273bb744fb8a9eee2977f58e9b - - - -] Successfully bumped revision number for resource a404dcda-5448-4272-a72f-f88d2e86dd65 (type: ports) to 2
2026-06-24 19:12:49.519 9 INFO neutron.wsgi [None req-e491ab42-3aa8-43d9-94f7-94e22aac0bfa 686af32b1be94b979025e27d50ec0dce 0e2414273bb744fb8a9eee2977f58e9b - - - -] 199.19.213.176 "PUT /v2.0/ports/a404dcda-5448-4272-a72f-f88d2e86dd65 HTTP/1.1" status: 200 len: 1328 time: 0.6255636
2026-06-24 19:12:49.554 9 INFO neutron.notifiers.nova [-] Nova event matching ['req-ae7d622f-d718-4861-a19c-101283b1a1e2'] response: {'name': 'network-changed', 'server_uuid': 'a2004e99-f127-482f-bb72-181637bb3384', 'tag': 'a404dcda-5448-4272-a72f-f88d2e86dd65', 'status': 'completed', 'code': 200} /var/lib/openstack/lib/python3.10/site-packages/pycadf/identifier.py:71: UserWarning: Invalid uuid: neutron. To ensure interoperability, identifiers should be a valid uuid. warnings.warn(('Invalid uuid: %s. To ensure interoperability, '
2026-06-24 19:12:49.593 9 INFO neutron.wsgi [req-927548dc-8574-4c41-8b6a-3e23553462f6 req-62d7a63e-cfb9-4278-ba97-e3d4d8918522 686af32b1be94b979025e27d50ec0dce 0e2414273bb744fb8a9eee2977f58e9b - - c59447b58e78401e9044174794112ce9 c59447b58e78401e9044174794112ce9] 199.19.213.176 "GET /v2.0/ports?tenant_id=ad37b4197c0f4bf394c34c2f535c41cf&device_id=a2004e99-f127-482f-bb72-181637bb3384 HTTP/1.1" status: 200 len: 1359 time: 0.0345833
2026-06-24 19:12:49.631 9 INFO neutron.wsgi [req-927548dc-8574-4c41-8b6a-3e23553462f6 req-c53e6dc2-11f6-487b-8207-5179227ddc6b 686af32b1be94b979025e27d50ec0dce 0e2414273bb744fb8a9eee2977f58e9b - - c59447b58e78401e9044174794112ce9 c59447b58e78401e9044174794112ce9] 199.19.213.176 "GET /v2.0/floatingips?fixed_ip_address=10.100.0.5&port_id=a404dcda-5448-4272-a72f-f88d2e86dd65 HTTP/1.1" status: 200 len: 217 time: 0.0279605
2026-06-24 19:12:49.643 10 INFO neutron.wsgi [None req-f0843cb0-2af5-49d4-b360-319baee1765b 7ec65932304445b4bc8c4402e5b13f70 810c2aef5f064a2a98dde81ac5306e60 - - - -] 10.0.0.32 "PUT /v2.0/routers/de724a39-cc89-488c-8198-e3bb6f46720b/remove_router_interface HTTP/1.1" status: 200 len: 503 time: 0.7802000 /var/lib/openstack/lib/python3.10/site-packages/pycadf/identifier.py:71: UserWarning: Invalid uuid: neutron. To ensure interoperability, identifiers should be a valid uuid. warnings.warn(('Invalid uuid: %s. To ensure interoperability, '
2026-06-24 19:12:49.676 9 INFO neutron.wsgi [req-927548dc-8574-4c41-8b6a-3e23553462f6 req-e3f7b954-2efb-4364-8bfd-b4d1fa9a6636 686af32b1be94b979025e27d50ec0dce 0e2414273bb744fb8a9eee2977f58e9b - - c59447b58e78401e9044174794112ce9 c59447b58e78401e9044174794112ce9] 199.19.213.176 "GET /v2.0/subnets?id=8f645de2-07bf-4f9c-b3be-06ee649de4eb HTTP/1.1" status: 200 len: 852 time: 0.0327215
2026-06-24 19:12:49.711 9 INFO neutron.wsgi [req-927548dc-8574-4c41-8b6a-3e23553462f6 req-602c892f-e51a-4066-8ca2-158db72754cf 686af32b1be94b979025e27d50ec0dce 0e2414273bb744fb8a9eee2977f58e9b - - c59447b58e78401e9044174794112ce9 c59447b58e78401e9044174794112ce9] 199.19.213.176 "GET /v2.0/ports?network_id=39e0e982-54d1-4b1a-9e18-49f931242f98&device_owner=network%3Adhcp HTTP/1.1" status: 200 len: 210 time: 0.0268846
2026-06-24 19:12:49.768 10 INFO neutron.api.v2.resource [None req-8091e238-a62a-4364-9337-c10fa5192e43 7ec65932304445b4bc8c4402e5b13f70 810c2aef5f064a2a98dde81ac5306e60 - - default default] remove_router_interface failed (client error): The resource could not be found.
2026-06-24 19:12:49.770 10 INFO neutron.wsgi [None req-8091e238-a62a-4364-9337-c10fa5192e43 7ec65932304445b4bc8c4402e5b13f70 810c2aef5f064a2a98dde81ac5306e60 - - default default] 10.0.0.32 "PUT /v2.0/routers/de724a39-cc89-488c-8198-e3bb6f46720b/remove_router_interface HTTP/1.1" status: 404 len: 398 time: 0.1206064
2026-06-24 19:12:49.784 9 INFO neutron.wsgi [req-927548dc-8574-4c41-8b6a-3e23553462f6 req-8ed7b636-4324-4b3c-b50f-6112c18ecf36 686af32b1be94b979025e27d50ec0dce 0e2414273bb744fb8a9eee2977f58e9b - - c59447b58e78401e9044174794112ce9 c59447b58e78401e9044174794112ce9] 199.19.213.176 "GET /v2.0/networks/39e0e982-54d1-4b1a-9e18-49f931242f98?fields=segments HTTP/1.1" status: 200 len: 212 time: 0.0653157
2026-06-24 19:12:49.792 10 INFO neutron.wsgi [req-c93dbd8a-efcd-4c65-b2fa-04836f2f01b9 req-aaa2c326-ce23-40a6-93f0-d511ea0b22ee 2cf52b7df95140d7bf3b7f867c17eefa ad37b4197c0f4bf394c34c2f535c41cf - - default default] 10.0.0.181 "GET /v2.0/ports?device_id=a2004e99-f127-482f-bb72-181637bb3384 HTTP/1.1" status: 200 len: 1168 time: 0.0814576
2026-06-24 19:12:49.820 10 INFO neutron.wsgi [None req-9065e6ed-baa4-4226-92ac-83d821cf3e71 7ec65932304445b4bc8c4402e5b13f70 810c2aef5f064a2a98dde81ac5306e60 - - default default] 10.0.0.32 "GET /v2.0/ports?device_id=de724a39-cc89-488c-8198-e3bb6f46720b HTTP/1.1" status: 200 len: 205 time: 0.0454214
2026-06-24 19:12:49.870 9 INFO neutron.wsgi [req-927548dc-8574-4c41-8b6a-3e23553462f6 req-4621742b-ca8f-4c54-9ba2-2eba3caead4e 686af32b1be94b979025e27d50ec0dce 0e2414273bb744fb8a9eee2977f58e9b - - c59447b58e78401e9044174794112ce9 c59447b58e78401e9044174794112ce9] 199.19.213.176 "GET /v2.0/networks/39e0e982-54d1-4b1a-9e18-49f931242f98?fields=provider%3Aphysical_network&fields=provider%3Anetwork_type HTTP/1.1" status: 200 len: 277 time: 0.0760825
2026-06-24 19:12:49.900 10 INFO neutron.wsgi [req-c93dbd8a-efcd-4c65-b2fa-04836f2f01b9 req-acffa207-b5c3-4c01-bf42-7a8d186bdb9f 2cf52b7df95140d7bf3b7f867c17eefa ad37b4197c0f4bf394c34c2f535c41cf - - default default] 10.0.0.181 "GET /v2.0/security-groups?id=ecaed824-4bc1-4c34-a741-bcec6190e4ce&fields=id&fields=name HTTP/1.1" status: 200 len: 313 time: 0.1014481
2026-06-24 19:12:49.982 9 INFO neutron.wsgi [req-c2568470-c311-41f2-bc04-37f4847375d6 req-1248c6a7-67fa-4f3e-9548-5475aeef4774 686af32b1be94b979025e27d50ec0dce 0e2414273bb744fb8a9eee2977f58e9b - - c59447b58e78401e9044174794112ce9 c59447b58e78401e9044174794112ce9] 199.19.213.176 "GET /v2.0/ports?tenant_id=ad37b4197c0f4bf394c34c2f535c41cf&device_id=a2004e99-f127-482f-bb72-181637bb3384 HTTP/1.1" status: 200 len: 1359 time: 0.0402317
2026-06-24 19:12:50.082 10 INFO neutron.plugins.ml2.drivers.ovn.mech_driver.mech_driver [None req-b80654a2-dc53-441e-bb73-9774f093998e - - - - - -] OVN reports status up for port: a404dcda-5448-4272-a72f-f88d2e86dd65
2026-06-24 19:12:50.084 9 INFO neutron.wsgi [req-c2568470-c311-41f2-bc04-37f4847375d6 req-1af10f1e-657a-41ea-b9b1-bcc5afd88e20 686af32b1be94b979025e27d50ec0dce 0e2414273bb744fb8a9eee2977f58e9b - - c59447b58e78401e9044174794112ce9 c59447b58e78401e9044174794112ce9] 199.19.213.176 "GET /v2.0/networks?id=39e0e982-54d1-4b1a-9e18-49f931242f98 HTTP/1.1" status: 200 len: 958 time: 0.0948942
2026-06-24 19:12:50.100 10 INFO neutron.plugins.ml2.plugin [None req-b80654a2-dc53-441e-bb73-9774f093998e - - - - - -] Attempt 1 to provision port a404dcda-5448-4272-a72f-f88d2e86dd65
2026-06-24 19:12:50.120 9 INFO neutron.wsgi [req-c2568470-c311-41f2-bc04-37f4847375d6 req-1ef871ae-200c-44ac-899f-8462113715cd 686af32b1be94b979025e27d50ec0dce 0e2414273bb744fb8a9eee2977f58e9b - - c59447b58e78401e9044174794112ce9 c59447b58e78401e9044174794112ce9] 199.19.213.176 "GET /v2.0/floatingips?fixed_ip_address=10.100.0.5&port_id=a404dcda-5448-4272-a72f-f88d2e86dd65 HTTP/1.1" status: 200 len: 217 time: 0.0295000
2026-06-24 19:12:50.142 10 INFO neutron.wsgi [None req-7869e762-a55c-4812-a536-d218f942a0ab 7ec65932304445b4bc8c4402e5b13f70 810c2aef5f064a2a98dde81ac5306e60 - - - -] 10.0.0.32 "DELETE /v2.0/routers/de724a39-cc89-488c-8198-e3bb6f46720b HTTP/1.1" status: 204 len: 168 time: 0.3149118
2026-06-24 19:12:50.174 9 INFO neutron.wsgi [req-c2568470-c311-41f2-bc04-37f4847375d6 req-e697e13a-e0cd-4825-820c-5c8f6b62b570 686af32b1be94b979025e27d50ec0dce 0e2414273bb744fb8a9eee2977f58e9b - - c59447b58e78401e9044174794112ce9 c59447b58e78401e9044174794112ce9] 199.19.213.176 "GET /v2.0/subnets?id=8f645de2-07bf-4f9c-b3be-06ee649de4eb HTTP/1.1" status: 200 len: 852 time: 0.0470092
2026-06-24 19:12:50.217 9 INFO neutron.wsgi [req-c2568470-c311-41f2-bc04-37f4847375d6 req-70fa3894-c17b-4547-af44-38b46a7320b4 686af32b1be94b979025e27d50ec0dce 0e2414273bb744fb8a9eee2977f58e9b - - c59447b58e78401e9044174794112ce9 c59447b58e78401e9044174794112ce9] 199.19.213.176 "GET /v2.0/ports?network_id=39e0e982-54d1-4b1a-9e18-49f931242f98&device_owner=network%3Adhcp HTTP/1.1" status: 200 len: 210 time: 0.0335784
2026-06-24 19:12:50.259 10 INFO neutron.notifiers.nova [-] Nova event matching ['req-e885648a-36ca-4c48-85a9-c9332281359c'] response: {'server_uuid': 'a2004e99-f127-482f-bb72-181637bb3384', 'name': 'network-vif-plugged', 'status': 'completed', 'tag': 'a404dcda-5448-4272-a72f-f88d2e86dd65', 'code': 200}
2026-06-24 19:12:50.291 9 INFO neutron.wsgi [req-c2568470-c311-41f2-bc04-37f4847375d6 req-f75a9b70-9c25-4cdb-9641-9d55f16db538 686af32b1be94b979025e27d50ec0dce 0e2414273bb744fb8a9eee2977f58e9b - - c59447b58e78401e9044174794112ce9 c59447b58e78401e9044174794112ce9] 199.19.213.176 "GET /v2.0/networks/39e0e982-54d1-4b1a-9e18-49f931242f98?fields=segments HTTP/1.1" status: 200 len: 212 time: 0.0621533
2026-06-24 19:12:50.370 9 INFO neutron.wsgi [req-c2568470-c311-41f2-bc04-37f4847375d6 req-73825a0d-2c2a-4da6-b854-2ac84db5c0f5 686af32b1be94b979025e27d50ec0dce 0e2414273bb744fb8a9eee2977f58e9b - - c59447b58e78401e9044174794112ce9 c59447b58e78401e9044174794112ce9] 199.19.213.176 "GET /v2.0/networks/39e0e982-54d1-4b1a-9e18-49f931242f98?fields=provider%3Aphysical_network&fields=provider%3Anetwork_type HTTP/1.1" status: 200 len: 277 time: 0.0626156
2026-06-24 19:12:50.429 10 INFO neutron.db.ovn_revision_numbers_db [None req-b80654a2-dc53-441e-bb73-9774f093998e - - - - - -] Successfully bumped revision number for resource a404dcda-5448-4272-a72f-f88d2e86dd65 (type: ports) to 4
2026-06-24 19:12:50.464 10 INFO neutron.db.ovn_revision_numbers_db [None req-6189aa1d-05f6-4f35-8259-41c3c6225dcb 4f10f8e3456c45888ba084e75ba8851b 7ca197cbfedf46c6a1675ce45718ce58 - - - -] Successfully bumped revision number for resource 4e3c105d-4af4-4de3-abbd-0fe69e389234 (type: security_groups) to 1
2026-06-24 19:12:50.519 10 INFO neutron.db.segments_db [None req-6189aa1d-05f6-4f35-8259-41c3c6225dcb 4f10f8e3456c45888ba084e75ba8851b 7ca197cbfedf46c6a1675ce45718ce58 - - - -] Added segment 85ad97d5-073b-43a0-a227-870ae07702bc of type geneve for network 9229e235-ca2c-4c6f-815e-e4e08138f8d9
2026-06-24 19:12:50.711 10 INFO neutron.db.ovn_revision_numbers_db [None req-6189aa1d-05f6-4f35-8259-41c3c6225dcb 4f10f8e3456c45888ba084e75ba8851b 7ca197cbfedf46c6a1675ce45718ce58 - - - -] Successfully bumped revision number for resource 9229e235-ca2c-4c6f-815e-e4e08138f8d9 (type: networks) to 1
2026-06-24 19:12:50.764 9 INFO neutron.wsgi [None req-e7c993eb-ed7e-49f3-a37a-3e592f01bd2d 7ec65932304445b4bc8c4402e5b13f70 810c2aef5f064a2a98dde81ac5306e60 - - - -] 10.0.0.32 "DELETE /v2.0/subnets/d0838a4c-a367-49e7-b363-e19a7bf3b0b8 HTTP/1.1" status: 204 len: 168 time: 0.6180873
2026-06-24 19:12:50.969 10 WARNING neutron.scheduler.dhcp_agent_scheduler [None req-6189aa1d-05f6-4f35-8259-41c3c6225dcb 4f10f8e3456c45888ba084e75ba8851b 7ca197cbfedf46c6a1675ce45718ce58 - - - -] No more DHCP agents
2026-06-24 19:12:50.972 10 WARNING neutron.api.rpc.agentnotifiers.dhcp_rpc_agent_api [None req-6189aa1d-05f6-4f35-8259-41c3c6225dcb 4f10f8e3456c45888ba084e75ba8851b 7ca197cbfedf46c6a1675ce45718ce58 - - - -] Unable to schedule network 9229e235-ca2c-4c6f-815e-e4e08138f8d9: no agents available; will retry on subsequent port and subnet creation events. /var/lib/openstack/lib/python3.10/site-packages/pycadf/identifier.py:71: UserWarning: Invalid uuid: neutron. To ensure interoperability, identifiers should be a valid uuid. warnings.warn(('Invalid uuid: %s. To ensure interoperability, '
2026-06-24 19:12:51.027 10 INFO neutron.wsgi [req-fb97dd71-8fcc-4e6c-a28a-024a2dbba99b req-cb686f9f-9bd0-427c-95b4-6d5c0de12130 2cf52b7df95140d7bf3b7f867c17eefa ad37b4197c0f4bf394c34c2f535c41cf - - default default] 10.0.0.181 "GET /v2.0/ports?device_id=a2004e99-f127-482f-bb72-181637bb3384 HTTP/1.1" status: 200 len: 1170 time: 0.0404472
2026-06-24 19:12:51.094 10 INFO neutron.wsgi [req-fb97dd71-8fcc-4e6c-a28a-024a2dbba99b req-80f8993c-2a79-4cd6-a764-0655a7dfeba1 2cf52b7df95140d7bf3b7f867c17eefa ad37b4197c0f4bf394c34c2f535c41cf - - default default] 10.0.0.181 "GET /v2.0/security-groups?id=ecaed824-4bc1-4c34-a741-bcec6190e4ce&fields=id&fields=name HTTP/1.1" status: 200 len: 313 time: 0.0505042
2026-06-24 19:12:51.099 10 INFO neutron.db.ovn_revision_numbers_db [None req-6189aa1d-05f6-4f35-8259-41c3c6225dcb 4f10f8e3456c45888ba084e75ba8851b 7ca197cbfedf46c6a1675ce45718ce58 - - - -] Successfully bumped revision number for resource 555f9445-888f-400a-a982-bb4fe443beee (type: ports) to 1
2026-06-24 19:12:51.126 10 INFO neutron.wsgi [None req-6189aa1d-05f6-4f35-8259-41c3c6225dcb 4f10f8e3456c45888ba084e75ba8851b 7ca197cbfedf46c6a1675ce45718ce58 - - - -] 10.0.0.32 "POST /v2.0/networks HTTP/1.1" status: 201 len: 948 time: 1.0338557
2026-06-24 19:12:51.217 10 INFO neutron.wsgi [req-5113d9d6-4860-4f99-af85-93b71cc40f36 req-662a359f-0274-475c-850a-4a1c6eb77905 2cf52b7df95140d7bf3b7f867c17eefa ad37b4197c0f4bf394c34c2f535c41cf - - default default] 10.0.0.181 "GET /v2.0/ports?device_id=a2004e99-f127-482f-bb72-181637bb3384 HTTP/1.1" status: 200 len: 1170 time: 0.0530751
2026-06-24 19:12:51.248 9 INFO neutron.wsgi [None req-1c54b212-7584-4ee6-b4ab-0de63425eb53 7ec65932304445b4bc8c4402e5b13f70 810c2aef5f064a2a98dde81ac5306e60 - - - -] 10.0.0.32 "DELETE /v2.0/networks/27788b0e-9365-49c7-8c24-fc34fb420d02 HTTP/1.1" status: 204 len: 168 time: 0.4784207
2026-06-24 19:12:51.252 9 INFO neutron.services.segments.plugin [-] Segment 21c80121-19e1-4a23-936b-dfe8eafa090d resource provider aggregate not found
2026-06-24 19:12:51.262 9 INFO neutron.services.segments.plugin [-] Segment 21c80121-19e1-4a23-936b-dfe8eafa090d resource provider aggregate not found
2026-06-24 19:12:51.273 9 INFO neutron.services.segments.plugin [-] Segment 21c80121-19e1-4a23-936b-dfe8eafa090d resource provider not found; error: Placement Client Error (4xx): {"errors": [{"status": 404, "title": "Not Found", "detail": "The resource could not be found.\n\n No resource provider with uuid 21c80121-19e1-4a23-936b-dfe8eafa090d found for delete ", "request_id": "req-1fa742da-caca-4b82-a948-5da4d29f4c8d"}]}
2026-06-24 19:12:51.281 9 INFO neutron.services.segments.plugin [-] Segment 21c80121-19e1-4a23-936b-dfe8eafa090d resource provider not found; error: Placement Client Error (4xx): {"errors": [{"status": 404, "title": "Not Found", "detail": "The resource could not be found.\n\n No resource provider with uuid 21c80121-19e1-4a23-936b-dfe8eafa090d found for delete ", "request_id": "req-084b26f7-612a-4ca4-bf2f-fcf0be9d2fc6"}]}
2026-06-24 19:12:51.301 10 INFO neutron.wsgi [req-5113d9d6-4860-4f99-af85-93b71cc40f36 req-c5757a8b-2739-4785-a39a-8dd22d61548f 2cf52b7df95140d7bf3b7f867c17eefa ad37b4197c0f4bf394c34c2f535c41cf - - default default] 10.0.0.181 "GET /v2.0/security-groups?id=ecaed824-4bc1-4c34-a741-bcec6190e4ce&fields=id&fields=name HTTP/1.1" status: 200 len: 313 time: 0.0656505
2026-06-24 19:12:51.382 10 INFO neutron.wsgi [None req-0c5429ce-a69c-41d7-b336-6903d835e5bc 0c5bae27bb744c4cb45f65ad83fd9762 eea43b44569b44fa909e3880ef89c646 - - default default] 10.0.0.32 "GET /v2.0/ports?device_id=a2004e99-f127-482f-bb72-181637bb3384 HTTP/1.1" status: 200 len: 1356 time: 0.0552306
2026-06-24 19:12:51.436 10 WARNING neutron.scheduler.dhcp_agent_scheduler [None req-a5d77608-9e80-4c45-b894-7d2a1faacbf3 4f10f8e3456c45888ba084e75ba8851b 7ca197cbfedf46c6a1675ce45718ce58 - - - -] No more DHCP agents
2026-06-24 19:12:51.437 10 INFO neutron.db.segments_db [None req-cd69c851-aa92-466b-8c6b-d426385e85f0 7ec65932304445b4bc8c4402e5b13f70 810c2aef5f064a2a98dde81ac5306e60 - - - -] Added segment d044ad86-0c56-44ba-bb9d-2ed0b948ee98 of type geneve for network 84239776-f48a-4453-af0f-d69c75e9be50
2026-06-24 19:12:51.776 10 WARNING neutron.api.rpc.agentnotifiers.dhcp_rpc_agent_api [None req-a5d77608-9e80-4c45-b894-7d2a1faacbf3 4f10f8e3456c45888ba084e75ba8851b 7ca197cbfedf46c6a1675ce45718ce58 - - - -] Unable to schedule network 9229e235-ca2c-4c6f-815e-e4e08138f8d9: no agents available; will retry on subsequent port and subnet creation events.
2026-06-24 19:12:52.100 10 INFO neutron.db.ovn_revision_numbers_db [None req-cd69c851-aa92-466b-8c6b-d426385e85f0 7ec65932304445b4bc8c4402e5b13f70 810c2aef5f064a2a98dde81ac5306e60 - - - -] Successfully bumped revision number for resource 84239776-f48a-4453-af0f-d69c75e9be50 (type: networks) to 1
2026-06-24 19:12:52.195 10 INFO neutron.db.l3_db [None req-a3b6e9e1-0137-4e6d-a530-1fcf850c2dff 2cf52b7df95140d7bf3b7f867c17eefa ad37b4197c0f4bf394c34c2f535c41cf - - - -] Floating IP cd9a2484-8323-4bb1-994e-4bfc957f3f9c associated. External IP: 10.96.250.201, port: a404dcda-5448-4272-a72f-f88d2e86dd65.
2026-06-24 19:12:52.316 10 INFO neutron.notifiers.nova [-] Nova event matching ['req-f92bed3e-8524-4b1e-8e66-2dfade0f47fd'] response: {'server_uuid': 'a2004e99-f127-482f-bb72-181637bb3384', 'name': 'network-vif-plugged', 'status': 'completed', 'tag': 'a404dcda-5448-4272-a72f-f88d2e86dd65', 'code': 200}
2026-06-24 19:12:52.504 10 WARNING neutron.scheduler.dhcp_agent_scheduler [None req-cd69c851-aa92-466b-8c6b-d426385e85f0 7ec65932304445b4bc8c4402e5b13f70 810c2aef5f064a2a98dde81ac5306e60 - - - -] No more DHCP agents
2026-06-24 19:12:52.510 10 WARNING neutron.api.rpc.agentnotifiers.dhcp_rpc_agent_api [None req-cd69c851-aa92-466b-8c6b-d426385e85f0 7ec65932304445b4bc8c4402e5b13f70 810c2aef5f064a2a98dde81ac5306e60 - - - -] Unable to schedule network 84239776-f48a-4453-af0f-d69c75e9be50: no agents available; will retry on subsequent port and subnet creation events.
2026-06-24 19:12:52.619 10 INFO neutron.db.ovn_revision_numbers_db [None req-a3b6e9e1-0137-4e6d-a530-1fcf850c2dff 2cf52b7df95140d7bf3b7f867c17eefa ad37b4197c0f4bf394c34c2f535c41cf - - - -] Successfully bumped revision number for resource cd9a2484-8323-4bb1-994e-4bfc957f3f9c (type: floatingips) to 4
2026-06-24 19:12:52.736 10 INFO neutron.db.ovn_revision_numbers_db [None req-cd69c851-aa92-466b-8c6b-d426385e85f0 7ec65932304445b4bc8c4402e5b13f70 810c2aef5f064a2a98dde81ac5306e60 - - - -] Successfully bumped revision number for resource feef4204-eb7a-42e7-af41-98ff72840e60 (type: ports) to 1
2026-06-24 19:12:52.786 10 INFO neutron.wsgi [None req-cd69c851-aa92-466b-8c6b-d426385e85f0 7ec65932304445b4bc8c4402e5b13f70 810c2aef5f064a2a98dde81ac5306e60 - - - -] 10.0.0.32 "POST /v2.0/networks HTTP/1.1" status: 201 len: 829 time: 1.5291111
2026-06-24 19:12:52.796 10 INFO neutron.db.ovn_revision_numbers_db [None req-a3b6e9e1-0137-4e6d-a530-1fcf850c2dff 2cf52b7df95140d7bf3b7f867c17eefa ad37b4197c0f4bf394c34c2f535c41cf - - - -] Successfully bumped revision number for resource cd9a2484-8323-4bb1-994e-4bfc957f3f9c (type: floatingips) to 5
2026-06-24 19:12:52.829 10 INFO neutron.wsgi [None req-a3b6e9e1-0137-4e6d-a530-1fcf850c2dff 2cf52b7df95140d7bf3b7f867c17eefa ad37b4197c0f4bf394c34c2f535c41cf - - - -] 10.0.0.32 "PUT /v2.0/floatingips/cd9a2484-8323-4bb1-994e-4bfc957f3f9c HTTP/1.1" status: 200 len: 1049 time: 1.4406390
2026-06-24 19:12:52.834 10 INFO neutron.db.ovn_revision_numbers_db [None req-a5d77608-9e80-4c45-b894-7d2a1faacbf3 4f10f8e3456c45888ba084e75ba8851b 7ca197cbfedf46c6a1675ce45718ce58 - - - -] Successfully bumped revision number for resource 555f9445-888f-400a-a982-bb4fe443beee (type: ports) to 2
2026-06-24 19:12:52.855 10 INFO neutron.db.ovn_revision_numbers_db [None req-a5d77608-9e80-4c45-b894-7d2a1faacbf3 4f10f8e3456c45888ba084e75ba8851b 7ca197cbfedf46c6a1675ce45718ce58 - - - -] Successfully bumped revision number for resource 0e44f327-bd1d-4fdc-bc81-baa317caf798 (type: subnets) to 0
2026-06-24 19:12:52.876 10 INFO neutron.wsgi [None req-a5d77608-9e80-4c45-b894-7d2a1faacbf3 4f10f8e3456c45888ba084e75ba8851b 7ca197cbfedf46c6a1675ce45718ce58 - - - -] 10.0.0.32 "POST /v2.0/subnets HTTP/1.1" status: 201 len: 868 time: 1.7466760 /var/lib/openstack/lib/python3.10/site-packages/pycadf/identifier.py:71: UserWarning: Invalid uuid: neutron. To ensure interoperability, identifiers should be a valid uuid. warnings.warn(('Invalid uuid: %s. To ensure interoperability, '
2026-06-24 19:12:52.930 9 INFO neutron.wsgi [None req-56283bca-c0ee-48c5-9ce3-34c89836e383 2cf52b7df95140d7bf3b7f867c17eefa ad37b4197c0f4bf394c34c2f535c41cf - - default default] 10.0.0.32 "GET /v2.0/floatingips/cd9a2484-8323-4bb1-994e-4bfc957f3f9c HTTP/1.1" status: 200 len: 1051 time: 0.0929868
2026-06-24 19:12:52.995 9 INFO neutron.wsgi [None req-f7b3647d-8309-4547-b741-20e7ee35cdec 420fc312b2524b18ba6e707340798af4 6c4db9ed157d4b84860c7fa3f297263f - - - -] 10.0.0.32 "POST /v2.0/subnetpools HTTP/1.1" status: 201 len: 715 time: 0.3069956
2026-06-24 19:12:53.090 9 INFO neutron.wsgi [None req-cda49f68-7d2c-4659-aa3a-b90a3edaec39 420fc312b2524b18ba6e707340798af4 6c4db9ed157d4b84860c7fa3f297263f - - - -] 10.0.0.32 "POST /v2.0/subnetpools HTTP/1.1" status: 201 len: 715 time: 0.0781257
2026-06-24 19:12:53.148 9 WARNING neutron.scheduler.dhcp_agent_scheduler [None req-3f3ca259-c8d4-42d1-ae3a-b6b4afd54850 7ec65932304445b4bc8c4402e5b13f70 810c2aef5f064a2a98dde81ac5306e60 - - - -] No more DHCP agents
2026-06-24 19:12:53.152 9 WARNING neutron.api.rpc.agentnotifiers.dhcp_rpc_agent_api [None req-3f3ca259-c8d4-42d1-ae3a-b6b4afd54850 7ec65932304445b4bc8c4402e5b13f70 810c2aef5f064a2a98dde81ac5306e60 - - - -] Unable to schedule network 84239776-f48a-4453-af0f-d69c75e9be50: no agents available; will retry on subsequent port and subnet creation events.
2026-06-24 19:12:53.198 9 INFO neutron.wsgi [None req-0781bdba-8d53-45e1-a46c-ead9135ed749 420fc312b2524b18ba6e707340798af4 6c4db9ed157d4b84860c7fa3f297263f - - - -] 10.0.0.32 "POST /v2.0/subnetpools HTTP/1.1" status: 201 len: 715 time: 0.1001620
2026-06-24 19:12:53.311 9 INFO neutron.wsgi [None req-66a64536-70c9-4c33-acb9-04b3b6cd668c 420fc312b2524b18ba6e707340798af4 6c4db9ed157d4b84860c7fa3f297263f - - - -] 10.0.0.32 "POST /v2.0/subnetpools HTTP/1.1" status: 201 len: 715 time: 0.1074190
2026-06-24 19:12:53.361 9 WARNING neutron.plugins.ml2.drivers.ovn.mech_driver.ovsdb.ovn_client [None req-df408e8f-efc6-4758-a26d-e9311033e58d - - - - - -] No port found with ID 20ea2a01-90b0-4aa0-b77e-06ae2c38b66a: RuntimeError: No port found with ID 20ea2a01-90b0-4aa0-b77e-06ae2c38b66a
2026-06-24 19:12:53.454 9 INFO neutron.wsgi [None req-65eef47a-7544-4674-b563-f2001bec5722 420fc312b2524b18ba6e707340798af4 6c4db9ed157d4b84860c7fa3f297263f - - - -] 10.0.0.32 "POST /v2.0/subnetpools HTTP/1.1" status: 201 len: 715 time: 0.1340227
2026-06-24 19:12:53.522 10 INFO neutron.wsgi [None req-80f8bead-f6a8-445c-a73f-b2891c1cffb6 420fc312b2524b18ba6e707340798af4 6c4db9ed157d4b84860c7fa3f297263f - - - -] 10.0.0.32 "PUT /v2.0/subnetpools/d475cbf7-e132-4237-a593-d4bb05f894b7/tags HTTP/1.1" status: 200 len: 210 time: 0.0606945
2026-06-24 19:12:53.587 9 INFO neutron.wsgi [None req-b2fe21df-aeed-4df2-a7fc-5b65e77c3321 420fc312b2524b18ba6e707340798af4 6c4db9ed157d4b84860c7fa3f297263f - - - -] 10.0.0.32 "PUT /v2.0/subnetpools/efb37cde-4ddb-4d7e-b38b-90bba71020f1/tags HTTP/1.1" status: 200 len: 218 time: 0.0590999
2026-06-24 19:12:53.640 9 INFO neutron.wsgi [None req-4f760fcc-883d-4917-9c5d-c286faa08d0f 420fc312b2524b18ba6e707340798af4 6c4db9ed157d4b84860c7fa3f297263f - - - -] 10.0.0.32 "PUT /v2.0/subnetpools/1ffbd685-1cee-46c6-b86d-aebe552c5c4a/tags HTTP/1.1" status: 200 len: 227 time: 0.0471458
2026-06-24 19:12:53.685 9 INFO neutron.wsgi [None req-b02c70bb-7686-4390-a03b-f472b0193785 420fc312b2524b18ba6e707340798af4 6c4db9ed157d4b84860c7fa3f297263f - - - -] 10.0.0.32 "PUT /v2.0/subnetpools/e7f4e734-0610-4de1-a30c-64605fc63ad8/tags HTTP/1.1" status: 200 len: 212 time: 0.0405433
2026-06-24 19:12:53.732 9 INFO neutron.wsgi [None req-90f346b2-0fa9-408f-ad6d-7813873df8fd 420fc312b2524b18ba6e707340798af4 6c4db9ed157d4b84860c7fa3f297263f - - default default] 10.0.0.32 "GET /v2.0/subnetpools?tags=red HTTP/1.1" status: 200 len: 1758 time: 0.0398631
2026-06-24 19:12:53.780 9 INFO neutron.wsgi [None req-89fa9d4a-54bb-42d5-9749-995acb455983 420fc312b2524b18ba6e707340798af4 6c4db9ed157d4b84860c7fa3f297263f - - default default] 10.0.0.32 "GET /v2.0/subnetpools?tags=red%2Cblue HTTP/1.1" status: 200 len: 1251 time: 0.0386629
2026-06-24 19:12:53.799 10 WARNING neutron.scheduler.dhcp_agent_scheduler [None req-82d01ebf-7c75-40a5-8032-4bb89acf6d33 4f10f8e3456c45888ba084e75ba8851b 7ca197cbfedf46c6a1675ce45718ce58 - - - -] No more DHCP agents
2026-06-24 19:12:53.802 10 WARNING neutron.api.rpc.agentnotifiers.dhcp_rpc_agent_api [None req-82d01ebf-7c75-40a5-8032-4bb89acf6d33 4f10f8e3456c45888ba084e75ba8851b 7ca197cbfedf46c6a1675ce45718ce58 - - - -] Unable to schedule network 55253de1-2e58-4f71-a573-4da169fafa06: no agents available; will retry on subsequent port and subnet creation events.
2026-06-24 19:12:53.832 9 INFO neutron.wsgi [None req-c69c36a1-d150-4d4d-8560-a1e135d71a24 420fc312b2524b18ba6e707340798af4 6c4db9ed157d4b84860c7fa3f297263f - - default default] 10.0.0.32 "GET /v2.0/subnetpools?tags-any=blue HTTP/1.1" status: 200 len: 1251 time: 0.0415196
2026-06-24 19:12:53.833 9 INFO neutron.db.ovn_revision_numbers_db [None req-3f3ca259-c8d4-42d1-ae3a-b6b4afd54850 7ec65932304445b4bc8c4402e5b13f70 810c2aef5f064a2a98dde81ac5306e60 - - - -] Successfully bumped revision number for resource feef4204-eb7a-42e7-af41-98ff72840e60 (type: ports) to 2
2026-06-24 19:12:53.855 9 INFO neutron.db.ovn_revision_numbers_db [None req-3f3ca259-c8d4-42d1-ae3a-b6b4afd54850 7ec65932304445b4bc8c4402e5b13f70 810c2aef5f064a2a98dde81ac5306e60 - - - -] Successfully bumped revision number for resource d145dc6d-90d8-4d17-8b0f-11d90ffe9027 (type: subnets) to 0
2026-06-24 19:12:53.888 9 INFO neutron.wsgi [None req-f0a7cd46-b340-42db-b6e4-f6c1834f0871 420fc312b2524b18ba6e707340798af4 6c4db9ed157d4b84860c7fa3f297263f - - default default] 10.0.0.32 "GET /v2.0/subnetpools?tags-any=red%2Cblue HTTP/1.1" status: 200 len: 1758 time: 0.0447917
2026-06-24 19:12:53.900 9 INFO neutron.wsgi [None req-3f3ca259-c8d4-42d1-ae3a-b6b4afd54850 7ec65932304445b4bc8c4402e5b13f70 810c2aef5f064a2a98dde81ac5306e60 - - - -] 10.0.0.32 "POST /v2.0/subnets HTTP/1.1" status: 201 len: 801 time: 1.1072736
2026-06-24 19:12:53.938 9 INFO neutron.wsgi [None req-9e5513f1-e436-43d7-8f5f-8dce455133f7 420fc312b2524b18ba6e707340798af4 6c4db9ed157d4b84860c7fa3f297263f - - default default] 10.0.0.32 "GET /v2.0/subnetpools?not-tags=red HTTP/1.1" status: 200 len: 1223 time: 0.0420332
2026-06-24 19:12:53.986 9 INFO neutron.wsgi [None req-0cbc905b-257c-492f-8eaf-da7002a0dea9 420fc312b2524b18ba6e707340798af4 6c4db9ed157d4b84860c7fa3f297263f - - default default] 10.0.0.32 "GET /v2.0/subnetpools?not-tags=red%2Cblue HTTP/1.1" status: 200 len: 1730 time: 0.0368643
2026-06-24 19:12:53.998 10 INFO neutron.db.ovn_revision_numbers_db [None req-82d01ebf-7c75-40a5-8032-4bb89acf6d33 4f10f8e3456c45888ba084e75ba8851b 7ca197cbfedf46c6a1675ce45718ce58 - - - -] Successfully bumped revision number for resource 3233d091-6832-4df9-acf1-7df5b2ed86f0 (type: ports) to 1
2026-06-24 19:12:54.027 9 INFO neutron.wsgi [None req-e714205a-0c35-4acb-91ac-c46253bbbf8f 420fc312b2524b18ba6e707340798af4 6c4db9ed157d4b84860c7fa3f297263f - - default default] 10.0.0.32 "GET /v2.0/subnetpools?not-tags-any=blue HTTP/1.1" status: 200 len: 1730 time: 0.0346096
2026-06-24 19:12:54.055 9 INFO neutron.wsgi [None req-48f4023d-6963-47ca-a221-4ea7738eaec6 420fc312b2524b18ba6e707340798af4 6c4db9ed157d4b84860c7fa3f297263f - - default default] 10.0.0.32 "GET /v2.0/subnetpools?not-tags-any=red%2Cblue HTTP/1.1" status: 200 len: 1223 time: 0.0230851
2026-06-24 19:12:54.127 9 INFO neutron.wsgi [None req-d17cda15-b30b-4679-b7b8-110f51d00728 420fc312b2524b18ba6e707340798af4 6c4db9ed157d4b84860c7fa3f297263f - - - -] 10.0.0.32 "DELETE /v2.0/subnetpools/d475cbf7-e132-4237-a593-d4bb05f894b7 HTTP/1.1" status: 204 len: 168 time: 0.0652547
2026-06-24 19:12:54.153 10 INFO neutron.db.ovn_revision_numbers_db [None req-04e21adc-60ff-421d-981d-27f8329edd58 7ec65932304445b4bc8c4402e5b13f70 810c2aef5f064a2a98dde81ac5306e60 - - - -] Successfully bumped revision number for resource 8a343f66-9414-46ec-97e5-3a3a3d508f4b (type: routers) to 1
2026-06-24 19:12:54.168 10 INFO neutron.wsgi [None req-04e21adc-60ff-421d-981d-27f8329edd58 7ec65932304445b4bc8c4402e5b13f70 810c2aef5f064a2a98dde81ac5306e60 - - - -] 10.0.0.32 "POST /v2.0/routers HTTP/1.1" status: 201 len: 687 time: 0.2607458
2026-06-24 19:12:54.196 9 INFO neutron.wsgi [None req-52ee0089-4c32-440c-b4f0-6207cd5e4bed 420fc312b2524b18ba6e707340798af4 6c4db9ed157d4b84860c7fa3f297263f - - - -] 10.0.0.32 "DELETE /v2.0/subnetpools/efb37cde-4ddb-4d7e-b38b-90bba71020f1 HTTP/1.1" status: 204 len: 168 time: 0.0647438
2026-06-24 19:12:54.248 9 INFO neutron.wsgi [None req-0634eb37-6821-4e97-b4d1-742c1f4afb9a 420fc312b2524b18ba6e707340798af4 6c4db9ed157d4b84860c7fa3f297263f - - - -] 10.0.0.32 "DELETE /v2.0/subnetpools/1ffbd685-1cee-46c6-b86d-aebe552c5c4a HTTP/1.1" status: 204 len: 168 time: 0.0473671
2026-06-24 19:12:54.318 9 INFO neutron.wsgi [None req-37ddcd13-d726-40c5-a1eb-0997ba7915ec 420fc312b2524b18ba6e707340798af4 6c4db9ed157d4b84860c7fa3f297263f - - - -] 10.0.0.32 "DELETE /v2.0/subnetpools/e7f4e734-0610-4de1-a30c-64605fc63ad8 HTTP/1.1" status: 204 len: 168 time: 0.0636764
2026-06-24 19:12:54.374 10 INFO neutron.notifiers.nova [-] Nova event matching ['req-2db3ce86-3c9a-461f-b0b9-3528695aee18'] response: {'name': 'network-changed', 'server_uuid': 'a2004e99-f127-482f-bb72-181637bb3384', 'tag': 'a404dcda-5448-4272-a72f-f88d2e86dd65', 'status': 'completed', 'code': 200}
2026-06-24 19:12:54.379 9 INFO neutron.wsgi [None req-4974577f-b5d1-4eeb-ae39-61d68ed16a18 420fc312b2524b18ba6e707340798af4 6c4db9ed157d4b84860c7fa3f297263f - - - -] 10.0.0.32 "DELETE /v2.0/subnetpools/4f00cc22-735d-4212-bd47-9e883673900b HTTP/1.1" status: 204 len: 168 time: 0.0556216
2026-06-24 19:12:54.433 9 INFO neutron.wsgi [req-09f5739c-2730-4287-aa49-6658e13f6a7b req-8a79271f-191d-4741-a16e-82d36a3b932c 686af32b1be94b979025e27d50ec0dce 0e2414273bb744fb8a9eee2977f58e9b - - c59447b58e78401e9044174794112ce9 c59447b58e78401e9044174794112ce9] 199.19.213.176 "GET /v2.0/ports?tenant_id=ad37b4197c0f4bf394c34c2f535c41cf&device_id=a2004e99-f127-482f-bb72-181637bb3384 HTTP/1.1" status: 200 len: 1361 time: 0.0411673
2026-06-24 19:12:54.534 9 INFO neutron.wsgi [req-09f5739c-2730-4287-aa49-6658e13f6a7b req-90e1ef29-0a9f-4bde-bc6f-db8fcc83c331 686af32b1be94b979025e27d50ec0dce 0e2414273bb744fb8a9eee2977f58e9b - - c59447b58e78401e9044174794112ce9 c59447b58e78401e9044174794112ce9] 199.19.213.176 "GET /v2.0/networks?id=39e0e982-54d1-4b1a-9e18-49f931242f98 HTTP/1.1" status: 200 len: 958 time: 0.0893812
2026-06-24 19:12:54.592 9 INFO neutron.wsgi [req-09f5739c-2730-4287-aa49-6658e13f6a7b req-4d361948-d8f2-4296-9b06-12781e52e1c2 686af32b1be94b979025e27d50ec0dce 0e2414273bb744fb8a9eee2977f58e9b - - c59447b58e78401e9044174794112ce9 c59447b58e78401e9044174794112ce9] 199.19.213.176 "GET /v2.0/floatingips?fixed_ip_address=10.100.0.5&port_id=a404dcda-5448-4272-a72f-f88d2e86dd65 HTTP/1.1" status: 200 len: 1059 time: 0.0491917
2026-06-24 19:12:54.646 9 INFO neutron.wsgi [req-09f5739c-2730-4287-aa49-6658e13f6a7b req-f6dae8e5-27ae-4370-9962-8f3102a800e0 686af32b1be94b979025e27d50ec0dce 0e2414273bb744fb8a9eee2977f58e9b - - c59447b58e78401e9044174794112ce9 c59447b58e78401e9044174794112ce9] 199.19.213.176 "GET /v2.0/subnets?id=8f645de2-07bf-4f9c-b3be-06ee649de4eb HTTP/1.1" status: 200 len: 852 time: 0.0483470
2026-06-24 19:12:54.676 9 INFO neutron.wsgi [req-09f5739c-2730-4287-aa49-6658e13f6a7b req-c7ea7667-d869-4f95-b29c-a42037c1afe3 686af32b1be94b979025e27d50ec0dce 0e2414273bb744fb8a9eee2977f58e9b - - c59447b58e78401e9044174794112ce9 c59447b58e78401e9044174794112ce9] 199.19.213.176 "GET /v2.0/ports?network_id=39e0e982-54d1-4b1a-9e18-49f931242f98&device_owner=network%3Adhcp HTTP/1.1" status: 200 len: 210 time: 0.0244775
2026-06-24 19:12:54.744 9 INFO neutron.wsgi [req-09f5739c-2730-4287-aa49-6658e13f6a7b req-f2624b1b-4f71-49ff-b6dd-ea9e30f6ad95 686af32b1be94b979025e27d50ec0dce 0e2414273bb744fb8a9eee2977f58e9b - - c59447b58e78401e9044174794112ce9 c59447b58e78401e9044174794112ce9] 199.19.213.176 "GET /v2.0/networks/39e0e982-54d1-4b1a-9e18-49f931242f98?fields=segments HTTP/1.1" status: 200 len: 212 time: 0.0614166
2026-06-24 19:12:54.814 9 INFO neutron.wsgi [req-09f5739c-2730-4287-aa49-6658e13f6a7b req-72552ab0-5323-4d01-a766-7aea49b0f641 686af32b1be94b979025e27d50ec0dce 0e2414273bb744fb8a9eee2977f58e9b - - c59447b58e78401e9044174794112ce9 c59447b58e78401e9044174794112ce9] 199.19.213.176 "GET /v2.0/networks/39e0e982-54d1-4b1a-9e18-49f931242f98?fields=provider%3Aphysical_network&fields=provider%3Anetwork_type HTTP/1.1" status: 200 len: 277 time: 0.0611825
2026-06-24 19:12:55.032 10 WARNING neutron.scheduler.dhcp_agent_scheduler [None req-5aed3361-05c9-4e06-a835-9d3cc2dc8004 7ec65932304445b4bc8c4402e5b13f70 810c2aef5f064a2a98dde81ac5306e60 - - default default] No more DHCP agents
2026-06-24 19:12:55.036 10 WARNING neutron.api.rpc.agentnotifiers.dhcp_rpc_agent_api [None req-5aed3361-05c9-4e06-a835-9d3cc2dc8004 7ec65932304445b4bc8c4402e5b13f70 810c2aef5f064a2a98dde81ac5306e60 - - default default] Unable to schedule network 84239776-f48a-4453-af0f-d69c75e9be50: no agents available; will retry on subsequent port and subnet creation events.
2026-06-24 19:12:55.171 9 INFO neutron.plugins.ml2.drivers.ovn.mech_driver.mech_driver [None req-df408e8f-efc6-4758-a26d-e9311033e58d - - - - - -] OVN reports status up for port: 3233d091-6832-4df9-acf1-7df5b2ed86f0
2026-06-24 19:12:55.188 9 INFO neutron.plugins.ml2.plugin [None req-df408e8f-efc6-4758-a26d-e9311033e58d - - - - - -] Attempt 1 to provision port 3233d091-6832-4df9-acf1-7df5b2ed86f0
2026-06-24 19:12:55.196 10 INFO neutron.plugins.ml2.drivers.ovn.mech_driver.ovsdb.ovsdb_monitor [None req-03ada97e-4d6a-4de4-99bc-5c1c74d562d0 - - - - - -] Router 936b6cd2-2ecf-42af-87b3-976cd944de00 is bound to host instance
2026-06-24 19:12:55.212 10 INFO neutron.db.ovn_revision_numbers_db [None req-82d01ebf-7c75-40a5-8032-4bb89acf6d33 4f10f8e3456c45888ba084e75ba8851b 7ca197cbfedf46c6a1675ce45718ce58 - - - -] Successfully bumped revision number for resource 3233d091-6832-4df9-acf1-7df5b2ed86f0 (type: router_ports) to 1
2026-06-24 19:12:55.337 10 INFO neutron.db.ovn_revision_numbers_db [None req-5aed3361-05c9-4e06-a835-9d3cc2dc8004 7ec65932304445b4bc8c4402e5b13f70 810c2aef5f064a2a98dde81ac5306e60 - - default default] Successfully bumped revision number for resource 41ce1df6-9291-454c-813e-aa7e0fb4180e (type: ports) to 1
2026-06-24 19:12:55.379 10 INFO neutron.db.ovn_revision_numbers_db [None req-82d01ebf-7c75-40a5-8032-4bb89acf6d33 4f10f8e3456c45888ba084e75ba8851b 7ca197cbfedf46c6a1675ce45718ce58 - - - -] Successfully bumped revision number for resource 936b6cd2-2ecf-42af-87b3-976cd944de00 (type: routers) to 3
2026-06-24 19:12:55.425 10 INFO neutron.wsgi [None req-82d01ebf-7c75-40a5-8032-4bb89acf6d33 4f10f8e3456c45888ba084e75ba8851b 7ca197cbfedf46c6a1675ce45718ce58 - - - -] 10.0.0.32 "POST /v2.0/routers HTTP/1.1" status: 201 len: 879 time: 2.5396173
2026-06-24 19:12:55.683 9 INFO neutron.db.ovn_revision_numbers_db [None req-b7eb31a7-66d2-45b3-b22e-957896d5fdb7 4f10f8e3456c45888ba084e75ba8851b 7ca197cbfedf46c6a1675ce45718ce58 - - default default] Successfully bumped revision number for resource 453296ef-3dd8-441a-b12d-6c556019e913 (type: security_groups) to 1
2026-06-24 19:12:55.728 9 INFO neutron.wsgi [None req-b7eb31a7-66d2-45b3-b22e-957896d5fdb7 4f10f8e3456c45888ba084e75ba8851b 7ca197cbfedf46c6a1675ce45718ce58 - - default default] 10.0.0.32 "GET /v2.0/security-groups?tenant_id=6c4db9ed157d4b84860c7fa3f297263f&name=default HTTP/1.1" status: 200 len: 2996 time: 0.4287553
2026-06-24 19:12:56.000 9 WARNING neutron.scheduler.dhcp_agent_scheduler [None req-fdf3ab1b-ee45-43d8-a204-da4656b4a3c7 4f10f8e3456c45888ba084e75ba8851b 7ca197cbfedf46c6a1675ce45718ce58 - - default default] No more DHCP agents
2026-06-24 19:12:56.002 9 WARNING neutron.api.rpc.agentnotifiers.dhcp_rpc_agent_api [None req-fdf3ab1b-ee45-43d8-a204-da4656b4a3c7 4f10f8e3456c45888ba084e75ba8851b 7ca197cbfedf46c6a1675ce45718ce58 - - default default] Unable to schedule network 9229e235-ca2c-4c6f-815e-e4e08138f8d9: no agents available; will retry on subsequent port and subnet creation events.
2026-06-24 19:12:56.018 10 INFO neutron.db.ovn_revision_numbers_db [None req-5aed3361-05c9-4e06-a835-9d3cc2dc8004 7ec65932304445b4bc8c4402e5b13f70 810c2aef5f064a2a98dde81ac5306e60 - - default default] Successfully bumped revision number for resource 41ce1df6-9291-454c-813e-aa7e0fb4180e (type: router_ports) to 2
2026-06-24 19:12:56.138 9 INFO neutron.db.ovn_revision_numbers_db [None req-fdf3ab1b-ee45-43d8-a204-da4656b4a3c7 4f10f8e3456c45888ba084e75ba8851b 7ca197cbfedf46c6a1675ce45718ce58 - - default default] Successfully bumped revision number for resource cc015d90-ff97-47b4-94b3-c3d707fda962 (type: ports) to 1
2026-06-24 19:12:56.380 10 INFO neutron.db.ovn_revision_numbers_db [None req-03ada97e-4d6a-4de4-99bc-5c1c74d562d0 - - - - - -] Successfully bumped revision number for resource 3233d091-6832-4df9-acf1-7df5b2ed86f0 (type: ports) to 1
2026-06-24 19:12:56.447 10 INFO neutron.wsgi [None req-7fc64726-ec21-4bad-a5df-d058390abcf1 4f10f8e3456c45888ba084e75ba8851b 7ca197cbfedf46c6a1675ce45718ce58 - - - -] 10.0.0.32 "DELETE /v2.0/security-groups/453296ef-3dd8-441a-b12d-6c556019e913 HTTP/1.1" status: 204 len: 168 time: 0.7123811
2026-06-24 19:12:56.501 10 INFO neutron.db.ovn_revision_numbers_db [None req-5aed3361-05c9-4e06-a835-9d3cc2dc8004 7ec65932304445b4bc8c4402e5b13f70 810c2aef5f064a2a98dde81ac5306e60 - - default default] Successfully bumped revision number for resource 41ce1df6-9291-454c-813e-aa7e0fb4180e (type: ports) to 2
2026-06-24 19:12:56.634 10 WARNING neutron.scheduler.dhcp_agent_scheduler [None req-5aed3361-05c9-4e06-a835-9d3cc2dc8004 7ec65932304445b4bc8c4402e5b13f70 810c2aef5f064a2a98dde81ac5306e60 - - default default] No more DHCP agents
2026-06-24 19:12:56.649 10 WARNING neutron.api.rpc.agentnotifiers.dhcp_rpc_agent_api [None req-5aed3361-05c9-4e06-a835-9d3cc2dc8004 7ec65932304445b4bc8c4402e5b13f70 810c2aef5f064a2a98dde81ac5306e60 - - default default] Unable to schedule network 84239776-f48a-4453-af0f-d69c75e9be50: no agents available; will retry on subsequent port and subnet creation events.
2026-06-24 19:12:56.806 10 INFO neutron.db.ovn_revision_numbers_db [None req-b05fae49-5e0f-4bd6-b9ac-9bcaa33fae22 4f10f8e3456c45888ba084e75ba8851b 7ca197cbfedf46c6a1675ce45718ce58 - - default default] Successfully bumped revision number for resource 5481a743-d9ce-4249-b45f-6d2101b1e4e5 (type: security_groups) to 1
2026-06-24 19:12:56.848 10 INFO neutron.wsgi [None req-b05fae49-5e0f-4bd6-b9ac-9bcaa33fae22 4f10f8e3456c45888ba084e75ba8851b 7ca197cbfedf46c6a1675ce45718ce58 - - default default] 10.0.0.32 "GET /v2.0/security-groups?tenant_id=1df4cbc7b406476a93a62e46a66cbd01&name=default HTTP/1.1" status: 200 len: 2996 time: 0.2789063
2026-06-24 19:12:56.853 10 INFO neutron.db.ovn_revision_numbers_db [None req-03ada97e-4d6a-4de4-99bc-5c1c74d562d0 - - - - - -] Successfully bumped revision number for resource 3233d091-6832-4df9-acf1-7df5b2ed86f0 (type: router_ports) to 3
2026-06-24 19:12:56.948 10 INFO neutron.plugins.ml2.drivers.ovn.mech_driver.mech_driver [None req-b80654a2-dc53-441e-bb73-9774f093998e - - - - - -] OVN reports status up for port: cc015d90-ff97-47b4-94b3-c3d707fda962
2026-06-24 19:12:56.952 9 INFO neutron.db.ovn_revision_numbers_db [None req-fdf3ab1b-ee45-43d8-a204-da4656b4a3c7 4f10f8e3456c45888ba084e75ba8851b 7ca197cbfedf46c6a1675ce45718ce58 - - default default] Successfully bumped revision number for resource cc015d90-ff97-47b4-94b3-c3d707fda962 (type: router_ports) to 2
2026-06-24 19:12:56.958 10 INFO neutron.plugins.ml2.plugin [None req-b80654a2-dc53-441e-bb73-9774f093998e - - - - - -] Attempt 1 to provision port cc015d90-ff97-47b4-94b3-c3d707fda962
2026-06-24 19:12:56.967 10 INFO neutron.db.ovn_revision_numbers_db [None req-5aed3361-05c9-4e06-a835-9d3cc2dc8004 7ec65932304445b4bc8c4402e5b13f70 810c2aef5f064a2a98dde81ac5306e60 - - - -] Successfully bumped revision number for resource 41ce1df6-9291-454c-813e-aa7e0fb4180e (type: router_ports) to 2
2026-06-24 19:12:56.970 10 INFO neutron.wsgi [None req-5aed3361-05c9-4e06-a835-9d3cc2dc8004 7ec65932304445b4bc8c4402e5b13f70 810c2aef5f064a2a98dde81ac5306e60 - - - -] 10.0.0.32 "PUT /v2.0/routers/8a343f66-9414-46ec-97e5-3a3a3d508f4b/add_router_interface HTTP/1.1" status: 200 len: 503 time: 2.7975376
2026-06-24 19:12:57.020 9 INFO neutron.wsgi [None req-c72ab736-1d1f-4450-b2d5-28a9a6fba412 7ec65932304445b4bc8c4402e5b13f70 810c2aef5f064a2a98dde81ac5306e60 - - default default] 10.0.0.32 "GET /v2.0/ports/41ce1df6-9291-454c-813e-aa7e0fb4180e HTTP/1.1" status: 200 len: 1135 time: 0.0441926
2026-06-24 19:12:57.080 9 INFO neutron.wsgi [None req-1bc91294-5073-4dcd-81d3-a2ca958fb48e 7ec65932304445b4bc8c4402e5b13f70 810c2aef5f064a2a98dde81ac5306e60 - - default default] 10.0.0.32 "GET /v2.0/ports/41ce1df6-9291-454c-813e-aa7e0fb4180e HTTP/1.1" status: 200 len: 1135 time: 0.0526528
2026-06-24 19:12:57.103 10 INFO neutron.db.ovn_revision_numbers_db [None req-03ada97e-4d6a-4de4-99bc-5c1c74d562d0 - - - - - -] Successfully bumped revision number for resource 3233d091-6832-4df9-acf1-7df5b2ed86f0 (type: ports) to 2
2026-06-24 19:12:57.150 9 INFO neutron.db.ovn_revision_numbers_db [None req-fdf3ab1b-ee45-43d8-a204-da4656b4a3c7 4f10f8e3456c45888ba084e75ba8851b 7ca197cbfedf46c6a1675ce45718ce58 - - default default] Successfully bumped revision number for resource cc015d90-ff97-47b4-94b3-c3d707fda962 (type: ports) to 2
2026-06-24 19:12:57.168 9 INFO neutron.wsgi [None req-539e5118-849e-4aa2-867b-15ccbd52196b 4f10f8e3456c45888ba084e75ba8851b 7ca197cbfedf46c6a1675ce45718ce58 - - - -] 10.0.0.32 "DELETE /v2.0/security-groups/5481a743-d9ce-4249-b45f-6d2101b1e4e5 HTTP/1.1" status: 204 len: 168 time: 0.3133245
2026-06-24 19:12:57.220 9 WARNING neutron.scheduler.dhcp_agent_scheduler [None req-fdf3ab1b-ee45-43d8-a204-da4656b4a3c7 4f10f8e3456c45888ba084e75ba8851b 7ca197cbfedf46c6a1675ce45718ce58 - - default default] No more DHCP agents
2026-06-24 19:12:57.222 9 WARNING neutron.api.rpc.agentnotifiers.dhcp_rpc_agent_api [None req-fdf3ab1b-ee45-43d8-a204-da4656b4a3c7 4f10f8e3456c45888ba084e75ba8851b 7ca197cbfedf46c6a1675ce45718ce58 - - default default] Unable to schedule network 9229e235-ca2c-4c6f-815e-e4e08138f8d9: no agents available; will retry on subsequent port and subnet creation events.
2026-06-24 19:12:57.329 10 INFO neutron.db.ovn_revision_numbers_db [None req-b80654a2-dc53-441e-bb73-9774f093998e - - - - - -] Successfully bumped revision number for resource cc015d90-ff97-47b4-94b3-c3d707fda962 (type: ports) to 3
2026-06-24 19:12:57.435 10 INFO neutron.db.ovn_revision_numbers_db [None req-03ada97e-4d6a-4de4-99bc-5c1c74d562d0 - - - - - -] Successfully bumped revision number for resource 3233d091-6832-4df9-acf1-7df5b2ed86f0 (type: ports) to 4
2026-06-24 19:12:57.476 10 INFO neutron.db.ovn_revision_numbers_db [None req-b80654a2-dc53-441e-bb73-9774f093998e - - - - - -] Successfully bumped revision number for resource cc015d90-ff97-47b4-94b3-c3d707fda962 (type: router_ports) to 3
2026-06-24 19:12:57.488 9 INFO neutron.db.ovn_revision_numbers_db [None req-44d925b5-876f-4447-9c5a-daa1c22f11d5 4f10f8e3456c45888ba084e75ba8851b 7ca197cbfedf46c6a1675ce45718ce58 - - default default] Successfully bumped revision number for resource 7823648f-7d37-4be5-9d2b-98d744fbdc37 (type: security_groups) to 1
2026-06-24 19:12:57.528 9 INFO neutron.wsgi [None req-44d925b5-876f-4447-9c5a-daa1c22f11d5 4f10f8e3456c45888ba084e75ba8851b 7ca197cbfedf46c6a1675ce45718ce58 - - default default] 10.0.0.32 "GET /v2.0/security-groups?tenant_id=fdaa680ace934275b13b1861aba5fc44&name=default HTTP/1.1" status: 200 len: 2996 time: 0.1866705
2026-06-24 19:12:57.715 10 INFO neutron.db.ovn_revision_numbers_db [None req-03ada97e-4d6a-4de4-99bc-5c1c74d562d0 - - - - - -] Successfully bumped revision number for resource 3233d091-6832-4df9-acf1-7df5b2ed86f0 (type: router_ports) to 4
2026-06-24 19:12:57.825 9 INFO neutron.wsgi [None req-4ad4f863-3d4c-4949-9003-d370c566c57c 4f10f8e3456c45888ba084e75ba8851b 7ca197cbfedf46c6a1675ce45718ce58 - - - -] 10.0.0.32 "DELETE /v2.0/security-groups/7823648f-7d37-4be5-9d2b-98d744fbdc37 HTTP/1.1" status: 204 len: 168 time: 0.2925251
2026-06-24 19:12:57.834 9 INFO neutron.db.ovn_revision_numbers_db [None req-fdf3ab1b-ee45-43d8-a204-da4656b4a3c7 4f10f8e3456c45888ba084e75ba8851b 7ca197cbfedf46c6a1675ce45718ce58 - - - -] Successfully bumped revision number for resource cc015d90-ff97-47b4-94b3-c3d707fda962 (type: router_ports) to 3
2026-06-24 19:12:57.836 9 INFO neutron.wsgi [None req-fdf3ab1b-ee45-43d8-a204-da4656b4a3c7 4f10f8e3456c45888ba084e75ba8851b 7ca197cbfedf46c6a1675ce45718ce58 - - - -] 10.0.0.32 "PUT /v2.0/routers/936b6cd2-2ecf-42af-87b3-976cd944de00/add_router_interface HTTP/1.1" status: 200 len: 503 time: 2.4034405
2026-06-24 19:12:58.183 9 INFO neutron.wsgi [None req-a40b5b50-5d86-4149-8578-c5bf052f5930 7ec65932304445b4bc8c4402e5b13f70 810c2aef5f064a2a98dde81ac5306e60 - - default default] 10.0.0.32 "GET /v2.0/ports/41ce1df6-9291-454c-813e-aa7e0fb4180e HTTP/1.1" status: 200 len: 1135 time: 0.0955670
2026-06-24 19:12:58.214 9 INFO neutron.plugins.ml2.drivers.ovn.mech_driver.mech_driver [None req-df408e8f-efc6-4758-a26d-e9311033e58d - - - - - -] OVN reports status up for port: 41ce1df6-9291-454c-813e-aa7e0fb4180e
2026-06-24 19:12:58.222 9 INFO neutron.plugins.ml2.plugin [None req-df408e8f-efc6-4758-a26d-e9311033e58d - - - - - -] Attempt 1 to provision port 41ce1df6-9291-454c-813e-aa7e0fb4180e
2026-06-24 19:12:58.514 9 INFO neutron.db.ovn_revision_numbers_db [None req-df408e8f-efc6-4758-a26d-e9311033e58d - - - - - -] Successfully bumped revision number for resource 41ce1df6-9291-454c-813e-aa7e0fb4180e (type: ports) to 3
2026-06-24 19:12:58.637 9 INFO neutron.db.ovn_revision_numbers_db [None req-df408e8f-efc6-4758-a26d-e9311033e58d - - - - - -] Successfully bumped revision number for resource 41ce1df6-9291-454c-813e-aa7e0fb4180e (type: router_ports) to 3
2026-06-24 19:12:58.868 10 INFO neutron.wsgi [req-7bff141d-ecd9-4d0f-852b-cd7df23adcfc req-c4b71957-4a03-4145-99eb-5e59b832beed efe3ef172ad54d2f95bba6889dc9f912 36bb1daa4f204d68aa6590d23841a60e - - default default] 10.0.0.181 "GET /v2.0/networks?id=9229e235-ca2c-4c6f-815e-e4e08138f8d9 HTTP/1.1" status: 200 len: 877 time: 0.0992658
2026-06-24 19:12:58.891 10 INFO neutron.wsgi [req-7bff141d-ecd9-4d0f-852b-cd7df23adcfc req-5f8ae9ac-0249-4750-8291-2cde4f129d4f efe3ef172ad54d2f95bba6889dc9f912 36bb1daa4f204d68aa6590d23841a60e - - default default] 10.0.0.181 "GET /v2.0/quotas/36bb1daa4f204d68aa6590d23841a60e HTTP/1.1" status: 200 len: 386 time: 0.0130296
