2026-06-24 06:39:22.528 8 INFO placement.requestlog [None req-8f0aa5a8-27a3-4b02-9638-dc9bedb257f1 988eae5dd55640d5bc8b1984fb61397a b1e62ec19be1459d915d58ed2545e437 - - f58c63d9ffae48e7bb9c9807b1a18cde f58c63d9ffae48e7bb9c9807b1a18cde] 10.0.0.186 "GET /resource_providers/b2e550a2-3995-4313-b6b3-b3cade20bbb7/aggregates" status: 404 len: 235 microversion: 1.1 [pid: 8|app: 0|req: 510/1026] 10.0.0.186 () {32 vars in 816 bytes} [Wed Jun 24 06:39:22 2026] GET /resource_providers/b2e550a2-3995-4313-b6b3-b3cade20bbb7/aggregates => generated 235 bytes in 15 msecs (HTTP/1.1 404) 5 headers in 202 bytes (1 switches on core 0)
2026-06-24 06:39:22.544 7 INFO placement.requestlog [None req-2866f772-2659-4b90-a99c-6f3c8877d74f 988eae5dd55640d5bc8b1984fb61397a b1e62ec19be1459d915d58ed2545e437 - - f58c63d9ffae48e7bb9c9807b1a18cde f58c63d9ffae48e7bb9c9807b1a18cde] 10.0.0.186 "DELETE /resource_providers/b2e550a2-3995-4313-b6b3-b3cade20bbb7" status: 404 len: 246 microversion: 1.1 [pid: 7|app: 0|req: 517/1027] 10.0.0.186 () {34 vars in 816 bytes} [Wed Jun 24 06:39:22 2026] DELETE /resource_providers/b2e550a2-3995-4313-b6b3-b3cade20bbb7 => generated 246 bytes in 12 msecs (HTTP/1.1 404) 6 headers in 231 bytes (1 switches on core 0)
2026-06-24 06:39:22.560 8 INFO placement.requestlog [None req-2b53939e-1f38-404e-84db-6e9d1cea6229 988eae5dd55640d5bc8b1984fb61397a b1e62ec19be1459d915d58ed2545e437 - - f58c63d9ffae48e7bb9c9807b1a18cde f58c63d9ffae48e7bb9c9807b1a18cde] 10.0.0.186 "DELETE /resource_providers/b2e550a2-3995-4313-b6b3-b3cade20bbb7" status: 404 len: 246 microversion: 1.1 [pid: 8|app: 0|req: 511/1028] 10.0.0.186 () {34 vars in 816 bytes} [Wed Jun 24 06:39:22 2026] DELETE /resource_providers/b2e550a2-3995-4313-b6b3-b3cade20bbb7 => generated 246 bytes in 17 msecs (HTTP/1.1 404) 6 headers in 231 bytes (1 switches on core 0)
2026-06-24 06:39:22.566 7 INFO placement.requestlog [None req-4319d7a0-ccf8-4816-984b-e9e797a3bbd1 988eae5dd55640d5bc8b1984fb61397a b1e62ec19be1459d915d58ed2545e437 - - f58c63d9ffae48e7bb9c9807b1a18cde f58c63d9ffae48e7bb9c9807b1a18cde] 10.0.0.186 "GET /resource_providers/d93f38c9-5b17-46db-a84f-250bf7f059d1/aggregates" status: 404 len: 235 microversion: 1.1 [pid: 7|app: 0|req: 518/1029] 10.0.0.186 () {32 vars in 816 bytes} [Wed Jun 24 06:39:22 2026] GET /resource_providers/d93f38c9-5b17-46db-a84f-250bf7f059d1/aggregates => generated 235 bytes in 10 msecs (HTTP/1.1 404) 5 headers in 202 bytes (1 switches on core 0)
2026-06-24 06:39:22.585 8 INFO placement.requestlog [None req-f011f988-bca5-416f-9d26-f78e2afe025a 988eae5dd55640d5bc8b1984fb61397a b1e62ec19be1459d915d58ed2545e437 - - f58c63d9ffae48e7bb9c9807b1a18cde f58c63d9ffae48e7bb9c9807b1a18cde] 10.0.0.186 "GET /resource_providers/d93f38c9-5b17-46db-a84f-250bf7f059d1/aggregates" status: 404 len: 235 microversion: 1.1 [pid: 8|app: 0|req: 512/1030] 10.0.0.186 () {32 vars in 816 bytes} [Wed Jun 24 06:39:22 2026] GET /resource_providers/d93f38c9-5b17-46db-a84f-250bf7f059d1/aggregates => generated 235 bytes in 8 msecs (HTTP/1.1 404) 5 headers in 202 bytes (1 switches on core 0)
2026-06-24 06:39:22.589 7 INFO placement.requestlog [None req-8f7e888d-97d2-4cac-857e-6c5e94dbeb75 988eae5dd55640d5bc8b1984fb61397a b1e62ec19be1459d915d58ed2545e437 - - f58c63d9ffae48e7bb9c9807b1a18cde f58c63d9ffae48e7bb9c9807b1a18cde] 10.0.0.186 "DELETE /resource_providers/d93f38c9-5b17-46db-a84f-250bf7f059d1" status: 404 len: 246 microversion: 1.1 [pid: 7|app: 0|req: 519/1031] 10.0.0.186 () {34 vars in 816 bytes} [Wed Jun 24 06:39:22 2026] DELETE /resource_providers/d93f38c9-5b17-46db-a84f-250bf7f059d1 => generated 246 bytes in 11 msecs (HTTP/1.1 404) 6 headers in 231 bytes (1 switches on core 0)
2026-06-24 06:39:22.611 8 INFO placement.requestlog [None req-178ac417-ee09-4feb-b720-514469e80057 988eae5dd55640d5bc8b1984fb61397a b1e62ec19be1459d915d58ed2545e437 - - f58c63d9ffae48e7bb9c9807b1a18cde f58c63d9ffae48e7bb9c9807b1a18cde] 10.0.0.186 "DELETE /resource_providers/d93f38c9-5b17-46db-a84f-250bf7f059d1" status: 404 len: 246 microversion: 1.1 [pid: 8|app: 0|req: 513/1032] 10.0.0.186 () {34 vars in 816 bytes} [Wed Jun 24 06:39:22 2026] DELETE /resource_providers/d93f38c9-5b17-46db-a84f-250bf7f059d1 => generated 246 bytes in 14 msecs (HTTP/1.1 404) 6 headers in 231 bytes (1 switches on core 0)
2026-06-24 06:39:22.755 7 INFO placement.requestlog [None req-1a2baa33-cc34-4f60-ae36-a5179fbb95e5 988eae5dd55640d5bc8b1984fb61397a b1e62ec19be1459d915d58ed2545e437 - - f58c63d9ffae48e7bb9c9807b1a18cde f58c63d9ffae48e7bb9c9807b1a18cde] 10.0.0.186 "GET /resource_providers/7de29df1-4892-4e9d-8464-411eb37dc3b2/aggregates" status: 404 len: 235 microversion: 1.1 [pid: 7|app: 0|req: 520/1033] 10.0.0.186 () {32 vars in 816 bytes} [Wed Jun 24 06:39:22 2026] GET /resource_providers/7de29df1-4892-4e9d-8464-411eb37dc3b2/aggregates => generated 235 bytes in 13 msecs (HTTP/1.1 404) 5 headers in 202 bytes (1 switches on core 0)
2026-06-24 06:39:22.764 8 INFO placement.requestlog [None req-245bc7ab-9267-41e4-81ae-bff7b1330982 988eae5dd55640d5bc8b1984fb61397a b1e62ec19be1459d915d58ed2545e437 - - f58c63d9ffae48e7bb9c9807b1a18cde f58c63d9ffae48e7bb9c9807b1a18cde] 10.0.0.186 "GET /resource_providers/7de29df1-4892-4e9d-8464-411eb37dc3b2/aggregates" status: 404 len: 235 microversion: 1.1 [pid: 8|app: 0|req: 514/1034] 10.0.0.186 () {32 vars in 816 bytes} [Wed Jun 24 06:39:22 2026] GET /resource_providers/7de29df1-4892-4e9d-8464-411eb37dc3b2/aggregates => generated 235 bytes in 9 msecs (HTTP/1.1 404) 5 headers in 202 bytes (1 switches on core 0)
2026-06-24 06:39:22.768 7 INFO placement.requestlog [None req-60f5ff0e-22ce-48d1-b004-90ce16b9593a 988eae5dd55640d5bc8b1984fb61397a b1e62ec19be1459d915d58ed2545e437 - - f58c63d9ffae48e7bb9c9807b1a18cde f58c63d9ffae48e7bb9c9807b1a18cde] 10.0.0.186 "DELETE /resource_providers/7de29df1-4892-4e9d-8464-411eb37dc3b2" status: 404 len: 246 microversion: 1.1 [pid: 7|app: 0|req: 521/1035] 10.0.0.186 () {34 vars in 816 bytes} [Wed Jun 24 06:39:22 2026] DELETE /resource_providers/7de29df1-4892-4e9d-8464-411eb37dc3b2 => generated 246 bytes in 8 msecs (HTTP/1.1 404) 6 headers in 231 bytes (1 switches on core 0)
2026-06-24 06:39:22.777 8 INFO placement.requestlog [None req-4b7408bd-6ad7-4611-a076-a4784112db6a 988eae5dd55640d5bc8b1984fb61397a b1e62ec19be1459d915d58ed2545e437 - - f58c63d9ffae48e7bb9c9807b1a18cde f58c63d9ffae48e7bb9c9807b1a18cde] 10.0.0.186 "DELETE /resource_providers/7de29df1-4892-4e9d-8464-411eb37dc3b2" status: 404 len: 246 microversion: 1.1 [pid: 8|app: 0|req: 515/1036] 10.0.0.186 () {34 vars in 816 bytes} [Wed Jun 24 06:39:22 2026] DELETE /resource_providers/7de29df1-4892-4e9d-8464-411eb37dc3b2 => generated 246 bytes in 7 msecs (HTTP/1.1 404) 6 headers in 231 bytes (1 switches on core 0)
2026-06-24 06:39:27.413 7 INFO placement.requestlog [req-cd683cfc-b1e6-4c7e-90ba-8b167cc8100d req-08fcb3b9-18d1-4fbb-8134-95cd6171ce97 70788831d7f94f379e01bdf09f448c0c b1e62ec19be1459d915d58ed2545e437 - - f58c63d9ffae48e7bb9c9807b1a18cde f58c63d9ffae48e7bb9c9807b1a18cde] 10.0.0.200 "GET /allocation_candidates?limit=1000&resources=DISK_GB%3A1%2CMEMORY_MB%3A512%2CVCPU%3A1&root_required=%21COMPUTE_STATUS_DISABLED" status: 200 len: 2149 microversion: 1.36 [pid: 7|app: 0|req: 522/1037] 10.0.0.200 () {34 vars in 1012 bytes} [Wed Jun 24 06:39:27 2026] GET /allocation_candidates?limit=1000&resources=DISK_GB%3A1%2CMEMORY_MB%3A512%2CVCPU%3A1&root_required=%21COMPUTE_STATUS_DISABLED => generated 2149 bytes in 57 msecs (HTTP/1.1 200) 8 headers in 297 bytes (1 switches on core 0)
2026-06-24 06:39:27.456 8 INFO placement.requestlog [req-cd683cfc-b1e6-4c7e-90ba-8b167cc8100d req-b631bf6c-d509-4ba6-87af-9f695ee1e696 70788831d7f94f379e01bdf09f448c0c b1e62ec19be1459d915d58ed2545e437 - - f58c63d9ffae48e7bb9c9807b1a18cde f58c63d9ffae48e7bb9c9807b1a18cde] 10.0.0.200 "GET /allocations/7b7afd7a-0307-4c6e-8321-84187d8247aa" status: 200 len: 19 microversion: 1.28 [pid: 8|app: 0|req: 516/1038] 10.0.0.200 () {34 vars in 861 bytes} [Wed Jun 24 06:39:27 2026] GET /allocations/7b7afd7a-0307-4c6e-8321-84187d8247aa => generated 19 bytes in 17 msecs (HTTP/1.1 200) 8 headers in 295 bytes (1 switches on core 0)
2026-06-24 06:39:27.535 7 INFO placement.requestlog [req-cd683cfc-b1e6-4c7e-90ba-8b167cc8100d req-032ad55f-36ae-4e3b-b4d0-28266e9d08e9 70788831d7f94f379e01bdf09f448c0c b1e62ec19be1459d915d58ed2545e437 - - f58c63d9ffae48e7bb9c9807b1a18cde f58c63d9ffae48e7bb9c9807b1a18cde] 10.0.0.200 "PUT /allocations/7b7afd7a-0307-4c6e-8321-84187d8247aa" status: 204 len: 0 microversion: 1.36 [pid: 7|app: 0|req: 523/1039] 10.0.0.200 () {38 vars in 914 bytes} [Wed Jun 24 06:39:27 2026] PUT /allocations/7b7afd7a-0307-4c6e-8321-84187d8247aa => generated 0 bytes in 70 msecs (HTTP/1.1 204) 5 headers in 199 bytes (1 switches on core 0)
2026-06-24 06:39:27.771 8 INFO placement.requestlog [req-cd683cfc-b1e6-4c7e-90ba-8b167cc8100d req-b5ac7798-e103-47cd-bed5-b1e3c73bf1a3 70788831d7f94f379e01bdf09f448c0c b1e62ec19be1459d915d58ed2545e437 - - f58c63d9ffae48e7bb9c9807b1a18cde f58c63d9ffae48e7bb9c9807b1a18cde] 199.204.45.3 "GET /allocations/7b7afd7a-0307-4c6e-8321-84187d8247aa" status: 200 len: 258 microversion: 1.28 [pid: 8|app: 0|req: 517/1040] 199.204.45.3 () {34 vars in 861 bytes} [Wed Jun 24 06:39:27 2026] GET /allocations/7b7afd7a-0307-4c6e-8321-84187d8247aa => generated 258 bytes in 19 msecs (HTTP/1.1 200) 8 headers in 296 bytes (1 switches on core 0)
2026-06-24 06:39:27.908 7 INFO placement.requestlog [req-cd683cfc-b1e6-4c7e-90ba-8b167cc8100d req-18946437-cdba-431a-a609-ee5191811959 70788831d7f94f379e01bdf09f448c0c b1e62ec19be1459d915d58ed2545e437 - - f58c63d9ffae48e7bb9c9807b1a18cde f58c63d9ffae48e7bb9c9807b1a18cde] 199.204.45.3 "GET /resource_providers/e5d4509c-692b-4ad8-bf94-5f9fbac494ce/allocations" status: 200 len: 253 microversion: 1.0 [pid: 7|app: 0|req: 524/1041] 199.204.45.3 () {32 vars in 855 bytes} [Wed Jun 24 06:39:27 2026] GET /resource_providers/e5d4509c-692b-4ad8-bf94-5f9fbac494ce/allocations => generated 253 bytes in 22 msecs (HTTP/1.1 200) 6 headers in 224 bytes (1 switches on core 0)
2026-06-24 06:39:27.929 8 INFO placement.requestlog [req-cd683cfc-b1e6-4c7e-90ba-8b167cc8100d req-e645b24e-0520-406f-9bd1-ac711dc18916 70788831d7f94f379e01bdf09f448c0c b1e62ec19be1459d915d58ed2545e437 - - f58c63d9ffae48e7bb9c9807b1a18cde f58c63d9ffae48e7bb9c9807b1a18cde] 199.204.45.3 "GET /allocations/7b7afd7a-0307-4c6e-8321-84187d8247aa" status: 200 len: 258 microversion: 1.28 [pid: 8|app: 0|req: 518/1042] 199.204.45.3 () {34 vars in 861 bytes} [Wed Jun 24 06:39:27 2026] GET /allocations/7b7afd7a-0307-4c6e-8321-84187d8247aa => generated 258 bytes in 14 msecs (HTTP/1.1 200) 8 headers in 296 bytes (1 switches on core 0)
2026-06-24 06:39:27.954 7 INFO placement.requestlog [req-cd683cfc-b1e6-4c7e-90ba-8b167cc8100d req-3018a752-7ce5-47f7-acb9-8469a69c93bf 70788831d7f94f379e01bdf09f448c0c b1e62ec19be1459d915d58ed2545e437 - - f58c63d9ffae48e7bb9c9807b1a18cde f58c63d9ffae48e7bb9c9807b1a18cde] 199.204.45.3 "GET /allocations/2144dbcc-c0c2-47eb-977b-4a8181d3a34e" status: 200 len: 258 microversion: 1.28 [pid: 7|app: 0|req: 525/1043] 199.204.45.3 () {34 vars in 861 bytes} [Wed Jun 24 06:39:27 2026] GET /allocations/2144dbcc-c0c2-47eb-977b-4a8181d3a34e => generated 258 bytes in 18 msecs (HTTP/1.1 200) 8 headers in 296 bytes (1 switches on core 0)
2026-06-24 06:39:28.175 8 INFO placement.requestlog [None req-8707c1b1-eb2e-44e2-b32d-7ef75ad5c363 - - - - - -] 10.0.0.216 "GET /" status: 200 len: 136 microversion: 1.0
2026-06-24 06:39:28.175 7 INFO placement.requestlog [None req-e8f7a8e7-7469-4f80-a633-735e21ff4930 - - - - - -] 10.0.0.216 "GET /" status: 200 len: 136 microversion: 1.0
2026-06-24 06:39:32.661 7 INFO placement.requestlog [None req-ec64a7de-9536-4530-aeec-b7246db3cf54 988eae5dd55640d5bc8b1984fb61397a b1e62ec19be1459d915d58ed2545e437 - - f58c63d9ffae48e7bb9c9807b1a18cde f58c63d9ffae48e7bb9c9807b1a18cde] 10.0.0.186 "GET /resource_providers/419b051c-50fa-498b-93c1-e0cf3a9d9c5a/aggregates" status: 404 len: 235 microversion: 1.1 [pid: 7|app: 0|req: 527/1046] 10.0.0.186 () {32 vars in 816 bytes} [Wed Jun 24 06:39:32 2026] GET /resource_providers/419b051c-50fa-498b-93c1-e0cf3a9d9c5a/aggregates => generated 235 bytes in 12 msecs (HTTP/1.1 404) 5 headers in 202 bytes (1 switches on core 0)
2026-06-24 06:39:32.662 8 INFO placement.requestlog [None req-e4de5969-5755-438f-9cbd-a9aa034d1c39 988eae5dd55640d5bc8b1984fb61397a b1e62ec19be1459d915d58ed2545e437 - - f58c63d9ffae48e7bb9c9807b1a18cde f58c63d9ffae48e7bb9c9807b1a18cde] 10.0.0.186 "GET /resource_providers/419b051c-50fa-498b-93c1-e0cf3a9d9c5a/aggregates" status: 404 len: 235 microversion: 1.1 [pid: 8|app: 0|req: 520/1047] 10.0.0.186 () {32 vars in 816 bytes} [Wed Jun 24 06:39:32 2026] GET /resource_providers/419b051c-50fa-498b-93c1-e0cf3a9d9c5a/aggregates => generated 235 bytes in 13 msecs (HTTP/1.1 404) 5 headers in 202 bytes (1 switches on core 0)
2026-06-24 06:39:32.689 7 INFO placement.requestlog [None req-4115a513-1029-4dc0-84d6-061282a4ba98 988eae5dd55640d5bc8b1984fb61397a b1e62ec19be1459d915d58ed2545e437 - - f58c63d9ffae48e7bb9c9807b1a18cde f58c63d9ffae48e7bb9c9807b1a18cde] 10.0.0.186 "DELETE /resource_providers/419b051c-50fa-498b-93c1-e0cf3a9d9c5a" status: 404 len: 246 microversion: 1.1 [pid: 7|app: 0|req: 528/1048] 10.0.0.186 () {34 vars in 816 bytes} [Wed Jun 24 06:39:32 2026] DELETE /resource_providers/419b051c-50fa-498b-93c1-e0cf3a9d9c5a => generated 246 bytes in 10 msecs (HTTP/1.1 404) 6 headers in 231 bytes (1 switches on core 0)
2026-06-24 06:39:32.695 8 INFO placement.requestlog [None req-1a42694a-ea1e-4ad2-b595-71f4d431fa60 988eae5dd55640d5bc8b1984fb61397a b1e62ec19be1459d915d58ed2545e437 - - f58c63d9ffae48e7bb9c9807b1a18cde f58c63d9ffae48e7bb9c9807b1a18cde] 10.0.0.186 "DELETE /resource_providers/419b051c-50fa-498b-93c1-e0cf3a9d9c5a" status: 404 len: 246 microversion: 1.1 [pid: 8|app: 0|req: 521/1049] 10.0.0.186 () {34 vars in 816 bytes} [Wed Jun 24 06:39:32 2026] DELETE /resource_providers/419b051c-50fa-498b-93c1-e0cf3a9d9c5a => generated 246 bytes in 12 msecs (HTTP/1.1 404) 6 headers in 231 bytes (1 switches on core 0)
2026-06-24 06:39:34.826 7 INFO placement.requestlog [None req-73b8bfb7-c163-418e-a1a5-5624298141f5 988eae5dd55640d5bc8b1984fb61397a b1e62ec19be1459d915d58ed2545e437 - - f58c63d9ffae48e7bb9c9807b1a18cde f58c63d9ffae48e7bb9c9807b1a18cde] 10.0.0.186 "GET /resource_providers/01a77bc3-187b-4f35-aca6-48c4f68d4b78/aggregates" status: 404 len: 235 microversion: 1.1 [pid: 7|app: 0|req: 529/1050] 10.0.0.186 () {32 vars in 816 bytes} [Wed Jun 24 06:39:34 2026] GET /resource_providers/01a77bc3-187b-4f35-aca6-48c4f68d4b78/aggregates => generated 235 bytes in 10 msecs (HTTP/1.1 404) 5 headers in 202 bytes (1 switches on core 0)
2026-06-24 06:39:34.844 8 INFO placement.requestlog [None req-6a2de539-12df-4255-9dbf-be24ecc0341b 988eae5dd55640d5bc8b1984fb61397a b1e62ec19be1459d915d58ed2545e437 - - f58c63d9ffae48e7bb9c9807b1a18cde f58c63d9ffae48e7bb9c9807b1a18cde] 10.0.0.186 "GET /resource_providers/01a77bc3-187b-4f35-aca6-48c4f68d4b78/aggregates" status: 404 len: 235 microversion: 1.1 [pid: 8|app: 0|req: 522/1051] 10.0.0.186 () {32 vars in 816 bytes} [Wed Jun 24 06:39:34 2026] GET /resource_providers/01a77bc3-187b-4f35-aca6-48c4f68d4b78/aggregates => generated 235 bytes in 24 msecs (HTTP/1.1 404) 5 headers in 202 bytes (1 switches on core 0)
2026-06-24 06:39:34.869 7 INFO placement.requestlog [None req-dc9086fb-9d8f-4046-b87e-aabe13fa9bac 988eae5dd55640d5bc8b1984fb61397a b1e62ec19be1459d915d58ed2545e437 - - f58c63d9ffae48e7bb9c9807b1a18cde f58c63d9ffae48e7bb9c9807b1a18cde] 10.0.0.186 "DELETE /resource_providers/01a77bc3-187b-4f35-aca6-48c4f68d4b78" status: 404 len: 246 microversion: 1.1
2026-06-24 06:39:34.869 8 INFO placement.requestlog [None req-e2ea8914-ca81-41a6-90fd-e1ed29d7df6f 988eae5dd55640d5bc8b1984fb61397a b1e62ec19be1459d915d58ed2545e437 - - f58c63d9ffae48e7bb9c9807b1a18cde f58c63d9ffae48e7bb9c9807b1a18cde] 10.0.0.186 "DELETE /resource_providers/01a77bc3-187b-4f35-aca6-48c4f68d4b78" status: 404 len: 246 microversion: 1.1 [pid: 7|app: 0|req: 530/1052] 10.0.0.186 () {34 vars in 816 bytes} [Wed Jun 24 06:39:34 2026] DELETE /resource_providers/01a77bc3-187b-4f35-aca6-48c4f68d4b78 => generated 246 bytes in 14 msecs (HTTP/1.1 404) 6 headers in 231 bytes (1 switches on core 0) [pid: 8|app: 0|req: 523/1053] 10.0.0.186 () {34 vars in 816 bytes} [Wed Jun 24 06:39:34 2026] DELETE /resource_providers/01a77bc3-187b-4f35-aca6-48c4f68d4b78 => generated 246 bytes in 10 msecs (HTTP/1.1 404) 6 headers in 231 bytes (1 switches on core 0)
2026-06-24 06:39:34.887 7 INFO placement.requestlog [None req-33720671-96db-4b6d-bae1-ac0b7ad59643 988eae5dd55640d5bc8b1984fb61397a b1e62ec19be1459d915d58ed2545e437 - - f58c63d9ffae48e7bb9c9807b1a18cde f58c63d9ffae48e7bb9c9807b1a18cde] 10.0.0.186 "GET /resource_providers/1a9c6e6c-fac3-4e09-92eb-be89581ae910/aggregates" status: 404 len: 235 microversion: 1.1 [pid: 7|app: 0|req: 531/1054] 10.0.0.186 () {32 vars in 816 bytes} [Wed Jun 24 06:39:34 2026] GET /resource_providers/1a9c6e6c-fac3-4e09-92eb-be89581ae910/aggregates => generated 235 bytes in 12 msecs (HTTP/1.1 404) 5 headers in 202 bytes (1 switches on core 0)
2026-06-24 06:39:34.932 8 INFO placement.requestlog [None req-525d0244-acc7-404c-8833-7b4c0cd1612a 988eae5dd55640d5bc8b1984fb61397a b1e62ec19be1459d915d58ed2545e437 - - f58c63d9ffae48e7bb9c9807b1a18cde f58c63d9ffae48e7bb9c9807b1a18cde] 10.0.0.186 "GET /resource_providers/1a9c6e6c-fac3-4e09-92eb-be89581ae910/aggregates" status: 404 len: 235 microversion: 1.1 [pid: 8|app: 0|req: 524/1055] 10.0.0.186 () {32 vars in 816 bytes} [Wed Jun 24 06:39:34 2026] GET /resource_providers/1a9c6e6c-fac3-4e09-92eb-be89581ae910/aggregates => generated 235 bytes in 16 msecs (HTTP/1.1 404) 5 headers in 202 bytes (1 switches on core 0)
2026-06-24 06:39:34.933 7 INFO placement.requestlog [None req-764e4d5a-be5b-4b50-80ed-0a4b064ea723 988eae5dd55640d5bc8b1984fb61397a b1e62ec19be1459d915d58ed2545e437 - - f58c63d9ffae48e7bb9c9807b1a18cde f58c63d9ffae48e7bb9c9807b1a18cde] 10.0.0.186 "DELETE /resource_providers/1a9c6e6c-fac3-4e09-92eb-be89581ae910" status: 404 len: 246 microversion: 1.1 [pid: 7|app: 0|req: 532/1056] 10.0.0.186 () {34 vars in 816 bytes} [Wed Jun 24 06:39:34 2026] DELETE /resource_providers/1a9c6e6c-fac3-4e09-92eb-be89581ae910 => generated 246 bytes in 17 msecs (HTTP/1.1 404) 6 headers in 231 bytes (1 switches on core 0)
2026-06-24 06:39:34.953 8 INFO placement.requestlog [None req-f95dc383-bc83-470e-bf83-949fcc26511d 988eae5dd55640d5bc8b1984fb61397a b1e62ec19be1459d915d58ed2545e437 - - f58c63d9ffae48e7bb9c9807b1a18cde f58c63d9ffae48e7bb9c9807b1a18cde] 10.0.0.186 "GET /resource_providers/66dc64ca-11dc-4cb4-a846-0e61e6e8bc36/aggregates" status: 404 len: 235 microversion: 1.1 [pid: 8|app: 0|req: 525/1057] 10.0.0.186 () {32 vars in 816 bytes} [Wed Jun 24 06:39:34 2026] GET /resource_providers/66dc64ca-11dc-4cb4-a846-0e61e6e8bc36/aggregates => generated 235 bytes in 8 msecs (HTTP/1.1 404) 5 headers in 202 bytes (1 switches on core 0)
2026-06-24 06:39:34.962 7 INFO placement.requestlog [None req-d5737ceb-39c8-4376-816c-205ff5fd2c2b 988eae5dd55640d5bc8b1984fb61397a b1e62ec19be1459d915d58ed2545e437 - - f58c63d9ffae48e7bb9c9807b1a18cde f58c63d9ffae48e7bb9c9807b1a18cde] 10.0.0.186 "DELETE /resource_providers/1a9c6e6c-fac3-4e09-92eb-be89581ae910" status: 404 len: 246 microversion: 1.1 [pid: 7|app: 0|req: 533/1058] 10.0.0.186 () {34 vars in 816 bytes} [Wed Jun 24 06:39:34 2026] DELETE /resource_providers/1a9c6e6c-fac3-4e09-92eb-be89581ae910 => generated 246 bytes in 17 msecs (HTTP/1.1 404) 6 headers in 231 bytes (1 switches on core 0)
2026-06-24 06:39:34.967 8 INFO placement.requestlog [None req-24936d3d-b450-4cd1-9469-dc84240d4a50 988eae5dd55640d5bc8b1984fb61397a b1e62ec19be1459d915d58ed2545e437 - - f58c63d9ffae48e7bb9c9807b1a18cde f58c63d9ffae48e7bb9c9807b1a18cde] 10.0.0.186 "DELETE /resource_providers/66dc64ca-11dc-4cb4-a846-0e61e6e8bc36" status: 404 len: 246 microversion: 1.1 [pid: 8|app: 0|req: 526/1059] 10.0.0.186 () {34 vars in 816 bytes} [Wed Jun 24 06:39:34 2026] DELETE /resource_providers/66dc64ca-11dc-4cb4-a846-0e61e6e8bc36 => generated 246 bytes in 7 msecs (HTTP/1.1 404) 6 headers in 231 bytes (1 switches on core 0)
2026-06-24 06:39:34.982 7 INFO placement.requestlog [None req-c02e00ef-3961-4c20-9c40-1b1c2d59242d 988eae5dd55640d5bc8b1984fb61397a b1e62ec19be1459d915d58ed2545e437 - - f58c63d9ffae48e7bb9c9807b1a18cde f58c63d9ffae48e7bb9c9807b1a18cde] 10.0.0.186 "GET /resource_providers/66dc64ca-11dc-4cb4-a846-0e61e6e8bc36/aggregates" status: 404 len: 235 microversion: 1.1 [pid: 7|app: 0|req: 534/1060] 10.0.0.186 () {32 vars in 816 bytes} [Wed Jun 24 06:39:34 2026] GET /resource_providers/66dc64ca-11dc-4cb4-a846-0e61e6e8bc36/aggregates => generated 235 bytes in 12 msecs (HTTP/1.1 404) 5 headers in 202 bytes (1 switches on core 0)
2026-06-24 06:39:34.991 8 INFO placement.requestlog [None req-a07da526-6659-4085-b75a-94b0ab0227c1 988eae5dd55640d5bc8b1984fb61397a b1e62ec19be1459d915d58ed2545e437 - - f58c63d9ffae48e7bb9c9807b1a18cde f58c63d9ffae48e7bb9c9807b1a18cde] 10.0.0.186 "GET /resource_providers/f13e824f-93c9-4c5d-96a9-21b526774be1/aggregates" status: 404 len: 235 microversion: 1.1 [pid: 8|app: 0|req: 527/1061] 10.0.0.186 () {32 vars in 816 bytes} [Wed Jun 24 06:39:34 2026] GET /resource_providers/f13e824f-93c9-4c5d-96a9-21b526774be1/aggregates => generated 235 bytes in 11 msecs (HTTP/1.1 404) 5 headers in 202 bytes (1 switches on core 0)
2026-06-24 06:39:35.004 7 INFO placement.requestlog [None req-6e674033-e8f2-45b3-baa3-6f880f5b25ec 988eae5dd55640d5bc8b1984fb61397a b1e62ec19be1459d915d58ed2545e437 - - f58c63d9ffae48e7bb9c9807b1a18cde f58c63d9ffae48e7bb9c9807b1a18cde] 10.0.0.186 "DELETE /resource_providers/66dc64ca-11dc-4cb4-a846-0e61e6e8bc36" status: 404 len: 246 microversion: 1.1 [pid: 7|app: 0|req: 535/1062] 10.0.0.186 () {34 vars in 816 bytes} [Wed Jun 24 06:39:34 2026] DELETE /resource_providers/66dc64ca-11dc-4cb4-a846-0e61e6e8bc36 => generated 246 bytes in 13 msecs (HTTP/1.1 404) 6 headers in 231 bytes (1 switches on core 0)
2026-06-24 06:39:35.007 8 INFO placement.requestlog [None req-03ad8956-8c64-4024-a238-47ef00e320f2 988eae5dd55640d5bc8b1984fb61397a b1e62ec19be1459d915d58ed2545e437 - - f58c63d9ffae48e7bb9c9807b1a18cde f58c63d9ffae48e7bb9c9807b1a18cde] 10.0.0.186 "DELETE /resource_providers/f13e824f-93c9-4c5d-96a9-21b526774be1" status: 404 len: 246 microversion: 1.1 [pid: 8|app: 0|req: 528/1063] 10.0.0.186 () {34 vars in 816 bytes} [Wed Jun 24 06:39:34 2026] DELETE /resource_providers/f13e824f-93c9-4c5d-96a9-21b526774be1 => generated 246 bytes in 10 msecs (HTTP/1.1 404) 6 headers in 231 bytes (1 switches on core 0)
2026-06-24 06:39:35.176 7 INFO placement.requestlog [None req-3a738f1a-792e-4a4f-bda6-fdbc94475519 988eae5dd55640d5bc8b1984fb61397a b1e62ec19be1459d915d58ed2545e437 - - f58c63d9ffae48e7bb9c9807b1a18cde f58c63d9ffae48e7bb9c9807b1a18cde] 10.0.0.186 "GET /resource_providers/f13e824f-93c9-4c5d-96a9-21b526774be1/aggregates" status: 404 len: 235 microversion: 1.1 [pid: 7|app: 0|req: 536/1064] 10.0.0.186 () {32 vars in 816 bytes} [Wed Jun 24 06:39:35 2026] GET /resource_providers/f13e824f-93c9-4c5d-96a9-21b526774be1/aggregates => generated 235 bytes in 14 msecs (HTTP/1.1 404) 5 headers in 202 bytes (1 switches on core 0)
2026-06-24 06:39:35.208 8 INFO placement.requestlog [None req-3f62bcab-7a84-4ae0-8774-c589d70819ca 988eae5dd55640d5bc8b1984fb61397a b1e62ec19be1459d915d58ed2545e437 - - f58c63d9ffae48e7bb9c9807b1a18cde f58c63d9ffae48e7bb9c9807b1a18cde] 10.0.0.186 "DELETE /resource_providers/f13e824f-93c9-4c5d-96a9-21b526774be1" status: 404 len: 246 microversion: 1.1 [pid: 8|app: 0|req: 529/1065] 10.0.0.186 () {34 vars in 816 bytes} [Wed Jun 24 06:39:35 2026] DELETE /resource_providers/f13e824f-93c9-4c5d-96a9-21b526774be1 => generated 246 bytes in 13 msecs (HTTP/1.1 404) 6 headers in 231 bytes (1 switches on core 0)
2026-06-24 06:39:38.175 7 INFO placement.requestlog [None req-23cf6f03-98f3-4175-be7d-89902f4bf477 - - - - - -] 10.0.0.216 "GET /" status: 200 len: 136 microversion: 1.0
2026-06-24 06:39:38.176 8 INFO placement.requestlog [None req-e87c4987-3462-4c4b-914a-49f11cd2eb50 - - - - - -] 10.0.0.216 "GET /" status: 200 len: 136 microversion: 1.0
2026-06-24 06:39:42.211 7 INFO placement.requestlog [None req-d152cb9d-29c2-4781-8f73-67fb97db9003 988eae5dd55640d5bc8b1984fb61397a b1e62ec19be1459d915d58ed2545e437 - - f58c63d9ffae48e7bb9c9807b1a18cde f58c63d9ffae48e7bb9c9807b1a18cde] 10.0.0.186 "GET /resource_providers/b3deaea1-a064-4aeb-b04e-167cd05e2a70/aggregates" status: 404 len: 235 microversion: 1.1 [pid: 7|app: 0|req: 538/1068] 10.0.0.186 () {32 vars in 816 bytes} [Wed Jun 24 06:39:42 2026] GET /resource_providers/b3deaea1-a064-4aeb-b04e-167cd05e2a70/aggregates => generated 235 bytes in 11 msecs (HTTP/1.1 404) 5 headers in 202 bytes (1 switches on core 0)
2026-06-24 06:39:42.219 8 INFO placement.requestlog [None req-cedea0c1-bacc-4b1e-a824-532634bcf0ed 988eae5dd55640d5bc8b1984fb61397a b1e62ec19be1459d915d58ed2545e437 - - f58c63d9ffae48e7bb9c9807b1a18cde f58c63d9ffae48e7bb9c9807b1a18cde] 10.0.0.186 "GET /resource_providers/b3deaea1-a064-4aeb-b04e-167cd05e2a70/aggregates" status: 404 len: 235 microversion: 1.1 [pid: 8|app: 0|req: 531/1069] 10.0.0.186 () {32 vars in 816 bytes} [Wed Jun 24 06:39:42 2026] GET /resource_providers/b3deaea1-a064-4aeb-b04e-167cd05e2a70/aggregates => generated 235 bytes in 11 msecs (HTTP/1.1 404) 5 headers in 202 bytes (1 switches on core 0)
2026-06-24 06:39:42.234 7 INFO placement.requestlog [None req-abb8d698-f1f2-4d45-8756-bc0d7e952abe 988eae5dd55640d5bc8b1984fb61397a b1e62ec19be1459d915d58ed2545e437 - - f58c63d9ffae48e7bb9c9807b1a18cde f58c63d9ffae48e7bb9c9807b1a18cde] 10.0.0.186 "DELETE /resource_providers/b3deaea1-a064-4aeb-b04e-167cd05e2a70" status: 404 len: 246 microversion: 1.1 [pid: 7|app: 0|req: 539/1070] 10.0.0.186 () {34 vars in 816 bytes} [Wed Jun 24 06:39:42 2026] DELETE /resource_providers/b3deaea1-a064-4aeb-b04e-167cd05e2a70 => generated 246 bytes in 11 msecs (HTTP/1.1 404) 6 headers in 231 bytes (1 switches on core 0)
2026-06-24 06:39:42.239 8 INFO placement.requestlog [None req-29735fd2-c552-4d66-a17c-605bfef320c6 988eae5dd55640d5bc8b1984fb61397a b1e62ec19be1459d915d58ed2545e437 - - f58c63d9ffae48e7bb9c9807b1a18cde f58c63d9ffae48e7bb9c9807b1a18cde] 10.0.0.186 "DELETE /resource_providers/b3deaea1-a064-4aeb-b04e-167cd05e2a70" status: 404 len: 246 microversion: 1.1 [pid: 8|app: 0|req: 532/1071] 10.0.0.186 () {34 vars in 816 bytes} [Wed Jun 24 06:39:42 2026] DELETE /resource_providers/b3deaea1-a064-4aeb-b04e-167cd05e2a70 => generated 246 bytes in 10 msecs (HTTP/1.1 404) 6 headers in 231 bytes (1 switches on core 0)
2026-06-24 06:39:47.608 7 INFO placement.requestlog [req-7fe49195-f917-40ca-943b-da6d2f46b9f3 req-b7d81170-48dd-4928-9b19-dfb79a5fb5d2 70788831d7f94f379e01bdf09f448c0c b1e62ec19be1459d915d58ed2545e437 - - f58c63d9ffae48e7bb9c9807b1a18cde f58c63d9ffae48e7bb9c9807b1a18cde] 199.204.45.3 "GET /resource_providers/e5d4509c-692b-4ad8-bf94-5f9fbac494ce/allocations" status: 200 len: 253 microversion: 1.0 [pid: 7|app: 0|req: 540/1072] 199.204.45.3 () {32 vars in 855 bytes} [Wed Jun 24 06:39:47 2026] GET /resource_providers/e5d4509c-692b-4ad8-bf94-5f9fbac494ce/allocations => generated 253 bytes in 18 msecs (HTTP/1.1 200) 6 headers in 224 bytes (1 switches on core 0)
2026-06-24 06:39:47.633 8 INFO placement.requestlog [req-7fe49195-f917-40ca-943b-da6d2f46b9f3 req-cf2a1d27-5407-4fd3-a4f5-466e8d2585a1 70788831d7f94f379e01bdf09f448c0c b1e62ec19be1459d915d58ed2545e437 - - f58c63d9ffae48e7bb9c9807b1a18cde f58c63d9ffae48e7bb9c9807b1a18cde] 199.204.45.3 "GET /allocations/7b7afd7a-0307-4c6e-8321-84187d8247aa" status: 200 len: 258 microversion: 1.28 [pid: 8|app: 0|req: 533/1073] 199.204.45.3 () {34 vars in 861 bytes} [Wed Jun 24 06:39:47 2026] GET /allocations/7b7afd7a-0307-4c6e-8321-84187d8247aa => generated 258 bytes in 20 msecs (HTTP/1.1 200) 8 headers in 296 bytes (1 switches on core 0)
2026-06-24 06:39:47.655 7 INFO placement.requestlog [req-7fe49195-f917-40ca-943b-da6d2f46b9f3 req-702af26f-1342-44c2-8dc7-26891d562197 70788831d7f94f379e01bdf09f448c0c b1e62ec19be1459d915d58ed2545e437 - - f58c63d9ffae48e7bb9c9807b1a18cde f58c63d9ffae48e7bb9c9807b1a18cde] 199.204.45.3 "GET /allocations/2144dbcc-c0c2-47eb-977b-4a8181d3a34e" status: 200 len: 258 microversion: 1.28 [pid: 7|app: 0|req: 541/1074] 199.204.45.3 () {34 vars in 861 bytes} [Wed Jun 24 06:39:47 2026] GET /allocations/2144dbcc-c0c2-47eb-977b-4a8181d3a34e => generated 258 bytes in 13 msecs (HTTP/1.1 200) 8 headers in 296 bytes (1 switches on core 0)
2026-06-24 06:39:47.752 8 INFO placement.requestlog [req-7fe49195-f917-40ca-943b-da6d2f46b9f3 req-08f8f167-7ed2-46de-a47c-41e42563494a 70788831d7f94f379e01bdf09f448c0c b1e62ec19be1459d915d58ed2545e437 - - f58c63d9ffae48e7bb9c9807b1a18cde f58c63d9ffae48e7bb9c9807b1a18cde] 199.204.45.3 "DELETE /allocations/7b7afd7a-0307-4c6e-8321-84187d8247aa" status: 204 len: 0 microversion: 1.0 [pid: 8|app: 0|req: 534/1075] 199.204.45.3 () {34 vars in 839 bytes} [Wed Jun 24 06:39:47 2026] DELETE /allocations/7b7afd7a-0307-4c6e-8321-84187d8247aa => generated 0 bytes in 48 msecs (HTTP/1.1 204) 5 headers in 198 bytes (1 switches on core 0)
2026-06-24 06:39:48.176 7 INFO placement.requestlog [None req-a00b0016-6945-4dca-9141-77111d721428 - - - - - -] 10.0.0.216 "GET /" status: 200 len: 136 microversion: 1.0
2026-06-24 06:39:48.176 8 INFO placement.requestlog [None req-7427edc3-2dc3-49f6-9b5c-0224bc9811a0 - - - - - -] 10.0.0.216 "GET /" status: 200 len: 136 microversion: 1.0
2026-06-24 06:39:49.675 7 INFO placement.requestlog [None req-0fd3b044-f797-4765-852d-c9bf1c36cf03 988eae5dd55640d5bc8b1984fb61397a b1e62ec19be1459d915d58ed2545e437 - - f58c63d9ffae48e7bb9c9807b1a18cde f58c63d9ffae48e7bb9c9807b1a18cde] 10.0.0.186 "GET /resource_providers/4e3ef271-9fb5-4ca0-a71d-96b154a43930/aggregates" status: 404 len: 235 microversion: 1.1 [pid: 7|app: 0|req: 543/1078] 10.0.0.186 () {32 vars in 816 bytes} [Wed Jun 24 06:39:49 2026] GET /resource_providers/4e3ef271-9fb5-4ca0-a71d-96b154a43930/aggregates => generated 235 bytes in 16 msecs (HTTP/1.1 404) 5 headers in 202 bytes (1 switches on core 0)
2026-06-24 06:39:49.684 8 INFO placement.requestlog [None req-f2313ea9-595a-4662-be50-365334b3fdd4 988eae5dd55640d5bc8b1984fb61397a b1e62ec19be1459d915d58ed2545e437 - - f58c63d9ffae48e7bb9c9807b1a18cde f58c63d9ffae48e7bb9c9807b1a18cde] 10.0.0.186 "GET /resource_providers/4e3ef271-9fb5-4ca0-a71d-96b154a43930/aggregates" status: 404 len: 235 microversion: 1.1 [pid: 8|app: 0|req: 536/1079] 10.0.0.186 () {32 vars in 816 bytes} [Wed Jun 24 06:39:49 2026] GET /resource_providers/4e3ef271-9fb5-4ca0-a71d-96b154a43930/aggregates => generated 235 bytes in 18 msecs (HTTP/1.1 404) 5 headers in 202 bytes (1 switches on core 0)
2026-06-24 06:39:49.706 7 INFO placement.requestlog [None req-1d68ba1d-f67f-403c-aaba-fa7f39b3e78c 988eae5dd55640d5bc8b1984fb61397a b1e62ec19be1459d915d58ed2545e437 - - f58c63d9ffae48e7bb9c9807b1a18cde f58c63d9ffae48e7bb9c9807b1a18cde] 10.0.0.186 "DELETE /resource_providers/4e3ef271-9fb5-4ca0-a71d-96b154a43930" status: 404 len: 246 microversion: 1.1 [pid: 7|app: 0|req: 544/1080] 10.0.0.186 () {34 vars in 816 bytes} [Wed Jun 24 06:39:49 2026] DELETE /resource_providers/4e3ef271-9fb5-4ca0-a71d-96b154a43930 => generated 246 bytes in 13 msecs (HTTP/1.1 404) 6 headers in 231 bytes (1 switches on core 0)
2026-06-24 06:39:49.714 8 INFO placement.requestlog [None req-f67b12f0-799b-4a08-aefa-39ba1c5b5549 988eae5dd55640d5bc8b1984fb61397a b1e62ec19be1459d915d58ed2545e437 - - f58c63d9ffae48e7bb9c9807b1a18cde f58c63d9ffae48e7bb9c9807b1a18cde] 10.0.0.186 "DELETE /resource_providers/4e3ef271-9fb5-4ca0-a71d-96b154a43930" status: 404 len: 246 microversion: 1.1 [pid: 8|app: 0|req: 537/1081] 10.0.0.186 () {34 vars in 816 bytes} [Wed Jun 24 06:39:49 2026] DELETE /resource_providers/4e3ef271-9fb5-4ca0-a71d-96b154a43930 => generated 246 bytes in 13 msecs (HTTP/1.1 404) 6 headers in 231 bytes (1 switches on core 0)
2026-06-24 06:39:50.412 7 INFO placement.requestlog [req-e54374ff-59c7-4f23-8684-b0f5e3f6328b req-d5f8a138-aa00-4005-bb1d-83e429a006b4 70788831d7f94f379e01bdf09f448c0c b1e62ec19be1459d915d58ed2545e437 - - f58c63d9ffae48e7bb9c9807b1a18cde f58c63d9ffae48e7bb9c9807b1a18cde] 199.204.45.3 "GET /resource_providers/e5d4509c-692b-4ad8-bf94-5f9fbac494ce/allocations" status: 200 len: 153 microversion: 1.0 [pid: 7|app: 0|req: 545/1082] 199.204.45.3 () {32 vars in 855 bytes} [Wed Jun 24 06:39:50 2026] GET /resource_providers/e5d4509c-692b-4ad8-bf94-5f9fbac494ce/allocations => generated 153 bytes in 23 msecs (HTTP/1.1 200) 6 headers in 224 bytes (1 switches on core 0)
2026-06-24 06:39:50.440 8 INFO placement.requestlog [req-e54374ff-59c7-4f23-8684-b0f5e3f6328b req-637765e4-7724-48f2-846d-95de891fa8b6 70788831d7f94f379e01bdf09f448c0c b1e62ec19be1459d915d58ed2545e437 - - f58c63d9ffae48e7bb9c9807b1a18cde f58c63d9ffae48e7bb9c9807b1a18cde] 199.204.45.3 "GET /allocations/2144dbcc-c0c2-47eb-977b-4a8181d3a34e" status: 200 len: 258 microversion: 1.28 [pid: 8|app: 0|req: 538/1083] 199.204.45.3 () {34 vars in 861 bytes} [Wed Jun 24 06:39:50 2026] GET /allocations/2144dbcc-c0c2-47eb-977b-4a8181d3a34e => generated 258 bytes in 19 msecs (HTTP/1.1 200) 8 headers in 296 bytes (1 switches on core 0)
2026-06-24 06:39:50.509 7 INFO placement.requestlog [req-e54374ff-59c7-4f23-8684-b0f5e3f6328b req-3c700ce0-76a8-4d16-95bd-5e3f7598cd56 70788831d7f94f379e01bdf09f448c0c b1e62ec19be1459d915d58ed2545e437 - - f58c63d9ffae48e7bb9c9807b1a18cde f58c63d9ffae48e7bb9c9807b1a18cde] 199.204.45.3 "DELETE /allocations/2144dbcc-c0c2-47eb-977b-4a8181d3a34e" status: 204 len: 0 microversion: 1.0 [pid: 7|app: 0|req: 546/1084] 199.204.45.3 () {34 vars in 839 bytes} [Wed Jun 24 06:39:50 2026] DELETE /allocations/2144dbcc-c0c2-47eb-977b-4a8181d3a34e => generated 0 bytes in 24 msecs (HTTP/1.1 204) 5 headers in 198 bytes (1 switches on core 0)
2026-06-24 06:39:54.600 8 INFO placement.requestlog [None req-8bedc137-cfed-40e5-b904-a9d33878dfe5 988eae5dd55640d5bc8b1984fb61397a b1e62ec19be1459d915d58ed2545e437 - - f58c63d9ffae48e7bb9c9807b1a18cde f58c63d9ffae48e7bb9c9807b1a18cde] 10.0.0.186 "GET /resource_providers/43cf3fb9-f049-48d1-b00a-b2424de19961/aggregates" status: 404 len: 235 microversion: 1.1 [pid: 8|app: 0|req: 539/1085] 10.0.0.186 () {32 vars in 816 bytes} [Wed Jun 24 06:39:54 2026] GET /resource_providers/43cf3fb9-f049-48d1-b00a-b2424de19961/aggregates => generated 235 bytes in 11 msecs (HTTP/1.1 404) 5 headers in 202 bytes (1 switches on core 0)
2026-06-24 06:39:54.604 7 INFO placement.requestlog [None req-3e041359-9c44-4f8f-aa8b-70b0daf4d1bb 988eae5dd55640d5bc8b1984fb61397a b1e62ec19be1459d915d58ed2545e437 - - f58c63d9ffae48e7bb9c9807b1a18cde f58c63d9ffae48e7bb9c9807b1a18cde] 10.0.0.186 "GET /resource_providers/43cf3fb9-f049-48d1-b00a-b2424de19961/aggregates" status: 404 len: 235 microversion: 1.1 [pid: 7|app: 0|req: 547/1086] 10.0.0.186 () {32 vars in 816 bytes} [Wed Jun 24 06:39:54 2026] GET /resource_providers/43cf3fb9-f049-48d1-b00a-b2424de19961/aggregates => generated 235 bytes in 16 msecs (HTTP/1.1 404) 5 headers in 202 bytes (1 switches on core 0)
2026-06-24 06:39:54.624 8 INFO placement.requestlog [None req-b14a742f-4fca-4676-9c69-53988602b266 988eae5dd55640d5bc8b1984fb61397a b1e62ec19be1459d915d58ed2545e437 - - f58c63d9ffae48e7bb9c9807b1a18cde f58c63d9ffae48e7bb9c9807b1a18cde] 10.0.0.186 "DELETE /resource_providers/43cf3fb9-f049-48d1-b00a-b2424de19961" status: 404 len: 246 microversion: 1.1 [pid: 8|app: 0|req: 540/1087] 10.0.0.186 () {34 vars in 816 bytes} [Wed Jun 24 06:39:54 2026] DELETE /resource_providers/43cf3fb9-f049-48d1-b00a-b2424de19961 => generated 246 bytes in 11 msecs (HTTP/1.1 404) 6 headers in 231 bytes (1 switches on core 0)
2026-06-24 06:39:54.627 7 INFO placement.requestlog [None req-c415e3b0-8241-46e6-8df2-f054a1adc16e 988eae5dd55640d5bc8b1984fb61397a b1e62ec19be1459d915d58ed2545e437 - - f58c63d9ffae48e7bb9c9807b1a18cde f58c63d9ffae48e7bb9c9807b1a18cde] 10.0.0.186 "DELETE /resource_providers/43cf3fb9-f049-48d1-b00a-b2424de19961" status: 404 len: 246 microversion: 1.1 [pid: 7|app: 0|req: 548/1088] 10.0.0.186 () {34 vars in 816 bytes} [Wed Jun 24 06:39:54 2026] DELETE /resource_providers/43cf3fb9-f049-48d1-b00a-b2424de19961 => generated 246 bytes in 9 msecs (HTTP/1.1 404) 6 headers in 231 bytes (1 switches on core 0)
2026-06-24 06:39:54.832 8 INFO placement.requestlog [None req-bdb3f0ac-37f0-4059-9948-eee3a84aaba2 988eae5dd55640d5bc8b1984fb61397a b1e62ec19be1459d915d58ed2545e437 - - f58c63d9ffae48e7bb9c9807b1a18cde f58c63d9ffae48e7bb9c9807b1a18cde] 10.0.0.186 "GET /resource_providers/d8fe80e7-45ec-4482-b1f1-67c72fc5206c/aggregates" status: 404 len: 235 microversion: 1.1 [pid: 8|app: 0|req: 541/1089] 10.0.0.186 () {32 vars in 816 bytes} [Wed Jun 24 06:39:54 2026] GET /resource_providers/d8fe80e7-45ec-4482-b1f1-67c72fc5206c/aggregates => generated 235 bytes in 10 msecs (HTTP/1.1 404) 5 headers in 202 bytes (1 switches on core 0)
2026-06-24 06:39:54.837 7 INFO placement.requestlog [None req-d46b9367-d4a6-4453-b8d3-b518eee3c2c9 988eae5dd55640d5bc8b1984fb61397a b1e62ec19be1459d915d58ed2545e437 - - f58c63d9ffae48e7bb9c9807b1a18cde f58c63d9ffae48e7bb9c9807b1a18cde] 10.0.0.186 "GET /resource_providers/d8fe80e7-45ec-4482-b1f1-67c72fc5206c/aggregates" status: 404 len: 235 microversion: 1.1 [pid: 7|app: 0|req: 549/1090] 10.0.0.186 () {32 vars in 816 bytes} [Wed Jun 24 06:39:54 2026] GET /resource_providers/d8fe80e7-45ec-4482-b1f1-67c72fc5206c/aggregates => generated 235 bytes in 15 msecs (HTTP/1.1 404) 5 headers in 202 bytes (1 switches on core 0)
2026-06-24 06:39:54.883 8 INFO placement.requestlog [None req-23d4efed-5138-415b-a265-16f49b0683c8 988eae5dd55640d5bc8b1984fb61397a b1e62ec19be1459d915d58ed2545e437 - - f58c63d9ffae48e7bb9c9807b1a18cde f58c63d9ffae48e7bb9c9807b1a18cde] 10.0.0.186 "DELETE /resource_providers/d8fe80e7-45ec-4482-b1f1-67c72fc5206c" status: 404 len: 246 microversion: 1.1 [pid: 8|app: 0|req: 542/1091] 10.0.0.186 () {34 vars in 816 bytes} [Wed Jun 24 06:39:54 2026] DELETE /resource_providers/d8fe80e7-45ec-4482-b1f1-67c72fc5206c => generated 246 bytes in 12 msecs (HTTP/1.1 404) 6 headers in 231 bytes (1 switches on core 0)
2026-06-24 06:39:54.885 7 INFO placement.requestlog [None req-a036e15b-31a3-4b16-a35f-2cd5959112ac 988eae5dd55640d5bc8b1984fb61397a b1e62ec19be1459d915d58ed2545e437 - - f58c63d9ffae48e7bb9c9807b1a18cde f58c63d9ffae48e7bb9c9807b1a18cde] 10.0.0.186 "DELETE /resource_providers/d8fe80e7-45ec-4482-b1f1-67c72fc5206c" status: 404 len: 246 microversion: 1.1 [pid: 7|app: 0|req: 550/1092] 10.0.0.186 () {34 vars in 816 bytes} [Wed Jun 24 06:39:54 2026] DELETE /resource_providers/d8fe80e7-45ec-4482-b1f1-67c72fc5206c => generated 246 bytes in 14 msecs (HTTP/1.1 404) 6 headers in 231 bytes (1 switches on core 0)
2026-06-24 06:39:57.195 7 INFO placement.requestlog [None req-cb80547f-a9fb-4b95-aecb-8aee71dcf0f5 988eae5dd55640d5bc8b1984fb61397a b1e62ec19be1459d915d58ed2545e437 - - f58c63d9ffae48e7bb9c9807b1a18cde f58c63d9ffae48e7bb9c9807b1a18cde] 10.0.0.186 "GET /resource_providers/238e1e46-69d4-482d-bee0-1dab17aa2ce4/aggregates" status: 404 len: 235 microversion: 1.1 [pid: 7|app: 0|req: 551/1093] 10.0.0.186 () {32 vars in 816 bytes} [Wed Jun 24 06:39:57 2026] GET /resource_providers/238e1e46-69d4-482d-bee0-1dab17aa2ce4/aggregates => generated 235 bytes in 13 msecs (HTTP/1.1 404) 5 headers in 202 bytes (1 switches on core 0)
2026-06-24 06:39:57.201 8 INFO placement.requestlog [None req-6bb83c74-7bd2-4dae-ad0c-c43a907beb6b 988eae5dd55640d5bc8b1984fb61397a b1e62ec19be1459d915d58ed2545e437 - - f58c63d9ffae48e7bb9c9807b1a18cde f58c63d9ffae48e7bb9c9807b1a18cde] 10.0.0.186 "GET /resource_providers/238e1e46-69d4-482d-bee0-1dab17aa2ce4/aggregates" status: 404 len: 235 microversion: 1.1 [pid: 8|app: 0|req: 543/1094] 10.0.0.186 () {32 vars in 816 bytes} [Wed Jun 24 06:39:57 2026] GET /resource_providers/238e1e46-69d4-482d-bee0-1dab17aa2ce4/aggregates => generated 235 bytes in 19 msecs (HTTP/1.1 404) 5 headers in 202 bytes (1 switches on core 0)
2026-06-24 06:39:57.224 7 INFO placement.requestlog [None req-9dc75209-1c7a-43d5-847b-a61a7f10b8cb 988eae5dd55640d5bc8b1984fb61397a b1e62ec19be1459d915d58ed2545e437 - - f58c63d9ffae48e7bb9c9807b1a18cde f58c63d9ffae48e7bb9c9807b1a18cde] 10.0.0.186 "DELETE /resource_providers/238e1e46-69d4-482d-bee0-1dab17aa2ce4" status: 404 len: 246 microversion: 1.1 [pid: 7|app: 0|req: 552/1095] 10.0.0.186 () {34 vars in 816 bytes} [Wed Jun 24 06:39:57 2026] DELETE /resource_providers/238e1e46-69d4-482d-bee0-1dab17aa2ce4 => generated 246 bytes in 9 msecs (HTTP/1.1 404) 6 headers in 231 bytes (1 switches on core 0)
2026-06-24 06:39:57.237 8 INFO placement.requestlog [None req-42066d8b-7d24-4959-bdb5-ca043a0ef32a 988eae5dd55640d5bc8b1984fb61397a b1e62ec19be1459d915d58ed2545e437 - - f58c63d9ffae48e7bb9c9807b1a18cde f58c63d9ffae48e7bb9c9807b1a18cde] 10.0.0.186 "DELETE /resource_providers/238e1e46-69d4-482d-bee0-1dab17aa2ce4" status: 404 len: 246 microversion: 1.1 [pid: 8|app: 0|req: 544/1096] 10.0.0.186 () {34 vars in 816 bytes} [Wed Jun 24 06:39:57 2026] DELETE /resource_providers/238e1e46-69d4-482d-bee0-1dab17aa2ce4 => generated 246 bytes in 22 msecs (HTTP/1.1 404) 6 headers in 231 bytes (1 switches on core 0)
2026-06-24 06:39:58.177 8 INFO placement.requestlog [None req-1a173e2f-fbe5-44eb-bce2-90d46879e598 - - - - - -] 10.0.0.216 "GET /" status: 200 len: 136 microversion: 1.0
2026-06-24 06:39:58.177 7 INFO placement.requestlog [None req-08c9bb1a-09e5-4c1e-b362-810122fa29ec - - - - - -] 10.0.0.216 "GET /" status: 200 len: 136 microversion: 1.0
2026-06-24 06:40:08.177 8 INFO placement.requestlog [None req-f1af0047-7a03-45d5-8c73-138970cc62a3 - - - - - -] 10.0.0.216 "GET /" status: 200 len: 136 microversion: 1.0
2026-06-24 06:40:08.177 7 INFO placement.requestlog [None req-bf6c1adf-ae93-46e1-998d-975067e7c6b2 - - - - - -] 10.0.0.216 "GET /" status: 200 len: 136 microversion: 1.0
2026-06-24 06:40:12.285 8 INFO placement.requestlog [req-f0855026-aa61-4178-8add-e35454eebc51 req-d07d68e6-7f1f-4fb7-b51f-005d1a1206f6 70788831d7f94f379e01bdf09f448c0c b1e62ec19be1459d915d58ed2545e437 - - f58c63d9ffae48e7bb9c9807b1a18cde f58c63d9ffae48e7bb9c9807b1a18cde] 10.0.0.200 "GET /allocation_candidates?limit=1000&resources=DISK_GB%3A1%2CMEMORY_MB%3A512%2CVCPU%3A1&root_required=%21COMPUTE_STATUS_DISABLED" status: 200 len: 2147 microversion: 1.36 [pid: 8|app: 0|req: 547/1101] 10.0.0.200 () {34 vars in 1012 bytes} [Wed Jun 24 06:40:12 2026] GET /allocation_candidates?limit=1000&resources=DISK_GB%3A1%2CMEMORY_MB%3A512%2CVCPU%3A1&root_required=%21COMPUTE_STATUS_DISABLED => generated 2147 bytes in 46 msecs (HTTP/1.1 200) 8 headers in 297 bytes (1 switches on core 0)
2026-06-24 06:40:12.317 7 INFO placement.requestlog [req-f0855026-aa61-4178-8add-e35454eebc51 req-f1da22e7-7bd2-4291-a39e-38a06e6f2d70 70788831d7f94f379e01bdf09f448c0c b1e62ec19be1459d915d58ed2545e437 - - f58c63d9ffae48e7bb9c9807b1a18cde f58c63d9ffae48e7bb9c9807b1a18cde] 10.0.0.200 "GET /allocations/11b32fad-90f6-42f1-86a0-c368bd8609d9" status: 200 len: 19 microversion: 1.28 [pid: 7|app: 0|req: 555/1102] 10.0.0.200 () {34 vars in 861 bytes} [Wed Jun 24 06:40:12 2026] GET /allocations/11b32fad-90f6-42f1-86a0-c368bd8609d9 => generated 19 bytes in 13 msecs (HTTP/1.1 200) 8 headers in 295 bytes (1 switches on core 0)
2026-06-24 06:40:12.395 8 INFO placement.requestlog [req-f0855026-aa61-4178-8add-e35454eebc51 req-f274c77c-72d2-4251-a074-d0c62dc24a2d 70788831d7f94f379e01bdf09f448c0c b1e62ec19be1459d915d58ed2545e437 - - f58c63d9ffae48e7bb9c9807b1a18cde f58c63d9ffae48e7bb9c9807b1a18cde] 10.0.0.200 "PUT /allocations/11b32fad-90f6-42f1-86a0-c368bd8609d9" status: 204 len: 0 microversion: 1.36 [pid: 8|app: 0|req: 548/1103] 10.0.0.200 () {38 vars in 914 bytes} [Wed Jun 24 06:40:12 2026] PUT /allocations/11b32fad-90f6-42f1-86a0-c368bd8609d9 => generated 0 bytes in 68 msecs (HTTP/1.1 204) 5 headers in 199 bytes (1 switches on core 0)
2026-06-24 06:40:12.641 7 INFO placement.requestlog [req-f0855026-aa61-4178-8add-e35454eebc51 req-3aa152b8-bc9a-4385-976e-07bdd6ce2551 70788831d7f94f379e01bdf09f448c0c b1e62ec19be1459d915d58ed2545e437 - - f58c63d9ffae48e7bb9c9807b1a18cde f58c63d9ffae48e7bb9c9807b1a18cde] 199.204.45.3 "GET /allocations/11b32fad-90f6-42f1-86a0-c368bd8609d9" status: 200 len: 258 microversion: 1.28 [pid: 7|app: 0|req: 556/1104] 199.204.45.3 () {34 vars in 861 bytes} [Wed Jun 24 06:40:12 2026] GET /allocations/11b32fad-90f6-42f1-86a0-c368bd8609d9 => generated 258 bytes in 14 msecs (HTTP/1.1 200) 8 headers in 296 bytes (1 switches on core 0)
2026-06-24 06:40:12.754 8 INFO placement.requestlog [req-f0855026-aa61-4178-8add-e35454eebc51 req-23560d5e-ece1-4bbe-a2fe-fc35f6f3cab7 70788831d7f94f379e01bdf09f448c0c b1e62ec19be1459d915d58ed2545e437 - - f58c63d9ffae48e7bb9c9807b1a18cde f58c63d9ffae48e7bb9c9807b1a18cde] 199.204.45.3 "GET /resource_providers/e5d4509c-692b-4ad8-bf94-5f9fbac494ce/allocations" status: 200 len: 153 microversion: 1.0 [pid: 8|app: 0|req: 549/1105] 199.204.45.3 () {32 vars in 855 bytes} [Wed Jun 24 06:40:12 2026] GET /resource_providers/e5d4509c-692b-4ad8-bf94-5f9fbac494ce/allocations => generated 153 bytes in 17 msecs (HTTP/1.1 200) 6 headers in 224 bytes (1 switches on core 0)
2026-06-24 06:40:12.773 7 INFO placement.requestlog [req-f0855026-aa61-4178-8add-e35454eebc51 req-966a24f2-bded-4ec9-8e7c-8efeb90fc2de 70788831d7f94f379e01bdf09f448c0c b1e62ec19be1459d915d58ed2545e437 - - f58c63d9ffae48e7bb9c9807b1a18cde f58c63d9ffae48e7bb9c9807b1a18cde] 199.204.45.3 "GET /allocations/11b32fad-90f6-42f1-86a0-c368bd8609d9" status: 200 len: 258 microversion: 1.28 [pid: 7|app: 0|req: 557/1106] 199.204.45.3 () {34 vars in 861 bytes} [Wed Jun 24 06:40:12 2026] GET /allocations/11b32fad-90f6-42f1-86a0-c368bd8609d9 => generated 258 bytes in 11 msecs (HTTP/1.1 200) 8 headers in 296 bytes (1 switches on core 0)
2026-06-24 06:40:18.176 7 INFO placement.requestlog [None req-c5c8dee1-e092-416b-815c-e91d8fb72e7d - - - - - -] 10.0.0.216 "GET /" status: 200 len: 136 microversion: 1.0
2026-06-24 06:40:18.176 8 INFO placement.requestlog [None req-adcfe6cb-8457-427e-a799-d36827f482c0 - - - - - -] 10.0.0.216 "GET /" status: 200 len: 136 microversion: 1.0
2026-06-24 06:40:18.419 7 INFO placement.requestlog [req-54efb650-5ee1-4c57-b0d8-ecbec33a54b7 req-6b74fcfc-4979-4706-be91-c37323714c4b 70788831d7f94f379e01bdf09f448c0c b1e62ec19be1459d915d58ed2545e437 - - f58c63d9ffae48e7bb9c9807b1a18cde f58c63d9ffae48e7bb9c9807b1a18cde] 199.204.45.3 "GET /resource_providers/e5d4509c-692b-4ad8-bf94-5f9fbac494ce/allocations" status: 200 len: 153 microversion: 1.0 [pid: 7|app: 0|req: 559/1109] 199.204.45.3 () {32 vars in 855 bytes} [Wed Jun 24 06:40:18 2026] GET /resource_providers/e5d4509c-692b-4ad8-bf94-5f9fbac494ce/allocations => generated 153 bytes in 17 msecs (HTTP/1.1 200) 6 headers in 224 bytes (1 switches on core 0)
2026-06-24 06:40:18.448 8 INFO placement.requestlog [req-54efb650-5ee1-4c57-b0d8-ecbec33a54b7 req-a2af2fec-631d-4038-b1a8-a56f7b64fcab 70788831d7f94f379e01bdf09f448c0c b1e62ec19be1459d915d58ed2545e437 - - f58c63d9ffae48e7bb9c9807b1a18cde f58c63d9ffae48e7bb9c9807b1a18cde] 199.204.45.3 "GET /resource_providers/e5d4509c-692b-4ad8-bf94-5f9fbac494ce/allocations" status: 200 len: 153 microversion: 1.0 [pid: 8|app: 0|req: 551/1110] 199.204.45.3 () {32 vars in 855 bytes} [Wed Jun 24 06:40:18 2026] GET /resource_providers/e5d4509c-692b-4ad8-bf94-5f9fbac494ce/allocations => generated 153 bytes in 18 msecs (HTTP/1.1 200) 6 headers in 224 bytes (1 switches on core 0)
2026-06-24 06:40:18.467 7 INFO placement.requestlog [req-54efb650-5ee1-4c57-b0d8-ecbec33a54b7 req-481c518e-bef7-4854-a34b-4046b1ffc39e 70788831d7f94f379e01bdf09f448c0c b1e62ec19be1459d915d58ed2545e437 - - f58c63d9ffae48e7bb9c9807b1a18cde f58c63d9ffae48e7bb9c9807b1a18cde] 199.204.45.3 "GET /allocations/11b32fad-90f6-42f1-86a0-c368bd8609d9" status: 200 len: 258 microversion: 1.28 [pid: 7|app: 0|req: 560/1111] 199.204.45.3 () {34 vars in 861 bytes} [Wed Jun 24 06:40:18 2026] GET /allocations/11b32fad-90f6-42f1-86a0-c368bd8609d9 => generated 258 bytes in 12 msecs (HTTP/1.1 200) 8 headers in 296 bytes (1 switches on core 0)
2026-06-24 06:40:28.176 8 INFO placement.requestlog [None req-be9daa36-83e1-4ef7-98f3-b6917ffe3313 - - - - - -] 10.0.0.216 "GET /" status: 200 len: 136 microversion: 1.0
2026-06-24 06:40:28.176 7 INFO placement.requestlog [None req-0a5ac4f5-eff8-4976-9ded-d666ded8486f - - - - - -] 10.0.0.216 "GET /" status: 200 len: 136 microversion: 1.0
2026-06-24 06:40:38.176 7 INFO placement.requestlog [None req-3312f3d2-5e35-444f-ae44-adf03c3ab1a8 - - - - - -] 10.0.0.216 "GET /" status: 200 len: 136 microversion: 1.0
2026-06-24 06:40:38.176 8 INFO placement.requestlog [None req-c7356495-8b4f-44cf-8d02-b5544ba62fe5 - - - - - -] 10.0.0.216 "GET /" status: 200 len: 136 microversion: 1.0
2026-06-24 06:40:48.176 7 INFO placement.requestlog [None req-becf7103-af45-400c-9a1f-6c4cb174ce08 - - - - - -] 10.0.0.216 "GET /" status: 200 len: 136 microversion: 1.0
2026-06-24 06:40:48.176 8 INFO placement.requestlog [None req-08333b5b-5703-4fed-a155-2ecafee9487e - - - - - -] 10.0.0.216 "GET /" status: 200 len: 136 microversion: 1.0
2026-06-24 06:40:51.706 7 INFO placement.requestlog [req-592586b8-207f-4819-b6a6-c10fa230d130 req-5dcdcdca-8aba-4351-8279-bb4367f5921f 70788831d7f94f379e01bdf09f448c0c b1e62ec19be1459d915d58ed2545e437 - - f58c63d9ffae48e7bb9c9807b1a18cde f58c63d9ffae48e7bb9c9807b1a18cde] 199.204.45.3 "GET /resource_providers/e5d4509c-692b-4ad8-bf94-5f9fbac494ce/allocations" status: 200 len: 153 microversion: 1.0 [pid: 7|app: 0|req: 564/1118] 199.204.45.3 () {32 vars in 855 bytes} [Wed Jun 24 06:40:51 2026] GET /resource_providers/e5d4509c-692b-4ad8-bf94-5f9fbac494ce/allocations => generated 153 bytes in 17 msecs (HTTP/1.1 200) 6 headers in 224 bytes (1 switches on core 0)
