Apr 24 04:42:40.074298 np0000169957 devstack@neutron-api.service[104241]: DEBUG neutron.quota.resource_registry [None req-deb6bf45-5f62-4949-81c3-a747729285f7 None None] Tracking information for resource: router configured {{(pid=104241) set_tracked_resource /opt/stack/neutron/neutron/quota/resource_registry.py:203}}
Apr 24 04:42:40.074440 np0000169957 devstack@neutron-api.service[104241]: DEBUG neutron.quota.resource_registry [None req-deb6bf45-5f62-4949-81c3-a747729285f7 None None] Tracking information for resource: floatingip configured {{(pid=104241) set_tracked_resource /opt/stack/neutron/neutron/quota/resource_registry.py:203}}
Apr 24 04:42:40.074585 np0000169957 devstack@neutron-api.service[104241]: INFO neutron.services.ovn_l3.plugin [None req-deb6bf45-5f62-4949-81c3-a747729285f7 None None] Starting OVNL3RouterPlugin
Apr 24 04:42:40.074609 np0000169957 devstack@neutron-api.service[104238]: DEBUG neutron.api.extensions [None req-5bce4093-0ec4-4f3a-999a-08c0be53929c None None] Ext name="L3 Agent Scheduler" alias="l3_agent_scheduler" description="Schedule routers among l3 agents" updated="2013-02-07T10:00:00-00:00" {{(pid=104238) _check_extension /opt/stack/neutron/neutron/api/extensions.py:415}}
Apr 24 04:42:40.074767 np0000169957 devstack@neutron-api.service[104238]: INFO neutron.api.extensions [None req-5bce4093-0ec4-4f3a-999a-08c0be53929c None None] Extension l3_agent_scheduler not supported by any of loaded plugins
Apr 24 04:42:40.074876 np0000169957 devstack@neutron-api.service[104238]: DEBUG neutron.api.extensions [None req-5bce4093-0ec4-4f3a-999a-08c0be53929c None None] Loading extension file: local_ip.py {{(pid=104238) _load_all_extensions_from_path /opt/stack/neutron/neutron/api/extensions.py:449}}
Apr 24 04:42:40.074944 np0000169957 devstack@neutron-api.service[104241]: DEBUG neutron_lib.callbacks.manager [None req-deb6bf45-5f62-4949-81c3-a747729285f7 None None] Subscribe: > port_forwarding_plugin after_init 55550000, False {{(pid=104241) subscribe /opt/stack/data/venv/lib/python3.12/site-packages/neutron_lib/callbacks/manager.py:52}}
Apr 24 04:42:40.075184 np0000169957 devstack@neutron-api.service[104238]: DEBUG neutron.api.extensions [None req-5bce4093-0ec4-4f3a-999a-08c0be53929c None None] Ext name="Local IP" alias="local_ip" description="Support Node Local Virtual IP" updated="2021-07-26T10:00:00-00:00" {{(pid=104238) _check_extension /opt/stack/neutron/neutron/api/extensions.py:415}}
Apr 24 04:42:40.075222 np0000169957 devstack@neutron-api.service[104241]: DEBUG neutron_lib.callbacks.manager [None req-deb6bf45-5f62-4949-81c3-a747729285f7 None None] Subscribe: > router before_create 55550100, False {{(pid=104241) subscribe /opt/stack/data/venv/lib/python3.12/site-packages/neutron_lib/callbacks/manager.py:52}}
Apr 24 04:42:40.075353 np0000169957 devstack@neutron-api.service[104240]: DEBUG neutron.manager [None req-358ec208-579e-410d-8de6-b2e9dd0bceb0 None None] Successfully loaded revision_plugin plugin. Description: Adds revision numbers to resources. {{(pid=104240) _create_and_add_service_plugin /opt/stack/neutron/neutron/manager.py:239}}
Apr 24 04:42:40.075380 np0000169957 devstack@neutron-api.service[104238]: INFO neutron.api.extensions [None req-5bce4093-0ec4-4f3a-999a-08c0be53929c None None] Extension local_ip not supported by any of loaded plugins
Apr 24 04:42:40.075408 np0000169957 devstack@neutron-api.service[104241]: DEBUG neutron_lib.callbacks.manager [None req-deb6bf45-5f62-4949-81c3-a747729285f7 None None] Subscribe: > router precommit_delete 55550100, False {{(pid=104241) subscribe /opt/stack/data/venv/lib/python3.12/site-packages/neutron_lib/callbacks/manager.py:52}}
Apr 24 04:42:40.075468 np0000169957 devstack@neutron-api.service[104238]: DEBUG neutron.api.extensions [None req-5bce4093-0ec4-4f3a-999a-08c0be53929c None None] Loading extension file: logging.py {{(pid=104238) _load_all_extensions_from_path /opt/stack/neutron/neutron/api/extensions.py:449}}
Apr 24 04:42:40.075550 np0000169957 devstack@neutron-api.service[104240]: DEBUG oslo_concurrency.lockutils [None req-358ec208-579e-410d-8de6-b2e9dd0bceb0 None None] Lock "manager" "released" by "neutron.manager.NeutronManager._create_instance" :: held 4.947s {{(pid=104240) inner /opt/stack/data/venv/lib/python3.12/site-packages/oslo_concurrency/lockutils.py:538}}
Apr 24 04:42:40.075575 np0000169957 devstack@neutron-api.service[104241]: DEBUG neutron_lib.callbacks.manager [None req-deb6bf45-5f62-4949-81c3-a747729285f7 None None] Subscribe: > router precommit_create 55550100, False {{(pid=104241) subscribe /opt/stack/data/venv/lib/python3.12/site-packages/neutron_lib/callbacks/manager.py:52}}
Apr 24 04:42:40.075989 np0000169957 devstack@neutron-api.service[104241]: DEBUG neutron_lib.callbacks.manager [None req-deb6bf45-5f62-4949-81c3-a747729285f7 None None] Subscribe: > router precommit_update 55550100, False {{(pid=104241) subscribe /opt/stack/data/venv/lib/python3.12/site-packages/neutron_lib/callbacks/manager.py:52}}
Apr 24 04:42:40.076043 np0000169957 devstack@neutron-api.service[104238]: DEBUG neutron.api.extensions [None req-5bce4093-0ec4-4f3a-999a-08c0be53929c None None] Ext name="Logging API Extension" alias="logging" description="Provides a logging API for resources such as security group and firewall." updated="2017-01-01T10:00:00-00:00" {{(pid=104238) _check_extension /opt/stack/neutron/neutron/api/extensions.py:415}}
Apr 24 04:42:40.076129 np0000169957 devstack@neutron-api.service[104240]: DEBUG neutron.api.extensions [None req-358ec208-579e-410d-8de6-b2e9dd0bceb0 None None] get_extension_paths = OrderedDict({'/opt/stack/neutron/neutron/extensions': 1}) {{(pid=104240) get_extensions_path /opt/stack/neutron/neutron/api/extensions.py:640}}
Apr 24 04:42:40.076181 np0000169957 devstack@neutron-api.service[104238]: INFO neutron.api.extensions [None req-5bce4093-0ec4-4f3a-999a-08c0be53929c None None] Extension logging not supported by any of loaded plugins
Apr 24 04:42:40.076297 np0000169957 devstack@neutron-api.service[104240]: INFO neutron.api.extensions [None req-358ec208-579e-410d-8de6-b2e9dd0bceb0 None None] Initializing extension manager.
Apr 24 04:42:40.076385 np0000169957 devstack@neutron-api.service[104238]: DEBUG neutron.api.extensions [None req-5bce4093-0ec4-4f3a-999a-08c0be53929c None None] Loading extension file: metering.py {{(pid=104238) _load_all_extensions_from_path /opt/stack/neutron/neutron/api/extensions.py:449}}
Apr 24 04:42:40.076506 np0000169957 devstack@neutron-api.service[104240]: DEBUG neutron.api.extensions [None req-358ec208-579e-410d-8de6-b2e9dd0bceb0 None None] Loading extension file: __init__.py {{(pid=104240) _load_all_extensions_from_path /opt/stack/neutron/neutron/api/extensions.py:449}}
Apr 24 04:42:40.076506 np0000169957 devstack@neutron-api.service[104240]: DEBUG neutron.api.extensions [None req-358ec208-579e-410d-8de6-b2e9dd0bceb0 None None] Loading extension file: __pycache__ {{(pid=104240) _load_all_extensions_from_path /opt/stack/neutron/neutron/api/extensions.py:449}}
Apr 24 04:42:40.076629 np0000169957 devstack@neutron-api.service[104238]: DEBUG neutron.api.extensions [None req-5bce4093-0ec4-4f3a-999a-08c0be53929c None None] Ext name="Neutron Metering" alias="metering" description="Neutron Metering extension." updated="2013-06-12T10:00:00-00:00" {{(pid=104238) _check_extension /opt/stack/neutron/neutron/api/extensions.py:415}}
Apr 24 04:42:40.076816 np0000169957 devstack@neutron-api.service[104240]: DEBUG neutron.api.extensions [None req-358ec208-579e-410d-8de6-b2e9dd0bceb0 None None] Loading extension file: address_group.py {{(pid=104240) _load_all_extensions_from_path /opt/stack/neutron/neutron/api/extensions.py:449}}
Apr 24 04:42:40.076893 np0000169957 devstack@neutron-api.service[104238]: INFO neutron.api.extensions [None req-5bce4093-0ec4-4f3a-999a-08c0be53929c None None] Extension metering not supported by any of loaded plugins
Apr 24 04:42:40.076893 np0000169957 devstack@neutron-api.service[104238]: DEBUG neutron.api.extensions [None req-5bce4093-0ec4-4f3a-999a-08c0be53929c None None] Loading extension file: metering_source_and_destination_fields.py {{(pid=104238) _load_all_extensions_from_path /opt/stack/neutron/neutron/api/extensions.py:449}}
Apr 24 04:42:40.077049 np0000169957 devstack@neutron-api.service[104238]: DEBUG neutron.api.extensions [None req-5bce4093-0ec4-4f3a-999a-08c0be53929c None None] Ext name="Neutron Metering with source and destination filtering" alias="metering_source_and_destination_fields" description="Neutron Metering extension that enables the use of source and destination IP prefixes to create metering label rules." updated="2020-08-21T08:12:00-00:00" {{(pid=104238) _check_extension /opt/stack/neutron/neutron/api/extensions.py:415}}
Apr 24 04:42:40.077177 np0000169957 devstack@neutron-api.service[104240]: DEBUG neutron.api.extensions [None req-358ec208-579e-410d-8de6-b2e9dd0bceb0 None None] Ext name="Address group" alias="address-group" description="Support address group" updated="2020-07-15T10:00:00-00:00" {{(pid=104240) _check_extension /opt/stack/neutron/neutron/api/extensions.py:415}}
Apr 24 04:42:40.077262 np0000169957 devstack@neutron-api.service[104238]: INFO neutron.api.extensions [None req-5bce4093-0ec4-4f3a-999a-08c0be53929c None None] Extension metering_source_and_destination_fields not supported by any of loaded plugins
Apr 24 04:42:40.077262 np0000169957 devstack@neutron-api.service[104238]: DEBUG neutron.api.extensions [None req-5bce4093-0ec4-4f3a-999a-08c0be53929c None None] Loading extension file: multiprovidernet.py {{(pid=104238) _load_all_extensions_from_path /opt/stack/neutron/neutron/api/extensions.py:449}}
Apr 24 04:42:40.077480 np0000169957 devstack@neutron-api.service[104240]: INFO neutron.api.extensions [None req-358ec208-579e-410d-8de6-b2e9dd0bceb0 None None] Loaded extension: address-group
Apr 24 04:42:40.077595 np0000169957 devstack@neutron-api.service[104238]: DEBUG neutron.api.extensions [None req-5bce4093-0ec4-4f3a-999a-08c0be53929c None None] Ext name="Multi Provider Network" alias="multi-provider" description="Expose mapping of virtual networks to multiple physical networks" updated="2013-06-27T10:00:00-00:00" {{(pid=104238) _check_extension /opt/stack/neutron/neutron/api/extensions.py:415}}
Apr 24 04:42:40.077675 np0000169957 devstack@neutron-api.service[104240]: DEBUG neutron.api.extensions [None req-358ec208-579e-410d-8de6-b2e9dd0bceb0 None None] Loading extension file: address_scope.py {{(pid=104240) _load_all_extensions_from_path /opt/stack/neutron/neutron/api/extensions.py:449}}
Apr 24 04:42:40.077793 np0000169957 devstack@neutron-api.service[104238]: INFO neutron.api.extensions [None req-5bce4093-0ec4-4f3a-999a-08c0be53929c None None] Loaded extension: multi-provider
Apr 24 04:42:40.077793 np0000169957 devstack@neutron-api.service[104238]: DEBUG neutron.api.extensions [None req-5bce4093-0ec4-4f3a-999a-08c0be53929c None None] Loading extension file: netmtu.py {{(pid=104238) _load_all_extensions_from_path /opt/stack/neutron/neutron/api/extensions.py:449}}
Apr 24 04:42:40.078002 np0000169957 devstack@neutron-api.service[104238]: DEBUG neutron.api.extensions [None req-5bce4093-0ec4-4f3a-999a-08c0be53929c None None] Ext name="Network MTU" alias="net-mtu" description="Provides MTU attribute for a network resource." updated="2015-03-25T10:00:00-00:00" {{(pid=104238) _check_extension /opt/stack/neutron/neutron/api/extensions.py:415}}
Apr 24 04:42:40.078056 np0000169957 devstack@neutron-api.service[104240]: DEBUG neutron.api.extensions [None req-358ec208-579e-410d-8de6-b2e9dd0bceb0 None None] Ext name="Address scope" alias="address-scope" description="Address scopes extension." updated="2015-07-26T10:00:00-00:00" {{(pid=104240) _check_extension /opt/stack/neutron/neutron/api/extensions.py:415}}
Apr 24 04:42:40.078142 np0000169957 devstack@neutron-api.service[104238]: INFO neutron.api.extensions [None req-5bce4093-0ec4-4f3a-999a-08c0be53929c None None] Loaded extension: net-mtu
Apr 24 04:42:40.078270 np0000169957 devstack@neutron-api.service[104238]: DEBUG neutron.api.extensions [None req-5bce4093-0ec4-4f3a-999a-08c0be53929c None None] Loading extension file: netmtu_writable.py {{(pid=104238) _load_all_extensions_from_path /opt/stack/neutron/neutron/api/extensions.py:449}}
Apr 24 04:42:40.078406 np0000169957 devstack@neutron-api.service[104240]: INFO neutron.api.extensions [None req-358ec208-579e-410d-8de6-b2e9dd0bceb0 None None] Loaded extension: address-scope
Apr 24 04:42:40.078406 np0000169957 devstack@neutron-api.service[104240]: DEBUG neutron.api.extensions [None req-358ec208-579e-410d-8de6-b2e9dd0bceb0 None None] Loading extension file: admin_state_down_before_update.py {{(pid=104240) _load_all_extensions_from_path /opt/stack/neutron/neutron/api/extensions.py:449}}
Apr 24 04:42:40.078491 np0000169957 devstack@neutron-api.service[104238]: DEBUG neutron.api.extensions [None req-5bce4093-0ec4-4f3a-999a-08c0be53929c None None] Ext name="Network MTU (writable)" alias="net-mtu-writable" description="Provides a writable MTU attribute for a network resource." updated="2017-07-12T00:00:00-00:00" {{(pid=104238) _check_extension /opt/stack/neutron/neutron/api/extensions.py:415}}
Apr 24 04:42:40.078627 np0000169957 devstack@neutron-api.service[104238]: INFO neutron.api.extensions [None req-5bce4093-0ec4-4f3a-999a-08c0be53929c None None] Loaded extension: net-mtu-writable
Apr 24 04:42:40.078714 np0000169957 devstack@neutron-api.service[104238]: DEBUG neutron.api.extensions [None req-5bce4093-0ec4-4f3a-999a-08c0be53929c None None] Loading extension file: network_availability_zone.py {{(pid=104238) _load_all_extensions_from_path /opt/stack/neutron/neutron/api/extensions.py:449}}
Apr 24 04:42:40.078790 np0000169957 devstack@neutron-api.service[104240]: DEBUG neutron.api.extensions [None req-358ec208-579e-410d-8de6-b2e9dd0bceb0 None None] Ext name="Enforce Router's Admin State Down Before Update Extension" alias="router-admin-state-down-before-update" description="Ensure that the admin state of a router is DOWN (admin_state_up=False) before updating the distributed attribute" updated="2019-07-02T15:56:00" {{(pid=104240) _check_extension /opt/stack/neutron/neutron/api/extensions.py:415}}
Apr 24 04:42:40.078944 np0000169957 devstack@neutron-api.service[104238]: DEBUG neutron.api.extensions [None req-5bce4093-0ec4-4f3a-999a-08c0be53929c None None] Ext name="Network Availability Zone" alias="network_availability_zone" description="Availability zone support for network." updated="2015-01-01T10:00:00-00:00" {{(pid=104238) _check_extension /opt/stack/neutron/neutron/api/extensions.py:415}}
Apr 24 04:42:40.079023 np0000169957 devstack@neutron-api.service[104240]: INFO neutron.api.extensions [None req-358ec208-579e-410d-8de6-b2e9dd0bceb0 None None] Extension router-admin-state-down-before-update not supported by any of loaded plugins
Apr 24 04:42:40.079099 np0000169957 devstack@neutron-api.service[104238]: INFO neutron.api.extensions [None req-5bce4093-0ec4-4f3a-999a-08c0be53929c None None] Loaded extension: network_availability_zone
Apr 24 04:42:40.079166 np0000169957 devstack@neutron-api.service[104240]: DEBUG neutron.api.extensions [None req-358ec208-579e-410d-8de6-b2e9dd0bceb0 None None] Loading extension file: agent.py {{(pid=104240) _load_all_extensions_from_path /opt/stack/neutron/neutron/api/extensions.py:449}}
Apr 24 04:42:40.079218 np0000169957 devstack@neutron-api.service[104238]: DEBUG neutron.api.extensions [None req-5bce4093-0ec4-4f3a-999a-08c0be53929c None None] Loading extension file: network_ha.py {{(pid=104238) _load_all_extensions_from_path /opt/stack/neutron/neutron/api/extensions.py:449}}
Apr 24 04:42:40.079456 np0000169957 devstack@neutron-api.service[104238]: DEBUG neutron.api.extensions [None req-5bce4093-0ec4-4f3a-999a-08c0be53929c None None] Ext name="Network HA creation flag" alias="network_ha" description="Network high availability creation flag." updated="2023-04-27T10:00:00-00:00" {{(pid=104238) _check_extension /opt/stack/neutron/neutron/api/extensions.py:415}}
Apr 24 04:42:40.079546 np0000169957 devstack@neutron-api.service[104240]: DEBUG neutron.api.extensions [None req-358ec208-579e-410d-8de6-b2e9dd0bceb0 None None] Ext name="agent" alias="agent" description="The agent management extension." updated="2013-02-03T10:00:00-00:00" {{(pid=104240) _check_extension /opt/stack/neutron/neutron/api/extensions.py:415}}
Apr 24 04:42:40.079603 np0000169957 devstack@neutron-api.service[104238]: INFO neutron.api.extensions [None req-5bce4093-0ec4-4f3a-999a-08c0be53929c None None] Extension network_ha not supported by any of loaded plugins
Apr 24 04:42:40.079683 np0000169957 devstack@neutron-api.service[104238]: DEBUG neutron.api.extensions [None req-5bce4093-0ec4-4f3a-999a-08c0be53929c None None] Loading extension file: network_ip_availability.py {{(pid=104238) _load_all_extensions_from_path /opt/stack/neutron/neutron/api/extensions.py:449}}
Apr 24 04:42:40.079795 np0000169957 devstack@neutron-api.service[104240]: INFO neutron.api.extensions [None req-358ec208-579e-410d-8de6-b2e9dd0bceb0 None None] Loaded extension: agent
Apr 24 04:42:40.079925 np0000169957 devstack@neutron-api.service[104240]: DEBUG neutron.api.extensions [None req-358ec208-579e-410d-8de6-b2e9dd0bceb0 None None] Loading extension file: agent_resources_synced.py {{(pid=104240) _load_all_extensions_from_path /opt/stack/neutron/neutron/api/extensions.py:449}}
Apr 24 04:42:40.079986 np0000169957 devstack@neutron-api.service[104238]: DEBUG neutron.api.extensions [None req-5bce4093-0ec4-4f3a-999a-08c0be53929c None None] Ext name="Network IP Availability" alias="network-ip-availability" description="Provides IP availability data for each network and subnet." updated="2015-09-24T00:00:00-00:00" {{(pid=104238) _check_extension /opt/stack/neutron/neutron/api/extensions.py:415}}
Apr 24 04:42:40.080167 np0000169957 devstack@neutron-api.service[104238]: INFO neutron.api.extensions [None req-5bce4093-0ec4-4f3a-999a-08c0be53929c None None] Loaded extension: network-ip-availability
Apr 24 04:42:40.080227 np0000169957 devstack@neutron-api.service[104238]: DEBUG neutron.api.extensions [None req-5bce4093-0ec4-4f3a-999a-08c0be53929c None None] Loading extension file: network_ip_availability_details.py {{(pid=104238) _load_all_extensions_from_path /opt/stack/neutron/neutron/api/extensions.py:449}}
Apr 24 04:42:40.080307 np0000169957 devstack@neutron-api.service[104240]: DEBUG neutron.api.extensions [None req-358ec208-579e-410d-8de6-b2e9dd0bceb0 None None] Ext name="Agent's Resource View Synced to Placement" alias="agent-resources-synced" description="Stores success/failure of last sync to Placement" updated="2018-12-19T00:00:00-00:00" {{(pid=104240) _check_extension /opt/stack/neutron/neutron/api/extensions.py:415}}
Apr 24 04:42:40.080533 np0000169957 devstack@neutron-api.service[104240]: INFO neutron.api.extensions [None req-358ec208-579e-410d-8de6-b2e9dd0bceb0 None None] Extension agent-resources-synced not supported by any of loaded plugins
Apr 24 04:42:40.080591 np0000169957 devstack@neutron-api.service[104238]: DEBUG neutron.api.extensions [None req-5bce4093-0ec4-4f3a-999a-08c0be53929c None None] Ext name="Network IP Availability Details Extension" alias="network-ip-availability-details" description="Add ip_availability_details attribute to network-ip-availabilities resource." updated="2025-10-31T00:00:00-00:00" {{(pid=104238) _check_extension /opt/stack/neutron/neutron/api/extensions.py:415}}
Apr 24 04:42:40.080649 np0000169957 devstack@neutron-api.service[104241]: DEBUG neutron.services.provider_configuration [None req-deb6bf45-5f62-4949-81c3-a747729285f7 None None] Service providers = [] {{(pid=104241) parse_service_provider_opt /opt/stack/neutron/neutron/services/provider_configuration.py:170}}
Apr 24 04:42:40.080698 np0000169957 devstack@neutron-api.service[104240]: DEBUG neutron.api.extensions [None req-358ec208-579e-410d-8de6-b2e9dd0bceb0 None None] Loading extension file: allowedaddresspairs.py {{(pid=104240) _load_all_extensions_from_path /opt/stack/neutron/neutron/api/extensions.py:449}}
Apr 24 04:42:40.080756 np0000169957 devstack@neutron-api.service[104241]: DEBUG neutron.db.servicetype_db [None req-deb6bf45-5f62-4949-81c3-a747729285f7 None None] Adding provider configuration for service L3_ROUTER_NAT {{(pid=104241) add_provider_configuration /opt/stack/neutron/neutron/db/servicetype_db.py:42}}
Apr 24 04:42:40.080816 np0000169957 devstack@neutron-api.service[104238]: INFO neutron.api.extensions [None req-5bce4093-0ec4-4f3a-999a-08c0be53929c None None] Loaded extension: network-ip-availability-details
Apr 24 04:42:40.080816 np0000169957 devstack@neutron-api.service[104238]: DEBUG neutron.api.extensions [None req-5bce4093-0ec4-4f3a-999a-08c0be53929c None None] Loading extension file: network_segment_range.py {{(pid=104238) _load_all_extensions_from_path /opt/stack/neutron/neutron/api/extensions.py:449}}
Apr 24 04:42:40.081126 np0000169957 devstack@neutron-api.service[104238]: DEBUG neutron.api.extensions [None req-5bce4093-0ec4-4f3a-999a-08c0be53929c None None] Ext name="Neutron Network Segment Range" alias="network-segment-range" description="Provides support for the network segment range management" updated="2018-11-29T00:00:00-00:00" {{(pid=104238) _check_extension /opt/stack/neutron/neutron/api/extensions.py:415}}
Apr 24 04:42:40.081341 np0000169957 devstack@neutron-api.service[104238]: INFO neutron.api.extensions [None req-5bce4093-0ec4-4f3a-999a-08c0be53929c None None] Extension network-segment-range not supported by any of loaded plugins
Apr 24 04:42:40.081412 np0000169957 devstack@neutron-api.service[104238]: DEBUG neutron.api.extensions [None req-5bce4093-0ec4-4f3a-999a-08c0be53929c None None] Loading extension file: pagination.py {{(pid=104238) _load_all_extensions_from_path /opt/stack/neutron/neutron/api/extensions.py:449}}
Apr 24 04:42:40.081645 np0000169957 devstack@neutron-api.service[104240]: DEBUG neutron.api.extensions [None req-358ec208-579e-410d-8de6-b2e9dd0bceb0 None None] Ext name="Allowed Address Pairs" alias="allowed-address-pairs" description="Provides allowed address pairs" updated="2013-07-23T10:00:00-00:00" {{(pid=104240) _check_extension /opt/stack/neutron/neutron/api/extensions.py:415}}
Apr 24 04:42:40.081716 np0000169957 devstack@neutron-api.service[104238]: DEBUG neutron.api.extensions [None req-5bce4093-0ec4-4f3a-999a-08c0be53929c None None] Ext name="Pagination support" alias="pagination" description="Extension that indicates that pagination is enabled." updated="2016-06-12T00:00:00-00:00" {{(pid=104238) _check_extension /opt/stack/neutron/neutron/api/extensions.py:415}}
Apr 24 04:42:40.081716 np0000169957 devstack@neutron-api.service[104238]: INFO neutron.api.extensions [None req-5bce4093-0ec4-4f3a-999a-08c0be53929c None None] Loaded extension: pagination
Apr 24 04:42:40.081811 np0000169957 devstack@neutron-api.service[104238]: DEBUG neutron.api.extensions [None req-5bce4093-0ec4-4f3a-999a-08c0be53929c None None] Loading extension file: port_device_profile.py {{(pid=104238) _load_all_extensions_from_path /opt/stack/neutron/neutron/api/extensions.py:449}}
Apr 24 04:42:40.081912 np0000169957 devstack@neutron-api.service[104240]: INFO neutron.api.extensions [None req-358ec208-579e-410d-8de6-b2e9dd0bceb0 None None] Loaded extension: allowed-address-pairs
Apr 24 04:42:40.081988 np0000169957 devstack@neutron-api.service[104240]: DEBUG neutron.api.extensions [None req-358ec208-579e-410d-8de6-b2e9dd0bceb0 None None] Loading extension file: auto_allocated_topology.py {{(pid=104240) _load_all_extensions_from_path /opt/stack/neutron/neutron/api/extensions.py:449}}
Apr 24 04:42:40.082053 np0000169957 devstack@neutron-api.service[104238]: DEBUG neutron.api.extensions [None req-5bce4093-0ec4-4f3a-999a-08c0be53929c None None] Ext name="Port device profile" alias="port-device-profile" description="Expose the port device profile (Cyborg)" updated="2020-12-17T10:00:00-00:00" {{(pid=104238) _check_extension /opt/stack/neutron/neutron/api/extensions.py:415}}
Apr 24 04:42:40.082206 np0000169957 devstack@neutron-api.service[104238]: INFO neutron.api.extensions [None req-5bce4093-0ec4-4f3a-999a-08c0be53929c None None] Loaded extension: port-device-profile
Apr 24 04:42:40.082291 np0000169957 devstack@neutron-api.service[104238]: DEBUG neutron.api.extensions [None req-5bce4093-0ec4-4f3a-999a-08c0be53929c None None] Loading extension file: port_hardware_offload_type.py {{(pid=104238) _load_all_extensions_from_path /opt/stack/neutron/neutron/api/extensions.py:449}}
Apr 24 04:42:40.082357 np0000169957 devstack@neutron-api.service[104240]: DEBUG neutron.api.extensions [None req-358ec208-579e-410d-8de6-b2e9dd0bceb0 None None] Ext name="Auto Allocated Topology Services" alias="auto-allocated-topology" description="Auto Allocated Topology Services." updated="2016-01-01T00:00:00-00:00" {{(pid=104240) _check_extension /opt/stack/neutron/neutron/api/extensions.py:415}}
Apr 24 04:42:40.082546 np0000169957 devstack@neutron-api.service[104238]: DEBUG neutron.api.extensions [None req-5bce4093-0ec4-4f3a-999a-08c0be53929c None None] Ext name="Port hardware offload" alias="port-hardware-offload-type" description="Expose port hardware offload extension" updated="2023-05-09T10:00:00-00:00" {{(pid=104238) _check_extension /opt/stack/neutron/neutron/api/extensions.py:415}}
Apr 24 04:42:40.082621 np0000169957 devstack@neutron-api.service[104241]: DEBUG neutron_lib.callbacks.manager [None req-deb6bf45-5f62-4949-81c3-a747729285f7 None None] Subscribe: > router precommit_create 55549900, False {{(pid=104241) subscribe /opt/stack/data/venv/lib/python3.12/site-packages/neutron_lib/callbacks/manager.py:52}}
Apr 24 04:42:40.082691 np0000169957 devstack@neutron-api.service[104240]: INFO neutron.api.extensions [None req-358ec208-579e-410d-8de6-b2e9dd0bceb0 None None] Loaded extension: auto-allocated-topology
Apr 24 04:42:40.082745 np0000169957 devstack@neutron-api.service[104238]: INFO neutron.api.extensions [None req-5bce4093-0ec4-4f3a-999a-08c0be53929c None None] Extension port-hardware-offload-type not supported by any of loaded plugins
Apr 24 04:42:40.082806 np0000169957 devstack@neutron-api.service[104241]: DEBUG neutron_lib.callbacks.manager [None req-deb6bf45-5f62-4949-81c3-a747729285f7 None None] Subscribe: > router_interface after_create 55550000, False {{(pid=104241) subscribe /opt/stack/data/venv/lib/python3.12/site-packages/neutron_lib/callbacks/manager.py:52}}
Apr 24 04:42:40.082860 np0000169957 devstack@neutron-api.service[104240]: DEBUG neutron.api.extensions [None req-358ec208-579e-410d-8de6-b2e9dd0bceb0 None None] Loading extension file: availability_zone.py {{(pid=104240) _load_all_extensions_from_path /opt/stack/neutron/neutron/api/extensions.py:449}}
Apr 24 04:42:40.082914 np0000169957 devstack@neutron-api.service[104238]: DEBUG neutron.api.extensions [None req-5bce4093-0ec4-4f3a-999a-08c0be53929c None None] Loading extension file: port_hint_ovs_tx_steering.py {{(pid=104238) _load_all_extensions_from_path /opt/stack/neutron/neutron/api/extensions.py:449}}
Apr 24 04:42:40.082972 np0000169957 devstack@neutron-api.service[104241]: DEBUG neutron_lib.callbacks.manager [None req-deb6bf45-5f62-4949-81c3-a747729285f7 None None] Subscribe: > floatingip after_create 55550000, False {{(pid=104241) subscribe /opt/stack/data/venv/lib/python3.12/site-packages/neutron_lib/callbacks/manager.py:52}}
Apr 24 04:42:40.083031 np0000169957 devstack@neutron-api.service[104238]: DEBUG neutron.api.extensions [None req-5bce4093-0ec4-4f3a-999a-08c0be53929c None None] Ext name="Port hint: Open vSwitch Tx steering" alias="port-hint-ovs-tx-steering" description="Enable Port hint: Open vSwitch Tx steering" updated="2023-01-01T00:00:00-00:00" {{(pid=104238) _check_extension /opt/stack/neutron/neutron/api/extensions.py:415}}
Apr 24 04:42:40.083088 np0000169957 devstack@neutron-api.service[104241]: DEBUG neutron_lib.callbacks.manager [None req-deb6bf45-5f62-4949-81c3-a747729285f7 None None] Subscribe: > floatingip precommit_create 55550000, False {{(pid=104241) subscribe /opt/stack/data/venv/lib/python3.12/site-packages/neutron_lib/callbacks/manager.py:52}}
Apr 24 04:42:40.083139 np0000169957 devstack@neutron-api.service[104240]: DEBUG neutron.api.extensions [None req-358ec208-579e-410d-8de6-b2e9dd0bceb0 None None] Ext name="Availability Zone" alias="availability_zone" description="The availability zone extension." updated="2015-01-01T10:00:00-00:00" {{(pid=104240) _check_extension /opt/stack/neutron/neutron/api/extensions.py:415}}
Apr 24 04:42:40.083196 np0000169957 devstack@neutron-api.service[104241]: DEBUG neutron_lib.callbacks.manager [None req-deb6bf45-5f62-4949-81c3-a747729285f7 None None] Subscribe: > floatingip precommit_update 55550000, False {{(pid=104241) subscribe /opt/stack/data/venv/lib/python3.12/site-packages/neutron_lib/callbacks/manager.py:52}}
Apr 24 04:42:40.083350 np0000169957 devstack@neutron-api.service[104238]: INFO neutron.api.extensions [None req-5bce4093-0ec4-4f3a-999a-08c0be53929c None None] Extension port-hint-ovs-tx-steering not supported by any of loaded plugins
Apr 24 04:42:40.083350 np0000169957 devstack@neutron-api.service[104238]: DEBUG neutron.api.extensions [None req-5bce4093-0ec4-4f3a-999a-08c0be53929c None None] Loading extension file: port_hints.py {{(pid=104238) _load_all_extensions_from_path /opt/stack/neutron/neutron/api/extensions.py:449}}
Apr 24 04:42:40.083425 np0000169957 devstack@neutron-api.service[104241]: DEBUG neutron_lib.callbacks.manager [None req-deb6bf45-5f62-4949-81c3-a747729285f7 None None] Subscribe: > floatingip after_delete 55550000, False {{(pid=104241) subscribe /opt/stack/data/venv/lib/python3.12/site-packages/neutron_lib/callbacks/manager.py:52}}
Apr 24 04:42:40.083484 np0000169957 devstack@neutron-api.service[104240]: INFO neutron.api.extensions [None req-358ec208-579e-410d-8de6-b2e9dd0bceb0 None None] Loaded extension: availability_zone
Apr 24 04:42:40.083540 np0000169957 devstack@neutron-api.service[104241]: DEBUG neutron_lib.callbacks.manager [None req-deb6bf45-5f62-4949-81c3-a747729285f7 None None] Subscribe: > floatingip after_status_update 55550000, False {{(pid=104241) subscribe /opt/stack/data/venv/lib/python3.12/site-packages/neutron_lib/callbacks/manager.py:52}}
Apr 24 04:42:40.083611 np0000169957 devstack@neutron-api.service[104240]: DEBUG neutron.api.extensions [None req-358ec208-579e-410d-8de6-b2e9dd0bceb0 None None] Loading extension file: availability_zone_filter.py {{(pid=104240) _load_all_extensions_from_path /opt/stack/neutron/neutron/api/extensions.py:449}}
Apr 24 04:42:40.083669 np0000169957 devstack@neutron-api.service[104238]: DEBUG neutron.api.extensions [None req-5bce4093-0ec4-4f3a-999a-08c0be53929c None None] Ext name="Port hints" alias="port-hints" description="Backend specific port hints to allow backend specific tuning" updated="2023-01-01T00:00:00-00:00" {{(pid=104238) _check_extension /opt/stack/neutron/neutron/api/extensions.py:415}}
Apr 24 04:42:40.083743 np0000169957 devstack@neutron-api.service[104241]: DEBUG neutron_lib.callbacks.manager [None req-deb6bf45-5f62-4949-81c3-a747729285f7 None None] Subscribe: > floatingip after_update 55550000, False {{(pid=104241) subscribe /opt/stack/data/venv/lib/python3.12/site-packages/neutron_lib/callbacks/manager.py:52}}
Apr 24 04:42:40.083820 np0000169957 devstack@neutron-api.service[104238]: INFO neutron.api.extensions [None req-5bce4093-0ec4-4f3a-999a-08c0be53929c None None] Extension port-hints not supported by any of loaded plugins
Apr 24 04:42:40.083820 np0000169957 devstack@neutron-api.service[104238]: DEBUG neutron.api.extensions [None req-5bce4093-0ec4-4f3a-999a-08c0be53929c None None] Loading extension file: port_mac_address_override.py {{(pid=104238) _load_all_extensions_from_path /opt/stack/neutron/neutron/api/extensions.py:449}}
Apr 24 04:42:40.083889 np0000169957 devstack@neutron-api.service[104241]: DEBUG neutron_lib.callbacks.manager [None req-deb6bf45-5f62-4949-81c3-a747729285f7 None None] Subscribe: > port_forwarding after_create 55550000, False {{(pid=104241) subscribe /opt/stack/data/venv/lib/python3.12/site-packages/neutron_lib/callbacks/manager.py:52}}
Apr 24 04:42:40.083947 np0000169957 devstack@neutron-api.service[104240]: DEBUG neutron.api.extensions [None req-358ec208-579e-410d-8de6-b2e9dd0bceb0 None None] Ext name="Availability Zone Filter Extension" alias="availability_zone_filter" description="Add filter parameters to AvailabilityZone resource" updated="2018-06-22T10:00:00-00:00" {{(pid=104240) _check_extension /opt/stack/neutron/neutron/api/extensions.py:415}}
Apr 24 04:42:40.084024 np0000169957 devstack@neutron-api.service[104241]: DEBUG neutron_lib.callbacks.manager [None req-deb6bf45-5f62-4949-81c3-a747729285f7 None None] Subscribe: > router_interface after_delete 55550000, False {{(pid=104241) subscribe /opt/stack/data/venv/lib/python3.12/site-packages/neutron_lib/callbacks/manager.py:52}}
Apr 24 04:42:40.084075 np0000169957 devstack@neutron-api.service[104238]: DEBUG neutron.api.extensions [None req-5bce4093-0ec4-4f3a-999a-08c0be53929c None None] Ext name="Neutron Port MAC address override" alias="port-mac-override" description="Allow overriding the MAC address of a direct-physical Port via the active binding profile" updated="2022-03-18T10:00:00-00:00" {{(pid=104238) _check_extension /opt/stack/neutron/neutron/api/extensions.py:415}}
Apr 24 04:42:40.084137 np0000169957 devstack@neutron-api.service[104240]: INFO neutron.api.extensions [None req-358ec208-579e-410d-8de6-b2e9dd0bceb0 None None] Extension availability_zone_filter not supported by any of loaded plugins
Apr 24 04:42:40.084190 np0000169957 devstack@neutron-api.service[104241]: DEBUG neutron_lib.callbacks.manager [None req-deb6bf45-5f62-4949-81c3-a747729285f7 None None] Subscribe: > router after_create 55550000, False {{(pid=104241) subscribe /opt/stack/data/venv/lib/python3.12/site-packages/neutron_lib/callbacks/manager.py:52}}
Apr 24 04:42:40.084256 np0000169957 devstack@neutron-api.service[104238]: INFO neutron.api.extensions [None req-5bce4093-0ec4-4f3a-999a-08c0be53929c None None] Extension port-mac-override not supported by any of loaded plugins
Apr 24 04:42:40.084351 np0000169957 devstack@neutron-api.service[104240]: DEBUG neutron.api.extensions [None req-358ec208-579e-410d-8de6-b2e9dd0bceb0 None None] Loading extension file: data_plane_status.py {{(pid=104240) _load_all_extensions_from_path /opt/stack/neutron/neutron/api/extensions.py:449}}
Apr 24 04:42:40.084418 np0000169957 devstack@neutron-api.service[104241]: DEBUG neutron_lib.callbacks.manager [None req-deb6bf45-5f62-4949-81c3-a747729285f7 None None] Subscribe: > router precommit_create 55550000, False {{(pid=104241) subscribe /opt/stack/data/venv/lib/python3.12/site-packages/neutron_lib/callbacks/manager.py:52}}
Apr 24 04:42:40.084472 np0000169957 devstack@neutron-api.service[104238]: DEBUG neutron.api.extensions [None req-5bce4093-0ec4-4f3a-999a-08c0be53929c None None] Loading extension file: port_mac_address_regenerate.py {{(pid=104238) _load_all_extensions_from_path /opt/stack/neutron/neutron/api/extensions.py:449}}
Apr 24 04:42:40.084524 np0000169957 devstack@neutron-api.service[104241]: DEBUG neutron_lib.callbacks.manager [None req-deb6bf45-5f62-4949-81c3-a747729285f7 None None] Subscribe: > router after_delete 55550000, False {{(pid=104241) subscribe /opt/stack/data/venv/lib/python3.12/site-packages/neutron_lib/callbacks/manager.py:52}}
Apr 24 04:42:40.084579 np0000169957 devstack@neutron-api.service[104238]: DEBUG neutron.api.extensions [None req-5bce4093-0ec4-4f3a-999a-08c0be53929c None None] Ext name="Neutron Port MAC address regenerate" alias="port-mac-address-regenerate" description="Network port MAC address regenerate" updated="2018-05-03T10:00:00-00:00" {{(pid=104238) _check_extension /opt/stack/neutron/neutron/api/extensions.py:415}}
Apr 24 04:42:40.084664 np0000169957 devstack@neutron-api.service[104241]: DEBUG neutron_lib.callbacks.manager [None req-deb6bf45-5f62-4949-81c3-a747729285f7 None None] Subscribe: > router after_update 55550000, False {{(pid=104241) subscribe /opt/stack/data/venv/lib/python3.12/site-packages/neutron_lib/callbacks/manager.py:52}}
Apr 24 04:42:40.084744 np0000169957 devstack@neutron-api.service[104240]: DEBUG neutron.api.extensions [None req-358ec208-579e-410d-8de6-b2e9dd0bceb0 None None] Ext name="Port data plane status extension" alias="data-plane-status" description="Expose status of underlying data plane" updated="2017-01-24T10:00:00-00:00" {{(pid=104240) _check_extension /opt/stack/neutron/neutron/api/extensions.py:415}}
Apr 24 04:42:40.084838 np0000169957 devstack@neutron-api.service[104238]: INFO neutron.api.extensions [None req-5bce4093-0ec4-4f3a-999a-08c0be53929c None None] Loaded extension: port-mac-address-regenerate
Apr 24 04:42:40.084907 np0000169957 devstack@neutron-api.service[104241]: DEBUG neutron.services.service_base [None req-deb6bf45-5f62-4949-81c3-a747729285f7 None None] Loaded 'neutron.services.ovn_l3.service_providers.ovn.OvnDriver' provider for service L3_ROUTER_NAT {{(pid=104241) load_drivers /opt/stack/neutron/neutron/services/service_base.py:49}}
Apr 24 04:42:40.084987 np0000169957 devstack@neutron-api.service[104238]: DEBUG neutron.api.extensions [None req-5bce4093-0ec4-4f3a-999a-08c0be53929c None None] Loading extension file: port_numa_affinity_policy.py {{(pid=104238) _load_all_extensions_from_path /opt/stack/neutron/neutron/api/extensions.py:449}}
Apr 24 04:42:40.085066 np0000169957 devstack@neutron-api.service[104240]: INFO neutron.api.extensions [None req-358ec208-579e-410d-8de6-b2e9dd0bceb0 None None] Extension data-plane-status not supported by any of loaded plugins
Apr 24 04:42:40.085142 np0000169957 devstack@neutron-api.service[104241]: DEBUG neutron_lib.callbacks.manager [None req-deb6bf45-5f62-4949-81c3-a747729285f7 None None] Subscribe: > process after_init 55550001, True {{(pid=104241) subscribe /opt/stack/data/venv/lib/python3.12/site-packages/neutron_lib/callbacks/manager.py:52}}
Apr 24 04:42:40.085335 np0000169957 devstack@neutron-api.service[104240]: DEBUG neutron.api.extensions [None req-358ec208-579e-410d-8de6-b2e9dd0bceb0 None None] Loading extension file: default_subnetpools.py {{(pid=104240) _load_all_extensions_from_path /opt/stack/neutron/neutron/api/extensions.py:449}}
Apr 24 04:42:40.085398 np0000169957 devstack@neutron-api.service[104238]: DEBUG neutron.api.extensions [None req-5bce4093-0ec4-4f3a-999a-08c0be53929c None None] Ext name="Port NUMA affinity policy" alias="port-numa-affinity-policy" description="Expose the port NUMA affinity policy" updated="2020-07-08T10:00:00-00:00" {{(pid=104238) _check_extension /opt/stack/neutron/neutron/api/extensions.py:415}}
Apr 24 04:42:40.085470 np0000169957 devstack@neutron-api.service[104241]: DEBUG neutron.manager [None req-deb6bf45-5f62-4949-81c3-a747729285f7 None None] Successfully loaded L3_ROUTER_NAT plugin. Description: L3 Router Service Plugin for basic L3 forwarding using OVN {{(pid=104241) _create_and_add_service_plugin /opt/stack/neutron/neutron/manager.py:239}}
Apr 24 04:42:40.085529 np0000169957 devstack@neutron-api.service[104238]: INFO neutron.api.extensions [None req-5bce4093-0ec4-4f3a-999a-08c0be53929c None None] Loaded extension: port-numa-affinity-policy
Apr 24 04:42:40.085587 np0000169957 devstack@neutron-api.service[104240]: DEBUG neutron.api.extensions [None req-358ec208-579e-410d-8de6-b2e9dd0bceb0 None None] Ext name="Default Subnetpools" alias="default-subnetpools" description="Provides ability to mark and use a subnetpool as the default." updated="2016-02-18T18:00:00-00:00" {{(pid=104240) _check_extension /opt/stack/neutron/neutron/api/extensions.py:415}}
Apr 24 04:42:40.085652 np0000169957 devstack@neutron-api.service[104241]: INFO neutron.manager [None req-deb6bf45-5f62-4949-81c3-a747729285f7 None None] Loading Plugin: auto_allocate
Apr 24 04:42:40.085716 np0000169957 devstack@neutron-api.service[104238]: DEBUG neutron.api.extensions [None req-5bce4093-0ec4-4f3a-999a-08c0be53929c None None] Loading extension file: port_numa_affinity_policy_socket.py {{(pid=104238) _load_all_extensions_from_path /opt/stack/neutron/neutron/api/extensions.py:449}}
Apr 24 04:42:40.085786 np0000169957 devstack@neutron-api.service[104240]: INFO neutron.api.extensions [None req-358ec208-579e-410d-8de6-b2e9dd0bceb0 None None] Loaded extension: default-subnetpools
Apr 24 04:42:40.085871 np0000169957 devstack@neutron-api.service[104238]: DEBUG neutron.api.extensions [None req-5bce4093-0ec4-4f3a-999a-08c0be53929c None None] Ext name="Port NUMA affinity policy "socket"" alias="port-numa-affinity-policy-socket" description="Adds "socket" to the supported port NUMA affinity policies" updated="2024-02-09T10:00:00-00:00" {{(pid=104238) _check_extension /opt/stack/neutron/neutron/api/extensions.py:415}}
Apr 24 04:42:40.085940 np0000169957 devstack@neutron-api.service[104240]: DEBUG neutron.api.extensions [None req-358ec208-579e-410d-8de6-b2e9dd0bceb0 None None] Loading extension file: dhcpagentscheduler.py {{(pid=104240) _load_all_extensions_from_path /opt/stack/neutron/neutron/api/extensions.py:449}}
Apr 24 04:42:40.086004 np0000169957 devstack@neutron-api.service[104238]: INFO neutron.api.extensions [None req-5bce4093-0ec4-4f3a-999a-08c0be53929c None None] Loaded extension: port-numa-affinity-policy-socket
Apr 24 04:42:40.086004 np0000169957 devstack@neutron-api.service[104238]: DEBUG neutron.api.extensions [None req-5bce4093-0ec4-4f3a-999a-08c0be53929c None None] Loading extension file: port_resource_request.py {{(pid=104238) _load_all_extensions_from_path /opt/stack/neutron/neutron/api/extensions.py:449}}
Apr 24 04:42:40.086004 np0000169957 devstack@neutron-api.service[104238]: DEBUG neutron.api.extensions [None req-5bce4093-0ec4-4f3a-999a-08c0be53929c None None] Ext name="Port Resource Request" alias="port-resource-request" description="Expose resource request to Port" updated="2018-05-08T10:00:00-00:00" {{(pid=104238) _check_extension /opt/stack/neutron/neutron/api/extensions.py:415}}
Apr 24 04:42:40.086150 np0000169957 devstack@neutron-api.service[104240]: DEBUG neutron.api.extensions [None req-358ec208-579e-410d-8de6-b2e9dd0bceb0 None None] Ext name="DHCP Agent Scheduler" alias="dhcp_agent_scheduler" description="Schedule networks among dhcp agents" updated="2013-02-07T10:00:00-00:00" {{(pid=104240) _check_extension /opt/stack/neutron/neutron/api/extensions.py:415}}
Apr 24 04:42:40.086214 np0000169957 devstack@neutron-api.service[104238]: INFO neutron.api.extensions [None req-5bce4093-0ec4-4f3a-999a-08c0be53929c None None] Extension port-resource-request not supported by any of loaded plugins
Apr 24 04:42:40.086214 np0000169957 devstack@neutron-api.service[104238]: DEBUG neutron.api.extensions [None req-5bce4093-0ec4-4f3a-999a-08c0be53929c None None] Loading extension file: port_resource_request_groups.py {{(pid=104238) _load_all_extensions_from_path /opt/stack/neutron/neutron/api/extensions.py:449}}
Apr 24 04:42:40.086400 np0000169957 devstack@neutron-api.service[104240]: INFO neutron.api.extensions [None req-358ec208-579e-410d-8de6-b2e9dd0bceb0 None None] Loaded extension: dhcp_agent_scheduler
Apr 24 04:42:40.086512 np0000169957 devstack@neutron-api.service[104238]: DEBUG neutron.api.extensions [None req-5bce4093-0ec4-4f3a-999a-08c0be53929c None None] Ext name="Port Resource Request Groups" alias="port-resource-request-groups" description="Support requesting multiple groups of resources and traits from the same RP subtree in resource_request" updated="2021-08-02T10:00:00-00:00" {{(pid=104238) _check_extension /opt/stack/neutron/neutron/api/extensions.py:415}}
Apr 24 04:42:40.086598 np0000169957 devstack@neutron-api.service[104240]: DEBUG neutron.api.extensions [None req-358ec208-579e-410d-8de6-b2e9dd0bceb0 None None] Loading extension file: dns.py {{(pid=104240) _load_all_extensions_from_path /opt/stack/neutron/neutron/api/extensions.py:449}}
Apr 24 04:42:40.086669 np0000169957 devstack@neutron-api.service[104241]: DEBUG neutron_lib.callbacks.manager [None req-deb6bf45-5f62-4949-81c3-a747729285f7 None None] Subscribe: network precommit_update 55550000, False {{(pid=104241) subscribe /opt/stack/data/venv/lib/python3.12/site-packages/neutron_lib/callbacks/manager.py:52}}
Apr 24 04:42:40.086737 np0000169957 devstack@neutron-api.service[104238]: INFO neutron.api.extensions [None req-5bce4093-0ec4-4f3a-999a-08c0be53929c None None] Extension port-resource-request-groups not supported by any of loaded plugins
Apr 24 04:42:40.086737 np0000169957 devstack@neutron-api.service[104238]: DEBUG neutron.api.extensions [None req-5bce4093-0ec4-4f3a-999a-08c0be53929c None None] Loading extension file: port_trusted_vif.py {{(pid=104238) _load_all_extensions_from_path /opt/stack/neutron/neutron/api/extensions.py:449}}
Apr 24 04:42:40.086815 np0000169957 devstack@neutron-api.service[104241]: DEBUG neutron_lib.callbacks.manager [None req-deb6bf45-5f62-4949-81c3-a747729285f7 None None] Subscribe: network precommit_create 55550000, False {{(pid=104241) subscribe /opt/stack/data/venv/lib/python3.12/site-packages/neutron_lib/callbacks/manager.py:52}}
Apr 24 04:42:40.086888 np0000169957 devstack@neutron-api.service[104240]: DEBUG neutron.api.extensions [None req-358ec208-579e-410d-8de6-b2e9dd0bceb0 None None] Ext name="DNS Integration" alias="dns-integration" description="Provides integration with DNS." updated="2015-08-15T18:00:00-00:00" {{(pid=104240) _check_extension /opt/stack/neutron/neutron/api/extensions.py:415}}
Apr 24 04:42:40.086970 np0000169957 devstack@neutron-api.service[104238]: DEBUG neutron.api.extensions [None req-5bce4093-0ec4-4f3a-999a-08c0be53929c None None] Ext name="Port trusted vif" alias="port-trusted-vif" description="Expose port 'trusted' attribute in the API" updated="2024-07-10T10:00:00-00:00" {{(pid=104238) _check_extension /opt/stack/neutron/neutron/api/extensions.py:415}}
Apr 24 04:42:40.087082 np0000169957 devstack@neutron-api.service[104240]: INFO neutron.api.extensions [None req-358ec208-579e-410d-8de6-b2e9dd0bceb0 None None] Loaded extension: dns-integration
Apr 24 04:42:40.087139 np0000169957 devstack@neutron-api.service[104241]: DEBUG neutron.manager [None req-deb6bf45-5f62-4949-81c3-a747729285f7 None None] Successfully loaded auto-allocated-topology plugin. Description: Auto Allocated Topology - aka get me a network. {{(pid=104241) _create_and_add_service_plugin /opt/stack/neutron/neutron/manager.py:239}}
Apr 24 04:42:40.087202 np0000169957 devstack@neutron-api.service[104238]: INFO neutron.api.extensions [None req-5bce4093-0ec4-4f3a-999a-08c0be53929c None None] Extension port-trusted-vif not supported by any of loaded plugins
Apr 24 04:42:40.087304 np0000169957 devstack@neutron-api.service[104240]: DEBUG neutron.api.extensions [None req-358ec208-579e-410d-8de6-b2e9dd0bceb0 None None] Loading extension file: dns_domain_ports.py {{(pid=104240) _load_all_extensions_from_path /opt/stack/neutron/neutron/api/extensions.py:449}}
Apr 24 04:42:40.087372 np0000169957 devstack@neutron-api.service[104238]: DEBUG neutron.api.extensions [None req-5bce4093-0ec4-4f3a-999a-08c0be53929c None None] Loading extension file: portbindings.py {{(pid=104238) _load_all_extensions_from_path /opt/stack/neutron/neutron/api/extensions.py:449}}
Apr 24 04:42:40.087459 np0000169957 devstack@neutron-api.service[104241]: INFO neutron.manager [None req-deb6bf45-5f62-4949-81c3-a747729285f7 None None] Loading Plugin: tag
Apr 24 04:42:40.087514 np0000169957 devstack@neutron-api.service[104238]: DEBUG neutron.api.extensions [None req-5bce4093-0ec4-4f3a-999a-08c0be53929c None None] Ext name="Port Binding" alias="binding" description="Expose port bindings of a virtual port to external application" updated="2014-02-03T10:00:00-00:00" {{(pid=104238) _check_extension /opt/stack/neutron/neutron/api/extensions.py:415}}
Apr 24 04:42:40.087578 np0000169957 devstack@neutron-api.service[104240]: DEBUG neutron.api.extensions [None req-358ec208-579e-410d-8de6-b2e9dd0bceb0 None None] Ext name="dns_domain for ports" alias="dns-domain-ports" description="Allows the DNS domain to be specified for a network port." updated="2017-04-24T10:00:00-00:00" {{(pid=104240) _check_extension /opt/stack/neutron/neutron/api/extensions.py:415}}
Apr 24 04:42:40.087632 np0000169957 devstack@neutron-api.service[104238]: INFO neutron.api.extensions [None req-5bce4093-0ec4-4f3a-999a-08c0be53929c None None] Loaded extension: binding
Apr 24 04:42:40.087713 np0000169957 devstack@neutron-api.service[104238]: DEBUG neutron.api.extensions [None req-5bce4093-0ec4-4f3a-999a-08c0be53929c None None] Loading extension file: portbindings_extended.py {{(pid=104238) _load_all_extensions_from_path /opt/stack/neutron/neutron/api/extensions.py:449}}
Apr 24 04:42:40.087763 np0000169957 devstack@neutron-api.service[104240]: INFO neutron.api.extensions [None req-358ec208-579e-410d-8de6-b2e9dd0bceb0 None None] Loaded extension: dns-domain-ports
Apr 24 04:42:40.087871 np0000169957 devstack@neutron-api.service[104240]: DEBUG neutron.api.extensions [None req-358ec208-579e-410d-8de6-b2e9dd0bceb0 None None] Loading extension file: dns_integration_domain_keywords.py {{(pid=104240) _load_all_extensions_from_path /opt/stack/neutron/neutron/api/extensions.py:449}}
Apr 24 04:42:40.087952 np0000169957 devstack@neutron-api.service[104238]: DEBUG neutron.api.extensions [None req-5bce4093-0ec4-4f3a-999a-08c0be53929c None None] Ext name="Port Bindings Extended" alias="binding-extended" description="Expose port bindings of a virtual port to external application" updated="2017-07-17T10:00:00-00:00" {{(pid=104238) _check_extension /opt/stack/neutron/neutron/api/extensions.py:415}}
Apr 24 04:42:40.088124 np0000169957 devstack@neutron-api.service[104238]: INFO neutron.api.extensions [None req-5bce4093-0ec4-4f3a-999a-08c0be53929c None None] Loaded extension: binding-extended
