Apr 24 04:42:40.056027 np0000169957 devstack@neutron-api.service[104241]: DEBUG neutron_lib.callbacks.manager [None req-deb6bf45-5f62-4949-81c3-a747729285f7 None None] Subscribe: > security_group after_delete 55550000, False {{(pid=104241) subscribe /opt/stack/data/venv/lib/python3.12/site-packages/neutron_lib/callbacks/manager.py:52}}
Apr 24 04:42:40.056056 np0000169957 devstack@neutron-api.service[104238]: INFO neutron.api.extensions [None req-5bce4093-0ec4-4f3a-999a-08c0be53929c None None] Loaded extension: dns-integration
Apr 24 04:42:40.056471 np0000169957 devstack@neutron-api.service[104238]: DEBUG neutron.api.extensions [None req-5bce4093-0ec4-4f3a-999a-08c0be53929c None None] Loading extension file: dns_domain_ports.py {{(pid=104238) _load_all_extensions_from_path /opt/stack/neutron/neutron/api/extensions.py:449}}
Apr 24 04:42:40.056661 np0000169957 devstack@neutron-api.service[104241]: DEBUG neutron_lib.callbacks.manager [None req-deb6bf45-5f62-4949-81c3-a747729285f7 None None] Subscribe: > security_group_rule after_create 55550000, False {{(pid=104241) subscribe /opt/stack/data/venv/lib/python3.12/site-packages/neutron_lib/callbacks/manager.py:52}}
Apr 24 04:42:40.056661 np0000169957 devstack@neutron-api.service[104241]: DEBUG neutron_lib.callbacks.manager [None req-deb6bf45-5f62-4949-81c3-a747729285f7 None None] Subscribe: > security_group_rule after_update 55550000, False {{(pid=104241) subscribe /opt/stack/data/venv/lib/python3.12/site-packages/neutron_lib/callbacks/manager.py:52}}
Apr 24 04:42:40.056815 np0000169957 devstack@neutron-api.service[104238]: DEBUG neutron.api.extensions [None req-5bce4093-0ec4-4f3a-999a-08c0be53929c None None] Ext name="dns_domain for ports" alias="dns-domain-ports" description="Allows the DNS domain to be specified for a network port." updated="2017-04-24T10:00:00-00:00" {{(pid=104238) _check_extension /opt/stack/neutron/neutron/api/extensions.py:415}}
Apr 24 04:42:40.056840 np0000169957 devstack@neutron-api.service[104241]: DEBUG neutron_lib.callbacks.manager [None req-deb6bf45-5f62-4949-81c3-a747729285f7 None None] Subscribe: > security_group_rule after_delete 55550000, False {{(pid=104241) subscribe /opt/stack/data/venv/lib/python3.12/site-packages/neutron_lib/callbacks/manager.py:52}}
Apr 24 04:42:40.056894 np0000169957 devstack@neutron-api.service[104238]: INFO neutron.api.extensions [None req-5bce4093-0ec4-4f3a-999a-08c0be53929c None None] Loaded extension: dns-domain-ports
Apr 24 04:42:40.056919 np0000169957 devstack@neutron-api.service[104241]: DEBUG neutron_lib.callbacks.manager [None req-deb6bf45-5f62-4949-81c3-a747729285f7 None None] Subscribe: > address_group after_create 55550000, False {{(pid=104241) subscribe /opt/stack/data/venv/lib/python3.12/site-packages/neutron_lib/callbacks/manager.py:52}}
Apr 24 04:42:40.057091 np0000169957 devstack@neutron-api.service[104238]: DEBUG neutron.api.extensions [None req-5bce4093-0ec4-4f3a-999a-08c0be53929c None None] Loading extension file: dns_integration_domain_keywords.py {{(pid=104238) _load_all_extensions_from_path /opt/stack/neutron/neutron/api/extensions.py:449}}
Apr 24 04:42:40.057190 np0000169957 devstack@neutron-api.service[104241]: DEBUG neutron_lib.callbacks.manager [None req-deb6bf45-5f62-4949-81c3-a747729285f7 None None] Subscribe: > address_group after_update 55550000, False {{(pid=104241) subscribe /opt/stack/data/venv/lib/python3.12/site-packages/neutron_lib/callbacks/manager.py:52}}
Apr 24 04:42:40.057299 np0000169957 devstack@neutron-api.service[104238]: DEBUG neutron.api.extensions [None req-5bce4093-0ec4-4f3a-999a-08c0be53929c None None] Ext name="DNS domain names with keywords allowed" alias="dns-integration-domain-keywords" description="Allows to use keywords like , , and as DNS domain name" updated="2020-06-15T18:00:00-00:00" {{(pid=104238) _check_extension /opt/stack/neutron/neutron/api/extensions.py:415}}
Apr 24 04:42:40.057327 np0000169957 devstack@neutron-api.service[104241]: DEBUG neutron_lib.callbacks.manager [None req-deb6bf45-5f62-4949-81c3-a747729285f7 None None] Subscribe: > address_group after_delete 55550000, False {{(pid=104241) subscribe /opt/stack/data/venv/lib/python3.12/site-packages/neutron_lib/callbacks/manager.py:52}}
Apr 24 04:42:40.057327 np0000169957 devstack@neutron-api.service[104241]: DEBUG neutron.plugins.ml2.ovo_rpc [None req-deb6bf45-5f62-4949-81c3-a747729285f7 None None] ML2 OVO RPC backend initialized. {{(pid=104241) __init__ /opt/stack/neutron/neutron/plugins/ml2/ovo_rpc.py:117}}
Apr 24 04:42:40.057378 np0000169957 devstack@neutron-api.service[104238]: INFO neutron.api.extensions [None req-5bce4093-0ec4-4f3a-999a-08c0be53929c None None] Loaded extension: dns-integration-domain-keywords
Apr 24 04:42:40.057378 np0000169957 devstack@neutron-api.service[104238]: DEBUG neutron.api.extensions [None req-5bce4093-0ec4-4f3a-999a-08c0be53929c None None] Loading extension file: dvr.py {{(pid=104238) _load_all_extensions_from_path /opt/stack/neutron/neutron/api/extensions.py:449}}
Apr 24 04:42:40.057476 np0000169957 devstack@neutron-api.service[104238]: DEBUG neutron.api.extensions [None req-5bce4093-0ec4-4f3a-999a-08c0be53929c None None] Ext name="Distributed Virtual Router" alias="dvr" description="Enables configuration of Distributed Virtual Routers." updated="2014-06-1T10:00:00-00:00" {{(pid=104238) _check_extension /opt/stack/neutron/neutron/api/extensions.py:415}}
Apr 24 04:42:40.057630 np0000169957 devstack@neutron-api.service[104238]: INFO neutron.api.extensions [None req-5bce4093-0ec4-4f3a-999a-08c0be53929c None None] Extension dvr not supported by any of loaded plugins
Apr 24 04:42:40.057713 np0000169957 devstack@neutron-api.service[104238]: DEBUG neutron.api.extensions [None req-5bce4093-0ec4-4f3a-999a-08c0be53929c None None] Loading extension file: ecmp_routes.py {{(pid=104238) _load_all_extensions_from_path /opt/stack/neutron/neutron/api/extensions.py:449}}
Apr 24 04:42:40.057952 np0000169957 devstack@neutron-api.service[104238]: DEBUG neutron.api.extensions [None req-5bce4093-0ec4-4f3a-999a-08c0be53929c None None] Ext name="Equal Cost Multipath Routing" alias="ecmp_routes" description="Allows traffic to reach thesame destination via multiple different links " updated="2020-11-26T18:00:00-00:00" {{(pid=104238) _check_extension /opt/stack/neutron/neutron/api/extensions.py:415}}
Apr 24 04:42:40.058063 np0000169957 devstack@neutron-api.service[104241]: INFO neutron.quota [None req-deb6bf45-5f62-4949-81c3-a747729285f7 None None] Loaded quota_driver: .
Apr 24 04:42:40.058086 np0000169957 devstack@neutron-api.service[104238]: INFO neutron.api.extensions [None req-5bce4093-0ec4-4f3a-999a-08c0be53929c None None] Extension ecmp_routes not supported by any of loaded plugins
Apr 24 04:42:40.058137 np0000169957 devstack@neutron-api.service[104240]: DEBUG neutron.services.provider_configuration [None req-358ec208-579e-410d-8de6-b2e9dd0bceb0 None None] Service providers = [] {{(pid=104240) parse_service_provider_opt /opt/stack/neutron/neutron/services/provider_configuration.py:170}}
Apr 24 04:42:40.058222 np0000169957 devstack@neutron-api.service[104238]: DEBUG neutron.api.extensions [None req-5bce4093-0ec4-4f3a-999a-08c0be53929c None None] Loading extension file: empty_string_filtering.py {{(pid=104238) _load_all_extensions_from_path /opt/stack/neutron/neutron/api/extensions.py:449}}
Apr 24 04:42:40.058267 np0000169957 devstack@neutron-api.service[104241]: INFO neutron.plugins.ml2.plugin [None req-deb6bf45-5f62-4949-81c3-a747729285f7 None None] Modular L2 Plugin initialization complete
Apr 24 04:42:40.058327 np0000169957 devstack@neutron-api.service[104240]: DEBUG neutron.db.servicetype_db [None req-358ec208-579e-410d-8de6-b2e9dd0bceb0 None None] Adding provider configuration for service L3_ROUTER_NAT {{(pid=104240) add_provider_configuration /opt/stack/neutron/neutron/db/servicetype_db.py:42}}
Apr 24 04:42:40.058468 np0000169957 devstack@neutron-api.service[104241]: DEBUG neutron.manager [None req-deb6bf45-5f62-4949-81c3-a747729285f7 None None] Loading services supported by the core plugin {{(pid=104241) _load_services_from_core_plugin /opt/stack/neutron/neutron/manager.py:170}}
Apr 24 04:42:40.058498 np0000169957 devstack@neutron-api.service[104238]: DEBUG neutron.api.extensions [None req-5bce4093-0ec4-4f3a-999a-08c0be53929c None None] Ext name="Empty String Filtering Extension" alias="empty-string-filtering" description="Allow filtering by attributes with empty string value" updated="2018-05-01T10:00:00-00:00" {{(pid=104238) _check_extension /opt/stack/neutron/neutron/api/extensions.py:415}}
Apr 24 04:42:40.058636 np0000169957 devstack@neutron-api.service[104241]: INFO neutron.plugins.ml2.managers [None req-deb6bf45-5f62-4949-81c3-a747729285f7 None None] Got port-security extension from driver 'port_security'
Apr 24 04:42:40.058662 np0000169957 devstack@neutron-api.service[104238]: INFO neutron.api.extensions [None req-5bce4093-0ec4-4f3a-999a-08c0be53929c None None] Loaded extension: empty-string-filtering
Apr 24 04:42:40.058744 np0000169957 devstack@neutron-api.service[104238]: DEBUG neutron.api.extensions [None req-5bce4093-0ec4-4f3a-999a-08c0be53929c None None] Loading extension file: expose_l3_conntrack_helper.py {{(pid=104238) _load_all_extensions_from_path /opt/stack/neutron/neutron/api/extensions.py:449}}
Apr 24 04:42:40.058975 np0000169957 devstack@neutron-api.service[104238]: DEBUG neutron.api.extensions [None req-5bce4093-0ec4-4f3a-999a-08c0be53929c None None] Ext name="Expose CT target rules for conntrack helper" alias="expose-l3-conntrack-helper" description="Expose allow adding CT target rules for conntrack helper" updated="2019-04-04T10:00:00-00:00" {{(pid=104238) _check_extension /opt/stack/neutron/neutron/api/extensions.py:415}}
Apr 24 04:42:40.059031 np0000169957 devstack@neutron-api.service[104241]: DEBUG neutron.manager [None req-deb6bf45-5f62-4949-81c3-a747729285f7 None None] Loading service plugins: ['ovn-router', 'auto_allocate', 'tag', 'timestamp', 'network_ip_availability', 'flavors', 'revisions'] {{(pid=104241) _load_service_plugins /opt/stack/neutron/neutron/manager.py:195}}
Apr 24 04:42:40.059111 np0000169957 devstack@neutron-api.service[104241]: INFO neutron.manager [None req-deb6bf45-5f62-4949-81c3-a747729285f7 None None] Loading Plugin: ovn-router
Apr 24 04:42:40.059162 np0000169957 devstack@neutron-api.service[104238]: INFO neutron.api.extensions [None req-5bce4093-0ec4-4f3a-999a-08c0be53929c None None] Extension expose-l3-conntrack-helper not supported by any of loaded plugins
Apr 24 04:42:40.059263 np0000169957 devstack@neutron-api.service[104238]: DEBUG neutron.api.extensions [None req-5bce4093-0ec4-4f3a-999a-08c0be53929c None None] Loading extension file: expose_port_forwarding_in_fip.py {{(pid=104238) _load_all_extensions_from_path /opt/stack/neutron/neutron/api/extensions.py:449}}
Apr 24 04:42:40.059448 np0000169957 devstack@neutron-api.service[104238]: DEBUG neutron.api.extensions [None req-5bce4093-0ec4-4f3a-999a-08c0be53929c None None] Ext name="Expose Floating IP port forwardings" alias="expose-port-forwarding-in-fip" description="Expose port forwarding fields in floating IP response" updated="2018-06-28T16:00:00-00:00" {{(pid=104238) _check_extension /opt/stack/neutron/neutron/api/extensions.py:415}}
Apr 24 04:42:40.059638 np0000169957 devstack@neutron-api.service[104238]: INFO neutron.api.extensions [None req-5bce4093-0ec4-4f3a-999a-08c0be53929c None None] Extension expose-port-forwarding-in-fip not supported by any of loaded plugins
Apr 24 04:42:40.059751 np0000169957 devstack@neutron-api.service[104238]: DEBUG neutron.api.extensions [None req-5bce4093-0ec4-4f3a-999a-08c0be53929c None None] Loading extension file: external_net.py {{(pid=104238) _load_all_extensions_from_path /opt/stack/neutron/neutron/api/extensions.py:449}}
Apr 24 04:42:40.060001 np0000169957 devstack@neutron-api.service[104238]: DEBUG neutron.api.extensions [None req-5bce4093-0ec4-4f3a-999a-08c0be53929c None None] Ext name="Neutron external network" alias="external-net" description="Adds external network attribute to network resource." updated="2013-01-14T10:00:00-00:00" {{(pid=104238) _check_extension /opt/stack/neutron/neutron/api/extensions.py:415}}
Apr 24 04:42:40.060058 np0000169957 devstack@neutron-api.service[104240]: DEBUG neutron_lib.callbacks.manager [None req-358ec208-579e-410d-8de6-b2e9dd0bceb0 None None] Subscribe: > router precommit_create 55549900, False {{(pid=104240) subscribe /opt/stack/data/venv/lib/python3.12/site-packages/neutron_lib/callbacks/manager.py:52}}
Apr 24 04:42:40.060190 np0000169957 devstack@neutron-api.service[104238]: INFO neutron.api.extensions [None req-5bce4093-0ec4-4f3a-999a-08c0be53929c None None] Loaded extension: external-net
Apr 24 04:42:40.060281 np0000169957 devstack@neutron-api.service[104240]: DEBUG neutron_lib.callbacks.manager [None req-358ec208-579e-410d-8de6-b2e9dd0bceb0 None None] Subscribe: > router_interface after_create 55550000, False {{(pid=104240) subscribe /opt/stack/data/venv/lib/python3.12/site-packages/neutron_lib/callbacks/manager.py:52}}
Apr 24 04:42:40.060320 np0000169957 devstack@neutron-api.service[104238]: DEBUG neutron.api.extensions [None req-5bce4093-0ec4-4f3a-999a-08c0be53929c None None] Loading extension file: extra_dhcp_opt.py {{(pid=104238) _load_all_extensions_from_path /opt/stack/neutron/neutron/api/extensions.py:449}}
Apr 24 04:42:40.060404 np0000169957 devstack@neutron-api.service[104240]: DEBUG neutron_lib.callbacks.manager [None req-358ec208-579e-410d-8de6-b2e9dd0bceb0 None None] Subscribe: > floatingip after_create 55550000, False {{(pid=104240) subscribe /opt/stack/data/venv/lib/python3.12/site-packages/neutron_lib/callbacks/manager.py:52}}
Apr 24 04:42:40.060571 np0000169957 devstack@neutron-api.service[104240]: DEBUG neutron_lib.callbacks.manager [None req-358ec208-579e-410d-8de6-b2e9dd0bceb0 None None] Subscribe: > floatingip precommit_create 55550000, False {{(pid=104240) subscribe /opt/stack/data/venv/lib/python3.12/site-packages/neutron_lib/callbacks/manager.py:52}}
Apr 24 04:42:40.060627 np0000169957 devstack@neutron-api.service[104238]: DEBUG neutron.api.extensions [None req-5bce4093-0ec4-4f3a-999a-08c0be53929c None None] Ext name="Neutron Extra DHCP options" alias="extra_dhcp_opt" description="Extra options configuration for DHCP. For example PXE boot options to DHCP clients can be specified (e.g. tftp-server, server-ip-address, bootfile-name)" updated="2013-03-17T12:00:00-00:00" {{(pid=104238) _check_extension /opt/stack/neutron/neutron/api/extensions.py:415}}
Apr 24 04:42:40.060689 np0000169957 devstack@neutron-api.service[104240]: DEBUG neutron_lib.callbacks.manager [None req-358ec208-579e-410d-8de6-b2e9dd0bceb0 None None] Subscribe: > floatingip precommit_update 55550000, False {{(pid=104240) subscribe /opt/stack/data/venv/lib/python3.12/site-packages/neutron_lib/callbacks/manager.py:52}}
Apr 24 04:42:40.060765 np0000169957 devstack@neutron-api.service[104238]: INFO neutron.api.extensions [None req-5bce4093-0ec4-4f3a-999a-08c0be53929c None None] Loaded extension: extra_dhcp_opt
Apr 24 04:42:40.060841 np0000169957 devstack@neutron-api.service[104240]: DEBUG neutron_lib.callbacks.manager [None req-358ec208-579e-410d-8de6-b2e9dd0bceb0 None None] Subscribe: > floatingip after_delete 55550000, False {{(pid=104240) subscribe /opt/stack/data/venv/lib/python3.12/site-packages/neutron_lib/callbacks/manager.py:52}}
Apr 24 04:42:40.060874 np0000169957 devstack@neutron-api.service[104238]: DEBUG neutron.api.extensions [None req-5bce4093-0ec4-4f3a-999a-08c0be53929c None None] Loading extension file: extraroute.py {{(pid=104238) _load_all_extensions_from_path /opt/stack/neutron/neutron/api/extensions.py:449}}
Apr 24 04:42:40.060993 np0000169957 devstack@neutron-api.service[104240]: DEBUG neutron_lib.callbacks.manager [None req-358ec208-579e-410d-8de6-b2e9dd0bceb0 None None] Subscribe: > floatingip after_status_update 55550000, False {{(pid=104240) subscribe /opt/stack/data/venv/lib/python3.12/site-packages/neutron_lib/callbacks/manager.py:52}}
Apr 24 04:42:40.061114 np0000169957 devstack@neutron-api.service[104238]: DEBUG neutron.api.extensions [None req-5bce4093-0ec4-4f3a-999a-08c0be53929c None None] Ext name="Neutron Extra Route" alias="extraroute" description="Extra routes configuration for L3 router" updated="2013-02-01T10:00:00-00:00" {{(pid=104238) _check_extension /opt/stack/neutron/neutron/api/extensions.py:415}}
Apr 24 04:42:40.061176 np0000169957 devstack@neutron-api.service[104240]: DEBUG neutron_lib.callbacks.manager [None req-358ec208-579e-410d-8de6-b2e9dd0bceb0 None None] Subscribe: > floatingip after_update 55550000, False {{(pid=104240) subscribe /opt/stack/data/venv/lib/python3.12/site-packages/neutron_lib/callbacks/manager.py:52}}
Apr 24 04:42:40.061269 np0000169957 devstack@neutron-api.service[104238]: INFO neutron.api.extensions [None req-5bce4093-0ec4-4f3a-999a-08c0be53929c None None] Loaded extension: extraroute
Apr 24 04:42:40.061374 np0000169957 devstack@neutron-api.service[104240]: DEBUG neutron_lib.callbacks.manager [None req-358ec208-579e-410d-8de6-b2e9dd0bceb0 None None] Subscribe: > port_forwarding after_create 55550000, False {{(pid=104240) subscribe /opt/stack/data/venv/lib/python3.12/site-packages/neutron_lib/callbacks/manager.py:52}}
Apr 24 04:42:40.061402 np0000169957 devstack@neutron-api.service[104238]: DEBUG neutron.api.extensions [None req-5bce4093-0ec4-4f3a-999a-08c0be53929c None None] Loading extension file: extraroute_atomic.py {{(pid=104238) _load_all_extensions_from_path /opt/stack/neutron/neutron/api/extensions.py:449}}
Apr 24 04:42:40.061455 np0000169957 devstack@neutron-api.service[104240]: DEBUG neutron_lib.callbacks.manager [None req-358ec208-579e-410d-8de6-b2e9dd0bceb0 None None] Subscribe: > router_interface after_delete 55550000, False {{(pid=104240) subscribe /opt/stack/data/venv/lib/python3.12/site-packages/neutron_lib/callbacks/manager.py:52}}
Apr 24 04:42:40.061612 np0000169957 devstack@neutron-api.service[104240]: DEBUG neutron_lib.callbacks.manager [None req-358ec208-579e-410d-8de6-b2e9dd0bceb0 None None] Subscribe: > router after_create 55550000, False {{(pid=104240) subscribe /opt/stack/data/venv/lib/python3.12/site-packages/neutron_lib/callbacks/manager.py:52}}
Apr 24 04:42:40.061641 np0000169957 devstack@neutron-api.service[104238]: DEBUG neutron.api.extensions [None req-5bce4093-0ec4-4f3a-999a-08c0be53929c None None] Ext name="Atomically add/remove extra routes" alias="extraroute-atomic" description="Edit extra routes of a router on server side by atomically adding/removing extra routes" updated="2019-07-10T00:00:00+00:00" {{(pid=104238) _check_extension /opt/stack/neutron/neutron/api/extensions.py:415}}
Apr 24 04:42:40.061769 np0000169957 devstack@neutron-api.service[104240]: DEBUG neutron_lib.callbacks.manager [None req-358ec208-579e-410d-8de6-b2e9dd0bceb0 None None] Subscribe: > router precommit_create 55550000, False {{(pid=104240) subscribe /opt/stack/data/venv/lib/python3.12/site-packages/neutron_lib/callbacks/manager.py:52}}
Apr 24 04:42:40.061824 np0000169957 devstack@neutron-api.service[104238]: INFO neutron.api.extensions [None req-5bce4093-0ec4-4f3a-999a-08c0be53929c None None] Loaded extension: extraroute-atomic
Apr 24 04:42:40.061903 np0000169957 devstack@neutron-api.service[104238]: DEBUG neutron.api.extensions [None req-5bce4093-0ec4-4f3a-999a-08c0be53929c None None] Loading extension file: filter_validation.py {{(pid=104238) _load_all_extensions_from_path /opt/stack/neutron/neutron/api/extensions.py:449}}
Apr 24 04:42:40.061961 np0000169957 devstack@neutron-api.service[104240]: DEBUG neutron_lib.callbacks.manager [None req-358ec208-579e-410d-8de6-b2e9dd0bceb0 None None] Subscribe: > router after_delete 55550000, False {{(pid=104240) subscribe /opt/stack/data/venv/lib/python3.12/site-packages/neutron_lib/callbacks/manager.py:52}}
Apr 24 04:42:40.062126 np0000169957 devstack@neutron-api.service[104240]: DEBUG neutron_lib.callbacks.manager [None req-358ec208-579e-410d-8de6-b2e9dd0bceb0 None None] Subscribe: > router after_update 55550000, False {{(pid=104240) subscribe /opt/stack/data/venv/lib/python3.12/site-packages/neutron_lib/callbacks/manager.py:52}}
Apr 24 04:42:40.062155 np0000169957 devstack@neutron-api.service[104238]: DEBUG neutron.api.extensions [None req-5bce4093-0ec4-4f3a-999a-08c0be53929c None None] Ext name="Filter parameters validation" alias="filter-validation" description="Provides validation on filter parameters." updated="2018-07-04T10:00:00-00:00" {{(pid=104238) _check_extension /opt/stack/neutron/neutron/api/extensions.py:415}}
Apr 24 04:42:40.062219 np0000169957 devstack@neutron-api.service[104240]: DEBUG neutron.services.service_base [None req-358ec208-579e-410d-8de6-b2e9dd0bceb0 None None] Loaded 'neutron.services.ovn_l3.service_providers.ovn.OvnDriver' provider for service L3_ROUTER_NAT {{(pid=104240) load_drivers /opt/stack/neutron/neutron/services/service_base.py:49}}
Apr 24 04:42:40.062322 np0000169957 devstack@neutron-api.service[104238]: INFO neutron.api.extensions [None req-5bce4093-0ec4-4f3a-999a-08c0be53929c None None] Loaded extension: filter-validation
Apr 24 04:42:40.062411 np0000169957 devstack@neutron-api.service[104240]: DEBUG neutron_lib.callbacks.manager [None req-358ec208-579e-410d-8de6-b2e9dd0bceb0 None None] Subscribe: > process after_init 55550001, True {{(pid=104240) subscribe /opt/stack/data/venv/lib/python3.12/site-packages/neutron_lib/callbacks/manager.py:52}}
Apr 24 04:42:40.062459 np0000169957 devstack@neutron-api.service[104238]: DEBUG neutron.api.extensions [None req-5bce4093-0ec4-4f3a-999a-08c0be53929c None None] Loading extension file: fip_pf_description.py {{(pid=104238) _load_all_extensions_from_path /opt/stack/neutron/neutron/api/extensions.py:449}}
Apr 24 04:42:40.062601 np0000169957 devstack@neutron-api.service[104240]: DEBUG neutron.manager [None req-358ec208-579e-410d-8de6-b2e9dd0bceb0 None None] Successfully loaded L3_ROUTER_NAT plugin. Description: L3 Router Service Plugin for basic L3 forwarding using OVN {{(pid=104240) _create_and_add_service_plugin /opt/stack/neutron/neutron/manager.py:239}}
Apr 24 04:42:40.062676 np0000169957 devstack@neutron-api.service[104238]: DEBUG neutron.api.extensions [None req-5bce4093-0ec4-4f3a-999a-08c0be53929c None None] Ext name="Floating IP Port Forwarding new attribute description" alias="floating-ip-port-forwarding-description" description="Add a description field to Port Forwarding rules" updated="2019-11-01T10:00:00-00:00" {{(pid=104238) _check_extension /opt/stack/neutron/neutron/api/extensions.py:415}}
Apr 24 04:42:40.062733 np0000169957 devstack@neutron-api.service[104240]: INFO neutron.manager [None req-358ec208-579e-410d-8de6-b2e9dd0bceb0 None None] Loading Plugin: auto_allocate
Apr 24 04:42:40.062875 np0000169957 devstack@neutron-api.service[104238]: INFO neutron.api.extensions [None req-5bce4093-0ec4-4f3a-999a-08c0be53929c None None] Extension floating-ip-port-forwarding-description not supported by any of loaded plugins
Apr 24 04:42:40.062942 np0000169957 devstack@neutron-api.service[104238]: DEBUG neutron.api.extensions [None req-5bce4093-0ec4-4f3a-999a-08c0be53929c None None] Loading extension file: fip_pf_detail.py {{(pid=104238) _load_all_extensions_from_path /opt/stack/neutron/neutron/api/extensions.py:449}}
Apr 24 04:42:40.063170 np0000169957 devstack@neutron-api.service[104238]: DEBUG neutron.api.extensions [None req-5bce4093-0ec4-4f3a-999a-08c0be53929c None None] Ext name="Floating IP port forwarding detail" alias="floating-ip-port-forwarding-detail" description="Allow list floating ip return more port forwarding data, include'id' and 'internal_port_id'" updated="2022-05-06T10:00:00-00:00" {{(pid=104238) _check_extension /opt/stack/neutron/neutron/api/extensions.py:415}}
Apr 24 04:42:40.063360 np0000169957 devstack@neutron-api.service[104238]: INFO neutron.api.extensions [None req-5bce4093-0ec4-4f3a-999a-08c0be53929c None None] Loaded extension: floating-ip-port-forwarding-detail
Apr 24 04:42:40.063450 np0000169957 devstack@neutron-api.service[104238]: DEBUG neutron.api.extensions [None req-5bce4093-0ec4-4f3a-999a-08c0be53929c None None] Loading extension file: fip_pf_port_range.py {{(pid=104238) _load_all_extensions_from_path /opt/stack/neutron/neutron/api/extensions.py:449}}
Apr 24 04:42:40.063669 np0000169957 devstack@neutron-api.service[104238]: DEBUG neutron.api.extensions [None req-5bce4093-0ec4-4f3a-999a-08c0be53929c None None] Ext name="Floating IP Port Forwarding support port ranges" alias="floating-ip-port-forwarding-port-ranges" description="Add support to port ranges" updated="2020-07-01T10:00:00-00:00" {{(pid=104238) _check_extension /opt/stack/neutron/neutron/api/extensions.py:415}}
Apr 24 04:42:40.064040 np0000169957 devstack@neutron-api.service[104238]: INFO neutron.api.extensions [None req-5bce4093-0ec4-4f3a-999a-08c0be53929c None None] Extension floating-ip-port-forwarding-port-ranges not supported by any of loaded plugins
Apr 24 04:42:40.064073 np0000169957 devstack@neutron-api.service[104238]: DEBUG neutron.api.extensions [None req-5bce4093-0ec4-4f3a-999a-08c0be53929c None None] Loading extension file: fip_port_details.py {{(pid=104238) _load_all_extensions_from_path /opt/stack/neutron/neutron/api/extensions.py:449}}
Apr 24 04:42:40.064103 np0000169957 devstack@neutron-api.service[104240]: DEBUG neutron_lib.callbacks.manager [None req-358ec208-579e-410d-8de6-b2e9dd0bceb0 None None] Subscribe: network precommit_update 55550000, False {{(pid=104240) subscribe /opt/stack/data/venv/lib/python3.12/site-packages/neutron_lib/callbacks/manager.py:52}}
Apr 24 04:42:40.064339 np0000169957 devstack@neutron-api.service[104240]: DEBUG neutron_lib.callbacks.manager [None req-358ec208-579e-410d-8de6-b2e9dd0bceb0 None None] Subscribe: network precommit_create 55550000, False {{(pid=104240) subscribe /opt/stack/data/venv/lib/python3.12/site-packages/neutron_lib/callbacks/manager.py:52}}
Apr 24 04:42:40.064369 np0000169957 devstack@neutron-api.service[104238]: DEBUG neutron.api.extensions [None req-5bce4093-0ec4-4f3a-999a-08c0be53929c None None] Ext name="Floating IP Port Details Extension" alias="fip-port-details" description="Add port_details attribute to Floating IP resource" updated="2018-04-09T10:00:00-00:00" {{(pid=104238) _check_extension /opt/stack/neutron/neutron/api/extensions.py:415}}
Apr 24 04:42:40.064609 np0000169957 devstack@neutron-api.service[104240]: DEBUG neutron.manager [None req-358ec208-579e-410d-8de6-b2e9dd0bceb0 None None] Successfully loaded auto-allocated-topology plugin. Description: Auto Allocated Topology - aka get me a network. {{(pid=104240) _create_and_add_service_plugin /opt/stack/neutron/neutron/manager.py:239}}
Apr 24 04:42:40.064639 np0000169957 devstack@neutron-api.service[104238]: INFO neutron.api.extensions [None req-5bce4093-0ec4-4f3a-999a-08c0be53929c None None] Loaded extension: fip-port-details
Apr 24 04:42:40.064709 np0000169957 devstack@neutron-api.service[104238]: DEBUG neutron.api.extensions [None req-5bce4093-0ec4-4f3a-999a-08c0be53929c None None] Loading extension file: flavors.py {{(pid=104238) _load_all_extensions_from_path /opt/stack/neutron/neutron/api/extensions.py:449}}
Apr 24 04:42:40.064741 np0000169957 devstack@neutron-api.service[104240]: INFO neutron.manager [None req-358ec208-579e-410d-8de6-b2e9dd0bceb0 None None] Loading Plugin: tag
Apr 24 04:42:40.064961 np0000169957 devstack@neutron-api.service[104238]: DEBUG neutron.api.extensions [None req-5bce4093-0ec4-4f3a-999a-08c0be53929c None None] Ext name="Neutron Service Flavors" alias="flavors" description="Flavor specification for Neutron advanced services." updated="2015-09-17T10:00:00-00:00" {{(pid=104238) _check_extension /opt/stack/neutron/neutron/api/extensions.py:415}}
Apr 24 04:42:40.065133 np0000169957 devstack@neutron-api.service[104238]: INFO neutron.api.extensions [None req-5bce4093-0ec4-4f3a-999a-08c0be53929c None None] Loaded extension: flavors
Apr 24 04:42:40.065253 np0000169957 devstack@neutron-api.service[104238]: DEBUG neutron.api.extensions [None req-5bce4093-0ec4-4f3a-999a-08c0be53929c None None] Loading extension file: floating_ip_port_forwarding.py {{(pid=104238) _load_all_extensions_from_path /opt/stack/neutron/neutron/api/extensions.py:449}}
Apr 24 04:42:40.065554 np0000169957 devstack@neutron-api.service[104238]: DEBUG neutron.api.extensions [None req-5bce4093-0ec4-4f3a-999a-08c0be53929c None None] Ext name="Floating IP Port Forwarding" alias="floating-ip-port-forwarding" description="Allow port forwarding from floating IP port to an internal port" updated="2018-01-19T10:00:00-00:00" {{(pid=104238) _check_extension /opt/stack/neutron/neutron/api/extensions.py:415}}
Apr 24 04:42:40.065709 np0000169957 devstack@neutron-api.service[104238]: INFO neutron.api.extensions [None req-5bce4093-0ec4-4f3a-999a-08c0be53929c None None] Extension floating-ip-port-forwarding not supported by any of loaded plugins
Apr 24 04:42:40.065795 np0000169957 devstack@neutron-api.service[104238]: DEBUG neutron.api.extensions [None req-5bce4093-0ec4-4f3a-999a-08c0be53929c None None] Loading extension file: floatingip_pools.py {{(pid=104238) _load_all_extensions_from_path /opt/stack/neutron/neutron/api/extensions.py:449}}
Apr 24 04:42:40.066061 np0000169957 devstack@neutron-api.service[104238]: DEBUG neutron.api.extensions [None req-5bce4093-0ec4-4f3a-999a-08c0be53929c None None] Ext name="Floating IP Pools Extension" alias="floatingip-pools" description="Provides a floating IP pools API." updated="2018-03-21T10:00:00-00:00" {{(pid=104238) _check_extension /opt/stack/neutron/neutron/api/extensions.py:415}}
Apr 24 04:42:40.066274 np0000169957 devstack@neutron-api.service[104238]: INFO neutron.api.extensions [None req-5bce4093-0ec4-4f3a-999a-08c0be53929c None None] Loaded extension: floatingip-pools
Apr 24 04:42:40.066342 np0000169957 devstack@neutron-api.service[104238]: DEBUG neutron.api.extensions [None req-5bce4093-0ec4-4f3a-999a-08c0be53929c None None] Loading extension file: ip_allocation.py {{(pid=104238) _load_all_extensions_from_path /opt/stack/neutron/neutron/api/extensions.py:449}}
Apr 24 04:42:40.066626 np0000169957 devstack@neutron-api.service[104238]: DEBUG neutron.api.extensions [None req-5bce4093-0ec4-4f3a-999a-08c0be53929c None None] Ext name="IP Allocation" alias="ip_allocation" description="IP allocation extension." updated="2016-06-10T23:00:00-00:00" {{(pid=104238) _check_extension /opt/stack/neutron/neutron/api/extensions.py:415}}
Apr 24 04:42:40.066797 np0000169957 devstack@neutron-api.service[104238]: INFO neutron.api.extensions [None req-5bce4093-0ec4-4f3a-999a-08c0be53929c None None] Extension ip_allocation not supported by any of loaded plugins
Apr 24 04:42:40.066886 np0000169957 devstack@neutron-api.service[104238]: DEBUG neutron.api.extensions [None req-5bce4093-0ec4-4f3a-999a-08c0be53929c None None] Loading extension file: ip_substring_port_filtering.py {{(pid=104238) _load_all_extensions_from_path /opt/stack/neutron/neutron/api/extensions.py:449}}
Apr 24 04:42:40.067131 np0000169957 devstack@neutron-api.service[104238]: DEBUG neutron.api.extensions [None req-5bce4093-0ec4-4f3a-999a-08c0be53929c None None] Ext name="IP address substring filtering" alias="ip-substring-filtering" description="Provides IP address substring filtering when listing ports" updated="2017-11-28T09:00:00-00:00" {{(pid=104238) _check_extension /opt/stack/neutron/neutron/api/extensions.py:415}}
Apr 24 04:42:40.067289 np0000169957 devstack@neutron-api.service[104238]: INFO neutron.api.extensions [None req-5bce4093-0ec4-4f3a-999a-08c0be53929c None None] Extension ip-substring-filtering not supported by any of loaded plugins
Apr 24 04:42:40.067380 np0000169957 devstack@neutron-api.service[104238]: DEBUG neutron.api.extensions [None req-5bce4093-0ec4-4f3a-999a-08c0be53929c None None] Loading extension file: l2_adjacency.py {{(pid=104238) _load_all_extensions_from_path /opt/stack/neutron/neutron/api/extensions.py:449}}
Apr 24 04:42:40.067605 np0000169957 devstack@neutron-api.service[104238]: DEBUG neutron.api.extensions [None req-5bce4093-0ec4-4f3a-999a-08c0be53929c None None] Ext name="L2 Adjacency" alias="l2_adjacency" description="Display L2 Adjacency for Neutron Networks." updated="2016-04-12T16:00:00-00:00" {{(pid=104238) _check_extension /opt/stack/neutron/neutron/api/extensions.py:415}}
Apr 24 04:42:40.067779 np0000169957 devstack@neutron-api.service[104238]: INFO neutron.api.extensions [None req-5bce4093-0ec4-4f3a-999a-08c0be53929c None None] Extension l2_adjacency not supported by any of loaded plugins
Apr 24 04:42:40.067855 np0000169957 devstack@neutron-api.service[104238]: DEBUG neutron.api.extensions [None req-5bce4093-0ec4-4f3a-999a-08c0be53929c None None] Loading extension file: l3.py {{(pid=104238) _load_all_extensions_from_path /opt/stack/neutron/neutron/api/extensions.py:449}}
Apr 24 04:42:40.068367 np0000169957 devstack@neutron-api.service[104238]: DEBUG neutron.api.extensions [None req-5bce4093-0ec4-4f3a-999a-08c0be53929c None None] Ext name="Neutron L3 Router" alias="router" description="Router abstraction for basic L3 forwarding between L2 Neutron networks and access to external networks via a NAT gateway." updated="2012-07-20T10:00:00-00:00" {{(pid=104238) _check_extension /opt/stack/neutron/neutron/api/extensions.py:415}}
Apr 24 04:42:40.068469 np0000169957 devstack@neutron-api.service[104240]: DEBUG neutron.manager [None req-358ec208-579e-410d-8de6-b2e9dd0bceb0 None None] Successfully loaded TAG plugin. Description: Tag support {{(pid=104240) _create_and_add_service_plugin /opt/stack/neutron/neutron/manager.py:239}}
Apr 24 04:42:40.068511 np0000169957 devstack@neutron-api.service[104238]: INFO neutron.api.extensions [None req-5bce4093-0ec4-4f3a-999a-08c0be53929c None None] Loaded extension: router
Apr 24 04:42:40.068618 np0000169957 devstack@neutron-api.service[104238]: DEBUG neutron.api.extensions [None req-5bce4093-0ec4-4f3a-999a-08c0be53929c None None] Loading extension file: l3_conntrack_helper.py {{(pid=104238) _load_all_extensions_from_path /opt/stack/neutron/neutron/api/extensions.py:449}}
Apr 24 04:42:40.068645 np0000169957 devstack@neutron-api.service[104240]: INFO neutron.manager [None req-358ec208-579e-410d-8de6-b2e9dd0bceb0 None None] Loading Plugin: timestamp
Apr 24 04:42:40.069173 np0000169957 devstack@neutron-api.service[104238]: DEBUG neutron.api.extensions [None req-5bce4093-0ec4-4f3a-999a-08c0be53929c None None] Ext name="L3 Conntrack helper" alias="l3-conntrack-helper" description="Allow adding CT target rules for conntrack helper" updated="2019-04-04T10:00:00-00:00" {{(pid=104238) _check_extension /opt/stack/neutron/neutron/api/extensions.py:415}}
Apr 24 04:42:40.069381 np0000169957 devstack@neutron-api.service[104238]: INFO neutron.api.extensions [None req-5bce4093-0ec4-4f3a-999a-08c0be53929c None None] Extension l3-conntrack-helper not supported by any of loaded plugins
Apr 24 04:42:40.069467 np0000169957 devstack@neutron-api.service[104238]: DEBUG neutron.api.extensions [None req-5bce4093-0ec4-4f3a-999a-08c0be53929c None None] Loading extension file: l3_enable_default_route_bfd.py {{(pid=104238) _load_all_extensions_from_path /opt/stack/neutron/neutron/api/extensions.py:449}}
Apr 24 04:42:40.069687 np0000169957 devstack@neutron-api.service[104238]: DEBUG neutron.api.extensions [None req-5bce4093-0ec4-4f3a-999a-08c0be53929c None None] Ext name="Enable Default Route BFD" alias="enable-default-route-bfd" description="Enables configurable BFD behavior for default routes" updated="2023-02-27T00:00:00-00:00" {{(pid=104238) _check_extension /opt/stack/neutron/neutron/api/extensions.py:415}}
Apr 24 04:42:40.069905 np0000169957 devstack@neutron-api.service[104238]: INFO neutron.api.extensions [None req-5bce4093-0ec4-4f3a-999a-08c0be53929c None None] Loaded extension: enable-default-route-bfd
Apr 24 04:42:40.069980 np0000169957 devstack@neutron-api.service[104238]: DEBUG neutron.api.extensions [None req-5bce4093-0ec4-4f3a-999a-08c0be53929c None None] Loading extension file: l3_enable_default_route_ecmp.py {{(pid=104238) _load_all_extensions_from_path /opt/stack/neutron/neutron/api/extensions.py:449}}
Apr 24 04:42:40.070235 np0000169957 devstack@neutron-api.service[104238]: DEBUG neutron.api.extensions [None req-5bce4093-0ec4-4f3a-999a-08c0be53929c None None] Ext name="Enable Default Route ECMP" alias="enable-default-route-ecmp" description="Enables configurable ECMP behavior for default routes" updated="2023-02-27T00:00:00-00:00" {{(pid=104238) _check_extension /opt/stack/neutron/neutron/api/extensions.py:415}}
Apr 24 04:42:40.070299 np0000169957 devstack@neutron-api.service[104240]: DEBUG neutron.manager [None req-358ec208-579e-410d-8de6-b2e9dd0bceb0 None None] Successfully loaded timestamp plugin. Description: Adds timestamps to Neutron resources with standard attributes {{(pid=104240) _create_and_add_service_plugin /opt/stack/neutron/neutron/manager.py:239}}
Apr 24 04:42:40.070396 np0000169957 devstack@neutron-api.service[104238]: INFO neutron.api.extensions [None req-5bce4093-0ec4-4f3a-999a-08c0be53929c None None] Loaded extension: enable-default-route-ecmp
Apr 24 04:42:40.070440 np0000169957 devstack@neutron-api.service[104240]: INFO neutron.manager [None req-358ec208-579e-410d-8de6-b2e9dd0bceb0 None None] Loading Plugin: network_ip_availability
Apr 24 04:42:40.070488 np0000169957 devstack@neutron-api.service[104238]: DEBUG neutron.api.extensions [None req-5bce4093-0ec4-4f3a-999a-08c0be53929c None None] Loading extension file: l3_ext_gw_mode.py {{(pid=104238) _load_all_extensions_from_path /opt/stack/neutron/neutron/api/extensions.py:449}}
Apr 24 04:42:40.070714 np0000169957 devstack@neutron-api.service[104238]: DEBUG neutron.api.extensions [None req-5bce4093-0ec4-4f3a-999a-08c0be53929c None None] Ext name="Neutron L3 Configurable external gateway mode" alias="ext-gw-mode" description="Extension of the router abstraction for specifying whether SNAT should occur on the external gateway" updated="2013-03-28T10:00:00-00:00" {{(pid=104238) _check_extension /opt/stack/neutron/neutron/api/extensions.py:415}}
Apr 24 04:42:40.070884 np0000169957 devstack@neutron-api.service[104238]: INFO neutron.api.extensions [None req-5bce4093-0ec4-4f3a-999a-08c0be53929c None None] Loaded extension: ext-gw-mode
Apr 24 04:42:40.070976 np0000169957 devstack@neutron-api.service[104238]: DEBUG neutron.api.extensions [None req-5bce4093-0ec4-4f3a-999a-08c0be53929c None None] Loading extension file: l3_ext_ha_mode.py {{(pid=104238) _load_all_extensions_from_path /opt/stack/neutron/neutron/api/extensions.py:449}}
Apr 24 04:42:40.071202 np0000169957 devstack@neutron-api.service[104238]: DEBUG neutron.api.extensions [None req-5bce4093-0ec4-4f3a-999a-08c0be53929c None None] Ext name="HA Router extension" alias="l3-ha" description="Adds HA capability to routers." updated="2014-04-26T00:00:00-00:00" {{(pid=104238) _check_extension /opt/stack/neutron/neutron/api/extensions.py:415}}
Apr 24 04:42:40.071231 np0000169957 devstack@neutron-api.service[104241]: DEBUG neutron_lib.callbacks.manager [None req-deb6bf45-5f62-4949-81c3-a747729285f7 None None] Subscribe: > router before_delete 55550000, False {{(pid=104241) subscribe /opt/stack/data/venv/lib/python3.12/site-packages/neutron_lib/callbacks/manager.py:52}}
Apr 24 04:42:40.071376 np0000169957 devstack@neutron-api.service[104238]: INFO neutron.api.extensions [None req-5bce4093-0ec4-4f3a-999a-08c0be53929c None None] Loaded extension: l3-ha
Apr 24 04:42:40.071454 np0000169957 devstack@neutron-api.service[104241]: DEBUG neutron_lib.callbacks.manager [None req-deb6bf45-5f62-4949-81c3-a747729285f7 None None] Subscribe: port after_update 55550000, False {{(pid=104241) subscribe /opt/stack/data/venv/lib/python3.12/site-packages/neutron_lib/callbacks/manager.py:52}}
Apr 24 04:42:40.071481 np0000169957 devstack@neutron-api.service[104238]: DEBUG neutron.api.extensions [None req-5bce4093-0ec4-4f3a-999a-08c0be53929c None None] Loading extension file: l3_ext_ndp_proxy.py {{(pid=104238) _load_all_extensions_from_path /opt/stack/neutron/neutron/api/extensions.py:449}}
Apr 24 04:42:40.071588 np0000169957 devstack@neutron-api.service[104241]: DEBUG neutron_lib.callbacks.manager [None req-deb6bf45-5f62-4949-81c3-a747729285f7 None None] Subscribe: port after_delete 55550000, False {{(pid=104241) subscribe /opt/stack/data/venv/lib/python3.12/site-packages/neutron_lib/callbacks/manager.py:52}}
Apr 24 04:42:40.071708 np0000169957 devstack@neutron-api.service[104238]: DEBUG neutron.api.extensions [None req-5bce4093-0ec4-4f3a-999a-08c0be53929c None None] Ext name="Router support to enable NDP proxy" alias="l3-ext-ndp-proxy" description="Router extension to enable ndp proxy" updated="2020-08-25T00:00:00-00:00" {{(pid=104238) _check_extension /opt/stack/neutron/neutron/api/extensions.py:415}}
Apr 24 04:42:40.071735 np0000169957 devstack@neutron-api.service[104241]: DEBUG neutron_lib.callbacks.manager [None req-deb6bf45-5f62-4949-81c3-a747729285f7 None None] Subscribe: subnet after_update 55550000, False {{(pid=104241) subscribe /opt/stack/data/venv/lib/python3.12/site-packages/neutron_lib/callbacks/manager.py:52}}
Apr 24 04:42:40.071840 np0000169957 devstack@neutron-api.service[104238]: INFO neutron.api.extensions [None req-5bce4093-0ec4-4f3a-999a-08c0be53929c None None] Extension l3-ext-ndp-proxy not supported by any of loaded plugins
Apr 24 04:42:40.071865 np0000169957 devstack@neutron-api.service[104241]: DEBUG neutron_lib.callbacks.manager [None req-deb6bf45-5f62-4949-81c3-a747729285f7 None None] Subscribe: subnetpool_address_scope after_update 55550000, False {{(pid=104241) subscribe /opt/stack/data/venv/lib/python3.12/site-packages/neutron_lib/callbacks/manager.py:52}}
Apr 24 04:42:40.071961 np0000169957 devstack@neutron-api.service[104238]: DEBUG neutron.api.extensions [None req-5bce4093-0ec4-4f3a-999a-08c0be53929c None None] Loading extension file: l3_extra_gws.py {{(pid=104238) _load_all_extensions_from_path /opt/stack/neutron/neutron/api/extensions.py:449}}
Apr 24 04:42:40.072004 np0000169957 devstack@neutron-api.service[104241]: DEBUG neutron_lib.callbacks.manager [None req-deb6bf45-5f62-4949-81c3-a747729285f7 None None] Subscribe: port before_update 55550000, False {{(pid=104241) subscribe /opt/stack/data/venv/lib/python3.12/site-packages/neutron_lib/callbacks/manager.py:52}}
Apr 24 04:42:40.072150 np0000169957 devstack@neutron-api.service[104238]: DEBUG neutron.api.extensions [None req-5bce4093-0ec4-4f3a-999a-08c0be53929c None None] Ext name="Neutron L3 External Gateway Multihoming" alias="external-gateway-multihoming" description="Allow multiple external gateway ports per router" updated="2023-01-18T00:00:00-00:00" {{(pid=104238) _check_extension /opt/stack/neutron/neutron/api/extensions.py:415}}
Apr 24 04:42:40.072178 np0000169957 devstack@neutron-api.service[104241]: DEBUG neutron_lib.callbacks.manager [None req-deb6bf45-5f62-4949-81c3-a747729285f7 None None] Subscribe: port after_update 55550000, False {{(pid=104241) subscribe /opt/stack/data/venv/lib/python3.12/site-packages/neutron_lib/callbacks/manager.py:52}}
Apr 24 04:42:40.072370 np0000169957 devstack@neutron-api.service[104241]: DEBUG neutron_lib.callbacks.manager [None req-deb6bf45-5f62-4949-81c3-a747729285f7 None None] Subscribe: > port precommit_delete 55550000, False {{(pid=104241) subscribe /opt/stack/data/venv/lib/python3.12/site-packages/neutron_lib/callbacks/manager.py:52}}
Apr 24 04:42:40.072404 np0000169957 devstack@neutron-api.service[104238]: INFO neutron.api.extensions [None req-5bce4093-0ec4-4f3a-999a-08c0be53929c None None] Loaded extension: external-gateway-multihoming
Apr 24 04:42:40.072483 np0000169957 devstack@neutron-api.service[104238]: DEBUG neutron.api.extensions [None req-5bce4093-0ec4-4f3a-999a-08c0be53929c None None] Loading extension file: l3_flavors.py {{(pid=104238) _load_all_extensions_from_path /opt/stack/neutron/neutron/api/extensions.py:449}}
Apr 24 04:42:40.072511 np0000169957 devstack@neutron-api.service[104240]: DEBUG neutron.manager [None req-358ec208-579e-410d-8de6-b2e9dd0bceb0 None None] Successfully loaded network-ip-availability plugin. Description: Provides IP availability data for each network and subnet. {{(pid=104240) _create_and_add_service_plugin /opt/stack/neutron/neutron/manager.py:239}}
Apr 24 04:42:40.072541 np0000169957 devstack@neutron-api.service[104241]: DEBUG neutron_lib.callbacks.manager [None req-deb6bf45-5f62-4949-81c3-a747729285f7 None None] Subscribe: port before_update 55550000, False {{(pid=104241) subscribe /opt/stack/data/venv/lib/python3.12/site-packages/neutron_lib/callbacks/manager.py:52}}
Apr 24 04:42:40.072613 np0000169957 devstack@neutron-api.service[104240]: INFO neutron.manager [None req-358ec208-579e-410d-8de6-b2e9dd0bceb0 None None] Loading Plugin: flavors
Apr 24 04:42:40.072673 np0000169957 devstack@neutron-api.service[104241]: DEBUG neutron_lib.callbacks.manager [None req-deb6bf45-5f62-4949-81c3-a747729285f7 None None] Subscribe: port before_delete 55550000, False {{(pid=104241) subscribe /opt/stack/data/venv/lib/python3.12/site-packages/neutron_lib/callbacks/manager.py:52}}
Apr 24 04:42:40.072706 np0000169957 devstack@neutron-api.service[104238]: DEBUG neutron.api.extensions [None req-5bce4093-0ec4-4f3a-999a-08c0be53929c None None] Ext name="Router Flavor Extension" alias="l3-flavors" description="Flavor support for routers." updated="2016-05-17T00:00:00-00:00" {{(pid=104238) _check_extension /opt/stack/neutron/neutron/api/extensions.py:415}}
Apr 24 04:42:40.072841 np0000169957 devstack@neutron-api.service[104241]: DEBUG neutron_lib.callbacks.manager [None req-deb6bf45-5f62-4949-81c3-a747729285f7 None None] Subscribe: > router precommit_create 55550000, False {{(pid=104241) subscribe /opt/stack/data/venv/lib/python3.12/site-packages/neutron_lib/callbacks/manager.py:52}}
Apr 24 04:42:40.072865 np0000169957 devstack@neutron-api.service[104238]: INFO neutron.api.extensions [None req-5bce4093-0ec4-4f3a-999a-08c0be53929c None None] Loaded extension: l3-flavors
Apr 24 04:42:40.072939 np0000169957 devstack@neutron-api.service[104238]: DEBUG neutron.api.extensions [None req-5bce4093-0ec4-4f3a-999a-08c0be53929c None None] Loading extension file: l3_ndp_proxy.py {{(pid=104238) _load_all_extensions_from_path /opt/stack/neutron/neutron/api/extensions.py:449}}
Apr 24 04:42:40.072966 np0000169957 devstack@neutron-api.service[104241]: DEBUG neutron_lib.callbacks.manager [None req-deb6bf45-5f62-4949-81c3-a747729285f7 None None] Subscribe: > router precommit_create 55550000, False {{(pid=104241) subscribe /opt/stack/data/venv/lib/python3.12/site-packages/neutron_lib/callbacks/manager.py:52}}
Apr 24 04:42:40.073144 np0000169957 devstack@neutron-api.service[104241]: DEBUG neutron_lib.callbacks.manager [None req-deb6bf45-5f62-4949-81c3-a747729285f7 None None] Subscribe: > router precommit_update 55550000, False {{(pid=104241) subscribe /opt/stack/data/venv/lib/python3.12/site-packages/neutron_lib/callbacks/manager.py:52}}
Apr 24 04:42:40.073212 np0000169957 devstack@neutron-api.service[104238]: DEBUG neutron.api.extensions [None req-5bce4093-0ec4-4f3a-999a-08c0be53929c None None] Ext name="name" alias="l3-ndp-proxy" description="description" updated="2021-06-29T10:00:00-00:00" {{(pid=104238) _check_extension /opt/stack/neutron/neutron/api/extensions.py:415}}
Apr 24 04:42:40.073297 np0000169957 devstack@neutron-api.service[104241]: DEBUG neutron_lib.callbacks.manager [None req-deb6bf45-5f62-4949-81c3-a747729285f7 None None] Subscribe: subnet after_update 55550000, False {{(pid=104241) subscribe /opt/stack/data/venv/lib/python3.12/site-packages/neutron_lib/callbacks/manager.py:52}}
Apr 24 04:42:40.073397 np0000169957 devstack@neutron-api.service[104238]: INFO neutron.api.extensions [None req-5bce4093-0ec4-4f3a-999a-08c0be53929c None None] Extension l3-ndp-proxy not supported by any of loaded plugins
Apr 24 04:42:40.073513 np0000169957 devstack@neutron-api.service[104238]: DEBUG neutron.api.extensions [None req-5bce4093-0ec4-4f3a-999a-08c0be53929c None None] Loading extension file: l3_port_ip_change_not_allowed.py {{(pid=104238) _load_all_extensions_from_path /opt/stack/neutron/neutron/api/extensions.py:449}}
Apr 24 04:42:40.073774 np0000169957 devstack@neutron-api.service[104238]: DEBUG neutron.api.extensions [None req-5bce4093-0ec4-4f3a-999a-08c0be53929c None None] Ext name="Prevent L3 router ports IP address change extension" alias="l3-port-ip-change-not-allowed" description="Prevent change of IP address for some L3 router ports" updated="2018-10-09T10:00:00-00:00" {{(pid=104238) _check_extension /opt/stack/neutron/neutron/api/extensions.py:415}}
Apr 24 04:42:40.073842 np0000169957 devstack@neutron-api.service[104240]: DEBUG neutron.manager [None req-358ec208-579e-410d-8de6-b2e9dd0bceb0 None None] Successfully loaded FLAVORS plugin. Description: Neutron Flavors and Service Profiles manager plugin {{(pid=104240) _create_and_add_service_plugin /opt/stack/neutron/neutron/manager.py:239}}
Apr 24 04:42:40.073945 np0000169957 devstack@neutron-api.service[104238]: INFO neutron.api.extensions [None req-5bce4093-0ec4-4f3a-999a-08c0be53929c None None] Extension l3-port-ip-change-not-allowed not supported by any of loaded plugins
Apr 24 04:42:40.073978 np0000169957 devstack@neutron-api.service[104240]: INFO neutron.manager [None req-358ec208-579e-410d-8de6-b2e9dd0bceb0 None None] Loading Plugin: revisions
Apr 24 04:42:40.074029 np0000169957 devstack@neutron-api.service[104238]: DEBUG neutron.api.extensions [None req-5bce4093-0ec4-4f3a-999a-08c0be53929c None None] Loading extension file: l3agentscheduler.py {{(pid=104238) _load_all_extensions_from_path /opt/stack/neutron/neutron/api/extensions.py:449}}
