2026-06-28 21:04:44.683 9 INFO neutron.plugins.ml2.drivers.ovn.mech_driver.mech_driver [None req-dff9ed6f-4662-4b77-852b-6b91bd7a5f84 - - - - - -] OVN reports status up for port: c52d7f8c-80a5-473e-bb15-47cebec56d14
2026-06-28 21:04:44.693 9 INFO neutron.plugins.ml2.plugin [None req-dff9ed6f-4662-4b77-852b-6b91bd7a5f84 - - - - - -] Attempt 1 to provision port c52d7f8c-80a5-473e-bb15-47cebec56d14
2026-06-28 21:04:44.704 10 INFO neutron.db.ovn_revision_numbers_db [None req-dfc69f35-12f5-49ef-8b7e-aa322bf4cd2d 7158a4343b1644bca570133cdab81c48 27b21ca08bc649258cc31d37fbe6fa54 - - default default] Successfully bumped revision number for resource 6464bf57-6f4e-4e33-a55e-2a7f03bdcd88 (type: router_ports) to 2
2026-06-28 21:04:44.772 9 INFO neutron.db.ovn_revision_numbers_db [None req-5f9e7c8c-ac8f-40f6-a3eb-79168dafed08 - - - - - -] Successfully bumped revision number for resource a694f511-8e74-4e97-80cf-d5d2375fcace (type: router_ports) to 4
2026-06-28 21:04:44.922 10 WARNING neutron.scheduler.dhcp_agent_scheduler [None req-7fb56aa4-4803-45e6-b7a2-bbad5b0a200c 7158a4343b1644bca570133cdab81c48 27b21ca08bc649258cc31d37fbe6fa54 - - - -] No more DHCP agents
2026-06-28 21:04:44.926 9 INFO neutron.db.ovn_revision_numbers_db [None req-dff9ed6f-4662-4b77-852b-6b91bd7a5f84 - - - - - -] Successfully bumped revision number for resource c52d7f8c-80a5-473e-bb15-47cebec56d14 (type: ports) to 3
2026-06-28 21:04:44.930 10 WARNING neutron.api.rpc.agentnotifiers.dhcp_rpc_agent_api [None req-7fb56aa4-4803-45e6-b7a2-bbad5b0a200c 7158a4343b1644bca570133cdab81c48 27b21ca08bc649258cc31d37fbe6fa54 - - - -] Unable to schedule network 91ce8d9f-625c-463c-b978-1a2031c7bcd1: no agents available; will retry on subsequent port and subnet creation events.
2026-06-28 21:04:44.933 10 INFO neutron.db.ovn_revision_numbers_db [None req-8cb6026e-cf48-4746-a04e-fde37732f845 7158a4343b1644bca570133cdab81c48 27b21ca08bc649258cc31d37fbe6fa54 - - - -] Successfully bumped revision number for resource c52d7f8c-80a5-473e-bb15-47cebec56d14 (type: router_ports) to 2
2026-06-28 21:04:44.935 10 INFO neutron.wsgi [None req-8cb6026e-cf48-4746-a04e-fde37732f845 7158a4343b1644bca570133cdab81c48 27b21ca08bc649258cc31d37fbe6fa54 - - - -] 10.0.0.202 "PUT /v2.0/routers/40aad6e8-2493-4436-8d25-72bdbb98dd5a/add_router_interface HTTP/1.1" status: 200 len: 503 time: 4.4396503
2026-06-28 21:04:45.064 9 INFO neutron.db.ovn_revision_numbers_db [None req-dff9ed6f-4662-4b77-852b-6b91bd7a5f84 - - - - - -] Successfully bumped revision number for resource c52d7f8c-80a5-473e-bb15-47cebec56d14 (type: router_ports) to 3
2026-06-28 21:04:45.136 9 INFO neutron.db.ovn_revision_numbers_db [None req-2973f515-45b9-4cf3-9735-a2f02c3d1936 74c265cae22a4a048f3772c9c35d66f3 181ce63b918745cf8abfae03f6a9b9c9 - - - -] Successfully bumped revision number for resource 90a8c274-7735-4022-85d1-93554c3a1fd4 (type: security_groups) to 1
2026-06-28 21:04:45.138 10 INFO neutron.db.ovn_revision_numbers_db [None req-dfc69f35-12f5-49ef-8b7e-aa322bf4cd2d 7158a4343b1644bca570133cdab81c48 27b21ca08bc649258cc31d37fbe6fa54 - - default default] Successfully bumped revision number for resource 6464bf57-6f4e-4e33-a55e-2a7f03bdcd88 (type: ports) to 2
2026-06-28 21:04:45.159 9 INFO neutron.wsgi [None req-2973f515-45b9-4cf3-9735-a2f02c3d1936 74c265cae22a4a048f3772c9c35d66f3 181ce63b918745cf8abfae03f6a9b9c9 - - - -] 10.0.0.184 "POST /v2.0/security-groups HTTP/1.1" status: 201 len: 1819 time: 0.1902032
2026-06-28 21:04:45.257 10 WARNING neutron.scheduler.dhcp_agent_scheduler [None req-dfc69f35-12f5-49ef-8b7e-aa322bf4cd2d 7158a4343b1644bca570133cdab81c48 27b21ca08bc649258cc31d37fbe6fa54 - - default default] No more DHCP agents
2026-06-28 21:04:45.260 10 WARNING neutron.api.rpc.agentnotifiers.dhcp_rpc_agent_api [None req-dfc69f35-12f5-49ef-8b7e-aa322bf4cd2d 7158a4343b1644bca570133cdab81c48 27b21ca08bc649258cc31d37fbe6fa54 - - default default] Unable to schedule network 67282799-04f2-4f04-87e3-fd7211d4106e: no agents available; will retry on subsequent port and subnet creation events.
2026-06-28 21:04:45.265 10 INFO neutron.db.ovn_revision_numbers_db [None req-7fb56aa4-4803-45e6-b7a2-bbad5b0a200c 7158a4343b1644bca570133cdab81c48 27b21ca08bc649258cc31d37fbe6fa54 - - - -] Successfully bumped revision number for resource 2348eccf-97d2-4555-9c97-9d4b02d7664b (type: ports) to 1
2026-06-28 21:04:45.279 10 INFO neutron.db.ovn_revision_numbers_db [None req-18a9ef60-eb4f-4b4c-bf96-40aaea924013 - - - - - -] Successfully bumped revision number for resource 754d9df6-abbd-418f-8270-e911e1593395 (type: router_ports) to 4
2026-06-28 21:04:45.699 9 INFO neutron.db.ovn_revision_numbers_db [None req-133e345f-6883-45a0-838a-ab25331ce689 74c265cae22a4a048f3772c9c35d66f3 181ce63b918745cf8abfae03f6a9b9c9 - - - -] Successfully bumped revision number for resource 4d767464-933a-4102-87b4-86764c6a28be (type: security_groups) to 1
2026-06-28 21:04:45.728 9 INFO neutron.wsgi [None req-133e345f-6883-45a0-838a-ab25331ce689 74c265cae22a4a048f3772c9c35d66f3 181ce63b918745cf8abfae03f6a9b9c9 - - - -] 10.0.0.184 "POST /v2.0/security-groups HTTP/1.1" status: 201 len: 1821 time: 0.2286289
2026-06-28 21:04:45.941 9 INFO neutron.db.ovn_revision_numbers_db [None req-3410dc05-bed8-447a-9977-22c24ac95b7d 74c265cae22a4a048f3772c9c35d66f3 181ce63b918745cf8abfae03f6a9b9c9 - - - -] Successfully bumped revision number for resource 6e8ab993-f1cf-44a1-a20f-70a630beec70 (type: security_groups) to 1
2026-06-28 21:04:45.969 9 INFO neutron.wsgi [req-383b2d4c-d40b-4553-92a3-596e52db9be8 req-ca1f340e-fd67-47bd-a368-86806d2f8433 08b56299f10c4456918f5c075403730a e3b51c6cefff46b0a92c74bc552f2865 - - default default] 10.0.0.184 "GET /v2.0/networks?id=98c71643-2c95-4d47-894b-08fb3d9db118 HTTP/1.1" status: 200 len: 876 time: 0.1404982
2026-06-28 21:04:45.973 9 INFO neutron.wsgi [None req-3410dc05-bed8-447a-9977-22c24ac95b7d 74c265cae22a4a048f3772c9c35d66f3 181ce63b918745cf8abfae03f6a9b9c9 - - - -] 10.0.0.184 "POST /v2.0/security-groups HTTP/1.1" status: 201 len: 1822 time: 0.2174568
2026-06-28 21:04:45.993 9 INFO neutron.wsgi [req-383b2d4c-d40b-4553-92a3-596e52db9be8 req-b208f7e1-ff5c-403c-9805-5154d3a111d2 08b56299f10c4456918f5c075403730a e3b51c6cefff46b0a92c74bc552f2865 - - default default] 10.0.0.184 "GET /v2.0/quotas/e3b51c6cefff46b0a92c74bc552f2865 HTTP/1.1" status: 200 len: 386 time: 0.0113430
2026-06-28 21:04:46.047 10 INFO neutron.plugins.ml2.drivers.ovn.mech_driver.mech_driver [None req-f35bbdb6-b4ea-4905-a408-53ea0038a23e - - - - - -] OVN reports status up for port: 91a5bee5-d7a5-4c22-af5b-05694d7ddce2
2026-06-28 21:04:46.077 10 INFO neutron.plugins.ml2.plugin [None req-f35bbdb6-b4ea-4905-a408-53ea0038a23e - - - - - -] Attempt 1 to provision port 91a5bee5-d7a5-4c22-af5b-05694d7ddce2
2026-06-28 21:04:46.235 9 INFO neutron.wsgi [req-199d91aa-434c-4854-a20d-3f2575b6f3c3 req-c86c563e-6d4d-4df7-a53e-8dfb5f3f1a8a 74c265cae22a4a048f3772c9c35d66f3 181ce63b918745cf8abfae03f6a9b9c9 - - default default] 10.0.0.184 "GET /v2.0/security-groups?tenant_id=181ce63b918745cf8abfae03f6a9b9c9 HTTP/1.1" status: 200 len: 7790 time: 0.2331941
2026-06-28 21:04:46.242 9 INFO neutron.wsgi [req-383b2d4c-d40b-4553-92a3-596e52db9be8 req-84dd5072-832b-4294-8251-a5d3cf01e4ff 08b56299f10c4456918f5c075403730a e3b51c6cefff46b0a92c74bc552f2865 - - default default] 10.0.0.184 "GET /v2.0/ports?tenant_id=e3b51c6cefff46b0a92c74bc552f2865&fields=id HTTP/1.1" status: 200 len: 302 time: 0.2411761
2026-06-28 21:04:46.272 9 INFO neutron.wsgi [req-199d91aa-434c-4854-a20d-3f2575b6f3c3 req-5f947a3f-425e-4d55-9576-d7b456f60536 74c265cae22a4a048f3772c9c35d66f3 181ce63b918745cf8abfae03f6a9b9c9 - - default default] 10.0.0.184 "GET /v2.0/security-groups/86c78abe-76f6-4576-96cb-65d7999eecbd HTTP/1.1" status: 200 len: 2994 time: 0.0277805
2026-06-28 21:04:46.326 9 INFO neutron.plugins.ml2.drivers.ovn.mech_driver.ovsdb.ovsdb_monitor [None req-5f9e7c8c-ac8f-40f6-a3eb-79168dafed08 - - - - - -] Router 7f3126a8-be36-4f97-a3d5-37472d41d67e is bound to host instance
2026-06-28 21:04:46.332 10 INFO neutron.db.ovn_revision_numbers_db [None req-7fb56aa4-4803-45e6-b7a2-bbad5b0a200c 7158a4343b1644bca570133cdab81c48 27b21ca08bc649258cc31d37fbe6fa54 - - - -] Successfully bumped revision number for resource 2348eccf-97d2-4555-9c97-9d4b02d7664b (type: router_ports) to 1
2026-06-28 21:04:46.339 9 INFO neutron.wsgi [req-199d91aa-434c-4854-a20d-3f2575b6f3c3 req-9f4d18cb-03e4-483e-a226-afcd4a39d111 74c265cae22a4a048f3772c9c35d66f3 181ce63b918745cf8abfae03f6a9b9c9 - - default default] 10.0.0.184 "GET /v2.0/security-groups/86c78abe-76f6-4576-96cb-65d7999eecbd HTTP/1.1" status: 200 len: 2994 time: 0.0590391
2026-06-28 21:04:46.440 9 INFO neutron.wsgi [req-c86cd1fd-c4e8-4ba0-8dc6-5868cb6ff250 req-af224b78-c9fb-407d-88be-9599a4fa56a8 74c265cae22a4a048f3772c9c35d66f3 181ce63b918745cf8abfae03f6a9b9c9 - - default default] 10.0.0.184 "GET /v2.0/security-groups/90a8c274-7735-4022-85d1-93554c3a1fd4 HTTP/1.1" status: 200 len: 1814 time: 0.0696082
2026-06-28 21:04:46.467 10 INFO neutron.db.ovn_revision_numbers_db [None req-7fb56aa4-4803-45e6-b7a2-bbad5b0a200c 7158a4343b1644bca570133cdab81c48 27b21ca08bc649258cc31d37fbe6fa54 - - - -] Successfully bumped revision number for resource 7f3126a8-be36-4f97-a3d5-37472d41d67e (type: routers) to 3
2026-06-28 21:04:46.489 10 INFO neutron.wsgi [None req-7fb56aa4-4803-45e6-b7a2-bbad5b0a200c 7158a4343b1644bca570133cdab81c48 27b21ca08bc649258cc31d37fbe6fa54 - - - -] 10.0.0.202 "POST /v2.0/routers HTTP/1.1" status: 201 len: 882 time: 2.8169646
2026-06-28 21:04:46.530 10 INFO neutron.db.ovn_revision_numbers_db [None req-f35bbdb6-b4ea-4905-a408-53ea0038a23e - - - - - -] Successfully bumped revision number for resource 91a5bee5-d7a5-4c22-af5b-05694d7ddce2 (type: ports) to 3
2026-06-28 21:04:46.676 9 INFO neutron.wsgi [req-383b2d4c-d40b-4553-92a3-596e52db9be8 req-db498e93-d2ee-47e3-87f9-d99c3711be9d 8e1bdbdf0b2d4629ae976e6e370567bd d5b618ee756f45ea822f05337c484cf1 - - 86e08e0233ff4bfda26ef76c9bfe5e40 86e08e0233ff4bfda26ef76c9bfe5e40] 10.0.0.184 "GET /v2.0/extensions HTTP/1.1" status: 200 len: 16525 time: 0.0783873
2026-06-28 21:04:46.751 9 INFO neutron.wsgi [None req-68160b83-f4e2-4910-88c0-ab4811a89089 74c265cae22a4a048f3772c9c35d66f3 181ce63b918745cf8abfae03f6a9b9c9 - - - -] 10.0.0.184 "DELETE /v2.0/security-groups/90a8c274-7735-4022-85d1-93554c3a1fd4 HTTP/1.1" status: 204 len: 173 time: 0.3034763
2026-06-28 21:04:46.786 9 INFO neutron.wsgi [req-383b2d4c-d40b-4553-92a3-596e52db9be8 req-b516f93d-5945-411e-8e5e-36e348694125 8e1bdbdf0b2d4629ae976e6e370567bd d5b618ee756f45ea822f05337c484cf1 - - 86e08e0233ff4bfda26ef76c9bfe5e40 86e08e0233ff4bfda26ef76c9bfe5e40] 10.0.0.184 "GET /v2.0/networks/98c71643-2c95-4d47-894b-08fb3d9db118?fields=segments HTTP/1.1" status: 200 len: 212 time: 0.1011012
2026-06-28 21:04:46.789 9 INFO neutron.api.v2.resource [req-6a3b1f3a-5092-4327-8dc9-5ceb3beb92c3 req-f2a62a9c-8ef0-494c-82d3-05d0a4e499d4 74c265cae22a4a048f3772c9c35d66f3 181ce63b918745cf8abfae03f6a9b9c9 - - default default] show failed (client error): The resource could not be found.
2026-06-28 21:04:46.790 9 INFO neutron.wsgi [req-6a3b1f3a-5092-4327-8dc9-5ceb3beb92c3 req-f2a62a9c-8ef0-494c-82d3-05d0a4e499d4 74c265cae22a4a048f3772c9c35d66f3 181ce63b918745cf8abfae03f6a9b9c9 - - default default] 10.0.0.184 "GET /v2.0/security-groups/90a8c274-7735-4022-85d1-93554c3a1fd4 HTTP/1.1" status: 404 len: 352 time: 0.0172334
2026-06-28 21:04:46.878 10 INFO neutron.db.ovn_revision_numbers_db [None req-dfc69f35-12f5-49ef-8b7e-aa322bf4cd2d 7158a4343b1644bca570133cdab81c48 27b21ca08bc649258cc31d37fbe6fa54 - - - -] Successfully bumped revision number for resource 6464bf57-6f4e-4e33-a55e-2a7f03bdcd88 (type: router_ports) to 2
2026-06-28 21:04:46.880 10 INFO neutron.wsgi [None req-dfc69f35-12f5-49ef-8b7e-aa322bf4cd2d 7158a4343b1644bca570133cdab81c48 27b21ca08bc649258cc31d37fbe6fa54 - - - -] 10.0.0.202 "PUT /v2.0/routers/ecb837c4-ec0c-40cd-87e6-30fc183fd475/add_router_interface HTTP/1.1" status: 200 len: 503 time: 5.1859050
2026-06-28 21:04:46.907 9 INFO neutron.wsgi [req-7d435ba0-eef5-4787-bbeb-49bd800ebb9d req-138e16f3-bcad-4b05-9c66-3e54c357212b 74c265cae22a4a048f3772c9c35d66f3 181ce63b918745cf8abfae03f6a9b9c9 - - default default] 10.0.0.184 "GET /v2.0/security-groups/4d767464-933a-4102-87b4-86764c6a28be HTTP/1.1" status: 200 len: 1816 time: 0.0917652
2026-06-28 21:04:46.931 10 INFO neutron.db.ovn_revision_numbers_db [None req-f35bbdb6-b4ea-4905-a408-53ea0038a23e - - - - - -] Successfully bumped revision number for resource 91a5bee5-d7a5-4c22-af5b-05694d7ddce2 (type: router_ports) to 3
2026-06-28 21:04:46.941 9 INFO neutron.wsgi [req-383b2d4c-d40b-4553-92a3-596e52db9be8 req-dcca1620-79fb-41b5-a843-8c3c827590cb 8e1bdbdf0b2d4629ae976e6e370567bd d5b618ee756f45ea822f05337c484cf1 - - 86e08e0233ff4bfda26ef76c9bfe5e40 86e08e0233ff4bfda26ef76c9bfe5e40] 10.0.0.184 "GET /v2.0/networks/98c71643-2c95-4d47-894b-08fb3d9db118?fields=provider%3Aphysical_network&fields=provider%3Anetwork_type HTTP/1.1" status: 200 len: 277 time: 0.1459119
2026-06-28 21:04:47.069 9 INFO neutron.db.ovn_revision_numbers_db [None req-5f9e7c8c-ac8f-40f6-a3eb-79168dafed08 - - - - - -] Successfully bumped revision number for resource 2348eccf-97d2-4555-9c97-9d4b02d7664b (type: ports) to 1
2026-06-28 21:04:47.084 9 INFO neutron.wsgi [None req-a838c2d8-7e53-47a2-a005-798132e45966 74c265cae22a4a048f3772c9c35d66f3 181ce63b918745cf8abfae03f6a9b9c9 - - - -] 10.0.0.184 "DELETE /v2.0/security-groups/4d767464-933a-4102-87b4-86764c6a28be HTTP/1.1" status: 204 len: 173 time: 0.1665466
2026-06-28 21:04:47.117 9 INFO neutron.wsgi [req-8dd771bc-e745-45ab-b20e-390c488788fa req-5227f7ef-f062-4c22-ac8c-dc880ab5db57 08b56299f10c4456918f5c075403730a e3b51c6cefff46b0a92c74bc552f2865 - - default default] 10.0.0.184 "GET /v2.0/ports?device_id=deae80f4-0a3b-49c5-baff-08d9e8a43822 HTTP/1.1" status: 200 len: 210 time: 0.0371962
2026-06-28 21:04:47.127 9 INFO neutron.api.v2.resource [req-3073f227-56e0-483c-802c-4ff8c1195138 req-5fce7456-5c80-44b0-ba23-86af70b74fae 74c265cae22a4a048f3772c9c35d66f3 181ce63b918745cf8abfae03f6a9b9c9 - - default default] show failed (client error): The resource could not be found.
2026-06-28 21:04:47.128 9 INFO neutron.wsgi [req-3073f227-56e0-483c-802c-4ff8c1195138 req-5fce7456-5c80-44b0-ba23-86af70b74fae 74c265cae22a4a048f3772c9c35d66f3 181ce63b918745cf8abfae03f6a9b9c9 - - default default] 10.0.0.184 "GET /v2.0/security-groups/4d767464-933a-4102-87b4-86764c6a28be HTTP/1.1" status: 404 len: 352 time: 0.0171795
2026-06-28 21:04:47.198 9 INFO neutron.wsgi [req-caf24b8b-926a-4a1f-a2d3-7315038704ba req-373f51f5-9bfc-4987-8cdb-a83c88b870b2 74c265cae22a4a048f3772c9c35d66f3 181ce63b918745cf8abfae03f6a9b9c9 - - default default] 10.0.0.184 "GET /v2.0/security-groups/6e8ab993-f1cf-44a1-a20f-70a630beec70 HTTP/1.1" status: 200 len: 1817 time: 0.0424676
2026-06-28 21:04:47.219 10 WARNING neutron.scheduler.dhcp_agent_scheduler [None req-bf5a526e-5bd0-4def-990d-c722b7ec24cf 7158a4343b1644bca570133cdab81c48 27b21ca08bc649258cc31d37fbe6fa54 - - default default] No more DHCP agents
2026-06-28 21:04:47.222 10 WARNING neutron.api.rpc.agentnotifiers.dhcp_rpc_agent_api [None req-bf5a526e-5bd0-4def-990d-c722b7ec24cf 7158a4343b1644bca570133cdab81c48 27b21ca08bc649258cc31d37fbe6fa54 - - default default] Unable to schedule network fece6370-f9bf-4603-8eab-52ed917c71a4: no agents available; will retry on subsequent port and subnet creation events.
2026-06-28 21:04:47.336 10 INFO neutron.db.ovn_revision_numbers_db [None req-bf5a526e-5bd0-4def-990d-c722b7ec24cf 7158a4343b1644bca570133cdab81c48 27b21ca08bc649258cc31d37fbe6fa54 - - default default] Successfully bumped revision number for resource a48dd048-9556-4c1c-b230-1a75301c97bc (type: ports) to 1
2026-06-28 21:04:47.359 9 INFO neutron.db.ovn_revision_numbers_db [None req-5f9e7c8c-ac8f-40f6-a3eb-79168dafed08 - - - - - -] Successfully bumped revision number for resource 2348eccf-97d2-4555-9c97-9d4b02d7664b (type: router_ports) to 3
2026-06-28 21:04:47.377 9 INFO neutron.wsgi [None req-e2093210-e50d-4b8d-91af-5091705d6388 74c265cae22a4a048f3772c9c35d66f3 181ce63b918745cf8abfae03f6a9b9c9 - - - -] 10.0.0.184 "DELETE /v2.0/security-groups/6e8ab993-f1cf-44a1-a20f-70a630beec70 HTTP/1.1" status: 204 len: 173 time: 0.1722491
2026-06-28 21:04:47.426 9 INFO neutron.api.v2.resource [req-b6288cd3-b8e6-417b-8844-815654aca194 req-36e739d8-4648-4103-8216-12df458e53da 74c265cae22a4a048f3772c9c35d66f3 181ce63b918745cf8abfae03f6a9b9c9 - - default default] show failed (client error): The resource could not be found.
2026-06-28 21:04:47.428 9 INFO neutron.wsgi [req-b6288cd3-b8e6-417b-8844-815654aca194 req-36e739d8-4648-4103-8216-12df458e53da 74c265cae22a4a048f3772c9c35d66f3 181ce63b918745cf8abfae03f6a9b9c9 - - default default] 10.0.0.184 "GET /v2.0/security-groups/6e8ab993-f1cf-44a1-a20f-70a630beec70 HTTP/1.1" status: 404 len: 352 time: 0.0213392
2026-06-28 21:04:47.506 9 INFO neutron.wsgi [req-bc4d01a8-bd9e-4ec6-b028-eed9eb0a67a6 req-fc3c2ade-1671-4b40-9670-195adbf6b3da 74c265cae22a4a048f3772c9c35d66f3 181ce63b918745cf8abfae03f6a9b9c9 - - default default] 10.0.0.184 "GET /v2.0/security-groups?tenant_id=181ce63b918745cf8abfae03f6a9b9c9 HTTP/1.1" status: 200 len: 2997 time: 0.0538974
2026-06-28 21:04:47.522 9 INFO neutron.db.ovn_revision_numbers_db [None req-5f9e7c8c-ac8f-40f6-a3eb-79168dafed08 - - - - - -] Successfully bumped revision number for resource 2348eccf-97d2-4555-9c97-9d4b02d7664b (type: ports) to 2
2026-06-28 21:04:47.526 9 INFO neutron.db.ovn_revision_numbers_db [None req-33def0bb-9e9e-4247-926e-e751004cde3f befaf1e567f34e748676afcb62dac9a6 ecf5604014d9414a80bc59e663d983a6 - - - -] Successfully bumped revision number for resource d8c1811a-4052-408f-ab2a-de15caabeaae (type: security_groups) to 1
2026-06-28 21:04:47.552 9 INFO neutron.wsgi [None req-33def0bb-9e9e-4247-926e-e751004cde3f befaf1e567f34e748676afcb62dac9a6 ecf5604014d9414a80bc59e663d983a6 - - - -] 10.0.0.202 "POST /v2.0/security-groups HTTP/1.1" status: 201 len: 1795 time: 0.1863582
2026-06-28 21:04:47.554 9 INFO neutron.wsgi [req-bc4d01a8-bd9e-4ec6-b028-eed9eb0a67a6 req-a87dacbf-6591-4cf5-9f6a-05c97a0e913c 74c265cae22a4a048f3772c9c35d66f3 181ce63b918745cf8abfae03f6a9b9c9 - - default default] 10.0.0.184 "GET /v2.0/security-groups/86c78abe-76f6-4576-96cb-65d7999eecbd HTTP/1.1" status: 200 len: 2994 time: 0.0394404
2026-06-28 21:04:47.609 9 INFO neutron.wsgi [req-bc4d01a8-bd9e-4ec6-b028-eed9eb0a67a6 req-3f20a578-8093-4d8a-85e5-2b3a49bf0190 74c265cae22a4a048f3772c9c35d66f3 181ce63b918745cf8abfae03f6a9b9c9 - - default default] 10.0.0.184 "GET /v2.0/security-groups/86c78abe-76f6-4576-96cb-65d7999eecbd HTTP/1.1" status: 200 len: 2994 time: 0.0478003
2026-06-28 21:04:47.662 9 INFO neutron.api.v2.resource [req-0d4a7409-a7b4-48c8-bcda-5382ed2ca8d5 req-c5fb2bd9-d9fd-4925-b0bb-9735ac3a6251 74c265cae22a4a048f3772c9c35d66f3 181ce63b918745cf8abfae03f6a9b9c9 - - default default] show failed (client error): The resource could not be found.
2026-06-28 21:04:47.663 9 INFO neutron.wsgi [req-0d4a7409-a7b4-48c8-bcda-5382ed2ca8d5 req-c5fb2bd9-d9fd-4925-b0bb-9735ac3a6251 74c265cae22a4a048f3772c9c35d66f3 181ce63b918745cf8abfae03f6a9b9c9 - - default default] 10.0.0.184 "GET /v2.0/security-groups/6e8ab993-f1cf-44a1-a20f-70a630beec70 HTTP/1.1" status: 404 len: 352 time: 0.0142407
2026-06-28 21:04:47.790 10 INFO neutron.db.ovn_revision_numbers_db [None req-c21ecfe2-84e4-4a77-be5f-a0c043809045 befaf1e567f34e748676afcb62dac9a6 ecf5604014d9414a80bc59e663d983a6 - - - -] Successfully bumped revision number for resource 0accceb1-2a20-4060-8a79-6ec0a07091bb (type: security_group_rules) to 0
2026-06-28 21:04:47.824 9 INFO neutron.api.v2.resource [req-96b91dfc-a6b7-42bf-81a0-8c75239a8c9b req-3bfc191f-4bfe-42b6-8038-d9e845dd3e23 74c265cae22a4a048f3772c9c35d66f3 181ce63b918745cf8abfae03f6a9b9c9 - - default default] show failed (client error): The resource could not be found.
2026-06-28 21:04:47.826 9 INFO neutron.wsgi [req-96b91dfc-a6b7-42bf-81a0-8c75239a8c9b req-3bfc191f-4bfe-42b6-8038-d9e845dd3e23 74c265cae22a4a048f3772c9c35d66f3 181ce63b918745cf8abfae03f6a9b9c9 - - default default] 10.0.0.184 "GET /v2.0/security-groups/4d767464-933a-4102-87b4-86764c6a28be HTTP/1.1" status: 404 len: 352 time: 0.0182898
2026-06-28 21:04:47.834 10 INFO neutron.wsgi [None req-c21ecfe2-84e4-4a77-be5f-a0c043809045 befaf1e567f34e748676afcb62dac9a6 ecf5604014d9414a80bc59e663d983a6 - - - -] 10.0.0.202 "POST /v2.0/security-group-rules HTTP/1.1" status: 201 len: 764 time: 0.2748806
2026-06-28 21:04:47.852 10 INFO neutron.db.ovn_revision_numbers_db [None req-bf5a526e-5bd0-4def-990d-c722b7ec24cf 7158a4343b1644bca570133cdab81c48 27b21ca08bc649258cc31d37fbe6fa54 - - default default] Successfully bumped revision number for resource a48dd048-9556-4c1c-b230-1a75301c97bc (type: router_ports) to 2
2026-06-28 21:04:47.877 9 INFO neutron.api.v2.resource [req-06642a2d-b0d1-47ba-8452-04e600189895 req-17483cd3-0e2b-46cf-9b36-920f2c0e752f 74c265cae22a4a048f3772c9c35d66f3 181ce63b918745cf8abfae03f6a9b9c9 - - default default] show failed (client error): The resource could not be found.
2026-06-28 21:04:47.878 9 INFO neutron.wsgi [req-06642a2d-b0d1-47ba-8452-04e600189895 req-17483cd3-0e2b-46cf-9b36-920f2c0e752f 74c265cae22a4a048f3772c9c35d66f3 181ce63b918745cf8abfae03f6a9b9c9 - - default default] 10.0.0.184 "GET /v2.0/security-groups/90a8c274-7735-4022-85d1-93554c3a1fd4 HTTP/1.1" status: 404 len: 352 time: 0.0241885
2026-06-28 21:04:47.932 9 INFO neutron.db.ovn_revision_numbers_db [None req-5f9e7c8c-ac8f-40f6-a3eb-79168dafed08 - - - - - -] Successfully bumped revision number for resource 2348eccf-97d2-4555-9c97-9d4b02d7664b (type: ports) to 4
2026-06-28 21:04:47.982 10 INFO neutron.db.ovn_revision_numbers_db [None req-bf5a526e-5bd0-4def-990d-c722b7ec24cf 7158a4343b1644bca570133cdab81c48 27b21ca08bc649258cc31d37fbe6fa54 - - default default] Successfully bumped revision number for resource a48dd048-9556-4c1c-b230-1a75301c97bc (type: ports) to 2
2026-06-28 21:04:47.989 10 INFO neutron.db.ovn_revision_numbers_db [None req-4c8832b2-c49f-45e0-882b-037aaeefed3b befaf1e567f34e748676afcb62dac9a6 ecf5604014d9414a80bc59e663d983a6 - - - -] Successfully bumped revision number for resource 821f226a-ffff-4ff1-89f8-6075c1943353 (type: security_group_rules) to 0
2026-06-28 21:04:48.032 10 INFO neutron.wsgi [None req-4c8832b2-c49f-45e0-882b-037aaeefed3b befaf1e567f34e748676afcb62dac9a6 ecf5604014d9414a80bc59e663d983a6 - - - -] 10.0.0.202 "POST /v2.0/security-group-rules HTTP/1.1" status: 201 len: 769 time: 0.1906052
2026-06-28 21:04:48.073 10 WARNING neutron.scheduler.dhcp_agent_scheduler [None req-bf5a526e-5bd0-4def-990d-c722b7ec24cf 7158a4343b1644bca570133cdab81c48 27b21ca08bc649258cc31d37fbe6fa54 - - default default] No more DHCP agents
2026-06-28 21:04:48.080 10 WARNING neutron.api.rpc.agentnotifiers.dhcp_rpc_agent_api [None req-bf5a526e-5bd0-4def-990d-c722b7ec24cf 7158a4343b1644bca570133cdab81c48 27b21ca08bc649258cc31d37fbe6fa54 - - default default] Unable to schedule network fece6370-f9bf-4603-8eab-52ed917c71a4: no agents available; will retry on subsequent port and subnet creation events.
2026-06-28 21:04:48.312 9 INFO neutron.wsgi [req-4accfb6f-10e2-46f5-a73e-7a1bcc7fc414 req-c987f479-0b33-4690-9d15-665396690c5f 08b56299f10c4456918f5c075403730a e3b51c6cefff46b0a92c74bc552f2865 - - default default] 10.0.0.184 "GET /v2.0/ports?device_id=deae80f4-0a3b-49c5-baff-08d9e8a43822 HTTP/1.1" status: 200 len: 210 time: 0.0406437
2026-06-28 21:04:48.363 9 INFO neutron.db.ovn_revision_numbers_db [None req-5f9e7c8c-ac8f-40f6-a3eb-79168dafed08 - - - - - -] Successfully bumped revision number for resource 2348eccf-97d2-4555-9c97-9d4b02d7664b (type: router_ports) to 4
2026-06-28 21:04:48.561 10 WARNING neutron.scheduler.dhcp_agent_scheduler [None req-0873ebe5-2cfd-496f-8e25-322d19145ddf befaf1e567f34e748676afcb62dac9a6 ecf5604014d9414a80bc59e663d983a6 - - - -] No more DHCP agents
2026-06-28 21:04:48.564 10 WARNING neutron.api.rpc.agentnotifiers.dhcp_rpc_agent_api [None req-0873ebe5-2cfd-496f-8e25-322d19145ddf befaf1e567f34e748676afcb62dac9a6 ecf5604014d9414a80bc59e663d983a6 - - - -] Unable to schedule network 91ce8d9f-625c-463c-b978-1a2031c7bcd1: no agents available; will retry on subsequent port and subnet creation events.
2026-06-28 21:04:48.752 9 INFO neutron.wsgi [req-383b2d4c-d40b-4553-92a3-596e52db9be8 req-ca91e7e5-3151-49ed-bb75-5aeca51c633e 08b56299f10c4456918f5c075403730a e3b51c6cefff46b0a92c74bc552f2865 - - default default] 199.19.213.60 "GET /v2.0/networks?id=98c71643-2c95-4d47-894b-08fb3d9db118 HTTP/1.1" status: 200 len: 876 time: 0.2766585
2026-06-28 21:04:49.020 10 INFO neutron.db.ovn_revision_numbers_db [None req-0873ebe5-2cfd-496f-8e25-322d19145ddf befaf1e567f34e748676afcb62dac9a6 ecf5604014d9414a80bc59e663d983a6 - - - -] Successfully bumped revision number for resource e92aa216-de07-401b-8741-e443dd9664d0 (type: floatingips) to 0
2026-06-28 21:04:49.197 10 INFO neutron.wsgi [None req-0873ebe5-2cfd-496f-8e25-322d19145ddf befaf1e567f34e748676afcb62dac9a6 ecf5604014d9414a80bc59e663d983a6 - - - -] 10.0.0.202 "POST /v2.0/floatingips HTTP/1.1" status: 201 len: 751 time: 1.1608934
2026-06-28 21:04:49.284 9 WARNING neutron.scheduler.dhcp_agent_scheduler [None req-1f96a93c-4e47-4ced-80bd-4a188ed57abe 08b56299f10c4456918f5c075403730a e3b51c6cefff46b0a92c74bc552f2865 - - - -] No more DHCP agents
2026-06-28 21:04:49.289 9 WARNING neutron.api.rpc.agentnotifiers.dhcp_rpc_agent_api [None req-1f96a93c-4e47-4ced-80bd-4a188ed57abe 08b56299f10c4456918f5c075403730a e3b51c6cefff46b0a92c74bc552f2865 - - - -] Unable to schedule network 98c71643-2c95-4d47-894b-08fb3d9db118: no agents available; will retry on subsequent port and subnet creation events.
2026-06-28 21:04:49.341 10 INFO neutron.db.ovn_revision_numbers_db [None req-bf5a526e-5bd0-4def-990d-c722b7ec24cf 7158a4343b1644bca570133cdab81c48 27b21ca08bc649258cc31d37fbe6fa54 - - - -] Successfully bumped revision number for resource a48dd048-9556-4c1c-b230-1a75301c97bc (type: router_ports) to 2
2026-06-28 21:04:49.345 10 INFO neutron.wsgi [None req-bf5a526e-5bd0-4def-990d-c722b7ec24cf 7158a4343b1644bca570133cdab81c48 27b21ca08bc649258cc31d37fbe6fa54 - - - -] 10.0.0.202 "PUT /v2.0/routers/7f3126a8-be36-4f97-a3d5-37472d41d67e/add_router_interface HTTP/1.1" status: 200 len: 503 time: 2.8490534 /var/lib/openstack/lib/python3.10/site-packages/pycadf/identifier.py:71: UserWarning: Invalid uuid: neutron. To ensure interoperability, identifiers should be a valid uuid. warnings.warn(('Invalid uuid: %s. To ensure interoperability, '
2026-06-28 21:04:49.608 9 INFO neutron.db.ovn_revision_numbers_db [None req-1f96a93c-4e47-4ced-80bd-4a188ed57abe 08b56299f10c4456918f5c075403730a e3b51c6cefff46b0a92c74bc552f2865 - - - -] Successfully bumped revision number for resource 2941e593-36de-42a0-b26a-56381448bc9d (type: ports) to 1
2026-06-28 21:04:49.665 9 INFO neutron.wsgi [req-f18a5094-fbf6-4be9-8188-2458432ce956 req-11b7cf7a-023e-49cd-a83a-c9ed8aaf8465 befaf1e567f34e748676afcb62dac9a6 ecf5604014d9414a80bc59e663d983a6 - - default default] 10.0.0.184 "GET /v2.0/security-groups?name=tempest-securitygroup--731606814&fields=id&tenant_id=ecf5604014d9414a80bc59e663d983a6 HTTP/1.1" status: 200 len: 267 time: 0.0717185
2026-06-28 21:04:49.683 9 INFO neutron.wsgi [req-31ccb152-6d40-47db-8e17-1326b6977efd req-c396f862-13de-4ff6-b146-15070b466311 08b56299f10c4456918f5c075403730a e3b51c6cefff46b0a92c74bc552f2865 - - default default] 10.0.0.184 "GET /v2.0/ports?device_id=deae80f4-0a3b-49c5-baff-08d9e8a43822 HTTP/1.1" status: 200 len: 1160 time: 0.0846388
2026-06-28 21:04:49.686 9 INFO neutron.wsgi [None req-1f96a93c-4e47-4ced-80bd-4a188ed57abe 08b56299f10c4456918f5c075403730a e3b51c6cefff46b0a92c74bc552f2865 - - - -] 199.19.213.60 "POST /v2.0/ports HTTP/1.1" status: 201 len: 1162 time: 0.9098508
2026-06-28 21:04:49.721 9 INFO neutron.wsgi [req-383b2d4c-d40b-4553-92a3-596e52db9be8 req-1b4b12e3-64ed-4ced-8251-376b950f9349 08b56299f10c4456918f5c075403730a e3b51c6cefff46b0a92c74bc552f2865 - - default default] 199.19.213.60 "GET /v2.0/extensions HTTP/1.1" status: 200 len: 16525 time: 0.0275979
2026-06-28 21:04:49.764 9 INFO neutron.wsgi [req-31ccb152-6d40-47db-8e17-1326b6977efd req-d7c1bc9a-7d80-47c4-98ef-dd92d8ebe66f 08b56299f10c4456918f5c075403730a e3b51c6cefff46b0a92c74bc552f2865 - - default default] 10.0.0.184 "GET /v2.0/security-groups?id=811a4cd7-5e75-4807-95d3-0506763ce4ae&fields=id&fields=name HTTP/1.1" status: 200 len: 286 time: 0.0720108
2026-06-28 21:04:49.782 9 INFO neutron.wsgi [req-f18a5094-fbf6-4be9-8188-2458432ce956 req-d531c3ae-b601-4e67-ab92-55049d5940c7 befaf1e567f34e748676afcb62dac9a6 ecf5604014d9414a80bc59e663d983a6 - - default default] 10.0.0.184 "GET /v2.0/networks?id=67282799-04f2-4f04-87e3-fd7211d4106e HTTP/1.1" status: 200 len: 869 time: 0.1040761
2026-06-28 21:04:49.808 9 INFO neutron.wsgi [req-f18a5094-fbf6-4be9-8188-2458432ce956 req-935f513b-03db-4151-915d-19b1694139c5 befaf1e567f34e748676afcb62dac9a6 ecf5604014d9414a80bc59e663d983a6 - - default default] 10.0.0.184 "GET /v2.0/quotas/ecf5604014d9414a80bc59e663d983a6 HTTP/1.1" status: 200 len: 386 time: 0.0187275
2026-06-28 21:04:49.939 9 INFO neutron.wsgi [req-f18a5094-fbf6-4be9-8188-2458432ce956 req-ad30210c-3f25-4317-9373-7314a78dc8c0 befaf1e567f34e748676afcb62dac9a6 ecf5604014d9414a80bc59e663d983a6 - - default default] 10.0.0.184 "GET /v2.0/ports?tenant_id=ecf5604014d9414a80bc59e663d983a6&fields=id HTTP/1.1" status: 200 len: 302 time: 0.1240013
2026-06-28 21:04:50.006 9 INFO neutron.db.ovn_revision_numbers_db [None req-91548208-4a79-4114-adf7-c0cbe9221498 48ab2e1ae5514f0987b30001cf20996f 7eacc1f2107340dd8879533d49bf0148 - - - -] Successfully bumped revision number for resource c4753144-ffad-4e54-8bea-215ff8f2ec7f (type: security_groups) to 1
2026-06-28 21:04:50.031 9 INFO neutron.wsgi [None req-91548208-4a79-4114-adf7-c0cbe9221498 48ab2e1ae5514f0987b30001cf20996f 7eacc1f2107340dd8879533d49bf0148 - - - -] 10.0.0.184 "POST /v2.0/security-groups HTTP/1.1" status: 201 len: 1825 time: 0.1893554 /var/lib/openstack/lib/python3.10/site-packages/pycadf/identifier.py:71: UserWarning: Invalid uuid: neutron. To ensure interoperability, identifiers should be a valid uuid. warnings.warn(('Invalid uuid: %s. To ensure interoperability, '
2026-06-28 21:04:50.120 9 INFO neutron.wsgi [None req-dcf85fbb-c8fa-4cc4-b6a4-3ecfc38af281 7158a4343b1644bca570133cdab81c48 27b21ca08bc649258cc31d37fbe6fa54 - - - -] 10.0.0.202 "PUT /v2.0/routers/42928de0-44b1-4f36-8f38-fe652072e58c/remove_router_interface HTTP/1.1" status: 200 len: 503 time: 2.2300556
2026-06-28 21:04:50.163 9 INFO neutron.wsgi [req-11f4d306-0773-48ea-9831-7570e1e44b49 req-2e2bed9d-2876-4462-9094-b11464425a3b 48ab2e1ae5514f0987b30001cf20996f 7eacc1f2107340dd8879533d49bf0148 - - default default] 10.0.0.184 "GET /v2.0/security-groups/c4753144-ffad-4e54-8bea-215ff8f2ec7f HTTP/1.1" status: 200 len: 1820 time: 0.0885243
2026-06-28 21:04:50.238 9 WARNING neutron.plugins.ml2.drivers.ovn.mech_driver.ovsdb.ovn_client [None req-dff9ed6f-4662-4b77-852b-6b91bd7a5f84 - - - - - -] No hosting information found for port c52d7f8c-80a5-473e-bb15-47cebec56d14: RuntimeError: No hosting information found for port c52d7f8c-80a5-473e-bb15-47cebec56d14
2026-06-28 21:04:50.239 9 INFO neutron.plugins.ml2.drivers.ovn.mech_driver.mech_driver [None req-dff9ed6f-4662-4b77-852b-6b91bd7a5f84 - - - - - -] OVN reports status up for port: 6464bf57-6f4e-4e33-a55e-2a7f03bdcd88
2026-06-28 21:04:50.287 9 INFO neutron.plugins.ml2.plugin [None req-dff9ed6f-4662-4b77-852b-6b91bd7a5f84 - - - - - -] Attempt 1 to provision port 6464bf57-6f4e-4e33-a55e-2a7f03bdcd88
2026-06-28 21:04:50.328 9 INFO neutron.wsgi [req-f18a5094-fbf6-4be9-8188-2458432ce956 req-6345823c-4e19-4dd0-b6bd-49c941bd79f8 8e1bdbdf0b2d4629ae976e6e370567bd d5b618ee756f45ea822f05337c484cf1 - - 86e08e0233ff4bfda26ef76c9bfe5e40 86e08e0233ff4bfda26ef76c9bfe5e40] 10.0.0.184 "GET /v2.0/extensions HTTP/1.1" status: 200 len: 16525 time: 0.0715356
2026-06-28 21:04:50.650 9 INFO neutron.wsgi [req-f18a5094-fbf6-4be9-8188-2458432ce956 req-fd28a2ef-acaf-4b50-8a84-56f5cb815a94 8e1bdbdf0b2d4629ae976e6e370567bd d5b618ee756f45ea822f05337c484cf1 - - 86e08e0233ff4bfda26ef76c9bfe5e40 86e08e0233ff4bfda26ef76c9bfe5e40] 10.0.0.184 "GET /v2.0/networks/67282799-04f2-4f04-87e3-fd7211d4106e?fields=segments HTTP/1.1" status: 200 len: 212 time: 0.3112969
2026-06-28 21:04:50.758 9 INFO neutron.db.ovn_revision_numbers_db [None req-28ee16f6-4667-4807-909d-3eecf1961d2c 48ab2e1ae5514f0987b30001cf20996f 7eacc1f2107340dd8879533d49bf0148 - - - -] Successfully bumped revision number for resource c8db927d-9714-472c-9af3-5540fa193589 (type: security_group_rules) to 0
2026-06-28 21:04:50.802 9 INFO neutron.wsgi [req-f18a5094-fbf6-4be9-8188-2458432ce956 req-c379f530-8cd9-435b-b301-93243690ed99 8e1bdbdf0b2d4629ae976e6e370567bd d5b618ee756f45ea822f05337c484cf1 - - 86e08e0233ff4bfda26ef76c9bfe5e40 86e08e0233ff4bfda26ef76c9bfe5e40] 10.0.0.184 "GET /v2.0/networks/67282799-04f2-4f04-87e3-fd7211d4106e?fields=provider%3Aphysical_network&fields=provider%3Anetwork_type HTTP/1.1" status: 200 len: 277 time: 0.1408126
2026-06-28 21:04:50.829 9 INFO neutron.wsgi [None req-28ee16f6-4667-4807-909d-3eecf1961d2c 48ab2e1ae5514f0987b30001cf20996f 7eacc1f2107340dd8879533d49bf0148 - - - -] 10.0.0.184 "POST /v2.0/security-group-rules HTTP/1.1" status: 201 len: 786 time: 0.6493840 /var/lib/openstack/lib/python3.10/site-packages/pycadf/identifier.py:71: UserWarning: Invalid uuid: neutron. To ensure interoperability, identifiers should be a valid uuid. warnings.warn(('Invalid uuid: %s. To ensure interoperability, '
2026-06-28 21:04:50.951 9 INFO neutron.wsgi [req-713ae3aa-45b7-4d86-8836-e30dd77ae1a7 req-196979ee-aa75-4383-aa7b-c63ab8e6a7f5 08b56299f10c4456918f5c075403730a e3b51c6cefff46b0a92c74bc552f2865 - - default default] 10.0.0.184 "GET /v2.0/ports?device_id=deae80f4-0a3b-49c5-baff-08d9e8a43822 HTTP/1.1" status: 200 len: 1172 time: 0.0728183
2026-06-28 21:04:51.052 9 INFO neutron.wsgi [req-713ae3aa-45b7-4d86-8836-e30dd77ae1a7 req-c6ab5e1d-8047-4aab-81ad-5f16d141ecbd 08b56299f10c4456918f5c075403730a e3b51c6cefff46b0a92c74bc552f2865 - - default default] 10.0.0.184 "GET /v2.0/security-groups?id=811a4cd7-5e75-4807-95d3-0506763ce4ae&fields=id&fields=name HTTP/1.1" status: 200 len: 286 time: 0.0872686
2026-06-28 21:04:51.078 9 INFO neutron.db.ovn_revision_numbers_db [None req-57dbc480-1c32-40ca-8e25-218440d506ce 8e1bdbdf0b2d4629ae976e6e370567bd d5b618ee756f45ea822f05337c484cf1 - - - -] Successfully bumped revision number for resource 2941e593-36de-42a0-b26a-56381448bc9d (type: ports) to 2
2026-06-28 21:04:51.080 9 INFO neutron.db.ovn_revision_numbers_db [None req-dff9ed6f-4662-4b77-852b-6b91bd7a5f84 - - - - - -] Successfully bumped revision number for resource 6464bf57-6f4e-4e33-a55e-2a7f03bdcd88 (type: ports) to 3
2026-06-28 21:04:51.138 9 INFO neutron.wsgi [req-01835fe0-a722-49cd-8808-63e7f7eaa871 req-7523e9dc-08e9-4a56-ac69-96cab5aead8e befaf1e567f34e748676afcb62dac9a6 ecf5604014d9414a80bc59e663d983a6 - - default default] 10.0.0.184 "GET /v2.0/ports?device_id=e5948668-73cd-409f-82fa-8d52ae5e3373 HTTP/1.1" status: 200 len: 210 time: 0.0403135
2026-06-28 21:04:51.326 9 INFO neutron.db.ovn_revision_numbers_db [None req-dff9ed6f-4662-4b77-852b-6b91bd7a5f84 - - - - - -] Successfully bumped revision number for resource 6464bf57-6f4e-4e33-a55e-2a7f03bdcd88 (type: router_ports) to 3
2026-06-28 21:04:51.343 9 INFO neutron.db.ovn_revision_numbers_db [None req-ddab5237-7238-40d8-970e-8a32a6642630 48ab2e1ae5514f0987b30001cf20996f 7eacc1f2107340dd8879533d49bf0148 - - - -] Successfully bumped revision number for resource 7e9469a8-405f-4612-986a-466fb9bae118 (type: security_groups) to 1
2026-06-28 21:04:51.370 10 WARNING neutron.plugins.ml2.drivers.ovn.mech_driver.ovsdb.ovn_client [None req-f35bbdb6-b4ea-4905-a408-53ea0038a23e - - - - - -] No port found with ID 91a5bee5-d7a5-4c22-af5b-05694d7ddce2: RuntimeError: No port found with ID 91a5bee5-d7a5-4c22-af5b-05694d7ddce2
2026-06-28 21:04:51.370 10 INFO neutron.plugins.ml2.drivers.ovn.mech_driver.mech_driver [None req-f35bbdb6-b4ea-4905-a408-53ea0038a23e - - - - - -] OVN reports status up for port: 2348eccf-97d2-4555-9c97-9d4b02d7664b
2026-06-28 21:04:51.382 10 INFO neutron.plugins.ml2.plugin [None req-f35bbdb6-b4ea-4905-a408-53ea0038a23e - - - - - -] Attempt 1 to provision port 2348eccf-97d2-4555-9c97-9d4b02d7664b
2026-06-28 21:04:51.410 9 INFO neutron.wsgi [None req-ddab5237-7238-40d8-970e-8a32a6642630 48ab2e1ae5514f0987b30001cf20996f 7eacc1f2107340dd8879533d49bf0148 - - - -] 10.0.0.184 "POST /v2.0/security-groups HTTP/1.1" status: 201 len: 1826 time: 0.3335004 /var/lib/openstack/lib/python3.10/site-packages/pycadf/identifier.py:71: UserWarning: Invalid uuid: neutron. To ensure interoperability, identifiers should be a valid uuid. warnings.warn(('Invalid uuid: %s. To ensure interoperability, '
2026-06-28 21:04:51.642 9 INFO neutron.wsgi [req-f7008d74-7ee9-4257-be4a-e59bb79f46f9 req-482301ad-506c-4c2a-9efb-35416438ff5c 48ab2e1ae5514f0987b30001cf20996f 7eacc1f2107340dd8879533d49bf0148 - - default default] 10.0.0.184 "GET /v2.0/security-groups/7e9469a8-405f-4612-986a-466fb9bae118 HTTP/1.1" status: 200 len: 1821 time: 0.0758011
2026-06-28 21:04:51.649 9 INFO neutron.db.ovn_revision_numbers_db [None req-57dbc480-1c32-40ca-8e25-218440d506ce 8e1bdbdf0b2d4629ae976e6e370567bd d5b618ee756f45ea822f05337c484cf1 - - - -] Successfully bumped revision number for resource 2941e593-36de-42a0-b26a-56381448bc9d (type: ports) to 2
2026-06-28 21:04:51.654 9 INFO neutron.wsgi [None req-e04e4ad3-9117-468c-8bb6-a1590c34e74a 7158a4343b1644bca570133cdab81c48 27b21ca08bc649258cc31d37fbe6fa54 - - - -] 10.0.0.202 "DELETE /v2.0/routers/42928de0-44b1-4f36-8f38-fe652072e58c HTTP/1.1" status: 204 len: 168 time: 1.5250633
2026-06-28 21:04:51.676 9 INFO neutron.wsgi [None req-57dbc480-1c32-40ca-8e25-218440d506ce 8e1bdbdf0b2d4629ae976e6e370567bd d5b618ee756f45ea822f05337c484cf1 - - - -] 199.19.213.60 "PUT /v2.0/ports/2941e593-36de-42a0-b26a-56381448bc9d HTTP/1.1" status: 200 len: 1332 time: 1.6538756
2026-06-28 21:04:51.790 9 INFO neutron.wsgi [req-383b2d4c-d40b-4553-92a3-596e52db9be8 req-a7c270c5-a3e2-4416-ba71-757ec2697b50 8e1bdbdf0b2d4629ae976e6e370567bd d5b618ee756f45ea822f05337c484cf1 - - 86e08e0233ff4bfda26ef76c9bfe5e40 86e08e0233ff4bfda26ef76c9bfe5e40] 199.19.213.60 "GET /v2.0/ports?tenant_id=e3b51c6cefff46b0a92c74bc552f2865&device_id=deae80f4-0a3b-49c5-baff-08d9e8a43822 HTTP/1.1" status: 200 len: 1363 time: 0.0508463
2026-06-28 21:04:51.843 9 INFO neutron.wsgi [req-383b2d4c-d40b-4553-92a3-596e52db9be8 req-d5a37b5f-5818-4a1b-aca9-8deeef22f67c 8e1bdbdf0b2d4629ae976e6e370567bd d5b618ee756f45ea822f05337c484cf1 - - 86e08e0233ff4bfda26ef76c9bfe5e40 86e08e0233ff4bfda26ef76c9bfe5e40] 199.19.213.60 "GET /v2.0/floatingips?fixed_ip_address=10.100.0.13&port_id=2941e593-36de-42a0-b26a-56381448bc9d HTTP/1.1" status: 200 len: 217 time: 0.0417030
2026-06-28 21:04:51.849 9 INFO neutron.db.ovn_revision_numbers_db [None req-33efb1e7-d7b0-46bb-bc04-ff81415b964b 48ab2e1ae5514f0987b30001cf20996f 7eacc1f2107340dd8879533d49bf0148 - - - -] Successfully bumped revision number for resource 40a9fadb-ef31-420e-bebd-e20ae55367a3 (type: security_group_rules) to 0
2026-06-28 21:04:51.910 9 INFO neutron.wsgi [None req-33efb1e7-d7b0-46bb-bc04-ff81415b964b 48ab2e1ae5514f0987b30001cf20996f 7eacc1f2107340dd8879533d49bf0148 - - - -] 10.0.0.184 "POST /v2.0/security-group-rules HTTP/1.1" status: 201 len: 786 time: 0.2558353
2026-06-28 21:04:51.916 9 INFO neutron.wsgi [req-383b2d4c-d40b-4553-92a3-596e52db9be8 req-63bd617e-7f6e-47f7-a2c1-fa6284d81b1c 8e1bdbdf0b2d4629ae976e6e370567bd d5b618ee756f45ea822f05337c484cf1 - - 86e08e0233ff4bfda26ef76c9bfe5e40 86e08e0233ff4bfda26ef76c9bfe5e40] 199.19.213.60 "GET /v2.0/subnets?id=0f4a533d-4a38-438c-842b-3b706fef4b9f HTTP/1.1" status: 200 len: 870 time: 0.0604954
2026-06-28 21:04:51.960 9 INFO neutron.wsgi [req-383b2d4c-d40b-4553-92a3-596e52db9be8 req-c6d2a59b-b2de-4739-979e-777f714c26b3 8e1bdbdf0b2d4629ae976e6e370567bd d5b618ee756f45ea822f05337c484cf1 - - 86e08e0233ff4bfda26ef76c9bfe5e40 86e08e0233ff4bfda26ef76c9bfe5e40] 199.19.213.60 "GET /v2.0/ports?network_id=98c71643-2c95-4d47-894b-08fb3d9db118&device_owner=network%3Adhcp HTTP/1.1" status: 200 len: 210 time: 0.0366309
2026-06-28 21:04:51.974 10 INFO neutron.wsgi [None req-9407debb-d753-472a-877c-12014a30b36c 7158a4343b1644bca570133cdab81c48 27b21ca08bc649258cc31d37fbe6fa54 - - - -] 10.0.0.202 "DELETE /v2.0/subnets/e5cbb0c3-2785-4d6c-bdcd-4dc244b147fb HTTP/1.1" status: 204 len: 168 time: 0.3091192
2026-06-28 21:04:51.999 10 INFO neutron.wsgi [req-f18a5094-fbf6-4be9-8188-2458432ce956 req-6549a9a4-4a7c-431c-94bc-5e164d3f7c49 befaf1e567f34e748676afcb62dac9a6 ecf5604014d9414a80bc59e663d983a6 - - default default] 199.19.213.60 "GET /v2.0/networks?id=67282799-04f2-4f04-87e3-fd7211d4106e HTTP/1.1" status: 200 len: 869 time: 0.1477692
2026-06-28 21:04:52.007 9 INFO neutron.wsgi [req-dd1d4582-fbb4-4e65-8d0f-b6d79b6a235f req-2af236e3-1d6d-4dec-87e6-b3e0892e0647 48ab2e1ae5514f0987b30001cf20996f 7eacc1f2107340dd8879533d49bf0148 - - default default] 10.0.0.184 "GET /v2.0/security-groups/7e9469a8-405f-4612-986a-466fb9bae118 HTTP/1.1" status: 200 len: 2414 time: 0.0635645
2026-06-28 21:04:52.061 10 INFO neutron.wsgi [req-f18a5094-fbf6-4be9-8188-2458432ce956 req-ca951419-bb47-4432-803a-6ce9cd675f61 befaf1e567f34e748676afcb62dac9a6 ecf5604014d9414a80bc59e663d983a6 - - default default] 199.19.213.60 "GET /v2.0/security-groups?fields=id&fields=name&tenant_id=ecf5604014d9414a80bc59e663d983a6 HTTP/1.1" status: 200 len: 379 time: 0.0556855
2026-06-28 21:04:52.063 9 INFO neutron.wsgi [req-383b2d4c-d40b-4553-92a3-596e52db9be8 req-9ab87d26-2c90-44ec-98bf-d0f41db32bdd 8e1bdbdf0b2d4629ae976e6e370567bd d5b618ee756f45ea822f05337c484cf1 - - 86e08e0233ff4bfda26ef76c9bfe5e40 86e08e0233ff4bfda26ef76c9bfe5e40] 199.19.213.60 "GET /v2.0/networks/98c71643-2c95-4d47-894b-08fb3d9db118?fields=segments HTTP/1.1" status: 200 len: 212 time: 0.0950840
2026-06-28 21:04:52.117 9 INFO neutron.notifiers.nova [-] Nova event matching ['req-c3bb04f3-095b-4c65-87ff-3611a41da48c'] response: {'name': 'network-changed', 'server_uuid': 'deae80f4-0a3b-49c5-baff-08d9e8a43822', 'tag': '2941e593-36de-42a0-b26a-56381448bc9d', 'status': 'completed', 'code': 200}
2026-06-28 21:04:52.155 9 INFO neutron.wsgi [req-383b2d4c-d40b-4553-92a3-596e52db9be8 req-6c5e70e4-a66f-479a-ae08-6eef55dbc68d 8e1bdbdf0b2d4629ae976e6e370567bd d5b618ee756f45ea822f05337c484cf1 - - 86e08e0233ff4bfda26ef76c9bfe5e40 86e08e0233ff4bfda26ef76c9bfe5e40] 199.19.213.60 "GET /v2.0/networks/98c71643-2c95-4d47-894b-08fb3d9db118?fields=provider%3Aphysical_network&fields=provider%3Anetwork_type HTTP/1.1" status: 200 len: 277 time: 0.0807135
2026-06-28 21:04:52.286 9 INFO neutron.wsgi [req-a8c5eb13-bfe3-4e4e-96a9-8a34de270cf5 req-b759cd3a-b794-4697-96bd-221c2297f0a8 8e1bdbdf0b2d4629ae976e6e370567bd d5b618ee756f45ea822f05337c484cf1 - - 86e08e0233ff4bfda26ef76c9bfe5e40 86e08e0233ff4bfda26ef76c9bfe5e40] 199.19.213.60 "GET /v2.0/ports?tenant_id=e3b51c6cefff46b0a92c74bc552f2865&device_id=deae80f4-0a3b-49c5-baff-08d9e8a43822 HTTP/1.1" status: 200 len: 1363 time: 0.0585275
2026-06-28 21:04:52.289 9 INFO neutron.db.ovn_revision_numbers_db [None req-762ca35e-bc59-4cee-af45-5961ecdf412b 48ab2e1ae5514f0987b30001cf20996f 7eacc1f2107340dd8879533d49bf0148 - - - -] Successfully bumped revision number for resource d8abc3f4-e3ec-4b6e-abd6-a3a0db980565 (type: security_group_rules) to 0
2026-06-28 21:04:52.310 9 INFO neutron.wsgi [req-0879d9ad-4ad4-45bb-b7d2-e7a11a9b7a2a req-2e1d0a5f-35b3-45ed-a766-9dd0d342be98 08b56299f10c4456918f5c075403730a e3b51c6cefff46b0a92c74bc552f2865 - - default default] 10.0.0.184 "GET /v2.0/ports?device_id=deae80f4-0a3b-49c5-baff-08d9e8a43822 HTTP/1.1" status: 200 len: 1172 time: 0.1671250
2026-06-28 21:04:52.329 9 INFO neutron.wsgi [None req-762ca35e-bc59-4cee-af45-5961ecdf412b 48ab2e1ae5514f0987b30001cf20996f 7eacc1f2107340dd8879533d49bf0148 - - - -] 10.0.0.184 "POST /v2.0/security-group-rules HTTP/1.1" status: 201 len: 791 time: 0.3063407
2026-06-28 21:04:52.359 9 INFO neutron.wsgi [req-0879d9ad-4ad4-45bb-b7d2-e7a11a9b7a2a req-8b89bbf1-8f86-4bae-9315-38641d901e65 08b56299f10c4456918f5c075403730a e3b51c6cefff46b0a92c74bc552f2865 - - default default] 10.0.0.184 "GET /v2.0/security-groups?id=811a4cd7-5e75-4807-95d3-0506763ce4ae&fields=id&fields=name HTTP/1.1" status: 200 len: 286 time: 0.0400071
2026-06-28 21:04:52.420 9 INFO neutron.wsgi [req-49d0c114-f07d-4905-8842-7c520c1e129b req-36a71cb5-2258-47cb-ac22-f65e13a9845b befaf1e567f34e748676afcb62dac9a6 ecf5604014d9414a80bc59e663d983a6 - - default default] 10.0.0.184 "GET /v2.0/ports?device_id=e5948668-73cd-409f-82fa-8d52ae5e3373 HTTP/1.1" status: 200 len: 210 time: 0.0381289
2026-06-28 21:04:52.486 9 INFO neutron.wsgi [req-fed506f0-0570-447f-a9d9-0178549d9ec6 req-7d093f48-eea2-4ba3-8fd4-f94fa093a2db 48ab2e1ae5514f0987b30001cf20996f 7eacc1f2107340dd8879533d49bf0148 - - default default] 10.0.0.184 "GET /v2.0/security-groups/7e9469a8-405f-4612-986a-466fb9bae118 HTTP/1.1" status: 200 len: 3012 time: 0.1048825
2026-06-28 21:04:52.515 9 INFO neutron.wsgi [req-a8c5eb13-bfe3-4e4e-96a9-8a34de270cf5 req-1c4f4e99-b386-45ab-8456-f768998a93f8 8e1bdbdf0b2d4629ae976e6e370567bd d5b618ee756f45ea822f05337c484cf1 - - 86e08e0233ff4bfda26ef76c9bfe5e40 86e08e0233ff4bfda26ef76c9bfe5e40] 199.19.213.60 "GET /v2.0/networks?id=98c71643-2c95-4d47-894b-08fb3d9db118 HTTP/1.1" status: 200 len: 975 time: 0.1256149
2026-06-28 21:04:52.555 10 WARNING neutron.scheduler.dhcp_agent_scheduler [None req-41d816c5-b8bd-4113-b901-8c70f7f6f23a befaf1e567f34e748676afcb62dac9a6 ecf5604014d9414a80bc59e663d983a6 - - - -] No more DHCP agents
2026-06-28 21:04:52.558 10 WARNING neutron.api.rpc.agentnotifiers.dhcp_rpc_agent_api [None req-41d816c5-b8bd-4113-b901-8c70f7f6f23a befaf1e567f34e748676afcb62dac9a6 ecf5604014d9414a80bc59e663d983a6 - - - -] Unable to schedule network 67282799-04f2-4f04-87e3-fd7211d4106e: no agents available; will retry on subsequent port and subnet creation events.
2026-06-28 21:04:52.591 9 INFO neutron.wsgi [req-be18bba6-4091-4f53-8e69-60ec984ec621 req-ab8b28a6-2402-4c6b-9115-2e500fcc6f57 48ab2e1ae5514f0987b30001cf20996f 7eacc1f2107340dd8879533d49bf0148 - - default default] 10.0.0.184 "GET /v2.0/security-group-rules/d8abc3f4-e3ec-4b6e-abd6-a3a0db980565 HTTP/1.1" status: 200 len: 783 time: 0.0740376
2026-06-28 21:04:52.592 9 INFO neutron.wsgi [req-a8c5eb13-bfe3-4e4e-96a9-8a34de270cf5 req-7ea2e4b0-1bab-4c91-9412-e02fcedc5418 8e1bdbdf0b2d4629ae976e6e370567bd d5b618ee756f45ea822f05337c484cf1 - - 86e08e0233ff4bfda26ef76c9bfe5e40 86e08e0233ff4bfda26ef76c9bfe5e40] 199.19.213.60 "GET /v2.0/floatingips?fixed_ip_address=10.100.0.13&port_id=2941e593-36de-42a0-b26a-56381448bc9d HTTP/1.1" status: 200 len: 217 time: 0.0557203
2026-06-28 21:04:52.642 9 INFO neutron.wsgi [None req-6714bcec-a1c9-4ff4-9cad-4521bcc7b393 7158a4343b1644bca570133cdab81c48 27b21ca08bc649258cc31d37fbe6fa54 - - - -] 10.0.0.202 "DELETE /v2.0/networks/e310e311-f11f-4dab-a293-23540e867ee9 HTTP/1.1" status: 204 len: 168 time: 0.6584198
2026-06-28 21:04:52.644 9 INFO neutron.wsgi [req-a8c5eb13-bfe3-4e4e-96a9-8a34de270cf5 req-8c7a47b1-83ee-4742-bb59-ea21f4f75d9a 8e1bdbdf0b2d4629ae976e6e370567bd d5b618ee756f45ea822f05337c484cf1 - - 86e08e0233ff4bfda26ef76c9bfe5e40 86e08e0233ff4bfda26ef76c9bfe5e40] 199.19.213.60 "GET /v2.0/subnets?id=0f4a533d-4a38-438c-842b-3b706fef4b9f HTTP/1.1" status: 200 len: 870 time: 0.0457404
2026-06-28 21:04:52.655 9 INFO neutron.wsgi [req-be18bba6-4091-4f53-8e69-60ec984ec621 req-759b9a5d-bbb4-462e-932c-daf356961742 48ab2e1ae5514f0987b30001cf20996f 7eacc1f2107340dd8879533d49bf0148 - - default default] 10.0.0.184 "GET /v2.0/security-groups/7e9469a8-405f-4612-986a-466fb9bae118 HTTP/1.1" status: 200 len: 3012 time: 0.0577109
2026-06-28 21:04:52.678 9 INFO neutron.wsgi [req-a8c5eb13-bfe3-4e4e-96a9-8a34de270cf5 req-bb8a7f86-183f-407d-b0ca-03b955a69931 8e1bdbdf0b2d4629ae976e6e370567bd d5b618ee756f45ea822f05337c484cf1 - - 86e08e0233ff4bfda26ef76c9bfe5e40 86e08e0233ff4bfda26ef76c9bfe5e40] 199.19.213.60 "GET /v2.0/ports?network_id=98c71643-2c95-4d47-894b-08fb3d9db118&device_owner=network%3Adhcp HTTP/1.1" status: 200 len: 210 time: 0.0221586 /var/lib/openstack/lib/python3.10/site-packages/pycadf/identifier.py:71: UserWarning: Invalid uuid: neutron. To ensure interoperability, identifiers should be a valid uuid. warnings.warn(('Invalid uuid: %s. To ensure interoperability, '
2026-06-28 21:04:52.819 10 INFO neutron.wsgi [None req-4f3bdc33-d934-4282-b688-75c4dc8b0e0c 7158a4343b1644bca570133cdab81c48 27b21ca08bc649258cc31d37fbe6fa54 - - default default] 10.0.0.202 "GET /v2.0/security-groups?tenant_id=181ce63b918745cf8abfae03f6a9b9c9&name=default HTTP/1.1" status: 200 len: 2992 time: 0.0413346
2026-06-28 21:04:52.825 10 INFO neutron.db.ovn_revision_numbers_db [None req-41d816c5-b8bd-4113-b901-8c70f7f6f23a befaf1e567f34e748676afcb62dac9a6 ecf5604014d9414a80bc59e663d983a6 - - - -] Successfully bumped revision number for resource f3808493-1fa7-4b0c-ad55-9b47884ac185 (type: ports) to 1
2026-06-28 21:04:52.862 10 INFO neutron.wsgi [None req-41d816c5-b8bd-4113-b901-8c70f7f6f23a befaf1e567f34e748676afcb62dac9a6 ecf5604014d9414a80bc59e663d983a6 - - - -] 199.19.213.60 "POST /v2.0/ports HTTP/1.1" status: 201 len: 1158 time: 0.7894716
2026-06-28 21:04:52.940 9 INFO neutron.wsgi [req-a8c5eb13-bfe3-4e4e-96a9-8a34de270cf5 req-ab28b4b1-8fef-4174-acc7-426bc3839d53 8e1bdbdf0b2d4629ae976e6e370567bd d5b618ee756f45ea822f05337c484cf1 - - 86e08e0233ff4bfda26ef76c9bfe5e40 86e08e0233ff4bfda26ef76c9bfe5e40] 199.19.213.60 "GET /v2.0/networks/98c71643-2c95-4d47-894b-08fb3d9db118?fields=segments HTTP/1.1" status: 200 len: 212 time: 0.2536035
