2026-06-28 21:06:07.307 9 INFO neutron.services.segments.plugin [-] Segment 74a6986b-f442-4211-9606-5cd636c761b7 resource provider not found; error: Placement Client Error (4xx): {"errors": [{"status": 404, "title": "Not Found", "detail": "The resource could not be found.\n\n No resource provider with uuid 74a6986b-f442-4211-9606-5cd636c761b7 found for delete ", "request_id": "req-d59bfba7-5304-46cb-9c48-8ea2280f8c0b"}]}
2026-06-28 21:06:07.309 9 INFO neutron.services.segments.plugin [-] Segment 74a6986b-f442-4211-9606-5cd636c761b7 resource provider not found; error: Placement Client Error (4xx): {"errors": [{"status": 404, "title": "Not Found", "detail": "The resource could not be found.\n\n No resource provider with uuid 74a6986b-f442-4211-9606-5cd636c761b7 found for delete ", "request_id": "req-543ea969-4d7a-4d15-99dc-da3ddfd39f92"}]}
2026-06-28 21:06:07.342 9 INFO neutron.wsgi [None req-2fb73dc2-d549-4a64-9e9e-95e8b080b4f3 0aa1059e438449aa9aa6f801d2694128 73e4dfdf755c468183a4e216e704e8b3 - - - -] 10.0.0.202 "DELETE /v2.0/networks/9f473c3a-6ac7-4d97-9ee8-e81ba35af776 HTTP/1.1" status: 204 len: 168 time: 0.6648076
2026-06-28 21:06:07.365 10 INFO neutron.db.ovn_revision_numbers_db [None req-c6bbd83e-8d2f-4424-baa2-5b825f49c3f5 2a42abcbf14d4e9dac4850bee800c7a9 4db06c7dab31460eae1f38642ffc42f9 - - default default] Successfully bumped revision number for resource ab1ffcdd-190f-4590-9b61-28c2aebf59a8 (type: router_ports) to 2
2026-06-28 21:06:07.365 9 INFO neutron.plugins.ml2.drivers.ovn.mech_driver.mech_driver [None req-dff9ed6f-4662-4b77-852b-6b91bd7a5f84 - - - - - -] OVN reports status up for port: ab1ffcdd-190f-4590-9b61-28c2aebf59a8
2026-06-28 21:06:07.376 9 INFO neutron.plugins.ml2.plugin [None req-dff9ed6f-4662-4b77-852b-6b91bd7a5f84 - - - - - -] Attempt 1 to provision port ab1ffcdd-190f-4590-9b61-28c2aebf59a8
2026-06-28 21:06:07.435 9 INFO neutron.wsgi [None req-014f4860-2750-40ac-9c90-b15c83e38bd0 7158a4343b1644bca570133cdab81c48 27b21ca08bc649258cc31d37fbe6fa54 - - - -] 10.0.0.202 "DELETE /v2.0/security-groups/26a99886-0c1a-4b0e-9a13-636a9b7fdcf4 HTTP/1.1" status: 204 len: 168 time: 0.2863221
2026-06-28 21:06:07.591 10 INFO neutron.db.ovn_revision_numbers_db [None req-c6bbd83e-8d2f-4424-baa2-5b825f49c3f5 2a42abcbf14d4e9dac4850bee800c7a9 4db06c7dab31460eae1f38642ffc42f9 - - default default] Successfully bumped revision number for resource ab1ffcdd-190f-4590-9b61-28c2aebf59a8 (type: ports) to 2
2026-06-28 21:06:07.635 9 INFO neutron.db.ovn_revision_numbers_db [None req-dff9ed6f-4662-4b77-852b-6b91bd7a5f84 - - - - - -] Successfully bumped revision number for resource ab1ffcdd-190f-4590-9b61-28c2aebf59a8 (type: ports) to 3
2026-06-28 21:06:07.739 9 INFO neutron.db.ovn_revision_numbers_db [None req-dff9ed6f-4662-4b77-852b-6b91bd7a5f84 - - - - - -] Successfully bumped revision number for resource ab1ffcdd-190f-4590-9b61-28c2aebf59a8 (type: router_ports) to 3
2026-06-28 21:06:07.856 10 INFO neutron.services.segments.plugin [-] Segment 865b874e-6bc4-4ba1-a1f9-7529edcf1076 resource provider aggregate not found
2026-06-28 21:06:07.880 10 INFO neutron.services.segments.plugin [-] Segment 865b874e-6bc4-4ba1-a1f9-7529edcf1076 resource provider not found; error: Placement Client Error (4xx): {"errors": [{"status": 404, "title": "Not Found", "detail": "The resource could not be found.\n\n No resource provider with uuid 865b874e-6bc4-4ba1-a1f9-7529edcf1076 found for delete ", "request_id": "req-393258de-e2d7-4ca3-860a-b8604e7b8a99"}]}
2026-06-28 21:06:07.901 10 INFO neutron.services.segments.plugin [-] Segment 865b874e-6bc4-4ba1-a1f9-7529edcf1076 resource provider aggregate not found
2026-06-28 21:06:07.921 10 INFO neutron.services.segments.plugin [-] Segment 865b874e-6bc4-4ba1-a1f9-7529edcf1076 resource provider not found; error: Placement Client Error (4xx): {"errors": [{"status": 404, "title": "Not Found", "detail": "The resource could not be found.\n\n No resource provider with uuid 865b874e-6bc4-4ba1-a1f9-7529edcf1076 found for delete ", "request_id": "req-4951db6f-5990-4e6e-b336-d8f9a62eb40e"}]} /var/lib/openstack/lib/python3.10/site-packages/pycadf/identifier.py:71: UserWarning: Invalid uuid: neutron. To ensure interoperability, identifiers should be a valid uuid. warnings.warn(('Invalid uuid: %s. To ensure interoperability, '
2026-06-28 21:06:08.002 9 INFO neutron.wsgi [None req-1b765f4b-43a3-4983-abda-4bcc539a2642 7158a4343b1644bca570133cdab81c48 27b21ca08bc649258cc31d37fbe6fa54 - - default default] 10.0.0.202 "GET /v2.0/security-groups?tenant_id=73e4dfdf755c468183a4e216e704e8b3&name=default HTTP/1.1" status: 200 len: 2996 time: 0.1367285 /var/lib/openstack/lib/python3.10/site-packages/pycadf/identifier.py:71: UserWarning: Invalid uuid: neutron. To ensure interoperability, identifiers should be a valid uuid. warnings.warn(('Invalid uuid: %s. To ensure interoperability, '
2026-06-28 21:06:08.217 10 INFO neutron.db.ovn_revision_numbers_db [None req-c6bbd83e-8d2f-4424-baa2-5b825f49c3f5 2a42abcbf14d4e9dac4850bee800c7a9 4db06c7dab31460eae1f38642ffc42f9 - - default default] Successfully bumped revision number for resource ab1ffcdd-190f-4590-9b61-28c2aebf59a8 (type: ports) to 4
2026-06-28 21:06:08.286 10 INFO neutron.wsgi [None req-c14d8fdb-7ac7-45b6-afb8-ab5584955519 7158a4343b1644bca570133cdab81c48 27b21ca08bc649258cc31d37fbe6fa54 - - - -] 10.0.0.202 "DELETE /v2.0/security-groups/898469ad-835d-4e3b-81c8-33a1f6d9239b HTTP/1.1" status: 204 len: 168 time: 0.2769971
2026-06-28 21:06:08.295 10 WARNING neutron.scheduler.dhcp_agent_scheduler [None req-c6bbd83e-8d2f-4424-baa2-5b825f49c3f5 2a42abcbf14d4e9dac4850bee800c7a9 4db06c7dab31460eae1f38642ffc42f9 - - default default] No more DHCP agents
2026-06-28 21:06:08.297 10 WARNING neutron.api.rpc.agentnotifiers.dhcp_rpc_agent_api [None req-c6bbd83e-8d2f-4424-baa2-5b825f49c3f5 2a42abcbf14d4e9dac4850bee800c7a9 4db06c7dab31460eae1f38642ffc42f9 - - default default] Unable to schedule network dea330a4-312e-4ebb-adab-ed1212ae987d: no agents available; will retry on subsequent port and subnet creation events.
2026-06-28 21:06:08.498 10 INFO neutron.db.ovn_revision_numbers_db [None req-c6bbd83e-8d2f-4424-baa2-5b825f49c3f5 2a42abcbf14d4e9dac4850bee800c7a9 4db06c7dab31460eae1f38642ffc42f9 - - - -] Successfully bumped revision number for resource ab1ffcdd-190f-4590-9b61-28c2aebf59a8 (type: router_ports) to 4
2026-06-28 21:06:08.501 10 INFO neutron.wsgi [None req-c6bbd83e-8d2f-4424-baa2-5b825f49c3f5 2a42abcbf14d4e9dac4850bee800c7a9 4db06c7dab31460eae1f38642ffc42f9 - - - -] 10.0.0.202 "PUT /v2.0/routers/3ddfa6a2-2d40-48e9-9cd3-7d0b2a4ec405/add_router_interface HTTP/1.1" status: 200 len: 503 time: 1.6047692
2026-06-28 21:06:08.619 10 INFO neutron.wsgi [None req-d67bb37b-6d52-48d3-8bed-95cbbb0e3d55 2a42abcbf14d4e9dac4850bee800c7a9 4db06c7dab31460eae1f38642ffc42f9 - - default default] 10.0.0.202 "GET /v2.0/ports/ab1ffcdd-190f-4590-9b61-28c2aebf59a8 HTTP/1.1" status: 200 len: 1205 time: 0.1126022
2026-06-28 21:06:08.691 9 INFO neutron.db.ovn_revision_numbers_db [None req-1ff7eacd-1c9a-4ed4-97af-cb0f77a54529 7158a4343b1644bca570133cdab81c48 27b21ca08bc649258cc31d37fbe6fa54 - - default default] Successfully bumped revision number for resource 7123251d-1edd-4244-aa3a-7043435637dd (type: security_groups) to 1
2026-06-28 21:06:08.722 9 INFO neutron.wsgi [None req-1ff7eacd-1c9a-4ed4-97af-cb0f77a54529 7158a4343b1644bca570133cdab81c48 27b21ca08bc649258cc31d37fbe6fa54 - - default default] 10.0.0.202 "GET /v2.0/security-groups?tenant_id=bd8ed724e5644adf8b1c947d8582cf51&name=default HTTP/1.1" status: 200 len: 2996 time: 0.3220196
2026-06-28 21:06:08.902 9 INFO neutron.wsgi [None req-5633de81-caa1-4e8f-8a3b-dd60f52fa1a3 7158a4343b1644bca570133cdab81c48 27b21ca08bc649258cc31d37fbe6fa54 - - - -] 10.0.0.202 "DELETE /v2.0/security-groups/7123251d-1edd-4244-aa3a-7043435637dd HTTP/1.1" status: 204 len: 168 time: 0.1742287
2026-06-28 21:06:09.465 9 INFO neutron.db.ovn_revision_numbers_db [None req-ccec6b75-168d-4dea-81f3-dfd2de6e9d69 7158a4343b1644bca570133cdab81c48 27b21ca08bc649258cc31d37fbe6fa54 - - - -] Successfully bumped revision number for resource bc73f12a-0600-4fa5-ba90-e8991f8ec745 (type: security_groups) to 1
2026-06-28 21:06:09.515 10 INFO neutron.wsgi [None req-bbcbb0b5-8818-4a27-a27c-8b300a0298ed 2a42abcbf14d4e9dac4850bee800c7a9 4db06c7dab31460eae1f38642ffc42f9 - - - -] 10.0.0.202 "PUT /v2.0/routers/3ddfa6a2-2d40-48e9-9cd3-7d0b2a4ec405/remove_router_interface HTTP/1.1" status: 200 len: 503 time: 0.8878245
2026-06-28 21:06:09.522 9 INFO neutron.db.segments_db [None req-ccec6b75-168d-4dea-81f3-dfd2de6e9d69 7158a4343b1644bca570133cdab81c48 27b21ca08bc649258cc31d37fbe6fa54 - - - -] Added segment b200e3e4-7582-4251-afff-d3890db9eb81 of type geneve for network 9bf75b88-03d1-48ab-bafb-fb1574fedfaf /var/lib/openstack/lib/python3.10/site-packages/pycadf/identifier.py:71: UserWarning: Invalid uuid: neutron. To ensure interoperability, identifiers should be a valid uuid. warnings.warn(('Invalid uuid: %s. To ensure interoperability, '
2026-06-28 21:06:09.608 10 INFO neutron.api.v2.resource [None req-ed13be91-3202-4ac4-9fdc-0568269ba720 2a42abcbf14d4e9dac4850bee800c7a9 4db06c7dab31460eae1f38642ffc42f9 - - default default] remove_router_interface failed (client error): The resource could not be found.
2026-06-28 21:06:09.610 10 INFO neutron.wsgi [None req-ed13be91-3202-4ac4-9fdc-0568269ba720 2a42abcbf14d4e9dac4850bee800c7a9 4db06c7dab31460eae1f38642ffc42f9 - - default default] 10.0.0.202 "PUT /v2.0/routers/3ddfa6a2-2d40-48e9-9cd3-7d0b2a4ec405/remove_router_interface HTTP/1.1" status: 404 len: 398 time: 0.0887542
2026-06-28 21:06:09.648 10 INFO neutron.wsgi [None req-d4c6609e-443e-4cac-be7f-65a717dd6266 2a42abcbf14d4e9dac4850bee800c7a9 4db06c7dab31460eae1f38642ffc42f9 - - default default] 10.0.0.202 "GET /v2.0/ports?device_id=3ddfa6a2-2d40-48e9-9cd3-7d0b2a4ec405 HTTP/1.1" status: 200 len: 205 time: 0.0290511
2026-06-28 21:06:09.650 9 INFO neutron.db.ovn_revision_numbers_db [None req-ccec6b75-168d-4dea-81f3-dfd2de6e9d69 7158a4343b1644bca570133cdab81c48 27b21ca08bc649258cc31d37fbe6fa54 - - - -] Successfully bumped revision number for resource 9bf75b88-03d1-48ab-bafb-fb1574fedfaf (type: networks) to 1
2026-06-28 21:06:09.811 9 WARNING neutron.scheduler.dhcp_agent_scheduler [None req-ccec6b75-168d-4dea-81f3-dfd2de6e9d69 7158a4343b1644bca570133cdab81c48 27b21ca08bc649258cc31d37fbe6fa54 - - - -] No more DHCP agents
2026-06-28 21:06:09.813 9 WARNING neutron.api.rpc.agentnotifiers.dhcp_rpc_agent_api [None req-ccec6b75-168d-4dea-81f3-dfd2de6e9d69 7158a4343b1644bca570133cdab81c48 27b21ca08bc649258cc31d37fbe6fa54 - - - -] Unable to schedule network 9bf75b88-03d1-48ab-bafb-fb1574fedfaf: no agents available; will retry on subsequent port and subnet creation events.
2026-06-28 21:06:09.852 10 INFO neutron.wsgi [None req-0f12f481-c221-4c6b-a424-0ab69b0381f3 2a42abcbf14d4e9dac4850bee800c7a9 4db06c7dab31460eae1f38642ffc42f9 - - - -] 10.0.0.202 "DELETE /v2.0/routers/3ddfa6a2-2d40-48e9-9cd3-7d0b2a4ec405 HTTP/1.1" status: 204 len: 168 time: 0.1989913
2026-06-28 21:06:09.877 9 INFO neutron.db.ovn_revision_numbers_db [None req-ccec6b75-168d-4dea-81f3-dfd2de6e9d69 7158a4343b1644bca570133cdab81c48 27b21ca08bc649258cc31d37fbe6fa54 - - - -] Successfully bumped revision number for resource 16e7eec0-0b69-45be-bef4-3effdb8b2897 (type: ports) to 1
2026-06-28 21:06:09.895 9 INFO neutron.wsgi [None req-ccec6b75-168d-4dea-81f3-dfd2de6e9d69 7158a4343b1644bca570133cdab81c48 27b21ca08bc649258cc31d37fbe6fa54 - - - -] 10.0.0.202 "POST /v2.0/networks HTTP/1.1" status: 201 len: 946 time: 0.6426206
2026-06-28 21:06:10.056 9 WARNING neutron.scheduler.dhcp_agent_scheduler [None req-ea0245b7-8f49-4aa0-88d6-97477b377cf7 7158a4343b1644bca570133cdab81c48 27b21ca08bc649258cc31d37fbe6fa54 - - - -] No more DHCP agents
2026-06-28 21:06:10.056 10 INFO neutron.wsgi [None req-31d96022-eb5d-4fda-a803-14dc82d93d48 2a42abcbf14d4e9dac4850bee800c7a9 4db06c7dab31460eae1f38642ffc42f9 - - - -] 10.0.0.202 "DELETE /v2.0/subnets/7c748417-2e16-4d7a-b9ce-85fe259457b8 HTTP/1.1" status: 204 len: 168 time: 0.2000821
2026-06-28 21:06:10.058 9 WARNING neutron.api.rpc.agentnotifiers.dhcp_rpc_agent_api [None req-ea0245b7-8f49-4aa0-88d6-97477b377cf7 7158a4343b1644bca570133cdab81c48 27b21ca08bc649258cc31d37fbe6fa54 - - - -] Unable to schedule network 9bf75b88-03d1-48ab-bafb-fb1574fedfaf: no agents available; will retry on subsequent port and subnet creation events.
2026-06-28 21:06:10.242 10 INFO neutron.db.ovn_revision_numbers_db [None req-89266a66-7f37-4905-bd26-6653eda1d46f 8c0d136ebb984aa8bb1d2c2ed8279159 ae3b057a73934a768a8759d2cd1e865d - - - -] Successfully bumped revision number for resource 19ac2c27-affa-43f0-ba97-e4c3958b1723 (type: security_groups) to 1
2026-06-28 21:06:10.295 10 INFO neutron.db.segments_db [None req-89266a66-7f37-4905-bd26-6653eda1d46f 8c0d136ebb984aa8bb1d2c2ed8279159 ae3b057a73934a768a8759d2cd1e865d - - - -] Added segment 4956617b-d501-463e-a52b-3f795e573158 of type geneve for network 3e7bcf89-a02c-4b49-8f45-5154ba3f07a0
2026-06-28 21:06:10.434 10 INFO neutron.db.ovn_revision_numbers_db [None req-89266a66-7f37-4905-bd26-6653eda1d46f 8c0d136ebb984aa8bb1d2c2ed8279159 ae3b057a73934a768a8759d2cd1e865d - - - -] Successfully bumped revision number for resource 3e7bcf89-a02c-4b49-8f45-5154ba3f07a0 (type: networks) to 1
2026-06-28 21:06:10.462 10 INFO neutron.services.segments.plugin [-] Segment af794024-1252-4499-b007-91b984228adc resource provider aggregate not found
2026-06-28 21:06:10.480 10 INFO neutron.services.segments.plugin [-] Segment af794024-1252-4499-b007-91b984228adc resource provider aggregate not found
2026-06-28 21:06:10.484 9 INFO neutron.db.ovn_revision_numbers_db [None req-ea0245b7-8f49-4aa0-88d6-97477b377cf7 7158a4343b1644bca570133cdab81c48 27b21ca08bc649258cc31d37fbe6fa54 - - - -] Successfully bumped revision number for resource 16e7eec0-0b69-45be-bef4-3effdb8b2897 (type: ports) to 2
2026-06-28 21:06:10.485 10 INFO neutron.services.segments.plugin [-] Segment af794024-1252-4499-b007-91b984228adc resource provider not found; error: Placement Client Error (4xx): {"errors": [{"status": 404, "title": "Not Found", "detail": "The resource could not be found.\n\n No resource provider with uuid af794024-1252-4499-b007-91b984228adc found for delete ", "request_id": "req-c8f63947-5475-4fc1-b5d7-ca45b988b615"}]}
2026-06-28 21:06:10.500 10 INFO neutron.services.segments.plugin [-] Segment af794024-1252-4499-b007-91b984228adc resource provider not found; error: Placement Client Error (4xx): {"errors": [{"status": 404, "title": "Not Found", "detail": "The resource could not be found.\n\n No resource provider with uuid af794024-1252-4499-b007-91b984228adc found for delete ", "request_id": "req-d176d2f8-7b2a-4a4c-829d-6ed0e55e26a6"}]}
2026-06-28 21:06:10.504 9 INFO neutron.db.ovn_revision_numbers_db [None req-ea0245b7-8f49-4aa0-88d6-97477b377cf7 7158a4343b1644bca570133cdab81c48 27b21ca08bc649258cc31d37fbe6fa54 - - - -] Successfully bumped revision number for resource e6afc1a0-2559-4f60-975c-2a1907d0f8f6 (type: subnets) to 0
2026-06-28 21:06:10.518 9 INFO neutron.wsgi [None req-ea0245b7-8f49-4aa0-88d6-97477b377cf7 7158a4343b1644bca570133cdab81c48 27b21ca08bc649258cc31d37fbe6fa54 - - - -] 10.0.0.202 "POST /v2.0/subnets HTTP/1.1" status: 201 len: 866 time: 0.6180193
2026-06-28 21:06:10.561 10 INFO neutron.wsgi [None req-aa4bf4f4-bae1-432a-808f-55b4aabb5e1b 2a42abcbf14d4e9dac4850bee800c7a9 4db06c7dab31460eae1f38642ffc42f9 - - - -] 10.0.0.202 "DELETE /v2.0/networks/dea330a4-312e-4ebb-adab-ed1212ae987d HTTP/1.1" status: 204 len: 168 time: 0.4982035
2026-06-28 21:06:10.669 9 INFO neutron.db.segments_db [None req-7fb67ba1-c971-4aff-b27d-21106271c90f 2a42abcbf14d4e9dac4850bee800c7a9 4db06c7dab31460eae1f38642ffc42f9 - - - -] Added segment a96fd3a6-fc59-4012-a48d-e1d450922943 of type geneve for network 143e91f5-ee8c-4975-88ce-81d1b0455509
2026-06-28 21:06:10.760 10 WARNING neutron.scheduler.dhcp_agent_scheduler [None req-89266a66-7f37-4905-bd26-6653eda1d46f 8c0d136ebb984aa8bb1d2c2ed8279159 ae3b057a73934a768a8759d2cd1e865d - - - -] No more DHCP agents
2026-06-28 21:06:10.767 10 WARNING neutron.api.rpc.agentnotifiers.dhcp_rpc_agent_api [None req-89266a66-7f37-4905-bd26-6653eda1d46f 8c0d136ebb984aa8bb1d2c2ed8279159 ae3b057a73934a768a8759d2cd1e865d - - - -] Unable to schedule network 3e7bcf89-a02c-4b49-8f45-5154ba3f07a0: no agents available; will retry on subsequent port and subnet creation events.
2026-06-28 21:06:10.790 9 INFO neutron.db.ovn_revision_numbers_db [None req-7fb67ba1-c971-4aff-b27d-21106271c90f 2a42abcbf14d4e9dac4850bee800c7a9 4db06c7dab31460eae1f38642ffc42f9 - - - -] Successfully bumped revision number for resource 143e91f5-ee8c-4975-88ce-81d1b0455509 (type: networks) to 1
2026-06-28 21:06:10.870 9 INFO neutron.wsgi [-] 10.0.0.70 "GET / HTTP/1.1" status: 200 len: 247 time: 0.0013604
2026-06-28 21:06:10.872 9 INFO neutron.wsgi [-] 10.0.0.70 "GET / HTTP/1.1" status: 200 len: 247 time: 0.0009129
2026-06-28 21:06:10.894 10 INFO neutron.db.ovn_revision_numbers_db [None req-89266a66-7f37-4905-bd26-6653eda1d46f 8c0d136ebb984aa8bb1d2c2ed8279159 ae3b057a73934a768a8759d2cd1e865d - - - -] Successfully bumped revision number for resource 11ac41f8-fccb-456c-bba2-8508fcea1783 (type: ports) to 1
2026-06-28 21:06:10.924 10 INFO neutron.wsgi [None req-89266a66-7f37-4905-bd26-6653eda1d46f 8c0d136ebb984aa8bb1d2c2ed8279159 ae3b057a73934a768a8759d2cd1e865d - - - -] 10.0.0.202 "POST /v2.0/networks HTTP/1.1" status: 201 len: 832 time: 0.9884913
2026-06-28 21:06:11.009 9 WARNING neutron.scheduler.dhcp_agent_scheduler [None req-7fb67ba1-c971-4aff-b27d-21106271c90f 2a42abcbf14d4e9dac4850bee800c7a9 4db06c7dab31460eae1f38642ffc42f9 - - - -] No more DHCP agents
2026-06-28 21:06:11.012 9 WARNING neutron.api.rpc.agentnotifiers.dhcp_rpc_agent_api [None req-7fb67ba1-c971-4aff-b27d-21106271c90f 2a42abcbf14d4e9dac4850bee800c7a9 4db06c7dab31460eae1f38642ffc42f9 - - - -] Unable to schedule network 143e91f5-ee8c-4975-88ce-81d1b0455509: no agents available; will retry on subsequent port and subnet creation events.
2026-06-28 21:06:11.038 10 INFO neutron.db.segments_db [None req-63dff27e-0f9f-43a4-9c08-0aad8ff62f54 8c0d136ebb984aa8bb1d2c2ed8279159 ae3b057a73934a768a8759d2cd1e865d - - - -] Added segment 7d10b584-c318-4794-9c78-9b8a5a89237f of type geneve for network 01fa8473-deac-48e6-b673-fd120771d937
2026-06-28 21:06:11.091 9 INFO neutron.db.ovn_revision_numbers_db [None req-7fb67ba1-c971-4aff-b27d-21106271c90f 2a42abcbf14d4e9dac4850bee800c7a9 4db06c7dab31460eae1f38642ffc42f9 - - - -] Successfully bumped revision number for resource 1c8d97a0-330e-4d62-b6df-f81570a3c75c (type: ports) to 1
2026-06-28 21:06:11.118 9 INFO neutron.wsgi [None req-7fb67ba1-c971-4aff-b27d-21106271c90f 2a42abcbf14d4e9dac4850bee800c7a9 4db06c7dab31460eae1f38642ffc42f9 - - - -] 10.0.0.202 "POST /v2.0/networks HTTP/1.1" status: 201 len: 828 time: 0.5465345
2026-06-28 21:06:11.355 9 WARNING neutron.scheduler.dhcp_agent_scheduler [None req-a0c5a4b9-a3c8-44ad-9882-35178244f3b5 2a42abcbf14d4e9dac4850bee800c7a9 4db06c7dab31460eae1f38642ffc42f9 - - - -] No more DHCP agents
2026-06-28 21:06:11.357 9 WARNING neutron.api.rpc.agentnotifiers.dhcp_rpc_agent_api [None req-a0c5a4b9-a3c8-44ad-9882-35178244f3b5 2a42abcbf14d4e9dac4850bee800c7a9 4db06c7dab31460eae1f38642ffc42f9 - - - -] Unable to schedule network 143e91f5-ee8c-4975-88ce-81d1b0455509: no agents available; will retry on subsequent port and subnet creation events.
2026-06-28 21:06:11.458 10 INFO neutron.db.ovn_revision_numbers_db [None req-63dff27e-0f9f-43a4-9c08-0aad8ff62f54 8c0d136ebb984aa8bb1d2c2ed8279159 ae3b057a73934a768a8759d2cd1e865d - - - -] Successfully bumped revision number for resource 01fa8473-deac-48e6-b673-fd120771d937 (type: networks) to 1
2026-06-28 21:06:11.511 10 WARNING neutron.scheduler.dhcp_agent_scheduler [None req-0c1eb4aa-f386-4b5c-ad80-4040aa42c098 7158a4343b1644bca570133cdab81c48 27b21ca08bc649258cc31d37fbe6fa54 - - - -] No more DHCP agents
2026-06-28 21:06:11.521 10 WARNING neutron.api.rpc.agentnotifiers.dhcp_rpc_agent_api [None req-0c1eb4aa-f386-4b5c-ad80-4040aa42c098 7158a4343b1644bca570133cdab81c48 27b21ca08bc649258cc31d37fbe6fa54 - - - -] Unable to schedule network 91ce8d9f-625c-463c-b978-1a2031c7bcd1: no agents available; will retry on subsequent port and subnet creation events.
2026-06-28 21:06:11.670 10 WARNING neutron.scheduler.dhcp_agent_scheduler [None req-63dff27e-0f9f-43a4-9c08-0aad8ff62f54 8c0d136ebb984aa8bb1d2c2ed8279159 ae3b057a73934a768a8759d2cd1e865d - - - -] No more DHCP agents
2026-06-28 21:06:11.674 10 WARNING neutron.api.rpc.agentnotifiers.dhcp_rpc_agent_api [None req-63dff27e-0f9f-43a4-9c08-0aad8ff62f54 8c0d136ebb984aa8bb1d2c2ed8279159 ae3b057a73934a768a8759d2cd1e865d - - - -] Unable to schedule network 01fa8473-deac-48e6-b673-fd120771d937: no agents available; will retry on subsequent port and subnet creation events.
2026-06-28 21:06:11.730 10 INFO neutron.db.ovn_revision_numbers_db [None req-0c1eb4aa-f386-4b5c-ad80-4040aa42c098 7158a4343b1644bca570133cdab81c48 27b21ca08bc649258cc31d37fbe6fa54 - - - -] Successfully bumped revision number for resource 6b669576-ebcb-45a6-81e3-7d8b4e98d2e1 (type: ports) to 1
2026-06-28 21:06:11.740 10 INFO neutron.db.ovn_revision_numbers_db [None req-63dff27e-0f9f-43a4-9c08-0aad8ff62f54 8c0d136ebb984aa8bb1d2c2ed8279159 ae3b057a73934a768a8759d2cd1e865d - - - -] Successfully bumped revision number for resource 961ce93a-8bb1-4783-8417-9f2e2c102919 (type: ports) to 1
2026-06-28 21:06:11.778 9 INFO neutron.db.ovn_revision_numbers_db [None req-a0c5a4b9-a3c8-44ad-9882-35178244f3b5 2a42abcbf14d4e9dac4850bee800c7a9 4db06c7dab31460eae1f38642ffc42f9 - - - -] Successfully bumped revision number for resource 1c8d97a0-330e-4d62-b6df-f81570a3c75c (type: ports) to 2
2026-06-28 21:06:11.791 9 INFO neutron.db.ovn_revision_numbers_db [None req-a0c5a4b9-a3c8-44ad-9882-35178244f3b5 2a42abcbf14d4e9dac4850bee800c7a9 4db06c7dab31460eae1f38642ffc42f9 - - - -] Successfully bumped revision number for resource 93fc6fc7-d0c8-4223-b006-76b708af3fad (type: subnets) to 0
2026-06-28 21:06:11.791 10 INFO neutron.wsgi [None req-63dff27e-0f9f-43a4-9c08-0aad8ff62f54 8c0d136ebb984aa8bb1d2c2ed8279159 ae3b057a73934a768a8759d2cd1e865d - - - -] 10.0.0.202 "POST /v2.0/networks HTTP/1.1" status: 201 len: 833 time: 0.8609045
2026-06-28 21:06:11.805 9 INFO neutron.wsgi [None req-a0c5a4b9-a3c8-44ad-9882-35178244f3b5 2a42abcbf14d4e9dac4850bee800c7a9 4db06c7dab31460eae1f38642ffc42f9 - - - -] 10.0.0.202 "POST /v2.0/subnets HTTP/1.1" status: 201 len: 801 time: 0.6833293
2026-06-28 21:06:11.967 9 INFO neutron.db.ovn_revision_numbers_db [None req-4d68adae-19f2-4024-9294-ed63f58ddfc8 2a42abcbf14d4e9dac4850bee800c7a9 4db06c7dab31460eae1f38642ffc42f9 - - - -] Successfully bumped revision number for resource dc430553-fe70-423a-940a-8f405656843a (type: routers) to 1
2026-06-28 21:06:11.980 9 INFO neutron.wsgi [None req-4d68adae-19f2-4024-9294-ed63f58ddfc8 2a42abcbf14d4e9dac4850bee800c7a9 4db06c7dab31460eae1f38642ffc42f9 - - - -] 10.0.0.202 "POST /v2.0/routers HTTP/1.1" status: 201 len: 686 time: 0.1699843
2026-06-28 21:06:12.140 10 WARNING neutron.scheduler.dhcp_agent_scheduler [None req-8509d6ab-57fc-4b45-90f4-e3ff132213b1 8c0d136ebb984aa8bb1d2c2ed8279159 ae3b057a73934a768a8759d2cd1e865d - - - -] No more DHCP agents
2026-06-28 21:06:12.143 10 WARNING neutron.api.rpc.agentnotifiers.dhcp_rpc_agent_api [None req-8509d6ab-57fc-4b45-90f4-e3ff132213b1 8c0d136ebb984aa8bb1d2c2ed8279159 ae3b057a73934a768a8759d2cd1e865d - - - -] Unable to schedule network 3e7bcf89-a02c-4b49-8f45-5154ba3f07a0: no agents available; will retry on subsequent port and subnet creation events.
2026-06-28 21:06:12.166 10 INFO neutron.db.ovn_revision_numbers_db [None req-8509d6ab-57fc-4b45-90f4-e3ff132213b1 8c0d136ebb984aa8bb1d2c2ed8279159 ae3b057a73934a768a8759d2cd1e865d - - - -] Successfully bumped revision number for resource 01b41d8d-4d3b-4504-bea3-d63ae02e19dc (type: subnets) to 0
2026-06-28 21:06:12.193 10 INFO neutron.wsgi [None req-8509d6ab-57fc-4b45-90f4-e3ff132213b1 8c0d136ebb984aa8bb1d2c2ed8279159 ae3b057a73934a768a8759d2cd1e865d - - - -] 10.0.0.202 "POST /v2.0/subnets HTTP/1.1" status: 201 len: 821 time: 0.3964622
2026-06-28 21:06:12.370 9 WARNING neutron.scheduler.dhcp_agent_scheduler [None req-548885e8-ca95-4fc4-873d-68e264d86b9b 2a42abcbf14d4e9dac4850bee800c7a9 4db06c7dab31460eae1f38642ffc42f9 - - default default] No more DHCP agents
2026-06-28 21:06:12.372 9 WARNING neutron.api.rpc.agentnotifiers.dhcp_rpc_agent_api [None req-548885e8-ca95-4fc4-873d-68e264d86b9b 2a42abcbf14d4e9dac4850bee800c7a9 4db06c7dab31460eae1f38642ffc42f9 - - default default] Unable to schedule network 143e91f5-ee8c-4975-88ce-81d1b0455509: no agents available; will retry on subsequent port and subnet creation events.
2026-06-28 21:06:12.448 9 INFO neutron.plugins.ml2.drivers.ovn.mech_driver.ovsdb.ovsdb_monitor [None req-5f9e7c8c-ac8f-40f6-a3eb-79168dafed08 - - - - - -] Router cd6acb8d-b1c9-42e6-ac54-19d86cc48236 is bound to host instance
2026-06-28 21:06:12.451 10 INFO neutron.db.ovn_revision_numbers_db [None req-0c1eb4aa-f386-4b5c-ad80-4040aa42c098 7158a4343b1644bca570133cdab81c48 27b21ca08bc649258cc31d37fbe6fa54 - - - -] Successfully bumped revision number for resource 6b669576-ebcb-45a6-81e3-7d8b4e98d2e1 (type: router_ports) to 1
2026-06-28 21:06:12.512 10 WARNING neutron.scheduler.dhcp_agent_scheduler [None req-0194aca7-e6d2-4bef-9d0d-f7fcad8b6853 8c0d136ebb984aa8bb1d2c2ed8279159 ae3b057a73934a768a8759d2cd1e865d - - - -] No more DHCP agents
2026-06-28 21:06:12.517 10 WARNING neutron.api.rpc.agentnotifiers.dhcp_rpc_agent_api [None req-0194aca7-e6d2-4bef-9d0d-f7fcad8b6853 8c0d136ebb984aa8bb1d2c2ed8279159 ae3b057a73934a768a8759d2cd1e865d - - - -] Unable to schedule network 01fa8473-deac-48e6-b673-fd120771d937: no agents available; will retry on subsequent port and subnet creation events.
2026-06-28 21:06:12.532 10 INFO neutron.db.ovn_revision_numbers_db [None req-0194aca7-e6d2-4bef-9d0d-f7fcad8b6853 8c0d136ebb984aa8bb1d2c2ed8279159 ae3b057a73934a768a8759d2cd1e865d - - - -] Successfully bumped revision number for resource 9c6a610f-b226-422f-ac01-5c292cda3aa6 (type: subnets) to 0
2026-06-28 21:06:12.542 9 INFO neutron.db.ovn_revision_numbers_db [None req-548885e8-ca95-4fc4-873d-68e264d86b9b 2a42abcbf14d4e9dac4850bee800c7a9 4db06c7dab31460eae1f38642ffc42f9 - - default default] Successfully bumped revision number for resource facaae01-cb00-492b-b0e9-3294842e93c0 (type: ports) to 1
2026-06-28 21:06:12.547 10 INFO neutron.db.ovn_revision_numbers_db [None req-0c1eb4aa-f386-4b5c-ad80-4040aa42c098 7158a4343b1644bca570133cdab81c48 27b21ca08bc649258cc31d37fbe6fa54 - - - -] Successfully bumped revision number for resource cd6acb8d-b1c9-42e6-ac54-19d86cc48236 (type: routers) to 3
2026-06-28 21:06:12.555 10 INFO neutron.wsgi [None req-0194aca7-e6d2-4bef-9d0d-f7fcad8b6853 8c0d136ebb984aa8bb1d2c2ed8279159 ae3b057a73934a768a8759d2cd1e865d - - - -] 10.0.0.202 "POST /v2.0/subnets HTTP/1.1" status: 201 len: 830 time: 0.3552732
2026-06-28 21:06:12.563 10 INFO neutron.wsgi [None req-0c1eb4aa-f386-4b5c-ad80-4040aa42c098 7158a4343b1644bca570133cdab81c48 27b21ca08bc649258cc31d37fbe6fa54 - - - -] 10.0.0.202 "POST /v2.0/routers HTTP/1.1" status: 201 len: 877 time: 2.0396988
2026-06-28 21:06:12.737 10 INFO neutron.db.ovn_revision_numbers_db [None req-23ab94ef-655a-482b-82de-71076f4fd3c3 8c0d136ebb984aa8bb1d2c2ed8279159 ae3b057a73934a768a8759d2cd1e865d - - - -] Successfully bumped revision number for resource 4ba3d79d-e6f1-4dcf-b326-1358d9a41993 (type: routers) to 1
2026-06-28 21:06:12.750 10 INFO neutron.wsgi [None req-23ab94ef-655a-482b-82de-71076f4fd3c3 8c0d136ebb984aa8bb1d2c2ed8279159 ae3b057a73934a768a8759d2cd1e865d - - - -] 10.0.0.202 "POST /v2.0/routers HTTP/1.1" status: 201 len: 691 time: 0.1867297
2026-06-28 21:06:12.897 9 WARNING neutron.plugins.ml2.drivers.ovn.mech_driver.ovsdb.ovn_client [None req-dff9ed6f-4662-4b77-852b-6b91bd7a5f84 - - - - - -] No port found with ID ab1ffcdd-190f-4590-9b61-28c2aebf59a8: RuntimeError: No port found with ID ab1ffcdd-190f-4590-9b61-28c2aebf59a8
2026-06-28 21:06:12.898 9 INFO neutron.plugins.ml2.drivers.ovn.mech_driver.mech_driver [None req-dff9ed6f-4662-4b77-852b-6b91bd7a5f84 - - - - - -] OVN reports status up for port: 6b669576-ebcb-45a6-81e3-7d8b4e98d2e1
2026-06-28 21:06:12.920 9 INFO neutron.plugins.ml2.plugin [None req-dff9ed6f-4662-4b77-852b-6b91bd7a5f84 - - - - - -] Attempt 1 to provision port 6b669576-ebcb-45a6-81e3-7d8b4e98d2e1
2026-06-28 21:06:13.152 10 WARNING neutron.scheduler.dhcp_agent_scheduler [None req-16a07db5-918a-4962-8975-b852c7fdad8b 8c0d136ebb984aa8bb1d2c2ed8279159 ae3b057a73934a768a8759d2cd1e865d - - default default] No more DHCP agents
2026-06-28 21:06:13.154 10 WARNING neutron.api.rpc.agentnotifiers.dhcp_rpc_agent_api [None req-16a07db5-918a-4962-8975-b852c7fdad8b 8c0d136ebb984aa8bb1d2c2ed8279159 ae3b057a73934a768a8759d2cd1e865d - - default default] Unable to schedule network 3e7bcf89-a02c-4b49-8f45-5154ba3f07a0: no agents available; will retry on subsequent port and subnet creation events.
2026-06-28 21:06:13.242 10 INFO neutron.db.ovn_revision_numbers_db [None req-16a07db5-918a-4962-8975-b852c7fdad8b 8c0d136ebb984aa8bb1d2c2ed8279159 ae3b057a73934a768a8759d2cd1e865d - - default default] Successfully bumped revision number for resource c44c3ea8-caf2-419d-ad63-489babf72551 (type: ports) to 1
2026-06-28 21:06:13.297 10 INFO neutron.db.ovn_revision_numbers_db [None req-7b7bd144-4e70-48f5-b837-490cbd46b60a 7158a4343b1644bca570133cdab81c48 27b21ca08bc649258cc31d37fbe6fa54 - - default default] Successfully bumped revision number for resource 2278690a-7a5b-4d29-b63d-2deb8957a296 (type: security_groups) to 1
2026-06-28 21:06:13.317 10 INFO neutron.wsgi [None req-7b7bd144-4e70-48f5-b837-490cbd46b60a 7158a4343b1644bca570133cdab81c48 27b21ca08bc649258cc31d37fbe6fa54 - - default default] 10.0.0.202 "GET /v2.0/security-groups?tenant_id=a98bb2f3a71f422f99342c6c1fc77f08&name=default HTTP/1.1" status: 200 len: 2996 time: 0.2980893
2026-06-28 21:06:13.501 10 INFO neutron.plugins.ml2.drivers.ovn.mech_driver.mech_driver [None req-f35bbdb6-b4ea-4905-a408-53ea0038a23e - - - - - -] OVN reports status up for port: facaae01-cb00-492b-b0e9-3294842e93c0
2026-06-28 21:06:13.511 10 INFO neutron.plugins.ml2.plugin [None req-f35bbdb6-b4ea-4905-a408-53ea0038a23e - - - - - -] Attempt 1 to provision port facaae01-cb00-492b-b0e9-3294842e93c0
2026-06-28 21:06:13.540 9 INFO neutron.db.ovn_revision_numbers_db [None req-548885e8-ca95-4fc4-873d-68e264d86b9b 2a42abcbf14d4e9dac4850bee800c7a9 4db06c7dab31460eae1f38642ffc42f9 - - default default] Successfully bumped revision number for resource facaae01-cb00-492b-b0e9-3294842e93c0 (type: router_ports) to 2
2026-06-28 21:06:13.690 9 WARNING neutron.scheduler.dhcp_agent_scheduler [None req-2bfbb911-c274-4776-82c2-2fa30066bbdb 7158a4343b1644bca570133cdab81c48 27b21ca08bc649258cc31d37fbe6fa54 - - default default] No more DHCP agents
2026-06-28 21:06:13.697 9 WARNING neutron.api.rpc.agentnotifiers.dhcp_rpc_agent_api [None req-2bfbb911-c274-4776-82c2-2fa30066bbdb 7158a4343b1644bca570133cdab81c48 27b21ca08bc649258cc31d37fbe6fa54 - - default default] Unable to schedule network 9bf75b88-03d1-48ab-bafb-fb1574fedfaf: no agents available; will retry on subsequent port and subnet creation events.
2026-06-28 21:06:13.719 9 INFO neutron.db.ovn_revision_numbers_db [None req-5f9e7c8c-ac8f-40f6-a3eb-79168dafed08 - - - - - -] Successfully bumped revision number for resource 6b669576-ebcb-45a6-81e3-7d8b4e98d2e1 (type: ports) to 1
2026-06-28 21:06:13.835 9 INFO neutron.db.ovn_revision_numbers_db [None req-548885e8-ca95-4fc4-873d-68e264d86b9b 2a42abcbf14d4e9dac4850bee800c7a9 4db06c7dab31460eae1f38642ffc42f9 - - default default] Successfully bumped revision number for resource facaae01-cb00-492b-b0e9-3294842e93c0 (type: ports) to 2
2026-06-28 21:06:13.881 10 INFO neutron.db.ovn_revision_numbers_db [None req-16a07db5-918a-4962-8975-b852c7fdad8b 8c0d136ebb984aa8bb1d2c2ed8279159 ae3b057a73934a768a8759d2cd1e865d - - default default] Successfully bumped revision number for resource c44c3ea8-caf2-419d-ad63-489babf72551 (type: router_ports) to 2
2026-06-28 21:06:13.904 9 INFO neutron.wsgi [None req-b4853617-a58e-41a1-87dd-ef619c15ab27 7158a4343b1644bca570133cdab81c48 27b21ca08bc649258cc31d37fbe6fa54 - - - -] 10.0.0.202 "DELETE /v2.0/security-groups/2278690a-7a5b-4d29-b63d-2deb8957a296 HTTP/1.1" status: 204 len: 168 time: 0.5821371
2026-06-28 21:06:13.962 9 INFO neutron.db.ovn_revision_numbers_db [None req-2bfbb911-c274-4776-82c2-2fa30066bbdb 7158a4343b1644bca570133cdab81c48 27b21ca08bc649258cc31d37fbe6fa54 - - default default] Successfully bumped revision number for resource ededdf96-95a5-4f61-8483-746bd642a9ea (type: ports) to 1
2026-06-28 21:06:14.000 10 INFO neutron.db.ovn_revision_numbers_db [None req-16a07db5-918a-4962-8975-b852c7fdad8b 8c0d136ebb984aa8bb1d2c2ed8279159 ae3b057a73934a768a8759d2cd1e865d - - default default] Successfully bumped revision number for resource c44c3ea8-caf2-419d-ad63-489babf72551 (type: ports) to 2
2026-06-28 21:06:14.075 10 INFO neutron.db.ovn_revision_numbers_db [None req-f35bbdb6-b4ea-4905-a408-53ea0038a23e - - - - - -] Successfully bumped revision number for resource facaae01-cb00-492b-b0e9-3294842e93c0 (type: ports) to 3
2026-06-28 21:06:14.123 10 WARNING neutron.scheduler.dhcp_agent_scheduler [None req-16a07db5-918a-4962-8975-b852c7fdad8b 8c0d136ebb984aa8bb1d2c2ed8279159 ae3b057a73934a768a8759d2cd1e865d - - default default] No more DHCP agents
2026-06-28 21:06:14.127 10 WARNING neutron.api.rpc.agentnotifiers.dhcp_rpc_agent_api [None req-16a07db5-918a-4962-8975-b852c7fdad8b 8c0d136ebb984aa8bb1d2c2ed8279159 ae3b057a73934a768a8759d2cd1e865d - - default default] Unable to schedule network 3e7bcf89-a02c-4b49-8f45-5154ba3f07a0: no agents available; will retry on subsequent port and subnet creation events.
2026-06-28 21:06:14.243 10 INFO neutron.db.ovn_revision_numbers_db [None req-02c580c2-cac2-4f36-977f-4c4d2903f816 7158a4343b1644bca570133cdab81c48 27b21ca08bc649258cc31d37fbe6fa54 - - default default] Successfully bumped revision number for resource 24fcaa35-3e93-45d4-a6a5-0b4cb5be09b4 (type: security_groups) to 1
2026-06-28 21:06:14.250 10 INFO neutron.db.ovn_revision_numbers_db [None req-f35bbdb6-b4ea-4905-a408-53ea0038a23e - - - - - -] Successfully bumped revision number for resource facaae01-cb00-492b-b0e9-3294842e93c0 (type: router_ports) to 3
2026-06-28 21:06:14.253 9 WARNING neutron.scheduler.dhcp_agent_scheduler [None req-548885e8-ca95-4fc4-873d-68e264d86b9b 2a42abcbf14d4e9dac4850bee800c7a9 4db06c7dab31460eae1f38642ffc42f9 - - default default] No more DHCP agents
2026-06-28 21:06:14.257 9 WARNING neutron.api.rpc.agentnotifiers.dhcp_rpc_agent_api [None req-548885e8-ca95-4fc4-873d-68e264d86b9b 2a42abcbf14d4e9dac4850bee800c7a9 4db06c7dab31460eae1f38642ffc42f9 - - default default] Unable to schedule network 143e91f5-ee8c-4975-88ce-81d1b0455509: no agents available; will retry on subsequent port and subnet creation events.
2026-06-28 21:06:14.277 10 INFO neutron.wsgi [None req-02c580c2-cac2-4f36-977f-4c4d2903f816 7158a4343b1644bca570133cdab81c48 27b21ca08bc649258cc31d37fbe6fa54 - - default default] 10.0.0.202 "GET /v2.0/security-groups?tenant_id=151241c383394515b227b1ef53f22d2f&name=default HTTP/1.1" status: 200 len: 2996 time: 0.2495072
2026-06-28 21:06:14.368 10 INFO neutron.db.ovn_revision_numbers_db [None req-16a07db5-918a-4962-8975-b852c7fdad8b 8c0d136ebb984aa8bb1d2c2ed8279159 ae3b057a73934a768a8759d2cd1e865d - - - -] Successfully bumped revision number for resource c44c3ea8-caf2-419d-ad63-489babf72551 (type: router_ports) to 2
2026-06-28 21:06:14.370 10 INFO neutron.wsgi [None req-16a07db5-918a-4962-8975-b852c7fdad8b 8c0d136ebb984aa8bb1d2c2ed8279159 ae3b057a73934a768a8759d2cd1e865d - - - -] 10.0.0.202 "PUT /v2.0/routers/4ba3d79d-e6f1-4dcf-b326-1358d9a41993/add_router_interface HTTP/1.1" status: 200 len: 503 time: 1.6154697
2026-06-28 21:06:14.410 10 INFO neutron.wsgi [None req-59223fe8-da97-4a30-b8a5-796c3a5c745d 8c0d136ebb984aa8bb1d2c2ed8279159 ae3b057a73934a768a8759d2cd1e865d - - default default] 10.0.0.202 "GET /v2.0/ports/c44c3ea8-caf2-419d-ad63-489babf72551 HTTP/1.1" status: 200 len: 1139 time: 0.0345349
2026-06-28 21:06:14.459 9 INFO neutron.db.ovn_revision_numbers_db [None req-5f9e7c8c-ac8f-40f6-a3eb-79168dafed08 - - - - - -] Successfully bumped revision number for resource 6b669576-ebcb-45a6-81e3-7d8b4e98d2e1 (type: router_ports) to 3
2026-06-28 21:06:14.558 9 INFO neutron.db.ovn_revision_numbers_db [None req-548885e8-ca95-4fc4-873d-68e264d86b9b 2a42abcbf14d4e9dac4850bee800c7a9 4db06c7dab31460eae1f38642ffc42f9 - - - -] Successfully bumped revision number for resource facaae01-cb00-492b-b0e9-3294842e93c0 (type: router_ports) to 3
2026-06-28 21:06:14.560 9 INFO neutron.wsgi [None req-548885e8-ca95-4fc4-873d-68e264d86b9b 2a42abcbf14d4e9dac4850bee800c7a9 4db06c7dab31460eae1f38642ffc42f9 - - - -] 10.0.0.202 "PUT /v2.0/routers/dc430553-fe70-423a-940a-8f405656843a/add_router_interface HTTP/1.1" status: 200 len: 503 time: 2.5751491
2026-06-28 21:06:14.683 9 INFO neutron.db.ovn_revision_numbers_db [None req-5f9e7c8c-ac8f-40f6-a3eb-79168dafed08 - - - - - -] Successfully bumped revision number for resource 6b669576-ebcb-45a6-81e3-7d8b4e98d2e1 (type: ports) to 2
2026-06-28 21:06:14.694 10 INFO neutron.wsgi [None req-f971d353-4cf0-4347-895c-67f80a6e1e34 7158a4343b1644bca570133cdab81c48 27b21ca08bc649258cc31d37fbe6fa54 - - - -] 10.0.0.202 "DELETE /v2.0/security-groups/24fcaa35-3e93-45d4-a6a5-0b4cb5be09b4 HTTP/1.1" status: 204 len: 168 time: 0.4081767
2026-06-28 21:06:14.709 10 INFO neutron.wsgi [None req-6387dcad-4ea2-4e47-b1ff-cd23c09967e0 2a42abcbf14d4e9dac4850bee800c7a9 4db06c7dab31460eae1f38642ffc42f9 - - default default] 10.0.0.202 "GET /v2.0/ports/facaae01-cb00-492b-b0e9-3294842e93c0 HTTP/1.1" status: 200 len: 1137 time: 0.1427393
2026-06-28 21:06:14.784 9 INFO neutron.wsgi [None req-3f0d6ebe-cb7b-4781-b5ea-aa218e12302e 2a42abcbf14d4e9dac4850bee800c7a9 4db06c7dab31460eae1f38642ffc42f9 - - default default] 10.0.0.202 "GET /v2.0/ports/facaae01-cb00-492b-b0e9-3294842e93c0 HTTP/1.1" status: 200 len: 1137 time: 0.0673807
2026-06-28 21:06:14.862 9 INFO neutron.db.ovn_revision_numbers_db [None req-2bfbb911-c274-4776-82c2-2fa30066bbdb 7158a4343b1644bca570133cdab81c48 27b21ca08bc649258cc31d37fbe6fa54 - - default default] Successfully bumped revision number for resource ededdf96-95a5-4f61-8483-746bd642a9ea (type: router_ports) to 2
2026-06-28 21:06:15.024 9 INFO neutron.db.ovn_revision_numbers_db [None req-2bfbb911-c274-4776-82c2-2fa30066bbdb 7158a4343b1644bca570133cdab81c48 27b21ca08bc649258cc31d37fbe6fa54 - - default default] Successfully bumped revision number for resource ededdf96-95a5-4f61-8483-746bd642a9ea (type: ports) to 2
2026-06-28 21:06:15.042 10 WARNING neutron.scheduler.dhcp_agent_scheduler [None req-56cd7948-1dc8-4fa3-9f3c-ae7de5a099a0 8c0d136ebb984aa8bb1d2c2ed8279159 ae3b057a73934a768a8759d2cd1e865d - - default default] No more DHCP agents
2026-06-28 21:06:15.044 10 WARNING neutron.api.rpc.agentnotifiers.dhcp_rpc_agent_api [None req-56cd7948-1dc8-4fa3-9f3c-ae7de5a099a0 8c0d136ebb984aa8bb1d2c2ed8279159 ae3b057a73934a768a8759d2cd1e865d - - default default] Unable to schedule network 01fa8473-deac-48e6-b673-fd120771d937: no agents available; will retry on subsequent port and subnet creation events.
2026-06-28 21:06:15.050 9 INFO neutron.db.ovn_revision_numbers_db [None req-5f9e7c8c-ac8f-40f6-a3eb-79168dafed08 - - - - - -] Successfully bumped revision number for resource 6b669576-ebcb-45a6-81e3-7d8b4e98d2e1 (type: ports) to 4
2026-06-28 21:06:15.107 9 WARNING neutron.scheduler.dhcp_agent_scheduler [None req-2bfbb911-c274-4776-82c2-2fa30066bbdb 7158a4343b1644bca570133cdab81c48 27b21ca08bc649258cc31d37fbe6fa54 - - default default] No more DHCP agents
2026-06-28 21:06:15.110 9 WARNING neutron.api.rpc.agentnotifiers.dhcp_rpc_agent_api [None req-2bfbb911-c274-4776-82c2-2fa30066bbdb 7158a4343b1644bca570133cdab81c48 27b21ca08bc649258cc31d37fbe6fa54 - - default default] Unable to schedule network 9bf75b88-03d1-48ab-bafb-fb1574fedfaf: no agents available; will retry on subsequent port and subnet creation events.
2026-06-28 21:06:15.189 9 INFO neutron.plugins.ml2.drivers.ovn.mech_driver.mech_driver [None req-dff9ed6f-4662-4b77-852b-6b91bd7a5f84 - - - - - -] OVN reports status up for port: ededdf96-95a5-4f61-8483-746bd642a9ea
2026-06-28 21:06:15.198 9 INFO neutron.plugins.ml2.plugin [None req-dff9ed6f-4662-4b77-852b-6b91bd7a5f84 - - - - - -] Attempt 1 to provision port ededdf96-95a5-4f61-8483-746bd642a9ea
2026-06-28 21:06:15.210 10 INFO neutron.db.ovn_revision_numbers_db [None req-56cd7948-1dc8-4fa3-9f3c-ae7de5a099a0 8c0d136ebb984aa8bb1d2c2ed8279159 ae3b057a73934a768a8759d2cd1e865d - - default default] Successfully bumped revision number for resource 061a167b-086b-4135-a9e3-29729d43f62a (type: ports) to 1
2026-06-28 21:06:15.456 9 INFO neutron.db.ovn_revision_numbers_db [None req-5f9e7c8c-ac8f-40f6-a3eb-79168dafed08 - - - - - -] Successfully bumped revision number for resource 6b669576-ebcb-45a6-81e3-7d8b4e98d2e1 (type: router_ports) to 4
2026-06-28 21:06:15.624 9 INFO neutron.db.ovn_revision_numbers_db [None req-dff9ed6f-4662-4b77-852b-6b91bd7a5f84 - - - - - -] Successfully bumped revision number for resource ededdf96-95a5-4f61-8483-746bd642a9ea (type: ports) to 3
2026-06-28 21:06:15.786 9 INFO neutron.db.ovn_revision_numbers_db [None req-2bfbb911-c274-4776-82c2-2fa30066bbdb 7158a4343b1644bca570133cdab81c48 27b21ca08bc649258cc31d37fbe6fa54 - - - -] Successfully bumped revision number for resource ededdf96-95a5-4f61-8483-746bd642a9ea (type: router_ports) to 2
2026-06-28 21:06:15.789 9 INFO neutron.wsgi [None req-2bfbb911-c274-4776-82c2-2fa30066bbdb 7158a4343b1644bca570133cdab81c48 27b21ca08bc649258cc31d37fbe6fa54 - - - -] 10.0.0.202 "PUT /v2.0/routers/cd6acb8d-b1c9-42e6-ac54-19d86cc48236/add_router_interface HTTP/1.1" status: 200 len: 503 time: 3.2173142
2026-06-28 21:06:15.792 9 INFO neutron.db.ovn_revision_numbers_db [None req-dff9ed6f-4662-4b77-852b-6b91bd7a5f84 - - - - - -] Successfully bumped revision number for resource ededdf96-95a5-4f61-8483-746bd642a9ea (type: router_ports) to 3
2026-06-28 21:06:15.989 10 INFO neutron.wsgi [None req-380d9610-5de6-481d-80d3-03230e8537d7 2a42abcbf14d4e9dac4850bee800c7a9 4db06c7dab31460eae1f38642ffc42f9 - - - -] 10.0.0.202 "PUT /v2.0/routers/dc430553-fe70-423a-940a-8f405656843a/remove_router_interface HTTP/1.1" status: 200 len: 503 time: 1.1990812 /var/lib/openstack/lib/python3.10/site-packages/pycadf/identifier.py:71: UserWarning: Invalid uuid: neutron. To ensure interoperability, identifiers should be a valid uuid. warnings.warn(('Invalid uuid: %s. To ensure interoperability, '
2026-06-28 21:06:16.021 10 INFO neutron.wsgi [None req-442caf85-78c5-45ad-bf3f-2fa39a309c46 2a42abcbf14d4e9dac4850bee800c7a9 4db06c7dab31460eae1f38642ffc42f9 - - default default] 10.0.0.202 "GET /v2.0/ports?device_id=dc430553-fe70-423a-940a-8f405656843a HTTP/1.1" status: 200 len: 205 time: 0.0260992
2026-06-28 21:06:16.133 10 INFO neutron.db.ovn_revision_numbers_db [None req-56cd7948-1dc8-4fa3-9f3c-ae7de5a099a0 8c0d136ebb984aa8bb1d2c2ed8279159 ae3b057a73934a768a8759d2cd1e865d - - default default] Successfully bumped revision number for resource 061a167b-086b-4135-a9e3-29729d43f62a (type: router_ports) to 2
2026-06-28 21:06:16.256 10 INFO neutron.wsgi [None req-7327a054-1735-4247-83a4-ae1e747c1f00 2a42abcbf14d4e9dac4850bee800c7a9 4db06c7dab31460eae1f38642ffc42f9 - - - -] 10.0.0.202 "DELETE /v2.0/routers/dc430553-fe70-423a-940a-8f405656843a HTTP/1.1" status: 204 len: 168 time: 0.2296407
2026-06-28 21:06:16.274 10 INFO neutron.db.ovn_revision_numbers_db [None req-56cd7948-1dc8-4fa3-9f3c-ae7de5a099a0 8c0d136ebb984aa8bb1d2c2ed8279159 ae3b057a73934a768a8759d2cd1e865d - - default default] Successfully bumped revision number for resource 061a167b-086b-4135-a9e3-29729d43f62a (type: ports) to 2
2026-06-28 21:06:16.364 10 WARNING neutron.scheduler.dhcp_agent_scheduler [None req-56cd7948-1dc8-4fa3-9f3c-ae7de5a099a0 8c0d136ebb984aa8bb1d2c2ed8279159 ae3b057a73934a768a8759d2cd1e865d - - default default] No more DHCP agents
2026-06-28 21:06:16.366 10 WARNING neutron.api.rpc.agentnotifiers.dhcp_rpc_agent_api [None req-56cd7948-1dc8-4fa3-9f3c-ae7de5a099a0 8c0d136ebb984aa8bb1d2c2ed8279159 ae3b057a73934a768a8759d2cd1e865d - - default default] Unable to schedule network 01fa8473-deac-48e6-b673-fd120771d937: no agents available; will retry on subsequent port and subnet creation events.
2026-06-28 21:06:16.503 9 INFO neutron.db.ovn_revision_numbers_db [None req-d14d6194-aa1d-40c4-aa2b-2aed8ea2f527 9381181abd784b54b7a8f0c5e48d7384 a8d7793afb0f44bbaee4d2efd190860f - - - -] Successfully bumped revision number for resource 1ee28ba5-d7b8-4d79-b74e-1dbba61f3fe5 (type: security_groups) to 1
2026-06-28 21:06:16.520 10 INFO neutron.wsgi [None req-02e75fe6-68b3-4b36-982d-537921809c30 2a42abcbf14d4e9dac4850bee800c7a9 4db06c7dab31460eae1f38642ffc42f9 - - - -] 10.0.0.202 "DELETE /v2.0/subnets/93fc6fc7-d0c8-4223-b006-76b708af3fad HTTP/1.1" status: 204 len: 168 time: 0.2553298
2026-06-28 21:06:16.525 9 INFO neutron.wsgi [None req-d14d6194-aa1d-40c4-aa2b-2aed8ea2f527 9381181abd784b54b7a8f0c5e48d7384 a8d7793afb0f44bbaee4d2efd190860f - - - -] 10.0.0.202 "POST /v2.0/security-groups HTTP/1.1" status: 201 len: 1797 time: 0.1282742
2026-06-28 21:06:16.555 10 INFO neutron.db.ovn_revision_numbers_db [None req-56cd7948-1dc8-4fa3-9f3c-ae7de5a099a0 8c0d136ebb984aa8bb1d2c2ed8279159 ae3b057a73934a768a8759d2cd1e865d - - - -] Successfully bumped revision number for resource 061a167b-086b-4135-a9e3-29729d43f62a (type: router_ports) to 2
2026-06-28 21:06:16.557 10 INFO neutron.wsgi [None req-56cd7948-1dc8-4fa3-9f3c-ae7de5a099a0 8c0d136ebb984aa8bb1d2c2ed8279159 ae3b057a73934a768a8759d2cd1e865d - - - -] 10.0.0.202 "PUT /v2.0/routers/4ba3d79d-e6f1-4dcf-b326-1358d9a41993/add_router_interface HTTP/1.1" status: 200 len: 503 time: 2.1427391
2026-06-28 21:06:16.608 10 INFO neutron.wsgi [None req-979d2443-0590-405a-9e16-5fd1f46ac9af 8c0d136ebb984aa8bb1d2c2ed8279159 ae3b057a73934a768a8759d2cd1e865d - - default default] 10.0.0.202 "GET /v2.0/ports/061a167b-086b-4135-a9e3-29729d43f62a HTTP/1.1" status: 200 len: 1147 time: 0.0458245
2026-06-28 21:06:16.667 10 INFO neutron.wsgi [None req-97bb0529-7208-4264-87f8-7896c0e8c69a 8c0d136ebb984aa8bb1d2c2ed8279159 ae3b057a73934a768a8759d2cd1e865d - - default default] 10.0.0.202 "GET /v2.0/ports/061a167b-086b-4135-a9e3-29729d43f62a HTTP/1.1" status: 200 len: 1147 time: 0.0559115
2026-06-28 21:06:16.716 10 INFO neutron.db.ovn_revision_numbers_db [None req-7f6adc3f-e902-46a1-a03f-2dd2549d40f8 9381181abd784b54b7a8f0c5e48d7384 a8d7793afb0f44bbaee4d2efd190860f - - - -] Successfully bumped revision number for resource 899311da-061c-4207-8aaa-25828cca9654 (type: security_group_rules) to 0
2026-06-28 21:06:16.741 10 INFO neutron.wsgi [None req-7f6adc3f-e902-46a1-a03f-2dd2549d40f8 9381181abd784b54b7a8f0c5e48d7384 a8d7793afb0f44bbaee4d2efd190860f - - - -] 10.0.0.202 "POST /v2.0/security-group-rules HTTP/1.1" status: 201 len: 764 time: 0.2076094
2026-06-28 21:06:16.853 10 INFO neutron.db.ovn_revision_numbers_db [None req-b2f2a036-16af-488c-97e5-15fb920364f2 9381181abd784b54b7a8f0c5e48d7384 a8d7793afb0f44bbaee4d2efd190860f - - - -] Successfully bumped revision number for resource 707d332b-64af-457d-b923-4b66652b6e89 (type: security_group_rules) to 0
2026-06-28 21:06:16.877 10 INFO neutron.wsgi [None req-b2f2a036-16af-488c-97e5-15fb920364f2 9381181abd784b54b7a8f0c5e48d7384 a8d7793afb0f44bbaee4d2efd190860f - - - -] 10.0.0.202 "POST /v2.0/security-group-rules HTTP/1.1" status: 201 len: 769 time: 0.1319275
2026-06-28 21:06:16.907 9 INFO neutron.services.segments.plugin [-] Segment a96fd3a6-fc59-4012-a48d-e1d450922943 resource provider aggregate not found
2026-06-28 21:06:16.917 9 INFO neutron.services.segments.plugin [-] Segment a96fd3a6-fc59-4012-a48d-e1d450922943 resource provider aggregate not found
2026-06-28 21:06:16.926 9 INFO neutron.services.segments.plugin [-] Segment a96fd3a6-fc59-4012-a48d-e1d450922943 resource provider not found; error: Placement Client Error (4xx): {"errors": [{"status": 404, "title": "Not Found", "detail": "The resource could not be found.\n\n No resource provider with uuid a96fd3a6-fc59-4012-a48d-e1d450922943 found for delete ", "request_id": "req-42a9ad88-0428-456a-a4f6-5deca21b4dea"}]}
2026-06-28 21:06:16.946 9 INFO neutron.services.segments.plugin [-] Segment a96fd3a6-fc59-4012-a48d-e1d450922943 resource provider not found; error: Placement Client Error (4xx): {"errors": [{"status": 404, "title": "Not Found", "detail": "The resource could not be found.\n\n No resource provider with uuid a96fd3a6-fc59-4012-a48d-e1d450922943 found for delete ", "request_id": "req-a7da18db-04a8-4ee3-9dd8-33cc9015dbb2"}]}
2026-06-28 21:06:16.980 9 INFO neutron.wsgi [None req-7d694eae-b5f8-4166-8b79-d5e3d349bbc5 2a42abcbf14d4e9dac4850bee800c7a9 4db06c7dab31460eae1f38642ffc42f9 - - - -] 10.0.0.202 "DELETE /v2.0/networks/143e91f5-ee8c-4975-88ce-81d1b0455509 HTTP/1.1" status: 204 len: 168 time: 0.4503503
2026-06-28 21:06:17.254 10 WARNING neutron.scheduler.dhcp_agent_scheduler [None req-544f16ee-a704-4ca7-a636-1dd65f10c158 9381181abd784b54b7a8f0c5e48d7384 a8d7793afb0f44bbaee4d2efd190860f - - - -] No more DHCP agents
2026-06-28 21:06:17.261 10 WARNING neutron.api.rpc.agentnotifiers.dhcp_rpc_agent_api [None req-544f16ee-a704-4ca7-a636-1dd65f10c158 9381181abd784b54b7a8f0c5e48d7384 a8d7793afb0f44bbaee4d2efd190860f - - - -] Unable to schedule network 91ce8d9f-625c-463c-b978-1a2031c7bcd1: no agents available; will retry on subsequent port and subnet creation events.
2026-06-28 21:06:17.556 10 WARNING neutron.scheduler.dhcp_agent_scheduler [None req-5b9e2309-ba90-4af7-9cf8-d77eb1e8209f 2a42abcbf14d4e9dac4850bee800c7a9 4db06c7dab31460eae1f38642ffc42f9 - - - -] No more DHCP agents
