2026-06-28 21:05:31.121 9 INFO neutron.services.segments.plugin [-] Segment f2b459a2-1164-4784-a22d-0de1b824e3ae resource provider not found; error: Placement Client Error (4xx): {"errors": [{"status": 404, "title": "Not Found", "detail": "The resource could not be found.\n\n No resource provider with uuid f2b459a2-1164-4784-a22d-0de1b824e3ae found for delete ", "request_id": "req-50ed717f-f717-4bdb-8af1-b5fc69823cc9"}]}
2026-06-28 21:05:31.134 10 INFO neutron.wsgi [None req-646e1c81-c5b3-409b-b8ef-d6925c1836a9 7158a4343b1644bca570133cdab81c48 27b21ca08bc649258cc31d37fbe6fa54 - - default default] 10.0.0.202 "GET /v2.0/security-groups?tenant_id=876db43e0d334581b398eb892f756604&name=default HTTP/1.1" status: 200 len: 2996 time: 0.1352286
2026-06-28 21:05:31.136 9 INFO neutron.services.segments.plugin [-] Segment f2b459a2-1164-4784-a22d-0de1b824e3ae resource provider not found; error: Placement Client Error (4xx): {"errors": [{"status": 404, "title": "Not Found", "detail": "The resource could not be found.\n\n No resource provider with uuid f2b459a2-1164-4784-a22d-0de1b824e3ae found for delete ", "request_id": "req-34e3f772-b16d-48fb-b206-f38c44e48e60"}]}
2026-06-28 21:05:31.157 9 INFO neutron.wsgi [None req-d44e2c8c-a190-4798-9c31-caea3d5a4837 46e275a91b45434fbb904c3b4f30ff26 0e1c34b5032d451c9c6c3d779f94c2f7 - - - -] 10.0.0.202 "DELETE /v2.0/networks/7ca4e894-ef00-48d0-819f-927e2ae67bc6 HTTP/1.1" status: 204 len: 168 time: 0.9357772
2026-06-28 21:05:31.171 9 INFO neutron.wsgi [req-fe37db7c-467f-42c0-8e58-bc1885e01cca req-a875420a-f5a3-4af4-9a98-e218ccd48383 8e1bdbdf0b2d4629ae976e6e370567bd d5b618ee756f45ea822f05337c484cf1 - - 86e08e0233ff4bfda26ef76c9bfe5e40 86e08e0233ff4bfda26ef76c9bfe5e40] 199.19.213.60 "GET /v2.0/floatingips?fixed_ip_address=10.100.0.3&port_id=557f2a2e-1261-4ab7-b8d8-2ae3720e94e6 HTTP/1.1" status: 200 len: 1059 time: 0.0667295
2026-06-28 21:05:31.181 10 INFO neutron.pecan_wsgi.hooks.translation [None req-0619940a-4e2a-467a-9b5b-4335504b922a 46e275a91b45434fbb904c3b4f30ff26 0e1c34b5032d451c9c6c3d779f94c2f7 - - - -] DELETE failed (client error): The resource could not be found.
2026-06-28 21:05:31.185 10 INFO neutron.wsgi [None req-0619940a-4e2a-467a-9b5b-4335504b922a 46e275a91b45434fbb904c3b4f30ff26 0e1c34b5032d451c9c6c3d779f94c2f7 - - - -] 10.0.0.202 "DELETE /v2.0/networks/7ca4e894-ef00-48d0-819f-927e2ae67bc6 HTTP/1.1" status: 404 len: 339 time: 0.0199666
2026-06-28 21:05:31.223 9 INFO neutron.wsgi [req-fe37db7c-467f-42c0-8e58-bc1885e01cca req-87eccc85-7a63-4cc5-bb45-49500c66817b 8e1bdbdf0b2d4629ae976e6e370567bd d5b618ee756f45ea822f05337c484cf1 - - 86e08e0233ff4bfda26ef76c9bfe5e40 86e08e0233ff4bfda26ef76c9bfe5e40] 199.19.213.60 "GET /v2.0/subnets?id=3675f81d-2d42-43c7-97c7-0df503899ec1 HTTP/1.1" status: 200 len: 877 time: 0.0434935
2026-06-28 21:05:31.260 9 INFO neutron.wsgi [req-fe37db7c-467f-42c0-8e58-bc1885e01cca req-5a877eea-98e3-4b95-9e1d-35a0d6e2addd 8e1bdbdf0b2d4629ae976e6e370567bd d5b618ee756f45ea822f05337c484cf1 - - 86e08e0233ff4bfda26ef76c9bfe5e40 86e08e0233ff4bfda26ef76c9bfe5e40] 199.19.213.60 "GET /v2.0/ports?network_id=b1d66366-2d66-40cb-b97e-417eb071b7d2&device_owner=network%3Adhcp HTTP/1.1" status: 200 len: 210 time: 0.0288289
2026-06-28 21:05:31.313 10 INFO neutron.wsgi [None req-0e6fa440-555a-4d17-ac2f-9eca78aa6262 46e275a91b45434fbb904c3b4f30ff26 0e1c34b5032d451c9c6c3d779f94c2f7 - - default default] 10.0.0.202 "GET /v2.0/networks?router%3Aexternal=True HTTP/1.1" status: 200 len: 845 time: 0.1209772
2026-06-28 21:05:31.335 9 INFO neutron.wsgi [req-fe37db7c-467f-42c0-8e58-bc1885e01cca req-2f82d0fb-5bd8-44bf-83bb-bf9ffe7d88d7 8e1bdbdf0b2d4629ae976e6e370567bd d5b618ee756f45ea822f05337c484cf1 - - 86e08e0233ff4bfda26ef76c9bfe5e40 86e08e0233ff4bfda26ef76c9bfe5e40] 199.19.213.60 "GET /v2.0/networks/b1d66366-2d66-40cb-b97e-417eb071b7d2?fields=segments HTTP/1.1" status: 200 len: 212 time: 0.0687380
2026-06-28 21:05:31.367 10 INFO neutron.wsgi [None req-53b32beb-5d8b-49db-b35e-96728e583290 46e275a91b45434fbb904c3b4f30ff26 0e1c34b5032d451c9c6c3d779f94c2f7 - - default default] 10.0.0.202 "GET /v2.0/subnets?network_id=91ce8d9f-625c-463c-b978-1a2031c7bcd1 HTTP/1.1" status: 200 len: 820 time: 0.0493152
2026-06-28 21:05:31.379 10 INFO neutron.wsgi [None req-007a12f3-edea-47c9-96e0-a787aac19aef 46e275a91b45434fbb904c3b4f30ff26 0e1c34b5032d451c9c6c3d779f94c2f7 - - default default] 10.0.0.202 "GET /v2.0/extensions HTTP/1.1" status: 200 len: 16520 time: 0.0058837
2026-06-28 21:05:31.415 9 INFO neutron.wsgi [req-fe37db7c-467f-42c0-8e58-bc1885e01cca req-d9e4ec18-9d09-4b6b-9246-5bb7fa4186ce 8e1bdbdf0b2d4629ae976e6e370567bd d5b618ee756f45ea822f05337c484cf1 - - 86e08e0233ff4bfda26ef76c9bfe5e40 86e08e0233ff4bfda26ef76c9bfe5e40] 199.19.213.60 "GET /v2.0/networks/b1d66366-2d66-40cb-b97e-417eb071b7d2?fields=provider%3Aphysical_network&fields=provider%3Anetwork_type HTTP/1.1" status: 200 len: 277 time: 0.0714090
2026-06-28 21:05:31.436 9 INFO neutron.wsgi [None req-1f577135-e765-40b1-8db2-17c2179e7e64 7158a4343b1644bca570133cdab81c48 27b21ca08bc649258cc31d37fbe6fa54 - - - -] 10.0.0.202 "DELETE /v2.0/security-groups/17a89398-c5d0-49da-bb6e-ebb4213e482f HTTP/1.1" status: 204 len: 168 time: 0.2979000
2026-06-28 21:05:31.458 9 INFO neutron.wsgi [None req-ea9ccf7e-3d81-4962-904c-1755f1da7598 46e275a91b45434fbb904c3b4f30ff26 0e1c34b5032d451c9c6c3d779f94c2f7 - - default default] 10.0.0.202 "GET /v2.0/networks HTTP/1.1" status: 200 len: 1503 time: 0.0718820
2026-06-28 21:05:31.773 9 INFO neutron.wsgi [None req-a9d5bc10-0b06-4586-a158-e206a54099ec 46e275a91b45434fbb904c3b4f30ff26 0e1c34b5032d451c9c6c3d779f94c2f7 - - default default] 10.0.0.202 "GET /v2.0/subnets HTTP/1.1" status: 200 len: 1428 time: 0.3093081
2026-06-28 21:05:31.839 9 INFO neutron.wsgi [None req-a6b3dd53-d563-4bdf-a82d-b02c9691d640 46e275a91b45434fbb904c3b4f30ff26 0e1c34b5032d451c9c6c3d779f94c2f7 - - default default] 10.0.0.202 "GET /v2.0/networks/7e795f8a-6d9e-4075-88e7-4ba0552dbff4 HTTP/1.1" status: 200 len: 862 time: 0.0562313
2026-06-28 21:05:31.888 9 INFO neutron.wsgi [None req-0db9dffb-a3aa-4f8d-80ab-ba025d15f114 46e275a91b45434fbb904c3b4f30ff26 0e1c34b5032d451c9c6c3d779f94c2f7 - - default default] 10.0.0.202 "GET /v2.0/subnets/868929c6-0bc9-4705-9064-e757e6b9b7f6 HTTP/1.1" status: 200 len: 811 time: 0.0384688
2026-06-28 21:05:31.926 9 INFO neutron.pecan_wsgi.hooks.translation [None req-7047ea21-5ac2-4f6b-9902-abff1b4eeb81 46e275a91b45434fbb904c3b4f30ff26 0e1c34b5032d451c9c6c3d779f94c2f7 - - - -] DELETE failed (client error): The resource could not be found.
2026-06-28 21:05:31.929 9 INFO neutron.wsgi [None req-7047ea21-5ac2-4f6b-9902-abff1b4eeb81 46e275a91b45434fbb904c3b4f30ff26 0e1c34b5032d451c9c6c3d779f94c2f7 - - - -] 10.0.0.202 "DELETE /v2.0/subnets/da843c48-4ec3-49f5-8b6c-d8f6dcb42652 HTTP/1.1" status: 404 len: 337 time: 0.0316038
2026-06-28 21:05:31.954 9 INFO neutron.pecan_wsgi.hooks.translation [None req-dc69df5b-584f-4d6d-96e8-87a21c85c71f 46e275a91b45434fbb904c3b4f30ff26 0e1c34b5032d451c9c6c3d779f94c2f7 - - - -] DELETE failed (client error): The resource could not be found.
2026-06-28 21:05:31.957 9 INFO neutron.wsgi [None req-dc69df5b-584f-4d6d-96e8-87a21c85c71f 46e275a91b45434fbb904c3b4f30ff26 0e1c34b5032d451c9c6c3d779f94c2f7 - - - -] 10.0.0.202 "DELETE /v2.0/networks/7ca4e894-ef00-48d0-819f-927e2ae67bc6 HTTP/1.1" status: 404 len: 339 time: 0.0232029
2026-06-28 21:05:32.044 10 INFO neutron.plugins.ml2.drivers.ovn.mech_driver.mech_driver [None req-f35bbdb6-b4ea-4905-a408-53ea0038a23e - - - - - -] OVN reports status down for port: 557f2a2e-1261-4ab7-b8d8-2ae3720e94e6
2026-06-28 21:05:32.051 9 INFO neutron.wsgi [req-48f8e3f0-eaa7-4dc9-a313-8c24125a94ce req-da70c926-c985-4713-97ed-e1c5b0fb288b a84af83915714be8ba9048a7966c0fe8 4ef2d253bbf4402bbf7d5d9be341092e - - default default] 10.0.0.184 "GET /v2.0/ports?device_id=62012fe5-1ad5-4905-8304-d641eedeb63d HTTP/1.1" status: 200 len: 1170 time: 0.0567596
2026-06-28 21:05:32.117 9 INFO neutron.wsgi [req-48f8e3f0-eaa7-4dc9-a313-8c24125a94ce req-14a17ab1-7d9b-4e05-a833-ea785f836bac a84af83915714be8ba9048a7966c0fe8 4ef2d253bbf4402bbf7d5d9be341092e - - default default] 10.0.0.184 "GET /v2.0/security-groups?id=dd81fd9b-53e4-4710-b27e-1f058ef04a0e&fields=id&fields=name HTTP/1.1" status: 200 len: 313 time: 0.0510612
2026-06-28 21:05:32.212 10 INFO neutron.notifiers.nova [-] Nova event matching ['req-d304acb6-172d-43d3-a688-a858be0af585'] response: {'server_uuid': '62012fe5-1ad5-4905-8304-d641eedeb63d', 'name': 'network-vif-unplugged', 'status': 'completed', 'tag': '557f2a2e-1261-4ab7-b8d8-2ae3720e94e6', 'code': 200}
2026-06-28 21:05:32.279 9 INFO neutron.wsgi [None req-72d8238e-1b9b-4dca-9f81-cc982c001aae 46e275a91b45434fbb904c3b4f30ff26 0e1c34b5032d451c9c6c3d779f94c2f7 - - - -] 10.0.0.202 "DELETE /v2.0/subnets/868929c6-0bc9-4705-9064-e757e6b9b7f6 HTTP/1.1" status: 204 len: 168 time: 0.3156276
2026-06-28 21:05:32.389 10 INFO neutron.db.ovn_revision_numbers_db [None req-f35bbdb6-b4ea-4905-a408-53ea0038a23e - - - - - -] Successfully bumped revision number for resource 557f2a2e-1261-4ab7-b8d8-2ae3720e94e6 (type: ports) to 7
2026-06-28 21:05:32.398 9 INFO neutron.wsgi [req-8a745f6f-9cc7-4950-955d-470c7044423a req-236d55d5-10ca-4e83-af60-b62f9480f176 a84af83915714be8ba9048a7966c0fe8 4ef2d253bbf4402bbf7d5d9be341092e - - default default] 199.19.213.60 "GET /v2.0/ports?device_id=62012fe5-1ad5-4905-8304-d641eedeb63d HTTP/1.1" status: 200 len: 1168 time: 0.0886045
2026-06-28 21:05:32.773 9 INFO neutron.db.l3_db [None req-7dd641aa-cc2e-4285-8eba-6173fcb88bb1 a84af83915714be8ba9048a7966c0fe8 4ef2d253bbf4402bbf7d5d9be341092e - - - -] Floating IP 11c5184b-6a0a-4b24-937c-64d87a6a78d9 disassociated. External IP: 10.96.250.214, port: 557f2a2e-1261-4ab7-b8d8-2ae3720e94e6.
2026-06-28 21:05:32.937 10 INFO neutron.services.segments.plugin [-] Segment 76d0d248-9ba7-47c8-bf98-36b573187376 resource provider aggregate not found
2026-06-28 21:05:32.942 10 INFO neutron.services.segments.plugin [-] Segment 76d0d248-9ba7-47c8-bf98-36b573187376 resource provider aggregate not found
2026-06-28 21:05:32.971 10 INFO neutron.services.segments.plugin [-] Segment 76d0d248-9ba7-47c8-bf98-36b573187376 resource provider not found; error: Placement Client Error (4xx): {"errors": [{"status": 404, "title": "Not Found", "detail": "The resource could not be found.\n\n No resource provider with uuid 76d0d248-9ba7-47c8-bf98-36b573187376 found for delete ", "request_id": "req-3d5b6e79-8ed6-4e61-95df-1a77de627b17"}]}
2026-06-28 21:05:32.972 10 INFO neutron.services.segments.plugin [-] Segment 76d0d248-9ba7-47c8-bf98-36b573187376 resource provider not found; error: Placement Client Error (4xx): {"errors": [{"status": 404, "title": "Not Found", "detail": "The resource could not be found.\n\n No resource provider with uuid 76d0d248-9ba7-47c8-bf98-36b573187376 found for delete ", "request_id": "req-d63bcb83-0958-4b8c-8d97-34ee8c1df467"}]}
2026-06-28 21:05:33.004 9 INFO neutron.wsgi [None req-7dd641aa-cc2e-4285-8eba-6173fcb88bb1 a84af83915714be8ba9048a7966c0fe8 4ef2d253bbf4402bbf7d5d9be341092e - - - -] 199.19.213.60 "DELETE /v2.0/ports/557f2a2e-1261-4ab7-b8d8-2ae3720e94e6 HTTP/1.1" status: 204 len: 173 time: 0.6008830
2026-06-28 21:05:33.023 10 INFO neutron.wsgi [None req-ee603c60-b358-4f3b-a349-08f2d3248471 46e275a91b45434fbb904c3b4f30ff26 0e1c34b5032d451c9c6c3d779f94c2f7 - - - -] 10.0.0.202 "DELETE /v2.0/networks/7e795f8a-6d9e-4075-88e7-4ba0552dbff4 HTTP/1.1" status: 204 len: 168 time: 0.7396138
2026-06-28 21:05:33.035 9 INFO neutron.notifiers.nova [-] Nova event matching ['req-ca5f207c-8696-4a5f-a992-2eda7d9253e0'] response: {'server_uuid': '62012fe5-1ad5-4905-8304-d641eedeb63d', 'name': 'network-vif-deleted', 'tag': '557f2a2e-1261-4ab7-b8d8-2ae3720e94e6', 'status': 'completed', 'code': 200} /var/lib/openstack/lib/python3.10/site-packages/pycadf/identifier.py:71: UserWarning: Invalid uuid: neutron. To ensure interoperability, identifiers should be a valid uuid. warnings.warn(('Invalid uuid: %s. To ensure interoperability, '
2026-06-28 21:05:33.231 9 INFO neutron.wsgi [req-3c2a15cd-28d2-4180-9913-9d9df139a764 req-d2cb67cc-23c2-4cff-8c76-14ec1586ee4b a84af83915714be8ba9048a7966c0fe8 4ef2d253bbf4402bbf7d5d9be341092e - - default default] 10.0.0.184 "GET /v2.0/ports?device_id=62012fe5-1ad5-4905-8304-d641eedeb63d HTTP/1.1" status: 200 len: 210 time: 0.0261812
2026-06-28 21:05:33.551 9 INFO neutron.db.ovn_revision_numbers_db [None req-60a1395f-b171-498e-8672-1e5768e88ff7 e6b88bf8694945f996424b804ee1ef03 a085406ea83a4a3bbc921f0a5dc49b85 - - - -] Successfully bumped revision number for resource 1bc0e9d0-9ea6-4217-af97-181fe4615f16 (type: security_groups) to 1 /var/lib/openstack/lib/python3.10/site-packages/pycadf/identifier.py:71: UserWarning: Invalid uuid: neutron. To ensure interoperability, identifiers should be a valid uuid. warnings.warn(('Invalid uuid: %s. To ensure interoperability, '
2026-06-28 21:05:33.622 9 INFO neutron.db.segments_db [None req-60a1395f-b171-498e-8672-1e5768e88ff7 e6b88bf8694945f996424b804ee1ef03 a085406ea83a4a3bbc921f0a5dc49b85 - - - -] Added segment bf910afe-a909-498f-9b98-81139f3aaf21 of type geneve for network 9c568a08-9bbc-4e15-ae13-b6eb33968bd7
2026-06-28 21:05:33.625 10 INFO neutron.wsgi [None req-672744a1-f293-496d-9524-5256f4211ee8 7158a4343b1644bca570133cdab81c48 27b21ca08bc649258cc31d37fbe6fa54 - - default default] 10.0.0.202 "GET /v2.0/security-groups?tenant_id=0e1c34b5032d451c9c6c3d779f94c2f7&name=default HTTP/1.1" status: 200 len: 2996 time: 0.0687299
2026-06-28 21:05:33.738 9 INFO neutron.db.segments_db [None req-60a1395f-b171-498e-8672-1e5768e88ff7 e6b88bf8694945f996424b804ee1ef03 a085406ea83a4a3bbc921f0a5dc49b85 - - - -] Added segment 9627915f-1179-4818-9c33-42fc3d5e547f of type geneve for network 71c4843f-9c16-4f30-b332-9ec8c9797e86
2026-06-28 21:05:33.796 10 INFO neutron.wsgi [None req-422754ac-565d-4edd-abfc-4e7b81e92f08 7158a4343b1644bca570133cdab81c48 27b21ca08bc649258cc31d37fbe6fa54 - - - -] 10.0.0.202 "DELETE /v2.0/security-groups/95c6439d-6ba4-4778-96e5-b96ddc0cd272 HTTP/1.1" status: 204 len: 168 time: 0.1627207
2026-06-28 21:05:33.823 9 INFO neutron.wsgi [req-973f1e8d-a289-4fc9-b150-02903d58d4bd req-94c337a9-bdd7-4f05-9000-a3f3a6088e09 8e1bdbdf0b2d4629ae976e6e370567bd d5b618ee756f45ea822f05337c484cf1 - - 86e08e0233ff4bfda26ef76c9bfe5e40 86e08e0233ff4bfda26ef76c9bfe5e40] 10.0.0.78 "GET /v2.0/ports?device_id=4cf29c62-b71f-48bf-89bd-e92384ac00e6 HTTP/1.1" status: 200 len: 1361 time: 0.1158342
2026-06-28 21:05:33.869 9 INFO neutron.db.ovn_revision_numbers_db [None req-60a1395f-b171-498e-8672-1e5768e88ff7 e6b88bf8694945f996424b804ee1ef03 a085406ea83a4a3bbc921f0a5dc49b85 - - - -] Successfully bumped revision number for resource 9c568a08-9bbc-4e15-ae13-b6eb33968bd7 (type: networks) to 1
2026-06-28 21:05:33.901 9 INFO neutron.wsgi [req-973f1e8d-a289-4fc9-b150-02903d58d4bd req-2a13a9ac-e1bb-441a-b4c5-a686cf062860 8e1bdbdf0b2d4629ae976e6e370567bd d5b618ee756f45ea822f05337c484cf1 - - 86e08e0233ff4bfda26ef76c9bfe5e40 86e08e0233ff4bfda26ef76c9bfe5e40] 10.0.0.78 "GET /v2.0/security-groups?id=acc1d39f-3231-46aa-aabd-c50a74b62d87&fields=id&fields=name HTTP/1.1" status: 200 len: 313 time: 0.0719187
2026-06-28 21:05:34.041 9 WARNING neutron.scheduler.dhcp_agent_scheduler [None req-60a1395f-b171-498e-8672-1e5768e88ff7 e6b88bf8694945f996424b804ee1ef03 a085406ea83a4a3bbc921f0a5dc49b85 - - - -] No more DHCP agents
2026-06-28 21:05:34.043 9 WARNING neutron.api.rpc.agentnotifiers.dhcp_rpc_agent_api [None req-60a1395f-b171-498e-8672-1e5768e88ff7 e6b88bf8694945f996424b804ee1ef03 a085406ea83a4a3bbc921f0a5dc49b85 - - - -] Unable to schedule network 9c568a08-9bbc-4e15-ae13-b6eb33968bd7: no agents available; will retry on subsequent port and subnet creation events.
2026-06-28 21:05:34.102 9 INFO neutron.db.ovn_revision_numbers_db [None req-60a1395f-b171-498e-8672-1e5768e88ff7 e6b88bf8694945f996424b804ee1ef03 a085406ea83a4a3bbc921f0a5dc49b85 - - - -] Successfully bumped revision number for resource 6d8a0968-e4c6-4668-8450-5ca77281caab (type: ports) to 1
2026-06-28 21:05:34.144 9 INFO neutron.db.ovn_revision_numbers_db [None req-60a1395f-b171-498e-8672-1e5768e88ff7 e6b88bf8694945f996424b804ee1ef03 a085406ea83a4a3bbc921f0a5dc49b85 - - - -] Successfully bumped revision number for resource 71c4843f-9c16-4f30-b332-9ec8c9797e86 (type: networks) to 1
2026-06-28 21:05:34.248 10 INFO neutron.notifiers.nova [-] Nova event matching ['req-931e49b8-ade0-499f-ba5c-a7b1f5587c98'] response: {'server_uuid': '62012fe5-1ad5-4905-8304-d641eedeb63d', 'name': 'network-vif-plugged', 'status': 'completed', 'tag': '557f2a2e-1261-4ab7-b8d8-2ae3720e94e6', 'code': 200}
2026-06-28 21:05:34.323 9 WARNING neutron.scheduler.dhcp_agent_scheduler [None req-60a1395f-b171-498e-8672-1e5768e88ff7 e6b88bf8694945f996424b804ee1ef03 a085406ea83a4a3bbc921f0a5dc49b85 - - - -] No more DHCP agents
2026-06-28 21:05:34.326 9 WARNING neutron.api.rpc.agentnotifiers.dhcp_rpc_agent_api [None req-60a1395f-b171-498e-8672-1e5768e88ff7 e6b88bf8694945f996424b804ee1ef03 a085406ea83a4a3bbc921f0a5dc49b85 - - - -] Unable to schedule network 71c4843f-9c16-4f30-b332-9ec8c9797e86: no agents available; will retry on subsequent port and subnet creation events.
2026-06-28 21:05:34.388 9 INFO neutron.db.ovn_revision_numbers_db [None req-60a1395f-b171-498e-8672-1e5768e88ff7 e6b88bf8694945f996424b804ee1ef03 a085406ea83a4a3bbc921f0a5dc49b85 - - - -] Successfully bumped revision number for resource d8dec743-7e19-426e-9b09-b547df9775e0 (type: ports) to 1
2026-06-28 21:05:34.426 9 INFO neutron.wsgi [None req-60a1395f-b171-498e-8672-1e5768e88ff7 e6b88bf8694945f996424b804ee1ef03 a085406ea83a4a3bbc921f0a5dc49b85 - - - -] 10.0.0.202 "POST /v2.0/networks HTTP/1.1" status: 201 len: 1445 time: 1.2745738
2026-06-28 21:05:34.440 10 INFO neutron.wsgi [None req-c9926f2b-f892-4cd2-8f04-26a13256458d a84af83915714be8ba9048a7966c0fe8 4ef2d253bbf4402bbf7d5d9be341092e - - - -] 10.0.0.202 "DELETE /v2.0/security-groups/dd81fd9b-53e4-4710-b27e-1f058ef04a0e HTTP/1.1" status: 204 len: 168 time: 0.1276047
2026-06-28 21:05:34.460 10 INFO neutron.api.v2.resource [None req-817dc61d-82aa-4df4-a3bd-94ab9296009f a84af83915714be8ba9048a7966c0fe8 4ef2d253bbf4402bbf7d5d9be341092e - - default default] show failed (client error): The resource could not be found.
2026-06-28 21:05:34.461 10 INFO neutron.wsgi [None req-817dc61d-82aa-4df4-a3bd-94ab9296009f a84af83915714be8ba9048a7966c0fe8 4ef2d253bbf4402bbf7d5d9be341092e - - default default] 10.0.0.202 "GET /v2.0/security-groups/dd81fd9b-53e4-4710-b27e-1f058ef04a0e HTTP/1.1" status: 404 len: 347 time: 0.0166209
2026-06-28 21:05:34.527 9 INFO neutron.wsgi [None req-d92e591d-df69-48fe-bff4-5b831162a3e9 e6b88bf8694945f996424b804ee1ef03 a085406ea83a4a3bbc921f0a5dc49b85 - - default default] 10.0.0.202 "GET /v2.0/networks HTTP/1.1" status: 200 len: 2051 time: 0.0907412
2026-06-28 21:05:34.824 10 INFO neutron.wsgi [None req-1103ea20-af8c-4d7b-b0c1-548f1417bdcd a84af83915714be8ba9048a7966c0fe8 4ef2d253bbf4402bbf7d5d9be341092e - - - -] 10.0.0.202 "DELETE /v2.0/floatingips/11c5184b-6a0a-4b24-937c-64d87a6a78d9 HTTP/1.1" status: 204 len: 168 time: 0.3549907
2026-06-28 21:05:34.931 9 INFO neutron.services.segments.plugin [-] Segment bf910afe-a909-498f-9b98-81139f3aaf21 resource provider aggregate not found
2026-06-28 21:05:34.943 9 INFO neutron.services.segments.plugin [-] Segment bf910afe-a909-498f-9b98-81139f3aaf21 resource provider aggregate not found
2026-06-28 21:05:34.951 9 INFO neutron.services.segments.plugin [-] Segment bf910afe-a909-498f-9b98-81139f3aaf21 resource provider not found; error: Placement Client Error (4xx): {"errors": [{"status": 404, "title": "Not Found", "detail": "The resource could not be found.\n\n No resource provider with uuid bf910afe-a909-498f-9b98-81139f3aaf21 found for delete ", "request_id": "req-cdcebb8d-7e89-4b59-b164-73958972b795"}]}
2026-06-28 21:05:34.970 9 INFO neutron.services.segments.plugin [-] Segment bf910afe-a909-498f-9b98-81139f3aaf21 resource provider not found; error: Placement Client Error (4xx): {"errors": [{"status": 404, "title": "Not Found", "detail": "The resource could not be found.\n\n No resource provider with uuid bf910afe-a909-498f-9b98-81139f3aaf21 found for delete ", "request_id": "req-12e8ea77-9392-4219-acb8-89adfc26ca67"}]}
2026-06-28 21:05:34.981 9 INFO neutron.wsgi [None req-cc953bf1-0300-4807-b4ca-cad7239ccac5 e6b88bf8694945f996424b804ee1ef03 a085406ea83a4a3bbc921f0a5dc49b85 - - - -] 10.0.0.202 "DELETE /v2.0/networks/9c568a08-9bbc-4e15-ae13-b6eb33968bd7 HTTP/1.1" status: 204 len: 168 time: 0.4398537
2026-06-28 21:05:35.476 10 INFO neutron.services.segments.plugin [-] Segment 9627915f-1179-4818-9c33-42fc3d5e547f resource provider aggregate not found
2026-06-28 21:05:35.480 10 INFO neutron.services.segments.plugin [-] Segment 9627915f-1179-4818-9c33-42fc3d5e547f resource provider aggregate not found
2026-06-28 21:05:35.500 10 INFO neutron.services.segments.plugin [-] Segment 9627915f-1179-4818-9c33-42fc3d5e547f resource provider not found; error: Placement Client Error (4xx): {"errors": [{"status": 404, "title": "Not Found", "detail": "The resource could not be found.\n\n No resource provider with uuid 9627915f-1179-4818-9c33-42fc3d5e547f found for delete ", "request_id": "req-fe709b3b-949a-4d9b-9804-8e7278092c48"}]}
2026-06-28 21:05:35.506 10 INFO neutron.services.segments.plugin [-] Segment 9627915f-1179-4818-9c33-42fc3d5e547f resource provider not found; error: Placement Client Error (4xx): {"errors": [{"status": 404, "title": "Not Found", "detail": "The resource could not be found.\n\n No resource provider with uuid 9627915f-1179-4818-9c33-42fc3d5e547f found for delete ", "request_id": "req-b2731e55-65cd-4068-bcea-4f955ca90280"}]}
2026-06-28 21:05:35.550 10 INFO neutron.wsgi [None req-6ad538dd-6302-4075-ab78-808171320e96 e6b88bf8694945f996424b804ee1ef03 a085406ea83a4a3bbc921f0a5dc49b85 - - - -] 10.0.0.202 "DELETE /v2.0/networks/71c4843f-9c16-4f30-b332-9ec8c9797e86 HTTP/1.1" status: 204 len: 168 time: 0.5617340
2026-06-28 21:05:35.631 10 INFO neutron.wsgi [None req-d074c6d4-4175-4e28-9c9f-c0ef7a5af185 e6b88bf8694945f996424b804ee1ef03 a085406ea83a4a3bbc921f0a5dc49b85 - - default default] 10.0.0.202 "GET /v2.0/networks HTTP/1.1" status: 200 len: 845 time: 0.0725567
2026-06-28 21:05:35.744 9 INFO neutron.db.segments_db [None req-5898ec62-5e59-4881-916b-02f0b56cf450 e6b88bf8694945f996424b804ee1ef03 a085406ea83a4a3bbc921f0a5dc49b85 - - - -] Added segment 3fcc25e4-8d72-4591-9b40-852c531af72a of type geneve for network 9ffea2fe-4505-4422-860f-74f7985f6801
2026-06-28 21:05:35.772 9 INFO neutron.db.ovn_revision_numbers_db [None req-757c9050-ec2e-4a59-896c-13640f91ba53 66b9ceb2e3154459a1c1b2bcb7f0784d aa566b5df5ac4680874fdfcc2c206c7e - - - -] Successfully bumped revision number for resource a8676d1a-5eda-46f3-8a0a-a5a0b27f0306 (type: security_groups) to 1
2026-06-28 21:05:35.823 9 INFO neutron.db.segments_db [None req-757c9050-ec2e-4a59-896c-13640f91ba53 66b9ceb2e3154459a1c1b2bcb7f0784d aa566b5df5ac4680874fdfcc2c206c7e - - - -] Added segment a288e72a-214f-4ddc-bf6f-9aec81cbebd8 of type geneve for network a44f59ca-7d76-4c99-a5fc-586f9583b8eb
2026-06-28 21:05:35.900 9 INFO neutron.db.ovn_revision_numbers_db [None req-5898ec62-5e59-4881-916b-02f0b56cf450 e6b88bf8694945f996424b804ee1ef03 a085406ea83a4a3bbc921f0a5dc49b85 - - - -] Successfully bumped revision number for resource 9ffea2fe-4505-4422-860f-74f7985f6801 (type: networks) to 1
2026-06-28 21:05:36.024 9 INFO neutron.db.ovn_revision_numbers_db [None req-757c9050-ec2e-4a59-896c-13640f91ba53 66b9ceb2e3154459a1c1b2bcb7f0784d aa566b5df5ac4680874fdfcc2c206c7e - - - -] Successfully bumped revision number for resource a44f59ca-7d76-4c99-a5fc-586f9583b8eb (type: networks) to 1
2026-06-28 21:05:36.074 10 INFO neutron.wsgi [None req-1532bea2-31ff-497a-a913-c4a408856618 7158a4343b1644bca570133cdab81c48 27b21ca08bc649258cc31d37fbe6fa54 - - - -] 10.0.0.202 "PUT /v2.0/routers/be5f6b38-50f7-41c1-941f-e4ff8ba2ca5b/remove_router_interface HTTP/1.1" status: 200 len: 503 time: 1.1834683 /var/lib/openstack/lib/python3.10/site-packages/pycadf/identifier.py:71: UserWarning: Invalid uuid: neutron. To ensure interoperability, identifiers should be a valid uuid. warnings.warn(('Invalid uuid: %s. To ensure interoperability, '
2026-06-28 21:05:36.168 9 WARNING neutron.scheduler.dhcp_agent_scheduler [None req-5898ec62-5e59-4881-916b-02f0b56cf450 e6b88bf8694945f996424b804ee1ef03 a085406ea83a4a3bbc921f0a5dc49b85 - - - -] No more DHCP agents
2026-06-28 21:05:36.171 9 WARNING neutron.api.rpc.agentnotifiers.dhcp_rpc_agent_api [None req-5898ec62-5e59-4881-916b-02f0b56cf450 e6b88bf8694945f996424b804ee1ef03 a085406ea83a4a3bbc921f0a5dc49b85 - - - -] Unable to schedule network 9ffea2fe-4505-4422-860f-74f7985f6801: no agents available; will retry on subsequent port and subnet creation events.
2026-06-28 21:05:36.479 9 INFO neutron.db.ovn_revision_numbers_db [None req-5898ec62-5e59-4881-916b-02f0b56cf450 e6b88bf8694945f996424b804ee1ef03 a085406ea83a4a3bbc921f0a5dc49b85 - - - -] Successfully bumped revision number for resource dd6c0503-676d-47e3-a63a-b80d25aefa3a (type: ports) to 1
2026-06-28 21:05:36.488 9 WARNING neutron.scheduler.dhcp_agent_scheduler [None req-757c9050-ec2e-4a59-896c-13640f91ba53 66b9ceb2e3154459a1c1b2bcb7f0784d aa566b5df5ac4680874fdfcc2c206c7e - - - -] No more DHCP agents
2026-06-28 21:05:36.492 9 WARNING neutron.api.rpc.agentnotifiers.dhcp_rpc_agent_api [None req-757c9050-ec2e-4a59-896c-13640f91ba53 66b9ceb2e3154459a1c1b2bcb7f0784d aa566b5df5ac4680874fdfcc2c206c7e - - - -] Unable to schedule network a44f59ca-7d76-4c99-a5fc-586f9583b8eb: no agents available; will retry on subsequent port and subnet creation events.
2026-06-28 21:05:36.511 9 INFO neutron.wsgi [None req-5898ec62-5e59-4881-916b-02f0b56cf450 e6b88bf8694945f996424b804ee1ef03 a085406ea83a4a3bbc921f0a5dc49b85 - - - -] 10.0.0.202 "POST /v2.0/networks HTTP/1.1" status: 201 len: 853 time: 0.8715231
2026-06-28 21:05:36.560 9 INFO neutron.db.ovn_revision_numbers_db [None req-757c9050-ec2e-4a59-896c-13640f91ba53 66b9ceb2e3154459a1c1b2bcb7f0784d aa566b5df5ac4680874fdfcc2c206c7e - - - -] Successfully bumped revision number for resource 6704b463-16a5-4a07-95b7-875905362302 (type: ports) to 1
2026-06-28 21:05:36.585 9 INFO neutron.wsgi [None req-757c9050-ec2e-4a59-896c-13640f91ba53 66b9ceb2e3154459a1c1b2bcb7f0784d aa566b5df5ac4680874fdfcc2c206c7e - - - -] 10.0.0.202 "POST /v2.0/networks HTTP/1.1" status: 201 len: 844 time: 1.1116350
2026-06-28 21:05:36.642 10 INFO neutron.wsgi [None req-71a2c018-c642-4f86-a590-a428fc9f6904 7158a4343b1644bca570133cdab81c48 27b21ca08bc649258cc31d37fbe6fa54 - - - -] 10.0.0.202 "DELETE /v2.0/routers/be5f6b38-50f7-41c1-941f-e4ff8ba2ca5b HTTP/1.1" status: 204 len: 168 time: 0.5609510
2026-06-28 21:05:36.669 10 INFO neutron.db.segments_db [None req-a2575066-e1f2-40bc-b170-e3ca7451c67a e6b88bf8694945f996424b804ee1ef03 a085406ea83a4a3bbc921f0a5dc49b85 - - - -] Added segment 3c060fd3-dcd3-48df-9cbd-dbfac922268d of type geneve for network 75cd9a51-0138-45b0-9502-30442523a2ae
2026-06-28 21:05:36.814 10 INFO neutron.db.ovn_revision_numbers_db [None req-a2575066-e1f2-40bc-b170-e3ca7451c67a e6b88bf8694945f996424b804ee1ef03 a085406ea83a4a3bbc921f0a5dc49b85 - - - -] Successfully bumped revision number for resource 75cd9a51-0138-45b0-9502-30442523a2ae (type: networks) to 1
2026-06-28 21:05:36.833 9 WARNING neutron.scheduler.dhcp_agent_scheduler [None req-8f61c2c2-37d9-43ff-816c-9b64162dba37 66b9ceb2e3154459a1c1b2bcb7f0784d aa566b5df5ac4680874fdfcc2c206c7e - - - -] No more DHCP agents
2026-06-28 21:05:36.834 9 WARNING neutron.api.rpc.agentnotifiers.dhcp_rpc_agent_api [None req-8f61c2c2-37d9-43ff-816c-9b64162dba37 66b9ceb2e3154459a1c1b2bcb7f0784d aa566b5df5ac4680874fdfcc2c206c7e - - - -] Unable to schedule network a44f59ca-7d76-4c99-a5fc-586f9583b8eb: no agents available; will retry on subsequent port and subnet creation events.
2026-06-28 21:05:36.892 9 INFO neutron.db.ovn_revision_numbers_db [None req-8f61c2c2-37d9-43ff-816c-9b64162dba37 66b9ceb2e3154459a1c1b2bcb7f0784d aa566b5df5ac4680874fdfcc2c206c7e - - - -] Successfully bumped revision number for resource 9ba5707c-7e80-4fe8-a12b-c19dee569217 (type: ports) to 1
2026-06-28 21:05:36.902 10 INFO neutron.wsgi [None req-35fa92da-c92e-4c99-bdbf-b03ec7850103 7158a4343b1644bca570133cdab81c48 27b21ca08bc649258cc31d37fbe6fa54 - - - -] 10.0.0.202 "DELETE /v2.0/subnets/3675f81d-2d42-43c7-97c7-0df503899ec1 HTTP/1.1" status: 204 len: 168 time: 0.2556047
2026-06-28 21:05:36.912 9 INFO neutron.wsgi [None req-8f61c2c2-37d9-43ff-816c-9b64162dba37 66b9ceb2e3154459a1c1b2bcb7f0784d aa566b5df5ac4680874fdfcc2c206c7e - - - -] 10.0.0.202 "POST /v2.0/ports HTTP/1.1" status: 201 len: 974 time: 0.3227274 /var/lib/openstack/lib/python3.10/site-packages/pycadf/identifier.py:71: UserWarning: Invalid uuid: neutron. To ensure interoperability, identifiers should be a valid uuid. warnings.warn(('Invalid uuid: %s. To ensure interoperability, '
2026-06-28 21:05:36.991 9 INFO neutron.db.segments_db [None req-def18700-714a-4fcf-946c-f181a3370b36 66b9ceb2e3154459a1c1b2bcb7f0784d aa566b5df5ac4680874fdfcc2c206c7e - - - -] Added segment f8cb7849-a0f7-476d-9973-22e11560d06c of type geneve for network 7badf929-4b48-4b6a-85a7-9819811cedd5
2026-06-28 21:05:37.106 9 INFO neutron.db.ovn_revision_numbers_db [None req-def18700-714a-4fcf-946c-f181a3370b36 66b9ceb2e3154459a1c1b2bcb7f0784d aa566b5df5ac4680874fdfcc2c206c7e - - - -] Successfully bumped revision number for resource 7badf929-4b48-4b6a-85a7-9819811cedd5 (type: networks) to 1
2026-06-28 21:05:37.228 10 WARNING neutron.scheduler.dhcp_agent_scheduler [None req-a2575066-e1f2-40bc-b170-e3ca7451c67a e6b88bf8694945f996424b804ee1ef03 a085406ea83a4a3bbc921f0a5dc49b85 - - - -] No more DHCP agents
2026-06-28 21:05:37.231 10 WARNING neutron.api.rpc.agentnotifiers.dhcp_rpc_agent_api [None req-a2575066-e1f2-40bc-b170-e3ca7451c67a e6b88bf8694945f996424b804ee1ef03 a085406ea83a4a3bbc921f0a5dc49b85 - - - -] Unable to schedule network 75cd9a51-0138-45b0-9502-30442523a2ae: no agents available; will retry on subsequent port and subnet creation events.
2026-06-28 21:05:37.282 9 WARNING neutron.scheduler.dhcp_agent_scheduler [None req-def18700-714a-4fcf-946c-f181a3370b36 66b9ceb2e3154459a1c1b2bcb7f0784d aa566b5df5ac4680874fdfcc2c206c7e - - - -] No more DHCP agents
2026-06-28 21:05:37.284 9 WARNING neutron.api.rpc.agentnotifiers.dhcp_rpc_agent_api [None req-def18700-714a-4fcf-946c-f181a3370b36 66b9ceb2e3154459a1c1b2bcb7f0784d aa566b5df5ac4680874fdfcc2c206c7e - - - -] Unable to schedule network 7badf929-4b48-4b6a-85a7-9819811cedd5: no agents available; will retry on subsequent port and subnet creation events.
2026-06-28 21:05:37.336 10 INFO neutron.db.ovn_revision_numbers_db [None req-a2575066-e1f2-40bc-b170-e3ca7451c67a e6b88bf8694945f996424b804ee1ef03 a085406ea83a4a3bbc921f0a5dc49b85 - - - -] Successfully bumped revision number for resource 4d11a825-b1a5-44ec-8010-32c252dabbfb (type: ports) to 1
2026-06-28 21:05:37.342 9 INFO neutron.db.ovn_revision_numbers_db [None req-def18700-714a-4fcf-946c-f181a3370b36 66b9ceb2e3154459a1c1b2bcb7f0784d aa566b5df5ac4680874fdfcc2c206c7e - - - -] Successfully bumped revision number for resource 5d4774e5-d423-49da-8428-433e09e5e902 (type: ports) to 1
2026-06-28 21:05:37.364 9 INFO neutron.wsgi [None req-def18700-714a-4fcf-946c-f181a3370b36 66b9ceb2e3154459a1c1b2bcb7f0784d aa566b5df5ac4680874fdfcc2c206c7e - - - -] 10.0.0.202 "POST /v2.0/networks HTTP/1.1" status: 201 len: 831 time: 0.4456360
2026-06-28 21:05:37.369 10 INFO neutron.wsgi [None req-a2575066-e1f2-40bc-b170-e3ca7451c67a e6b88bf8694945f996424b804ee1ef03 a085406ea83a4a3bbc921f0a5dc49b85 - - - -] 10.0.0.202 "POST /v2.0/networks HTTP/1.1" status: 201 len: 853 time: 0.8518519
2026-06-28 21:05:37.713 10 INFO neutron.services.segments.plugin [-] Segment ce655a64-0cc3-4ca4-9784-e168ee92bef4 resource provider aggregate not found
2026-06-28 21:05:37.719 10 INFO neutron.services.segments.plugin [-] Segment ce655a64-0cc3-4ca4-9784-e168ee92bef4 resource provider aggregate not found
2026-06-28 21:05:37.744 10 INFO neutron.services.segments.plugin [-] Segment ce655a64-0cc3-4ca4-9784-e168ee92bef4 resource provider not found; error: Placement Client Error (4xx): {"errors": [{"status": 404, "title": "Not Found", "detail": "The resource could not be found.\n\n No resource provider with uuid ce655a64-0cc3-4ca4-9784-e168ee92bef4 found for delete ", "request_id": "req-5f6d6cd3-afe3-4403-934e-8ea777b98926"}]}
2026-06-28 21:05:37.745 10 INFO neutron.services.segments.plugin [-] Segment ce655a64-0cc3-4ca4-9784-e168ee92bef4 resource provider not found; error: Placement Client Error (4xx): {"errors": [{"status": 404, "title": "Not Found", "detail": "The resource could not be found.\n\n No resource provider with uuid ce655a64-0cc3-4ca4-9784-e168ee92bef4 found for delete ", "request_id": "req-3f1b5d6c-13fd-4ba2-8933-e2ed76acbc2a"}]}
2026-06-28 21:05:37.847 10 INFO neutron.wsgi [None req-48d32aac-fcc3-4fb7-b063-41101df7f90b 7158a4343b1644bca570133cdab81c48 27b21ca08bc649258cc31d37fbe6fa54 - - - -] 10.0.0.202 "DELETE /v2.0/networks/b1d66366-2d66-40cb-b97e-417eb071b7d2 HTTP/1.1" status: 204 len: 168 time: 0.9401891
2026-06-28 21:05:37.878 10 WARNING neutron.scheduler.dhcp_agent_scheduler [None req-d4b6f536-7a9b-40f0-be59-eae46e14063c 66b9ceb2e3154459a1c1b2bcb7f0784d aa566b5df5ac4680874fdfcc2c206c7e - - - -] No more DHCP agents
2026-06-28 21:05:37.881 10 WARNING neutron.api.rpc.agentnotifiers.dhcp_rpc_agent_api [None req-d4b6f536-7a9b-40f0-be59-eae46e14063c 66b9ceb2e3154459a1c1b2bcb7f0784d aa566b5df5ac4680874fdfcc2c206c7e - - - -] Unable to schedule network 7badf929-4b48-4b6a-85a7-9819811cedd5: no agents available; will retry on subsequent port and subnet creation events.
2026-06-28 21:05:38.032 9 INFO neutron.wsgi [None req-c6315bb0-58aa-453f-8a83-5014c2d4519d 7158a4343b1644bca570133cdab81c48 27b21ca08bc649258cc31d37fbe6fa54 - - default default] 10.0.0.202 "GET /v2.0/security-groups?tenant_id=4ef2d253bbf4402bbf7d5d9be341092e&name=default HTTP/1.1" status: 200 len: 2996 time: 0.0296683
2026-06-28 21:05:38.130 10 WARNING neutron.scheduler.dhcp_agent_scheduler [None req-c2a37e88-dae2-4959-b76a-5b8fcf3044d0 e6b88bf8694945f996424b804ee1ef03 a085406ea83a4a3bbc921f0a5dc49b85 - - - -] No more DHCP agents
2026-06-28 21:05:38.134 10 WARNING neutron.api.rpc.agentnotifiers.dhcp_rpc_agent_api [None req-c2a37e88-dae2-4959-b76a-5b8fcf3044d0 e6b88bf8694945f996424b804ee1ef03 a085406ea83a4a3bbc921f0a5dc49b85 - - - -] Unable to schedule network 9ffea2fe-4505-4422-860f-74f7985f6801: no agents available; will retry on subsequent port and subnet creation events.
2026-06-28 21:05:38.204 9 INFO neutron.wsgi [req-a327da8d-c961-4836-8684-43249f870a7e req-fce9cba4-b83d-4a94-a8b1-fb88440528ed 82ce2b17ad7c483bb375ab7fdb54e178 b2ccec05969646228fd870e66e36a077 - - default default] 10.0.0.184 "GET /v2.0/ports?device_id=4cf29c62-b71f-48bf-89bd-e92384ac00e6 HTTP/1.1" status: 200 len: 1170 time: 0.1043220
2026-06-28 21:05:38.237 10 INFO neutron.db.ovn_revision_numbers_db [None req-c2a37e88-dae2-4959-b76a-5b8fcf3044d0 e6b88bf8694945f996424b804ee1ef03 a085406ea83a4a3bbc921f0a5dc49b85 - - - -] Successfully bumped revision number for resource f3439d76-8152-44a6-a7df-c247fa2be9fa (type: ports) to 1
2026-06-28 21:05:38.253 9 INFO neutron.wsgi [req-a327da8d-c961-4836-8684-43249f870a7e req-bdf9330f-cbca-4a5d-aaea-62ab5652f031 82ce2b17ad7c483bb375ab7fdb54e178 b2ccec05969646228fd870e66e36a077 - - default default] 10.0.0.184 "GET /v2.0/security-groups?id=acc1d39f-3231-46aa-aabd-c50a74b62d87&fields=id&fields=name HTTP/1.1" status: 200 len: 313 time: 0.0396791
2026-06-28 21:05:38.283 10 WARNING neutron.scheduler.dhcp_agent_scheduler [None req-c2a37e88-dae2-4959-b76a-5b8fcf3044d0 e6b88bf8694945f996424b804ee1ef03 a085406ea83a4a3bbc921f0a5dc49b85 - - - -] No more DHCP agents
2026-06-28 21:05:38.286 10 WARNING neutron.api.rpc.agentnotifiers.dhcp_rpc_agent_api [None req-c2a37e88-dae2-4959-b76a-5b8fcf3044d0 e6b88bf8694945f996424b804ee1ef03 a085406ea83a4a3bbc921f0a5dc49b85 - - - -] Unable to schedule network 75cd9a51-0138-45b0-9502-30442523a2ae: no agents available; will retry on subsequent port and subnet creation events.
2026-06-28 21:05:38.314 9 INFO neutron.wsgi [None req-172b082f-7194-4eee-9dd9-6274ad86aa95 7158a4343b1644bca570133cdab81c48 27b21ca08bc649258cc31d37fbe6fa54 - - - -] 10.0.0.202 "DELETE /v2.0/security-groups/57fb5d31-fd37-4d5c-9960-f3815c435601 HTTP/1.1" status: 204 len: 168 time: 0.2740617
2026-06-28 21:05:38.392 9 INFO neutron.wsgi [req-8fbfc31b-1d4d-4b04-b1cb-3ddf28382975 req-5238cbf2-b25c-434f-8fed-49036ad22a46 82ce2b17ad7c483bb375ab7fdb54e178 b2ccec05969646228fd870e66e36a077 - - default default] 10.0.0.184 "GET /v2.0/ports?device_id=4cf29c62-b71f-48bf-89bd-e92384ac00e6 HTTP/1.1" status: 200 len: 1170 time: 0.0571229
2026-06-28 21:05:38.392 10 INFO neutron.db.ovn_revision_numbers_db [None req-c2a37e88-dae2-4959-b76a-5b8fcf3044d0 e6b88bf8694945f996424b804ee1ef03 a085406ea83a4a3bbc921f0a5dc49b85 - - - -] Successfully bumped revision number for resource 1f1ddabe-264f-4266-b5a8-ab8061525e23 (type: ports) to 1
2026-06-28 21:05:38.427 10 INFO neutron.wsgi [None req-c2a37e88-dae2-4959-b76a-5b8fcf3044d0 e6b88bf8694945f996424b804ee1ef03 a085406ea83a4a3bbc921f0a5dc49b85 - - - -] 10.0.0.202 "POST /v2.0/ports HTTP/1.1" status: 201 len: 1706 time: 1.0411713
2026-06-28 21:05:38.455 9 INFO neutron.wsgi [req-8fbfc31b-1d4d-4b04-b1cb-3ddf28382975 req-a640e62f-14e1-4fa8-a88d-e0f0d3b8cef7 82ce2b17ad7c483bb375ab7fdb54e178 b2ccec05969646228fd870e66e36a077 - - default default] 10.0.0.184 "GET /v2.0/security-groups?id=acc1d39f-3231-46aa-aabd-c50a74b62d87&fields=id&fields=name HTTP/1.1" status: 200 len: 313 time: 0.0544093
2026-06-28 21:05:38.494 10 INFO neutron.db.ovn_revision_numbers_db [None req-d4b6f536-7a9b-40f0-be59-eae46e14063c 66b9ceb2e3154459a1c1b2bcb7f0784d aa566b5df5ac4680874fdfcc2c206c7e - - - -] Successfully bumped revision number for resource 5d4774e5-d423-49da-8428-433e09e5e902 (type: ports) to 2
2026-06-28 21:05:38.509 10 INFO neutron.db.ovn_revision_numbers_db [None req-d4b6f536-7a9b-40f0-be59-eae46e14063c 66b9ceb2e3154459a1c1b2bcb7f0784d aa566b5df5ac4680874fdfcc2c206c7e - - - -] Successfully bumped revision number for resource 149f9bff-7c99-4161-88ee-d48bca9e9ad3 (type: subnets) to 0
2026-06-28 21:05:38.524 10 INFO neutron.wsgi [None req-d4b6f536-7a9b-40f0-be59-eae46e14063c 66b9ceb2e3154459a1c1b2bcb7f0784d aa566b5df5ac4680874fdfcc2c206c7e - - - -] 10.0.0.202 "POST /v2.0/subnets HTTP/1.1" status: 201 len: 801 time: 1.1536114 /var/lib/openstack/lib/python3.10/site-packages/pycadf/identifier.py:71: UserWarning: Invalid uuid: neutron. To ensure interoperability, identifiers should be a valid uuid. warnings.warn(('Invalid uuid: %s. To ensure interoperability, '
2026-06-28 21:05:38.600 9 INFO neutron.wsgi [None req-c0051200-1280-4e36-be9e-6b69c968acc5 e6b88bf8694945f996424b804ee1ef03 a085406ea83a4a3bbc921f0a5dc49b85 - - default default] 10.0.0.202 "GET /v2.0/ports HTTP/1.1" status: 200 len: 3213 time: 0.1659455
2026-06-28 21:05:38.829 9 INFO neutron.wsgi [req-9d37129c-610d-41d3-8cf6-607691e1faae req-c943bbf8-0fe8-4b59-a05a-c908f82c4aed 82ce2b17ad7c483bb375ab7fdb54e178 b2ccec05969646228fd870e66e36a077 - - default default] 10.0.0.184 "GET /v2.0/ports?device_id=4cf29c62-b71f-48bf-89bd-e92384ac00e6 HTTP/1.1" status: 200 len: 1170 time: 0.0491240
2026-06-28 21:05:38.836 9 INFO neutron.wsgi [req-ccd72fa8-296a-42e0-9962-de4083c9aead req-0b5388ed-2196-480d-973e-7f19e88a0955 8e1bdbdf0b2d4629ae976e6e370567bd d5b618ee756f45ea822f05337c484cf1 - - 86e08e0233ff4bfda26ef76c9bfe5e40 86e08e0233ff4bfda26ef76c9bfe5e40] 199.19.213.60 "GET /v2.0/ports?tenant_id=b2ccec05969646228fd870e66e36a077&device_id=4cf29c62-b71f-48bf-89bd-e92384ac00e6 HTTP/1.1" status: 200 len: 1361 time: 0.0338604
2026-06-28 21:05:38.866 10 WARNING neutron.scheduler.dhcp_agent_scheduler [None req-43297e59-dc5a-4c3e-9905-8aa04121d002 66b9ceb2e3154459a1c1b2bcb7f0784d aa566b5df5ac4680874fdfcc2c206c7e - - - -] No more DHCP agents
2026-06-28 21:05:38.867 10 WARNING neutron.api.rpc.agentnotifiers.dhcp_rpc_agent_api [None req-43297e59-dc5a-4c3e-9905-8aa04121d002 66b9ceb2e3154459a1c1b2bcb7f0784d aa566b5df5ac4680874fdfcc2c206c7e - - - -] Unable to schedule network 7badf929-4b48-4b6a-85a7-9819811cedd5: no agents available; will retry on subsequent port and subnet creation events.
2026-06-28 21:05:38.899 9 INFO neutron.wsgi [req-9d37129c-610d-41d3-8cf6-607691e1faae req-3bd8303b-cd1c-4ebd-b2fe-c867fb310672 82ce2b17ad7c483bb375ab7fdb54e178 b2ccec05969646228fd870e66e36a077 - - default default] 10.0.0.184 "GET /v2.0/security-groups?id=acc1d39f-3231-46aa-aabd-c50a74b62d87&fields=id&fields=name HTTP/1.1" status: 200 len: 313 time: 0.0617964
2026-06-28 21:05:38.932 9 INFO neutron.wsgi [None req-ef4cf73f-c63b-43dd-b968-5cea04e8c142 e6b88bf8694945f996424b804ee1ef03 a085406ea83a4a3bbc921f0a5dc49b85 - - - -] 10.0.0.202 "DELETE /v2.0/ports/f3439d76-8152-44a6-a7df-c247fa2be9fa HTTP/1.1" status: 204 len: 168 time: 0.3242176
2026-06-28 21:05:38.935 9 INFO neutron.wsgi [req-ccd72fa8-296a-42e0-9962-de4083c9aead req-2996b50c-5601-4e4a-a06e-668f09d3af0c 8e1bdbdf0b2d4629ae976e6e370567bd d5b618ee756f45ea822f05337c484cf1 - - 86e08e0233ff4bfda26ef76c9bfe5e40 86e08e0233ff4bfda26ef76c9bfe5e40] 199.19.213.60 "GET /v2.0/networks?id=e2ccddda-3750-4ba7-b084-dce5061b999a HTTP/1.1" status: 200 len: 972 time: 0.0892725 /var/lib/openstack/lib/python3.10/site-packages/pycadf/identifier.py:71: UserWarning: Invalid uuid: neutron. To ensure interoperability, identifiers should be a valid uuid. warnings.warn(('Invalid uuid: %s. To ensure interoperability, '
2026-06-28 21:05:38.981 9 INFO neutron.wsgi [req-ccd72fa8-296a-42e0-9962-de4083c9aead req-5a775d6f-f60d-4758-a60d-50197b76fbcd 8e1bdbdf0b2d4629ae976e6e370567bd d5b618ee756f45ea822f05337c484cf1 - - 86e08e0233ff4bfda26ef76c9bfe5e40 86e08e0233ff4bfda26ef76c9bfe5e40] 199.19.213.60 "GET /v2.0/floatingips?fixed_ip_address=10.100.0.7&port_id=e6d2a5bb-b746-4015-b109-f98debd4c826 HTTP/1.1" status: 200 len: 1059 time: 0.0382690
2026-06-28 21:05:39.020 9 INFO neutron.wsgi [req-ccd72fa8-296a-42e0-9962-de4083c9aead req-fd627e78-c97c-4bea-b25a-4b0cd962afe8 8e1bdbdf0b2d4629ae976e6e370567bd d5b618ee756f45ea822f05337c484cf1 - - 86e08e0233ff4bfda26ef76c9bfe5e40 86e08e0233ff4bfda26ef76c9bfe5e40] 199.19.213.60 "GET /v2.0/subnets?id=8224f1c5-fae4-4b38-bd4f-9d324502005c HTTP/1.1" status: 200 len: 867 time: 0.0347316
2026-06-28 21:05:39.049 9 INFO neutron.wsgi [req-ccd72fa8-296a-42e0-9962-de4083c9aead req-478ad4ea-dda8-48cb-8e7b-d5f70d348b34 8e1bdbdf0b2d4629ae976e6e370567bd d5b618ee756f45ea822f05337c484cf1 - - 86e08e0233ff4bfda26ef76c9bfe5e40 86e08e0233ff4bfda26ef76c9bfe5e40] 199.19.213.60 "GET /v2.0/ports?network_id=e2ccddda-3750-4ba7-b084-dce5061b999a&device_owner=network%3Adhcp HTTP/1.1" status: 200 len: 210 time: 0.0226667
2026-06-28 21:05:39.049 10 INFO neutron.db.ovn_revision_numbers_db [None req-43297e59-dc5a-4c3e-9905-8aa04121d002 66b9ceb2e3154459a1c1b2bcb7f0784d aa566b5df5ac4680874fdfcc2c206c7e - - - -] Successfully bumped revision number for resource 23018e48-981b-4d08-aec2-39de3c4b7b18 (type: ports) to 1
2026-06-28 21:05:39.087 10 INFO neutron.wsgi [None req-43297e59-dc5a-4c3e-9905-8aa04121d002 66b9ceb2e3154459a1c1b2bcb7f0784d aa566b5df5ac4680874fdfcc2c206c7e - - - -] 10.0.0.202 "POST /v2.0/ports HTTP/1.1" status: 201 len: 1148 time: 0.5592768
2026-06-28 21:05:39.108 9 INFO neutron.wsgi [req-ccd72fa8-296a-42e0-9962-de4083c9aead req-ea639ffb-e21f-4eb3-9be8-2d761456b0a8 8e1bdbdf0b2d4629ae976e6e370567bd d5b618ee756f45ea822f05337c484cf1 - - 86e08e0233ff4bfda26ef76c9bfe5e40 86e08e0233ff4bfda26ef76c9bfe5e40] 199.19.213.60 "GET /v2.0/networks/e2ccddda-3750-4ba7-b084-dce5061b999a?fields=segments HTTP/1.1" status: 200 len: 212 time: 0.0526099
2026-06-28 21:05:39.170 9 INFO neutron.wsgi [req-ccd72fa8-296a-42e0-9962-de4083c9aead req-031b9490-ddd4-447e-8a71-d16d52463dc2 8e1bdbdf0b2d4629ae976e6e370567bd d5b618ee756f45ea822f05337c484cf1 - - 86e08e0233ff4bfda26ef76c9bfe5e40 86e08e0233ff4bfda26ef76c9bfe5e40] 199.19.213.60 "GET /v2.0/networks/e2ccddda-3750-4ba7-b084-dce5061b999a?fields=provider%3Aphysical_network&fields=provider%3Anetwork_type HTTP/1.1" status: 200 len: 277 time: 0.0544899
2026-06-28 21:05:39.261 10 INFO neutron.wsgi [None req-aeb517a5-e550-4066-985c-f4a55a1a8e4c e6b88bf8694945f996424b804ee1ef03 a085406ea83a4a3bbc921f0a5dc49b85 - - - -] 10.0.0.202 "DELETE /v2.0/ports/1f1ddabe-264f-4266-b5a8-ab8061525e23 HTTP/1.1" status: 204 len: 168 time: 0.3168635
2026-06-28 21:05:39.308 9 INFO neutron.wsgi [None req-eeeaf8f7-6a9e-4f52-b051-ea2e535ab428 e6b88bf8694945f996424b804ee1ef03 a085406ea83a4a3bbc921f0a5dc49b85 - - default default] 10.0.0.202 "GET /v2.0/ports HTTP/1.1" status: 200 len: 1718 time: 0.0400085
2026-06-28 21:05:39.399 10 INFO neutron.plugins.ml2.drivers.ovn.mech_driver.mech_driver [None req-f35bbdb6-b4ea-4905-a408-53ea0038a23e - - - - - -] OVN reports status down for port: e6d2a5bb-b746-4015-b109-f98debd4c826
2026-06-28 21:05:39.440 9 INFO neutron.db.segments_db [None req-12a7482f-eba9-4fcd-bc0e-fdc9d8e5db82 e6b88bf8694945f996424b804ee1ef03 a085406ea83a4a3bbc921f0a5dc49b85 - - - -] Added segment 9784652b-2c87-4a40-b076-39ccf98788ff of type geneve for network 44236391-9344-474e-b916-865a0e45b98c
2026-06-28 21:05:39.540 10 INFO neutron.notifiers.nova [-] Nova event matching ['req-3fdff737-39bc-43fa-9963-cf2012b90f4c'] response: {'server_uuid': '4cf29c62-b71f-48bf-89bd-e92384ac00e6', 'name': 'network-vif-unplugged', 'status': 'completed', 'tag': 'e6d2a5bb-b746-4015-b109-f98debd4c826', 'code': 200}
2026-06-28 21:05:39.581 10 INFO neutron.wsgi [None req-647bbd4a-231f-4263-8a03-7f9e477f40db 66b9ceb2e3154459a1c1b2bcb7f0784d aa566b5df5ac4680874fdfcc2c206c7e - - - -] 10.0.0.202 "DELETE /v2.0/ports/23018e48-981b-4d08-aec2-39de3c4b7b18 HTTP/1.1" status: 204 len: 168 time: 0.4872966
2026-06-28 21:05:39.597 9 INFO neutron.db.ovn_revision_numbers_db [None req-12a7482f-eba9-4fcd-bc0e-fdc9d8e5db82 e6b88bf8694945f996424b804ee1ef03 a085406ea83a4a3bbc921f0a5dc49b85 - - - -] Successfully bumped revision number for resource 44236391-9344-474e-b916-865a0e45b98c (type: networks) to 1
2026-06-28 21:05:39.611 10 INFO neutron.pecan_wsgi.hooks.translation [None req-9d23c0ae-5b08-4528-b1a7-e7e78a97a4dd 66b9ceb2e3154459a1c1b2bcb7f0784d aa566b5df5ac4680874fdfcc2c206c7e - - - -] DELETE failed (client error): The resource could not be found.
2026-06-28 21:05:39.613 10 INFO neutron.wsgi [None req-9d23c0ae-5b08-4528-b1a7-e7e78a97a4dd 66b9ceb2e3154459a1c1b2bcb7f0784d aa566b5df5ac4680874fdfcc2c206c7e - - - -] 10.0.0.202 "DELETE /v2.0/ports/23018e48-981b-4d08-aec2-39de3c4b7b18 HTTP/1.1" status: 404 len: 333 time: 0.0244987
2026-06-28 21:05:39.649 9 INFO neutron.pecan_wsgi.hooks.translation [None req-241838bb-147d-41e9-bd2f-fe4f09b88c61 66b9ceb2e3154459a1c1b2bcb7f0784d aa566b5df5ac4680874fdfcc2c206c7e - - default default] GET failed (client error): The resource could not be found.
2026-06-28 21:05:39.651 9 INFO neutron.wsgi [None req-241838bb-147d-41e9-bd2f-fe4f09b88c61 66b9ceb2e3154459a1c1b2bcb7f0784d aa566b5df5ac4680874fdfcc2c206c7e - - default default] 10.0.0.202 "GET /v2.0/ports/23018e48-981b-4d08-aec2-39de3c4b7b18 HTTP/1.1" status: 404 len: 333 time: 0.0268734
2026-06-28 21:05:39.703 10 INFO neutron.db.ovn_revision_numbers_db [None req-f35bbdb6-b4ea-4905-a408-53ea0038a23e - - - - - -] Successfully bumped revision number for resource e6d2a5bb-b746-4015-b109-f98debd4c826 (type: ports) to 5
2026-06-28 21:05:39.864 9 WARNING neutron.scheduler.dhcp_agent_scheduler [None req-12a7482f-eba9-4fcd-bc0e-fdc9d8e5db82 e6b88bf8694945f996424b804ee1ef03 a085406ea83a4a3bbc921f0a5dc49b85 - - - -] No more DHCP agents
2026-06-28 21:05:39.866 9 WARNING neutron.api.rpc.agentnotifiers.dhcp_rpc_agent_api [None req-12a7482f-eba9-4fcd-bc0e-fdc9d8e5db82 e6b88bf8694945f996424b804ee1ef03 a085406ea83a4a3bbc921f0a5dc49b85 - - - -] Unable to schedule network 44236391-9344-474e-b916-865a0e45b98c: no agents available; will retry on subsequent port and subnet creation events.
2026-06-28 21:05:39.955 9 INFO neutron.db.ovn_revision_numbers_db [None req-12a7482f-eba9-4fcd-bc0e-fdc9d8e5db82 e6b88bf8694945f996424b804ee1ef03 a085406ea83a4a3bbc921f0a5dc49b85 - - - -] Successfully bumped revision number for resource e0c3924d-48d6-484b-be46-7de8b51459f4 (type: ports) to 1
2026-06-28 21:05:39.982 10 INFO neutron.plugins.ml2.drivers.ovn.mech_driver.mech_driver [None req-f35bbdb6-b4ea-4905-a408-53ea0038a23e - - - - - -] OVN reports status up for port: e6d2a5bb-b746-4015-b109-f98debd4c826
2026-06-28 21:05:39.987 9 INFO neutron.wsgi [None req-bc60bd3f-679c-4bd8-97c8-0156c9c898eb 66b9ceb2e3154459a1c1b2bcb7f0784d aa566b5df5ac4680874fdfcc2c206c7e - - - -] 10.0.0.202 "DELETE /v2.0/subnets/149f9bff-7c99-4161-88ee-d48bca9e9ad3 HTTP/1.1" status: 204 len: 168 time: 0.3329642
2026-06-28 21:05:39.993 9 INFO neutron.wsgi [None req-12a7482f-eba9-4fcd-bc0e-fdc9d8e5db82 e6b88bf8694945f996424b804ee1ef03 a085406ea83a4a3bbc921f0a5dc49b85 - - - -] 10.0.0.202 "POST /v2.0/networks HTTP/1.1" status: 201 len: 853 time: 0.6785684
2026-06-28 21:05:39.996 10 INFO neutron.plugins.ml2.plugin [None req-f35bbdb6-b4ea-4905-a408-53ea0038a23e - - - - - -] Attempt 1 to provision port e6d2a5bb-b746-4015-b109-f98debd4c826
2026-06-28 21:05:40.061 9 INFO neutron.wsgi [req-6d8cc529-e5c4-4412-acfc-1a935b84c421 req-d2c37214-f864-497d-8a60-89007aed1a39 82ce2b17ad7c483bb375ab7fdb54e178 b2ccec05969646228fd870e66e36a077 - - default default] 10.0.0.184 "GET /v2.0/ports?device_id=4cf29c62-b71f-48bf-89bd-e92384ac00e6 HTTP/1.1" status: 200 len: 1168 time: 0.0538499
