2026-06-28 21:07:04.475 9 WARNING neutron.scheduler.dhcp_agent_scheduler [None req-7a7577f5-ee67-4684-a5d3-7f44eee72bb6 7158a4343b1644bca570133cdab81c48 27b21ca08bc649258cc31d37fbe6fa54 - - - -] No more DHCP agents
2026-06-28 21:07:04.477 9 WARNING neutron.api.rpc.agentnotifiers.dhcp_rpc_agent_api [None req-7a7577f5-ee67-4684-a5d3-7f44eee72bb6 7158a4343b1644bca570133cdab81c48 27b21ca08bc649258cc31d37fbe6fa54 - - - -] Unable to schedule network d7472f02-8ec3-45e6-b11b-2b599eb1579a: no agents available; will retry on subsequent port and subnet creation events.
2026-06-28 21:07:04.773 10 WARNING neutron.scheduler.dhcp_agent_scheduler [None req-6001f6b2-7b1b-4cc5-8aa8-b8ebf0a9d959 6bbb364e9cf34c3e88a460782bd0cc68 c51e872006cc4cddb11d65450481e8cb - - - -] No more DHCP agents
2026-06-28 21:07:04.782 10 WARNING neutron.api.rpc.agentnotifiers.dhcp_rpc_agent_api [None req-6001f6b2-7b1b-4cc5-8aa8-b8ebf0a9d959 6bbb364e9cf34c3e88a460782bd0cc68 c51e872006cc4cddb11d65450481e8cb - - - -] Unable to schedule network 6f2fb25c-4e9d-4eca-88c7-eb28365b2bed: no agents available; will retry on subsequent port and subnet creation events.
2026-06-28 21:07:04.924 10 INFO neutron.db.ovn_revision_numbers_db [None req-6001f6b2-7b1b-4cc5-8aa8-b8ebf0a9d959 6bbb364e9cf34c3e88a460782bd0cc68 c51e872006cc4cddb11d65450481e8cb - - - -] Successfully bumped revision number for resource f6f428b3-d37d-4083-b9d1-7e59039f9b28 (type: ports) to 1
2026-06-28 21:07:04.928 10 INFO neutron.db.ovn_revision_numbers_db [None req-5c0fcae9-77c1-4013-bd07-a905a578bd87 7158a4343b1644bca570133cdab81c48 27b21ca08bc649258cc31d37fbe6fa54 - - - -] Successfully bumped revision number for resource 52a37a47-06f7-4e04-bd9e-c473acb3e46a (type: ports) to 2
2026-06-28 21:07:04.929 10 INFO neutron.db.ovn_revision_numbers_db [None req-fb5e9354-04af-455c-953b-bc2074f3f91f a1556e806b964745bfdbbcd5439c9931 7595cfba738e49a98354dfda0f6b05bc - - - -] Successfully bumped revision number for resource b572dfdc-a754-4d69-b338-9b3717b10e1e (type: routers) to 3
2026-06-28 21:07:04.931 10 INFO neutron.wsgi [None req-fb5e9354-04af-455c-953b-bc2074f3f91f a1556e806b964745bfdbbcd5439c9931 7595cfba738e49a98354dfda0f6b05bc - - - -] 10.0.0.202 "PUT /v2.0/routers/b572dfdc-a754-4d69-b338-9b3717b10e1e HTTP/1.1" status: 200 len: 655 time: 0.9517791
2026-06-28 21:07:04.949 10 INFO neutron.wsgi [None req-6001f6b2-7b1b-4cc5-8aa8-b8ebf0a9d959 6bbb364e9cf34c3e88a460782bd0cc68 c51e872006cc4cddb11d65450481e8cb - - - -] 10.0.0.202 "POST /v2.0/networks HTTP/1.1" status: 201 len: 830 time: 1.5049036
2026-06-28 21:07:04.966 10 INFO neutron.db.ovn_revision_numbers_db [None req-5c0fcae9-77c1-4013-bd07-a905a578bd87 7158a4343b1644bca570133cdab81c48 27b21ca08bc649258cc31d37fbe6fa54 - - - -] Successfully bumped revision number for resource cbbb1661-861e-4c66-ad2e-904cbf806482 (type: subnets) to 0
2026-06-28 21:07:04.970 9 INFO neutron.wsgi [None req-7a1e9848-89de-4e40-8b16-4738365abd54 a1556e806b964745bfdbbcd5439c9931 7595cfba738e49a98354dfda0f6b05bc - - default default] 10.0.0.202 "GET /v2.0/ports?device_id=b572dfdc-a754-4d69-b338-9b3717b10e1e HTTP/1.1" status: 200 len: 205 time: 0.0327163
2026-06-28 21:07:04.980 9 INFO neutron.db.ovn_revision_numbers_db [None req-7a7577f5-ee67-4684-a5d3-7f44eee72bb6 7158a4343b1644bca570133cdab81c48 27b21ca08bc649258cc31d37fbe6fa54 - - - -] Successfully bumped revision number for resource 395971f5-b6df-42fa-b72a-8eb689f44c61 (type: ports) to 2
2026-06-28 21:07:04.982 10 INFO neutron.wsgi [None req-5c0fcae9-77c1-4013-bd07-a905a578bd87 7158a4343b1644bca570133cdab81c48 27b21ca08bc649258cc31d37fbe6fa54 - - - -] 10.0.0.202 "POST /v2.0/subnets HTTP/1.1" status: 201 len: 862 time: 1.4368086
2026-06-28 21:07:05.019 9 INFO neutron.db.ovn_revision_numbers_db [None req-7a7577f5-ee67-4684-a5d3-7f44eee72bb6 7158a4343b1644bca570133cdab81c48 27b21ca08bc649258cc31d37fbe6fa54 - - - -] Successfully bumped revision number for resource a83341a7-1b85-45ae-8015-3370d0116b64 (type: subnets) to 0
2026-06-28 21:07:05.054 9 INFO neutron.wsgi [None req-7a7577f5-ee67-4684-a5d3-7f44eee72bb6 7158a4343b1644bca570133cdab81c48 27b21ca08bc649258cc31d37fbe6fa54 - - - -] 10.0.0.202 "POST /v2.0/subnets HTTP/1.1" status: 201 len: 863 time: 0.7173684
2026-06-28 21:07:05.447 9 INFO neutron.wsgi [None req-b0c78fe5-11ba-45bc-87d1-b6ac8b3d1c8c a1556e806b964745bfdbbcd5439c9931 7595cfba738e49a98354dfda0f6b05bc - - - -] 10.0.0.202 "DELETE /v2.0/routers/b572dfdc-a754-4d69-b338-9b3717b10e1e HTTP/1.1" status: 204 len: 168 time: 0.4722488
2026-06-28 21:07:05.815 10 WARNING neutron.scheduler.dhcp_agent_scheduler [None req-48f70f9a-fd1e-403d-bb89-457b17c0bf83 6bbb364e9cf34c3e88a460782bd0cc68 c51e872006cc4cddb11d65450481e8cb - - - -] No more DHCP agents
2026-06-28 21:07:05.818 10 WARNING neutron.api.rpc.agentnotifiers.dhcp_rpc_agent_api [None req-48f70f9a-fd1e-403d-bb89-457b17c0bf83 6bbb364e9cf34c3e88a460782bd0cc68 c51e872006cc4cddb11d65450481e8cb - - - -] Unable to schedule network 91ce8d9f-625c-463c-b978-1a2031c7bcd1: no agents available; will retry on subsequent port and subnet creation events.
2026-06-28 21:07:05.830 9 WARNING neutron.scheduler.dhcp_agent_scheduler [None req-982e2196-3da1-457e-8c66-841b0d405e67 7158a4343b1644bca570133cdab81c48 27b21ca08bc649258cc31d37fbe6fa54 - - - -] No more DHCP agents
2026-06-28 21:07:05.832 9 WARNING neutron.api.rpc.agentnotifiers.dhcp_rpc_agent_api [None req-982e2196-3da1-457e-8c66-841b0d405e67 7158a4343b1644bca570133cdab81c48 27b21ca08bc649258cc31d37fbe6fa54 - - - -] Unable to schedule network 91ce8d9f-625c-463c-b978-1a2031c7bcd1: no agents available; will retry on subsequent port and subnet creation events.
2026-06-28 21:07:05.856 10 WARNING neutron.scheduler.dhcp_agent_scheduler [None req-ba8b39f5-a5c3-468c-885f-397f1073905b 7158a4343b1644bca570133cdab81c48 27b21ca08bc649258cc31d37fbe6fa54 - - - -] No more DHCP agents
2026-06-28 21:07:05.867 10 WARNING neutron.api.rpc.agentnotifiers.dhcp_rpc_agent_api [None req-ba8b39f5-a5c3-468c-885f-397f1073905b 7158a4343b1644bca570133cdab81c48 27b21ca08bc649258cc31d37fbe6fa54 - - - -] Unable to schedule network 91ce8d9f-625c-463c-b978-1a2031c7bcd1: no agents available; will retry on subsequent port and subnet creation events.
2026-06-28 21:07:05.966 9 INFO neutron.db.ovn_revision_numbers_db [None req-982e2196-3da1-457e-8c66-841b0d405e67 7158a4343b1644bca570133cdab81c48 27b21ca08bc649258cc31d37fbe6fa54 - - - -] Successfully bumped revision number for resource 5c0d2e19-5521-418a-b256-8a90727885b6 (type: ports) to 1
2026-06-28 21:07:06.009 10 INFO neutron.db.ovn_revision_numbers_db [None req-48f70f9a-fd1e-403d-bb89-457b17c0bf83 6bbb364e9cf34c3e88a460782bd0cc68 c51e872006cc4cddb11d65450481e8cb - - - -] Successfully bumped revision number for resource e7e38d4b-66ae-4115-aca9-7b83173391fc (type: ports) to 1
2026-06-28 21:07:06.084 10 INFO neutron.db.ovn_revision_numbers_db [None req-ba8b39f5-a5c3-468c-885f-397f1073905b 7158a4343b1644bca570133cdab81c48 27b21ca08bc649258cc31d37fbe6fa54 - - - -] Successfully bumped revision number for resource 0d6e73ef-39c8-45c8-86e7-3e44ddac5c68 (type: ports) to 1
2026-06-28 21:07:06.455 9 INFO neutron.db.ovn_revision_numbers_db [None req-5717ce5a-430e-49c3-a4ef-9332a632f71c 7158a4343b1644bca570133cdab81c48 27b21ca08bc649258cc31d37fbe6fa54 - - default default] Successfully bumped revision number for resource 541899df-ca14-4d8d-ad5c-e6b66f224986 (type: security_groups) to 1
2026-06-28 21:07:06.490 9 INFO neutron.wsgi [None req-5717ce5a-430e-49c3-a4ef-9332a632f71c 7158a4343b1644bca570133cdab81c48 27b21ca08bc649258cc31d37fbe6fa54 - - default default] 10.0.0.202 "GET /v2.0/security-groups?tenant_id=7595cfba738e49a98354dfda0f6b05bc&name=default HTTP/1.1" status: 200 len: 2996 time: 0.2870448
2026-06-28 21:07:06.685 9 INFO neutron.plugins.ml2.drivers.ovn.mech_driver.mech_driver [None req-dff9ed6f-4662-4b77-852b-6b91bd7a5f84 - - - - - -] OVN reports status up for port: 5c0d2e19-5521-418a-b256-8a90727885b6
2026-06-28 21:07:06.702 9 INFO neutron.plugins.ml2.drivers.ovn.mech_driver.ovsdb.ovsdb_monitor [None req-5f9e7c8c-ac8f-40f6-a3eb-79168dafed08 - - - - - -] Router e3a32bd3-fd9e-4619-9425-b588d9b376ea is bound to host instance
2026-06-28 21:07:06.707 9 INFO neutron.plugins.ml2.plugin [None req-dff9ed6f-4662-4b77-852b-6b91bd7a5f84 - - - - - -] Attempt 1 to provision port 5c0d2e19-5521-418a-b256-8a90727885b6
2026-06-28 21:07:06.712 9 INFO neutron.db.ovn_revision_numbers_db [None req-982e2196-3da1-457e-8c66-841b0d405e67 7158a4343b1644bca570133cdab81c48 27b21ca08bc649258cc31d37fbe6fa54 - - - -] Successfully bumped revision number for resource 5c0d2e19-5521-418a-b256-8a90727885b6 (type: router_ports) to 1
2026-06-28 21:07:06.844 9 INFO neutron.db.ovn_revision_numbers_db [None req-982e2196-3da1-457e-8c66-841b0d405e67 7158a4343b1644bca570133cdab81c48 27b21ca08bc649258cc31d37fbe6fa54 - - - -] Successfully bumped revision number for resource e3a32bd3-fd9e-4619-9425-b588d9b376ea (type: routers) to 3
2026-06-28 21:07:06.879 9 INFO neutron.wsgi [None req-982e2196-3da1-457e-8c66-841b0d405e67 7158a4343b1644bca570133cdab81c48 27b21ca08bc649258cc31d37fbe6fa54 - - - -] 10.0.0.202 "POST /v2.0/routers HTTP/1.1" status: 201 len: 874 time: 1.8202627
2026-06-28 21:07:06.898 9 INFO neutron.wsgi [None req-62a40413-1b54-4935-96bd-6baea6f815e9 7158a4343b1644bca570133cdab81c48 27b21ca08bc649258cc31d37fbe6fa54 - - - -] 10.0.0.202 "DELETE /v2.0/security-groups/541899df-ca14-4d8d-ad5c-e6b66f224986 HTTP/1.1" status: 204 len: 168 time: 0.4026425
2026-06-28 21:07:07.149 10 INFO neutron.db.ovn_revision_numbers_db [None req-48f70f9a-fd1e-403d-bb89-457b17c0bf83 6bbb364e9cf34c3e88a460782bd0cc68 c51e872006cc4cddb11d65450481e8cb - - - -] Successfully bumped revision number for resource e7e38d4b-66ae-4115-aca9-7b83173391fc (type: router_ports) to 1
2026-06-28 21:07:07.265 10 INFO neutron.db.ovn_revision_numbers_db [None req-48f70f9a-fd1e-403d-bb89-457b17c0bf83 6bbb364e9cf34c3e88a460782bd0cc68 c51e872006cc4cddb11d65450481e8cb - - - -] Successfully bumped revision number for resource 748b99b6-a99e-4161-9636-6912220386d5 (type: routers) to 3
2026-06-28 21:07:07.268 10 INFO neutron.db.ovn_revision_numbers_db [None req-ba8b39f5-a5c3-468c-885f-397f1073905b 7158a4343b1644bca570133cdab81c48 27b21ca08bc649258cc31d37fbe6fa54 - - - -] Successfully bumped revision number for resource 0d6e73ef-39c8-45c8-86e7-3e44ddac5c68 (type: router_ports) to 1
2026-06-28 21:07:07.295 10 INFO neutron.db.ovn_revision_numbers_db [None req-372102ca-a220-457b-a04d-d41d489984ed 7158a4343b1644bca570133cdab81c48 27b21ca08bc649258cc31d37fbe6fa54 - - default default] Successfully bumped revision number for resource 1e4ebb62-8707-4e69-85a0-17312f21fa21 (type: security_groups) to 1
2026-06-28 21:07:07.296 9 INFO neutron.db.ovn_revision_numbers_db [None req-5f9e7c8c-ac8f-40f6-a3eb-79168dafed08 - - - - - -] Successfully bumped revision number for resource 5c0d2e19-5521-418a-b256-8a90727885b6 (type: ports) to 1
2026-06-28 21:07:07.306 10 INFO neutron.wsgi [None req-48f70f9a-fd1e-403d-bb89-457b17c0bf83 6bbb364e9cf34c3e88a460782bd0cc68 c51e872006cc4cddb11d65450481e8cb - - - -] 10.0.0.202 "POST /v2.0/routers HTTP/1.1" status: 201 len: 875 time: 2.3523068
2026-06-28 21:07:07.497 9 INFO neutron.wsgi [None req-68405b91-c53f-4d64-830f-bf7865b683b5 469817c64d4547f6aae5149d81271773 51baadbdc6744078962c7c692ae40db1 - - default default] 10.0.0.202 "GET /v2.0/subnets?project_id=c51e872006cc4cddb11d65450481e8cb&cidr=10.100.0.0%2F28 HTTP/1.1" status: 200 len: 207 time: 0.1843507
2026-06-28 21:07:07.554 10 INFO neutron.wsgi [None req-372102ca-a220-457b-a04d-d41d489984ed 7158a4343b1644bca570133cdab81c48 27b21ca08bc649258cc31d37fbe6fa54 - - default default] 10.0.0.202 "GET /v2.0/security-groups?tenant_id=8225d22c80b34274a103667f846c8aab&name=default HTTP/1.1" status: 200 len: 2996 time: 0.5691054
2026-06-28 21:07:07.616 10 INFO neutron.db.ovn_revision_numbers_db [None req-ba8b39f5-a5c3-468c-885f-397f1073905b 7158a4343b1644bca570133cdab81c48 27b21ca08bc649258cc31d37fbe6fa54 - - - -] Successfully bumped revision number for resource 6624a209-7a43-4c99-b364-67274ba5593a (type: routers) to 3
2026-06-28 21:07:07.638 10 INFO neutron.wsgi [None req-ba8b39f5-a5c3-468c-885f-397f1073905b 7158a4343b1644bca570133cdab81c48 27b21ca08bc649258cc31d37fbe6fa54 - - - -] 10.0.0.202 "POST /v2.0/routers HTTP/1.1" status: 201 len: 873 time: 2.6514962
2026-06-28 21:07:07.869 9 INFO neutron.wsgi [None req-8aa9cf5e-d5b9-4583-9e7c-2f3319fd4f20 469817c64d4547f6aae5149d81271773 51baadbdc6744078962c7c692ae40db1 - - default default] 10.0.0.202 "GET /v2.0/networks?router%3Aexternal=True HTTP/1.1" status: 200 len: 947 time: 0.3663173
2026-06-28 21:07:07.883 9 INFO neutron.db.ovn_revision_numbers_db [None req-5f9e7c8c-ac8f-40f6-a3eb-79168dafed08 - - - - - -] Successfully bumped revision number for resource 5c0d2e19-5521-418a-b256-8a90727885b6 (type: router_ports) to 3
2026-06-28 21:07:07.884 10 WARNING neutron.scheduler.dhcp_agent_scheduler [None req-f370a100-ab30-4682-a0d8-9ccf2e800981 7158a4343b1644bca570133cdab81c48 27b21ca08bc649258cc31d37fbe6fa54 - - default default] No more DHCP agents
2026-06-28 21:07:07.894 10 WARNING neutron.api.rpc.agentnotifiers.dhcp_rpc_agent_api [None req-f370a100-ab30-4682-a0d8-9ccf2e800981 7158a4343b1644bca570133cdab81c48 27b21ca08bc649258cc31d37fbe6fa54 - - default default] Unable to schedule network d7472f02-8ec3-45e6-b11b-2b599eb1579a: no agents available; will retry on subsequent port and subnet creation events.
2026-06-28 21:07:07.907 9 INFO neutron.wsgi [None req-0a2ba895-6517-46ad-b8f9-9abecdbd5bd5 469817c64d4547f6aae5149d81271773 51baadbdc6744078962c7c692ae40db1 - - default default] 10.0.0.202 "GET /v2.0/subnets?network_id=91ce8d9f-625c-463c-b978-1a2031c7bcd1&cidr=10.100.0.0%2F28 HTTP/1.1" status: 200 len: 207 time: 0.0317786
2026-06-28 21:07:08.004 10 INFO neutron.wsgi [None req-256ec22a-8b6d-4dde-8c0e-ede94b49f05f 7158a4343b1644bca570133cdab81c48 27b21ca08bc649258cc31d37fbe6fa54 - - - -] 10.0.0.202 "DELETE /v2.0/security-groups/1e4ebb62-8707-4e69-85a0-17312f21fa21 HTTP/1.1" status: 204 len: 168 time: 0.4445565
2026-06-28 21:07:08.059 9 INFO neutron.db.ovn_revision_numbers_db [None req-5f9e7c8c-ac8f-40f6-a3eb-79168dafed08 - - - - - -] Successfully bumped revision number for resource 5c0d2e19-5521-418a-b256-8a90727885b6 (type: ports) to 2
2026-06-28 21:07:08.198 10 INFO neutron.db.ovn_revision_numbers_db [None req-f370a100-ab30-4682-a0d8-9ccf2e800981 7158a4343b1644bca570133cdab81c48 27b21ca08bc649258cc31d37fbe6fa54 - - default default] Successfully bumped revision number for resource 57c0b9c7-4e48-4ffd-b526-a1efec4323ce (type: ports) to 1
2026-06-28 21:07:08.273 9 INFO neutron.db.ovn_revision_numbers_db [None req-a50ef919-730e-40d4-8a37-2e6fbf2dd184 7158a4343b1644bca570133cdab81c48 27b21ca08bc649258cc31d37fbe6fa54 - - default default] Successfully bumped revision number for resource a92da41a-b2e5-43ad-90be-15ce756723fd (type: security_groups) to 1
2026-06-28 21:07:08.296 9 INFO neutron.db.ovn_revision_numbers_db [None req-5f9e7c8c-ac8f-40f6-a3eb-79168dafed08 - - - - - -] Successfully bumped revision number for resource 5c0d2e19-5521-418a-b256-8a90727885b6 (type: ports) to 4
2026-06-28 21:07:08.299 9 INFO neutron.wsgi [None req-a50ef919-730e-40d4-8a37-2e6fbf2dd184 7158a4343b1644bca570133cdab81c48 27b21ca08bc649258cc31d37fbe6fa54 - - default default] 10.0.0.202 "GET /v2.0/security-groups?tenant_id=6c209ab8a10347f0937ba8cae98202c3&name=default HTTP/1.1" status: 200 len: 2996 time: 0.1609385
2026-06-28 21:07:08.378 10 WARNING neutron.scheduler.dhcp_agent_scheduler [None req-172e6120-1dd5-435f-83fd-73c5efe7a7c0 6bbb364e9cf34c3e88a460782bd0cc68 c51e872006cc4cddb11d65450481e8cb - - - -] No more DHCP agents
2026-06-28 21:07:08.383 10 WARNING neutron.scheduler.dhcp_agent_scheduler [None req-aa17e627-be55-4fbb-8cb6-68f92e00a2ce 7158a4343b1644bca570133cdab81c48 27b21ca08bc649258cc31d37fbe6fa54 - - default default] No more DHCP agents
2026-06-28 21:07:08.384 10 WARNING neutron.api.rpc.agentnotifiers.dhcp_rpc_agent_api [None req-172e6120-1dd5-435f-83fd-73c5efe7a7c0 6bbb364e9cf34c3e88a460782bd0cc68 c51e872006cc4cddb11d65450481e8cb - - - -] Unable to schedule network 6f2fb25c-4e9d-4eca-88c7-eb28365b2bed: no agents available; will retry on subsequent port and subnet creation events.
2026-06-28 21:07:08.387 10 WARNING neutron.api.rpc.agentnotifiers.dhcp_rpc_agent_api [None req-aa17e627-be55-4fbb-8cb6-68f92e00a2ce 7158a4343b1644bca570133cdab81c48 27b21ca08bc649258cc31d37fbe6fa54 - - default default] Unable to schedule network 0fe55f5c-e454-4527-b4fc-40d35c33bb36: no agents available; will retry on subsequent port and subnet creation events.
2026-06-28 21:07:08.550 9 INFO neutron.db.ovn_revision_numbers_db [None req-5f9e7c8c-ac8f-40f6-a3eb-79168dafed08 - - - - - -] Successfully bumped revision number for resource 5c0d2e19-5521-418a-b256-8a90727885b6 (type: router_ports) to 4
2026-06-28 21:07:08.587 9 INFO neutron.wsgi [None req-239d4161-7221-42ff-ac9b-def96f62f55f 7158a4343b1644bca570133cdab81c48 27b21ca08bc649258cc31d37fbe6fa54 - - - -] 10.0.0.202 "DELETE /v2.0/security-groups/a92da41a-b2e5-43ad-90be-15ce756723fd HTTP/1.1" status: 204 len: 168 time: 0.2798924
2026-06-28 21:07:08.615 9 INFO neutron.plugins.ml2.drivers.ovn.mech_driver.ovsdb.ovsdb_monitor [None req-5f9e7c8c-ac8f-40f6-a3eb-79168dafed08 - - - - - -] Router 748b99b6-a99e-4161-9636-6912220386d5 is bound to host instance
2026-06-28 21:07:08.700 10 INFO neutron.db.ovn_revision_numbers_db [None req-aa17e627-be55-4fbb-8cb6-68f92e00a2ce 7158a4343b1644bca570133cdab81c48 27b21ca08bc649258cc31d37fbe6fa54 - - default default] Successfully bumped revision number for resource cfcb643e-0af4-4718-a643-edc24357d29e (type: ports) to 1
2026-06-28 21:07:09.083 9 INFO neutron.db.ovn_revision_numbers_db [None req-5f9e7c8c-ac8f-40f6-a3eb-79168dafed08 - - - - - -] Successfully bumped revision number for resource e7e38d4b-66ae-4115-aca9-7b83173391fc (type: ports) to 1
2026-06-28 21:07:09.198 10 INFO neutron.plugins.ml2.drivers.ovn.mech_driver.mech_driver [None req-f35bbdb6-b4ea-4905-a408-53ea0038a23e - - - - - -] OVN reports status up for port: 57c0b9c7-4e48-4ffd-b526-a1efec4323ce
2026-06-28 21:07:09.229 10 INFO neutron.db.ovn_revision_numbers_db [None req-f370a100-ab30-4682-a0d8-9ccf2e800981 7158a4343b1644bca570133cdab81c48 27b21ca08bc649258cc31d37fbe6fa54 - - default default] Successfully bumped revision number for resource 57c0b9c7-4e48-4ffd-b526-a1efec4323ce (type: router_ports) to 2
2026-06-28 21:07:09.233 10 INFO neutron.plugins.ml2.plugin [None req-f35bbdb6-b4ea-4905-a408-53ea0038a23e - - - - - -] Attempt 1 to provision port 57c0b9c7-4e48-4ffd-b526-a1efec4323ce
2026-06-28 21:07:09.325 9 INFO neutron.db.ovn_revision_numbers_db [None req-5f9e7c8c-ac8f-40f6-a3eb-79168dafed08 - - - - - -] Successfully bumped revision number for resource e7e38d4b-66ae-4115-aca9-7b83173391fc (type: router_ports) to 3
2026-06-28 21:07:09.393 9 INFO neutron.plugins.ml2.drivers.ovn.mech_driver.mech_driver [None req-dff9ed6f-4662-4b77-852b-6b91bd7a5f84 - - - - - -] OVN reports status up for port: e7e38d4b-66ae-4115-aca9-7b83173391fc
2026-06-28 21:07:09.405 9 INFO neutron.plugins.ml2.plugin [None req-dff9ed6f-4662-4b77-852b-6b91bd7a5f84 - - - - - -] Attempt 1 to provision port e7e38d4b-66ae-4115-aca9-7b83173391fc
2026-06-28 21:07:09.481 9 INFO neutron.db.ovn_revision_numbers_db [None req-5f9e7c8c-ac8f-40f6-a3eb-79168dafed08 - - - - - -] Successfully bumped revision number for resource e7e38d4b-66ae-4115-aca9-7b83173391fc (type: ports) to 2
2026-06-28 21:07:09.529 10 INFO neutron.db.ovn_revision_numbers_db [None req-f370a100-ab30-4682-a0d8-9ccf2e800981 7158a4343b1644bca570133cdab81c48 27b21ca08bc649258cc31d37fbe6fa54 - - default default] Successfully bumped revision number for resource 57c0b9c7-4e48-4ffd-b526-a1efec4323ce (type: ports) to 2
2026-06-28 21:07:09.540 10 INFO neutron.db.ovn_revision_numbers_db [None req-172e6120-1dd5-435f-83fd-73c5efe7a7c0 6bbb364e9cf34c3e88a460782bd0cc68 c51e872006cc4cddb11d65450481e8cb - - - -] Successfully bumped revision number for resource f6f428b3-d37d-4083-b9d1-7e59039f9b28 (type: ports) to 2
2026-06-28 21:07:09.545 9 INFO neutron.plugins.ml2.drivers.ovn.mech_driver.ovsdb.ovsdb_monitor [None req-5f9e7c8c-ac8f-40f6-a3eb-79168dafed08 - - - - - -] Router 6624a209-7a43-4c99-b364-67274ba5593a is bound to host instance
2026-06-28 21:07:09.619 10 INFO neutron.db.ovn_revision_numbers_db [None req-172e6120-1dd5-435f-83fd-73c5efe7a7c0 6bbb364e9cf34c3e88a460782bd0cc68 c51e872006cc4cddb11d65450481e8cb - - - -] Successfully bumped revision number for resource 6bf8160e-067e-4348-af07-896785247497 (type: subnets) to 0
2026-06-28 21:07:09.684 10 INFO neutron.wsgi [None req-172e6120-1dd5-435f-83fd-73c5efe7a7c0 6bbb364e9cf34c3e88a460782bd0cc68 c51e872006cc4cddb11d65450481e8cb - - - -] 10.0.0.202 "POST /v2.0/subnets HTTP/1.1" status: 201 len: 831 time: 1.7709730
2026-06-28 21:07:09.773 10 WARNING neutron.scheduler.dhcp_agent_scheduler [None req-f370a100-ab30-4682-a0d8-9ccf2e800981 7158a4343b1644bca570133cdab81c48 27b21ca08bc649258cc31d37fbe6fa54 - - default default] No more DHCP agents
2026-06-28 21:07:09.787 9 INFO neutron.db.ovn_revision_numbers_db [None req-dff9ed6f-4662-4b77-852b-6b91bd7a5f84 - - - - - -] Successfully bumped revision number for resource e7e38d4b-66ae-4115-aca9-7b83173391fc (type: ports) to 4
2026-06-28 21:07:09.790 10 WARNING neutron.api.rpc.agentnotifiers.dhcp_rpc_agent_api [None req-f370a100-ab30-4682-a0d8-9ccf2e800981 7158a4343b1644bca570133cdab81c48 27b21ca08bc649258cc31d37fbe6fa54 - - default default] Unable to schedule network d7472f02-8ec3-45e6-b11b-2b599eb1579a: no agents available; will retry on subsequent port and subnet creation events.
2026-06-28 21:07:10.028 9 INFO neutron.db.ovn_revision_numbers_db [None req-dff9ed6f-4662-4b77-852b-6b91bd7a5f84 - - - - - -] Successfully bumped revision number for resource e7e38d4b-66ae-4115-aca9-7b83173391fc (type: router_ports) to 4
2026-06-28 21:07:10.149 10 INFO neutron.db.ovn_revision_numbers_db [None req-f35bbdb6-b4ea-4905-a408-53ea0038a23e - - - - - -] Successfully bumped revision number for resource 57c0b9c7-4e48-4ffd-b526-a1efec4323ce (type: ports) to 3
2026-06-28 21:07:10.172 10 INFO neutron.db.ovn_revision_numbers_db [None req-aa17e627-be55-4fbb-8cb6-68f92e00a2ce 7158a4343b1644bca570133cdab81c48 27b21ca08bc649258cc31d37fbe6fa54 - - default default] Successfully bumped revision number for resource cfcb643e-0af4-4718-a643-edc24357d29e (type: router_ports) to 2
2026-06-28 21:07:10.346 9 INFO neutron.plugins.ml2.drivers.ovn.mech_driver.mech_driver [None req-dff9ed6f-4662-4b77-852b-6b91bd7a5f84 - - - - - -] OVN reports status up for port: 0d6e73ef-39c8-45c8-86e7-3e44ddac5c68
2026-06-28 21:07:10.360 9 INFO neutron.plugins.ml2.plugin [None req-dff9ed6f-4662-4b77-852b-6b91bd7a5f84 - - - - - -] Attempt 1 to provision port 0d6e73ef-39c8-45c8-86e7-3e44ddac5c68
2026-06-28 21:07:10.388 10 INFO neutron.db.ovn_revision_numbers_db [None req-f35bbdb6-b4ea-4905-a408-53ea0038a23e - - - - - -] Successfully bumped revision number for resource 57c0b9c7-4e48-4ffd-b526-a1efec4323ce (type: router_ports) to 3
2026-06-28 21:07:10.435 9 INFO neutron.plugins.ml2.drivers.ovn.mech_driver.mech_driver [None req-dff9ed6f-4662-4b77-852b-6b91bd7a5f84 - - - - - -] OVN reports status up for port: cfcb643e-0af4-4718-a643-edc24357d29e
2026-06-28 21:07:10.452 9 INFO neutron.plugins.ml2.plugin [None req-dff9ed6f-4662-4b77-852b-6b91bd7a5f84 - - - - - -] Attempt 1 to provision port cfcb643e-0af4-4718-a643-edc24357d29e
2026-06-28 21:07:10.549 9 INFO neutron.db.ovn_revision_numbers_db [None req-5f9e7c8c-ac8f-40f6-a3eb-79168dafed08 - - - - - -] Successfully bumped revision number for resource 0d6e73ef-39c8-45c8-86e7-3e44ddac5c68 (type: ports) to 1
2026-06-28 21:07:10.554 10 INFO neutron.db.ovn_revision_numbers_db [None req-aa17e627-be55-4fbb-8cb6-68f92e00a2ce 7158a4343b1644bca570133cdab81c48 27b21ca08bc649258cc31d37fbe6fa54 - - default default] Successfully bumped revision number for resource cfcb643e-0af4-4718-a643-edc24357d29e (type: ports) to 2
2026-06-28 21:07:10.751 10 WARNING neutron.scheduler.dhcp_agent_scheduler [None req-aa17e627-be55-4fbb-8cb6-68f92e00a2ce 7158a4343b1644bca570133cdab81c48 27b21ca08bc649258cc31d37fbe6fa54 - - default default] No more DHCP agents
2026-06-28 21:07:10.764 10 WARNING neutron.api.rpc.agentnotifiers.dhcp_rpc_agent_api [None req-aa17e627-be55-4fbb-8cb6-68f92e00a2ce 7158a4343b1644bca570133cdab81c48 27b21ca08bc649258cc31d37fbe6fa54 - - default default] Unable to schedule network 0fe55f5c-e454-4527-b4fc-40d35c33bb36: no agents available; will retry on subsequent port and subnet creation events.
2026-06-28 21:07:10.800 9 INFO neutron.db.ovn_revision_numbers_db [None req-dff9ed6f-4662-4b77-852b-6b91bd7a5f84 - - - - - -] Successfully bumped revision number for resource cfcb643e-0af4-4718-a643-edc24357d29e (type: ports) to 3
2026-06-28 21:07:10.870 9 INFO neutron.wsgi [-] 10.0.0.70 "GET / HTTP/1.1" status: 200 len: 247 time: 0.0014253
2026-06-28 21:07:10.872 9 INFO neutron.wsgi [-] 10.0.0.70 "GET / HTTP/1.1" status: 200 len: 247 time: 0.0008779
2026-06-28 21:07:10.900 9 INFO neutron.db.ovn_revision_numbers_db [None req-5f9e7c8c-ac8f-40f6-a3eb-79168dafed08 - - - - - -] Successfully bumped revision number for resource 0d6e73ef-39c8-45c8-86e7-3e44ddac5c68 (type: router_ports) to 3
2026-06-28 21:07:10.919 9 INFO neutron.db.ovn_revision_numbers_db [None req-dff9ed6f-4662-4b77-852b-6b91bd7a5f84 - - - - - -] Successfully bumped revision number for resource cfcb643e-0af4-4718-a643-edc24357d29e (type: router_ports) to 3
2026-06-28 21:07:11.045 9 INFO neutron.db.ovn_revision_numbers_db [None req-5f9e7c8c-ac8f-40f6-a3eb-79168dafed08 - - - - - -] Successfully bumped revision number for resource 0d6e73ef-39c8-45c8-86e7-3e44ddac5c68 (type: ports) to 2
2026-06-28 21:07:11.229 10 WARNING neutron.scheduler.dhcp_agent_scheduler [None req-d76c3a19-08b6-4a4d-ac5a-bd6589699bc8 6bbb364e9cf34c3e88a460782bd0cc68 c51e872006cc4cddb11d65450481e8cb - - default default] No more DHCP agents
2026-06-28 21:07:11.245 10 WARNING neutron.api.rpc.agentnotifiers.dhcp_rpc_agent_api [None req-d76c3a19-08b6-4a4d-ac5a-bd6589699bc8 6bbb364e9cf34c3e88a460782bd0cc68 c51e872006cc4cddb11d65450481e8cb - - default default] Unable to schedule network 6f2fb25c-4e9d-4eca-88c7-eb28365b2bed: no agents available; will retry on subsequent port and subnet creation events.
2026-06-28 21:07:11.262 9 INFO neutron.db.ovn_revision_numbers_db [None req-5f9e7c8c-ac8f-40f6-a3eb-79168dafed08 - - - - - -] Successfully bumped revision number for resource 0d6e73ef-39c8-45c8-86e7-3e44ddac5c68 (type: ports) to 4
2026-06-28 21:07:11.427 10 INFO neutron.db.ovn_revision_numbers_db [None req-f370a100-ab30-4682-a0d8-9ccf2e800981 7158a4343b1644bca570133cdab81c48 27b21ca08bc649258cc31d37fbe6fa54 - - - -] Successfully bumped revision number for resource 57c0b9c7-4e48-4ffd-b526-a1efec4323ce (type: router_ports) to 3
2026-06-28 21:07:11.429 10 INFO neutron.wsgi [None req-f370a100-ab30-4682-a0d8-9ccf2e800981 7158a4343b1644bca570133cdab81c48 27b21ca08bc649258cc31d37fbe6fa54 - - - -] 10.0.0.202 "PUT /v2.0/routers/e3a32bd3-fd9e-4619-9425-b588d9b376ea/add_router_interface HTTP/1.1" status: 200 len: 503 time: 4.5415432
2026-06-28 21:07:11.460 9 INFO neutron.db.ovn_revision_numbers_db [None req-5f9e7c8c-ac8f-40f6-a3eb-79168dafed08 - - - - - -] Successfully bumped revision number for resource 0d6e73ef-39c8-45c8-86e7-3e44ddac5c68 (type: router_ports) to 4
2026-06-28 21:07:11.514 10 INFO neutron.db.ovn_revision_numbers_db [None req-d76c3a19-08b6-4a4d-ac5a-bd6589699bc8 6bbb364e9cf34c3e88a460782bd0cc68 c51e872006cc4cddb11d65450481e8cb - - default default] Successfully bumped revision number for resource 62af62db-21f0-4141-a517-8772a18e18df (type: ports) to 1
2026-06-28 21:07:11.938 10 INFO neutron.db.ovn_revision_numbers_db [None req-aa17e627-be55-4fbb-8cb6-68f92e00a2ce 7158a4343b1644bca570133cdab81c48 27b21ca08bc649258cc31d37fbe6fa54 - - - -] Successfully bumped revision number for resource cfcb643e-0af4-4718-a643-edc24357d29e (type: router_ports) to 3
2026-06-28 21:07:11.941 10 INFO neutron.wsgi [None req-aa17e627-be55-4fbb-8cb6-68f92e00a2ce 7158a4343b1644bca570133cdab81c48 27b21ca08bc649258cc31d37fbe6fa54 - - - -] 10.0.0.202 "PUT /v2.0/routers/6624a209-7a43-4c99-b364-67274ba5593a/add_router_interface HTTP/1.1" status: 200 len: 503 time: 4.2908530
2026-06-28 21:07:12.123 10 INFO neutron.db.ovn_revision_numbers_db [None req-d76c3a19-08b6-4a4d-ac5a-bd6589699bc8 6bbb364e9cf34c3e88a460782bd0cc68 c51e872006cc4cddb11d65450481e8cb - - default default] Successfully bumped revision number for resource 62af62db-21f0-4141-a517-8772a18e18df (type: router_ports) to 2
2026-06-28 21:07:12.251 10 INFO neutron.db.ovn_revision_numbers_db [None req-d76c3a19-08b6-4a4d-ac5a-bd6589699bc8 6bbb364e9cf34c3e88a460782bd0cc68 c51e872006cc4cddb11d65450481e8cb - - default default] Successfully bumped revision number for resource 62af62db-21f0-4141-a517-8772a18e18df (type: ports) to 2
2026-06-28 21:07:12.338 10 WARNING neutron.scheduler.dhcp_agent_scheduler [None req-d76c3a19-08b6-4a4d-ac5a-bd6589699bc8 6bbb364e9cf34c3e88a460782bd0cc68 c51e872006cc4cddb11d65450481e8cb - - default default] No more DHCP agents
2026-06-28 21:07:12.339 10 WARNING neutron.api.rpc.agentnotifiers.dhcp_rpc_agent_api [None req-d76c3a19-08b6-4a4d-ac5a-bd6589699bc8 6bbb364e9cf34c3e88a460782bd0cc68 c51e872006cc4cddb11d65450481e8cb - - default default] Unable to schedule network 6f2fb25c-4e9d-4eca-88c7-eb28365b2bed: no agents available; will retry on subsequent port and subnet creation events.
2026-06-28 21:07:12.666 10 INFO neutron.db.ovn_revision_numbers_db [None req-d76c3a19-08b6-4a4d-ac5a-bd6589699bc8 6bbb364e9cf34c3e88a460782bd0cc68 c51e872006cc4cddb11d65450481e8cb - - - -] Successfully bumped revision number for resource 62af62db-21f0-4141-a517-8772a18e18df (type: router_ports) to 2
2026-06-28 21:07:12.669 10 INFO neutron.wsgi [None req-d76c3a19-08b6-4a4d-ac5a-bd6589699bc8 6bbb364e9cf34c3e88a460782bd0cc68 c51e872006cc4cddb11d65450481e8cb - - - -] 10.0.0.202 "PUT /v2.0/routers/748b99b6-a99e-4161-9636-6912220386d5/add_router_interface HTTP/1.1" status: 200 len: 503 time: 2.9645917
2026-06-28 21:07:12.723 10 INFO neutron.db.ovn_revision_numbers_db [None req-446544b9-94de-42e9-9baf-481a90e37b35 7158a4343b1644bca570133cdab81c48 27b21ca08bc649258cc31d37fbe6fa54 - - - -] Successfully bumped revision number for resource ce32cacb-affb-4cdb-a514-848a538e86a8 (type: security_groups) to 1
2026-06-28 21:07:12.751 9 INFO neutron.wsgi [None req-196cc46e-03a4-41b4-b0d7-05f7a913bac7 469817c64d4547f6aae5149d81271773 51baadbdc6744078962c7c692ae40db1 - - default default] 10.0.0.202 "GET /v2.0/networks HTTP/1.1" status: 200 len: 4628 time: 0.0774724
2026-06-28 21:07:12.790 10 INFO neutron.db.segments_db [None req-446544b9-94de-42e9-9baf-481a90e37b35 7158a4343b1644bca570133cdab81c48 27b21ca08bc649258cc31d37fbe6fa54 - - - -] Added segment dd994d3f-b7d1-43ee-9545-5c24dd222985 of type geneve for network 311a9f0c-aad0-4368-bce0-ff8da89ca18f
2026-06-28 21:07:12.810 9 INFO neutron.wsgi [None req-6e38c619-76c8-4136-a686-3cca0cf16e7b 469817c64d4547f6aae5149d81271773 51baadbdc6744078962c7c692ae40db1 - - default default] 10.0.0.202 "GET /v2.0/subnets HTTP/1.1" status: 200 len: 3403 time: 0.0542233
2026-06-28 21:07:12.928 10 INFO neutron.db.ovn_revision_numbers_db [None req-446544b9-94de-42e9-9baf-481a90e37b35 7158a4343b1644bca570133cdab81c48 27b21ca08bc649258cc31d37fbe6fa54 - - - -] Successfully bumped revision number for resource 311a9f0c-aad0-4368-bce0-ff8da89ca18f (type: networks) to 1
2026-06-28 21:07:12.944 9 INFO neutron.wsgi [None req-8241fcdd-5286-4240-abf0-f10e00f97476 469817c64d4547f6aae5149d81271773 51baadbdc6744078962c7c692ae40db1 - - default default] 10.0.0.202 "GET /v2.0/routers HTTP/1.1" status: 200 len: 2221 time: 0.1288850
2026-06-28 21:07:13.086 10 INFO neutron.wsgi [None req-73ebf7b8-ab11-49c2-beb4-0ed71b766cf4 6183860543604c839c068dca40d4e871 082a660198074482b5b1243ee9e58f53 - - - -] 10.0.0.202 "POST /v2.0/subnetpools HTTP/1.1" status: 201 len: 715 time: 0.3380380
2026-06-28 21:07:13.096 9 INFO neutron.db.ovn_revision_numbers_db [None req-b59e5a47-b7d2-428f-b3dd-b9368f7d842c 6bbb364e9cf34c3e88a460782bd0cc68 c51e872006cc4cddb11d65450481e8cb - - - -] Successfully bumped revision number for resource 597e9b50-cc07-4de1-b21f-f9c38f0e8334 (type: security_groups) to 1
2026-06-28 21:07:13.120 9 INFO neutron.wsgi [None req-b59e5a47-b7d2-428f-b3dd-b9368f7d842c 6bbb364e9cf34c3e88a460782bd0cc68 c51e872006cc4cddb11d65450481e8cb - - - -] 10.0.0.202 "POST /v2.0/security-groups HTTP/1.1" status: 201 len: 1805 time: 0.1171827
2026-06-28 21:07:13.141 10 WARNING neutron.scheduler.dhcp_agent_scheduler [None req-446544b9-94de-42e9-9baf-481a90e37b35 7158a4343b1644bca570133cdab81c48 27b21ca08bc649258cc31d37fbe6fa54 - - - -] No more DHCP agents
2026-06-28 21:07:13.143 10 WARNING neutron.api.rpc.agentnotifiers.dhcp_rpc_agent_api [None req-446544b9-94de-42e9-9baf-481a90e37b35 7158a4343b1644bca570133cdab81c48 27b21ca08bc649258cc31d37fbe6fa54 - - - -] Unable to schedule network 311a9f0c-aad0-4368-bce0-ff8da89ca18f: no agents available; will retry on subsequent port and subnet creation events.
2026-06-28 21:07:13.166 10 INFO neutron.wsgi [None req-fefaf6e6-d608-45fc-ad50-08f416f5cd59 6183860543604c839c068dca40d4e871 082a660198074482b5b1243ee9e58f53 - - - -] 10.0.0.202 "POST /v2.0/subnetpools HTTP/1.1" status: 201 len: 715 time: 0.0734408
2026-06-28 21:07:13.206 10 INFO neutron.db.ovn_revision_numbers_db [None req-446544b9-94de-42e9-9baf-481a90e37b35 7158a4343b1644bca570133cdab81c48 27b21ca08bc649258cc31d37fbe6fa54 - - - -] Successfully bumped revision number for resource 0aa1dfc0-1c70-4a09-81e4-2e107b2da91a (type: ports) to 1
2026-06-28 21:07:13.236 10 INFO neutron.wsgi [None req-446544b9-94de-42e9-9baf-481a90e37b35 7158a4343b1644bca570133cdab81c48 27b21ca08bc649258cc31d37fbe6fa54 - - - -] 10.0.0.202 "POST /v2.0/networks HTTP/1.1" status: 201 len: 943 time: 0.6995001
2026-06-28 21:07:13.238 9 INFO neutron.wsgi [None req-1c3c0f29-3a2d-4194-901a-161c63676ad2 6183860543604c839c068dca40d4e871 082a660198074482b5b1243ee9e58f53 - - - -] 10.0.0.202 "POST /v2.0/subnetpools HTTP/1.1" status: 201 len: 715 time: 0.0660763
2026-06-28 21:07:13.239 9 INFO neutron.db.ovn_revision_numbers_db [None req-662f3cf7-dbfc-4962-aae5-6aa32b25c434 6bbb364e9cf34c3e88a460782bd0cc68 c51e872006cc4cddb11d65450481e8cb - - - -] Successfully bumped revision number for resource e4197907-9d75-4247-a01e-8891b2de2c61 (type: security_group_rules) to 0
2026-06-28 21:07:13.269 9 INFO neutron.wsgi [None req-662f3cf7-dbfc-4962-aae5-6aa32b25c434 6bbb364e9cf34c3e88a460782bd0cc68 c51e872006cc4cddb11d65450481e8cb - - - -] 10.0.0.202 "POST /v2.0/security-group-rules HTTP/1.1" status: 201 len: 764 time: 0.1437395
2026-06-28 21:07:13.310 9 INFO neutron.wsgi [None req-5921eda9-db7c-4249-8b61-3d57ceb84d68 6183860543604c839c068dca40d4e871 082a660198074482b5b1243ee9e58f53 - - - -] 10.0.0.202 "POST /v2.0/subnetpools HTTP/1.1" status: 201 len: 715 time: 0.0670061
2026-06-28 21:07:13.378 9 INFO neutron.wsgi [None req-6c01b8e7-85b1-439a-b8f7-aa347c9cc7c7 6183860543604c839c068dca40d4e871 082a660198074482b5b1243ee9e58f53 - - - -] 10.0.0.202 "POST /v2.0/subnetpools HTTP/1.1" status: 201 len: 715 time: 0.0631680
2026-06-28 21:07:13.390 9 INFO neutron.db.ovn_revision_numbers_db [None req-79de72d2-3ae5-4a93-b028-62ba09244652 6bbb364e9cf34c3e88a460782bd0cc68 c51e872006cc4cddb11d65450481e8cb - - - -] Successfully bumped revision number for resource 04b4d015-a988-439e-ba6f-33783c7bcadd (type: security_group_rules) to 0
2026-06-28 21:07:13.399 10 WARNING neutron.scheduler.dhcp_agent_scheduler [None req-623ace86-d79d-4c0b-b091-d5199b6192cc 7158a4343b1644bca570133cdab81c48 27b21ca08bc649258cc31d37fbe6fa54 - - - -] No more DHCP agents
2026-06-28 21:07:13.401 10 WARNING neutron.api.rpc.agentnotifiers.dhcp_rpc_agent_api [None req-623ace86-d79d-4c0b-b091-d5199b6192cc 7158a4343b1644bca570133cdab81c48 27b21ca08bc649258cc31d37fbe6fa54 - - - -] Unable to schedule network 311a9f0c-aad0-4368-bce0-ff8da89ca18f: no agents available; will retry on subsequent port and subnet creation events.
2026-06-28 21:07:13.413 9 INFO neutron.wsgi [None req-34bc20ca-b779-4477-95eb-9a11286026a2 6183860543604c839c068dca40d4e871 082a660198074482b5b1243ee9e58f53 - - - -] 10.0.0.202 "PUT /v2.0/subnetpools/8bac394d-dea0-469d-ba49-ba08bc4cece2/tags HTTP/1.1" status: 200 len: 210 time: 0.0313160
2026-06-28 21:07:13.416 9 INFO neutron.wsgi [None req-79de72d2-3ae5-4a93-b028-62ba09244652 6bbb364e9cf34c3e88a460782bd0cc68 c51e872006cc4cddb11d65450481e8cb - - - -] 10.0.0.202 "POST /v2.0/security-group-rules HTTP/1.1" status: 201 len: 763 time: 0.1410809
2026-06-28 21:07:13.439 9 INFO neutron.wsgi [None req-05554d39-6f36-4fe8-9b01-1928619d42ad 6183860543604c839c068dca40d4e871 082a660198074482b5b1243ee9e58f53 - - - -] 10.0.0.202 "PUT /v2.0/subnetpools/bab36a86-36a7-4cea-baa1-33d9da8174ae/tags HTTP/1.1" status: 200 len: 218 time: 0.0213985
2026-06-28 21:07:13.468 9 INFO neutron.wsgi [None req-8d6fd90a-1fe7-4e2a-aeaf-b67b1af129a2 6183860543604c839c068dca40d4e871 082a660198074482b5b1243ee9e58f53 - - - -] 10.0.0.202 "PUT /v2.0/subnetpools/3226de51-8b4b-4341-972b-0b7f93ac011d/tags HTTP/1.1" status: 200 len: 227 time: 0.0246344
2026-06-28 21:07:13.496 9 INFO neutron.wsgi [None req-93e3155b-3774-416f-bbd1-0f1c18ce14de 6183860543604c839c068dca40d4e871 082a660198074482b5b1243ee9e58f53 - - - -] 10.0.0.202 "PUT /v2.0/subnetpools/9b6f6273-c559-4d6e-a960-f8d5b5d58ecc/tags HTTP/1.1" status: 200 len: 212 time: 0.0243008
2026-06-28 21:07:13.528 9 INFO neutron.wsgi [None req-eaa2515e-61d2-42e1-b129-9bffb4b94b61 6183860543604c839c068dca40d4e871 082a660198074482b5b1243ee9e58f53 - - default default] 10.0.0.202 "GET /v2.0/subnetpools?tags=red HTTP/1.1" status: 200 len: 1758 time: 0.0280457
2026-06-28 21:07:13.567 9 INFO neutron.wsgi [None req-c080ada6-7c58-433a-af4a-6e3d5b1330b2 6183860543604c839c068dca40d4e871 082a660198074482b5b1243ee9e58f53 - - default default] 10.0.0.202 "GET /v2.0/subnetpools?tags=red%2Cblue HTTP/1.1" status: 200 len: 1251 time: 0.0340636
2026-06-28 21:07:13.582 10 INFO neutron.db.ovn_revision_numbers_db [None req-58b0c67c-20fe-418e-87a8-724b60efe6a8 6bbb364e9cf34c3e88a460782bd0cc68 c51e872006cc4cddb11d65450481e8cb - - - -] Successfully bumped revision number for resource 9eb01b82-e2c0-48ac-a4b4-cfaccdb7d571 (type: security_group_rules) to 0
2026-06-28 21:07:13.612 9 INFO neutron.wsgi [None req-777cedec-a4a8-4ab1-803c-0a9b1fe8e3d6 6183860543604c839c068dca40d4e871 082a660198074482b5b1243ee9e58f53 - - default default] 10.0.0.202 "GET /v2.0/subnetpools?tags-any=blue HTTP/1.1" status: 200 len: 1251 time: 0.0346849
2026-06-28 21:07:13.618 10 INFO neutron.wsgi [None req-58b0c67c-20fe-418e-87a8-724b60efe6a8 6bbb364e9cf34c3e88a460782bd0cc68 c51e872006cc4cddb11d65450481e8cb - - - -] 10.0.0.202 "POST /v2.0/security-group-rules HTTP/1.1" status: 201 len: 769 time: 0.1959252
2026-06-28 21:07:13.648 9 INFO neutron.wsgi [None req-299a6749-272d-464d-8b99-e0395da2ac62 6183860543604c839c068dca40d4e871 082a660198074482b5b1243ee9e58f53 - - default default] 10.0.0.202 "GET /v2.0/subnetpools?tags-any=red%2Cblue HTTP/1.1" status: 200 len: 1758 time: 0.0312407
2026-06-28 21:07:13.682 9 INFO neutron.wsgi [None req-c7ab5203-571b-434f-835c-8d27f4484f56 6183860543604c839c068dca40d4e871 082a660198074482b5b1243ee9e58f53 - - default default] 10.0.0.202 "GET /v2.0/subnetpools?not-tags=red HTTP/1.1" status: 200 len: 1223 time: 0.0262017
2026-06-28 21:07:13.722 9 INFO neutron.wsgi [None req-551be63d-b508-4c7d-8b80-df897b04f7b0 6183860543604c839c068dca40d4e871 082a660198074482b5b1243ee9e58f53 - - default default] 10.0.0.202 "GET /v2.0/subnetpools?not-tags=red%2Cblue HTTP/1.1" status: 200 len: 1730 time: 0.0338027
2026-06-28 21:07:13.758 9 INFO neutron.wsgi [None req-7e41dcb9-73ad-46a9-80e3-552d5619a194 6183860543604c839c068dca40d4e871 082a660198074482b5b1243ee9e58f53 - - default default] 10.0.0.202 "GET /v2.0/subnetpools?not-tags-any=blue HTTP/1.1" status: 200 len: 1730 time: 0.0289030
2026-06-28 21:07:13.787 9 INFO neutron.wsgi [None req-b9f4ed12-bdb5-47ed-bcae-7251dc794675 6183860543604c839c068dca40d4e871 082a660198074482b5b1243ee9e58f53 - - default default] 10.0.0.202 "GET /v2.0/subnetpools?not-tags-any=red%2Cblue HTTP/1.1" status: 200 len: 1223 time: 0.0231717
2026-06-28 21:07:13.805 9 INFO neutron.db.ovn_revision_numbers_db [None req-9317e18a-9af0-4df1-97c7-d158315599db 6bbb364e9cf34c3e88a460782bd0cc68 c51e872006cc4cddb11d65450481e8cb - - - -] Successfully bumped revision number for resource 4b804c85-514e-4285-84c7-b85e565c2408 (type: security_group_rules) to 0
2026-06-28 21:07:13.847 9 INFO neutron.wsgi [None req-9317e18a-9af0-4df1-97c7-d158315599db 6bbb364e9cf34c3e88a460782bd0cc68 c51e872006cc4cddb11d65450481e8cb - - - -] 10.0.0.202 "POST /v2.0/security-group-rules HTTP/1.1" status: 201 len: 768 time: 0.2232254
2026-06-28 21:07:13.858 9 INFO neutron.wsgi [None req-fa469915-a10d-43fc-8a52-0b2a7a8cd3dd 6183860543604c839c068dca40d4e871 082a660198074482b5b1243ee9e58f53 - - - -] 10.0.0.202 "DELETE /v2.0/subnetpools/8bac394d-dea0-469d-ba49-ba08bc4cece2 HTTP/1.1" status: 204 len: 168 time: 0.0654478
2026-06-28 21:07:13.870 10 INFO neutron.db.ovn_revision_numbers_db [None req-623ace86-d79d-4c0b-b091-d5199b6192cc 7158a4343b1644bca570133cdab81c48 27b21ca08bc649258cc31d37fbe6fa54 - - - -] Successfully bumped revision number for resource 0aa1dfc0-1c70-4a09-81e4-2e107b2da91a (type: ports) to 2
2026-06-28 21:07:13.880 9 INFO neutron.db.securitygroups_db [None req-7b5b5b59-a8f2-4104-b6d1-fdb988758ca8 6bbb364e9cf34c3e88a460782bd0cc68 c51e872006cc4cddb11d65450481e8cb - - - -] Project c51e872006cc4cddb11d65450481e8cb added a security group rule with legacy IPv6 ICMP protocol name icmp, ipv6-icmp should be used instead. It was automatically converted.
2026-06-28 21:07:13.894 10 INFO neutron.db.ovn_revision_numbers_db [None req-623ace86-d79d-4c0b-b091-d5199b6192cc 7158a4343b1644bca570133cdab81c48 27b21ca08bc649258cc31d37fbe6fa54 - - - -] Successfully bumped revision number for resource 1d0592f5-8486-47be-842f-4a7cba0b3bc9 (type: subnets) to 0
2026-06-28 21:07:13.919 10 INFO neutron.wsgi [None req-623ace86-d79d-4c0b-b091-d5199b6192cc 7158a4343b1644bca570133cdab81c48 27b21ca08bc649258cc31d37fbe6fa54 - - - -] 10.0.0.202 "POST /v2.0/subnets HTTP/1.1" status: 201 len: 863 time: 0.6776271
2026-06-28 21:07:13.925 10 INFO neutron.wsgi [None req-d8944e48-e3bf-4601-9a2c-ebc9b11d72cd 6183860543604c839c068dca40d4e871 082a660198074482b5b1243ee9e58f53 - - - -] 10.0.0.202 "DELETE /v2.0/subnetpools/bab36a86-36a7-4cea-baa1-33d9da8174ae HTTP/1.1" status: 204 len: 168 time: 0.0619736
2026-06-28 21:07:13.970 10 INFO neutron.wsgi [None req-411e01b8-86a2-4e6b-8a18-31b54e059644 6183860543604c839c068dca40d4e871 082a660198074482b5b1243ee9e58f53 - - - -] 10.0.0.202 "DELETE /v2.0/subnetpools/3226de51-8b4b-4341-972b-0b7f93ac011d HTTP/1.1" status: 204 len: 168 time: 0.0414729
2026-06-28 21:07:14.032 10 INFO neutron.wsgi [None req-46463f8b-3d62-4604-8e46-18159282ba48 6183860543604c839c068dca40d4e871 082a660198074482b5b1243ee9e58f53 - - - -] 10.0.0.202 "DELETE /v2.0/subnetpools/9b6f6273-c559-4d6e-a960-f8d5b5d58ecc HTTP/1.1" status: 204 len: 168 time: 0.0575914
2026-06-28 21:07:14.049 9 INFO neutron.db.ovn_revision_numbers_db [None req-7b5b5b59-a8f2-4104-b6d1-fdb988758ca8 6bbb364e9cf34c3e88a460782bd0cc68 c51e872006cc4cddb11d65450481e8cb - - - -] Successfully bumped revision number for resource cb4e35ba-eb95-4d38-9d0c-2e544465a630 (type: security_group_rules) to 0
2026-06-28 21:07:14.080 10 INFO neutron.wsgi [None req-e903f55f-3785-4a05-8ea7-d0a7045b2f1f 6183860543604c839c068dca40d4e871 082a660198074482b5b1243ee9e58f53 - - - -] 10.0.0.202 "DELETE /v2.0/subnetpools/ae56a4dc-10ec-44d9-8607-1c87dd0314c4 HTTP/1.1" status: 204 len: 168 time: 0.0427883
2026-06-28 21:07:14.413 9 INFO neutron.wsgi [None req-7b5b5b59-a8f2-4104-b6d1-fdb988758ca8 6bbb364e9cf34c3e88a460782bd0cc68 c51e872006cc4cddb11d65450481e8cb - - - -] 10.0.0.202 "POST /v2.0/security-group-rules HTTP/1.1" status: 201 len: 774 time: 0.5588880
2026-06-28 21:07:14.450 10 INFO neutron.db.securitygroups_db [None req-9d72c665-d231-40ef-99f1-a4703109f922 6bbb364e9cf34c3e88a460782bd0cc68 c51e872006cc4cddb11d65450481e8cb - - - -] Project c51e872006cc4cddb11d65450481e8cb added a security group rule with legacy IPv6 ICMP protocol name icmp, ipv6-icmp should be used instead. It was automatically converted.
2026-06-28 21:07:14.519 9 INFO neutron.wsgi [req-3e637544-eaa7-42fb-b99e-e30738ac9eb5 req-e064950f-aa48-416e-9f7c-d463d08854ef 3dea34e91dda4a969503b75abcf3a84e 12f3f68651134e3cafb7761b04a09586 - - default default] 10.0.0.184 "GET /v2.0/networks?id=0fe55f5c-e454-4527-b4fc-40d35c33bb36 HTTP/1.1" status: 200 len: 871 time: 0.1186926
2026-06-28 21:07:14.546 9 INFO neutron.wsgi [req-3e637544-eaa7-42fb-b99e-e30738ac9eb5 req-240077cc-00ee-4e22-8bdb-ff86cc806b80 3dea34e91dda4a969503b75abcf3a84e 12f3f68651134e3cafb7761b04a09586 - - default default] 10.0.0.184 "GET /v2.0/quotas/12f3f68651134e3cafb7761b04a09586 HTTP/1.1" status: 200 len: 386 time: 0.0110984
2026-06-28 21:07:14.693 9 INFO neutron.wsgi [req-3e637544-eaa7-42fb-b99e-e30738ac9eb5 req-c056db03-3fc1-4e3b-9440-32ea08fcffd9 3dea34e91dda4a969503b75abcf3a84e 12f3f68651134e3cafb7761b04a09586 - - default default] 10.0.0.184 "GET /v2.0/ports?tenant_id=12f3f68651134e3cafb7761b04a09586&fields=id HTTP/1.1" status: 200 len: 302 time: 0.1416469
2026-06-28 21:07:14.785 9 INFO neutron.wsgi [req-3e637544-eaa7-42fb-b99e-e30738ac9eb5 req-ec5ffa65-3961-446b-8f18-2ee5cac09ed5 8e1bdbdf0b2d4629ae976e6e370567bd d5b618ee756f45ea822f05337c484cf1 - - 86e08e0233ff4bfda26ef76c9bfe5e40 86e08e0233ff4bfda26ef76c9bfe5e40] 10.0.0.184 "GET /v2.0/networks/0fe55f5c-e454-4527-b4fc-40d35c33bb36?fields=segments HTTP/1.1" status: 200 len: 212 time: 0.0783720
2026-06-28 21:07:14.838 10 INFO neutron.db.ovn_revision_numbers_db [None req-9d72c665-d231-40ef-99f1-a4703109f922 6bbb364e9cf34c3e88a460782bd0cc68 c51e872006cc4cddb11d65450481e8cb - - - -] Successfully bumped revision number for resource 62395137-0e2c-45b9-8ef0-49a35656c2bf (type: security_group_rules) to 0
2026-06-28 21:07:14.863 10 INFO neutron.wsgi [None req-9d72c665-d231-40ef-99f1-a4703109f922 6bbb364e9cf34c3e88a460782bd0cc68 c51e872006cc4cddb11d65450481e8cb - - - -] 10.0.0.202 "POST /v2.0/security-group-rules HTTP/1.1" status: 201 len: 773 time: 0.4430406
2026-06-28 21:07:14.904 9 WARNING neutron.scheduler.dhcp_agent_scheduler [None req-b5192d43-ec3c-425b-b733-d1bae9143378 7158a4343b1644bca570133cdab81c48 27b21ca08bc649258cc31d37fbe6fa54 - - - -] No more DHCP agents
2026-06-28 21:07:14.907 9 INFO neutron.wsgi [req-3e637544-eaa7-42fb-b99e-e30738ac9eb5 req-de3a50cf-f79c-40d2-a547-8569416eba22 8e1bdbdf0b2d4629ae976e6e370567bd d5b618ee756f45ea822f05337c484cf1 - - 86e08e0233ff4bfda26ef76c9bfe5e40 86e08e0233ff4bfda26ef76c9bfe5e40] 10.0.0.184 "GET /v2.0/networks/0fe55f5c-e454-4527-b4fc-40d35c33bb36?fields=provider%3Aphysical_network&fields=provider%3Anetwork_type HTTP/1.1" status: 200 len: 277 time: 0.1154957
2026-06-28 21:07:14.907 9 WARNING neutron.api.rpc.agentnotifiers.dhcp_rpc_agent_api [None req-b5192d43-ec3c-425b-b733-d1bae9143378 7158a4343b1644bca570133cdab81c48 27b21ca08bc649258cc31d37fbe6fa54 - - - -] Unable to schedule network 91ce8d9f-625c-463c-b978-1a2031c7bcd1: no agents available; will retry on subsequent port and subnet creation events.
2026-06-28 21:07:15.039 9 INFO neutron.wsgi [req-fdee76cd-b0f3-4c62-9320-9c7df631833b req-35811642-f986-4344-9403-5e57b7b756fe 3dea34e91dda4a969503b75abcf3a84e 12f3f68651134e3cafb7761b04a09586 - - default default] 10.0.0.184 "GET /v2.0/ports?device_id=8708e3a7-8a41-4b6f-8a55-ff7d2bcb8106 HTTP/1.1" status: 200 len: 210 time: 0.0323155
2026-06-28 21:07:15.088 9 INFO neutron.db.ovn_revision_numbers_db [None req-b5192d43-ec3c-425b-b733-d1bae9143378 7158a4343b1644bca570133cdab81c48 27b21ca08bc649258cc31d37fbe6fa54 - - - -] Successfully bumped revision number for resource 6c7d51ed-f4cd-45af-987c-f9c029608e02 (type: ports) to 1
2026-06-28 21:07:15.412 9 INFO neutron.wsgi [None req-8445fa15-72da-400f-a265-5c4a8186c476 6bbb364e9cf34c3e88a460782bd0cc68 c51e872006cc4cddb11d65450481e8cb - - default default] 10.0.0.202 "GET /v2.0/networks HTTP/1.1" status: 200 len: 1491 time: 0.2049870
2026-06-28 21:07:15.485 9 INFO neutron.db.ovn_revision_numbers_db [None req-4dde337a-fbef-4f3c-9646-d72235ae02f0 7158a4343b1644bca570133cdab81c48 27b21ca08bc649258cc31d37fbe6fa54 - - default default] Successfully bumped revision number for resource 491fb89b-eb53-494a-8f20-64adf521ea98 (type: security_groups) to 1
2026-06-28 21:07:15.523 9 INFO neutron.wsgi [None req-4dde337a-fbef-4f3c-9646-d72235ae02f0 7158a4343b1644bca570133cdab81c48 27b21ca08bc649258cc31d37fbe6fa54 - - default default] 10.0.0.202 "GET /v2.0/security-groups?tenant_id=082a660198074482b5b1243ee9e58f53&name=default HTTP/1.1" status: 200 len: 2996 time: 0.4725494
2026-06-28 21:07:15.543 9 INFO neutron.wsgi [req-d4193ff5-5e48-4335-b2d2-0fe77cbce6a3 req-f2f30028-2643-4ba5-9441-99ee0cfdffdf 6bbb364e9cf34c3e88a460782bd0cc68 c51e872006cc4cddb11d65450481e8cb - - default default] 10.0.0.184 "GET /v2.0/security-groups?name=tempest-secgroup-smoke-7054913&fields=id&tenant_id=c51e872006cc4cddb11d65450481e8cb HTTP/1.1" status: 200 len: 267 time: 0.0541008
2026-06-28 21:07:15.576 10 WARNING neutron.plugins.ml2.drivers.ovn.mech_driver.ovsdb.ovn_client [None req-f35bbdb6-b4ea-4905-a408-53ea0038a23e - - - - - -] No hosting information found for port 57c0b9c7-4e48-4ffd-b526-a1efec4323ce: RuntimeError: No hosting information found for port 57c0b9c7-4e48-4ffd-b526-a1efec4323ce
