2026-06-28 21:05:40.113 9 INFO neutron.wsgi [req-6d8cc529-e5c4-4412-acfc-1a935b84c421 req-a3dcebfb-ce78-4e1d-9a56-e4052245d418 82ce2b17ad7c483bb375ab7fdb54e178 b2ccec05969646228fd870e66e36a077 - - default default] 10.0.0.184 "GET /v2.0/security-groups?id=acc1d39f-3231-46aa-aabd-c50a74b62d87&fields=id&fields=name HTTP/1.1" status: 200 len: 313 time: 0.0382473
2026-06-28 21:05:40.166 9 INFO neutron.db.segments_db [None req-23dea349-14c6-4656-80a9-e31aa2828b4d e6b88bf8694945f996424b804ee1ef03 a085406ea83a4a3bbc921f0a5dc49b85 - - - -] Added segment f2efa2ea-ea6d-4a9f-8c97-aa43e4fb0182 of type geneve for network 5620f3ec-46bb-4b92-93f1-200732bce0b2
2026-06-28 21:05:40.283 10 INFO neutron.db.ovn_revision_numbers_db [None req-f35bbdb6-b4ea-4905-a408-53ea0038a23e - - - - - -] Successfully bumped revision number for resource e6d2a5bb-b746-4015-b109-f98debd4c826 (type: ports) to 6 /var/lib/openstack/lib/python3.10/site-packages/pycadf/identifier.py:71: UserWarning: Invalid uuid: neutron. To ensure interoperability, identifiers should be a valid uuid. warnings.warn(('Invalid uuid: %s. To ensure interoperability, '
2026-06-28 21:05:40.331 9 INFO neutron.db.ovn_revision_numbers_db [None req-23dea349-14c6-4656-80a9-e31aa2828b4d e6b88bf8694945f996424b804ee1ef03 a085406ea83a4a3bbc921f0a5dc49b85 - - - -] Successfully bumped revision number for resource 5620f3ec-46bb-4b92-93f1-200732bce0b2 (type: networks) to 1
2026-06-28 21:05:40.421 10 INFO neutron.db.ovn_revision_numbers_db [None req-c7b2fc23-d205-467d-ad92-917da51a1572 7158a4343b1644bca570133cdab81c48 27b21ca08bc649258cc31d37fbe6fa54 - - - -] Successfully bumped revision number for resource 26a99886-0c1a-4b0e-9a13-636a9b7fdcf4 (type: security_groups) to 1
2026-06-28 21:05:40.469 10 INFO neutron.db.segments_db [None req-c7b2fc23-d205-467d-ad92-917da51a1572 7158a4343b1644bca570133cdab81c48 27b21ca08bc649258cc31d37fbe6fa54 - - - -] Added segment 865b874e-6bc4-4ba1-a1f9-7529edcf1076 of type geneve for network 80ce890a-e881-4585-882e-7b3dff89768b
2026-06-28 21:05:40.504 9 INFO neutron.services.segments.plugin [-] Segment f8cb7849-a0f7-476d-9973-22e11560d06c resource provider aggregate not found
2026-06-28 21:05:40.511 9 INFO neutron.services.segments.plugin [-] Segment f8cb7849-a0f7-476d-9973-22e11560d06c resource provider aggregate not found
2026-06-28 21:05:40.548 9 INFO neutron.services.segments.plugin [-] Segment f8cb7849-a0f7-476d-9973-22e11560d06c resource provider not found; error: Placement Client Error (4xx): {"errors": [{"status": 404, "title": "Not Found", "detail": "The resource could not be found.\n\n No resource provider with uuid f8cb7849-a0f7-476d-9973-22e11560d06c found for delete ", "request_id": "req-4230147f-94de-4c01-a42d-1e26795cc6ce"}]}
2026-06-28 21:05:40.555 9 INFO neutron.services.segments.plugin [-] Segment f8cb7849-a0f7-476d-9973-22e11560d06c resource provider not found; error: Placement Client Error (4xx): {"errors": [{"status": 404, "title": "Not Found", "detail": "The resource could not be found.\n\n No resource provider with uuid f8cb7849-a0f7-476d-9973-22e11560d06c found for delete ", "request_id": "req-834ead57-e1f1-408d-8c7c-265ab56139ab"}]}
2026-06-28 21:05:40.579 9 INFO neutron.wsgi [None req-838e7f5c-1885-4d0e-91b3-28429fe9a5a1 66b9ceb2e3154459a1c1b2bcb7f0784d aa566b5df5ac4680874fdfcc2c206c7e - - - -] 10.0.0.202 "DELETE /v2.0/networks/7badf929-4b48-4b6a-85a7-9819811cedd5 HTTP/1.1" status: 204 len: 168 time: 0.5796223 /var/lib/openstack/lib/python3.10/site-packages/pycadf/identifier.py:71: UserWarning: Invalid uuid: neutron. To ensure interoperability, identifiers should be a valid uuid. warnings.warn(('Invalid uuid: %s. To ensure interoperability, '
2026-06-28 21:05:40.597 10 INFO neutron.db.ovn_revision_numbers_db [None req-c7b2fc23-d205-467d-ad92-917da51a1572 7158a4343b1644bca570133cdab81c48 27b21ca08bc649258cc31d37fbe6fa54 - - - -] Successfully bumped revision number for resource 80ce890a-e881-4585-882e-7b3dff89768b (type: networks) to 1
2026-06-28 21:05:40.613 9 WARNING neutron.scheduler.dhcp_agent_scheduler [None req-23dea349-14c6-4656-80a9-e31aa2828b4d e6b88bf8694945f996424b804ee1ef03 a085406ea83a4a3bbc921f0a5dc49b85 - - - -] No more DHCP agents
2026-06-28 21:05:40.618 9 WARNING neutron.api.rpc.agentnotifiers.dhcp_rpc_agent_api [None req-23dea349-14c6-4656-80a9-e31aa2828b4d e6b88bf8694945f996424b804ee1ef03 a085406ea83a4a3bbc921f0a5dc49b85 - - - -] Unable to schedule network 5620f3ec-46bb-4b92-93f1-200732bce0b2: no agents available; will retry on subsequent port and subnet creation events.
2026-06-28 21:05:40.693 9 INFO neutron.db.ovn_revision_numbers_db [None req-23dea349-14c6-4656-80a9-e31aa2828b4d e6b88bf8694945f996424b804ee1ef03 a085406ea83a4a3bbc921f0a5dc49b85 - - - -] Successfully bumped revision number for resource e0e3021d-713b-4132-a21f-7712a8e536fa (type: ports) to 1
2026-06-28 21:05:40.705 10 INFO neutron.db.segments_db [None req-7e2d0351-cfc1-4075-b900-f269e72e1c14 66b9ceb2e3154459a1c1b2bcb7f0784d aa566b5df5ac4680874fdfcc2c206c7e - - - -] Added segment 12d68fc4-06e6-4050-bf6c-845e31af1cdd of type geneve for network 65e32b58-80e5-4615-8c81-c2ebf03b32ae
2026-06-28 21:05:40.717 9 INFO neutron.wsgi [None req-23dea349-14c6-4656-80a9-e31aa2828b4d e6b88bf8694945f996424b804ee1ef03 a085406ea83a4a3bbc921f0a5dc49b85 - - - -] 10.0.0.202 "POST /v2.0/networks HTTP/1.1" status: 201 len: 853 time: 0.7087052
2026-06-28 21:05:40.787 10 WARNING neutron.scheduler.dhcp_agent_scheduler [None req-c7b2fc23-d205-467d-ad92-917da51a1572 7158a4343b1644bca570133cdab81c48 27b21ca08bc649258cc31d37fbe6fa54 - - - -] No more DHCP agents
2026-06-28 21:05:40.790 10 WARNING neutron.api.rpc.agentnotifiers.dhcp_rpc_agent_api [None req-c7b2fc23-d205-467d-ad92-917da51a1572 7158a4343b1644bca570133cdab81c48 27b21ca08bc649258cc31d37fbe6fa54 - - - -] Unable to schedule network 80ce890a-e881-4585-882e-7b3dff89768b: no agents available; will retry on subsequent port and subnet creation events.
2026-06-28 21:05:40.848 10 INFO neutron.db.ovn_revision_numbers_db [None req-7e2d0351-cfc1-4075-b900-f269e72e1c14 66b9ceb2e3154459a1c1b2bcb7f0784d aa566b5df5ac4680874fdfcc2c206c7e - - - -] Successfully bumped revision number for resource 65e32b58-80e5-4615-8c81-c2ebf03b32ae (type: networks) to 1
2026-06-28 21:05:40.869 10 INFO neutron.wsgi [-] 10.0.0.70 "GET / HTTP/1.1" status: 200 len: 247 time: 0.0012271
2026-06-28 21:05:40.870 10 INFO neutron.wsgi [-] 10.0.0.70 "GET / HTTP/1.1" status: 200 len: 247 time: 0.0010705
2026-06-28 21:05:40.889 10 INFO neutron.db.ovn_revision_numbers_db [None req-c7b2fc23-d205-467d-ad92-917da51a1572 7158a4343b1644bca570133cdab81c48 27b21ca08bc649258cc31d37fbe6fa54 - - - -] Successfully bumped revision number for resource f658505c-5d8d-4541-a231-85535144c8e5 (type: ports) to 1
2026-06-28 21:05:41.141 10 INFO neutron.wsgi [None req-c7b2fc23-d205-467d-ad92-917da51a1572 7158a4343b1644bca570133cdab81c48 27b21ca08bc649258cc31d37fbe6fa54 - - - -] 10.0.0.202 "POST /v2.0/networks HTTP/1.1" status: 201 len: 949 time: 1.0573101
2026-06-28 21:05:41.211 9 INFO neutron.wsgi [req-fb92285b-0b60-4aba-86f5-aacb1edf50ab req-8cbbef18-34b5-42b7-9e55-acb45e930c50 82ce2b17ad7c483bb375ab7fdb54e178 b2ccec05969646228fd870e66e36a077 - - default default] 10.0.0.184 "GET /v2.0/ports?device_id=4cf29c62-b71f-48bf-89bd-e92384ac00e6 HTTP/1.1" status: 200 len: 1170 time: 0.0379114
2026-06-28 21:05:41.267 10 WARNING neutron.scheduler.dhcp_agent_scheduler [None req-7e2d0351-cfc1-4075-b900-f269e72e1c14 66b9ceb2e3154459a1c1b2bcb7f0784d aa566b5df5ac4680874fdfcc2c206c7e - - - -] No more DHCP agents
2026-06-28 21:05:41.272 10 WARNING neutron.api.rpc.agentnotifiers.dhcp_rpc_agent_api [None req-7e2d0351-cfc1-4075-b900-f269e72e1c14 66b9ceb2e3154459a1c1b2bcb7f0784d aa566b5df5ac4680874fdfcc2c206c7e - - - -] Unable to schedule network 65e32b58-80e5-4615-8c81-c2ebf03b32ae: no agents available; will retry on subsequent port and subnet creation events.
2026-06-28 21:05:41.365 10 INFO neutron.db.ovn_revision_numbers_db [None req-7e2d0351-cfc1-4075-b900-f269e72e1c14 66b9ceb2e3154459a1c1b2bcb7f0784d aa566b5df5ac4680874fdfcc2c206c7e - - - -] Successfully bumped revision number for resource 87efda29-8324-470b-a510-060a1998da31 (type: ports) to 1
2026-06-28 21:05:41.379 10 WARNING neutron.scheduler.dhcp_agent_scheduler [None req-236c8383-d9dc-470b-a4b8-2fe1de3eba3f 7158a4343b1644bca570133cdab81c48 27b21ca08bc649258cc31d37fbe6fa54 - - - -] No more DHCP agents
2026-06-28 21:05:41.383 10 WARNING neutron.api.rpc.agentnotifiers.dhcp_rpc_agent_api [None req-236c8383-d9dc-470b-a4b8-2fe1de3eba3f 7158a4343b1644bca570133cdab81c48 27b21ca08bc649258cc31d37fbe6fa54 - - - -] Unable to schedule network 80ce890a-e881-4585-882e-7b3dff89768b: no agents available; will retry on subsequent port and subnet creation events.
2026-06-28 21:05:41.396 10 INFO neutron.wsgi [None req-7e2d0351-cfc1-4075-b900-f269e72e1c14 66b9ceb2e3154459a1c1b2bcb7f0784d aa566b5df5ac4680874fdfcc2c206c7e - - - -] 10.0.0.202 "POST /v2.0/networks HTTP/1.1" status: 201 len: 831 time: 0.8122368
2026-06-28 21:05:41.537 9 INFO neutron.wsgi [req-fb92285b-0b60-4aba-86f5-aacb1edf50ab req-aa1a2357-f23e-4088-b766-5ce865fdf98e 82ce2b17ad7c483bb375ab7fdb54e178 b2ccec05969646228fd870e66e36a077 - - default default] 10.0.0.184 "GET /v2.0/security-groups?id=acc1d39f-3231-46aa-aabd-c50a74b62d87&fields=id&fields=name HTTP/1.1" status: 200 len: 313 time: 0.3143959
2026-06-28 21:05:41.580 10 INFO neutron.notifiers.nova [-] Nova event matching ['req-3f781e16-7bc6-4f66-9e1c-d3d8a21710ad'] response: {'server_uuid': '4cf29c62-b71f-48bf-89bd-e92384ac00e6', 'name': 'network-vif-plugged', 'status': 'completed', 'tag': 'e6d2a5bb-b746-4015-b109-f98debd4c826', 'code': 200}
2026-06-28 21:05:41.581 10 INFO neutron.notifiers.nova [-] Nova event matching ['req-3f781e16-7bc6-4f66-9e1c-d3d8a21710ad'] response: {'server_uuid': '4cf29c62-b71f-48bf-89bd-e92384ac00e6', 'name': 'network-vif-plugged', 'status': 'completed', 'tag': 'e6d2a5bb-b746-4015-b109-f98debd4c826', 'code': 200}
2026-06-28 21:05:41.581 10 INFO neutron.notifiers.nova [-] Nova event matching ['req-3f781e16-7bc6-4f66-9e1c-d3d8a21710ad'] response: {'server_uuid': '4cf29c62-b71f-48bf-89bd-e92384ac00e6', 'name': 'network-vif-plugged', 'status': 'completed', 'tag': 'e6d2a5bb-b746-4015-b109-f98debd4c826', 'code': 200}
2026-06-28 21:05:41.736 10 WARNING neutron.scheduler.dhcp_agent_scheduler [None req-55da80b2-b32c-4f85-9754-6a9f3b4fe581 66b9ceb2e3154459a1c1b2bcb7f0784d aa566b5df5ac4680874fdfcc2c206c7e - - - -] No more DHCP agents
2026-06-28 21:05:41.741 10 WARNING neutron.api.rpc.agentnotifiers.dhcp_rpc_agent_api [None req-55da80b2-b32c-4f85-9754-6a9f3b4fe581 66b9ceb2e3154459a1c1b2bcb7f0784d aa566b5df5ac4680874fdfcc2c206c7e - - - -] Unable to schedule network 65e32b58-80e5-4615-8c81-c2ebf03b32ae: no agents available; will retry on subsequent port and subnet creation events.
2026-06-28 21:05:41.934 9 WARNING neutron.scheduler.dhcp_agent_scheduler [None req-6237e6cb-14d8-47dd-92c3-a4848f1c9bfd e6b88bf8694945f996424b804ee1ef03 a085406ea83a4a3bbc921f0a5dc49b85 - - - -] No more DHCP agents
2026-06-28 21:05:41.935 9 WARNING neutron.api.rpc.agentnotifiers.dhcp_rpc_agent_api [None req-6237e6cb-14d8-47dd-92c3-a4848f1c9bfd e6b88bf8694945f996424b804ee1ef03 a085406ea83a4a3bbc921f0a5dc49b85 - - - -] Unable to schedule network 44236391-9344-474e-b916-865a0e45b98c: no agents available; will retry on subsequent port and subnet creation events.
2026-06-28 21:05:41.948 9 INFO neutron.db.ovn_revision_numbers_db [None req-6237e6cb-14d8-47dd-92c3-a4848f1c9bfd e6b88bf8694945f996424b804ee1ef03 a085406ea83a4a3bbc921f0a5dc49b85 - - - -] Successfully bumped revision number for resource fa3fa02d-9b8e-460f-a54c-b8942f25e03c (type: subnets) to 0
2026-06-28 21:05:41.974 9 WARNING neutron.scheduler.dhcp_agent_scheduler [None req-6237e6cb-14d8-47dd-92c3-a4848f1c9bfd e6b88bf8694945f996424b804ee1ef03 a085406ea83a4a3bbc921f0a5dc49b85 - - - -] No more DHCP agents
2026-06-28 21:05:41.976 9 WARNING neutron.api.rpc.agentnotifiers.dhcp_rpc_agent_api [None req-6237e6cb-14d8-47dd-92c3-a4848f1c9bfd e6b88bf8694945f996424b804ee1ef03 a085406ea83a4a3bbc921f0a5dc49b85 - - - -] Unable to schedule network 5620f3ec-46bb-4b92-93f1-200732bce0b2: no agents available; will retry on subsequent port and subnet creation events.
2026-06-28 21:05:41.990 9 INFO neutron.db.ovn_revision_numbers_db [None req-6237e6cb-14d8-47dd-92c3-a4848f1c9bfd e6b88bf8694945f996424b804ee1ef03 a085406ea83a4a3bbc921f0a5dc49b85 - - - -] Successfully bumped revision number for resource ac4b57c2-1188-44e1-906f-63207588be01 (type: subnets) to 0
2026-06-28 21:05:42.007 9 INFO neutron.wsgi [None req-6237e6cb-14d8-47dd-92c3-a4848f1c9bfd e6b88bf8694945f996424b804ee1ef03 a085406ea83a4a3bbc921f0a5dc49b85 - - - -] 10.0.0.202 "POST /v2.0/subnets HTTP/1.1" status: 201 len: 1475 time: 0.7858205
2026-06-28 21:05:42.042 10 INFO neutron.db.ovn_revision_numbers_db [None req-236c8383-d9dc-470b-a4b8-2fe1de3eba3f 7158a4343b1644bca570133cdab81c48 27b21ca08bc649258cc31d37fbe6fa54 - - - -] Successfully bumped revision number for resource f658505c-5d8d-4541-a231-85535144c8e5 (type: ports) to 2
2026-06-28 21:05:42.069 9 INFO neutron.wsgi [None req-887743ad-3f27-494a-9911-48a9c6515b27 e6b88bf8694945f996424b804ee1ef03 a085406ea83a4a3bbc921f0a5dc49b85 - - default default] 10.0.0.202 "GET /v2.0/subnets HTTP/1.1" status: 200 len: 2083 time: 0.0549877
2026-06-28 21:05:42.092 10 INFO neutron.db.ovn_revision_numbers_db [None req-236c8383-d9dc-470b-a4b8-2fe1de3eba3f 7158a4343b1644bca570133cdab81c48 27b21ca08bc649258cc31d37fbe6fa54 - - - -] Successfully bumped revision number for resource a5ae20ab-43d3-4aca-93df-acdc0bdaa57b (type: subnets) to 0
2026-06-28 21:05:42.120 10 INFO neutron.wsgi [None req-236c8383-d9dc-470b-a4b8-2fe1de3eba3f 7158a4343b1644bca570133cdab81c48 27b21ca08bc649258cc31d37fbe6fa54 - - - -] 10.0.0.202 "POST /v2.0/subnets HTTP/1.1" status: 201 len: 869 time: 0.9729178
2026-06-28 21:05:42.302 10 INFO neutron.wsgi [None req-18191ab5-1e07-4e27-8dfa-85c358d8b82c e6b88bf8694945f996424b804ee1ef03 a085406ea83a4a3bbc921f0a5dc49b85 - - - -] 10.0.0.202 "DELETE /v2.0/subnets/fa3fa02d-9b8e-460f-a54c-b8942f25e03c HTTP/1.1" status: 204 len: 168 time: 0.2224178
2026-06-28 21:05:42.355 10 INFO neutron.db.ovn_revision_numbers_db [None req-55da80b2-b32c-4f85-9754-6a9f3b4fe581 66b9ceb2e3154459a1c1b2bcb7f0784d aa566b5df5ac4680874fdfcc2c206c7e - - - -] Successfully bumped revision number for resource 87efda29-8324-470b-a510-060a1998da31 (type: ports) to 2
2026-06-28 21:05:42.390 10 INFO neutron.db.ovn_revision_numbers_db [None req-55da80b2-b32c-4f85-9754-6a9f3b4fe581 66b9ceb2e3154459a1c1b2bcb7f0784d aa566b5df5ac4680874fdfcc2c206c7e - - - -] Successfully bumped revision number for resource dbec766c-be3f-4a8b-bb29-e1e958805ae9 (type: subnets) to 0
2026-06-28 21:05:42.413 10 INFO neutron.wsgi [None req-55da80b2-b32c-4f85-9754-6a9f3b4fe581 66b9ceb2e3154459a1c1b2bcb7f0784d aa566b5df5ac4680874fdfcc2c206c7e - - - -] 10.0.0.202 "POST /v2.0/subnets HTTP/1.1" status: 201 len: 801 time: 1.0101955
2026-06-28 21:05:42.521 10 INFO neutron.wsgi [None req-79a96b72-fbae-4e6b-b9e0-daaddbca6b7d e6b88bf8694945f996424b804ee1ef03 a085406ea83a4a3bbc921f0a5dc49b85 - - - -] 10.0.0.202 "DELETE /v2.0/subnets/ac4b57c2-1188-44e1-906f-63207588be01 HTTP/1.1" status: 204 len: 168 time: 0.2127490
2026-06-28 21:05:42.576 9 INFO neutron.wsgi [None req-d4ca2fe1-0bbc-416d-817a-7527b4f0fabd e6b88bf8694945f996424b804ee1ef03 a085406ea83a4a3bbc921f0a5dc49b85 - - default default] 10.0.0.202 "GET /v2.0/subnets HTTP/1.1" status: 200 len: 820 time: 0.0412197
2026-06-28 21:05:42.658 9 WARNING neutron.scheduler.dhcp_agent_scheduler [None req-d1e431dd-e5dd-4a44-9162-bffa5ad1abf1 7158a4343b1644bca570133cdab81c48 27b21ca08bc649258cc31d37fbe6fa54 - - - -] No more DHCP agents
2026-06-28 21:05:42.663 9 WARNING neutron.api.rpc.agentnotifiers.dhcp_rpc_agent_api [None req-d1e431dd-e5dd-4a44-9162-bffa5ad1abf1 7158a4343b1644bca570133cdab81c48 27b21ca08bc649258cc31d37fbe6fa54 - - - -] Unable to schedule network 91ce8d9f-625c-463c-b978-1a2031c7bcd1: no agents available; will retry on subsequent port and subnet creation events.
2026-06-28 21:05:42.691 9 INFO neutron.wsgi [req-e13a6392-ace7-4188-8bd7-b00ed7bf94c6 req-48de13ec-559e-4819-a48f-1401ecfd5d3d 82ce2b17ad7c483bb375ab7fdb54e178 b2ccec05969646228fd870e66e36a077 - - default default] 10.0.0.184 "GET /v2.0/ports?device_id=4cf29c62-b71f-48bf-89bd-e92384ac00e6 HTTP/1.1" status: 200 len: 1170 time: 0.0763555
2026-06-28 21:05:42.736 10 WARNING neutron.scheduler.dhcp_agent_scheduler [None req-be85acda-52cc-46f3-b46a-67d21ac6c527 66b9ceb2e3154459a1c1b2bcb7f0784d aa566b5df5ac4680874fdfcc2c206c7e - - - -] No more DHCP agents
2026-06-28 21:05:42.739 10 WARNING neutron.api.rpc.agentnotifiers.dhcp_rpc_agent_api [None req-be85acda-52cc-46f3-b46a-67d21ac6c527 66b9ceb2e3154459a1c1b2bcb7f0784d aa566b5df5ac4680874fdfcc2c206c7e - - - -] Unable to schedule network 65e32b58-80e5-4615-8c81-c2ebf03b32ae: no agents available; will retry on subsequent port and subnet creation events.
2026-06-28 21:05:42.751 9 INFO neutron.wsgi [req-e13a6392-ace7-4188-8bd7-b00ed7bf94c6 req-6fbbdeb8-396a-42b2-985c-d0112da6aa4b 82ce2b17ad7c483bb375ab7fdb54e178 b2ccec05969646228fd870e66e36a077 - - default default] 10.0.0.184 "GET /v2.0/security-groups?id=acc1d39f-3231-46aa-aabd-c50a74b62d87&fields=id&fields=name HTTP/1.1" status: 200 len: 313 time: 0.0518212
2026-06-28 21:05:42.878 10 INFO neutron.db.ovn_revision_numbers_db [None req-be85acda-52cc-46f3-b46a-67d21ac6c527 66b9ceb2e3154459a1c1b2bcb7f0784d aa566b5df5ac4680874fdfcc2c206c7e - - - -] Successfully bumped revision number for resource dc73269a-d854-4417-b46e-f81e96418658 (type: ports) to 1
2026-06-28 21:05:42.884 9 INFO neutron.db.ovn_revision_numbers_db [None req-d1e431dd-e5dd-4a44-9162-bffa5ad1abf1 7158a4343b1644bca570133cdab81c48 27b21ca08bc649258cc31d37fbe6fa54 - - - -] Successfully bumped revision number for resource e44b12a3-f606-47de-8420-d9aa6f2c973a (type: ports) to 1
2026-06-28 21:05:42.902 10 INFO neutron.wsgi [None req-be85acda-52cc-46f3-b46a-67d21ac6c527 66b9ceb2e3154459a1c1b2bcb7f0784d aa566b5df5ac4680874fdfcc2c206c7e - - - -] 10.0.0.202 "POST /v2.0/ports HTTP/1.1" status: 201 len: 1111 time: 0.4850481
2026-06-28 21:05:43.106 9 INFO neutron.services.segments.plugin [-] Segment f2efa2ea-ea6d-4a9f-8c97-aa43e4fb0182 resource provider aggregate not found
2026-06-28 21:05:43.120 9 INFO neutron.services.segments.plugin [-] Segment f2efa2ea-ea6d-4a9f-8c97-aa43e4fb0182 resource provider aggregate not found
2026-06-28 21:05:43.124 9 INFO neutron.services.segments.plugin [-] Segment f2efa2ea-ea6d-4a9f-8c97-aa43e4fb0182 resource provider not found; error: Placement Client Error (4xx): {"errors": [{"status": 404, "title": "Not Found", "detail": "The resource could not be found.\n\n No resource provider with uuid f2efa2ea-ea6d-4a9f-8c97-aa43e4fb0182 found for delete ", "request_id": "req-d7b06407-aeb4-4235-822c-7898ca606979"}]}
2026-06-28 21:05:43.157 9 INFO neutron.services.segments.plugin [-] Segment f2efa2ea-ea6d-4a9f-8c97-aa43e4fb0182 resource provider not found; error: Placement Client Error (4xx): {"errors": [{"status": 404, "title": "Not Found", "detail": "The resource could not be found.\n\n No resource provider with uuid f2efa2ea-ea6d-4a9f-8c97-aa43e4fb0182 found for delete ", "request_id": "req-32febb96-a3d0-458a-8ec2-46c32489e5ff"}]}
2026-06-28 21:05:43.179 9 INFO neutron.wsgi [None req-70a29f19-8b64-4f49-a486-68c86857751a e6b88bf8694945f996424b804ee1ef03 a085406ea83a4a3bbc921f0a5dc49b85 - - - -] 10.0.0.202 "DELETE /v2.0/networks/5620f3ec-46bb-4b92-93f1-200732bce0b2 HTTP/1.1" status: 204 len: 168 time: 0.5987062
2026-06-28 21:05:43.217 10 INFO neutron.wsgi [None req-8926070f-cc8a-422f-9b64-3e80bcad789d 66b9ceb2e3154459a1c1b2bcb7f0784d aa566b5df5ac4680874fdfcc2c206c7e - - - -] 10.0.0.202 "DELETE /v2.0/ports/dc73269a-d854-4417-b46e-f81e96418658 HTTP/1.1" status: 204 len: 168 time: 0.3114169
2026-06-28 21:05:43.241 10 INFO neutron.pecan_wsgi.hooks.translation [None req-b7fa567a-bf61-423a-8ea6-985d6f051b6d 66b9ceb2e3154459a1c1b2bcb7f0784d aa566b5df5ac4680874fdfcc2c206c7e - - default default] GET failed (client error): The resource could not be found.
2026-06-28 21:05:43.242 10 INFO neutron.wsgi [None req-b7fa567a-bf61-423a-8ea6-985d6f051b6d 66b9ceb2e3154459a1c1b2bcb7f0784d aa566b5df5ac4680874fdfcc2c206c7e - - default default] 10.0.0.202 "GET /v2.0/ports/dc73269a-d854-4417-b46e-f81e96418658 HTTP/1.1" status: 404 len: 333 time: 0.0198710
2026-06-28 21:05:43.443 10 INFO neutron.wsgi [None req-93a92b47-4ea1-4aa8-882a-3bd915df6485 66b9ceb2e3154459a1c1b2bcb7f0784d aa566b5df5ac4680874fdfcc2c206c7e - - - -] 10.0.0.202 "DELETE /v2.0/subnets/dbec766c-be3f-4a8b-bb29-e1e958805ae9 HTTP/1.1" status: 204 len: 168 time: 0.1933234
2026-06-28 21:05:43.655 9 INFO neutron.plugins.ml2.drivers.ovn.mech_driver.mech_driver [None req-dff9ed6f-4662-4b77-852b-6b91bd7a5f84 - - - - - -] OVN reports status up for port: e44b12a3-f606-47de-8420-d9aa6f2c973a
2026-06-28 21:05:43.668 9 INFO neutron.plugins.ml2.plugin [None req-dff9ed6f-4662-4b77-852b-6b91bd7a5f84 - - - - - -] Attempt 1 to provision port e44b12a3-f606-47de-8420-d9aa6f2c973a
2026-06-28 21:05:43.676 9 INFO neutron.db.ovn_revision_numbers_db [None req-d1e431dd-e5dd-4a44-9162-bffa5ad1abf1 7158a4343b1644bca570133cdab81c48 27b21ca08bc649258cc31d37fbe6fa54 - - - -] Successfully bumped revision number for resource e44b12a3-f606-47de-8420-d9aa6f2c973a (type: router_ports) to 1
2026-06-28 21:05:43.688 10 INFO neutron.plugins.ml2.drivers.ovn.mech_driver.ovsdb.ovsdb_monitor [None req-18a9ef60-eb4f-4b4c-bf96-40aaea924013 - - - - - -] Router f2bc3fdd-d581-4de0-baf6-644052cb9116 is bound to host instance
2026-06-28 21:05:43.723 9 INFO neutron.wsgi [None req-e864e7fc-ee8c-4258-a224-41bd69f01e06 e6b88bf8694945f996424b804ee1ef03 a085406ea83a4a3bbc921f0a5dc49b85 - - - -] 10.0.0.202 "DELETE /v2.0/networks/44236391-9344-474e-b916-865a0e45b98c HTTP/1.1" status: 204 len: 168 time: 0.5340743
2026-06-28 21:05:43.766 9 INFO neutron.db.ovn_revision_numbers_db [None req-d1e431dd-e5dd-4a44-9162-bffa5ad1abf1 7158a4343b1644bca570133cdab81c48 27b21ca08bc649258cc31d37fbe6fa54 - - - -] Successfully bumped revision number for resource f2bc3fdd-d581-4de0-baf6-644052cb9116 (type: routers) to 3
2026-06-28 21:05:43.777 9 INFO neutron.wsgi [None req-d1e431dd-e5dd-4a44-9162-bffa5ad1abf1 7158a4343b1644bca570133cdab81c48 27b21ca08bc649258cc31d37fbe6fa54 - - - -] 10.0.0.202 "POST /v2.0/routers HTTP/1.1" status: 201 len: 880 time: 1.6513257
2026-06-28 21:05:44.233 10 INFO neutron.services.segments.plugin [-] Segment 12d68fc4-06e6-4050-bf6c-845e31af1cdd resource provider aggregate not found
2026-06-28 21:05:44.242 10 INFO neutron.services.segments.plugin [-] Segment 12d68fc4-06e6-4050-bf6c-845e31af1cdd resource provider aggregate not found
2026-06-28 21:05:44.263 10 INFO neutron.services.segments.plugin [-] Segment 12d68fc4-06e6-4050-bf6c-845e31af1cdd resource provider not found; error: Placement Client Error (4xx): {"errors": [{"status": 404, "title": "Not Found", "detail": "The resource could not be found.\n\n No resource provider with uuid 12d68fc4-06e6-4050-bf6c-845e31af1cdd found for delete ", "request_id": "req-957d5825-9077-492f-a69a-9b55dc166d68"}]}
2026-06-28 21:05:44.297 10 INFO neutron.services.segments.plugin [-] Segment 12d68fc4-06e6-4050-bf6c-845e31af1cdd resource provider not found; error: Placement Client Error (4xx): {"errors": [{"status": 404, "title": "Not Found", "detail": "The resource could not be found.\n\n No resource provider with uuid 12d68fc4-06e6-4050-bf6c-845e31af1cdd found for delete ", "request_id": "req-aa60d2bc-2754-4946-9c24-0217b85f6822"}]}
2026-06-28 21:05:44.340 10 INFO neutron.wsgi [None req-a60f7ff3-7eff-4b4e-bbe8-8c5aebc4b128 66b9ceb2e3154459a1c1b2bcb7f0784d aa566b5df5ac4680874fdfcc2c206c7e - - - -] 10.0.0.202 "DELETE /v2.0/networks/65e32b58-80e5-4615-8c81-c2ebf03b32ae HTTP/1.1" status: 204 len: 168 time: 0.8909466
2026-06-28 21:05:44.478 9 WARNING neutron.scheduler.dhcp_agent_scheduler [None req-587a83c7-6a61-4417-8df6-14a57a1da645 7158a4343b1644bca570133cdab81c48 27b21ca08bc649258cc31d37fbe6fa54 - - default default] No more DHCP agents
2026-06-28 21:05:44.482 9 WARNING neutron.api.rpc.agentnotifiers.dhcp_rpc_agent_api [None req-587a83c7-6a61-4417-8df6-14a57a1da645 7158a4343b1644bca570133cdab81c48 27b21ca08bc649258cc31d37fbe6fa54 - - default default] Unable to schedule network 80ce890a-e881-4585-882e-7b3dff89768b: no agents available; will retry on subsequent port and subnet creation events.
2026-06-28 21:05:44.657 9 WARNING neutron.scheduler.dhcp_agent_scheduler [None req-1961f323-8eae-44a1-a7d8-76ecda6a5fb6 66b9ceb2e3154459a1c1b2bcb7f0784d aa566b5df5ac4680874fdfcc2c206c7e - - - -] No more DHCP agents
2026-06-28 21:05:44.660 9 WARNING neutron.api.rpc.agentnotifiers.dhcp_rpc_agent_api [None req-1961f323-8eae-44a1-a7d8-76ecda6a5fb6 66b9ceb2e3154459a1c1b2bcb7f0784d aa566b5df5ac4680874fdfcc2c206c7e - - - -] Unable to schedule network a44f59ca-7d76-4c99-a5fc-586f9583b8eb: no agents available; will retry on subsequent port and subnet creation events.
2026-06-28 21:05:44.697 9 INFO neutron.db.ovn_revision_numbers_db [None req-587a83c7-6a61-4417-8df6-14a57a1da645 7158a4343b1644bca570133cdab81c48 27b21ca08bc649258cc31d37fbe6fa54 - - default default] Successfully bumped revision number for resource 65d7344b-b932-47ae-a0b4-33306640ebf2 (type: ports) to 1
2026-06-28 21:05:44.763 10 INFO neutron.wsgi [None req-2d1637ec-5340-48c1-b8cb-e38c9301ecba e6b88bf8694945f996424b804ee1ef03 a085406ea83a4a3bbc921f0a5dc49b85 - - - -] 10.0.0.202 "DELETE /v2.0/networks/75cd9a51-0138-45b0-9502-30442523a2ae HTTP/1.1" status: 204 len: 168 time: 1.0304351
2026-06-28 21:05:44.764 9 INFO neutron.db.ovn_revision_numbers_db [None req-1961f323-8eae-44a1-a7d8-76ecda6a5fb6 66b9ceb2e3154459a1c1b2bcb7f0784d aa566b5df5ac4680874fdfcc2c206c7e - - - -] Successfully bumped revision number for resource 9e47e751-4a74-4010-b978-867b632b5c38 (type: ports) to 1 /var/lib/openstack/lib/python3.10/site-packages/pycadf/identifier.py:71: UserWarning: Invalid uuid: neutron. To ensure interoperability, identifiers should be a valid uuid. warnings.warn(('Invalid uuid: %s. To ensure interoperability, '
2026-06-28 21:05:44.793 10 INFO neutron.db.ovn_revision_numbers_db [None req-18a9ef60-eb4f-4b4c-bf96-40aaea924013 - - - - - -] Successfully bumped revision number for resource e44b12a3-f606-47de-8420-d9aa6f2c973a (type: ports) to 1
2026-06-28 21:05:44.812 9 INFO neutron.wsgi [None req-1961f323-8eae-44a1-a7d8-76ecda6a5fb6 66b9ceb2e3154459a1c1b2bcb7f0784d aa566b5df5ac4680874fdfcc2c206c7e - - - -] 10.0.0.202 "POST /v2.0/ports HTTP/1.1" status: 201 len: 973 time: 0.4640255
2026-06-28 21:05:45.057 10 INFO neutron.db.ovn_revision_numbers_db [None req-18a9ef60-eb4f-4b4c-bf96-40aaea924013 - - - - - -] Successfully bumped revision number for resource e44b12a3-f606-47de-8420-d9aa6f2c973a (type: router_ports) to 3
2026-06-28 21:05:45.152 9 INFO neutron.services.segments.plugin [-] Segment 9784652b-2c87-4a40-b076-39ccf98788ff resource provider aggregate not found
2026-06-28 21:05:45.177 10 INFO neutron.db.ovn_revision_numbers_db [None req-18a9ef60-eb4f-4b4c-bf96-40aaea924013 - - - - - -] Successfully bumped revision number for resource e44b12a3-f606-47de-8420-d9aa6f2c973a (type: ports) to 2
2026-06-28 21:05:45.181 9 INFO neutron.services.segments.plugin [-] Segment 9784652b-2c87-4a40-b076-39ccf98788ff resource provider aggregate not found
2026-06-28 21:05:45.187 9 INFO neutron.services.segments.plugin [-] Segment 9784652b-2c87-4a40-b076-39ccf98788ff resource provider not found; error: Placement Client Error (4xx): {"errors": [{"status": 404, "title": "Not Found", "detail": "The resource could not be found.\n\n No resource provider with uuid 9784652b-2c87-4a40-b076-39ccf98788ff found for delete ", "request_id": "req-30948141-bc72-450b-935e-eaabe082d238"}]}
2026-06-28 21:05:45.217 9 INFO neutron.services.segments.plugin [-] Segment 9784652b-2c87-4a40-b076-39ccf98788ff resource provider not found; error: Placement Client Error (4xx): {"errors": [{"status": 404, "title": "Not Found", "detail": "The resource could not be found.\n\n No resource provider with uuid 9784652b-2c87-4a40-b076-39ccf98788ff found for delete ", "request_id": "req-405111db-ddf6-4cc2-8fad-97c5b6064f38"}]}
2026-06-28 21:05:45.235 9 INFO neutron.db.ovn_revision_numbers_db [None req-96073d71-88fa-42d1-966d-4b1e33e276a7 66b9ceb2e3154459a1c1b2bcb7f0784d aa566b5df5ac4680874fdfcc2c206c7e - - - -] Successfully bumped revision number for resource 9e47e751-4a74-4010-b978-867b632b5c38 (type: ports) to 2
2026-06-28 21:05:45.262 9 INFO neutron.wsgi [None req-96073d71-88fa-42d1-966d-4b1e33e276a7 66b9ceb2e3154459a1c1b2bcb7f0784d aa566b5df5ac4680874fdfcc2c206c7e - - - -] 10.0.0.202 "PUT /v2.0/ports/9e47e751-4a74-4010-b978-867b632b5c38 HTTP/1.1" status: 200 len: 946 time: 0.4370835
2026-06-28 21:05:45.378 9 INFO neutron.wsgi [None req-071d80ba-ec3b-4e6f-a029-1637e6f3de73 e6b88bf8694945f996424b804ee1ef03 a085406ea83a4a3bbc921f0a5dc49b85 - - - -] 10.0.0.202 "DELETE /v2.0/networks/9ffea2fe-4505-4422-860f-74f7985f6801 HTTP/1.1" status: 204 len: 168 time: 0.6085112
2026-06-28 21:05:45.401 9 INFO neutron.db.ovn_revision_numbers_db [None req-587a83c7-6a61-4417-8df6-14a57a1da645 7158a4343b1644bca570133cdab81c48 27b21ca08bc649258cc31d37fbe6fa54 - - default default] Successfully bumped revision number for resource 65d7344b-b932-47ae-a0b4-33306640ebf2 (type: router_ports) to 2
2026-06-28 21:05:45.430 10 INFO neutron.db.ovn_revision_numbers_db [None req-18a9ef60-eb4f-4b4c-bf96-40aaea924013 - - - - - -] Successfully bumped revision number for resource e44b12a3-f606-47de-8420-d9aa6f2c973a (type: ports) to 4
2026-06-28 21:05:45.530 9 INFO neutron.db.ovn_revision_numbers_db [None req-587a83c7-6a61-4417-8df6-14a57a1da645 7158a4343b1644bca570133cdab81c48 27b21ca08bc649258cc31d37fbe6fa54 - - default default] Successfully bumped revision number for resource 65d7344b-b932-47ae-a0b4-33306640ebf2 (type: ports) to 2
2026-06-28 21:05:45.566 10 INFO neutron.wsgi [None req-acfb0935-3410-4a3b-b1ce-faa0d121c1b2 66b9ceb2e3154459a1c1b2bcb7f0784d aa566b5df5ac4680874fdfcc2c206c7e - - - -] 10.0.0.202 "DELETE /v2.0/ports/9e47e751-4a74-4010-b978-867b632b5c38 HTTP/1.1" status: 204 len: 168 time: 0.2970476 /var/lib/openstack/lib/python3.10/site-packages/pycadf/identifier.py:71: UserWarning: Invalid uuid: neutron. To ensure interoperability, identifiers should be a valid uuid. warnings.warn(('Invalid uuid: %s. To ensure interoperability, '
2026-06-28 21:05:45.621 9 WARNING neutron.scheduler.dhcp_agent_scheduler [None req-587a83c7-6a61-4417-8df6-14a57a1da645 7158a4343b1644bca570133cdab81c48 27b21ca08bc649258cc31d37fbe6fa54 - - default default] No more DHCP agents
2026-06-28 21:05:45.622 9 WARNING neutron.api.rpc.agentnotifiers.dhcp_rpc_agent_api [None req-587a83c7-6a61-4417-8df6-14a57a1da645 7158a4343b1644bca570133cdab81c48 27b21ca08bc649258cc31d37fbe6fa54 - - default default] Unable to schedule network 80ce890a-e881-4585-882e-7b3dff89768b: no agents available; will retry on subsequent port and subnet creation events.
2026-06-28 21:05:45.654 9 INFO neutron.wsgi [None req-fb5b6513-95bf-4804-9777-d2057cbdb79b 66b9ceb2e3154459a1c1b2bcb7f0784d aa566b5df5ac4680874fdfcc2c206c7e - - default default] 10.0.0.202 "GET /v2.0/ports HTTP/1.1" status: 200 len: 1729 time: 0.0773618
2026-06-28 21:05:45.692 10 INFO neutron.pecan_wsgi.hooks.translation [None req-bd42e710-364e-4b1a-9403-0df55f504b6e 66b9ceb2e3154459a1c1b2bcb7f0784d aa566b5df5ac4680874fdfcc2c206c7e - - default default] GET failed (client error): The resource could not be found.
2026-06-28 21:05:45.693 10 INFO neutron.wsgi [None req-bd42e710-364e-4b1a-9403-0df55f504b6e 66b9ceb2e3154459a1c1b2bcb7f0784d aa566b5df5ac4680874fdfcc2c206c7e - - default default] 10.0.0.202 "GET /v2.0/ports/9e47e751-4a74-4010-b978-867b632b5c38 HTTP/1.1" status: 404 len: 333 time: 0.0189428
2026-06-28 21:05:45.742 10 INFO neutron.db.ovn_revision_numbers_db [None req-18a9ef60-eb4f-4b4c-bf96-40aaea924013 - - - - - -] Successfully bumped revision number for resource e44b12a3-f606-47de-8420-d9aa6f2c973a (type: router_ports) to 4
2026-06-28 21:05:45.782 10 INFO neutron.wsgi [None req-33436d27-8423-4e62-be8e-9060976f52d8 66b9ceb2e3154459a1c1b2bcb7f0784d aa566b5df5ac4680874fdfcc2c206c7e - - default default] 10.0.0.202 "GET /v2.0/ports HTTP/1.1" status: 200 len: 1729 time: 0.0828333
2026-06-28 21:05:45.822 9 INFO neutron.wsgi [None req-c2b244cf-1e4b-4463-bc4d-f762b057b0de 66b9ceb2e3154459a1c1b2bcb7f0784d aa566b5df5ac4680874fdfcc2c206c7e - - default default] 10.0.0.202 "GET /v2.0/ports/9ba5707c-7e80-4fe8-a12b-c19dee569217 HTTP/1.1" status: 200 len: 969 time: 0.0346458
2026-06-28 21:05:45.852 9 INFO neutron.pecan_wsgi.hooks.translation [None req-2ea17895-f995-4368-ad2f-310467dcca92 66b9ceb2e3154459a1c1b2bcb7f0784d aa566b5df5ac4680874fdfcc2c206c7e - - - -] DELETE failed (client error): The resource could not be found.
2026-06-28 21:05:45.854 9 INFO neutron.wsgi [None req-2ea17895-f995-4368-ad2f-310467dcca92 66b9ceb2e3154459a1c1b2bcb7f0784d aa566b5df5ac4680874fdfcc2c206c7e - - - -] 10.0.0.202 "DELETE /v2.0/ports/dc73269a-d854-4417-b46e-f81e96418658 HTTP/1.1" status: 404 len: 333 time: 0.0238786
2026-06-28 21:05:45.883 10 INFO neutron.pecan_wsgi.hooks.translation [None req-e80df10b-bf49-4aa3-b1ad-30a1c80279ca 66b9ceb2e3154459a1c1b2bcb7f0784d aa566b5df5ac4680874fdfcc2c206c7e - - - -] DELETE failed (client error): The resource could not be found.
2026-06-28 21:05:45.885 10 INFO neutron.wsgi [None req-e80df10b-bf49-4aa3-b1ad-30a1c80279ca 66b9ceb2e3154459a1c1b2bcb7f0784d aa566b5df5ac4680874fdfcc2c206c7e - - - -] 10.0.0.202 "DELETE /v2.0/subnets/dbec766c-be3f-4a8b-bb29-e1e958805ae9 HTTP/1.1" status: 404 len: 337 time: 0.0250349
2026-06-28 21:05:45.908 10 INFO neutron.pecan_wsgi.hooks.translation [None req-d260860d-b4f7-4351-b45d-79b0d481c979 66b9ceb2e3154459a1c1b2bcb7f0784d aa566b5df5ac4680874fdfcc2c206c7e - - - -] DELETE failed (client error): The resource could not be found.
2026-06-28 21:05:45.911 10 INFO neutron.wsgi [None req-d260860d-b4f7-4351-b45d-79b0d481c979 66b9ceb2e3154459a1c1b2bcb7f0784d aa566b5df5ac4680874fdfcc2c206c7e - - - -] 10.0.0.202 "DELETE /v2.0/subnets/149f9bff-7c99-4161-88ee-d48bca9e9ad3 HTTP/1.1" status: 404 len: 337 time: 0.0203898
2026-06-28 21:05:46.032 10 INFO neutron.wsgi [None req-55ba7b67-b2f6-45f7-a4c4-64b0e5b3573e 7158a4343b1644bca570133cdab81c48 27b21ca08bc649258cc31d37fbe6fa54 - - default default] 10.0.0.202 "GET /v2.0/security-groups?tenant_id=a085406ea83a4a3bbc921f0a5dc49b85&name=default HTTP/1.1" status: 200 len: 2996 time: 0.1630661
2026-06-28 21:05:46.189 9 INFO neutron.db.ovn_revision_numbers_db [None req-587a83c7-6a61-4417-8df6-14a57a1da645 7158a4343b1644bca570133cdab81c48 27b21ca08bc649258cc31d37fbe6fa54 - - - -] Successfully bumped revision number for resource 65d7344b-b932-47ae-a0b4-33306640ebf2 (type: router_ports) to 2
2026-06-28 21:05:46.192 9 INFO neutron.wsgi [None req-587a83c7-6a61-4417-8df6-14a57a1da645 7158a4343b1644bca570133cdab81c48 27b21ca08bc649258cc31d37fbe6fa54 - - - -] 10.0.0.202 "PUT /v2.0/routers/f2bc3fdd-d581-4de0-baf6-644052cb9116/add_router_interface HTTP/1.1" status: 200 len: 503 time: 2.4096735
2026-06-28 21:05:46.205 10 INFO neutron.wsgi [None req-edb8bb71-08bf-449a-b9a9-1abd739707f5 66b9ceb2e3154459a1c1b2bcb7f0784d aa566b5df5ac4680874fdfcc2c206c7e - - - -] 10.0.0.202 "DELETE /v2.0/ports/9ba5707c-7e80-4fe8-a12b-c19dee569217 HTTP/1.1" status: 204 len: 168 time: 0.2873325
2026-06-28 21:05:46.281 10 INFO neutron.services.segments.plugin [-] Segment 3c060fd3-dcd3-48df-9cbd-dbfac922268d resource provider aggregate not found
2026-06-28 21:05:46.297 10 INFO neutron.services.segments.plugin [-] Segment 3c060fd3-dcd3-48df-9cbd-dbfac922268d resource provider not found; error: Placement Client Error (4xx): {"errors": [{"status": 404, "title": "Not Found", "detail": "The resource could not be found.\n\n No resource provider with uuid 3c060fd3-dcd3-48df-9cbd-dbfac922268d found for delete ", "request_id": "req-4bfa59db-5377-463a-9c59-4fb83174332c"}]}
2026-06-28 21:05:46.311 10 INFO neutron.wsgi [None req-e90f7c72-0126-4a43-99b1-2ded97055f61 7158a4343b1644bca570133cdab81c48 27b21ca08bc649258cc31d37fbe6fa54 - - - -] 10.0.0.202 "DELETE /v2.0/security-groups/1bc0e9d0-9ea6-4217-af97-181fe4615f16 HTTP/1.1" status: 204 len: 168 time: 0.2744105
2026-06-28 21:05:46.316 10 INFO neutron.services.segments.plugin [-] Segment 3c060fd3-dcd3-48df-9cbd-dbfac922268d resource provider aggregate not found
2026-06-28 21:05:46.334 10 INFO neutron.services.segments.plugin [-] Segment 3c060fd3-dcd3-48df-9cbd-dbfac922268d resource provider not found; error: Placement Client Error (4xx): {"errors": [{"status": 404, "title": "Not Found", "detail": "The resource could not be found.\n\n No resource provider with uuid 3c060fd3-dcd3-48df-9cbd-dbfac922268d found for delete ", "request_id": "req-f26b902d-385e-4a4b-8275-34e2960e8747"}]}
2026-06-28 21:05:46.359 9 INFO neutron.plugins.ml2.drivers.ovn.mech_driver.mech_driver [None req-dff9ed6f-4662-4b77-852b-6b91bd7a5f84 - - - - - -] OVN reports status up for port: 65d7344b-b932-47ae-a0b4-33306640ebf2
2026-06-28 21:05:46.368 9 INFO neutron.plugins.ml2.plugin [None req-dff9ed6f-4662-4b77-852b-6b91bd7a5f84 - - - - - -] Attempt 1 to provision port 65d7344b-b932-47ae-a0b4-33306640ebf2
2026-06-28 21:05:46.607 10 INFO neutron.wsgi [None req-17b56d70-ac8a-4a07-a07c-b842ea9a6f89 66b9ceb2e3154459a1c1b2bcb7f0784d aa566b5df5ac4680874fdfcc2c206c7e - - - -] 10.0.0.202 "DELETE /v2.0/networks/a44f59ca-7d76-4c99-a5fc-586f9583b8eb HTTP/1.1" status: 204 len: 168 time: 0.3970451
2026-06-28 21:05:46.613 9 INFO neutron.db.ovn_revision_numbers_db [None req-dff9ed6f-4662-4b77-852b-6b91bd7a5f84 - - - - - -] Successfully bumped revision number for resource 65d7344b-b932-47ae-a0b4-33306640ebf2 (type: ports) to 3
2026-06-28 21:05:46.730 9 INFO neutron.db.ovn_revision_numbers_db [None req-dff9ed6f-4662-4b77-852b-6b91bd7a5f84 - - - - - -] Successfully bumped revision number for resource 65d7344b-b932-47ae-a0b4-33306640ebf2 (type: router_ports) to 3
2026-06-28 21:05:46.874 10 INFO neutron.db.ovn_revision_numbers_db [None req-2cf504d4-cc1c-45cf-a2e0-be0b69f4c601 2d1cb250941a41beae31e3e402c52be1 cb88bfdb436a46f3b9483287893634e1 - - - -] Successfully bumped revision number for resource 5590d4e5-b443-4c4c-80e1-662f04982d70 (type: security_groups) to 1
2026-06-28 21:05:46.895 10 INFO neutron.wsgi [None req-2cf504d4-cc1c-45cf-a2e0-be0b69f4c601 2d1cb250941a41beae31e3e402c52be1 cb88bfdb436a46f3b9483287893634e1 - - - -] 10.0.0.202 "POST /v2.0/security-groups HTTP/1.1" status: 201 len: 1795 time: 0.1072245
2026-06-28 21:05:47.004 10 INFO neutron.db.ovn_revision_numbers_db [None req-9acd7b01-9372-4e5d-b1a9-55efdf1becba 2d1cb250941a41beae31e3e402c52be1 cb88bfdb436a46f3b9483287893634e1 - - - -] Successfully bumped revision number for resource 5089dafe-67fb-483f-90a4-d07f8814bc8e (type: security_group_rules) to 0
2026-06-28 21:05:47.028 10 INFO neutron.wsgi [None req-9acd7b01-9372-4e5d-b1a9-55efdf1becba 2d1cb250941a41beae31e3e402c52be1 cb88bfdb436a46f3b9483287893634e1 - - - -] 10.0.0.202 "POST /v2.0/security-group-rules HTTP/1.1" status: 201 len: 764 time: 0.1268957
2026-06-28 21:05:47.133 10 INFO neutron.db.ovn_revision_numbers_db [None req-518eaee0-5099-46e4-b1ed-b5838e64602b 2d1cb250941a41beae31e3e402c52be1 cb88bfdb436a46f3b9483287893634e1 - - - -] Successfully bumped revision number for resource 83f16be3-5eb7-4349-b60e-a6cb84a26927 (type: security_group_rules) to 0
2026-06-28 21:05:47.162 10 INFO neutron.wsgi [None req-518eaee0-5099-46e4-b1ed-b5838e64602b 2d1cb250941a41beae31e3e402c52be1 cb88bfdb436a46f3b9483287893634e1 - - - -] 10.0.0.202 "POST /v2.0/security-group-rules HTTP/1.1" status: 201 len: 769 time: 0.1301174
2026-06-28 21:05:47.206 9 INFO neutron.services.segments.plugin [-] Segment 3fcc25e4-8d72-4591-9b40-852c531af72a resource provider aggregate not found
2026-06-28 21:05:47.223 9 INFO neutron.services.segments.plugin [-] Segment 3fcc25e4-8d72-4591-9b40-852c531af72a resource provider not found; error: Placement Client Error (4xx): {"errors": [{"status": 404, "title": "Not Found", "detail": "The resource could not be found.\n\n No resource provider with uuid 3fcc25e4-8d72-4591-9b40-852c531af72a found for delete ", "request_id": "req-97292eee-c6e0-4149-ac17-3001dece957f"}]}
2026-06-28 21:05:47.234 9 INFO neutron.services.segments.plugin [-] Segment 3fcc25e4-8d72-4591-9b40-852c531af72a resource provider aggregate not found
2026-06-28 21:05:47.259 9 INFO neutron.services.segments.plugin [-] Segment 3fcc25e4-8d72-4591-9b40-852c531af72a resource provider not found; error: Placement Client Error (4xx): {"errors": [{"status": 404, "title": "Not Found", "detail": "The resource could not be found.\n\n No resource provider with uuid 3fcc25e4-8d72-4591-9b40-852c531af72a found for delete ", "request_id": "req-f6b2848d-709b-49ce-8075-b4db477302b0"}]}
2026-06-28 21:05:47.288 9 INFO neutron.wsgi [None req-3919986d-7638-4d98-85db-4b7092b1269c 7158a4343b1644bca570133cdab81c48 27b21ca08bc649258cc31d37fbe6fa54 - - default default] 10.0.0.202 "GET /v2.0/security-groups?tenant_id=aa566b5df5ac4680874fdfcc2c206c7e&name=default HTTP/1.1" status: 200 len: 2996 time: 0.2423863
2026-06-28 21:05:47.461 10 WARNING neutron.scheduler.dhcp_agent_scheduler [None req-61d59440-9c78-4a82-b2c6-39e627438fdf 2d1cb250941a41beae31e3e402c52be1 cb88bfdb436a46f3b9483287893634e1 - - - -] No more DHCP agents
2026-06-28 21:05:47.464 10 WARNING neutron.api.rpc.agentnotifiers.dhcp_rpc_agent_api [None req-61d59440-9c78-4a82-b2c6-39e627438fdf 2d1cb250941a41beae31e3e402c52be1 cb88bfdb436a46f3b9483287893634e1 - - - -] Unable to schedule network 91ce8d9f-625c-463c-b978-1a2031c7bcd1: no agents available; will retry on subsequent port and subnet creation events.
2026-06-28 21:05:47.587 10 INFO neutron.wsgi [None req-7926a14a-a068-4b0d-a1ef-d24211f3b65b 7158a4343b1644bca570133cdab81c48 27b21ca08bc649258cc31d37fbe6fa54 - - - -] 10.0.0.202 "DELETE /v2.0/security-groups/a8676d1a-5eda-46f3-8a0a-a5a0b27f0306 HTTP/1.1" status: 204 len: 168 time: 0.2941704
2026-06-28 21:05:47.788 10 INFO neutron.db.ovn_revision_numbers_db [None req-61d59440-9c78-4a82-b2c6-39e627438fdf 2d1cb250941a41beae31e3e402c52be1 cb88bfdb436a46f3b9483287893634e1 - - - -] Successfully bumped revision number for resource 46d61a79-6d94-479b-86e5-930a6a86c725 (type: floatingips) to 0
2026-06-28 21:05:47.802 10 INFO neutron.wsgi [None req-61d59440-9c78-4a82-b2c6-39e627438fdf 2d1cb250941a41beae31e3e402c52be1 cb88bfdb436a46f3b9483287893634e1 - - - -] 10.0.0.202 "POST /v2.0/floatingips HTTP/1.1" status: 201 len: 751 time: 0.6336312
2026-06-28 21:05:48.177 10 INFO neutron.db.ovn_revision_numbers_db [None req-6031cca7-f8b3-40b5-8a05-d5dd831dd997 a9ecf26df3a948fabc59f8742449cd2b f64390a6007a471889281423dc226231 - - - -] Successfully bumped revision number for resource d32a874a-ec24-4fad-94c3-b075ed8d3e48 (type: security_groups) to 1
2026-06-28 21:05:48.230 10 INFO neutron.db.segments_db [None req-6031cca7-f8b3-40b5-8a05-d5dd831dd997 a9ecf26df3a948fabc59f8742449cd2b f64390a6007a471889281423dc226231 - - - -] Added segment 6d322575-ef8a-4c74-9669-4627b96a2cbe of type geneve for network d86eda9f-bf46-4ef9-9b8d-17714f9ba4b1
2026-06-28 21:05:48.333 10 INFO neutron.services.segments.plugin [-] Segment a288e72a-214f-4ddc-bf6f-9aec81cbebd8 resource provider aggregate not found
2026-06-28 21:05:48.356 10 INFO neutron.services.segments.plugin [-] Segment a288e72a-214f-4ddc-bf6f-9aec81cbebd8 resource provider not found; error: Placement Client Error (4xx): {"errors": [{"status": 404, "title": "Not Found", "detail": "The resource could not be found.\n\n No resource provider with uuid a288e72a-214f-4ddc-bf6f-9aec81cbebd8 found for delete ", "request_id": "req-313416c4-ab69-4861-81ac-ac4f3bc925ee"}]}
2026-06-28 21:05:48.367 10 INFO neutron.services.segments.plugin [-] Segment a288e72a-214f-4ddc-bf6f-9aec81cbebd8 resource provider aggregate not found
2026-06-28 21:05:48.393 10 INFO neutron.services.segments.plugin [-] Segment a288e72a-214f-4ddc-bf6f-9aec81cbebd8 resource provider not found; error: Placement Client Error (4xx): {"errors": [{"status": 404, "title": "Not Found", "detail": "The resource could not be found.\n\n No resource provider with uuid a288e72a-214f-4ddc-bf6f-9aec81cbebd8 found for delete ", "request_id": "req-b7f8f212-ce9e-46aa-82ca-aa86445d84e4"}]}
2026-06-28 21:05:48.416 10 INFO neutron.db.ovn_revision_numbers_db [None req-6031cca7-f8b3-40b5-8a05-d5dd831dd997 a9ecf26df3a948fabc59f8742449cd2b f64390a6007a471889281423dc226231 - - - -] Successfully bumped revision number for resource d86eda9f-bf46-4ef9-9b8d-17714f9ba4b1 (type: networks) to 1
2026-06-28 21:05:48.596 10 WARNING neutron.scheduler.dhcp_agent_scheduler [None req-6031cca7-f8b3-40b5-8a05-d5dd831dd997 a9ecf26df3a948fabc59f8742449cd2b f64390a6007a471889281423dc226231 - - - -] No more DHCP agents
2026-06-28 21:05:48.597 10 WARNING neutron.api.rpc.agentnotifiers.dhcp_rpc_agent_api [None req-6031cca7-f8b3-40b5-8a05-d5dd831dd997 a9ecf26df3a948fabc59f8742449cd2b f64390a6007a471889281423dc226231 - - - -] Unable to schedule network d86eda9f-bf46-4ef9-9b8d-17714f9ba4b1: no agents available; will retry on subsequent port and subnet creation events.
2026-06-28 21:05:48.901 10 INFO neutron.db.ovn_revision_numbers_db [None req-6031cca7-f8b3-40b5-8a05-d5dd831dd997 a9ecf26df3a948fabc59f8742449cd2b f64390a6007a471889281423dc226231 - - - -] Successfully bumped revision number for resource c2d596a1-f7b8-4b21-ae1a-4dd3416a99f6 (type: ports) to 1
2026-06-28 21:05:48.921 10 INFO neutron.wsgi [None req-6031cca7-f8b3-40b5-8a05-d5dd831dd997 a9ecf26df3a948fabc59f8742449cd2b f64390a6007a471889281423dc226231 - - - -] 10.0.0.202 "POST /v2.0/networks HTTP/1.1" status: 201 len: 846 time: 0.9378014
2026-06-28 21:05:49.689 10 INFO neutron.db.ovn_revision_numbers_db [None req-507b1986-ea1e-4b62-9bd0-b1c00fe05cb9 2a42abcbf14d4e9dac4850bee800c7a9 4db06c7dab31460eae1f38642ffc42f9 - - - -] Successfully bumped revision number for resource a5ed499c-34cc-453d-8bc8-28d48d64b392 (type: security_groups) to 1
2026-06-28 21:05:49.748 10 INFO neutron.db.segments_db [None req-507b1986-ea1e-4b62-9bd0-b1c00fe05cb9 2a42abcbf14d4e9dac4850bee800c7a9 4db06c7dab31460eae1f38642ffc42f9 - - - -] Added segment 9afdd0e3-608c-4ab1-9653-206ba3c1e8aa of type geneve for network c5c3c4d6-b7d2-41d7-bc16-a204b12bee8c
2026-06-28 21:05:49.881 9 WARNING neutron.scheduler.dhcp_agent_scheduler [None req-17fac538-8430-40a7-8f07-de2163d85ee0 a9ecf26df3a948fabc59f8742449cd2b f64390a6007a471889281423dc226231 - - - -] No more DHCP agents
2026-06-28 21:05:49.882 9 WARNING neutron.api.rpc.agentnotifiers.dhcp_rpc_agent_api [None req-17fac538-8430-40a7-8f07-de2163d85ee0 a9ecf26df3a948fabc59f8742449cd2b f64390a6007a471889281423dc226231 - - - -] Unable to schedule network d86eda9f-bf46-4ef9-9b8d-17714f9ba4b1: no agents available; will retry on subsequent port and subnet creation events.
2026-06-28 21:05:49.889 10 INFO neutron.db.ovn_revision_numbers_db [None req-507b1986-ea1e-4b62-9bd0-b1c00fe05cb9 2a42abcbf14d4e9dac4850bee800c7a9 4db06c7dab31460eae1f38642ffc42f9 - - - -] Successfully bumped revision number for resource c5c3c4d6-b7d2-41d7-bc16-a204b12bee8c (type: networks) to 1
2026-06-28 21:05:49.894 9 INFO neutron.db.ovn_revision_numbers_db [None req-17fac538-8430-40a7-8f07-de2163d85ee0 a9ecf26df3a948fabc59f8742449cd2b f64390a6007a471889281423dc226231 - - - -] Successfully bumped revision number for resource 07f505bf-2a4f-4273-a4d7-a860f2a0623f (type: subnets) to 0
2026-06-28 21:05:49.909 9 INFO neutron.wsgi [None req-17fac538-8430-40a7-8f07-de2163d85ee0 a9ecf26df3a948fabc59f8742449cd2b f64390a6007a471889281423dc226231 - - - -] 10.0.0.202 "POST /v2.0/subnets HTTP/1.1" status: 201 len: 848 time: 0.5571873
2026-06-28 21:05:49.995 9 INFO neutron.db.segments_db [None req-435296c8-79fe-4e5d-b600-858016926f09 a9ecf26df3a948fabc59f8742449cd2b f64390a6007a471889281423dc226231 - - - -] Added segment 53cb66ad-0eff-4d05-ba32-3c1fba292c40 of type geneve for network 2932cf5d-d9a2-47eb-8ac5-2d3c1502fe4c
2026-06-28 21:05:50.093 10 WARNING neutron.scheduler.dhcp_agent_scheduler [None req-507b1986-ea1e-4b62-9bd0-b1c00fe05cb9 2a42abcbf14d4e9dac4850bee800c7a9 4db06c7dab31460eae1f38642ffc42f9 - - - -] No more DHCP agents
2026-06-28 21:05:50.095 10 WARNING neutron.api.rpc.agentnotifiers.dhcp_rpc_agent_api [None req-507b1986-ea1e-4b62-9bd0-b1c00fe05cb9 2a42abcbf14d4e9dac4850bee800c7a9 4db06c7dab31460eae1f38642ffc42f9 - - - -] Unable to schedule network c5c3c4d6-b7d2-41d7-bc16-a204b12bee8c: no agents available; will retry on subsequent port and subnet creation events.
2026-06-28 21:05:50.098 9 INFO neutron.db.ovn_revision_numbers_db [None req-435296c8-79fe-4e5d-b600-858016926f09 a9ecf26df3a948fabc59f8742449cd2b f64390a6007a471889281423dc226231 - - - -] Successfully bumped revision number for resource 2932cf5d-d9a2-47eb-8ac5-2d3c1502fe4c (type: networks) to 1
2026-06-28 21:05:50.158 10 INFO neutron.db.ovn_revision_numbers_db [None req-507b1986-ea1e-4b62-9bd0-b1c00fe05cb9 2a42abcbf14d4e9dac4850bee800c7a9 4db06c7dab31460eae1f38642ffc42f9 - - - -] Successfully bumped revision number for resource 7eeafa76-ac32-4c2a-be87-ba0b0f32cc99 (type: ports) to 1
2026-06-28 21:05:50.179 10 INFO neutron.wsgi [None req-507b1986-ea1e-4b62-9bd0-b1c00fe05cb9 2a42abcbf14d4e9dac4850bee800c7a9 4db06c7dab31460eae1f38642ffc42f9 - - - -] 10.0.0.202 "POST /v2.0/networks HTTP/1.1" status: 201 len: 828 time: 0.8169279
2026-06-28 21:05:50.264 10 INFO neutron.db.segments_db [None req-a067ef5c-ccde-4b80-9244-5424abfb0419 2a42abcbf14d4e9dac4850bee800c7a9 4db06c7dab31460eae1f38642ffc42f9 - - - -] Added segment 5a7334d0-21d0-413e-846e-2ce4c2f05377 of type geneve for network 6b05054d-ae5d-465f-8d07-43baf2a045cd
