2026-06-28 21:07:30.465 10 INFO neutron.wsgi [req-15f84ed9-1574-4b04-802f-3b49e28358a3 req-9df075d3-f0d4-4658-8ae6-e037bad490dd 8e1bdbdf0b2d4629ae976e6e370567bd d5b618ee756f45ea822f05337c484cf1 - - 86e08e0233ff4bfda26ef76c9bfe5e40 86e08e0233ff4bfda26ef76c9bfe5e40] 199.19.213.60 "GET /v2.0/ports?tenant_id=191772d1777e4e3ea90c2c377ccde075&device_id=0cac7c82-809d-4908-973e-c7a1f5d925eb HTTP/1.1" status: 200 len: 1404 time: 0.0402822
2026-06-28 21:07:30.537 10 INFO neutron.wsgi [req-15f84ed9-1574-4b04-802f-3b49e28358a3 req-183d17e5-0b6f-47c1-aafa-c1821c7f2d05 8e1bdbdf0b2d4629ae976e6e370567bd d5b618ee756f45ea822f05337c484cf1 - - 86e08e0233ff4bfda26ef76c9bfe5e40 86e08e0233ff4bfda26ef76c9bfe5e40] 199.19.213.60 "GET /v2.0/networks?id=d7472f02-8ec3-45e6-b11b-2b599eb1579a HTTP/1.1" status: 200 len: 971 time: 0.0655379
2026-06-28 21:07:30.606 10 INFO neutron.wsgi [req-15f84ed9-1574-4b04-802f-3b49e28358a3 req-28cc4ac4-59d9-4502-839b-61ebf79b5b19 8e1bdbdf0b2d4629ae976e6e370567bd d5b618ee756f45ea822f05337c484cf1 - - 86e08e0233ff4bfda26ef76c9bfe5e40 86e08e0233ff4bfda26ef76c9bfe5e40] 199.19.213.60 "GET /v2.0/floatingips?fixed_ip_address=10.100.0.12&port_id=5c7040a6-b530-4b07-bfd4-d8c94c44b54b HTTP/1.1" status: 200 len: 1060 time: 0.0645278
2026-06-28 21:07:30.654 10 INFO neutron.wsgi [req-15f84ed9-1574-4b04-802f-3b49e28358a3 req-b800aa1e-3429-4ea0-b085-b8d2bf4b2eb3 8e1bdbdf0b2d4629ae976e6e370567bd d5b618ee756f45ea822f05337c484cf1 - - 86e08e0233ff4bfda26ef76c9bfe5e40 86e08e0233ff4bfda26ef76c9bfe5e40] 199.19.213.60 "GET /v2.0/subnets?id=a83341a7-1b85-45ae-8015-3370d0116b64 HTTP/1.1" status: 200 len: 866 time: 0.0398228
2026-06-28 21:07:30.680 10 INFO neutron.wsgi [req-15f84ed9-1574-4b04-802f-3b49e28358a3 req-0d3f168e-b240-407c-b556-fc3db1858329 8e1bdbdf0b2d4629ae976e6e370567bd d5b618ee756f45ea822f05337c484cf1 - - 86e08e0233ff4bfda26ef76c9bfe5e40 86e08e0233ff4bfda26ef76c9bfe5e40] 199.19.213.60 "GET /v2.0/ports?network_id=d7472f02-8ec3-45e6-b11b-2b599eb1579a&device_owner=network%3Adhcp HTTP/1.1" status: 200 len: 210 time: 0.0215502
2026-06-28 21:07:30.743 10 INFO neutron.wsgi [req-15f84ed9-1574-4b04-802f-3b49e28358a3 req-4a4fb80d-6794-4c4c-be36-b590b607c071 8e1bdbdf0b2d4629ae976e6e370567bd d5b618ee756f45ea822f05337c484cf1 - - 86e08e0233ff4bfda26ef76c9bfe5e40 86e08e0233ff4bfda26ef76c9bfe5e40] 199.19.213.60 "GET /v2.0/networks/d7472f02-8ec3-45e6-b11b-2b599eb1579a?fields=segments HTTP/1.1" status: 200 len: 212 time: 0.0575814
2026-06-28 21:07:30.796 10 INFO neutron.wsgi [req-15f84ed9-1574-4b04-802f-3b49e28358a3 req-583a025c-cbb6-4e4f-9ea1-febbd117912c 8e1bdbdf0b2d4629ae976e6e370567bd d5b618ee756f45ea822f05337c484cf1 - - 86e08e0233ff4bfda26ef76c9bfe5e40 86e08e0233ff4bfda26ef76c9bfe5e40] 199.19.213.60 "GET /v2.0/networks/d7472f02-8ec3-45e6-b11b-2b599eb1579a?fields=provider%3Aphysical_network&fields=provider%3Anetwork_type HTTP/1.1" status: 200 len: 277 time: 0.0482383
2026-06-28 21:07:30.873 9 INFO neutron.wsgi [None req-a29f129e-991e-44e4-8a0b-c51619a9ef15 7158a4343b1644bca570133cdab81c48 27b21ca08bc649258cc31d37fbe6fa54 - - default default] 10.0.0.202 "GET /v2.0/security-groups?tenant_id=7045f40f9a9240c2a447b9730f88ec4a&name=default HTTP/1.1" status: 200 len: 2996 time: 0.1317096
2026-06-28 21:07:31.087 9 INFO neutron.wsgi [None req-a9f3c575-c484-41f2-a6ad-750e562d558d 7158a4343b1644bca570133cdab81c48 27b21ca08bc649258cc31d37fbe6fa54 - - - -] 10.0.0.202 "DELETE /v2.0/security-groups/a3be1339-dc9f-42de-a23d-edb89c84a0d3 HTTP/1.1" status: 204 len: 168 time: 0.2083719
2026-06-28 21:07:31.272 10 INFO neutron.db.ovn_revision_numbers_db [None req-76f5fde9-faa1-4881-899c-9a597bda2e0f 7158a4343b1644bca570133cdab81c48 27b21ca08bc649258cc31d37fbe6fa54 - - default default] Successfully bumped revision number for resource d26cf331-d392-4623-a8d4-cc28bf7144e8 (type: security_groups) to 1
2026-06-28 21:07:31.298 10 INFO neutron.wsgi [None req-76f5fde9-faa1-4881-899c-9a597bda2e0f 7158a4343b1644bca570133cdab81c48 27b21ca08bc649258cc31d37fbe6fa54 - - default default] 10.0.0.202 "GET /v2.0/security-groups?tenant_id=04bf2844a18b4aafb666756b110eb848&name=default HTTP/1.1" status: 200 len: 2996 time: 0.1185551
2026-06-28 21:07:31.468 10 INFO neutron.wsgi [None req-b04871ac-3aea-4684-98c5-0ad339c911b0 7158a4343b1644bca570133cdab81c48 27b21ca08bc649258cc31d37fbe6fa54 - - - -] 10.0.0.202 "DELETE /v2.0/security-groups/d26cf331-d392-4623-a8d4-cc28bf7144e8 HTTP/1.1" status: 204 len: 168 time: 0.1629269
2026-06-28 21:07:34.956 10 INFO neutron.db.ovn_revision_numbers_db [None req-b4263cb1-625f-4c56-9554-684895a58866 42e206a72a7249cab783dbf96256900f 251931779ad842fd9615a01152ab5535 - - - -] Successfully bumped revision number for resource dd16a2ba-f627-44cc-a986-7f4bf7072d96 (type: routers) to 1
2026-06-28 21:07:34.972 10 INFO neutron.wsgi [None req-b4263cb1-625f-4c56-9554-684895a58866 42e206a72a7249cab783dbf96256900f 251931779ad842fd9615a01152ab5535 - - - -] 10.0.0.202 "POST /v2.0/routers HTTP/1.1" status: 201 len: 654 time: 0.4069474
2026-06-28 21:07:35.048 10 INFO neutron.wsgi [None req-132c612a-ba9f-4377-a59e-be5234bf9601 42e206a72a7249cab783dbf96256900f 251931779ad842fd9615a01152ab5535 - - - -] 10.0.0.202 "PUT /v2.0/routers/dd16a2ba-f627-44cc-a986-7f4bf7072d96/tags HTTP/1.1" status: 200 len: 218 time: 0.0697610
2026-06-28 21:07:35.108 10 INFO neutron.wsgi [None req-d606cb7e-17c7-4156-bdaa-eabbd982b4fb 42e206a72a7249cab783dbf96256900f 251931779ad842fd9615a01152ab5535 - - default default] 10.0.0.202 "GET /v2.0/routers/dd16a2ba-f627-44cc-a986-7f4bf7072d96/tags HTTP/1.1" status: 200 len: 218 time: 0.0550129
2026-06-28 21:07:35.168 10 INFO neutron.wsgi [None req-55fbd767-f922-48c2-90d4-b9d7b2a66f0e 42e206a72a7249cab783dbf96256900f 251931779ad842fd9615a01152ab5535 - - - -] 10.0.0.202 "PUT /v2.0/routers/dd16a2ba-f627-44cc-a986-7f4bf7072d96/tags/green HTTP/1.1" status: 201 len: 201 time: 0.0551419
2026-06-28 21:07:35.222 10 INFO neutron.wsgi [None req-b34c7fd2-bad5-4434-8c17-6e70a4f14543 42e206a72a7249cab783dbf96256900f 251931779ad842fd9615a01152ab5535 - - default default] 10.0.0.202 "GET /v2.0/routers/dd16a2ba-f627-44cc-a986-7f4bf7072d96/tags HTTP/1.1" status: 200 len: 227 time: 0.0486963
2026-06-28 21:07:35.265 10 INFO neutron.wsgi [None req-8a81b304-8000-4baf-9b97-5e15a1359fc1 42e206a72a7249cab783dbf96256900f 251931779ad842fd9615a01152ab5535 - - - -] 10.0.0.202 "PUT /v2.0/routers/dd16a2ba-f627-44cc-a986-7f4bf7072d96/tags/red HTTP/1.1" status: 201 len: 201 time: 0.0394647
2026-06-28 21:07:35.549 10 INFO neutron.wsgi [None req-a8dde278-4a16-4c22-964b-d9c82c345c06 42e206a72a7249cab783dbf96256900f 251931779ad842fd9615a01152ab5535 - - default default] 10.0.0.202 "GET /v2.0/routers/dd16a2ba-f627-44cc-a986-7f4bf7072d96/tags HTTP/1.1" status: 200 len: 227 time: 0.2797749
2026-06-28 21:07:35.614 10 INFO neutron.wsgi [None req-6713c21e-42bc-4146-842b-29a7fbe3528f 42e206a72a7249cab783dbf96256900f 251931779ad842fd9615a01152ab5535 - - - -] 10.0.0.202 "PUT /v2.0/routers/dd16a2ba-f627-44cc-a986-7f4bf7072d96/tags/black.or.white HTTP/1.1" status: 201 len: 201 time: 0.0600195
2026-06-28 21:07:35.674 10 INFO neutron.wsgi [None req-a47f7a6f-213e-4ac3-88ee-b71e74a95091 42e206a72a7249cab783dbf96256900f 251931779ad842fd9615a01152ab5535 - - default default] 10.0.0.202 "GET /v2.0/routers/dd16a2ba-f627-44cc-a986-7f4bf7072d96/tags HTTP/1.1" status: 200 len: 245 time: 0.0545297
2026-06-28 21:07:35.740 10 INFO neutron.wsgi [None req-d5cd36bf-6818-4a57-b075-5f1d90041852 42e206a72a7249cab783dbf96256900f 251931779ad842fd9615a01152ab5535 - - - -] 10.0.0.202 "PUT /v2.0/routers/dd16a2ba-f627-44cc-a986-7f4bf7072d96/tags HTTP/1.1" status: 200 len: 230 time: 0.0609274
2026-06-28 21:07:35.789 10 INFO neutron.wsgi [None req-c80856dd-5468-4679-806e-2b2f201fc29e 42e206a72a7249cab783dbf96256900f 251931779ad842fd9615a01152ab5535 - - default default] 10.0.0.202 "GET /v2.0/routers/dd16a2ba-f627-44cc-a986-7f4bf7072d96/tags HTTP/1.1" status: 200 len: 230 time: 0.0450563
2026-06-28 21:07:35.838 10 INFO neutron.wsgi [None req-ad3495db-55a7-44c4-a7b1-7ec994a73756 42e206a72a7249cab783dbf96256900f 251931779ad842fd9615a01152ab5535 - - default default] 10.0.0.202 "GET /v2.0/routers/dd16a2ba-f627-44cc-a986-7f4bf7072d96/tags/red HTTP/1.1" status: 204 len: 168 time: 0.0438886
2026-06-28 21:07:35.883 10 INFO neutron.api.v2.resource [None req-2283b755-e2c0-4fb9-b207-ac4c664ac20f 42e206a72a7249cab783dbf96256900f 251931779ad842fd9615a01152ab5535 - - default default] show failed (client error): The resource could not be found.
2026-06-28 21:07:35.885 10 INFO neutron.wsgi [None req-2283b755-e2c0-4fb9-b207-ac4c664ac20f 42e206a72a7249cab783dbf96256900f 251931779ad842fd9615a01152ab5535 - - default default] 10.0.0.202 "GET /v2.0/routers/dd16a2ba-f627-44cc-a986-7f4bf7072d96/tags/green HTTP/1.1" status: 404 len: 299 time: 0.0421665
2026-06-28 21:07:35.948 10 INFO neutron.wsgi [None req-aa09a71d-ee19-4f76-b990-0b32173fae9c 42e206a72a7249cab783dbf96256900f 251931779ad842fd9615a01152ab5535 - - - -] 10.0.0.202 "DELETE /v2.0/routers/dd16a2ba-f627-44cc-a986-7f4bf7072d96/tags/red HTTP/1.1" status: 204 len: 168 time: 0.0578196
2026-06-28 21:07:36.002 10 INFO neutron.wsgi [None req-7b80f4fb-000d-47d0-a9eb-0782ceef5b3c 42e206a72a7249cab783dbf96256900f 251931779ad842fd9615a01152ab5535 - - default default] 10.0.0.202 "GET /v2.0/routers/dd16a2ba-f627-44cc-a986-7f4bf7072d96/tags HTTP/1.1" status: 200 len: 223 time: 0.0506330
2026-06-28 21:07:36.060 10 INFO neutron.api.v2.resource [None req-3cc1d7d4-b40f-4632-bd95-1a3980828dce 42e206a72a7249cab783dbf96256900f 251931779ad842fd9615a01152ab5535 - - - -] delete failed (client error): The resource could not be found.
2026-06-28 21:07:36.064 10 INFO neutron.wsgi [None req-3cc1d7d4-b40f-4632-bd95-1a3980828dce 42e206a72a7249cab783dbf96256900f 251931779ad842fd9615a01152ab5535 - - - -] 10.0.0.202 "DELETE /v2.0/routers/dd16a2ba-f627-44cc-a986-7f4bf7072d96/tags/green HTTP/1.1" status: 404 len: 299 time: 0.0565505
2026-06-28 21:07:36.142 10 INFO neutron.wsgi [None req-3c7824dc-dcdd-4145-aaea-136511a12acd 42e206a72a7249cab783dbf96256900f 251931779ad842fd9615a01152ab5535 - - - -] 10.0.0.202 "DELETE /v2.0/routers/dd16a2ba-f627-44cc-a986-7f4bf7072d96/tags HTTP/1.1" status: 204 len: 168 time: 0.0735960
2026-06-28 21:07:36.232 9 INFO neutron.wsgi [None req-9d34caa6-6e82-47be-abbc-0aa0c82beae0 42e206a72a7249cab783dbf96256900f 251931779ad842fd9615a01152ab5535 - - default default] 10.0.0.202 "GET /v2.0/routers/dd16a2ba-f627-44cc-a986-7f4bf7072d96/tags HTTP/1.1" status: 200 len: 205 time: 0.0837085
2026-06-28 21:07:36.295 9 INFO neutron.wsgi [None req-9ecc3780-588b-4cf9-bd68-45a0bad84482 42e206a72a7249cab783dbf96256900f 251931779ad842fd9615a01152ab5535 - - default default] 10.0.0.202 "GET /v2.0/routers/dd16a2ba-f627-44cc-a986-7f4bf7072d96 HTTP/1.1" status: 200 len: 655 time: 0.0558670
2026-06-28 21:07:36.757 9 INFO neutron.db.ovn_revision_numbers_db [None req-14fbf5e3-6144-4d06-975a-2757d3009e8c 42e206a72a7249cab783dbf96256900f 251931779ad842fd9615a01152ab5535 - - - -] Successfully bumped revision number for resource dd16a2ba-f627-44cc-a986-7f4bf7072d96 (type: routers) to 9
2026-06-28 21:07:36.759 9 INFO neutron.wsgi [None req-14fbf5e3-6144-4d06-975a-2757d3009e8c 42e206a72a7249cab783dbf96256900f 251931779ad842fd9615a01152ab5535 - - - -] 10.0.0.202 "PUT /v2.0/routers/dd16a2ba-f627-44cc-a986-7f4bf7072d96 HTTP/1.1" status: 200 len: 655 time: 0.4599793
2026-06-28 21:07:36.785 9 INFO neutron.wsgi [None req-1ff01f26-8f5a-47da-9354-582781edd521 42e206a72a7249cab783dbf96256900f 251931779ad842fd9615a01152ab5535 - - default default] 10.0.0.202 "GET /v2.0/ports?device_id=dd16a2ba-f627-44cc-a986-7f4bf7072d96 HTTP/1.1" status: 200 len: 205 time: 0.0199120
2026-06-28 21:07:37.121 10 INFO neutron.wsgi [req-ffe75d6c-4b08-4010-8b8b-ca92850e8bc8 req-406a0bfc-f3a3-4cf9-bfdd-b64a8638c81e 8e1bdbdf0b2d4629ae976e6e370567bd d5b618ee756f45ea822f05337c484cf1 - - 86e08e0233ff4bfda26ef76c9bfe5e40 86e08e0233ff4bfda26ef76c9bfe5e40] 10.0.0.78 "GET /v2.0/ports?device_id=3a552b57-0740-40b7-9044-693fd64feee0 HTTP/1.1" status: 200 len: 1365 time: 0.0361793
2026-06-28 21:07:37.164 10 INFO neutron.wsgi [req-ffe75d6c-4b08-4010-8b8b-ca92850e8bc8 req-b662de43-582c-4dff-8a08-85ae4957895d 8e1bdbdf0b2d4629ae976e6e370567bd d5b618ee756f45ea822f05337c484cf1 - - 86e08e0233ff4bfda26ef76c9bfe5e40 86e08e0233ff4bfda26ef76c9bfe5e40] 10.0.0.78 "GET /v2.0/security-groups?id=597e9b50-cc07-4de1-b21f-f9c38f0e8334&fields=id&fields=name HTTP/1.1" status: 200 len: 310 time: 0.0371823
2026-06-28 21:07:37.291 9 INFO neutron.wsgi [None req-172a1f9c-16a3-4b09-89a4-2ed7e99f5f05 42e206a72a7249cab783dbf96256900f 251931779ad842fd9615a01152ab5535 - - - -] 10.0.0.202 "DELETE /v2.0/routers/dd16a2ba-f627-44cc-a986-7f4bf7072d96 HTTP/1.1" status: 204 len: 168 time: 0.5013051
2026-06-28 21:07:38.126 10 INFO neutron.wsgi [None req-3f4b8f26-44bc-40d3-a5b8-3cc247f1aed8 469817c64d4547f6aae5149d81271773 51baadbdc6744078962c7c692ae40db1 - - default default] 10.0.0.202 "GET /v2.0/ports?project_id=c51e872006cc4cddb11d65450481e8cb&network_id=6f2fb25c-4e9d-4eca-88c7-eb28365b2bed HTTP/1.1" status: 200 len: 3466 time: 0.0489905
2026-06-28 21:07:38.188 9 INFO neutron.db.ovn_revision_numbers_db [None req-b6f8b061-dd73-4033-9e5b-f974873018a0 7158a4343b1644bca570133cdab81c48 27b21ca08bc649258cc31d37fbe6fa54 - - default default] Successfully bumped revision number for resource b8d61e1c-f317-49db-b676-66c61fd5676c (type: security_groups) to 1
2026-06-28 21:07:38.207 9 INFO neutron.wsgi [None req-b6f8b061-dd73-4033-9e5b-f974873018a0 7158a4343b1644bca570133cdab81c48 27b21ca08bc649258cc31d37fbe6fa54 - - default default] 10.0.0.202 "GET /v2.0/security-groups?tenant_id=cb3d3c94e61047cf8429960711152772&name=default HTTP/1.1" status: 200 len: 2996 time: 0.2616279
2026-06-28 21:07:38.389 9 INFO neutron.wsgi [None req-6ee1f691-098e-45d0-bee6-eb0aaedef1f6 7158a4343b1644bca570133cdab81c48 27b21ca08bc649258cc31d37fbe6fa54 - - - -] 10.0.0.202 "DELETE /v2.0/security-groups/b8d61e1c-f317-49db-b676-66c61fd5676c HTTP/1.1" status: 204 len: 168 time: 0.1766779
2026-06-28 21:07:38.414 10 INFO neutron.wsgi [None req-19b6c426-3e14-4381-81b3-00732a53b229 469817c64d4547f6aae5149d81271773 51baadbdc6744078962c7c692ae40db1 - - default default] 10.0.0.202 "GET /v2.0/subnets?network_id=91ce8d9f-625c-463c-b978-1a2031c7bcd1 HTTP/1.1" status: 200 len: 838 time: 0.0421906
2026-06-28 21:07:38.688 10 INFO neutron.db.ovn_revision_numbers_db [None req-4cbaada1-440e-429f-8b79-7ee1930a0cb9 7158a4343b1644bca570133cdab81c48 27b21ca08bc649258cc31d37fbe6fa54 - - default default] Successfully bumped revision number for resource 21b43af0-2f5a-4212-b9b6-ecb6f276e7f6 (type: security_groups) to 1
2026-06-28 21:07:38.716 10 INFO neutron.wsgi [None req-4cbaada1-440e-429f-8b79-7ee1930a0cb9 7158a4343b1644bca570133cdab81c48 27b21ca08bc649258cc31d37fbe6fa54 - - default default] 10.0.0.202 "GET /v2.0/security-groups?tenant_id=251931779ad842fd9615a01152ab5535&name=default HTTP/1.1" status: 200 len: 2996 time: 0.2219119
2026-06-28 21:07:38.771 10 INFO neutron.db.l3_db [None req-63b0600e-c808-4911-b243-e01a3706e359 6bbb364e9cf34c3e88a460782bd0cc68 c51e872006cc4cddb11d65450481e8cb - - - -] Floating IP bff283a0-784a-4a54-af55-e1ead1784804 disassociated. External IP: 10.96.250.211, port: 4d260155-b5d3-4421-89df-3104e6d89c7e.
2026-06-28 21:07:38.786 10 INFO neutron.db.ovn_revision_numbers_db [None req-63b0600e-c808-4911-b243-e01a3706e359 6bbb364e9cf34c3e88a460782bd0cc68 c51e872006cc4cddb11d65450481e8cb - - - -] Successfully bumped revision number for resource bff283a0-784a-4a54-af55-e1ead1784804 (type: floatingips) to 2
2026-06-28 21:07:38.859 10 INFO neutron.wsgi [None req-63b0600e-c808-4911-b243-e01a3706e359 6bbb364e9cf34c3e88a460782bd0cc68 c51e872006cc4cddb11d65450481e8cb - - - -] 10.0.0.202 "PUT /v2.0/floatingips/bff283a0-784a-4a54-af55-e1ead1784804 HTTP/1.1" status: 200 len: 748 time: 0.2577310 /var/lib/openstack/lib/python3.10/site-packages/pycadf/identifier.py:71: UserWarning: Invalid uuid: neutron. To ensure interoperability, identifiers should be a valid uuid. warnings.warn(('Invalid uuid: %s. To ensure interoperability, '
2026-06-28 21:07:38.889 10 INFO neutron.notifiers.nova [-] Nova event matching ['req-b26c763b-bde8-4654-bf7a-65f3834b34b4'] response: {'name': 'network-changed', 'server_uuid': '3a552b57-0740-40b7-9044-693fd64feee0', 'tag': '4d260155-b5d3-4421-89df-3104e6d89c7e', 'status': 'completed', 'code': 200}
2026-06-28 21:07:38.902 9 INFO neutron.wsgi [None req-e52ba89d-5a05-44c5-a32a-96973863f354 6bbb364e9cf34c3e88a460782bd0cc68 c51e872006cc4cddb11d65450481e8cb - - default default] 10.0.0.202 "GET /v2.0/floatingips/bff283a0-784a-4a54-af55-e1ead1784804 HTTP/1.1" status: 200 len: 746 time: 0.0373924
2026-06-28 21:07:38.938 9 INFO neutron.wsgi [None req-2d5e76eb-ba87-40df-83f1-83137ac5b770 7158a4343b1644bca570133cdab81c48 27b21ca08bc649258cc31d37fbe6fa54 - - - -] 10.0.0.202 "DELETE /v2.0/security-groups/21b43af0-2f5a-4212-b9b6-ecb6f276e7f6 HTTP/1.1" status: 204 len: 168 time: 0.2163527
2026-06-28 21:07:38.945 10 INFO neutron.wsgi [req-6e18af1c-4eab-48a4-95c3-9caa012ba19a req-bb7a0a23-de69-4962-816a-8502e10af0ef 8e1bdbdf0b2d4629ae976e6e370567bd d5b618ee756f45ea822f05337c484cf1 - - 86e08e0233ff4bfda26ef76c9bfe5e40 86e08e0233ff4bfda26ef76c9bfe5e40] 199.19.213.60 "GET /v2.0/ports?tenant_id=c51e872006cc4cddb11d65450481e8cb&device_id=3a552b57-0740-40b7-9044-693fd64feee0 HTTP/1.1" status: 200 len: 1365 time: 0.0373511
2026-06-28 21:07:39.004 10 INFO neutron.wsgi [req-6e18af1c-4eab-48a4-95c3-9caa012ba19a req-597281af-b211-493c-93f2-2a392480b625 8e1bdbdf0b2d4629ae976e6e370567bd d5b618ee756f45ea822f05337c484cf1 - - 86e08e0233ff4bfda26ef76c9bfe5e40 86e08e0233ff4bfda26ef76c9bfe5e40] 199.19.213.60 "GET /v2.0/networks?id=6f2fb25c-4e9d-4eca-88c7-eb28365b2bed HTTP/1.1" status: 200 len: 957 time: 0.0542991
2026-06-28 21:07:39.035 10 INFO neutron.wsgi [req-6e18af1c-4eab-48a4-95c3-9caa012ba19a req-f236b86a-922b-4efa-be94-33dadf42141d 8e1bdbdf0b2d4629ae976e6e370567bd d5b618ee756f45ea822f05337c484cf1 - - 86e08e0233ff4bfda26ef76c9bfe5e40 86e08e0233ff4bfda26ef76c9bfe5e40] 199.19.213.60 "GET /v2.0/floatingips?fixed_ip_address=10.100.0.14&port_id=4d260155-b5d3-4421-89df-3104e6d89c7e HTTP/1.1" status: 200 len: 217 time: 0.0241497
2026-06-28 21:07:39.072 10 INFO neutron.wsgi [req-6e18af1c-4eab-48a4-95c3-9caa012ba19a req-9ce12a7e-c924-43c7-b6a5-c58ea200366b 8e1bdbdf0b2d4629ae976e6e370567bd d5b618ee756f45ea822f05337c484cf1 - - 86e08e0233ff4bfda26ef76c9bfe5e40 86e08e0233ff4bfda26ef76c9bfe5e40] 199.19.213.60 "GET /v2.0/subnets?id=6bf8160e-067e-4348-af07-896785247497 HTTP/1.1" status: 200 len: 852 time: 0.0319617
2026-06-28 21:07:39.099 10 INFO neutron.wsgi [req-6e18af1c-4eab-48a4-95c3-9caa012ba19a req-d86f26e7-7f99-458b-ba54-5784b391430b 8e1bdbdf0b2d4629ae976e6e370567bd d5b618ee756f45ea822f05337c484cf1 - - 86e08e0233ff4bfda26ef76c9bfe5e40 86e08e0233ff4bfda26ef76c9bfe5e40] 199.19.213.60 "GET /v2.0/ports?network_id=6f2fb25c-4e9d-4eca-88c7-eb28365b2bed&device_owner=network%3Adhcp HTTP/1.1" status: 200 len: 210 time: 0.0194197
2026-06-28 21:07:39.156 10 INFO neutron.wsgi [req-6e18af1c-4eab-48a4-95c3-9caa012ba19a req-620dcfa4-1c67-4aa9-b124-016d55979ab3 8e1bdbdf0b2d4629ae976e6e370567bd d5b618ee756f45ea822f05337c484cf1 - - 86e08e0233ff4bfda26ef76c9bfe5e40 86e08e0233ff4bfda26ef76c9bfe5e40] 199.19.213.60 "GET /v2.0/networks/6f2fb25c-4e9d-4eca-88c7-eb28365b2bed?fields=segments HTTP/1.1" status: 200 len: 212 time: 0.0525053
2026-06-28 21:07:39.217 10 INFO neutron.wsgi [req-6e18af1c-4eab-48a4-95c3-9caa012ba19a req-a22e9550-5d8f-4326-9ccc-ef4ab2ff6e75 8e1bdbdf0b2d4629ae976e6e370567bd d5b618ee756f45ea822f05337c484cf1 - - 86e08e0233ff4bfda26ef76c9bfe5e40 86e08e0233ff4bfda26ef76c9bfe5e40] 199.19.213.60 "GET /v2.0/networks/6f2fb25c-4e9d-4eca-88c7-eb28365b2bed?fields=provider%3Aphysical_network&fields=provider%3Anetwork_type HTTP/1.1" status: 200 len: 277 time: 0.0548072
2026-06-28 21:07:40.056 10 INFO neutron.db.ovn_revision_numbers_db [None req-782ed9c2-7b87-472f-bdd1-1ac333ac0301 6bbb364e9cf34c3e88a460782bd0cc68 c51e872006cc4cddb11d65450481e8cb - - - -] Successfully bumped revision number for resource a2f6b51c-e58b-4bd0-b03f-1c752feae401 (type: security_groups) to 1
2026-06-28 21:07:40.076 10 INFO neutron.wsgi [None req-782ed9c2-7b87-472f-bdd1-1ac333ac0301 6bbb364e9cf34c3e88a460782bd0cc68 c51e872006cc4cddb11d65450481e8cb - - - -] 10.0.0.202 "POST /v2.0/security-groups HTTP/1.1" status: 201 len: 1811 time: 0.1156166
2026-06-28 21:07:40.222 9 INFO neutron.db.ovn_revision_numbers_db [None req-fb79869f-32df-414b-a9c7-43a124d56a1d 6bbb364e9cf34c3e88a460782bd0cc68 c51e872006cc4cddb11d65450481e8cb - - - -] Successfully bumped revision number for resource e80b85c0-9650-4626-b77a-d6e7e47d3211 (type: security_group_rules) to 0
2026-06-28 21:07:40.250 9 INFO neutron.wsgi [None req-fb79869f-32df-414b-a9c7-43a124d56a1d 6bbb364e9cf34c3e88a460782bd0cc68 c51e872006cc4cddb11d65450481e8cb - - - -] 10.0.0.202 "POST /v2.0/security-group-rules HTTP/1.1" status: 201 len: 764 time: 0.1679370
2026-06-28 21:07:40.364 9 INFO neutron.db.ovn_revision_numbers_db [None req-eef3fa16-a3c9-4256-8a93-f650d1de6d98 6bbb364e9cf34c3e88a460782bd0cc68 c51e872006cc4cddb11d65450481e8cb - - - -] Successfully bumped revision number for resource 32abf333-c5f2-48f7-bb7e-5a198bbf22a2 (type: security_group_rules) to 0
2026-06-28 21:07:40.388 9 INFO neutron.wsgi [None req-eef3fa16-a3c9-4256-8a93-f650d1de6d98 6bbb364e9cf34c3e88a460782bd0cc68 c51e872006cc4cddb11d65450481e8cb - - - -] 10.0.0.202 "POST /v2.0/security-group-rules HTTP/1.1" status: 201 len: 763 time: 0.1329432
2026-06-28 21:07:40.497 9 INFO neutron.db.ovn_revision_numbers_db [None req-44d766ce-3552-4f1b-9453-5e31b877378a 6bbb364e9cf34c3e88a460782bd0cc68 c51e872006cc4cddb11d65450481e8cb - - - -] Successfully bumped revision number for resource 13784543-8213-49f2-9a14-320985ae3e39 (type: security_group_rules) to 0
2026-06-28 21:07:40.522 9 INFO neutron.wsgi [None req-44d766ce-3552-4f1b-9453-5e31b877378a 6bbb364e9cf34c3e88a460782bd0cc68 c51e872006cc4cddb11d65450481e8cb - - - -] 10.0.0.202 "POST /v2.0/security-group-rules HTTP/1.1" status: 201 len: 769 time: 0.1284521
2026-06-28 21:07:40.669 10 INFO neutron.db.ovn_revision_numbers_db [None req-4daf3836-f32b-4903-a003-859adae8d3e9 6bbb364e9cf34c3e88a460782bd0cc68 c51e872006cc4cddb11d65450481e8cb - - - -] Successfully bumped revision number for resource 114e48f9-d354-401f-9001-7cf1a7b0c019 (type: security_group_rules) to 0
2026-06-28 21:07:40.692 10 INFO neutron.wsgi [None req-4daf3836-f32b-4903-a003-859adae8d3e9 6bbb364e9cf34c3e88a460782bd0cc68 c51e872006cc4cddb11d65450481e8cb - - - -] 10.0.0.202 "POST /v2.0/security-group-rules HTTP/1.1" status: 201 len: 768 time: 0.1647837
2026-06-28 21:07:40.721 10 INFO neutron.db.securitygroups_db [None req-82e0793f-453e-4920-95ff-972a7e6f3abc 6bbb364e9cf34c3e88a460782bd0cc68 c51e872006cc4cddb11d65450481e8cb - - - -] Project c51e872006cc4cddb11d65450481e8cb added a security group rule with legacy IPv6 ICMP protocol name icmp, ipv6-icmp should be used instead. It was automatically converted.
2026-06-28 21:07:40.808 10 INFO neutron.db.ovn_revision_numbers_db [None req-82e0793f-453e-4920-95ff-972a7e6f3abc 6bbb364e9cf34c3e88a460782bd0cc68 c51e872006cc4cddb11d65450481e8cb - - - -] Successfully bumped revision number for resource f6f63913-9381-41b3-b771-fcee9f3b67f9 (type: security_group_rules) to 0
2026-06-28 21:07:40.833 10 INFO neutron.wsgi [None req-82e0793f-453e-4920-95ff-972a7e6f3abc 6bbb364e9cf34c3e88a460782bd0cc68 c51e872006cc4cddb11d65450481e8cb - - - -] 10.0.0.202 "POST /v2.0/security-group-rules HTTP/1.1" status: 201 len: 774 time: 0.1353397
2026-06-28 21:07:40.865 10 INFO neutron.db.securitygroups_db [None req-bc1a4167-610f-4348-bc7f-9c5a3088bcfe 6bbb364e9cf34c3e88a460782bd0cc68 c51e872006cc4cddb11d65450481e8cb - - - -] Project c51e872006cc4cddb11d65450481e8cb added a security group rule with legacy IPv6 ICMP protocol name icmp, ipv6-icmp should be used instead. It was automatically converted.
2026-06-28 21:07:40.870 10 INFO neutron.wsgi [-] 10.0.0.70 "GET / HTTP/1.1" status: 200 len: 247 time: 0.0016141
2026-06-28 21:07:40.872 9 INFO neutron.wsgi [-] 10.0.0.70 "GET / HTTP/1.1" status: 200 len: 247 time: 0.0032570
2026-06-28 21:07:40.990 10 INFO neutron.db.ovn_revision_numbers_db [None req-bc1a4167-610f-4348-bc7f-9c5a3088bcfe 6bbb364e9cf34c3e88a460782bd0cc68 c51e872006cc4cddb11d65450481e8cb - - - -] Successfully bumped revision number for resource c16200fa-594e-4e52-9e4e-da0caddf1d8a (type: security_group_rules) to 0
2026-06-28 21:07:41.014 10 INFO neutron.wsgi [None req-bc1a4167-610f-4348-bc7f-9c5a3088bcfe 6bbb364e9cf34c3e88a460782bd0cc68 c51e872006cc4cddb11d65450481e8cb - - - -] 10.0.0.202 "POST /v2.0/security-group-rules HTTP/1.1" status: 201 len: 773 time: 0.1763134
2026-06-28 21:07:41.615 10 INFO neutron.wsgi [None req-a4d6104f-aaad-4c2f-bcfc-fbad7f321588 6bbb364e9cf34c3e88a460782bd0cc68 c51e872006cc4cddb11d65450481e8cb - - default default] 10.0.0.202 "GET /v2.0/networks HTTP/1.1" status: 200 len: 1491 time: 0.2555783
2026-06-28 21:07:41.720 9 INFO neutron.wsgi [req-4f78aa25-5ab3-4d2f-9398-d15cb373addc req-c1952ed4-df2b-4a75-baf3-c8a484cd39ee 6bbb364e9cf34c3e88a460782bd0cc68 c51e872006cc4cddb11d65450481e8cb - - default default] 10.0.0.184 "GET /v2.0/security-groups?name=tempest-secgroup-smoke-1435186105&fields=id&tenant_id=c51e872006cc4cddb11d65450481e8cb HTTP/1.1" status: 200 len: 267 time: 0.0334823
2026-06-28 21:07:41.807 9 INFO neutron.wsgi [req-4f78aa25-5ab3-4d2f-9398-d15cb373addc req-9d6d0852-7874-41c2-b6d8-45317adbef09 6bbb364e9cf34c3e88a460782bd0cc68 c51e872006cc4cddb11d65450481e8cb - - default default] 10.0.0.184 "GET /v2.0/networks?id=6f2fb25c-4e9d-4eca-88c7-eb28365b2bed HTTP/1.1" status: 200 len: 858 time: 0.0784142
2026-06-28 21:07:41.821 9 INFO neutron.wsgi [req-4f78aa25-5ab3-4d2f-9398-d15cb373addc req-b2d409d1-dd5c-4a36-adb8-2532903c545b 6bbb364e9cf34c3e88a460782bd0cc68 c51e872006cc4cddb11d65450481e8cb - - default default] 10.0.0.184 "GET /v2.0/quotas/c51e872006cc4cddb11d65450481e8cb HTTP/1.1" status: 200 len: 386 time: 0.0077441
2026-06-28 21:07:41.913 9 INFO neutron.wsgi [req-4f78aa25-5ab3-4d2f-9398-d15cb373addc req-8d056a67-61be-448b-8a85-622d5e0be56d 6bbb364e9cf34c3e88a460782bd0cc68 c51e872006cc4cddb11d65450481e8cb - - default default] 10.0.0.184 "GET /v2.0/ports?tenant_id=c51e872006cc4cddb11d65450481e8cb&fields=id HTTP/1.1" status: 200 len: 348 time: 0.0839467
2026-06-28 21:07:41.977 9 INFO neutron.wsgi [req-4f78aa25-5ab3-4d2f-9398-d15cb373addc req-197d3a53-db43-44f8-902b-41311247b67f 8e1bdbdf0b2d4629ae976e6e370567bd d5b618ee756f45ea822f05337c484cf1 - - 86e08e0233ff4bfda26ef76c9bfe5e40 86e08e0233ff4bfda26ef76c9bfe5e40] 10.0.0.184 "GET /v2.0/networks/6f2fb25c-4e9d-4eca-88c7-eb28365b2bed?fields=segments HTTP/1.1" status: 200 len: 212 time: 0.0514178
2026-06-28 21:07:42.050 9 INFO neutron.wsgi [req-4f78aa25-5ab3-4d2f-9398-d15cb373addc req-b8181dca-b161-4a3d-b48b-d23d7a2a9ec5 8e1bdbdf0b2d4629ae976e6e370567bd d5b618ee756f45ea822f05337c484cf1 - - 86e08e0233ff4bfda26ef76c9bfe5e40 86e08e0233ff4bfda26ef76c9bfe5e40] 10.0.0.184 "GET /v2.0/networks/6f2fb25c-4e9d-4eca-88c7-eb28365b2bed?fields=provider%3Aphysical_network&fields=provider%3Anetwork_type HTTP/1.1" status: 200 len: 277 time: 0.0643361
2026-06-28 21:07:42.176 9 INFO neutron.wsgi [req-82327777-b594-42bf-830b-12acf0ba6b1c req-fb6710e9-e136-416c-a01a-2a3b089cc0fb 6bbb364e9cf34c3e88a460782bd0cc68 c51e872006cc4cddb11d65450481e8cb - - default default] 10.0.0.184 "GET /v2.0/ports?device_id=870c9019-6e89-4885-a37e-a223082c4754 HTTP/1.1" status: 200 len: 210 time: 0.0247533
2026-06-28 21:07:42.207 9 INFO neutron.db.ovn_revision_numbers_db [None req-b8c1ba8f-653a-4c46-ac53-4aa41cad26e3 84e7c8a60da3453797f4fa319cf0aeea b5f3f6d8bd36401897300bc195f99d89 - - - -] Successfully bumped revision number for resource e522d721-4636-4624-bd26-95c7c6cbbb3d (type: security_groups) to 1
2026-06-28 21:07:42.261 9 INFO neutron.db.segments_db [None req-b8c1ba8f-653a-4c46-ac53-4aa41cad26e3 84e7c8a60da3453797f4fa319cf0aeea b5f3f6d8bd36401897300bc195f99d89 - - - -] Added segment 85cbda95-9195-4705-b9e1-5a5cc60428fd of type geneve for network 6a4ea647-20bc-48f0-8260-e14114638a6a
2026-06-28 21:07:42.413 9 INFO neutron.db.ovn_revision_numbers_db [None req-b8c1ba8f-653a-4c46-ac53-4aa41cad26e3 84e7c8a60da3453797f4fa319cf0aeea b5f3f6d8bd36401897300bc195f99d89 - - - -] Successfully bumped revision number for resource 6a4ea647-20bc-48f0-8260-e14114638a6a (type: networks) to 1
2026-06-28 21:07:42.607 9 WARNING neutron.scheduler.dhcp_agent_scheduler [None req-b8c1ba8f-653a-4c46-ac53-4aa41cad26e3 84e7c8a60da3453797f4fa319cf0aeea b5f3f6d8bd36401897300bc195f99d89 - - - -] No more DHCP agents
2026-06-28 21:07:42.612 9 WARNING neutron.api.rpc.agentnotifiers.dhcp_rpc_agent_api [None req-b8c1ba8f-653a-4c46-ac53-4aa41cad26e3 84e7c8a60da3453797f4fa319cf0aeea b5f3f6d8bd36401897300bc195f99d89 - - - -] Unable to schedule network 6a4ea647-20bc-48f0-8260-e14114638a6a: no agents available; will retry on subsequent port and subnet creation events.
2026-06-28 21:07:42.682 9 INFO neutron.db.ovn_revision_numbers_db [None req-b8c1ba8f-653a-4c46-ac53-4aa41cad26e3 84e7c8a60da3453797f4fa319cf0aeea b5f3f6d8bd36401897300bc195f99d89 - - - -] Successfully bumped revision number for resource 32fcafe4-d36a-4b6b-a458-1b23e3e6f061 (type: ports) to 1
2026-06-28 21:07:42.704 9 INFO neutron.wsgi [None req-b8c1ba8f-653a-4c46-ac53-4aa41cad26e3 84e7c8a60da3453797f4fa319cf0aeea b5f3f6d8bd36401897300bc195f99d89 - - - -] 10.0.0.202 "POST /v2.0/networks HTTP/1.1" status: 201 len: 831 time: 0.6707637
2026-06-28 21:07:42.875 10 INFO neutron.wsgi [req-4f78aa25-5ab3-4d2f-9398-d15cb373addc req-3ab7261f-0079-427c-a003-959998d2af6c 6bbb364e9cf34c3e88a460782bd0cc68 c51e872006cc4cddb11d65450481e8cb - - default default] 199.19.213.60 "GET /v2.0/networks?id=6f2fb25c-4e9d-4eca-88c7-eb28365b2bed HTTP/1.1" status: 200 len: 858 time: 0.0826914
2026-06-28 21:07:42.943 10 INFO neutron.wsgi [req-4f78aa25-5ab3-4d2f-9398-d15cb373addc req-aae3e7d3-1655-4242-8fc8-bc860672e839 6bbb364e9cf34c3e88a460782bd0cc68 c51e872006cc4cddb11d65450481e8cb - - default default] 199.19.213.60 "GET /v2.0/security-groups?fields=id&fields=name&tenant_id=c51e872006cc4cddb11d65450481e8cb HTTP/1.1" status: 200 len: 470 time: 0.0569639
2026-06-28 21:07:42.981 9 WARNING neutron.scheduler.dhcp_agent_scheduler [None req-b15afc14-6867-4b96-9179-8e8d0994542b 84e7c8a60da3453797f4fa319cf0aeea b5f3f6d8bd36401897300bc195f99d89 - - - -] No more DHCP agents
2026-06-28 21:07:42.983 9 WARNING neutron.api.rpc.agentnotifiers.dhcp_rpc_agent_api [None req-b15afc14-6867-4b96-9179-8e8d0994542b 84e7c8a60da3453797f4fa319cf0aeea b5f3f6d8bd36401897300bc195f99d89 - - - -] Unable to schedule network 6a4ea647-20bc-48f0-8260-e14114638a6a: no agents available; will retry on subsequent port and subnet creation events.
2026-06-28 21:07:43.212 10 WARNING neutron.scheduler.dhcp_agent_scheduler [None req-1053247a-f440-4d56-a450-1643471d5854 6bbb364e9cf34c3e88a460782bd0cc68 c51e872006cc4cddb11d65450481e8cb - - - -] No more DHCP agents
2026-06-28 21:07:43.217 10 WARNING neutron.api.rpc.agentnotifiers.dhcp_rpc_agent_api [None req-1053247a-f440-4d56-a450-1643471d5854 6bbb364e9cf34c3e88a460782bd0cc68 c51e872006cc4cddb11d65450481e8cb - - - -] Unable to schedule network 6f2fb25c-4e9d-4eca-88c7-eb28365b2bed: no agents available; will retry on subsequent port and subnet creation events.
2026-06-28 21:07:43.302 9 INFO neutron.wsgi [req-71e7c31e-4808-48ff-85b8-021e0060867f req-f69f7644-5b1f-4f83-a27f-fc096994f3d9 6bbb364e9cf34c3e88a460782bd0cc68 c51e872006cc4cddb11d65450481e8cb - - default default] 10.0.0.184 "GET /v2.0/ports?device_id=870c9019-6e89-4885-a37e-a223082c4754 HTTP/1.1" status: 200 len: 1156 time: 0.0580356
2026-06-28 21:07:43.365 10 INFO neutron.db.ovn_revision_numbers_db [None req-1053247a-f440-4d56-a450-1643471d5854 6bbb364e9cf34c3e88a460782bd0cc68 c51e872006cc4cddb11d65450481e8cb - - - -] Successfully bumped revision number for resource 02dca064-b6b6-46eb-b0c3-b951cbaa0b5b (type: ports) to 1
2026-06-28 21:07:43.377 9 INFO neutron.wsgi [req-71e7c31e-4808-48ff-85b8-021e0060867f req-392061da-7592-4ec0-a06a-9f486213af8d 6bbb364e9cf34c3e88a460782bd0cc68 c51e872006cc4cddb11d65450481e8cb - - default default] 10.0.0.184 "GET /v2.0/security-groups?id=a2f6b51c-e58b-4bd0-b03f-1c752feae401&fields=id&fields=name HTTP/1.1" status: 200 len: 313 time: 0.0680451
2026-06-28 21:07:43.388 10 INFO neutron.wsgi [None req-1053247a-f440-4d56-a450-1643471d5854 6bbb364e9cf34c3e88a460782bd0cc68 c51e872006cc4cddb11d65450481e8cb - - - -] 199.19.213.60 "POST /v2.0/ports HTTP/1.1" status: 201 len: 1158 time: 0.4418321 /var/lib/openstack/lib/python3.10/site-packages/pycadf/identifier.py:71: UserWarning: Invalid uuid: neutron. To ensure interoperability, identifiers should be a valid uuid. warnings.warn(('Invalid uuid: %s. To ensure interoperability, '
2026-06-28 21:07:43.558 9 INFO neutron.db.ovn_revision_numbers_db [None req-b15afc14-6867-4b96-9179-8e8d0994542b 84e7c8a60da3453797f4fa319cf0aeea b5f3f6d8bd36401897300bc195f99d89 - - - -] Successfully bumped revision number for resource 32fcafe4-d36a-4b6b-a458-1b23e3e6f061 (type: ports) to 2
2026-06-28 21:07:43.576 9 INFO neutron.db.ovn_revision_numbers_db [None req-b15afc14-6867-4b96-9179-8e8d0994542b 84e7c8a60da3453797f4fa319cf0aeea b5f3f6d8bd36401897300bc195f99d89 - - - -] Successfully bumped revision number for resource 583870ce-d21c-4568-b65a-0275285dc8e0 (type: subnets) to 0
2026-06-28 21:07:43.599 9 INFO neutron.wsgi [None req-b15afc14-6867-4b96-9179-8e8d0994542b 84e7c8a60da3453797f4fa319cf0aeea b5f3f6d8bd36401897300bc195f99d89 - - - -] 10.0.0.202 "POST /v2.0/subnets HTTP/1.1" status: 201 len: 801 time: 0.8914707
2026-06-28 21:07:43.678 9 INFO neutron.wsgi [None req-243698ed-df15-48e6-a920-253052354d19 84e7c8a60da3453797f4fa319cf0aeea b5f3f6d8bd36401897300bc195f99d89 - - - -] 10.0.0.202 "PUT /v2.0/subnets/583870ce-d21c-4568-b65a-0275285dc8e0/tags HTTP/1.1" status: 200 len: 218 time: 0.0730522
2026-06-28 21:07:43.717 9 INFO neutron.wsgi [None req-14c4c2fc-c1c6-4404-ab01-5495da43f28d 84e7c8a60da3453797f4fa319cf0aeea b5f3f6d8bd36401897300bc195f99d89 - - default default] 10.0.0.202 "GET /v2.0/subnets/583870ce-d21c-4568-b65a-0275285dc8e0/tags HTTP/1.1" status: 200 len: 218 time: 0.0330606
2026-06-28 21:07:43.772 9 INFO neutron.wsgi [None req-f66b3fa3-7b59-42ba-9e15-ae3a9fcd938c 84e7c8a60da3453797f4fa319cf0aeea b5f3f6d8bd36401897300bc195f99d89 - - - -] 10.0.0.202 "PUT /v2.0/subnets/583870ce-d21c-4568-b65a-0275285dc8e0/tags/green HTTP/1.1" status: 201 len: 201 time: 0.0477939 /var/lib/openstack/lib/python3.10/site-packages/pycadf/identifier.py:71: UserWarning: Invalid uuid: neutron. To ensure interoperability, identifiers should be a valid uuid. warnings.warn(('Invalid uuid: %s. To ensure interoperability, '
2026-06-28 21:07:43.819 9 INFO neutron.db.ovn_revision_numbers_db [None req-b5e878a3-dd7e-4a34-b950-e61faf277c6f 7158a4343b1644bca570133cdab81c48 27b21ca08bc649258cc31d37fbe6fa54 - - default default] Successfully bumped revision number for resource d2a7204e-4be3-4811-b1a1-c9d51e00db71 (type: security_groups) to 1
2026-06-28 21:07:43.831 10 INFO neutron.db.ovn_revision_numbers_db [None req-597aea8d-27d8-41d0-a57e-71395c339399 8e1bdbdf0b2d4629ae976e6e370567bd d5b618ee756f45ea822f05337c484cf1 - - - -] Successfully bumped revision number for resource 02dca064-b6b6-46eb-b0c3-b951cbaa0b5b (type: ports) to 2
2026-06-28 21:07:43.834 10 INFO neutron.wsgi [None req-e99251df-5b8f-4b1b-9f50-461a69b603f0 84e7c8a60da3453797f4fa319cf0aeea b5f3f6d8bd36401897300bc195f99d89 - - default default] 10.0.0.202 "GET /v2.0/subnets/583870ce-d21c-4568-b65a-0275285dc8e0/tags HTTP/1.1" status: 200 len: 227 time: 0.0555627
2026-06-28 21:07:43.840 9 INFO neutron.wsgi [None req-b5e878a3-dd7e-4a34-b950-e61faf277c6f 7158a4343b1644bca570133cdab81c48 27b21ca08bc649258cc31d37fbe6fa54 - - default default] 10.0.0.202 "GET /v2.0/security-groups?tenant_id=a5b2e7bee70040b8bc7d9d5111d83107&name=default HTTP/1.1" status: 200 len: 2996 time: 0.2484207
2026-06-28 21:07:43.875 10 INFO neutron.wsgi [None req-cbf60ae3-3afd-4162-9252-de2c8e479036 84e7c8a60da3453797f4fa319cf0aeea b5f3f6d8bd36401897300bc195f99d89 - - - -] 10.0.0.202 "PUT /v2.0/subnets/583870ce-d21c-4568-b65a-0275285dc8e0/tags/red HTTP/1.1" status: 201 len: 201 time: 0.0356662
2026-06-28 21:07:43.915 9 INFO neutron.wsgi [None req-50c8d420-4e1e-47b8-beea-8def8c4fb875 84e7c8a60da3453797f4fa319cf0aeea b5f3f6d8bd36401897300bc195f99d89 - - default default] 10.0.0.202 "GET /v2.0/subnets/583870ce-d21c-4568-b65a-0275285dc8e0/tags HTTP/1.1" status: 200 len: 227 time: 0.0332592
2026-06-28 21:07:43.968 9 INFO neutron.wsgi [None req-78e6ed2f-a583-4200-8bbc-3ebb0a019d5b 84e7c8a60da3453797f4fa319cf0aeea b5f3f6d8bd36401897300bc195f99d89 - - - -] 10.0.0.202 "PUT /v2.0/subnets/583870ce-d21c-4568-b65a-0275285dc8e0/tags/black.or.white HTTP/1.1" status: 201 len: 201 time: 0.0475070
2026-06-28 21:07:44.004 9 INFO neutron.wsgi [None req-411c3170-2fa2-4b6d-bb1f-75588db88071 84e7c8a60da3453797f4fa319cf0aeea b5f3f6d8bd36401897300bc195f99d89 - - default default] 10.0.0.202 "GET /v2.0/subnets/583870ce-d21c-4568-b65a-0275285dc8e0/tags HTTP/1.1" status: 200 len: 245 time: 0.0317326
2026-06-28 21:07:44.022 10 INFO neutron.db.ovn_revision_numbers_db [None req-597aea8d-27d8-41d0-a57e-71395c339399 8e1bdbdf0b2d4629ae976e6e370567bd d5b618ee756f45ea822f05337c484cf1 - - - -] Successfully bumped revision number for resource 02dca064-b6b6-46eb-b0c3-b951cbaa0b5b (type: ports) to 2
2026-06-28 21:07:44.036 10 INFO neutron.wsgi [None req-597aea8d-27d8-41d0-a57e-71395c339399 8e1bdbdf0b2d4629ae976e6e370567bd d5b618ee756f45ea822f05337c484cf1 - - - -] 199.19.213.60 "PUT /v2.0/ports/02dca064-b6b6-46eb-b0c3-b951cbaa0b5b HTTP/1.1" status: 200 len: 1328 time: 0.6377316
2026-06-28 21:07:44.059 9 INFO neutron.wsgi [None req-267079b6-9573-41a9-aad2-1570106bfcd7 7158a4343b1644bca570133cdab81c48 27b21ca08bc649258cc31d37fbe6fa54 - - - -] 10.0.0.202 "DELETE /v2.0/security-groups/d2a7204e-4be3-4811-b1a1-c9d51e00db71 HTTP/1.1" status: 204 len: 168 time: 0.2150767
2026-06-28 21:07:44.063 9 INFO neutron.wsgi [None req-472d35f7-fcb6-460e-8051-f333f8dcf32c 84e7c8a60da3453797f4fa319cf0aeea b5f3f6d8bd36401897300bc195f99d89 - - - -] 10.0.0.202 "PUT /v2.0/subnets/583870ce-d21c-4568-b65a-0275285dc8e0/tags HTTP/1.1" status: 200 len: 230 time: 0.0517569
2026-06-28 21:07:44.077 10 INFO neutron.notifiers.nova [-] Nova event matching ['req-78965b0d-b1ae-4bc0-8dea-89dc661f648f'] response: {'name': 'network-changed', 'server_uuid': '870c9019-6e89-4885-a37e-a223082c4754', 'tag': '02dca064-b6b6-46eb-b0c3-b951cbaa0b5b', 'status': 'completed', 'code': 200} /var/lib/openstack/lib/python3.10/site-packages/pycadf/identifier.py:71: UserWarning: Invalid uuid: neutron. To ensure interoperability, identifiers should be a valid uuid. warnings.warn(('Invalid uuid: %s. To ensure interoperability, '
2026-06-28 21:07:44.099 9 INFO neutron.wsgi [None req-708b6524-c98a-4728-b968-c0dda845a01c 84e7c8a60da3453797f4fa319cf0aeea b5f3f6d8bd36401897300bc195f99d89 - - default default] 10.0.0.202 "GET /v2.0/subnets/583870ce-d21c-4568-b65a-0275285dc8e0/tags HTTP/1.1" status: 200 len: 230 time: 0.0321240
2026-06-28 21:07:44.111 10 INFO neutron.wsgi [req-4f78aa25-5ab3-4d2f-9398-d15cb373addc req-568525ab-07ac-49cc-951d-4ca8af3bf8e5 8e1bdbdf0b2d4629ae976e6e370567bd d5b618ee756f45ea822f05337c484cf1 - - 86e08e0233ff4bfda26ef76c9bfe5e40 86e08e0233ff4bfda26ef76c9bfe5e40] 199.19.213.60 "GET /v2.0/ports?tenant_id=c51e872006cc4cddb11d65450481e8cb&device_id=870c9019-6e89-4885-a37e-a223082c4754 HTTP/1.1" status: 200 len: 1359 time: 0.0304847
2026-06-28 21:07:44.130 9 INFO neutron.wsgi [None req-cbbce3e0-f06b-4a41-9dc2-80d0636e7824 84e7c8a60da3453797f4fa319cf0aeea b5f3f6d8bd36401897300bc195f99d89 - - default default] 10.0.0.202 "GET /v2.0/subnets/583870ce-d21c-4568-b65a-0275285dc8e0/tags/red HTTP/1.1" status: 204 len: 168 time: 0.0267887
2026-06-28 21:07:44.138 10 INFO neutron.wsgi [req-4f78aa25-5ab3-4d2f-9398-d15cb373addc req-ba4616e1-3153-4087-81ec-23074f49c386 8e1bdbdf0b2d4629ae976e6e370567bd d5b618ee756f45ea822f05337c484cf1 - - 86e08e0233ff4bfda26ef76c9bfe5e40 86e08e0233ff4bfda26ef76c9bfe5e40] 199.19.213.60 "GET /v2.0/floatingips?fixed_ip_address=10.100.0.8&port_id=02dca064-b6b6-46eb-b0c3-b951cbaa0b5b HTTP/1.1" status: 200 len: 217 time: 0.0225525
2026-06-28 21:07:44.165 9 INFO neutron.api.v2.resource [None req-6f5884ba-1235-48b2-b4bd-76814b651504 84e7c8a60da3453797f4fa319cf0aeea b5f3f6d8bd36401897300bc195f99d89 - - default default] show failed (client error): The resource could not be found.
2026-06-28 21:07:44.168 9 INFO neutron.wsgi [None req-6f5884ba-1235-48b2-b4bd-76814b651504 84e7c8a60da3453797f4fa319cf0aeea b5f3f6d8bd36401897300bc195f99d89 - - default default] 10.0.0.202 "GET /v2.0/subnets/583870ce-d21c-4568-b65a-0275285dc8e0/tags/green HTTP/1.1" status: 404 len: 299 time: 0.0329013
2026-06-28 21:07:44.182 10 INFO neutron.wsgi [req-4f78aa25-5ab3-4d2f-9398-d15cb373addc req-00ca9520-a2ba-4f3d-9abf-762ed7359fae 8e1bdbdf0b2d4629ae976e6e370567bd d5b618ee756f45ea822f05337c484cf1 - - 86e08e0233ff4bfda26ef76c9bfe5e40 86e08e0233ff4bfda26ef76c9bfe5e40] 199.19.213.60 "GET /v2.0/subnets?id=6bf8160e-067e-4348-af07-896785247497 HTTP/1.1" status: 200 len: 852 time: 0.0371010
2026-06-28 21:07:44.450 10 INFO neutron.wsgi [req-4f78aa25-5ab3-4d2f-9398-d15cb373addc req-77090121-5623-4316-98da-8b8b9fd4dc1c 8e1bdbdf0b2d4629ae976e6e370567bd d5b618ee756f45ea822f05337c484cf1 - - 86e08e0233ff4bfda26ef76c9bfe5e40 86e08e0233ff4bfda26ef76c9bfe5e40] 199.19.213.60 "GET /v2.0/ports?network_id=6f2fb25c-4e9d-4eca-88c7-eb28365b2bed&device_owner=network%3Adhcp HTTP/1.1" status: 200 len: 210 time: 0.0210233
2026-06-28 21:07:44.469 10 INFO neutron.wsgi [None req-2bd4cd4a-8bc3-4187-9b9e-bb572cf7a74b 84e7c8a60da3453797f4fa319cf0aeea b5f3f6d8bd36401897300bc195f99d89 - - - -] 10.0.0.202 "DELETE /v2.0/subnets/583870ce-d21c-4568-b65a-0275285dc8e0/tags/red HTTP/1.1" status: 204 len: 168 time: 0.2965431
2026-06-28 21:07:44.487 9 INFO neutron.wsgi [req-1f58d8c5-180a-4a4c-8f6b-1969ab5a89b4 req-b1a7b258-9ae2-4077-a1db-57f72e7fe90d 6bbb364e9cf34c3e88a460782bd0cc68 c51e872006cc4cddb11d65450481e8cb - - default default] 10.0.0.184 "GET /v2.0/ports?device_id=870c9019-6e89-4885-a37e-a223082c4754 HTTP/1.1" status: 200 len: 1168 time: 0.0475926
2026-06-28 21:07:44.514 10 INFO neutron.wsgi [None req-96a91854-1d08-473f-8f6a-6837ef0d3295 84e7c8a60da3453797f4fa319cf0aeea b5f3f6d8bd36401897300bc195f99d89 - - default default] 10.0.0.202 "GET /v2.0/subnets/583870ce-d21c-4568-b65a-0275285dc8e0/tags HTTP/1.1" status: 200 len: 223 time: 0.0398829
2026-06-28 21:07:44.529 9 INFO neutron.wsgi [req-1f58d8c5-180a-4a4c-8f6b-1969ab5a89b4 req-798a23ce-4708-4efa-a3fc-c4d67d8a45fb 6bbb364e9cf34c3e88a460782bd0cc68 c51e872006cc4cddb11d65450481e8cb - - default default] 10.0.0.184 "GET /v2.0/security-groups?id=a2f6b51c-e58b-4bd0-b03f-1c752feae401&fields=id&fields=name HTTP/1.1" status: 200 len: 313 time: 0.0351601
2026-06-28 21:07:44.538 10 INFO neutron.wsgi [req-4f78aa25-5ab3-4d2f-9398-d15cb373addc req-6995e076-9704-4bc6-a07f-ae5aafca8078 8e1bdbdf0b2d4629ae976e6e370567bd d5b618ee756f45ea822f05337c484cf1 - - 86e08e0233ff4bfda26ef76c9bfe5e40 86e08e0233ff4bfda26ef76c9bfe5e40] 199.19.213.60 "GET /v2.0/networks/6f2fb25c-4e9d-4eca-88c7-eb28365b2bed?fields=segments HTTP/1.1" status: 200 len: 212 time: 0.0787098
2026-06-28 21:07:44.585 10 INFO neutron.api.v2.resource [None req-8cdbdf8f-2b04-458c-8256-d7c22e14d769 84e7c8a60da3453797f4fa319cf0aeea b5f3f6d8bd36401897300bc195f99d89 - - - -] delete failed (client error): The resource could not be found.
2026-06-28 21:07:44.586 10 INFO neutron.wsgi [None req-8cdbdf8f-2b04-458c-8256-d7c22e14d769 84e7c8a60da3453797f4fa319cf0aeea b5f3f6d8bd36401897300bc195f99d89 - - - -] 10.0.0.202 "DELETE /v2.0/subnets/583870ce-d21c-4568-b65a-0275285dc8e0/tags/green HTTP/1.1" status: 404 len: 299 time: 0.0649478
2026-06-28 21:07:44.613 10 INFO neutron.wsgi [req-4f78aa25-5ab3-4d2f-9398-d15cb373addc req-706bbbdd-b2da-4fc3-812f-cb5126381b0e 8e1bdbdf0b2d4629ae976e6e370567bd d5b618ee756f45ea822f05337c484cf1 - - 86e08e0233ff4bfda26ef76c9bfe5e40 86e08e0233ff4bfda26ef76c9bfe5e40] 199.19.213.60 "GET /v2.0/networks/6f2fb25c-4e9d-4eca-88c7-eb28365b2bed?fields=provider%3Aphysical_network&fields=provider%3Anetwork_type HTTP/1.1" status: 200 len: 277 time: 0.0670469
2026-06-28 21:07:44.634 10 INFO neutron.wsgi [None req-0fff3825-87d3-461e-9ddb-1745a6f02ffb 84e7c8a60da3453797f4fa319cf0aeea b5f3f6d8bd36401897300bc195f99d89 - - - -] 10.0.0.202 "DELETE /v2.0/subnets/583870ce-d21c-4568-b65a-0275285dc8e0/tags HTTP/1.1" status: 204 len: 168 time: 0.0411031
2026-06-28 21:07:44.678 10 INFO neutron.wsgi [None req-1d441220-5190-41e1-a233-22c869a82c32 84e7c8a60da3453797f4fa319cf0aeea b5f3f6d8bd36401897300bc195f99d89 - - default default] 10.0.0.202 "GET /v2.0/subnets/583870ce-d21c-4568-b65a-0275285dc8e0/tags HTTP/1.1" status: 200 len: 205 time: 0.0402558
2026-06-28 21:07:44.685 10 INFO neutron.wsgi [req-a02d0d32-ac24-4cd6-9c96-e252ae8c6f0c req-5e1d640e-a62a-4075-910e-8df9c1d798db 8e1bdbdf0b2d4629ae976e6e370567bd d5b618ee756f45ea822f05337c484cf1 - - 86e08e0233ff4bfda26ef76c9bfe5e40 86e08e0233ff4bfda26ef76c9bfe5e40] 199.19.213.60 "GET /v2.0/ports?tenant_id=c51e872006cc4cddb11d65450481e8cb&device_id=870c9019-6e89-4885-a37e-a223082c4754 HTTP/1.1" status: 200 len: 1359 time: 0.0303390
2026-06-28 21:07:44.768 10 INFO neutron.wsgi [req-a02d0d32-ac24-4cd6-9c96-e252ae8c6f0c req-c9ed0532-ac94-484f-aa6b-abfe48e42471 8e1bdbdf0b2d4629ae976e6e370567bd d5b618ee756f45ea822f05337c484cf1 - - 86e08e0233ff4bfda26ef76c9bfe5e40 86e08e0233ff4bfda26ef76c9bfe5e40] 199.19.213.60 "GET /v2.0/networks?id=6f2fb25c-4e9d-4eca-88c7-eb28365b2bed HTTP/1.1" status: 200 len: 957 time: 0.0705338
2026-06-28 21:07:44.805 10 INFO neutron.wsgi [req-a02d0d32-ac24-4cd6-9c96-e252ae8c6f0c req-c97fcbc9-53db-483e-934c-d90178705777 8e1bdbdf0b2d4629ae976e6e370567bd d5b618ee756f45ea822f05337c484cf1 - - 86e08e0233ff4bfda26ef76c9bfe5e40 86e08e0233ff4bfda26ef76c9bfe5e40] 199.19.213.60 "GET /v2.0/floatingips?fixed_ip_address=10.100.0.8&port_id=02dca064-b6b6-46eb-b0c3-b951cbaa0b5b HTTP/1.1" status: 200 len: 217 time: 0.0256107
2026-06-28 21:07:44.837 9 INFO neutron.plugins.ml2.drivers.ovn.mech_driver.mech_driver [None req-dff9ed6f-4662-4b77-852b-6b91bd7a5f84 - - - - - -] OVN reports status up for port: 02dca064-b6b6-46eb-b0c3-b951cbaa0b5b
2026-06-28 21:07:44.852 9 INFO neutron.plugins.ml2.plugin [None req-dff9ed6f-4662-4b77-852b-6b91bd7a5f84 - - - - - -] Attempt 1 to provision port 02dca064-b6b6-46eb-b0c3-b951cbaa0b5b
2026-06-28 21:07:44.856 10 INFO neutron.wsgi [req-a02d0d32-ac24-4cd6-9c96-e252ae8c6f0c req-2c5bc9a4-8d20-4507-a13d-f394ff1d476c 8e1bdbdf0b2d4629ae976e6e370567bd d5b618ee756f45ea822f05337c484cf1 - - 86e08e0233ff4bfda26ef76c9bfe5e40 86e08e0233ff4bfda26ef76c9bfe5e40] 199.19.213.60 "GET /v2.0/subnets?id=6bf8160e-067e-4348-af07-896785247497 HTTP/1.1" status: 200 len: 852 time: 0.0452085
2026-06-28 21:07:44.906 10 INFO neutron.wsgi [req-a02d0d32-ac24-4cd6-9c96-e252ae8c6f0c req-ca5d0c38-6626-4908-830d-192288c1a7b7 8e1bdbdf0b2d4629ae976e6e370567bd d5b618ee756f45ea822f05337c484cf1 - - 86e08e0233ff4bfda26ef76c9bfe5e40 86e08e0233ff4bfda26ef76c9bfe5e40] 199.19.213.60 "GET /v2.0/ports?network_id=6f2fb25c-4e9d-4eca-88c7-eb28365b2bed&device_owner=network%3Adhcp HTTP/1.1" status: 200 len: 210 time: 0.0469749
2026-06-28 21:07:44.989 10 INFO neutron.wsgi [req-a02d0d32-ac24-4cd6-9c96-e252ae8c6f0c req-cf5fd9c2-18f0-468f-ac07-6bdb43dd4c2f 8e1bdbdf0b2d4629ae976e6e370567bd d5b618ee756f45ea822f05337c484cf1 - - 86e08e0233ff4bfda26ef76c9bfe5e40 86e08e0233ff4bfda26ef76c9bfe5e40] 199.19.213.60 "GET /v2.0/networks/6f2fb25c-4e9d-4eca-88c7-eb28365b2bed?fields=segments HTTP/1.1" status: 200 len: 212 time: 0.0729516
2026-06-28 21:07:44.996 9 INFO neutron.notifiers.nova [-] Nova event matching ['req-55b6afaa-dc93-455c-9137-3c8c8c555e16'] response: {'server_uuid': '870c9019-6e89-4885-a37e-a223082c4754', 'name': 'network-vif-plugged', 'status': 'completed', 'tag': '02dca064-b6b6-46eb-b0c3-b951cbaa0b5b', 'code': 200}
2026-06-28 21:07:45.037 10 INFO neutron.wsgi [None req-d66bbf44-63da-449c-8852-644e8c74e4a6 84e7c8a60da3453797f4fa319cf0aeea b5f3f6d8bd36401897300bc195f99d89 - - - -] 10.0.0.202 "DELETE /v2.0/subnets/583870ce-d21c-4568-b65a-0275285dc8e0 HTTP/1.1" status: 204 len: 168 time: 0.3456855
2026-06-28 21:07:45.056 10 INFO neutron.wsgi [req-a02d0d32-ac24-4cd6-9c96-e252ae8c6f0c req-ed5c19c3-855e-44c9-86f8-aed252fbbd38 8e1bdbdf0b2d4629ae976e6e370567bd d5b618ee756f45ea822f05337c484cf1 - - 86e08e0233ff4bfda26ef76c9bfe5e40 86e08e0233ff4bfda26ef76c9bfe5e40] 199.19.213.60 "GET /v2.0/networks/6f2fb25c-4e9d-4eca-88c7-eb28365b2bed?fields=provider%3Aphysical_network&fields=provider%3Anetwork_type HTTP/1.1" status: 200 len: 277 time: 0.0627744
2026-06-28 21:07:45.177 9 INFO neutron.db.ovn_revision_numbers_db [None req-dff9ed6f-4662-4b77-852b-6b91bd7a5f84 - - - - - -] Successfully bumped revision number for resource 02dca064-b6b6-46eb-b0c3-b951cbaa0b5b (type: ports) to 4 /var/lib/openstack/lib/python3.10/site-packages/pycadf/identifier.py:71: UserWarning: Invalid uuid: neutron. To ensure interoperability, identifiers should be a valid uuid. warnings.warn(('Invalid uuid: %s. To ensure interoperability, '
2026-06-28 21:07:45.651 9 INFO neutron.wsgi [req-8d6d0728-ee1a-485a-b79d-c3680864b353 req-1ddc045a-bcd3-47e9-98ae-2945671bb555 6bbb364e9cf34c3e88a460782bd0cc68 c51e872006cc4cddb11d65450481e8cb - - default default] 10.0.0.184 "GET /v2.0/ports?device_id=870c9019-6e89-4885-a37e-a223082c4754 HTTP/1.1" status: 200 len: 1170 time: 0.0454109
