2026-06-28 20:49:09.964 9 INFO neutron.wsgi [None req-1a7a7a2b-f4a0-4695-b8c2-e737b65e47eb 7158a4343b1644bca570133cdab81c48 27b21ca08bc649258cc31d37fbe6fa54 - - default default] 199.19.213.60,10.0.0.70 "PUT /v2.0/quotas/d5b618ee756f45ea822f05337c484cf1 HTTP/1.1" status: 200 len: 361 time: 0.0297613
2026-06-28 20:49:10.277 9 INFO neutron.wsgi [None req-f486b494-5252-4cba-a652-43b4ad0ce93d 7158a4343b1644bca570133cdab81c48 27b21ca08bc649258cc31d37fbe6fa54 - - default default] 199.19.213.60,10.0.0.70 "GET /v2.0/quotas/d5b618ee756f45ea822f05337c484cf1 HTTP/1.1" status: 200 len: 361 time: 0.0112641
2026-06-28 20:49:10.871 10 INFO neutron.wsgi [-] 10.0.0.70 "GET / HTTP/1.1" status: 200 len: 247 time: 0.0022449
2026-06-28 20:49:10.874 9 INFO neutron.wsgi [-] 10.0.0.70 "GET / HTTP/1.1" status: 200 len: 247 time: 0.0013187
2026-06-28 20:49:25.871 9 INFO neutron.wsgi [-] 10.0.0.70 "GET / HTTP/1.1" status: 200 len: 247 time: 0.0027049
2026-06-28 20:49:25.872 10 INFO neutron.wsgi [-] 10.0.0.70 "GET / HTTP/1.1" status: 200 len: 247 time: 0.0036688
2026-06-28 20:49:40.870 9 INFO neutron.wsgi [-] 10.0.0.70 "GET / HTTP/1.1" status: 200 len: 247 time: 0.0024116
2026-06-28 20:49:40.874 9 INFO neutron.wsgi [-] 10.0.0.70 "GET / HTTP/1.1" status: 200 len: 247 time: 0.0019202 /var/lib/openstack/lib/python3.10/site-packages/pycadf/identifier.py:71: UserWarning: Invalid uuid: neutron. To ensure interoperability, identifiers should be a valid uuid. warnings.warn(('Invalid uuid: %s. To ensure interoperability, '
2026-06-28 20:49:53.330 9 INFO neutron.wsgi [None req-c0a237b9-b31c-488c-8d44-6f443f47c885 7158a4343b1644bca570133cdab81c48 27b21ca08bc649258cc31d37fbe6fa54 - - default default] 10.0.0.216 "GET /v2.0/floatingips HTTP/1.1" status: 200 len: 193 time: 0.1774755
2026-06-28 20:49:53.371 9 INFO neutron.wsgi [None req-abaee777-bf7d-45f4-8cce-d225d9de02ff 7158a4343b1644bca570133cdab81c48 27b21ca08bc649258cc31d37fbe6fa54 - - default default] 10.0.0.216 "GET /v2.0/agents HTTP/1.1" status: 200 len: 997 time: 0.0398514
2026-06-28 20:49:53.436 9 INFO neutron.wsgi [None req-9e647364-797e-47ea-ad6c-145e5eff41c8 7158a4343b1644bca570133cdab81c48 27b21ca08bc649258cc31d37fbe6fa54 - - default default] 10.0.0.216 "GET /v2.0/security-groups HTTP/1.1" status: 200 len: 16803 time: 0.0643842
2026-06-28 20:49:53.491 9 INFO neutron.wsgi [None req-5fd55d7b-7257-4d07-b169-5a7c0727837e 7158a4343b1644bca570133cdab81c48 27b21ca08bc649258cc31d37fbe6fa54 - - default default] 10.0.0.216 "GET /v2.0/ports HTTP/1.1" status: 200 len: 5255 time: 0.0451119
2026-06-28 20:49:53.507 9 INFO neutron.wsgi [None req-603af65c-a843-48d7-9fbe-1ee8d0b42cb8 7158a4343b1644bca570133cdab81c48 27b21ca08bc649258cc31d37fbe6fa54 - - default default] 10.0.0.216 "GET /v2.0/network-ip-availabilities HTTP/1.1" status: 200 len: 1280 time: 0.0122313
2026-06-28 20:49:53.568 9 INFO neutron.wsgi [None req-b2784dc4-8ad6-42a4-b86e-37e56e868b62 7158a4343b1644bca570133cdab81c48 27b21ca08bc649258cc31d37fbe6fa54 - - default default] 10.0.0.216 "GET /v2.0/networks HTTP/1.1" status: 200 len: 2350 time: 0.0580795
2026-06-28 20:49:53.610 9 INFO neutron.wsgi [None req-6fe85bc6-7fe4-435e-89bd-47f0a644c1d5 7158a4343b1644bca570133cdab81c48 27b21ca08bc649258cc31d37fbe6fa54 - - default default] 10.0.0.216 "GET /v2.0/subnets HTTP/1.1" status: 200 len: 1437 time: 0.0379071
2026-06-28 20:49:53.701 9 INFO neutron.wsgi [None req-06f42c7d-d259-473c-8156-9d1ff9eea73d 7158a4343b1644bca570133cdab81c48 27b21ca08bc649258cc31d37fbe6fa54 - - default default] 10.0.0.216 "GET /v2.0/routers HTTP/1.1" status: 200 len: 189 time: 0.0896525
2026-06-28 20:49:53.710 9 INFO neutron.wsgi [None req-cc3a2fbc-d5b6-4e3b-b7c2-b99877f203e8 7158a4343b1644bca570133cdab81c48 27b21ca08bc649258cc31d37fbe6fa54 - - default default] 10.0.0.216 "GET /v2.0/agents?binary=ovn-controller HTTP/1.1" status: 200 len: 591 time: 0.0080771
2026-06-28 20:49:53.760 9 INFO neutron.wsgi [None req-57ea0c21-998d-40f1-bc5e-e29997602b6f 7158a4343b1644bca570133cdab81c48 27b21ca08bc649258cc31d37fbe6fa54 - - default default] 10.0.0.216 "GET /v2.0/subnets HTTP/1.1" status: 200 len: 1437 time: 0.0494473
2026-06-28 20:49:53.776 9 INFO neutron.wsgi [None req-f74d8cd0-4bad-41ea-bf00-de9873d15aab 7158a4343b1644bca570133cdab81c48 27b21ca08bc649258cc31d37fbe6fa54 - - default default] 10.0.0.216 "GET /v2.0/subnetpools HTTP/1.1" status: 200 len: 193 time: 0.0151403
2026-06-28 20:49:55.873 10 INFO neutron.wsgi [-] 10.0.0.70 "GET / HTTP/1.1" status: 200 len: 247 time: 0.0038116
2026-06-28 20:49:55.873 9 INFO neutron.wsgi [-] 10.0.0.70 "GET / HTTP/1.1" status: 200 len: 247 time: 0.0035465
2026-06-28 20:50:10.871 10 INFO neutron.wsgi [-] 10.0.0.70 "GET / HTTP/1.1" status: 200 len: 247 time: 0.0026641
2026-06-28 20:50:10.874 10 INFO neutron.wsgi [-] 10.0.0.70 "GET / HTTP/1.1" status: 200 len: 247 time: 0.0024166
2026-06-28 20:50:25.871 9 INFO neutron.wsgi [-] 10.0.0.70 "GET / HTTP/1.1" status: 200 len: 247 time: 0.0023675
2026-06-28 20:50:25.871 10 INFO neutron.wsgi [-] 10.0.0.70 "GET / HTTP/1.1" status: 200 len: 247 time: 0.0024388
2026-06-28 20:50:40.874 10 INFO neutron.wsgi [-] 10.0.0.70 "GET / HTTP/1.1" status: 200 len: 247 time: 0.0032287
2026-06-28 20:50:40.874 9 INFO neutron.wsgi [-] 10.0.0.70 "GET / HTTP/1.1" status: 200 len: 247 time: 0.0036049
2026-06-28 20:50:50.932 15 INFO neutron.db.ovn_revision_numbers_db [None req-324e1954-eff5-455c-8d00-1eb9bd4d83a4 - - - - - -] Successfully bumped revision number for resource 859c46af-6eee-416e-b84b-33acb6abba87 (type: security_groups) to 5
2026-06-28 20:50:50.932 15 INFO neutron.plugins.ml2.drivers.ovn.mech_driver.ovsdb.maintenance [None req-324e1954-eff5-455c-8d00-1eb9bd4d83a4 - - - - - -] Maintenance task: Synchronization finished (took 0.03 seconds)
2026-06-28 20:50:53.150 9 INFO neutron.wsgi [None req-e4df666b-8dd3-4620-8128-05348ed80ca5 7158a4343b1644bca570133cdab81c48 27b21ca08bc649258cc31d37fbe6fa54 - - default default] 10.0.0.216 "GET /v2.0/networks HTTP/1.1" status: 200 len: 2350 time: 0.1313808
2026-06-28 20:50:53.185 9 INFO neutron.wsgi [None req-953bbeb0-4fcc-470a-8854-e42579d0a7be 7158a4343b1644bca570133cdab81c48 27b21ca08bc649258cc31d37fbe6fa54 - - default default] 10.0.0.216 "GET /v2.0/ports HTTP/1.1" status: 200 len: 5255 time: 0.0321357
2026-06-28 20:50:53.202 9 INFO neutron.wsgi [None req-1e13f46c-9b60-466a-b9e2-5acf347ae1b7 7158a4343b1644bca570133cdab81c48 27b21ca08bc649258cc31d37fbe6fa54 - - default default] 10.0.0.216 "GET /v2.0/network-ip-availabilities HTTP/1.1" status: 200 len: 1280 time: 0.0114574
2026-06-28 20:50:53.238 9 INFO neutron.wsgi [None req-23c5d8f5-b22f-43a3-800f-c3db784d1e6a 7158a4343b1644bca570133cdab81c48 27b21ca08bc649258cc31d37fbe6fa54 - - default default] 10.0.0.216 "GET /v2.0/subnets HTTP/1.1" status: 200 len: 1437 time: 0.0334654
2026-06-28 20:50:53.248 9 INFO neutron.wsgi [None req-25aec268-b497-4390-8fc6-39b9b097c9b1 7158a4343b1644bca570133cdab81c48 27b21ca08bc649258cc31d37fbe6fa54 - - default default] 10.0.0.216 "GET /v2.0/subnetpools HTTP/1.1" status: 200 len: 193 time: 0.0097992
2026-06-28 20:50:53.270 9 INFO neutron.wsgi [None req-f96162db-1914-4a50-b39a-c33b4503439c 7158a4343b1644bca570133cdab81c48 27b21ca08bc649258cc31d37fbe6fa54 - - default default] 10.0.0.216 "GET /v2.0/routers HTTP/1.1" status: 200 len: 189 time: 0.0210161
2026-06-28 20:50:53.290 9 INFO neutron.wsgi [None req-0c79acfd-4a3e-467c-baa8-f92aa9a87703 7158a4343b1644bca570133cdab81c48 27b21ca08bc649258cc31d37fbe6fa54 - - default default] 10.0.0.216 "GET /v2.0/agents?binary=ovn-controller HTTP/1.1" status: 200 len: 591 time: 0.0187671
2026-06-28 20:50:53.303 9 INFO neutron.wsgi [None req-2a9b8611-cd63-4e08-93ec-cfb22841c796 7158a4343b1644bca570133cdab81c48 27b21ca08bc649258cc31d37fbe6fa54 - - default default] 10.0.0.216 "GET /v2.0/agents HTTP/1.1" status: 200 len: 997 time: 0.0122948
2026-06-28 20:50:53.323 9 INFO neutron.wsgi [None req-14c76313-7d5d-4cb4-a321-92b7171160c6 7158a4343b1644bca570133cdab81c48 27b21ca08bc649258cc31d37fbe6fa54 - - default default] 10.0.0.216 "GET /v2.0/floatingips HTTP/1.1" status: 200 len: 193 time: 0.0186801
2026-06-28 20:50:53.371 9 INFO neutron.wsgi [None req-5a27dbbb-fc94-42f7-a773-3826e99053ec 7158a4343b1644bca570133cdab81c48 27b21ca08bc649258cc31d37fbe6fa54 - - default default] 10.0.0.216 "GET /v2.0/security-groups HTTP/1.1" status: 200 len: 16803 time: 0.0463808
2026-06-28 20:50:53.412 9 INFO neutron.wsgi [None req-e69beb7d-0d65-4af8-bc1d-895036c351cf 7158a4343b1644bca570133cdab81c48 27b21ca08bc649258cc31d37fbe6fa54 - - default default] 10.0.0.216 "GET /v2.0/subnets HTTP/1.1" status: 200 len: 1437 time: 0.0340066
2026-06-28 20:50:55.870 10 INFO neutron.wsgi [-] 10.0.0.70 "GET / HTTP/1.1" status: 200 len: 247 time: 0.0025518
2026-06-28 20:50:55.870 9 INFO neutron.wsgi [-] 10.0.0.70 "GET / HTTP/1.1" status: 200 len: 247 time: 0.0026135
2026-06-28 20:51:10.871 10 INFO neutron.wsgi [-] 10.0.0.70 "GET / HTTP/1.1" status: 200 len: 247 time: 0.0029287
2026-06-28 20:51:10.871 9 INFO neutron.wsgi [-] 10.0.0.70 "GET / HTTP/1.1" status: 200 len: 247 time: 0.0031540
2026-06-28 20:51:25.870 9 INFO neutron.wsgi [-] 10.0.0.70 "GET / HTTP/1.1" status: 200 len: 247 time: 0.0022631
2026-06-28 20:51:25.871 10 INFO neutron.wsgi [-] 10.0.0.70 "GET / HTTP/1.1" status: 200 len: 247 time: 0.0024207
2026-06-28 20:51:40.870 9 INFO neutron.wsgi [-] 10.0.0.70 "GET / HTTP/1.1" status: 200 len: 247 time: 0.0018404
2026-06-28 20:51:40.870 10 INFO neutron.wsgi [-] 10.0.0.70 "GET / HTTP/1.1" status: 200 len: 247 time: 0.0017445
2026-06-28 20:51:53.083 9 INFO neutron.wsgi [None req-4a53164c-2b81-4748-b8c4-5410f31892bf 7158a4343b1644bca570133cdab81c48 27b21ca08bc649258cc31d37fbe6fa54 - - default default] 10.0.0.216 "GET /v2.0/subnets HTTP/1.1" status: 200 len: 1437 time: 0.0706012
2026-06-28 20:51:53.096 9 INFO neutron.wsgi [None req-2bff0e8e-90fa-4315-8482-0e7a7d7721d1 7158a4343b1644bca570133cdab81c48 27b21ca08bc649258cc31d37fbe6fa54 - - default default] 10.0.0.216 "GET /v2.0/subnetpools HTTP/1.1" status: 200 len: 193 time: 0.0119953
2026-06-28 20:51:53.125 9 INFO neutron.wsgi [None req-ff383bbf-9853-4578-9998-e6097c1f1dd9 7158a4343b1644bca570133cdab81c48 27b21ca08bc649258cc31d37fbe6fa54 - - default default] 10.0.0.216 "GET /v2.0/subnets HTTP/1.1" status: 200 len: 1437 time: 0.0285754
2026-06-28 20:51:53.150 9 INFO neutron.wsgi [None req-addbcd81-5b7e-41f3-bde0-af4750ae67c8 7158a4343b1644bca570133cdab81c48 27b21ca08bc649258cc31d37fbe6fa54 - - default default] 10.0.0.216 "GET /v2.0/routers HTTP/1.1" status: 200 len: 189 time: 0.0238535
2026-06-28 20:51:53.173 9 INFO neutron.wsgi [None req-44c25e25-b85b-4dd4-b991-77f77448235c 7158a4343b1644bca570133cdab81c48 27b21ca08bc649258cc31d37fbe6fa54 - - default default] 10.0.0.216 "GET /v2.0/agents?binary=ovn-controller HTTP/1.1" status: 200 len: 591 time: 0.0224841
2026-06-28 20:51:53.183 9 INFO neutron.wsgi [None req-55a7fb17-a7b5-4140-8ca1-a4dbe9eea088 7158a4343b1644bca570133cdab81c48 27b21ca08bc649258cc31d37fbe6fa54 - - default default] 10.0.0.216 "GET /v2.0/agents HTTP/1.1" status: 200 len: 997 time: 0.0093133
2026-06-28 20:51:53.201 9 INFO neutron.wsgi [None req-49c22104-2ff1-4a6a-b003-55dc890b87de 7158a4343b1644bca570133cdab81c48 27b21ca08bc649258cc31d37fbe6fa54 - - default default] 10.0.0.216 "GET /v2.0/floatingips HTTP/1.1" status: 200 len: 193 time: 0.0166705
2026-06-28 20:51:53.257 9 INFO neutron.wsgi [None req-5c7929ad-2c53-4aba-8ae9-8db40a5de059 7158a4343b1644bca570133cdab81c48 27b21ca08bc649258cc31d37fbe6fa54 - - default default] 10.0.0.216 "GET /v2.0/networks HTTP/1.1" status: 200 len: 2350 time: 0.0549655
2026-06-28 20:51:53.325 9 INFO neutron.wsgi [None req-a8484a2d-4b47-475d-a3f4-adaece0812d4 7158a4343b1644bca570133cdab81c48 27b21ca08bc649258cc31d37fbe6fa54 - - default default] 10.0.0.216 "GET /v2.0/security-groups HTTP/1.1" status: 200 len: 16803 time: 0.0666521
2026-06-28 20:51:53.378 9 INFO neutron.wsgi [None req-81d9fa8f-41ba-4a0a-9106-c9ab65cc5e03 7158a4343b1644bca570133cdab81c48 27b21ca08bc649258cc31d37fbe6fa54 - - default default] 10.0.0.216 "GET /v2.0/ports HTTP/1.1" status: 200 len: 5255 time: 0.0368648
2026-06-28 20:51:53.392 9 INFO neutron.wsgi [None req-b809ca47-dbbc-4523-a530-bbce2a30d592 7158a4343b1644bca570133cdab81c48 27b21ca08bc649258cc31d37fbe6fa54 - - default default] 10.0.0.216 "GET /v2.0/network-ip-availabilities HTTP/1.1" status: 200 len: 1280 time: 0.0105810
2026-06-28 20:51:55.870 10 INFO neutron.wsgi [-] 10.0.0.70 "GET / HTTP/1.1" status: 200 len: 247 time: 0.0024714
2026-06-28 20:51:55.871 9 INFO neutron.wsgi [-] 10.0.0.70 "GET / HTTP/1.1" status: 200 len: 247 time: 0.0028765
2026-06-28 20:52:10.871 9 INFO neutron.wsgi [-] 10.0.0.70 "GET / HTTP/1.1" status: 200 len: 247 time: 0.0022388
2026-06-28 20:52:10.873 9 INFO neutron.wsgi [-] 10.0.0.70 "GET / HTTP/1.1" status: 200 len: 247 time: 0.0016506
2026-06-28 20:52:25.871 9 INFO neutron.wsgi [-] 10.0.0.70 "GET / HTTP/1.1" status: 200 len: 247 time: 0.0019946
2026-06-28 20:52:25.871 10 INFO neutron.wsgi [-] 10.0.0.70 "GET / HTTP/1.1" status: 200 len: 247 time: 0.0024989
2026-06-28 20:52:40.871 9 INFO neutron.wsgi [-] 10.0.0.70 "GET / HTTP/1.1" status: 200 len: 247 time: 0.0026612
2026-06-28 20:52:40.871 10 INFO neutron.wsgi [-] 10.0.0.70 "GET / HTTP/1.1" status: 200 len: 247 time: 0.0029945
2026-06-28 20:52:53.097 9 INFO neutron.wsgi [None req-706ded84-27db-4ad9-9473-a775bd1b1337 7158a4343b1644bca570133cdab81c48 27b21ca08bc649258cc31d37fbe6fa54 - - default default] 10.0.0.216 "GET /v2.0/networks HTTP/1.1" status: 200 len: 2350 time: 0.1011560
2026-06-28 20:52:53.114 9 INFO neutron.wsgi [None req-490f27b3-e395-421b-83ee-362e1acd1885 7158a4343b1644bca570133cdab81c48 27b21ca08bc649258cc31d37fbe6fa54 - - default default] 10.0.0.216 "GET /v2.0/network-ip-availabilities HTTP/1.1" status: 200 len: 1280 time: 0.0147285
2026-06-28 20:52:53.142 9 INFO neutron.wsgi [None req-2403763e-caf0-4a79-b560-494446b86c65 7158a4343b1644bca570133cdab81c48 27b21ca08bc649258cc31d37fbe6fa54 - - default default] 10.0.0.216 "GET /v2.0/floatingips HTTP/1.1" status: 200 len: 193 time: 0.0273867
2026-06-28 20:52:53.180 9 INFO neutron.wsgi [None req-13ec1faf-873a-47f1-b494-9e56f5646ca4 7158a4343b1644bca570133cdab81c48 27b21ca08bc649258cc31d37fbe6fa54 - - default default] 10.0.0.216 "GET /v2.0/subnets HTTP/1.1" status: 200 len: 1437 time: 0.0365491
2026-06-28 20:52:53.212 9 INFO neutron.wsgi [None req-85c1ef48-a922-459f-846c-58d4d080b8ee 7158a4343b1644bca570133cdab81c48 27b21ca08bc649258cc31d37fbe6fa54 - - default default] 10.0.0.216 "GET /v2.0/agents HTTP/1.1" status: 200 len: 997 time: 0.0310440
2026-06-28 20:52:53.242 9 INFO neutron.wsgi [None req-76b760ba-da30-484a-a8fe-6e66afbf8d42 7158a4343b1644bca570133cdab81c48 27b21ca08bc649258cc31d37fbe6fa54 - - default default] 10.0.0.216 "GET /v2.0/subnets HTTP/1.1" status: 200 len: 1437 time: 0.0295718
2026-06-28 20:52:53.256 9 INFO neutron.wsgi [None req-69e31d57-b1a4-4a7c-a1b5-7742e15b7353 7158a4343b1644bca570133cdab81c48 27b21ca08bc649258cc31d37fbe6fa54 - - default default] 10.0.0.216 "GET /v2.0/subnetpools HTTP/1.1" status: 200 len: 193 time: 0.0119646
2026-06-28 20:52:53.316 9 INFO neutron.wsgi [None req-324d691d-3c3f-4c7b-8d79-6eff621f5074 7158a4343b1644bca570133cdab81c48 27b21ca08bc649258cc31d37fbe6fa54 - - default default] 10.0.0.216 "GET /v2.0/security-groups HTTP/1.1" status: 200 len: 16803 time: 0.0585217
2026-06-28 20:52:53.348 9 INFO neutron.wsgi [None req-7d2894e2-e367-4b5d-8e0a-57b849b73aa0 7158a4343b1644bca570133cdab81c48 27b21ca08bc649258cc31d37fbe6fa54 - - default default] 10.0.0.216 "GET /v2.0/ports HTTP/1.1" status: 200 len: 5255 time: 0.0276225
2026-06-28 20:52:53.376 9 INFO neutron.wsgi [None req-93035f9c-894a-4012-a9c2-8fcf370b2171 7158a4343b1644bca570133cdab81c48 27b21ca08bc649258cc31d37fbe6fa54 - - default default] 10.0.0.216 "GET /v2.0/routers HTTP/1.1" status: 200 len: 189 time: 0.0239277
2026-06-28 20:52:53.385 9 INFO neutron.wsgi [None req-fddae0fd-5efb-40e7-8fb0-113b730beef1 7158a4343b1644bca570133cdab81c48 27b21ca08bc649258cc31d37fbe6fa54 - - default default] 10.0.0.216 "GET /v2.0/agents?binary=ovn-controller HTTP/1.1" status: 200 len: 591 time: 0.0086384
2026-06-28 20:52:55.871 9 INFO neutron.wsgi [-] 10.0.0.70 "GET / HTTP/1.1" status: 200 len: 247 time: 0.0026934
2026-06-28 20:52:55.872 10 INFO neutron.wsgi [-] 10.0.0.70 "GET / HTTP/1.1" status: 200 len: 247 time: 0.0030065
2026-06-28 20:53:10.872 10 INFO neutron.wsgi [-] 10.0.0.70 "GET / HTTP/1.1" status: 200 len: 247 time: 0.0024016
2026-06-28 20:53:10.874 10 INFO neutron.wsgi [-] 10.0.0.70 "GET / HTTP/1.1" status: 200 len: 247 time: 0.0012293
2026-06-28 20:53:25.870 10 INFO neutron.wsgi [-] 10.0.0.70 "GET / HTTP/1.1" status: 200 len: 247 time: 0.0023646
2026-06-28 20:53:25.871 9 INFO neutron.wsgi [-] 10.0.0.70 "GET / HTTP/1.1" status: 200 len: 247 time: 0.0025520
2026-06-28 20:53:40.871 10 INFO neutron.wsgi [-] 10.0.0.70 "GET / HTTP/1.1" status: 200 len: 247 time: 0.0031285
2026-06-28 20:53:40.876 10 INFO neutron.wsgi [-] 10.0.0.70 "GET / HTTP/1.1" status: 200 len: 247 time: 0.0039830
2026-06-28 20:53:53.071 9 INFO neutron.wsgi [None req-3b4bdc33-0f10-41fa-bb9f-9810204147c4 7158a4343b1644bca570133cdab81c48 27b21ca08bc649258cc31d37fbe6fa54 - - default default] 10.0.0.216 "GET /v2.0/network-ip-availabilities HTTP/1.1" status: 200 len: 1280 time: 0.0660009
2026-06-28 20:53:53.113 9 INFO neutron.wsgi [None req-0fa63ffa-ff7b-44a4-8914-e88abf61bc2c 7158a4343b1644bca570133cdab81c48 27b21ca08bc649258cc31d37fbe6fa54 - - default default] 10.0.0.216 "GET /v2.0/subnets HTTP/1.1" status: 200 len: 1437 time: 0.0412333
2026-06-28 20:53:53.126 9 INFO neutron.wsgi [None req-97dab3a3-53f8-48d4-bb76-a7341c85ced4 7158a4343b1644bca570133cdab81c48 27b21ca08bc649258cc31d37fbe6fa54 - - default default] 10.0.0.216 "GET /v2.0/subnetpools HTTP/1.1" status: 200 len: 193 time: 0.0115013
2026-06-28 20:53:53.156 9 INFO neutron.wsgi [None req-209e6b1b-55fa-4a35-a20f-0383656889fa 7158a4343b1644bca570133cdab81c48 27b21ca08bc649258cc31d37fbe6fa54 - - default default] 10.0.0.216 "GET /v2.0/agents HTTP/1.1" status: 200 len: 997 time: 0.0292048
2026-06-28 20:53:53.183 9 INFO neutron.wsgi [None req-6b8361b7-b1d7-4011-9467-db307709c48e 7158a4343b1644bca570133cdab81c48 27b21ca08bc649258cc31d37fbe6fa54 - - default default] 10.0.0.216 "GET /v2.0/ports HTTP/1.1" status: 200 len: 5255 time: 0.0263054
2026-06-28 20:53:53.214 9 INFO neutron.wsgi [None req-aa007d2d-572d-47e4-a91a-00d2de0a1349 7158a4343b1644bca570133cdab81c48 27b21ca08bc649258cc31d37fbe6fa54 - - default default] 10.0.0.216 "GET /v2.0/routers HTTP/1.1" status: 200 len: 189 time: 0.0259874
2026-06-28 20:53:53.224 9 INFO neutron.wsgi [None req-d22a5a0f-fac2-49c8-a4b5-db1a30d5c7ad 7158a4343b1644bca570133cdab81c48 27b21ca08bc649258cc31d37fbe6fa54 - - default default] 10.0.0.216 "GET /v2.0/agents?binary=ovn-controller HTTP/1.1" status: 200 len: 591 time: 0.0088978
2026-06-28 20:53:53.250 9 INFO neutron.wsgi [None req-412b3a91-7e35-41af-aa7a-9f4937a53564 7158a4343b1644bca570133cdab81c48 27b21ca08bc649258cc31d37fbe6fa54 - - default default] 10.0.0.216 "GET /v2.0/floatingips HTTP/1.1" status: 200 len: 193 time: 0.0250752
2026-06-28 20:53:53.313 9 INFO neutron.wsgi [None req-c5ce905e-4fae-46b4-abc2-fde00cd9f858 7158a4343b1644bca570133cdab81c48 27b21ca08bc649258cc31d37fbe6fa54 - - default default] 10.0.0.216 "GET /v2.0/security-groups HTTP/1.1" status: 200 len: 16803 time: 0.0622845
2026-06-28 20:53:53.351 9 INFO neutron.wsgi [None req-9646edd8-483a-4a13-a034-f447a61413c5 7158a4343b1644bca570133cdab81c48 27b21ca08bc649258cc31d37fbe6fa54 - - default default] 10.0.0.216 "GET /v2.0/subnets HTTP/1.1" status: 200 len: 1437 time: 0.0321462
2026-06-28 20:53:53.413 9 INFO neutron.wsgi [None req-e8b06ae5-98b7-4939-b4a6-87cbd0773645 7158a4343b1644bca570133cdab81c48 27b21ca08bc649258cc31d37fbe6fa54 - - default default] 10.0.0.216 "GET /v2.0/networks HTTP/1.1" status: 200 len: 2350 time: 0.0605116
2026-06-28 20:53:55.870 10 INFO neutron.wsgi [-] 10.0.0.70 "GET / HTTP/1.1" status: 200 len: 247 time: 0.0017066
2026-06-28 20:53:55.872 9 INFO neutron.wsgi [-] 10.0.0.70 "GET / HTTP/1.1" status: 200 len: 247 time: 0.0027654
2026-06-28 20:54:10.873 9 INFO neutron.wsgi [-] 10.0.0.70 "GET / HTTP/1.1" status: 200 len: 247 time: 0.0054514
2026-06-28 20:54:10.877 9 INFO neutron.wsgi [-] 10.0.0.70 "GET / HTTP/1.1" status: 200 len: 247 time: 0.0023556
2026-06-28 20:54:25.870 10 INFO neutron.wsgi [-] 10.0.0.70 "GET / HTTP/1.1" status: 200 len: 247 time: 0.0021708
2026-06-28 20:54:25.871 9 INFO neutron.wsgi [-] 10.0.0.70 "GET / HTTP/1.1" status: 200 len: 247 time: 0.0028560
2026-06-28 20:54:40.871 9 INFO neutron.wsgi [-] 10.0.0.70 "GET / HTTP/1.1" status: 200 len: 247 time: 0.0024841
2026-06-28 20:54:40.874 9 INFO neutron.wsgi [-] 10.0.0.70 "GET / HTTP/1.1" status: 200 len: 247 time: 0.0014234
2026-06-28 20:54:53.203 9 INFO neutron.wsgi [None req-7788dbe4-bc4d-47ba-b639-8c0c661c8978 7158a4343b1644bca570133cdab81c48 27b21ca08bc649258cc31d37fbe6fa54 - - default default] 10.0.0.216 "GET /v2.0/ports HTTP/1.1" status: 200 len: 5255 time: 0.1733263
2026-06-28 20:54:53.217 9 INFO neutron.wsgi [None req-23e1622e-ec4d-4404-895d-73b43ec2c283 7158a4343b1644bca570133cdab81c48 27b21ca08bc649258cc31d37fbe6fa54 - - default default] 10.0.0.216 "GET /v2.0/network-ip-availabilities HTTP/1.1" status: 200 len: 1280 time: 0.0101171
2026-06-28 20:54:53.241 9 INFO neutron.wsgi [None req-14ad5c68-6609-408f-a108-dc8f944db289 7158a4343b1644bca570133cdab81c48 27b21ca08bc649258cc31d37fbe6fa54 - - default default] 10.0.0.216 "GET /v2.0/agents HTTP/1.1" status: 200 len: 997 time: 0.0234511
2026-06-28 20:54:53.262 9 INFO neutron.wsgi [None req-a5d20654-4f9a-4cde-b6e2-432746f1cb6c 7158a4343b1644bca570133cdab81c48 27b21ca08bc649258cc31d37fbe6fa54 - - default default] 10.0.0.216 "GET /v2.0/floatingips HTTP/1.1" status: 200 len: 193 time: 0.0195343
2026-06-28 20:54:53.291 9 INFO neutron.wsgi [None req-04d4f267-6923-44f6-a030-b5eab06e053e 7158a4343b1644bca570133cdab81c48 27b21ca08bc649258cc31d37fbe6fa54 - - default default] 10.0.0.216 "GET /v2.0/subnets HTTP/1.1" status: 200 len: 1437 time: 0.0272021
2026-06-28 20:54:53.319 9 INFO neutron.wsgi [None req-57446a27-ff50-4531-a9a3-ca20ec3ca414 7158a4343b1644bca570133cdab81c48 27b21ca08bc649258cc31d37fbe6fa54 - - default default] 10.0.0.216 "GET /v2.0/routers HTTP/1.1" status: 200 len: 189 time: 0.0263886
2026-06-28 20:54:53.332 9 INFO neutron.wsgi [None req-035aa5a6-8492-4437-9f6b-8abd958eefef 7158a4343b1644bca570133cdab81c48 27b21ca08bc649258cc31d37fbe6fa54 - - default default] 10.0.0.216 "GET /v2.0/agents?binary=ovn-controller HTTP/1.1" status: 200 len: 591 time: 0.0120280
2026-06-28 20:54:53.364 9 INFO neutron.wsgi [None req-83cc98c3-16fd-4c3d-a053-8b2627acf2d4 7158a4343b1644bca570133cdab81c48 27b21ca08bc649258cc31d37fbe6fa54 - - default default] 10.0.0.216 "GET /v2.0/subnets HTTP/1.1" status: 200 len: 1437 time: 0.0311866
2026-06-28 20:54:53.376 9 INFO neutron.wsgi [None req-97496312-08e4-4afe-bf2f-479114cad075 7158a4343b1644bca570133cdab81c48 27b21ca08bc649258cc31d37fbe6fa54 - - default default] 10.0.0.216 "GET /v2.0/subnetpools HTTP/1.1" status: 200 len: 193 time: 0.0105405
2026-06-28 20:54:53.431 9 INFO neutron.wsgi [None req-a2e382b4-fbde-47ad-ba0b-bc2a0762894d 7158a4343b1644bca570133cdab81c48 27b21ca08bc649258cc31d37fbe6fa54 - - default default] 10.0.0.216 "GET /v2.0/networks HTTP/1.1" status: 200 len: 2350 time: 0.0541444
2026-06-28 20:54:53.495 9 INFO neutron.wsgi [None req-1dad46ef-e33b-4394-adfe-69645316c45a 7158a4343b1644bca570133cdab81c48 27b21ca08bc649258cc31d37fbe6fa54 - - default default] 10.0.0.216 "GET /v2.0/security-groups HTTP/1.1" status: 200 len: 16803 time: 0.0616875
2026-06-28 20:54:55.871 10 INFO neutron.wsgi [-] 10.0.0.70 "GET / HTTP/1.1" status: 200 len: 247 time: 0.0024700
2026-06-28 20:54:55.871 9 INFO neutron.wsgi [-] 10.0.0.70 "GET / HTTP/1.1" status: 200 len: 247 time: 0.0027230
2026-06-28 20:55:10.870 9 INFO neutron.wsgi [-] 10.0.0.70 "GET / HTTP/1.1" status: 200 len: 247 time: 0.0018947
2026-06-28 20:55:10.871 10 INFO neutron.wsgi [-] 10.0.0.70 "GET / HTTP/1.1" status: 200 len: 247 time: 0.0026379
2026-06-28 20:55:25.871 9 INFO neutron.wsgi [-] 10.0.0.70 "GET / HTTP/1.1" status: 200 len: 247 time: 0.0024061
2026-06-28 20:55:25.876 10 INFO neutron.wsgi [-] 10.0.0.70 "GET / HTTP/1.1" status: 200 len: 247 time: 0.0060091
2026-06-28 20:55:40.873 9 INFO neutron.wsgi [-] 10.0.0.70 "GET / HTTP/1.1" status: 200 len: 247 time: 0.0033441
2026-06-28 20:55:40.877 9 INFO neutron.wsgi [-] 10.0.0.70 "GET / HTTP/1.1" status: 200 len: 247 time: 0.0026257
2026-06-28 20:55:53.092 9 INFO neutron.wsgi [None req-82d29321-3e9c-4382-9203-957cabff546f 7158a4343b1644bca570133cdab81c48 27b21ca08bc649258cc31d37fbe6fa54 - - default default] 10.0.0.216 "GET /v2.0/subnets HTTP/1.1" status: 200 len: 1437 time: 0.0792985
2026-06-28 20:55:53.136 9 INFO neutron.wsgi [None req-4d51268b-24d3-49c4-92cc-f0cbe60ec6ed 7158a4343b1644bca570133cdab81c48 27b21ca08bc649258cc31d37fbe6fa54 - - default default] 10.0.0.216 "GET /v2.0/ports HTTP/1.1" status: 200 len: 5255 time: 0.0409577
2026-06-28 20:55:53.169 9 INFO neutron.wsgi [None req-a3b1e15f-95e6-4f1a-ac52-8ca82b9e0e81 7158a4343b1644bca570133cdab81c48 27b21ca08bc649258cc31d37fbe6fa54 - - default default] 10.0.0.216 "GET /v2.0/subnets HTTP/1.1" status: 200 len: 1437 time: 0.0284152
2026-06-28 20:55:53.180 9 INFO neutron.wsgi [None req-42fc5d41-838b-43ec-800e-ca4a353f2ac0 7158a4343b1644bca570133cdab81c48 27b21ca08bc649258cc31d37fbe6fa54 - - default default] 10.0.0.216 "GET /v2.0/subnetpools HTTP/1.1" status: 200 len: 193 time: 0.0099273
2026-06-28 20:55:53.209 9 INFO neutron.wsgi [None req-fdacff96-8a43-4c20-aac4-3aba9847752f 7158a4343b1644bca570133cdab81c48 27b21ca08bc649258cc31d37fbe6fa54 - - default default] 10.0.0.216 "GET /v2.0/routers HTTP/1.1" status: 200 len: 189 time: 0.0285842
2026-06-28 20:55:53.247 9 INFO neutron.wsgi [None req-1121daa5-f3d4-4f0c-9a21-85a84ab8f34d 7158a4343b1644bca570133cdab81c48 27b21ca08bc649258cc31d37fbe6fa54 - - default default] 10.0.0.216 "GET /v2.0/agents?binary=ovn-controller HTTP/1.1" status: 200 len: 591 time: 0.0378208
2026-06-28 20:55:53.306 9 INFO neutron.wsgi [None req-9970a5e9-38e7-4fd3-8080-6436dea7ea89 7158a4343b1644bca570133cdab81c48 27b21ca08bc649258cc31d37fbe6fa54 - - default default] 10.0.0.216 "GET /v2.0/networks HTTP/1.1" status: 200 len: 2350 time: 0.0567307
2026-06-28 20:55:53.320 9 INFO neutron.wsgi [None req-af80e6e1-000b-4c3b-a387-1cf600a0fad0 7158a4343b1644bca570133cdab81c48 27b21ca08bc649258cc31d37fbe6fa54 - - default default] 10.0.0.216 "GET /v2.0/network-ip-availabilities HTTP/1.1" status: 200 len: 1280 time: 0.0118158
2026-06-28 20:55:53.392 9 INFO neutron.wsgi [None req-9723b53e-ebac-4bf0-8e3c-bda1e48977cb 7158a4343b1644bca570133cdab81c48 27b21ca08bc649258cc31d37fbe6fa54 - - default default] 10.0.0.216 "GET /v2.0/security-groups HTTP/1.1" status: 200 len: 16803 time: 0.0709507
2026-06-28 20:55:53.410 9 INFO neutron.wsgi [None req-2849e705-1480-4e3f-9da8-c0ebd59e6010 7158a4343b1644bca570133cdab81c48 27b21ca08bc649258cc31d37fbe6fa54 - - default default] 10.0.0.216 "GET /v2.0/agents HTTP/1.1" status: 200 len: 997 time: 0.0121970
2026-06-28 20:55:53.429 9 INFO neutron.wsgi [None req-bd6041ca-3d8c-4920-a652-d2a0695b844e 7158a4343b1644bca570133cdab81c48 27b21ca08bc649258cc31d37fbe6fa54 - - default default] 10.0.0.216 "GET /v2.0/floatingips HTTP/1.1" status: 200 len: 193 time: 0.0181210
2026-06-28 20:55:55.871 10 INFO neutron.wsgi [-] 10.0.0.70 "GET / HTTP/1.1" status: 200 len: 247 time: 0.0025907
2026-06-28 20:55:55.871 9 INFO neutron.wsgi [-] 10.0.0.70 "GET / HTTP/1.1" status: 200 len: 247 time: 0.0025909
2026-06-28 20:56:10.876 10 INFO neutron.wsgi [-] 10.0.0.70 "GET / HTTP/1.1" status: 200 len: 247 time: 0.0069661
2026-06-28 20:56:10.878 10 INFO neutron.wsgi [-] 10.0.0.70 "GET / HTTP/1.1" status: 200 len: 247 time: 0.0012674
2026-06-28 20:56:25.870 10 INFO neutron.wsgi [-] 10.0.0.70 "GET / HTTP/1.1" status: 200 len: 247 time: 0.0018275
2026-06-28 20:56:25.870 9 INFO neutron.wsgi [-] 10.0.0.70 "GET / HTTP/1.1" status: 200 len: 247 time: 0.0019438
2026-06-28 20:56:40.873 9 INFO neutron.wsgi [-] 10.0.0.70 "GET / HTTP/1.1" status: 200 len: 247 time: 0.0038705
2026-06-28 20:56:40.956 10 INFO neutron.wsgi [-] 10.0.0.70 "GET / HTTP/1.1" status: 200 len: 247 time: 0.0869687
2026-06-28 20:56:53.069 9 INFO neutron.wsgi [None req-be6326c6-1b32-414c-b512-6928fedeaf5d 7158a4343b1644bca570133cdab81c48 27b21ca08bc649258cc31d37fbe6fa54 - - default default] 10.0.0.216 "GET /v2.0/network-ip-availabilities HTTP/1.1" status: 200 len: 1280 time: 0.0557244
2026-06-28 20:56:53.096 9 INFO neutron.wsgi [None req-b339058e-f591-44f5-9740-81551f51c9e2 7158a4343b1644bca570133cdab81c48 27b21ca08bc649258cc31d37fbe6fa54 - - default default] 10.0.0.216 "GET /v2.0/subnets HTTP/1.1" status: 200 len: 1437 time: 0.0259032
2026-06-28 20:56:53.106 9 INFO neutron.wsgi [None req-7ee260e1-f12f-4af3-9058-3fc4c817de08 7158a4343b1644bca570133cdab81c48 27b21ca08bc649258cc31d37fbe6fa54 - - default default] 10.0.0.216 "GET /v2.0/subnetpools HTTP/1.1" status: 200 len: 193 time: 0.0089898
2026-06-28 20:56:53.127 9 INFO neutron.wsgi [None req-d720e50f-71ae-4f68-9cc3-43b3dfbf93f4 7158a4343b1644bca570133cdab81c48 27b21ca08bc649258cc31d37fbe6fa54 - - default default] 10.0.0.216 "GET /v2.0/floatingips HTTP/1.1" status: 200 len: 193 time: 0.0208614
2026-06-28 20:56:53.157 9 INFO neutron.wsgi [None req-87272a1e-9018-4d8f-b4d8-4eb7b69fa026 7158a4343b1644bca570133cdab81c48 27b21ca08bc649258cc31d37fbe6fa54 - - default default] 10.0.0.216 "GET /v2.0/agents HTTP/1.1" status: 200 len: 997 time: 0.0290394
2026-06-28 20:56:53.189 9 INFO neutron.wsgi [None req-cb0671bf-8e03-4cf3-a498-d013aef25ba0 7158a4343b1644bca570133cdab81c48 27b21ca08bc649258cc31d37fbe6fa54 - - default default] 10.0.0.216 "GET /v2.0/subnets HTTP/1.1" status: 200 len: 1437 time: 0.0313897
2026-06-28 20:56:53.229 9 INFO neutron.wsgi [None req-e4805949-9f4a-4dca-a6a8-2981d8febdf5 7158a4343b1644bca570133cdab81c48 27b21ca08bc649258cc31d37fbe6fa54 - - default default] 10.0.0.216 "GET /v2.0/ports HTTP/1.1" status: 200 len: 5255 time: 0.0387309
2026-06-28 20:56:53.258 9 INFO neutron.wsgi [None req-7726aa84-5232-43f8-8319-c36622e1f8af 7158a4343b1644bca570133cdab81c48 27b21ca08bc649258cc31d37fbe6fa54 - - default default] 10.0.0.216 "GET /v2.0/routers HTTP/1.1" status: 200 len: 189 time: 0.0248754
2026-06-28 20:56:53.269 9 INFO neutron.wsgi [None req-119ca201-9206-45c3-983b-5a2b448392b1 7158a4343b1644bca570133cdab81c48 27b21ca08bc649258cc31d37fbe6fa54 - - default default] 10.0.0.216 "GET /v2.0/agents?binary=ovn-controller HTTP/1.1" status: 200 len: 591 time: 0.0104561
2026-06-28 20:56:53.322 9 INFO neutron.wsgi [None req-a265c2ce-a338-4535-858d-98c286dd29b2 7158a4343b1644bca570133cdab81c48 27b21ca08bc649258cc31d37fbe6fa54 - - default default] 10.0.0.216 "GET /v2.0/networks HTTP/1.1" status: 200 len: 2350 time: 0.0514576
2026-06-28 20:56:53.377 9 INFO neutron.wsgi [None req-ad2a14f7-c129-46d0-b4dc-6b20d8f14914 7158a4343b1644bca570133cdab81c48 27b21ca08bc649258cc31d37fbe6fa54 - - default default] 10.0.0.216 "GET /v2.0/security-groups HTTP/1.1" status: 200 len: 16803 time: 0.0526745
2026-06-28 20:56:55.871 9 INFO neutron.wsgi [-] 10.0.0.70 "GET / HTTP/1.1" status: 200 len: 247 time: 0.0024500
2026-06-28 20:56:55.872 10 INFO neutron.wsgi [-] 10.0.0.70 "GET / HTTP/1.1" status: 200 len: 247 time: 0.0030572
2026-06-28 20:57:10.870 10 INFO neutron.wsgi [-] 10.0.0.70 "GET / HTTP/1.1" status: 200 len: 247 time: 0.0019860
2026-06-28 20:57:10.872 10 INFO neutron.wsgi [-] 10.0.0.70 "GET / HTTP/1.1" status: 200 len: 247 time: 0.0013881
2026-06-28 20:57:25.871 9 INFO neutron.wsgi [-] 10.0.0.70 "GET / HTTP/1.1" status: 200 len: 247 time: 0.0027380
2026-06-28 20:57:25.871 10 INFO neutron.wsgi [-] 10.0.0.70 "GET / HTTP/1.1" status: 200 len: 247 time: 0.0025883
2026-06-28 20:57:40.871 10 INFO neutron.wsgi [-] 10.0.0.70 "GET / HTTP/1.1" status: 200 len: 247 time: 0.0019271
2026-06-28 20:57:40.874 10 INFO neutron.wsgi [-] 10.0.0.70 "GET / HTTP/1.1" status: 200 len: 247 time: 0.0019810
2026-06-28 20:57:53.100 9 INFO neutron.wsgi [None req-55d938ef-fa9e-4694-97a2-3f05ac071f24 7158a4343b1644bca570133cdab81c48 27b21ca08bc649258cc31d37fbe6fa54 - - default default] 10.0.0.216 "GET /v2.0/agents HTTP/1.1" status: 200 len: 997 time: 0.1012452
2026-06-28 20:57:53.135 9 INFO neutron.wsgi [None req-8cf65d69-5410-4513-b19e-1e528068999c 7158a4343b1644bca570133cdab81c48 27b21ca08bc649258cc31d37fbe6fa54 - - default default] 10.0.0.216 "GET /v2.0/subnets HTTP/1.1" status: 200 len: 1437 time: 0.0338366
2026-06-28 20:57:53.146 9 INFO neutron.wsgi [None req-93d45004-9492-4a47-bcce-09cc99d93fca 7158a4343b1644bca570133cdab81c48 27b21ca08bc649258cc31d37fbe6fa54 - - default default] 10.0.0.216 "GET /v2.0/subnetpools HTTP/1.1" status: 200 len: 193 time: 0.0094192
2026-06-28 20:57:53.193 9 INFO neutron.wsgi [None req-cad64381-480a-4f94-8bc7-d70fc292023c 7158a4343b1644bca570133cdab81c48 27b21ca08bc649258cc31d37fbe6fa54 - - default default] 10.0.0.216 "GET /v2.0/networks HTTP/1.1" status: 200 len: 2350 time: 0.0462091
2026-06-28 20:57:53.241 9 INFO neutron.wsgi [None req-351ea4d8-7b55-45e2-9706-ea5d5c8337be 7158a4343b1644bca570133cdab81c48 27b21ca08bc649258cc31d37fbe6fa54 - - default default] 10.0.0.216 "GET /v2.0/security-groups HTTP/1.1" status: 200 len: 16803 time: 0.0460782
2026-06-28 20:57:53.274 9 INFO neutron.wsgi [None req-88c9fbba-4d13-4316-831f-c93381b83f4d 7158a4343b1644bca570133cdab81c48 27b21ca08bc649258cc31d37fbe6fa54 - - default default] 10.0.0.216 "GET /v2.0/routers HTTP/1.1" status: 200 len: 189 time: 0.0257108
2026-06-28 20:57:53.287 9 INFO neutron.wsgi [None req-b97220d2-b856-4576-a439-a4e59229047c 7158a4343b1644bca570133cdab81c48 27b21ca08bc649258cc31d37fbe6fa54 - - default default] 10.0.0.216 "GET /v2.0/agents?binary=ovn-controller HTTP/1.1" status: 200 len: 591 time: 0.0126028
2026-06-28 20:57:53.318 9 INFO neutron.wsgi [None req-49dd0c38-f716-495e-adca-ff9a4cb5650b 7158a4343b1644bca570133cdab81c48 27b21ca08bc649258cc31d37fbe6fa54 - - default default] 10.0.0.216 "GET /v2.0/ports HTTP/1.1" status: 200 len: 5255 time: 0.0293312
2026-06-28 20:57:53.330 9 INFO neutron.wsgi [None req-10f8d09f-10ef-4298-bfb7-904ae08737a8 7158a4343b1644bca570133cdab81c48 27b21ca08bc649258cc31d37fbe6fa54 - - default default] 10.0.0.216 "GET /v2.0/network-ip-availabilities HTTP/1.1" status: 200 len: 1280 time: 0.0086732
2026-06-28 20:57:53.350 9 INFO neutron.wsgi [None req-c46b93b2-c7c0-4903-b39b-0e0715090363 7158a4343b1644bca570133cdab81c48 27b21ca08bc649258cc31d37fbe6fa54 - - default default] 10.0.0.216 "GET /v2.0/floatingips HTTP/1.1" status: 200 len: 193 time: 0.0195556
2026-06-28 20:57:53.380 9 INFO neutron.wsgi [None req-693afa51-e40b-45ef-a7c2-bd9f64c94b5d 7158a4343b1644bca570133cdab81c48 27b21ca08bc649258cc31d37fbe6fa54 - - default default] 10.0.0.216 "GET /v2.0/subnets HTTP/1.1" status: 200 len: 1437 time: 0.0292163
2026-06-28 20:57:55.871 9 INFO neutron.wsgi [-] 10.0.0.70 "GET / HTTP/1.1" status: 200 len: 247 time: 0.0029953
2026-06-28 20:57:55.871 10 INFO neutron.wsgi [-] 10.0.0.70 "GET / HTTP/1.1" status: 200 len: 247 time: 0.0032711
2026-06-28 20:58:10.871 9 INFO neutron.wsgi [-] 10.0.0.70 "GET / HTTP/1.1" status: 200 len: 247 time: 0.0016601
2026-06-28 20:58:10.873 10 INFO neutron.wsgi [-] 10.0.0.70 "GET / HTTP/1.1" status: 200 len: 247 time: 0.0037403
2026-06-28 20:58:25.871 9 INFO neutron.wsgi [-] 10.0.0.70 "GET / HTTP/1.1" status: 200 len: 247 time: 0.0023057
2026-06-28 20:58:25.872 10 INFO neutron.wsgi [-] 10.0.0.70 "GET / HTTP/1.1" status: 200 len: 247 time: 0.0031893
2026-06-28 20:58:40.871 10 INFO neutron.wsgi [-] 10.0.0.70 "GET / HTTP/1.1" status: 200 len: 247 time: 0.0020809
2026-06-28 20:58:40.874 10 INFO neutron.wsgi [-] 10.0.0.70 "GET / HTTP/1.1" status: 200 len: 247 time: 0.0019367
2026-06-28 20:58:53.198 9 INFO neutron.wsgi [None req-cb5d9bda-52f8-4e9e-bf3f-02a062ad2d55 7158a4343b1644bca570133cdab81c48 27b21ca08bc649258cc31d37fbe6fa54 - - default default] 10.0.0.216 "GET /v2.0/routers HTTP/1.1" status: 200 len: 189 time: 0.1277940
2026-06-28 20:58:53.237 9 INFO neutron.wsgi [None req-a232091e-7e0b-4838-b636-c9a66ade1542 7158a4343b1644bca570133cdab81c48 27b21ca08bc649258cc31d37fbe6fa54 - - default default] 10.0.0.216 "GET /v2.0/agents?binary=ovn-controller HTTP/1.1" status: 200 len: 591 time: 0.0388331
2026-06-28 20:58:53.249 9 INFO neutron.wsgi [None req-599f6e48-0278-4ae8-90d6-cac11389c531 7158a4343b1644bca570133cdab81c48 27b21ca08bc649258cc31d37fbe6fa54 - - default default] 10.0.0.216 "GET /v2.0/agents HTTP/1.1" status: 200 len: 997 time: 0.0110297
2026-06-28 20:58:53.293 9 INFO neutron.wsgi [None req-e344e47f-88a3-4a09-81f8-6f9cf1d830ee 7158a4343b1644bca570133cdab81c48 27b21ca08bc649258cc31d37fbe6fa54 - - default default] 10.0.0.216 "GET /v2.0/ports HTTP/1.1" status: 200 len: 5255 time: 0.0400250
2026-06-28 20:58:53.369 9 INFO neutron.wsgi [None req-69aaa24b-5204-4ead-9024-d62587f4e86f 7158a4343b1644bca570133cdab81c48 27b21ca08bc649258cc31d37fbe6fa54 - - default default] 10.0.0.216 "GET /v2.0/networks HTTP/1.1" status: 200 len: 2350 time: 0.0723097
2026-06-28 20:58:53.413 9 INFO neutron.wsgi [None req-98864692-9161-4fbb-b2db-7a06064eaa00 7158a4343b1644bca570133cdab81c48 27b21ca08bc649258cc31d37fbe6fa54 - - default default] 10.0.0.216 "GET /v2.0/security-groups HTTP/1.1" status: 200 len: 16803 time: 0.0420120
2026-06-28 20:58:53.442 9 INFO neutron.wsgi [None req-c2effeb3-e620-4014-a26d-afde2ec703c0 7158a4343b1644bca570133cdab81c48 27b21ca08bc649258cc31d37fbe6fa54 - - default default] 10.0.0.216 "GET /v2.0/subnets HTTP/1.1" status: 200 len: 1437 time: 0.0241220
2026-06-28 20:58:53.451 9 INFO neutron.wsgi [None req-3dbcb832-10ed-4954-b9c8-9b78b89faaed 7158a4343b1644bca570133cdab81c48 27b21ca08bc649258cc31d37fbe6fa54 - - default default] 10.0.0.216 "GET /v2.0/subnetpools HTTP/1.1" status: 200 len: 193 time: 0.0081728
2026-06-28 20:58:53.468 9 INFO neutron.wsgi [None req-202de3f4-6380-4cea-b340-655835c3e5cb 7158a4343b1644bca570133cdab81c48 27b21ca08bc649258cc31d37fbe6fa54 - - default default] 10.0.0.216 "GET /v2.0/floatingips HTTP/1.1" status: 200 len: 193 time: 0.0159378
2026-06-28 20:58:53.492 9 INFO neutron.wsgi [None req-149a6101-770a-4067-99b3-8af53a013e92 7158a4343b1644bca570133cdab81c48 27b21ca08bc649258cc31d37fbe6fa54 - - default default] 10.0.0.216 "GET /v2.0/subnets HTTP/1.1" status: 200 len: 1437 time: 0.0231116
2026-06-28 20:58:53.501 9 INFO neutron.wsgi [None req-5108fcf4-b2d2-4c01-becd-999cf97655e5 7158a4343b1644bca570133cdab81c48 27b21ca08bc649258cc31d37fbe6fa54 - - default default] 10.0.0.216 "GET /v2.0/network-ip-availabilities HTTP/1.1" status: 200 len: 1280 time: 0.0081615
2026-06-28 20:58:55.871 9 INFO neutron.wsgi [-] 10.0.0.70 "GET / HTTP/1.1" status: 200 len: 247 time: 0.0025287
2026-06-28 20:58:55.874 10 INFO neutron.wsgi [-] 10.0.0.70 "GET / HTTP/1.1" status: 200 len: 247 time: 0.0057385
2026-06-28 20:59:10.872 9 INFO neutron.wsgi [-] 10.0.0.70 "GET / HTTP/1.1" status: 200 len: 247 time: 0.0029092
2026-06-28 20:59:10.872 10 INFO neutron.wsgi [-] 10.0.0.70 "GET / HTTP/1.1" status: 200 len: 247 time: 0.0035567
2026-06-28 20:59:25.870 9 INFO neutron.wsgi [-] 10.0.0.70 "GET / HTTP/1.1" status: 200 len: 247 time: 0.0017302
2026-06-28 20:59:25.871 10 INFO neutron.wsgi [-] 10.0.0.70 "GET / HTTP/1.1" status: 200 len: 247 time: 0.0026586
2026-06-28 20:59:40.871 10 INFO neutron.wsgi [-] 10.0.0.70 "GET / HTTP/1.1" status: 200 len: 247 time: 0.0027049
2026-06-28 20:59:40.871 9 INFO neutron.wsgi [-] 10.0.0.70 "GET / HTTP/1.1" status: 200 len: 247 time: 0.0026791
2026-06-28 20:59:53.160 9 INFO neutron.wsgi [None req-aba81e87-c17a-4736-b9e9-d125e778b9a0 7158a4343b1644bca570133cdab81c48 27b21ca08bc649258cc31d37fbe6fa54 - - default default] 10.0.0.216 "GET /v2.0/ports HTTP/1.1" status: 200 len: 5255 time: 0.0849290
2026-06-28 20:59:53.193 9 INFO neutron.wsgi [None req-7134fd25-c5ce-43bd-b5b6-cd8678e369d4 7158a4343b1644bca570133cdab81c48 27b21ca08bc649258cc31d37fbe6fa54 - - default default] 10.0.0.216 "GET /v2.0/subnets HTTP/1.1" status: 200 len: 1437 time: 0.0292673
2026-06-28 20:59:53.302 9 INFO neutron.wsgi [None req-2b8b962d-3b34-40d9-831d-6b22422e4922 7158a4343b1644bca570133cdab81c48 27b21ca08bc649258cc31d37fbe6fa54 - - default default] 10.0.0.216 "GET /v2.0/floatingips HTTP/1.1" status: 200 len: 193 time: 0.1084919
2026-06-28 20:59:53.360 9 INFO neutron.wsgi [None req-c680a5a9-c7c7-4342-a92e-8f0591e61a3d 7158a4343b1644bca570133cdab81c48 27b21ca08bc649258cc31d37fbe6fa54 - - default default] 10.0.0.216 "GET /v2.0/networks HTTP/1.1" status: 200 len: 2350 time: 0.0566738
2026-06-28 20:59:53.446 9 INFO neutron.wsgi [None req-a607f800-4c8e-4c66-af99-92f496b2dacf 7158a4343b1644bca570133cdab81c48 27b21ca08bc649258cc31d37fbe6fa54 - - default default] 10.0.0.216 "GET /v2.0/security-groups HTTP/1.1" status: 200 len: 16803 time: 0.0840926
2026-06-28 20:59:53.465 9 INFO neutron.wsgi [None req-8da4e4b8-7b9e-4ecb-b343-adaf1ec2332a 7158a4343b1644bca570133cdab81c48 27b21ca08bc649258cc31d37fbe6fa54 - - default default] 10.0.0.216 "GET /v2.0/network-ip-availabilities HTTP/1.1" status: 200 len: 1280 time: 0.0123453
2026-06-28 20:59:53.496 9 INFO neutron.wsgi [None req-1565903e-e594-4e6c-b779-c288e604b309 7158a4343b1644bca570133cdab81c48 27b21ca08bc649258cc31d37fbe6fa54 - - default default] 10.0.0.216 "GET /v2.0/subnets HTTP/1.1" status: 200 len: 1437 time: 0.0294495
2026-06-28 20:59:53.508 9 INFO neutron.wsgi [None req-a8ac7e70-e1a8-446b-af2d-c9d6bdf4e4ed 7158a4343b1644bca570133cdab81c48 27b21ca08bc649258cc31d37fbe6fa54 - - default default] 10.0.0.216 "GET /v2.0/subnetpools HTTP/1.1" status: 200 len: 193 time: 0.0110731
2026-06-28 20:59:53.532 9 INFO neutron.wsgi [None req-6c1b6c84-4faf-47cc-89a7-97c825564c2a 7158a4343b1644bca570133cdab81c48 27b21ca08bc649258cc31d37fbe6fa54 - - default default] 10.0.0.216 "GET /v2.0/routers HTTP/1.1" status: 200 len: 189 time: 0.0229406
2026-06-28 20:59:53.567 9 INFO neutron.wsgi [None req-c50986f4-7970-43c1-b488-088aeb50b382 7158a4343b1644bca570133cdab81c48 27b21ca08bc649258cc31d37fbe6fa54 - - default default] 10.0.0.216 "GET /v2.0/agents?binary=ovn-controller HTTP/1.1" status: 200 len: 591 time: 0.0342422
2026-06-28 20:59:53.584 9 INFO neutron.wsgi [None req-f7d7e6d1-9ec2-4cb5-a937-c29c3e74372b 7158a4343b1644bca570133cdab81c48 27b21ca08bc649258cc31d37fbe6fa54 - - default default] 10.0.0.216 "GET /v2.0/agents HTTP/1.1" status: 200 len: 997 time: 0.0158453
2026-06-28 20:59:55.872 10 INFO neutron.wsgi [-] 10.0.0.70 "GET / HTTP/1.1" status: 200 len: 247 time: 0.0026891
2026-06-28 20:59:55.872 9 INFO neutron.wsgi [-] 10.0.0.70 "GET / HTTP/1.1" status: 200 len: 247 time: 0.0026982
2026-06-28 21:00:10.871 10 INFO neutron.wsgi [-] 10.0.0.70 "GET / HTTP/1.1" status: 200 len: 247 time: 0.0028307
2026-06-28 21:00:10.872 9 INFO neutron.wsgi [-] 10.0.0.70 "GET / HTTP/1.1" status: 200 len: 247 time: 0.0028276
2026-06-28 21:00:25.870 9 INFO neutron.wsgi [-] 10.0.0.70 "GET / HTTP/1.1" status: 200 len: 247 time: 0.0019650
2026-06-28 21:00:25.873 10 INFO neutron.wsgi [-] 10.0.0.70 "GET / HTTP/1.1" status: 200 len: 247 time: 0.0039568
2026-06-28 21:00:40.871 10 INFO neutron.wsgi [-] 10.0.0.70 "GET / HTTP/1.1" status: 200 len: 247 time: 0.0027466
2026-06-28 21:00:40.871 9 INFO neutron.wsgi [-] 10.0.0.70 "GET / HTTP/1.1" status: 200 len: 247 time: 0.0030558
2026-06-28 21:00:41.223 10 INFO neutron.wsgi [None req-f6d1f4d9-1147-4421-9465-3f7ed3b9f078 7158a4343b1644bca570133cdab81c48 27b21ca08bc649258cc31d37fbe6fa54 - - default default] 199.19.213.60,10.0.0.70 "GET /v2.0/networks HTTP/1.1" status: 200 len: 2350 time: 0.1139519
2026-06-28 21:00:42.366 9 INFO neutron.wsgi [None req-2c8f84ab-d9cb-46d2-bb8e-247c0c3072e0 7158a4343b1644bca570133cdab81c48 27b21ca08bc649258cc31d37fbe6fa54 - - default default] 199.19.213.60,10.0.0.70 "GET /v2.0/subnets HTTP/1.1" status: 200 len: 1437 time: 0.0776184
2026-06-28 21:00:42.428 9 INFO neutron.wsgi [None req-c76244b3-ea33-4a2e-b4d3-a9267c864983 7158a4343b1644bca570133cdab81c48 27b21ca08bc649258cc31d37fbe6fa54 - - default default] 199.19.213.60,10.0.0.70 "GET /v2.0/networks HTTP/1.1" status: 200 len: 2350 time: 0.0554616
2026-06-28 21:00:53.175 9 INFO neutron.wsgi [None req-e6e7959d-98e0-4d4b-a157-08dcb5523bb4 7158a4343b1644bca570133cdab81c48 27b21ca08bc649258cc31d37fbe6fa54 - - default default] 10.0.0.216 "GET /v2.0/ports HTTP/1.1" status: 200 len: 5255 time: 0.1257308
2026-06-28 21:00:53.205 9 INFO neutron.wsgi [None req-73cd3079-5f81-49df-8581-0804581fd9cc 7158a4343b1644bca570133cdab81c48 27b21ca08bc649258cc31d37fbe6fa54 - - default default] 10.0.0.216 "GET /v2.0/subnets HTTP/1.1" status: 200 len: 1437 time: 0.0274382
2026-06-28 21:00:53.216 9 INFO neutron.wsgi [None req-b35435e9-cccc-4fb2-94d7-06ec939599ed 7158a4343b1644bca570133cdab81c48 27b21ca08bc649258cc31d37fbe6fa54 - - default default] 10.0.0.216 "GET /v2.0/subnetpools HTTP/1.1" status: 200 len: 193 time: 0.0102720
2026-06-28 21:00:53.245 9 INFO neutron.wsgi [None req-932084de-68e4-499b-b725-2612345cbb53 7158a4343b1644bca570133cdab81c48 27b21ca08bc649258cc31d37fbe6fa54 - - default default] 10.0.0.216 "GET /v2.0/agents HTTP/1.1" status: 200 len: 997 time: 0.0283022
2026-06-28 21:00:53.276 9 INFO neutron.wsgi [None req-4b0182a3-d29d-460c-87d8-aeb82890aaef 7158a4343b1644bca570133cdab81c48 27b21ca08bc649258cc31d37fbe6fa54 - - default default] 10.0.0.216 "GET /v2.0/routers HTTP/1.1" status: 200 len: 189 time: 0.0297272
2026-06-28 21:00:53.285 9 INFO neutron.wsgi [None req-c27bc818-0fbe-41bf-b67f-36f802984228 7158a4343b1644bca570133cdab81c48 27b21ca08bc649258cc31d37fbe6fa54 - - default default] 10.0.0.216 "GET /v2.0/agents?binary=ovn-controller HTTP/1.1" status: 200 len: 591 time: 0.0088284
2026-06-28 21:00:53.304 9 INFO neutron.wsgi [None req-bb6137e7-d1e1-4918-9362-a8c5132f4d9d 7158a4343b1644bca570133cdab81c48 27b21ca08bc649258cc31d37fbe6fa54 - - default default] 10.0.0.216 "GET /v2.0/floatingips HTTP/1.1" status: 200 len: 193 time: 0.0174518
2026-06-28 21:00:53.361 9 INFO neutron.wsgi [None req-abf1d6d3-375f-4423-8f32-4bc560b1c8a5 7158a4343b1644bca570133cdab81c48 27b21ca08bc649258cc31d37fbe6fa54 - - default default] 10.0.0.216 "GET /v2.0/networks HTTP/1.1" status: 200 len: 2350 time: 0.0555425
2026-06-28 21:00:53.399 9 INFO neutron.wsgi [None req-c84f73fe-9c7b-4467-a25f-e928dec2e0ed 7158a4343b1644bca570133cdab81c48 27b21ca08bc649258cc31d37fbe6fa54 - - default default] 10.0.0.216 "GET /v2.0/subnets HTTP/1.1" status: 200 len: 1437 time: 0.0361319
2026-06-28 21:00:53.409 9 INFO neutron.wsgi [None req-218b1fe2-ff8a-4b87-aed5-6e64b02d8b7f 7158a4343b1644bca570133cdab81c48 27b21ca08bc649258cc31d37fbe6fa54 - - default default] 10.0.0.216 "GET /v2.0/network-ip-availabilities HTTP/1.1" status: 200 len: 1280 time: 0.0093207
2026-06-28 21:00:53.462 9 INFO neutron.wsgi [None req-2eb0b635-9607-4aac-a9ec-187782d3cf45 7158a4343b1644bca570133cdab81c48 27b21ca08bc649258cc31d37fbe6fa54 - - default default] 10.0.0.216 "GET /v2.0/security-groups HTTP/1.1" status: 200 len: 16803 time: 0.0521786
2026-06-28 21:00:55.870 10 INFO neutron.wsgi [-] 10.0.0.70 "GET / HTTP/1.1" status: 200 len: 247 time: 0.0020342
2026-06-28 21:00:55.870 9 INFO neutron.wsgi [-] 10.0.0.70 "GET / HTTP/1.1" status: 200 len: 247 time: 0.0024395
2026-06-28 21:01:10.870 9 INFO neutron.wsgi [-] 10.0.0.70 "GET / HTTP/1.1" status: 200 len: 247 time: 0.0025909
2026-06-28 21:01:10.871 10 INFO neutron.wsgi [-] 10.0.0.70 "GET / HTTP/1.1" status: 200 len: 247 time: 0.0029638
2026-06-28 21:01:21.114 9 INFO neutron.wsgi [None req-c86640dd-56b5-442e-b2a7-50f76da77218 7158a4343b1644bca570133cdab81c48 27b21ca08bc649258cc31d37fbe6fa54 - - default default] 199.19.213.60,10.0.0.70 "GET /v2.0/networks HTTP/1.1" status: 200 len: 2350 time: 0.1044087
2026-06-28 21:01:22.012 9 INFO neutron.wsgi [None req-db1590a9-bb11-49d1-8b92-8c7f5c4eb767 7158a4343b1644bca570133cdab81c48 27b21ca08bc649258cc31d37fbe6fa54 - - default default] 199.19.213.60,10.0.0.70 "GET /v2.0/subnets HTTP/1.1" status: 200 len: 1437 time: 0.0747068
2026-06-28 21:01:22.074 9 INFO neutron.wsgi [None req-5a6788a6-de69-4c7c-ba9f-de3ee898be52 7158a4343b1644bca570133cdab81c48 27b21ca08bc649258cc31d37fbe6fa54 - - default default] 199.19.213.60,10.0.0.70 "GET /v2.0/networks HTTP/1.1" status: 200 len: 2350 time: 0.0554829
2026-06-28 21:01:23.139 9 INFO neutron.wsgi [None req-c1d4149d-4a7e-4e7d-b56a-9249e75aab18 7158a4343b1644bca570133cdab81c48 27b21ca08bc649258cc31d37fbe6fa54 - - default default] 199.19.213.60,10.0.0.70 "GET /v2.0/security-groups?tenant_id=27b21ca08bc649258cc31d37fbe6fa54 HTTP/1.1" status: 200 len: 10161 time: 0.0778427
2026-06-28 21:01:24.255 9 INFO neutron.wsgi [None req-287c4e2b-7a78-43b2-95c7-9d9e8a13dfce 7158a4343b1644bca570133cdab81c48 27b21ca08bc649258cc31d37fbe6fa54 - - default default] 199.19.213.60,10.0.0.70 "GET /v2.0/security-groups?tenant_id=27b21ca08bc649258cc31d37fbe6fa54 HTTP/1.1" status: 200 len: 10161 time: 0.0825648
2026-06-28 21:01:25.089 10 INFO neutron.wsgi [None req-6423e5fe-0d37-4e85-b893-cecc3df7bf86 7158a4343b1644bca570133cdab81c48 27b21ca08bc649258cc31d37fbe6fa54 - - default default] 199.19.213.60,10.0.0.70 "GET /v2.0/security-groups?tenant_id=27b21ca08bc649258cc31d37fbe6fa54 HTTP/1.1" status: 200 len: 10161 time: 0.1028841
2026-06-28 21:01:25.872 9 INFO neutron.wsgi [-] 10.0.0.70 "GET / HTTP/1.1" status: 200 len: 247 time: 0.0020471
2026-06-28 21:01:25.872 10 INFO neutron.wsgi [-] 10.0.0.70 "GET / HTTP/1.1" status: 200 len: 247 time: 0.0026684
2026-06-28 21:01:25.917 10 INFO neutron.wsgi [None req-b01bdfec-15ac-4480-84cd-4d66cae20588 7158a4343b1644bca570133cdab81c48 27b21ca08bc649258cc31d37fbe6fa54 - - default default] 199.19.213.60,10.0.0.70 "GET /v2.0/security-groups?tenant_id=27b21ca08bc649258cc31d37fbe6fa54 HTTP/1.1" status: 200 len: 10161 time: 0.0898757
