2026-06-28 21:05:21.734 9 INFO neutron.wsgi [None req-34ecbb5c-14a9-44f2-9fdf-d34cf92d600e 9ff0d5e98a2845b08bbcc188757981cc 2e03f76e66d44a18b4c9808cd44e9582 - - - -] 10.0.0.202 "DELETE /v2.0/networks/ebc062ca-2cae-4ee7-bed2-ef64b264b144 HTTP/1.1" status: 204 len: 168 time: 0.5363593 /var/lib/openstack/lib/python3.10/site-packages/pycadf/identifier.py:71: UserWarning: Invalid uuid: neutron. To ensure interoperability, identifiers should be a valid uuid. warnings.warn(('Invalid uuid: %s. To ensure interoperability, '
2026-06-28 21:05:21.759 9 INFO neutron.wsgi [req-d4ab3f1a-1cb6-4da9-a826-8bc1ea7d6aca req-43512062-bf43-4231-b007-87c5f7fa2775 82ce2b17ad7c483bb375ab7fdb54e178 b2ccec05969646228fd870e66e36a077 - - default default] 10.0.0.184 "GET /v2.0/ports?device_id=4cf29c62-b71f-48bf-89bd-e92384ac00e6 HTTP/1.1" status: 200 len: 1170 time: 0.1182370
2026-06-28 21:05:21.872 10 INFO neutron.wsgi [req-07ad0105-618e-417b-a964-a456b9e1121f req-1f34bb39-a610-4b18-817d-bc7761fde92e 8e1bdbdf0b2d4629ae976e6e370567bd d5b618ee756f45ea822f05337c484cf1 - - 86e08e0233ff4bfda26ef76c9bfe5e40 86e08e0233ff4bfda26ef76c9bfe5e40] 10.0.0.78 "GET /v2.0/ports?device_id=62012fe5-1ad5-4905-8304-d641eedeb63d HTTP/1.1" status: 200 len: 1361 time: 0.1398053
2026-06-28 21:05:21.873 10 INFO neutron.db.ovn_revision_numbers_db [None req-7889ca78-895f-4d50-bbd4-b76bf7e92ca9 22e5db6ca5a44c068f83f0fef920bfd3 876db43e0d334581b398eb892f756604 - - - -] Successfully bumped revision number for resource 0da8f84f-f7d2-4def-b11a-01043b233d1e (type: ports) to 1
2026-06-28 21:05:22.107 10 INFO neutron.wsgi [None req-7889ca78-895f-4d50-bbd4-b76bf7e92ca9 22e5db6ca5a44c068f83f0fef920bfd3 876db43e0d334581b398eb892f756604 - - - -] 10.0.0.202 "POST /v2.0/ports HTTP/1.1" status: 201 len: 1157 time: 0.7831006
2026-06-28 21:05:22.148 10 INFO neutron.wsgi [req-07ad0105-618e-417b-a964-a456b9e1121f req-59366ccc-d4e5-40fc-9fcb-157ed73618d2 8e1bdbdf0b2d4629ae976e6e370567bd d5b618ee756f45ea822f05337c484cf1 - - 86e08e0233ff4bfda26ef76c9bfe5e40 86e08e0233ff4bfda26ef76c9bfe5e40] 10.0.0.78 "GET /v2.0/security-groups?id=dd81fd9b-53e4-4710-b27e-1f058ef04a0e&fields=id&fields=name HTTP/1.1" status: 200 len: 313 time: 0.2657800
2026-06-28 21:05:22.206 9 INFO neutron.db.l3_db [None req-1d2b9278-bb58-4cab-a231-925c80c99205 82ce2b17ad7c483bb375ab7fdb54e178 b2ccec05969646228fd870e66e36a077 - - - -] Floating IP 31c07ff2-8936-4c59-8dff-606c4814badc associated. External IP: 10.96.250.212, port: e6d2a5bb-b746-4015-b109-f98debd4c826.
2026-06-28 21:05:22.362 9 INFO neutron.db.ovn_revision_numbers_db [None req-1d2b9278-bb58-4cab-a231-925c80c99205 82ce2b17ad7c483bb375ab7fdb54e178 b2ccec05969646228fd870e66e36a077 - - - -] Successfully bumped revision number for resource 31c07ff2-8936-4c59-8dff-606c4814badc (type: floatingips) to 1
2026-06-28 21:05:22.435 10 INFO neutron.notifiers.nova [-] Nova event matching ['req-2b50cd24-aa7e-4b86-9fe2-da48f345f2f6'] response: {'server_uuid': '4cf29c62-b71f-48bf-89bd-e92384ac00e6', 'name': 'network-vif-plugged', 'status': 'completed', 'tag': 'e6d2a5bb-b746-4015-b109-f98debd4c826', 'code': 200}
2026-06-28 21:05:22.437 10 INFO neutron.services.segments.plugin [-] Segment da46050c-2c6f-40b9-ad30-c9dc0838df03 resource provider aggregate not found
2026-06-28 21:05:22.441 10 INFO neutron.services.segments.plugin [-] Segment da46050c-2c6f-40b9-ad30-c9dc0838df03 resource provider aggregate not found
2026-06-28 21:05:22.460 9 INFO neutron.db.ovn_revision_numbers_db [None req-1d2b9278-bb58-4cab-a231-925c80c99205 82ce2b17ad7c483bb375ab7fdb54e178 b2ccec05969646228fd870e66e36a077 - - - -] Successfully bumped revision number for resource 31c07ff2-8936-4c59-8dff-606c4814badc (type: floatingips) to 2
2026-06-28 21:05:22.473 10 INFO neutron.services.segments.plugin [-] Segment da46050c-2c6f-40b9-ad30-c9dc0838df03 resource provider not found; error: Placement Client Error (4xx): {"errors": [{"status": 404, "title": "Not Found", "detail": "The resource could not be found.\n\n No resource provider with uuid da46050c-2c6f-40b9-ad30-c9dc0838df03 found for delete ", "request_id": "req-827d9f42-307e-453b-ae0a-0e166c30f08a"}]}
2026-06-28 21:05:22.474 10 INFO neutron.services.segments.plugin [-] Segment da46050c-2c6f-40b9-ad30-c9dc0838df03 resource provider not found; error: Placement Client Error (4xx): {"errors": [{"status": 404, "title": "Not Found", "detail": "The resource could not be found.\n\n No resource provider with uuid da46050c-2c6f-40b9-ad30-c9dc0838df03 found for delete ", "request_id": "req-40b68359-faee-47d8-bc6c-4f3101305b57"}]}
2026-06-28 21:05:22.487 9 INFO neutron.wsgi [None req-1d2b9278-bb58-4cab-a231-925c80c99205 82ce2b17ad7c483bb375ab7fdb54e178 b2ccec05969646228fd870e66e36a077 - - - -] 10.0.0.202 "PUT /v2.0/floatingips/31c07ff2-8936-4c59-8dff-606c4814badc HTTP/1.1" status: 200 len: 1049 time: 0.7134919
2026-06-28 21:05:22.501 10 INFO neutron.wsgi [None req-ce7745bf-4900-452d-8d45-9610121fbbea 9ff0d5e98a2845b08bbcc188757981cc 2e03f76e66d44a18b4c9808cd44e9582 - - - -] 10.0.0.202 "DELETE /v2.0/networks/88e29e2a-daa7-456e-abaf-7f4fd6336775 HTTP/1.1" status: 204 len: 168 time: 0.7610364
2026-06-28 21:05:22.525 9 INFO neutron.notifiers.nova [-] Nova event matching ['req-6356c677-ca45-4b3f-b1e0-894058452e48'] response: {'name': 'network-changed', 'server_uuid': '4cf29c62-b71f-48bf-89bd-e92384ac00e6', 'tag': 'e6d2a5bb-b746-4015-b109-f98debd4c826', 'status': 'completed', 'code': 200}
2026-06-28 21:05:22.570 10 WARNING neutron.scheduler.dhcp_agent_scheduler [None req-ea27f8a7-4f86-4381-a82f-050a4f5c96a3 22e5db6ca5a44c068f83f0fef920bfd3 876db43e0d334581b398eb892f756604 - - - -] No more DHCP agents
2026-06-28 21:05:22.572 10 WARNING neutron.api.rpc.agentnotifiers.dhcp_rpc_agent_api [None req-ea27f8a7-4f86-4381-a82f-050a4f5c96a3 22e5db6ca5a44c068f83f0fef920bfd3 876db43e0d334581b398eb892f756604 - - - -] Unable to schedule network a98fc6f4-fe03-44f6-b0be-8134704ed8c2: no agents available; will retry on subsequent port and subnet creation events.
2026-06-28 21:05:22.615 9 INFO neutron.wsgi [req-3a7dac35-69c6-40bc-8106-b40546b5f158 req-22c25ae5-c8ec-4eb4-b973-1867d1040907 8e1bdbdf0b2d4629ae976e6e370567bd d5b618ee756f45ea822f05337c484cf1 - - 86e08e0233ff4bfda26ef76c9bfe5e40 86e08e0233ff4bfda26ef76c9bfe5e40] 199.19.213.60 "GET /v2.0/ports?tenant_id=b2ccec05969646228fd870e66e36a077&device_id=4cf29c62-b71f-48bf-89bd-e92384ac00e6 HTTP/1.1" status: 200 len: 1361 time: 0.0567975
2026-06-28 21:05:22.725 10 INFO neutron.db.ovn_revision_numbers_db [None req-ea27f8a7-4f86-4381-a82f-050a4f5c96a3 22e5db6ca5a44c068f83f0fef920bfd3 876db43e0d334581b398eb892f756604 - - - -] Successfully bumped revision number for resource f628681b-a847-4590-a1ed-a88e7685bb02 (type: ports) to 1
2026-06-28 21:05:22.728 9 INFO neutron.wsgi [req-3a7dac35-69c6-40bc-8106-b40546b5f158 req-e3a4b529-d4cf-46e4-ae79-cc554ace2024 8e1bdbdf0b2d4629ae976e6e370567bd d5b618ee756f45ea822f05337c484cf1 - - 86e08e0233ff4bfda26ef76c9bfe5e40 86e08e0233ff4bfda26ef76c9bfe5e40] 199.19.213.60 "GET /v2.0/networks?id=e2ccddda-3750-4ba7-b084-dce5061b999a HTTP/1.1" status: 200 len: 972 time: 0.0931535
2026-06-28 21:05:22.750 10 INFO neutron.wsgi [None req-ea27f8a7-4f86-4381-a82f-050a4f5c96a3 22e5db6ca5a44c068f83f0fef920bfd3 876db43e0d334581b398eb892f756604 - - - -] 10.0.0.202 "POST /v2.0/ports HTTP/1.1" status: 201 len: 1154 time: 0.6253324 /var/lib/openstack/lib/python3.10/site-packages/pycadf/identifier.py:71: UserWarning: Invalid uuid: neutron. To ensure interoperability, identifiers should be a valid uuid. warnings.warn(('Invalid uuid: %s. To ensure interoperability, '
2026-06-28 21:05:22.799 9 INFO neutron.wsgi [req-3a7dac35-69c6-40bc-8106-b40546b5f158 req-37a313e4-c20e-44d2-8384-505af328be79 8e1bdbdf0b2d4629ae976e6e370567bd d5b618ee756f45ea822f05337c484cf1 - - 86e08e0233ff4bfda26ef76c9bfe5e40 86e08e0233ff4bfda26ef76c9bfe5e40] 199.19.213.60 "GET /v2.0/floatingips?fixed_ip_address=10.100.0.7&port_id=e6d2a5bb-b746-4015-b109-f98debd4c826 HTTP/1.1" status: 200 len: 1059 time: 0.0647621
2026-06-28 21:05:22.846 9 INFO neutron.wsgi [req-3a7dac35-69c6-40bc-8106-b40546b5f158 req-c3a7b753-1436-4b17-88ea-ad2af4a79394 8e1bdbdf0b2d4629ae976e6e370567bd d5b618ee756f45ea822f05337c484cf1 - - 86e08e0233ff4bfda26ef76c9bfe5e40 86e08e0233ff4bfda26ef76c9bfe5e40] 199.19.213.60 "GET /v2.0/subnets?id=8224f1c5-fae4-4b38-bd4f-9d324502005c HTTP/1.1" status: 200 len: 867 time: 0.0396993
2026-06-28 21:05:22.871 9 INFO neutron.wsgi [req-3a7dac35-69c6-40bc-8106-b40546b5f158 req-80634c5c-06a0-47ca-9d27-e40840851193 8e1bdbdf0b2d4629ae976e6e370567bd d5b618ee756f45ea822f05337c484cf1 - - 86e08e0233ff4bfda26ef76c9bfe5e40 86e08e0233ff4bfda26ef76c9bfe5e40] 199.19.213.60 "GET /v2.0/ports?network_id=e2ccddda-3750-4ba7-b084-dce5061b999a&device_owner=network%3Adhcp HTTP/1.1" status: 200 len: 210 time: 0.0172505
2026-06-28 21:05:22.949 9 INFO neutron.wsgi [req-3a7dac35-69c6-40bc-8106-b40546b5f158 req-b55587b3-f452-4a41-a6ab-bfb5714d87b1 8e1bdbdf0b2d4629ae976e6e370567bd d5b618ee756f45ea822f05337c484cf1 - - 86e08e0233ff4bfda26ef76c9bfe5e40 86e08e0233ff4bfda26ef76c9bfe5e40] 199.19.213.60 "GET /v2.0/networks/e2ccddda-3750-4ba7-b084-dce5061b999a?fields=segments HTTP/1.1" status: 200 len: 212 time: 0.0708394
2026-06-28 21:05:23.003 10 WARNING neutron.scheduler.dhcp_agent_scheduler [None req-b30a3820-52a5-4d1e-aaf9-1e4fbc573c4e 22e5db6ca5a44c068f83f0fef920bfd3 876db43e0d334581b398eb892f756604 - - - -] No more DHCP agents
2026-06-28 21:05:23.005 10 WARNING neutron.api.rpc.agentnotifiers.dhcp_rpc_agent_api [None req-b30a3820-52a5-4d1e-aaf9-1e4fbc573c4e 22e5db6ca5a44c068f83f0fef920bfd3 876db43e0d334581b398eb892f756604 - - - -] Unable to schedule network 91ce8d9f-625c-463c-b978-1a2031c7bcd1: no agents available; will retry on subsequent port and subnet creation events.
2026-06-28 21:05:23.028 9 INFO neutron.wsgi [req-3a7dac35-69c6-40bc-8106-b40546b5f158 req-d84ac2e8-8810-45d5-b51c-bc1357ff1242 8e1bdbdf0b2d4629ae976e6e370567bd d5b618ee756f45ea822f05337c484cf1 - - 86e08e0233ff4bfda26ef76c9bfe5e40 86e08e0233ff4bfda26ef76c9bfe5e40] 199.19.213.60 "GET /v2.0/networks/e2ccddda-3750-4ba7-b084-dce5061b999a?fields=provider%3Aphysical_network&fields=provider%3Anetwork_type HTTP/1.1" status: 200 len: 277 time: 0.0724177
2026-06-28 21:05:23.076 9 INFO neutron.wsgi [None req-fb7e506f-ec3d-4528-ac00-6ae0d8cdd3ba 9ff0d5e98a2845b08bbcc188757981cc 2e03f76e66d44a18b4c9808cd44e9582 - - - -] 10.0.0.202 "DELETE /v2.0/networks/3ee4c5e7-7170-4c5e-b721-7b4c7be3ad9a HTTP/1.1" status: 204 len: 168 time: 0.5712187
2026-06-28 21:05:23.506 10 INFO neutron.db.l3_db [None req-b30a3820-52a5-4d1e-aaf9-1e4fbc573c4e 22e5db6ca5a44c068f83f0fef920bfd3 876db43e0d334581b398eb892f756604 - - - -] Floating IP 9db4b4f1-cf14-49cd-bf07-a4fc3c18d4db associated. External IP: 10.96.250.208, port: f628681b-a847-4590-a1ed-a88e7685bb02.
2026-06-28 21:05:23.565 10 INFO neutron.wsgi [None req-56df90b8-7f4d-4b64-9176-ded20f09258a 9ff0d5e98a2845b08bbcc188757981cc 2e03f76e66d44a18b4c9808cd44e9582 - - - -] 10.0.0.202 "DELETE /v2.0/networks/66f482ed-8a04-434b-9a14-1c94513f2e82 HTTP/1.1" status: 204 len: 168 time: 0.4827204
2026-06-28 21:05:23.692 9 INFO neutron.services.segments.plugin [-] Segment a4c34f6b-e5d1-40c4-87f8-3b87c4d374a0 resource provider aggregate not found
2026-06-28 21:05:23.695 10 INFO neutron.db.ovn_revision_numbers_db [None req-b30a3820-52a5-4d1e-aaf9-1e4fbc573c4e 22e5db6ca5a44c068f83f0fef920bfd3 876db43e0d334581b398eb892f756604 - - - -] Successfully bumped revision number for resource 9db4b4f1-cf14-49cd-bf07-a4fc3c18d4db (type: floatingips) to 0
2026-06-28 21:05:23.703 9 INFO neutron.services.segments.plugin [-] Segment a4c34f6b-e5d1-40c4-87f8-3b87c4d374a0 resource provider aggregate not found
2026-06-28 21:05:23.710 9 INFO neutron.services.segments.plugin [-] Segment a4c34f6b-e5d1-40c4-87f8-3b87c4d374a0 resource provider not found; error: Placement Client Error (4xx): {"errors": [{"status": 404, "title": "Not Found", "detail": "The resource could not be found.\n\n No resource provider with uuid a4c34f6b-e5d1-40c4-87f8-3b87c4d374a0 found for delete ", "request_id": "req-7a649b48-ec62-48a9-92ca-38e1a34344bc"}]}
2026-06-28 21:05:23.715 9 INFO neutron.services.segments.plugin [-] Segment a4c34f6b-e5d1-40c4-87f8-3b87c4d374a0 resource provider not found; error: Placement Client Error (4xx): {"errors": [{"status": 404, "title": "Not Found", "detail": "The resource could not be found.\n\n No resource provider with uuid a4c34f6b-e5d1-40c4-87f8-3b87c4d374a0 found for delete ", "request_id": "req-ed1fc748-d4af-4f51-9430-1f4339624aa6"}]}
2026-06-28 21:05:23.804 10 INFO neutron.db.ovn_revision_numbers_db [None req-b30a3820-52a5-4d1e-aaf9-1e4fbc573c4e 22e5db6ca5a44c068f83f0fef920bfd3 876db43e0d334581b398eb892f756604 - - - -] Successfully bumped revision number for resource 9db4b4f1-cf14-49cd-bf07-a4fc3c18d4db (type: floatingips) to 1
2026-06-28 21:05:23.841 10 INFO neutron.wsgi [None req-b30a3820-52a5-4d1e-aaf9-1e4fbc573c4e 22e5db6ca5a44c068f83f0fef920bfd3 876db43e0d334581b398eb892f756604 - - - -] 10.0.0.202 "POST /v2.0/floatingips HTTP/1.1" status: 201 len: 1041 time: 1.0855186
2026-06-28 21:05:23.975 10 INFO neutron.db.l3_db [None req-df6e2411-b99f-4a3b-b85e-c9b5dee9348c 22e5db6ca5a44c068f83f0fef920bfd3 876db43e0d334581b398eb892f756604 - - - -] Floating IP 9db4b4f1-cf14-49cd-bf07-a4fc3c18d4db disassociated. External IP: 10.96.250.208, port: f628681b-a847-4590-a1ed-a88e7685bb02.
2026-06-28 21:05:23.995 10 INFO neutron.db.ovn_revision_numbers_db [None req-df6e2411-b99f-4a3b-b85e-c9b5dee9348c 22e5db6ca5a44c068f83f0fef920bfd3 876db43e0d334581b398eb892f756604 - - - -] Successfully bumped revision number for resource 9db4b4f1-cf14-49cd-bf07-a4fc3c18d4db (type: floatingips) to 2
2026-06-28 21:05:24.066 10 INFO neutron.wsgi [None req-df6e2411-b99f-4a3b-b85e-c9b5dee9348c 22e5db6ca5a44c068f83f0fef920bfd3 876db43e0d334581b398eb892f756604 - - - -] 10.0.0.202 "PUT /v2.0/floatingips/9db4b4f1-cf14-49cd-bf07-a4fc3c18d4db HTTP/1.1" status: 200 len: 748 time: 0.2203019
2026-06-28 21:05:24.223 9 INFO neutron.wsgi [None req-afa060de-f5f2-46b7-961d-70014f6f80de 7158a4343b1644bca570133cdab81c48 27b21ca08bc649258cc31d37fbe6fa54 - - default default] 10.0.0.202 "GET /v2.0/security-groups?tenant_id=2e03f76e66d44a18b4c9808cd44e9582&name=default HTTP/1.1" status: 200 len: 2996 time: 0.1300159
2026-06-28 21:05:24.375 10 INFO neutron.wsgi [None req-7f90aa85-b161-4021-b11e-5e647577b26a 22e5db6ca5a44c068f83f0fef920bfd3 876db43e0d334581b398eb892f756604 - - - -] 10.0.0.202 "DELETE /v2.0/floatingips/9db4b4f1-cf14-49cd-bf07-a4fc3c18d4db HTTP/1.1" status: 204 len: 168 time: 0.3046701
2026-06-28 21:05:24.405 9 INFO neutron.wsgi [None req-415e1f65-214c-4df0-a84e-96267df46c98 7158a4343b1644bca570133cdab81c48 27b21ca08bc649258cc31d37fbe6fa54 - - - -] 10.0.0.202 "DELETE /v2.0/security-groups/2f427575-3d9f-4bbc-aec9-5d7e955562ab HTTP/1.1" status: 204 len: 168 time: 0.1769667
2026-06-28 21:05:24.507 10 INFO neutron.services.segments.plugin [-] Segment c1f9ab35-d5b7-4fa2-9420-eac766d6a96b resource provider aggregate not found
2026-06-28 21:05:24.515 10 INFO neutron.services.segments.plugin [-] Segment c1f9ab35-d5b7-4fa2-9420-eac766d6a96b resource provider aggregate not found
2026-06-28 21:05:24.529 10 INFO neutron.services.segments.plugin [-] Segment c1f9ab35-d5b7-4fa2-9420-eac766d6a96b resource provider not found; error: Placement Client Error (4xx): {"errors": [{"status": 404, "title": "Not Found", "detail": "The resource could not be found.\n\n No resource provider with uuid c1f9ab35-d5b7-4fa2-9420-eac766d6a96b found for delete ", "request_id": "req-c6d13cc0-f701-4f81-9cbc-fbf2548616f7"}]}
2026-06-28 21:05:24.530 10 INFO neutron.services.segments.plugin [-] Segment c1f9ab35-d5b7-4fa2-9420-eac766d6a96b resource provider not found; error: Placement Client Error (4xx): {"errors": [{"status": 404, "title": "Not Found", "detail": "The resource could not be found.\n\n No resource provider with uuid c1f9ab35-d5b7-4fa2-9420-eac766d6a96b found for delete ", "request_id": "req-4ade91d5-4f10-4216-816e-0841e9b6ac65"}]}
2026-06-28 21:05:24.693 10 WARNING neutron.scheduler.dhcp_agent_scheduler [None req-870d1d23-3fee-4198-b5cf-453a574c15c8 22e5db6ca5a44c068f83f0fef920bfd3 876db43e0d334581b398eb892f756604 - - - -] No more DHCP agents
2026-06-28 21:05:24.695 10 WARNING neutron.api.rpc.agentnotifiers.dhcp_rpc_agent_api [None req-870d1d23-3fee-4198-b5cf-453a574c15c8 22e5db6ca5a44c068f83f0fef920bfd3 876db43e0d334581b398eb892f756604 - - - -] Unable to schedule network 91ce8d9f-625c-463c-b978-1a2031c7bcd1: no agents available; will retry on subsequent port and subnet creation events.
2026-06-28 21:05:25.073 9 WARNING neutron.plugins.ml2.drivers.ovn.mech_driver.ovsdb.ovn_client [None req-dff9ed6f-4662-4b77-852b-6b91bd7a5f84 - - - - - -] No hosting information found for port 09d1a13a-5c61-4580-872d-d4448a501aed: RuntimeError: No hosting information found for port 09d1a13a-5c61-4580-872d-d4448a501aed
2026-06-28 21:05:25.074 9 INFO neutron.plugins.ml2.drivers.ovn.mech_driver.mech_driver [None req-dff9ed6f-4662-4b77-852b-6b91bd7a5f84 - - - - - -] OVN reports status up for port: 95ae51c6-0d05-45ff-8194-672ff0d6c633
2026-06-28 21:05:25.076 10 INFO neutron.db.l3_db [None req-870d1d23-3fee-4198-b5cf-453a574c15c8 22e5db6ca5a44c068f83f0fef920bfd3 876db43e0d334581b398eb892f756604 - - - -] Floating IP f20ecd1c-e879-4374-a5bd-26ddebb2f040 associated. External IP: 10.96.250.209, port: 0da8f84f-f7d2-4def-b11a-01043b233d1e.
2026-06-28 21:05:25.082 9 INFO neutron.plugins.ml2.plugin [None req-dff9ed6f-4662-4b77-852b-6b91bd7a5f84 - - - - - -] Attempt 1 to provision port 95ae51c6-0d05-45ff-8194-672ff0d6c633
2026-06-28 21:05:25.217 10 INFO neutron.db.ovn_revision_numbers_db [None req-870d1d23-3fee-4198-b5cf-453a574c15c8 22e5db6ca5a44c068f83f0fef920bfd3 876db43e0d334581b398eb892f756604 - - - -] Successfully bumped revision number for resource f20ecd1c-e879-4374-a5bd-26ddebb2f040 (type: floatingips) to 0
2026-06-28 21:05:25.314 10 INFO neutron.db.ovn_revision_numbers_db [None req-870d1d23-3fee-4198-b5cf-453a574c15c8 22e5db6ca5a44c068f83f0fef920bfd3 876db43e0d334581b398eb892f756604 - - - -] Successfully bumped revision number for resource f20ecd1c-e879-4374-a5bd-26ddebb2f040 (type: floatingips) to 1
2026-06-28 21:05:25.315 9 INFO neutron.db.ovn_revision_numbers_db [None req-dff9ed6f-4662-4b77-852b-6b91bd7a5f84 - - - - - -] Successfully bumped revision number for resource 95ae51c6-0d05-45ff-8194-672ff0d6c633 (type: ports) to 3
2026-06-28 21:05:25.356 10 INFO neutron.wsgi [None req-870d1d23-3fee-4198-b5cf-453a574c15c8 22e5db6ca5a44c068f83f0fef920bfd3 876db43e0d334581b398eb892f756604 - - - -] 10.0.0.202 "POST /v2.0/floatingips HTTP/1.1" status: 201 len: 1041 time: 0.9743125
2026-06-28 21:05:25.411 10 INFO neutron.wsgi [None req-f3f2b8d8-9fcd-4a25-ab90-339da46094f8 22e5db6ca5a44c068f83f0fef920bfd3 876db43e0d334581b398eb892f756604 - - default default] 10.0.0.202 "GET /v2.0/floatingips/f20ecd1c-e879-4374-a5bd-26ddebb2f040 HTTP/1.1" status: 200 len: 1038 time: 0.0496988
2026-06-28 21:05:25.428 9 INFO neutron.db.ovn_revision_numbers_db [None req-dff9ed6f-4662-4b77-852b-6b91bd7a5f84 - - - - - -] Successfully bumped revision number for resource 95ae51c6-0d05-45ff-8194-672ff0d6c633 (type: router_ports) to 3
2026-06-28 21:05:25.717 10 INFO neutron.wsgi [None req-6e4ee377-958c-4cdb-9565-2f6c60616dd6 22e5db6ca5a44c068f83f0fef920bfd3 876db43e0d334581b398eb892f756604 - - default default] 10.0.0.202 "GET /v2.0/floatingips HTTP/1.1" status: 200 len: 1041 time: 0.2984562
2026-06-28 21:05:25.871 9 INFO neutron.wsgi [-] 10.0.0.70 "GET / HTTP/1.1" status: 200 len: 247 time: 0.0023875
2026-06-28 21:05:25.874 9 INFO neutron.wsgi [-] 10.0.0.70 "GET / HTTP/1.1" status: 200 len: 247 time: 0.0019441
2026-06-28 21:05:25.993 10 INFO neutron.db.l3_db [None req-7a41070d-d3ba-46f1-8e85-035fd7fe1957 22e5db6ca5a44c068f83f0fef920bfd3 876db43e0d334581b398eb892f756604 - - - -] Floating IP f20ecd1c-e879-4374-a5bd-26ddebb2f040 associated. External IP: 10.96.250.209, port: 0da8f84f-f7d2-4def-b11a-01043b233d1e.
2026-06-28 21:05:26.150 10 INFO neutron.db.ovn_revision_numbers_db [None req-7a41070d-d3ba-46f1-8e85-035fd7fe1957 22e5db6ca5a44c068f83f0fef920bfd3 876db43e0d334581b398eb892f756604 - - - -] Successfully bumped revision number for resource f20ecd1c-e879-4374-a5bd-26ddebb2f040 (type: floatingips) to 2
2026-06-28 21:05:26.241 10 INFO neutron.db.ovn_revision_numbers_db [None req-7a41070d-d3ba-46f1-8e85-035fd7fe1957 22e5db6ca5a44c068f83f0fef920bfd3 876db43e0d334581b398eb892f756604 - - - -] Successfully bumped revision number for resource f20ecd1c-e879-4374-a5bd-26ddebb2f040 (type: floatingips) to 3
2026-06-28 21:05:26.283 10 INFO neutron.wsgi [None req-7a41070d-d3ba-46f1-8e85-035fd7fe1957 22e5db6ca5a44c068f83f0fef920bfd3 876db43e0d334581b398eb892f756604 - - - -] 10.0.0.202 "PUT /v2.0/floatingips/f20ecd1c-e879-4374-a5bd-26ddebb2f040 HTTP/1.1" status: 200 len: 1038 time: 0.5610394
2026-06-28 21:05:26.401 9 INFO neutron.db.ovn_revision_numbers_db [None req-91337f53-189f-4595-ad1d-81f2b4721a8a 46e275a91b45434fbb904c3b4f30ff26 0e1c34b5032d451c9c6c3d779f94c2f7 - - - -] Successfully bumped revision number for resource 95c6439d-6ba4-4778-96e5-b96ddc0cd272 (type: security_groups) to 1
2026-06-28 21:05:26.425 10 INFO neutron.db.l3_db [None req-152c4797-5dda-4232-bf12-50f72bae3dd8 22e5db6ca5a44c068f83f0fef920bfd3 876db43e0d334581b398eb892f756604 - - - -] Floating IP f20ecd1c-e879-4374-a5bd-26ddebb2f040 disassociated. External IP: 10.96.250.209, port: f628681b-a847-4590-a1ed-a88e7685bb02.
2026-06-28 21:05:26.446 10 INFO neutron.db.ovn_revision_numbers_db [None req-152c4797-5dda-4232-bf12-50f72bae3dd8 22e5db6ca5a44c068f83f0fef920bfd3 876db43e0d334581b398eb892f756604 - - - -] Successfully bumped revision number for resource f20ecd1c-e879-4374-a5bd-26ddebb2f040 (type: floatingips) to 4
2026-06-28 21:05:26.450 9 INFO neutron.db.segments_db [None req-91337f53-189f-4595-ad1d-81f2b4721a8a 46e275a91b45434fbb904c3b4f30ff26 0e1c34b5032d451c9c6c3d779f94c2f7 - - - -] Added segment 76d0d248-9ba7-47c8-bf98-36b573187376 of type geneve for network 7e795f8a-6d9e-4075-88e7-4ba0552dbff4
2026-06-28 21:05:26.516 10 INFO neutron.wsgi [None req-152c4797-5dda-4232-bf12-50f72bae3dd8 22e5db6ca5a44c068f83f0fef920bfd3 876db43e0d334581b398eb892f756604 - - - -] 10.0.0.202 "PUT /v2.0/floatingips/f20ecd1c-e879-4374-a5bd-26ddebb2f040 HTTP/1.1" status: 200 len: 748 time: 0.2273459
2026-06-28 21:05:26.565 9 INFO neutron.db.ovn_revision_numbers_db [None req-91337f53-189f-4595-ad1d-81f2b4721a8a 46e275a91b45434fbb904c3b4f30ff26 0e1c34b5032d451c9c6c3d779f94c2f7 - - - -] Successfully bumped revision number for resource 7e795f8a-6d9e-4075-88e7-4ba0552dbff4 (type: networks) to 1
2026-06-28 21:05:26.740 9 WARNING neutron.scheduler.dhcp_agent_scheduler [None req-91337f53-189f-4595-ad1d-81f2b4721a8a 46e275a91b45434fbb904c3b4f30ff26 0e1c34b5032d451c9c6c3d779f94c2f7 - - - -] No more DHCP agents
2026-06-28 21:05:26.742 9 WARNING neutron.api.rpc.agentnotifiers.dhcp_rpc_agent_api [None req-91337f53-189f-4595-ad1d-81f2b4721a8a 46e275a91b45434fbb904c3b4f30ff26 0e1c34b5032d451c9c6c3d779f94c2f7 - - - -] Unable to schedule network 7e795f8a-6d9e-4075-88e7-4ba0552dbff4: no agents available; will retry on subsequent port and subnet creation events.
2026-06-28 21:05:26.803 9 INFO neutron.db.ovn_revision_numbers_db [None req-91337f53-189f-4595-ad1d-81f2b4721a8a 46e275a91b45434fbb904c3b4f30ff26 0e1c34b5032d451c9c6c3d779f94c2f7 - - - -] Successfully bumped revision number for resource 9facb15e-4e33-42ad-976b-f2e3e372c000 (type: ports) to 1
2026-06-28 21:05:26.821 9 INFO neutron.wsgi [None req-91337f53-189f-4595-ad1d-81f2b4721a8a 46e275a91b45434fbb904c3b4f30ff26 0e1c34b5032d451c9c6c3d779f94c2f7 - - - -] 10.0.0.202 "POST /v2.0/networks HTTP/1.1" status: 201 len: 842 time: 0.7083542
2026-06-28 21:05:26.880 10 INFO neutron.wsgi [None req-9587164d-9e79-4c58-8067-829896013588 22e5db6ca5a44c068f83f0fef920bfd3 876db43e0d334581b398eb892f756604 - - - -] 10.0.0.202 "DELETE /v2.0/floatingips/f20ecd1c-e879-4374-a5bd-26ddebb2f040 HTTP/1.1" status: 204 len: 168 time: 0.3591440
2026-06-28 21:05:26.912 10 INFO neutron.api.v2.resource [None req-668e151f-f0d8-40e0-9383-ba496baea2ba 22e5db6ca5a44c068f83f0fef920bfd3 876db43e0d334581b398eb892f756604 - - - -] delete failed (client error): The resource could not be found.
2026-06-28 21:05:26.914 10 INFO neutron.wsgi [None req-668e151f-f0d8-40e0-9383-ba496baea2ba 22e5db6ca5a44c068f83f0fef920bfd3 876db43e0d334581b398eb892f756604 - - - -] 10.0.0.202 "DELETE /v2.0/floatingips/f20ecd1c-e879-4374-a5bd-26ddebb2f040 HTTP/1.1" status: 404 len: 345 time: 0.0261390
2026-06-28 21:05:27.073 9 WARNING neutron.scheduler.dhcp_agent_scheduler [None req-c02ded24-b749-434f-a198-891379641560 46e275a91b45434fbb904c3b4f30ff26 0e1c34b5032d451c9c6c3d779f94c2f7 - - - -] No more DHCP agents
2026-06-28 21:05:27.076 9 WARNING neutron.api.rpc.agentnotifiers.dhcp_rpc_agent_api [None req-c02ded24-b749-434f-a198-891379641560 46e275a91b45434fbb904c3b4f30ff26 0e1c34b5032d451c9c6c3d779f94c2f7 - - - -] Unable to schedule network 7e795f8a-6d9e-4075-88e7-4ba0552dbff4: no agents available; will retry on subsequent port and subnet creation events.
2026-06-28 21:05:27.223 9 INFO neutron.wsgi [req-ac39fffc-4eb6-45c4-a8fc-fcf51dae4e8f req-a9dfe71b-d26f-4758-ae1f-bc147b48d3a0 a84af83915714be8ba9048a7966c0fe8 4ef2d253bbf4402bbf7d5d9be341092e - - default default] 10.0.0.184 "GET /v2.0/ports?device_id=62012fe5-1ad5-4905-8304-d641eedeb63d HTTP/1.1" status: 200 len: 1170 time: 0.1034017
2026-06-28 21:05:27.255 10 INFO neutron.wsgi [None req-57f7432a-61a1-40ce-b714-bd3e2b27b675 22e5db6ca5a44c068f83f0fef920bfd3 876db43e0d334581b398eb892f756604 - - - -] 10.0.0.202 "DELETE /v2.0/ports/f628681b-a847-4590-a1ed-a88e7685bb02 HTTP/1.1" status: 204 len: 168 time: 0.3350973
2026-06-28 21:05:27.318 9 INFO neutron.wsgi [req-96a1f40f-5f77-4334-8a5d-2a7ead57cb4a req-ba606ef5-0f47-4e3e-a01f-7baa2194765e a84af83915714be8ba9048a7966c0fe8 4ef2d253bbf4402bbf7d5d9be341092e - - default default] 10.0.0.184 "GET /v2.0/ports/557f2a2e-1261-4ab7-b8d8-2ae3720e94e6 HTTP/1.1" status: 200 len: 1167 time: 0.0348051
2026-06-28 21:05:27.527 9 INFO neutron.wsgi [req-cce025b1-fbe0-4c71-8744-2b8568300c61 req-aa994218-f526-46bf-ba71-35cea0999541 a84af83915714be8ba9048a7966c0fe8 4ef2d253bbf4402bbf7d5d9be341092e - - default default] 199.19.213.60 "GET /v2.0/subnets?network_id=b1d66366-2d66-40cb-b97e-417eb071b7d2 HTTP/1.1" status: 200 len: 859 time: 0.0814793
2026-06-28 21:05:27.610 9 INFO neutron.wsgi [req-cce025b1-fbe0-4c71-8744-2b8568300c61 req-060226b0-eb88-4a5e-8f59-7e056e706138 a84af83915714be8ba9048a7966c0fe8 4ef2d253bbf4402bbf7d5d9be341092e - - default default] 199.19.213.60 "GET /v2.0/ports?device_id=62012fe5-1ad5-4905-8304-d641eedeb63d&device_owner=compute%3Anova&network_id=b1d66366-2d66-40cb-b97e-417eb071b7d2 HTTP/1.1" status: 200 len: 1170 time: 0.0725675
2026-06-28 21:05:27.678 10 INFO neutron.wsgi [None req-a93a9eef-0caf-41c3-b45d-7df2209e30c8 22e5db6ca5a44c068f83f0fef920bfd3 876db43e0d334581b398eb892f756604 - - - -] 10.0.0.202 "DELETE /v2.0/ports/0da8f84f-f7d2-4def-b11a-01043b233d1e HTTP/1.1" status: 204 len: 168 time: 0.4178026
2026-06-28 21:05:27.688 9 INFO neutron.db.ovn_revision_numbers_db [None req-c02ded24-b749-434f-a198-891379641560 46e275a91b45434fbb904c3b4f30ff26 0e1c34b5032d451c9c6c3d779f94c2f7 - - - -] Successfully bumped revision number for resource 9facb15e-4e33-42ad-976b-f2e3e372c000 (type: ports) to 2
2026-06-28 21:05:27.709 9 INFO neutron.db.ovn_revision_numbers_db [None req-c02ded24-b749-434f-a198-891379641560 46e275a91b45434fbb904c3b4f30ff26 0e1c34b5032d451c9c6c3d779f94c2f7 - - - -] Successfully bumped revision number for resource 868929c6-0bc9-4705-9064-e757e6b9b7f6 (type: subnets) to 0
2026-06-28 21:05:27.747 9 INFO neutron.wsgi [None req-c02ded24-b749-434f-a198-891379641560 46e275a91b45434fbb904c3b4f30ff26 0e1c34b5032d451c9c6c3d779f94c2f7 - - - -] 10.0.0.202 "POST /v2.0/subnets HTTP/1.1" status: 201 len: 816 time: 0.8866324
2026-06-28 21:05:27.775 9 INFO neutron.wsgi [None req-7a424dbe-7d6d-4a07-a1a8-15424932369c 22e5db6ca5a44c068f83f0fef920bfd3 876db43e0d334581b398eb892f756604 - - default default] 10.0.0.202 "GET /v2.0/ports?device_id=8d033ee3-604d-4385-ad38-a05654dacb3f HTTP/1.1" status: 200 len: 1140 time: 0.0939577
2026-06-28 21:05:27.885 10 INFO neutron.db.segments_db [None req-b614a62d-8ea1-415e-a085-24c25e41d1ad 46e275a91b45434fbb904c3b4f30ff26 0e1c34b5032d451c9c6c3d779f94c2f7 - - - -] Added segment f2b459a2-1164-4784-a22d-0de1b824e3ae of type geneve for network 7ca4e894-ef00-48d0-819f-927e2ae67bc6
2026-06-28 21:05:28.059 10 INFO neutron.db.ovn_revision_numbers_db [None req-b614a62d-8ea1-415e-a085-24c25e41d1ad 46e275a91b45434fbb904c3b4f30ff26 0e1c34b5032d451c9c6c3d779f94c2f7 - - - -] Successfully bumped revision number for resource 7ca4e894-ef00-48d0-819f-927e2ae67bc6 (type: networks) to 1
2026-06-28 21:05:28.288 10 WARNING neutron.scheduler.dhcp_agent_scheduler [None req-b614a62d-8ea1-415e-a085-24c25e41d1ad 46e275a91b45434fbb904c3b4f30ff26 0e1c34b5032d451c9c6c3d779f94c2f7 - - - -] No more DHCP agents
2026-06-28 21:05:28.291 10 WARNING neutron.api.rpc.agentnotifiers.dhcp_rpc_agent_api [None req-b614a62d-8ea1-415e-a085-24c25e41d1ad 46e275a91b45434fbb904c3b4f30ff26 0e1c34b5032d451c9c6c3d779f94c2f7 - - - -] Unable to schedule network 7ca4e894-ef00-48d0-819f-927e2ae67bc6: no agents available; will retry on subsequent port and subnet creation events.
2026-06-28 21:05:28.338 9 INFO neutron.db.ovn_revision_numbers_db [None req-9d361575-c8ac-4ace-a347-6982b1794a55 a84af83915714be8ba9048a7966c0fe8 4ef2d253bbf4402bbf7d5d9be341092e - - - -] Successfully bumped revision number for resource 557f2a2e-1261-4ab7-b8d8-2ae3720e94e6 (type: ports) to 5
2026-06-28 21:05:28.350 9 INFO neutron.wsgi [None req-9d361575-c8ac-4ace-a347-6982b1794a55 a84af83915714be8ba9048a7966c0fe8 4ef2d253bbf4402bbf7d5d9be341092e - - - -] 199.19.213.60 "PUT /v2.0/ports/557f2a2e-1261-4ab7-b8d8-2ae3720e94e6 HTTP/1.1" status: 200 len: 1345 time: 0.7332890
2026-06-28 21:05:28.371 10 INFO neutron.db.ovn_revision_numbers_db [None req-b614a62d-8ea1-415e-a085-24c25e41d1ad 46e275a91b45434fbb904c3b4f30ff26 0e1c34b5032d451c9c6c3d779f94c2f7 - - - -] Successfully bumped revision number for resource e746ec1a-9280-4743-85d9-727bcdb77214 (type: ports) to 1 /var/lib/openstack/lib/python3.10/site-packages/pycadf/identifier.py:71: UserWarning: Invalid uuid: neutron. To ensure interoperability, identifiers should be a valid uuid. warnings.warn(('Invalid uuid: %s. To ensure interoperability, '
2026-06-28 21:05:28.387 9 INFO neutron.notifiers.nova [-] Nova event matching ['req-35cf2b72-0942-478b-84ae-42da70825050'] response: {'name': 'network-changed', 'server_uuid': '62012fe5-1ad5-4905-8304-d641eedeb63d', 'tag': '557f2a2e-1261-4ab7-b8d8-2ae3720e94e6', 'status': 'completed', 'code': 200}
2026-06-28 21:05:28.401 10 INFO neutron.wsgi [None req-b614a62d-8ea1-415e-a085-24c25e41d1ad 46e275a91b45434fbb904c3b4f30ff26 0e1c34b5032d451c9c6c3d779f94c2f7 - - - -] 10.0.0.202 "POST /v2.0/networks HTTP/1.1" status: 201 len: 843 time: 0.6469836
2026-06-28 21:05:28.425 9 INFO neutron.wsgi [req-cce025b1-fbe0-4c71-8744-2b8568300c61 req-e0027635-11d1-4459-9c2c-3074bd908c5b 8e1bdbdf0b2d4629ae976e6e370567bd d5b618ee756f45ea822f05337c484cf1 - - 86e08e0233ff4bfda26ef76c9bfe5e40 86e08e0233ff4bfda26ef76c9bfe5e40] 199.19.213.60 "GET /v2.0/ports?tenant_id=4ef2d253bbf4402bbf7d5d9be341092e&device_id=62012fe5-1ad5-4905-8304-d641eedeb63d HTTP/1.1" status: 200 len: 1538 time: 0.0508974
2026-06-28 21:05:28.485 9 INFO neutron.wsgi [req-cce025b1-fbe0-4c71-8744-2b8568300c61 req-a9eca995-291d-4f59-a30b-f44539861b5b 8e1bdbdf0b2d4629ae976e6e370567bd d5b618ee756f45ea822f05337c484cf1 - - 86e08e0233ff4bfda26ef76c9bfe5e40 86e08e0233ff4bfda26ef76c9bfe5e40] 199.19.213.60 "GET /v2.0/networks?id=b1d66366-2d66-40cb-b97e-417eb071b7d2 HTTP/1.1" status: 200 len: 982 time: 0.0532093
2026-06-28 21:05:28.532 9 INFO neutron.wsgi [req-cce025b1-fbe0-4c71-8744-2b8568300c61 req-d617c5a3-e873-40e8-91e0-0d2a8ad85812 8e1bdbdf0b2d4629ae976e6e370567bd d5b618ee756f45ea822f05337c484cf1 - - 86e08e0233ff4bfda26ef76c9bfe5e40 86e08e0233ff4bfda26ef76c9bfe5e40] 199.19.213.60 "GET /v2.0/floatingips?fixed_ip_address=10.100.0.3&port_id=557f2a2e-1261-4ab7-b8d8-2ae3720e94e6 HTTP/1.1" status: 200 len: 1059 time: 0.0404978
2026-06-28 21:05:28.568 9 INFO neutron.wsgi [req-cce025b1-fbe0-4c71-8744-2b8568300c61 req-541633b3-5771-4e7d-98a2-153d1478ed96 8e1bdbdf0b2d4629ae976e6e370567bd d5b618ee756f45ea822f05337c484cf1 - - 86e08e0233ff4bfda26ef76c9bfe5e40 86e08e0233ff4bfda26ef76c9bfe5e40] 199.19.213.60 "GET /v2.0/floatingips?fixed_ip_address=10.100.0.5&port_id=557f2a2e-1261-4ab7-b8d8-2ae3720e94e6 HTTP/1.1" status: 200 len: 217 time: 0.0281785
2026-06-28 21:05:28.600 10 INFO neutron.db.ovn_revision_numbers_db [None req-5283d9ad-ac71-4907-9307-ef9ab5924174 46e275a91b45434fbb904c3b4f30ff26 0e1c34b5032d451c9c6c3d779f94c2f7 - - - -] Successfully bumped revision number for resource 7ca4e894-ef00-48d0-819f-927e2ae67bc6 (type: networks) to 2
2026-06-28 21:05:28.603 10 INFO neutron.wsgi [None req-5283d9ad-ac71-4907-9307-ef9ab5924174 46e275a91b45434fbb904c3b4f30ff26 0e1c34b5032d451c9c6c3d779f94c2f7 - - - -] 10.0.0.202 "PUT /v2.0/networks/7ca4e894-ef00-48d0-819f-927e2ae67bc6 HTTP/1.1" status: 200 len: 792 time: 0.1983237
2026-06-28 21:05:28.621 9 INFO neutron.wsgi [req-cce025b1-fbe0-4c71-8744-2b8568300c61 req-5a5894ba-8516-49c0-97d8-9a458972bc39 8e1bdbdf0b2d4629ae976e6e370567bd d5b618ee756f45ea822f05337c484cf1 - - 86e08e0233ff4bfda26ef76c9bfe5e40 86e08e0233ff4bfda26ef76c9bfe5e40] 199.19.213.60 "GET /v2.0/subnets?id=3675f81d-2d42-43c7-97c7-0df503899ec1 HTTP/1.1" status: 200 len: 877 time: 0.0462217
2026-06-28 21:05:28.653 9 INFO neutron.wsgi [req-cce025b1-fbe0-4c71-8744-2b8568300c61 req-b7b08adf-2146-4c84-9d59-d2a26fb7778d 8e1bdbdf0b2d4629ae976e6e370567bd d5b618ee756f45ea822f05337c484cf1 - - 86e08e0233ff4bfda26ef76c9bfe5e40 86e08e0233ff4bfda26ef76c9bfe5e40] 199.19.213.60 "GET /v2.0/ports?network_id=b1d66366-2d66-40cb-b97e-417eb071b7d2&device_owner=network%3Adhcp HTTP/1.1" status: 200 len: 210 time: 0.0251989
2026-06-28 21:05:28.717 9 INFO neutron.wsgi [req-cce025b1-fbe0-4c71-8744-2b8568300c61 req-4b51180f-e658-48c2-a709-453a77ecc8c4 8e1bdbdf0b2d4629ae976e6e370567bd d5b618ee756f45ea822f05337c484cf1 - - 86e08e0233ff4bfda26ef76c9bfe5e40 86e08e0233ff4bfda26ef76c9bfe5e40] 199.19.213.60 "GET /v2.0/networks/b1d66366-2d66-40cb-b97e-417eb071b7d2?fields=segments HTTP/1.1" status: 200 len: 212 time: 0.0555508
2026-06-28 21:05:28.776 9 INFO neutron.wsgi [req-cce025b1-fbe0-4c71-8744-2b8568300c61 req-b8b6c422-5339-42a3-b1ae-8b01edffad9e 8e1bdbdf0b2d4629ae976e6e370567bd d5b618ee756f45ea822f05337c484cf1 - - 86e08e0233ff4bfda26ef76c9bfe5e40 86e08e0233ff4bfda26ef76c9bfe5e40] 199.19.213.60 "GET /v2.0/networks/b1d66366-2d66-40cb-b97e-417eb071b7d2?fields=provider%3Aphysical_network&fields=provider%3Anetwork_type HTTP/1.1" status: 200 len: 277 time: 0.0518262
2026-06-28 21:05:28.844 9 INFO neutron.wsgi [req-1cfdcc48-3f1e-49fe-aa3a-cab8c7ced2a6 req-1dae2d64-d81b-461e-a58e-e6bae8030887 8e1bdbdf0b2d4629ae976e6e370567bd d5b618ee756f45ea822f05337c484cf1 - - 86e08e0233ff4bfda26ef76c9bfe5e40 86e08e0233ff4bfda26ef76c9bfe5e40] 199.19.213.60 "GET /v2.0/ports?tenant_id=4ef2d253bbf4402bbf7d5d9be341092e&device_id=62012fe5-1ad5-4905-8304-d641eedeb63d HTTP/1.1" status: 200 len: 1538 time: 0.0302491
2026-06-28 21:05:28.908 9 INFO neutron.wsgi [req-1cfdcc48-3f1e-49fe-aa3a-cab8c7ced2a6 req-77e5f201-540d-4d48-af10-2b17d49318b9 8e1bdbdf0b2d4629ae976e6e370567bd d5b618ee756f45ea822f05337c484cf1 - - 86e08e0233ff4bfda26ef76c9bfe5e40 86e08e0233ff4bfda26ef76c9bfe5e40] 199.19.213.60 "GET /v2.0/networks?id=b1d66366-2d66-40cb-b97e-417eb071b7d2 HTTP/1.1" status: 200 len: 982 time: 0.0538969
2026-06-28 21:05:28.951 9 INFO neutron.wsgi [req-1cfdcc48-3f1e-49fe-aa3a-cab8c7ced2a6 req-fb5e69d2-3afa-4229-a7b0-1b88e89d0bee 8e1bdbdf0b2d4629ae976e6e370567bd d5b618ee756f45ea822f05337c484cf1 - - 86e08e0233ff4bfda26ef76c9bfe5e40 86e08e0233ff4bfda26ef76c9bfe5e40] 199.19.213.60 "GET /v2.0/floatingips?fixed_ip_address=10.100.0.3&port_id=557f2a2e-1261-4ab7-b8d8-2ae3720e94e6 HTTP/1.1" status: 200 len: 1059 time: 0.0371909
2026-06-28 21:05:28.984 9 INFO neutron.wsgi [req-1cfdcc48-3f1e-49fe-aa3a-cab8c7ced2a6 req-96b768e6-8b77-4355-b5a9-56e362d5b4e4 8e1bdbdf0b2d4629ae976e6e370567bd d5b618ee756f45ea822f05337c484cf1 - - 86e08e0233ff4bfda26ef76c9bfe5e40 86e08e0233ff4bfda26ef76c9bfe5e40] 199.19.213.60 "GET /v2.0/floatingips?fixed_ip_address=10.100.0.5&port_id=557f2a2e-1261-4ab7-b8d8-2ae3720e94e6 HTTP/1.1" status: 200 len: 217 time: 0.0248036
2026-06-28 21:05:29.018 9 INFO neutron.wsgi [req-1cfdcc48-3f1e-49fe-aa3a-cab8c7ced2a6 req-bc09f3f5-4b26-4fc3-9a7c-299e09cf2dde 8e1bdbdf0b2d4629ae976e6e370567bd d5b618ee756f45ea822f05337c484cf1 - - 86e08e0233ff4bfda26ef76c9bfe5e40 86e08e0233ff4bfda26ef76c9bfe5e40] 199.19.213.60 "GET /v2.0/subnets?id=3675f81d-2d42-43c7-97c7-0df503899ec1 HTTP/1.1" status: 200 len: 877 time: 0.0281215
2026-06-28 21:05:29.045 9 INFO neutron.wsgi [req-1cfdcc48-3f1e-49fe-aa3a-cab8c7ced2a6 req-67ef9472-2806-48e9-8e78-89da7ece6a51 8e1bdbdf0b2d4629ae976e6e370567bd d5b618ee756f45ea822f05337c484cf1 - - 86e08e0233ff4bfda26ef76c9bfe5e40 86e08e0233ff4bfda26ef76c9bfe5e40] 199.19.213.60 "GET /v2.0/ports?network_id=b1d66366-2d66-40cb-b97e-417eb071b7d2&device_owner=network%3Adhcp HTTP/1.1" status: 200 len: 210 time: 0.0197787
2026-06-28 21:05:29.098 9 INFO neutron.wsgi [req-1cfdcc48-3f1e-49fe-aa3a-cab8c7ced2a6 req-3e9aaf47-14bf-4c5f-892b-d8d995a7a570 8e1bdbdf0b2d4629ae976e6e370567bd d5b618ee756f45ea822f05337c484cf1 - - 86e08e0233ff4bfda26ef76c9bfe5e40 86e08e0233ff4bfda26ef76c9bfe5e40] 199.19.213.60 "GET /v2.0/networks/b1d66366-2d66-40cb-b97e-417eb071b7d2?fields=segments HTTP/1.1" status: 200 len: 212 time: 0.0488291
2026-06-28 21:05:29.107 10 INFO neutron.wsgi [None req-ae22ae6c-6312-42e3-8514-9fed0e165df5 22e5db6ca5a44c068f83f0fef920bfd3 876db43e0d334581b398eb892f756604 - - - -] 10.0.0.202 "PUT /v2.0/routers/8d033ee3-604d-4385-ad38-a05654dacb3f/remove_router_interface HTTP/1.1" status: 200 len: 503 time: 1.3251560 /var/lib/openstack/lib/python3.10/site-packages/pycadf/identifier.py:71: UserWarning: Invalid uuid: neutron. To ensure interoperability, identifiers should be a valid uuid. warnings.warn(('Invalid uuid: %s. To ensure interoperability, '
2026-06-28 21:05:29.127 10 WARNING neutron.scheduler.dhcp_agent_scheduler [None req-8a80cba8-e317-4f74-9713-5c56194ce872 46e275a91b45434fbb904c3b4f30ff26 0e1c34b5032d451c9c6c3d779f94c2f7 - - - -] No more DHCP agents
2026-06-28 21:05:29.130 10 WARNING neutron.api.rpc.agentnotifiers.dhcp_rpc_agent_api [None req-8a80cba8-e317-4f74-9713-5c56194ce872 46e275a91b45434fbb904c3b4f30ff26 0e1c34b5032d451c9c6c3d779f94c2f7 - - - -] Unable to schedule network 7ca4e894-ef00-48d0-819f-927e2ae67bc6: no agents available; will retry on subsequent port and subnet creation events.
2026-06-28 21:05:29.150 9 INFO neutron.wsgi [req-1cfdcc48-3f1e-49fe-aa3a-cab8c7ced2a6 req-7ebd44e9-06ed-4357-97e9-e431e1414500 8e1bdbdf0b2d4629ae976e6e370567bd d5b618ee756f45ea822f05337c484cf1 - - 86e08e0233ff4bfda26ef76c9bfe5e40 86e08e0233ff4bfda26ef76c9bfe5e40] 199.19.213.60 "GET /v2.0/networks/b1d66366-2d66-40cb-b97e-417eb071b7d2?fields=provider%3Aphysical_network&fields=provider%3Anetwork_type HTTP/1.1" status: 200 len: 277 time: 0.0465736
2026-06-28 21:05:29.600 9 INFO neutron.wsgi [req-9717b90e-dd8e-4e5f-9fca-e6da19f2311e req-8d5fe57d-e222-4e24-8c5a-21872f484ca5 a84af83915714be8ba9048a7966c0fe8 4ef2d253bbf4402bbf7d5d9be341092e - - default default] 10.0.0.184 "GET /v2.0/ports?device_id=62012fe5-1ad5-4905-8304-d641eedeb63d HTTP/1.1" status: 200 len: 1348 time: 0.0347788
2026-06-28 21:05:29.638 9 INFO neutron.wsgi [req-9717b90e-dd8e-4e5f-9fca-e6da19f2311e req-38b7a63a-5f5a-41d2-bbaf-604781279841 a84af83915714be8ba9048a7966c0fe8 4ef2d253bbf4402bbf7d5d9be341092e - - default default] 10.0.0.184 "GET /v2.0/security-groups?id=dd81fd9b-53e4-4710-b27e-1f058ef04a0e&fields=id&fields=name HTTP/1.1" status: 200 len: 313 time: 0.0330248
2026-06-28 21:05:29.786 9 INFO neutron.wsgi [req-623bf5a6-b0b4-4382-973e-e5ba286b5e3f req-1caf26f5-73bf-4cd1-92ac-aac09b09725c a84af83915714be8ba9048a7966c0fe8 4ef2d253bbf4402bbf7d5d9be341092e - - default default] 199.19.213.60 "GET /v2.0/ports?device_id=62012fe5-1ad5-4905-8304-d641eedeb63d&device_owner=compute%3Anova&fixed_ips=ip_address%3D10.100.0.5 HTTP/1.1" status: 200 len: 1348 time: 0.0531027
2026-06-28 21:05:29.796 10 INFO neutron.db.ovn_revision_numbers_db [None req-8a80cba8-e317-4f74-9713-5c56194ce872 46e275a91b45434fbb904c3b4f30ff26 0e1c34b5032d451c9c6c3d779f94c2f7 - - - -] Successfully bumped revision number for resource e746ec1a-9280-4743-85d9-727bcdb77214 (type: ports) to 2
2026-06-28 21:05:29.814 10 INFO neutron.db.ovn_revision_numbers_db [None req-8a80cba8-e317-4f74-9713-5c56194ce872 46e275a91b45434fbb904c3b4f30ff26 0e1c34b5032d451c9c6c3d779f94c2f7 - - - -] Successfully bumped revision number for resource da843c48-4ec3-49f5-8b6c-d8f6dcb42652 (type: subnets) to 0
2026-06-28 21:05:29.838 10 INFO neutron.wsgi [None req-8a80cba8-e317-4f74-9713-5c56194ce872 46e275a91b45434fbb904c3b4f30ff26 0e1c34b5032d451c9c6c3d779f94c2f7 - - - -] 10.0.0.202 "POST /v2.0/subnets HTTP/1.1" status: 201 len: 801 time: 1.2287223
2026-06-28 21:05:29.919 10 INFO neutron.wsgi [None req-ce1cd878-448d-4281-98c7-718ed7d515bc 22e5db6ca5a44c068f83f0fef920bfd3 876db43e0d334581b398eb892f756604 - - - -] 10.0.0.202 "DELETE /v2.0/routers/8d033ee3-604d-4385-ad38-a05654dacb3f HTTP/1.1" status: 204 len: 168 time: 0.8020279
2026-06-28 21:05:30.094 10 INFO neutron.wsgi [None req-d99b3dfc-4bf8-4ab3-9ec9-92cf28cd1898 22e5db6ca5a44c068f83f0fef920bfd3 876db43e0d334581b398eb892f756604 - - - -] 10.0.0.202 "DELETE /v2.0/subnets/3893d485-17f4-46d1-aa0a-720107ebdc1d HTTP/1.1" status: 204 len: 168 time: 0.1691766
2026-06-28 21:05:30.213 9 INFO neutron.db.ovn_revision_numbers_db [None req-636761de-5cba-491a-b9a9-f2aec3f9b6d8 46e275a91b45434fbb904c3b4f30ff26 0e1c34b5032d451c9c6c3d779f94c2f7 - - - -] Successfully bumped revision number for resource da843c48-4ec3-49f5-8b6c-d8f6dcb42652 (type: subnets) to 1
2026-06-28 21:05:30.216 9 INFO neutron.wsgi [None req-636761de-5cba-491a-b9a9-f2aec3f9b6d8 46e275a91b45434fbb904c3b4f30ff26 0e1c34b5032d451c9c6c3d779f94c2f7 - - - -] 10.0.0.202 "PUT /v2.0/subnets/da843c48-4ec3-49f5-8b6c-d8f6dcb42652 HTTP/1.1" status: 200 len: 806 time: 0.3709362 /var/lib/openstack/lib/python3.10/site-packages/pycadf/identifier.py:71: UserWarning: Invalid uuid: neutron. To ensure interoperability, identifiers should be a valid uuid. warnings.warn(('Invalid uuid: %s. To ensure interoperability, '
2026-06-28 21:05:30.288 9 INFO neutron.db.ovn_revision_numbers_db [None req-e26ed213-8573-4c1f-9413-7ee257d81f8e a84af83915714be8ba9048a7966c0fe8 4ef2d253bbf4402bbf7d5d9be341092e - - - -] Successfully bumped revision number for resource 557f2a2e-1261-4ab7-b8d8-2ae3720e94e6 (type: ports) to 6
2026-06-28 21:05:30.297 9 INFO neutron.wsgi [None req-e26ed213-8573-4c1f-9413-7ee257d81f8e a84af83915714be8ba9048a7966c0fe8 4ef2d253bbf4402bbf7d5d9be341092e - - - -] 199.19.213.60 "PUT /v2.0/ports/557f2a2e-1261-4ab7-b8d8-2ae3720e94e6 HTTP/1.1" status: 200 len: 1167 time: 0.5075190
2026-06-28 21:05:30.354 9 INFO neutron.wsgi [req-623bf5a6-b0b4-4382-973e-e5ba286b5e3f req-a748b932-7b95-43ce-9ad0-f05db45131aa 8e1bdbdf0b2d4629ae976e6e370567bd d5b618ee756f45ea822f05337c484cf1 - - 86e08e0233ff4bfda26ef76c9bfe5e40 86e08e0233ff4bfda26ef76c9bfe5e40] 199.19.213.60 "GET /v2.0/ports?tenant_id=4ef2d253bbf4402bbf7d5d9be341092e&device_id=62012fe5-1ad5-4905-8304-d641eedeb63d HTTP/1.1" status: 200 len: 1361 time: 0.0359747
2026-06-28 21:05:30.412 9 WARNING neutron.plugins.ml2.drivers.ovn.mech_driver.ovsdb.ovn_client [None req-dff9ed6f-4662-4b77-852b-6b91bd7a5f84 - - - - - -] No port found with ID 95ae51c6-0d05-45ff-8194-672ff0d6c633: RuntimeError: No port found with ID 95ae51c6-0d05-45ff-8194-672ff0d6c633
2026-06-28 21:05:30.440 9 INFO neutron.notifiers.nova [-] Nova event matching ['req-a0d3f321-62b8-4a06-a89f-5295b6a06c81'] response: {'name': 'network-changed', 'server_uuid': '62012fe5-1ad5-4905-8304-d641eedeb63d', 'tag': '557f2a2e-1261-4ab7-b8d8-2ae3720e94e6', 'status': 'completed', 'code': 200}
2026-06-28 21:05:30.448 10 INFO neutron.services.segments.plugin [-] Segment cdcc42f1-87fd-424e-b163-ee6b9c0046cb resource provider aggregate not found
2026-06-28 21:05:30.469 10 INFO neutron.services.segments.plugin [-] Segment cdcc42f1-87fd-424e-b163-ee6b9c0046cb resource provider not found; error: Placement Client Error (4xx): {"errors": [{"status": 404, "title": "Not Found", "detail": "The resource could not be found.\n\n No resource provider with uuid cdcc42f1-87fd-424e-b163-ee6b9c0046cb found for delete ", "request_id": "req-4d0af0f4-1dfc-414c-b96b-aab8d8305ec3"}]}
2026-06-28 21:05:30.469 10 INFO neutron.services.segments.plugin [-] Segment cdcc42f1-87fd-424e-b163-ee6b9c0046cb resource provider aggregate not found
2026-06-28 21:05:30.492 10 INFO neutron.services.segments.plugin [-] Segment cdcc42f1-87fd-424e-b163-ee6b9c0046cb resource provider not found; error: Placement Client Error (4xx): {"errors": [{"status": 404, "title": "Not Found", "detail": "The resource could not be found.\n\n No resource provider with uuid cdcc42f1-87fd-424e-b163-ee6b9c0046cb found for delete ", "request_id": "req-ada1b03e-890f-483e-9393-1c025004d804"}]}
2026-06-28 21:05:30.500 10 INFO neutron.wsgi [None req-07f13b8f-099c-4e20-ad2f-6bc62cbc5752 22e5db6ca5a44c068f83f0fef920bfd3 876db43e0d334581b398eb892f756604 - - - -] 10.0.0.202 "DELETE /v2.0/networks/a98fc6f4-fe03-44f6-b0be-8134704ed8c2 HTTP/1.1" status: 204 len: 168 time: 0.4023392
2026-06-28 21:05:30.629 9 INFO neutron.wsgi [req-623bf5a6-b0b4-4382-973e-e5ba286b5e3f req-b1998921-8058-46ff-9cce-aa81144297ba 8e1bdbdf0b2d4629ae976e6e370567bd d5b618ee756f45ea822f05337c484cf1 - - 86e08e0233ff4bfda26ef76c9bfe5e40 86e08e0233ff4bfda26ef76c9bfe5e40] 199.19.213.60 "GET /v2.0/networks?id=b1d66366-2d66-40cb-b97e-417eb071b7d2 HTTP/1.1" status: 200 len: 982 time: 0.2685504 /var/lib/openstack/lib/python3.10/site-packages/pycadf/identifier.py:71: UserWarning: Invalid uuid: neutron. To ensure interoperability, identifiers should be a valid uuid. warnings.warn(('Invalid uuid: %s. To ensure interoperability, '
2026-06-28 21:05:30.716 9 INFO neutron.wsgi [req-623bf5a6-b0b4-4382-973e-e5ba286b5e3f req-d17fac98-291f-4ed0-b064-ff89d72af5f9 8e1bdbdf0b2d4629ae976e6e370567bd d5b618ee756f45ea822f05337c484cf1 - - 86e08e0233ff4bfda26ef76c9bfe5e40 86e08e0233ff4bfda26ef76c9bfe5e40] 199.19.213.60 "GET /v2.0/floatingips?fixed_ip_address=10.100.0.3&port_id=557f2a2e-1261-4ab7-b8d8-2ae3720e94e6 HTTP/1.1" status: 200 len: 1059 time: 0.0536284
2026-06-28 21:05:30.759 9 INFO neutron.wsgi [req-623bf5a6-b0b4-4382-973e-e5ba286b5e3f req-beb2428c-9079-4c8b-b5d3-1ad3623cbb5c 8e1bdbdf0b2d4629ae976e6e370567bd d5b618ee756f45ea822f05337c484cf1 - - 86e08e0233ff4bfda26ef76c9bfe5e40 86e08e0233ff4bfda26ef76c9bfe5e40] 199.19.213.60 "GET /v2.0/subnets?id=3675f81d-2d42-43c7-97c7-0df503899ec1 HTTP/1.1" status: 200 len: 877 time: 0.0350533
2026-06-28 21:05:30.789 9 INFO neutron.wsgi [req-623bf5a6-b0b4-4382-973e-e5ba286b5e3f req-c247fd14-b63f-4c60-b935-a2166d9e56ed 8e1bdbdf0b2d4629ae976e6e370567bd d5b618ee756f45ea822f05337c484cf1 - - 86e08e0233ff4bfda26ef76c9bfe5e40 86e08e0233ff4bfda26ef76c9bfe5e40] 199.19.213.60 "GET /v2.0/ports?network_id=b1d66366-2d66-40cb-b97e-417eb071b7d2&device_owner=network%3Adhcp HTTP/1.1" status: 200 len: 210 time: 0.0241418
2026-06-28 21:05:30.856 9 INFO neutron.wsgi [req-623bf5a6-b0b4-4382-973e-e5ba286b5e3f req-8394f8e6-7c41-4e5a-86ab-8eb265515e2f 8e1bdbdf0b2d4629ae976e6e370567bd d5b618ee756f45ea822f05337c484cf1 - - 86e08e0233ff4bfda26ef76c9bfe5e40 86e08e0233ff4bfda26ef76c9bfe5e40] 199.19.213.60 "GET /v2.0/networks/b1d66366-2d66-40cb-b97e-417eb071b7d2?fields=segments HTTP/1.1" status: 200 len: 212 time: 0.0587742
2026-06-28 21:05:30.929 9 INFO neutron.wsgi [req-623bf5a6-b0b4-4382-973e-e5ba286b5e3f req-f063cf07-82be-4286-92ce-382e8c7c2926 8e1bdbdf0b2d4629ae976e6e370567bd d5b618ee756f45ea822f05337c484cf1 - - 86e08e0233ff4bfda26ef76c9bfe5e40 86e08e0233ff4bfda26ef76c9bfe5e40] 199.19.213.60 "GET /v2.0/networks/b1d66366-2d66-40cb-b97e-417eb071b7d2?fields=provider%3Aphysical_network&fields=provider%3Anetwork_type HTTP/1.1" status: 200 len: 277 time: 0.0650618
2026-06-28 21:05:31.012 9 INFO neutron.wsgi [req-fe37db7c-467f-42c0-8e58-bc1885e01cca req-d8d7e2dd-3706-4117-bf9b-4c8fdfe74f5c 8e1bdbdf0b2d4629ae976e6e370567bd d5b618ee756f45ea822f05337c484cf1 - - 86e08e0233ff4bfda26ef76c9bfe5e40 86e08e0233ff4bfda26ef76c9bfe5e40] 199.19.213.60 "GET /v2.0/ports?tenant_id=4ef2d253bbf4402bbf7d5d9be341092e&device_id=62012fe5-1ad5-4905-8304-d641eedeb63d HTTP/1.1" status: 200 len: 1361 time: 0.0424938
2026-06-28 21:05:31.089 9 INFO neutron.wsgi [req-fe37db7c-467f-42c0-8e58-bc1885e01cca req-5fa40d39-8c2a-42ce-9757-ffe794a2753e 8e1bdbdf0b2d4629ae976e6e370567bd d5b618ee756f45ea822f05337c484cf1 - - 86e08e0233ff4bfda26ef76c9bfe5e40 86e08e0233ff4bfda26ef76c9bfe5e40] 199.19.213.60 "GET /v2.0/networks?id=b1d66366-2d66-40cb-b97e-417eb071b7d2 HTTP/1.1" status: 200 len: 982 time: 0.0723786
2026-06-28 21:05:31.100 9 INFO neutron.services.segments.plugin [-] Segment f2b459a2-1164-4784-a22d-0de1b824e3ae resource provider aggregate not found
2026-06-28 21:05:31.106 9 INFO neutron.services.segments.plugin [-] Segment f2b459a2-1164-4784-a22d-0de1b824e3ae resource provider aggregate not found
