2026-06-28 20:34:25.870 10 INFO neutron.wsgi [-] 10.0.0.70 "GET / HTTP/1.1" status: 200 len: 247 time: 0.0022061
2026-06-28 20:34:25.873 10 INFO neutron.wsgi [-] 10.0.0.70 "GET / HTTP/1.1" status: 200 len: 247 time: 0.0019057
2026-06-28 20:34:40.870 10 INFO neutron.wsgi [-] 10.0.0.70 "GET / HTTP/1.1" status: 200 len: 247 time: 0.0016024
2026-06-28 20:34:40.871 9 INFO neutron.wsgi [-] 10.0.0.70 "GET / HTTP/1.1" status: 200 len: 247 time: 0.0025890
2026-06-28 20:34:55.869 10 INFO neutron.wsgi [-] 10.0.0.70 "GET / HTTP/1.1" status: 200 len: 247 time: 0.0015366
2026-06-28 20:34:55.870 10 INFO neutron.wsgi [-] 10.0.0.70 "GET / HTTP/1.1" status: 200 len: 247 time: 0.0008135
2026-06-28 20:35:10.871 9 INFO neutron.wsgi [-] 10.0.0.70 "GET / HTTP/1.1" status: 200 len: 247 time: 0.0018592
2026-06-28 20:35:10.875 10 INFO neutron.wsgi [-] 10.0.0.70 "GET / HTTP/1.1" status: 200 len: 247 time: 0.0057209
2026-06-28 20:35:25.870 10 INFO neutron.wsgi [-] 10.0.0.70 "GET / HTTP/1.1" status: 200 len: 247 time: 0.0022409
2026-06-28 20:35:25.872 10 INFO neutron.wsgi [-] 10.0.0.70 "GET / HTTP/1.1" status: 200 len: 247 time: 0.0011981
2026-06-28 20:35:40.871 10 INFO neutron.wsgi [-] 10.0.0.70 "GET / HTTP/1.1" status: 200 len: 247 time: 0.0026393
2026-06-28 20:35:40.871 9 INFO neutron.wsgi [-] 10.0.0.70 "GET / HTTP/1.1" status: 200 len: 247 time: 0.0022762
2026-06-28 20:35:50.959 15 INFO neutron.db.ovn_revision_numbers_db [None req-324e1954-eff5-455c-8d00-1eb9bd4d83a4 - - - - - -] Successfully bumped revision number for resource 91ce8d9f-625c-463c-b978-1a2031c7bcd1 (type: networks) to 2
2026-06-28 20:35:50.959 15 INFO neutron.plugins.ml2.drivers.ovn.mech_driver.ovsdb.maintenance [None req-324e1954-eff5-455c-8d00-1eb9bd4d83a4 - - - - - -] Maintenance task: Synchronization finished (took 0.11 seconds)
2026-06-28 20:35:55.871 10 INFO neutron.wsgi [-] 10.0.0.70 "GET / HTTP/1.1" status: 200 len: 247 time: 0.0031507
2026-06-28 20:35:55.873 9 INFO neutron.wsgi [-] 10.0.0.70 "GET / HTTP/1.1" status: 200 len: 247 time: 0.0053885
2026-06-28 20:36:10.871 9 INFO neutron.wsgi [-] 10.0.0.70 "GET / HTTP/1.1" status: 200 len: 247 time: 0.0021219
2026-06-28 20:36:10.872 10 INFO neutron.wsgi [-] 10.0.0.70 "GET / HTTP/1.1" status: 200 len: 247 time: 0.0031321
2026-06-28 20:36:25.869 9 INFO neutron.wsgi [-] 10.0.0.70 "GET / HTTP/1.1" status: 200 len: 247 time: 0.0013411
2026-06-28 20:36:25.871 10 INFO neutron.wsgi [-] 10.0.0.70 "GET / HTTP/1.1" status: 200 len: 247 time: 0.0028789
2026-06-28 20:36:40.870 10 INFO neutron.wsgi [-] 10.0.0.70 "GET / HTTP/1.1" status: 200 len: 247 time: 0.0022941
2026-06-28 20:36:40.871 9 INFO neutron.wsgi [-] 10.0.0.70 "GET / HTTP/1.1" status: 200 len: 247 time: 0.0029862
2026-06-28 20:36:55.870 10 INFO neutron.wsgi [-] 10.0.0.70 "GET / HTTP/1.1" status: 200 len: 247 time: 0.0016329
2026-06-28 20:36:55.872 10 INFO neutron.wsgi [-] 10.0.0.70 "GET / HTTP/1.1" status: 200 len: 247 time: 0.0011959
2026-06-28 20:37:10.869 10 INFO neutron.wsgi [-] 10.0.0.70 "GET / HTTP/1.1" status: 200 len: 247 time: 0.0017486
2026-06-28 20:37:10.876 9 INFO neutron.wsgi [-] 10.0.0.70 "GET / HTTP/1.1" status: 200 len: 247 time: 0.0078094
2026-06-28 20:37:25.870 9 INFO neutron.wsgi [-] 10.0.0.70 "GET / HTTP/1.1" status: 200 len: 247 time: 0.0019393
2026-06-28 20:37:25.871 10 INFO neutron.wsgi [-] 10.0.0.70 "GET / HTTP/1.1" status: 200 len: 247 time: 0.0030446
2026-06-28 20:37:31.446 10 INFO neutron.wsgi [None req-eee5e932-1499-4fa7-a210-df453b798334 7158a4343b1644bca570133cdab81c48 27b21ca08bc649258cc31d37fbe6fa54 - - default default] 199.19.213.60,10.0.0.70 "GET /v2.0/networks HTTP/1.1" status: 200 len: 928 time: 0.2240489
2026-06-28 20:37:31.524 10 INFO neutron.db.segments_db [None req-1e351238-58d0-4538-aa2e-8bef64beaf9d 7158a4343b1644bca570133cdab81c48 27b21ca08bc649258cc31d37fbe6fa54 - - - -] Added segment b68ce1e3-560b-4d3d-b3be-4d88178709e1 of type geneve for network 013a9abe-e505-4b40-9b28-94bf1d3e36fe
2026-06-28 20:37:31.682 10 INFO neutron.db.ovn_revision_numbers_db [None req-1e351238-58d0-4538-aa2e-8bef64beaf9d 7158a4343b1644bca570133cdab81c48 27b21ca08bc649258cc31d37fbe6fa54 - - - -] Successfully bumped revision number for resource 013a9abe-e505-4b40-9b28-94bf1d3e36fe (type: networks) to 1
2026-06-28 20:37:31.860 10 WARNING neutron.scheduler.dhcp_agent_scheduler [None req-1e351238-58d0-4538-aa2e-8bef64beaf9d 7158a4343b1644bca570133cdab81c48 27b21ca08bc649258cc31d37fbe6fa54 - - - -] No more DHCP agents
2026-06-28 20:37:31.864 10 WARNING neutron.api.rpc.agentnotifiers.dhcp_rpc_agent_api [None req-1e351238-58d0-4538-aa2e-8bef64beaf9d 7158a4343b1644bca570133cdab81c48 27b21ca08bc649258cc31d37fbe6fa54 - - - -] Unable to schedule network 013a9abe-e505-4b40-9b28-94bf1d3e36fe: no agents available; will retry on subsequent port and subnet creation events.
2026-06-28 20:37:31.952 10 INFO neutron.db.ovn_revision_numbers_db [None req-1e351238-58d0-4538-aa2e-8bef64beaf9d 7158a4343b1644bca570133cdab81c48 27b21ca08bc649258cc31d37fbe6fa54 - - - -] Successfully bumped revision number for resource 6881c1e0-ad12-4285-ad21-c44fb1886aee (type: ports) to 1
2026-06-28 20:37:31.971 10 INFO neutron.wsgi [None req-1e351238-58d0-4538-aa2e-8bef64beaf9d 7158a4343b1644bca570133cdab81c48 27b21ca08bc649258cc31d37fbe6fa54 - - - -] 199.19.213.60,10.0.0.70 "POST /v2.0/networks HTTP/1.1" status: 201 len: 890 time: 0.5213840
2026-06-28 20:37:32.884 10 INFO neutron.wsgi [None req-39aa28cb-4f79-41f9-8427-7bb4de3047cd 7158a4343b1644bca570133cdab81c48 27b21ca08bc649258cc31d37fbe6fa54 - - default default] 199.19.213.60,10.0.0.70 "GET /v2.0/subnets HTTP/1.1" status: 200 len: 819 time: 0.0951109
2026-06-28 20:37:32.941 10 INFO neutron.wsgi [None req-38625f93-6d33-41a9-93fd-d841707271dc 7158a4343b1644bca570133cdab81c48 27b21ca08bc649258cc31d37fbe6fa54 - - default default] 199.19.213.60,10.0.0.70 "GET /v2.0/networks HTTP/1.1" status: 200 len: 1615 time: 0.0519063
2026-06-28 20:37:33.097 10 WARNING neutron.scheduler.dhcp_agent_scheduler [None req-fe4596a1-0266-4849-804d-0b2b41cbf1ff 7158a4343b1644bca570133cdab81c48 27b21ca08bc649258cc31d37fbe6fa54 - - - -] No more DHCP agents
2026-06-28 20:37:33.099 10 WARNING neutron.api.rpc.agentnotifiers.dhcp_rpc_agent_api [None req-fe4596a1-0266-4849-804d-0b2b41cbf1ff 7158a4343b1644bca570133cdab81c48 27b21ca08bc649258cc31d37fbe6fa54 - - - -] Unable to schedule network 013a9abe-e505-4b40-9b28-94bf1d3e36fe: no agents available; will retry on subsequent port and subnet creation events.
2026-06-28 20:37:33.559 10 INFO neutron.db.ovn_revision_numbers_db [None req-fe4596a1-0266-4849-804d-0b2b41cbf1ff 7158a4343b1644bca570133cdab81c48 27b21ca08bc649258cc31d37fbe6fa54 - - - -] Successfully bumped revision number for resource 6881c1e0-ad12-4285-ad21-c44fb1886aee (type: ports) to 2
2026-06-28 20:37:33.586 10 INFO neutron.db.ovn_revision_numbers_db [None req-fe4596a1-0266-4849-804d-0b2b41cbf1ff 7158a4343b1644bca570133cdab81c48 27b21ca08bc649258cc31d37fbe6fa54 - - - -] Successfully bumped revision number for resource ec18461e-605a-4c01-a3be-a207d86a9799 (type: subnets) to 0
2026-06-28 20:37:33.603 10 INFO neutron.wsgi [None req-fe4596a1-0266-4849-804d-0b2b41cbf1ff 7158a4343b1644bca570133cdab81c48 27b21ca08bc649258cc31d37fbe6fa54 - - - -] 199.19.213.60,10.0.0.70 "POST /v2.0/subnets HTTP/1.1" status: 201 len: 807 time: 0.6565578
2026-06-28 20:37:34.560 9 INFO neutron.wsgi [None req-980b1a63-7f0c-4a0c-8dfd-679a85d82eda 7158a4343b1644bca570133cdab81c48 27b21ca08bc649258cc31d37fbe6fa54 - - default default] 199.19.213.60,10.0.0.70 "GET /v2.0/security-groups?tenant_id=27b21ca08bc649258cc31d37fbe6fa54 HTTP/1.1" status: 200 len: 2969 time: 0.0845046
2026-06-28 20:37:34.665 9 INFO neutron.db.ovn_revision_numbers_db [None req-1e9ae971-f611-4e81-90e0-4f51f1216049 7158a4343b1644bca570133cdab81c48 27b21ca08bc649258cc31d37fbe6fa54 - - - -] Successfully bumped revision number for resource c883d39a-a0b7-4759-831a-ca9cef874159 (type: security_groups) to 1
2026-06-28 20:37:34.682 9 INFO neutron.wsgi [None req-1e9ae971-f611-4e81-90e0-4f51f1216049 7158a4343b1644bca570133cdab81c48 27b21ca08bc649258cc31d37fbe6fa54 - - - -] 199.19.213.60,10.0.0.70 "POST /v2.0/security-groups HTTP/1.1" status: 201 len: 1733 time: 0.1129229
2026-06-28 20:37:35.627 9 INFO neutron.wsgi [None req-164e310e-2bb3-4679-9246-bf157bf1a29d 7158a4343b1644bca570133cdab81c48 27b21ca08bc649258cc31d37fbe6fa54 - - default default] 199.19.213.60,10.0.0.70 "GET /v2.0/security-groups?tenant_id=27b21ca08bc649258cc31d37fbe6fa54 HTTP/1.1" status: 200 len: 4503 time: 0.0817978
2026-06-28 20:37:35.673 9 INFO neutron.wsgi [None req-97f76d6a-8f3b-4ba1-aab0-92ad76540d0a 7158a4343b1644bca570133cdab81c48 27b21ca08bc649258cc31d37fbe6fa54 - - default default] 199.19.213.60,10.0.0.70 "GET /v2.0/security-groups HTTP/1.1" status: 200 len: 4503 time: 0.0391643
2026-06-28 20:37:35.794 9 INFO neutron.db.ovn_revision_numbers_db [None req-3d912fa1-58d2-4617-8630-1376c8fa5581 7158a4343b1644bca570133cdab81c48 27b21ca08bc649258cc31d37fbe6fa54 - - - -] Successfully bumped revision number for resource 462a48c5-643d-4628-b255-badd3722739d (type: security_group_rules) to 0
2026-06-28 20:37:35.821 9 INFO neutron.wsgi [None req-3d912fa1-58d2-4617-8630-1376c8fa5581 7158a4343b1644bca570133cdab81c48 27b21ca08bc649258cc31d37fbe6fa54 - - - -] 199.19.213.60,10.0.0.70 "POST /v2.0/security-group-rules HTTP/1.1" status: 201 len: 749 time: 0.1368222
2026-06-28 20:37:36.668 10 INFO neutron.wsgi [None req-a7b6ed90-639a-4ee8-908c-9171794e3722 7158a4343b1644bca570133cdab81c48 27b21ca08bc649258cc31d37fbe6fa54 - - default default] 199.19.213.60,10.0.0.70 "GET /v2.0/security-groups?tenant_id=27b21ca08bc649258cc31d37fbe6fa54 HTTP/1.1" status: 200 len: 5085 time: 0.1103356
2026-06-28 20:37:36.718 10 INFO neutron.wsgi [None req-bb6e1667-abbd-473e-a27d-17489688adca 7158a4343b1644bca570133cdab81c48 27b21ca08bc649258cc31d37fbe6fa54 - - default default] 199.19.213.60,10.0.0.70 "GET /v2.0/security-groups HTTP/1.1" status: 200 len: 5085 time: 0.0434268
2026-06-28 20:37:36.830 10 INFO neutron.db.ovn_revision_numbers_db [None req-084c1f31-717f-430a-8825-5f24803d6318 7158a4343b1644bca570133cdab81c48 27b21ca08bc649258cc31d37fbe6fa54 - - - -] Successfully bumped revision number for resource e1e6d735-3940-4b8e-82ba-59785d76d0d1 (type: security_group_rules) to 0
2026-06-28 20:37:36.868 10 INFO neutron.wsgi [None req-084c1f31-717f-430a-8825-5f24803d6318 7158a4343b1644bca570133cdab81c48 27b21ca08bc649258cc31d37fbe6fa54 - - - -] 199.19.213.60,10.0.0.70 "POST /v2.0/security-group-rules HTTP/1.1" status: 201 len: 751 time: 0.1409931
2026-06-28 20:37:37.690 9 INFO neutron.wsgi [None req-7240b5a6-aa7f-48ea-8daa-8613df2ed47b 7158a4343b1644bca570133cdab81c48 27b21ca08bc649258cc31d37fbe6fa54 - - default default] 199.19.213.60,10.0.0.70 "GET /v2.0/security-groups?tenant_id=27b21ca08bc649258cc31d37fbe6fa54 HTTP/1.1" status: 200 len: 5669 time: 0.0812035
2026-06-28 20:37:37.734 9 INFO neutron.wsgi [None req-b91f153e-09a9-402d-a9f0-25737e639cac 7158a4343b1644bca570133cdab81c48 27b21ca08bc649258cc31d37fbe6fa54 - - default default] 199.19.213.60,10.0.0.70 "GET /v2.0/security-groups HTTP/1.1" status: 200 len: 5669 time: 0.0361359
2026-06-28 20:37:37.822 9 INFO neutron.db.ovn_revision_numbers_db [None req-79279c76-cc21-4833-8f42-6c0dd31f5002 7158a4343b1644bca570133cdab81c48 27b21ca08bc649258cc31d37fbe6fa54 - - - -] Successfully bumped revision number for resource 6563a8af-4d54-48b0-8c62-1daa7bdd4a38 (type: security_group_rules) to 0
2026-06-28 20:37:37.847 9 INFO neutron.wsgi [None req-79279c76-cc21-4833-8f42-6c0dd31f5002 7158a4343b1644bca570133cdab81c48 27b21ca08bc649258cc31d37fbe6fa54 - - - -] 199.19.213.60,10.0.0.70 "POST /v2.0/security-group-rules HTTP/1.1" status: 201 len: 751 time: 0.1041789
2026-06-28 20:37:38.662 9 INFO neutron.wsgi [None req-d1d0526c-32a9-4afc-897e-1cc6357765a4 7158a4343b1644bca570133cdab81c48 27b21ca08bc649258cc31d37fbe6fa54 - - default default] 199.19.213.60,10.0.0.70 "GET /v2.0/security-groups?tenant_id=27b21ca08bc649258cc31d37fbe6fa54 HTTP/1.1" status: 200 len: 6253 time: 0.0704751
2026-06-28 20:37:38.702 9 INFO neutron.wsgi [None req-940eda36-ff86-4f45-9d13-481504fbcb23 7158a4343b1644bca570133cdab81c48 27b21ca08bc649258cc31d37fbe6fa54 - - default default] 199.19.213.60,10.0.0.70 "GET /v2.0/security-groups HTTP/1.1" status: 200 len: 6253 time: 0.0307021
2026-06-28 20:37:38.800 9 INFO neutron.db.ovn_revision_numbers_db [None req-45319e65-c765-40b0-9d90-c72f97ab5c7f 7158a4343b1644bca570133cdab81c48 27b21ca08bc649258cc31d37fbe6fa54 - - - -] Successfully bumped revision number for resource 2ab8d413-b5a0-48e3-9d1a-273e4ab18520 (type: security_group_rules) to 0
2026-06-28 20:37:38.829 9 INFO neutron.wsgi [None req-45319e65-c765-40b0-9d90-c72f97ab5c7f 7158a4343b1644bca570133cdab81c48 27b21ca08bc649258cc31d37fbe6fa54 - - - -] 199.19.213.60,10.0.0.70 "POST /v2.0/security-group-rules HTTP/1.1" status: 201 len: 751 time: 0.1188054
2026-06-28 20:37:39.634 9 INFO neutron.wsgi [None req-8a7ac297-dc29-434f-a545-e48d36bbe73c 7158a4343b1644bca570133cdab81c48 27b21ca08bc649258cc31d37fbe6fa54 - - default default] 199.19.213.60,10.0.0.70 "GET /v2.0/security-groups?tenant_id=27b21ca08bc649258cc31d37fbe6fa54 HTTP/1.1" status: 200 len: 6837 time: 0.0928996
2026-06-28 20:37:39.680 9 INFO neutron.wsgi [None req-05c23d4e-a69e-4ea8-b299-02b5f1309a47 7158a4343b1644bca570133cdab81c48 27b21ca08bc649258cc31d37fbe6fa54 - - default default] 199.19.213.60,10.0.0.70 "GET /v2.0/security-groups HTTP/1.1" status: 200 len: 6837 time: 0.0389340
2026-06-28 20:37:39.797 9 INFO neutron.db.ovn_revision_numbers_db [None req-76581111-3175-46ea-aca8-865a5f7aa98c 7158a4343b1644bca570133cdab81c48 27b21ca08bc649258cc31d37fbe6fa54 - - - -] Successfully bumped revision number for resource e3cf3be5-0bfa-433d-a1f4-1e1ce2f66e3b (type: security_group_rules) to 0
2026-06-28 20:37:39.819 9 INFO neutron.wsgi [None req-76581111-3175-46ea-aca8-865a5f7aa98c 7158a4343b1644bca570133cdab81c48 27b21ca08bc649258cc31d37fbe6fa54 - - - -] 199.19.213.60,10.0.0.70 "POST /v2.0/security-group-rules HTTP/1.1" status: 201 len: 751 time: 0.1305308
2026-06-28 20:37:40.871 10 INFO neutron.wsgi [-] 10.0.0.70 "GET / HTTP/1.1" status: 200 len: 247 time: 0.0024004
2026-06-28 20:37:40.871 9 INFO neutron.wsgi [-] 10.0.0.70 "GET / HTTP/1.1" status: 200 len: 247 time: 0.0026617
2026-06-28 20:37:40.951 9 INFO neutron.wsgi [None req-dba78e4e-33bf-41bf-a918-22085c4d7d0e 7158a4343b1644bca570133cdab81c48 27b21ca08bc649258cc31d37fbe6fa54 - - default default] 199.19.213.60,10.0.0.70 "GET /v2.0/security-groups HTTP/1.1" status: 200 len: 7421 time: 0.0739112
2026-06-28 20:37:41.003 9 INFO neutron.wsgi [None req-c6f7990c-d4e7-4a9f-bb15-82667de9a206 7158a4343b1644bca570133cdab81c48 27b21ca08bc649258cc31d37fbe6fa54 - - default default] 199.19.213.60,10.0.0.70 "GET /v2.0/ports HTTP/1.1" status: 200 len: 2301 time: 0.0461938
2026-06-28 20:37:41.119 9 INFO neutron.wsgi [None req-4a5150e7-dd39-4e16-8ed4-0739b6227749 7158a4343b1644bca570133cdab81c48 27b21ca08bc649258cc31d37fbe6fa54 - - default default] 199.19.213.60,10.0.0.70 "GET /v2.0/networks HTTP/1.1" status: 200 len: 1653 time: 0.1060760
2026-06-28 20:37:41.404 9 WARNING neutron.scheduler.dhcp_agent_scheduler [None req-18f3c3e4-c9f7-41f1-8c25-3249cb062cd4 7158a4343b1644bca570133cdab81c48 27b21ca08bc649258cc31d37fbe6fa54 - - - -] No more DHCP agents
2026-06-28 20:37:41.406 9 WARNING neutron.api.rpc.agentnotifiers.dhcp_rpc_agent_api [None req-18f3c3e4-c9f7-41f1-8c25-3249cb062cd4 7158a4343b1644bca570133cdab81c48 27b21ca08bc649258cc31d37fbe6fa54 - - - -] Unable to schedule network 013a9abe-e505-4b40-9b28-94bf1d3e36fe: no agents available; will retry on subsequent port and subnet creation events.
2026-06-28 20:37:41.552 9 INFO neutron.db.ovn_revision_numbers_db [None req-18f3c3e4-c9f7-41f1-8c25-3249cb062cd4 7158a4343b1644bca570133cdab81c48 27b21ca08bc649258cc31d37fbe6fa54 - - - -] Successfully bumped revision number for resource 49c5c1c1-7f15-4f23-8008-d29da7b1d494 (type: ports) to 1
2026-06-28 20:37:41.568 9 INFO neutron.wsgi [None req-18f3c3e4-c9f7-41f1-8c25-3249cb062cd4 7158a4343b1644bca570133cdab81c48 27b21ca08bc649258cc31d37fbe6fa54 - - - -] 199.19.213.60,10.0.0.70 "POST /v2.0/ports HTTP/1.1" status: 201 len: 1281 time: 0.4441655
2026-06-28 20:37:47.244 10 INFO neutron.pecan_wsgi.hooks.translation [None req-1dd9fd73-6b2d-4b84-9c9e-ccc9b238957a 7158a4343b1644bca570133cdab81c48 27b21ca08bc649258cc31d37fbe6fa54 - - default default] GET failed (client error): The resource could not be found.
2026-06-28 20:37:47.246 10 INFO neutron.wsgi [None req-1dd9fd73-6b2d-4b84-9c9e-ccc9b238957a 7158a4343b1644bca570133cdab81c48 27b21ca08bc649258cc31d37fbe6fa54 - - default default] 199.19.213.60,10.0.0.70 "GET /v2.0/ports/octavia-health-manager-port-instance HTTP/1.1" status: 404 len: 314 time: 0.0592370
2026-06-28 20:37:47.288 10 INFO neutron.wsgi [None req-8b669dd0-0a0a-48a2-b2f4-eef83b5999fd 7158a4343b1644bca570133cdab81c48 27b21ca08bc649258cc31d37fbe6fa54 - - default default] 199.19.213.60,10.0.0.70 "GET /v2.0/ports?name=octavia-health-manager-port-instance HTTP/1.1" status: 200 len: 1279 time: 0.0392914
2026-06-28 20:37:47.699 10 INFO neutron.db.ovn_revision_numbers_db [None req-38852399-375b-4794-8b87-015c78e8f886 7158a4343b1644bca570133cdab81c48 27b21ca08bc649258cc31d37fbe6fa54 - - - -] Successfully bumped revision number for resource 49c5c1c1-7f15-4f23-8008-d29da7b1d494 (type: ports) to 1
2026-06-28 20:37:47.892 10 INFO neutron.db.ovn_revision_numbers_db [None req-38852399-375b-4794-8b87-015c78e8f886 7158a4343b1644bca570133cdab81c48 27b21ca08bc649258cc31d37fbe6fa54 - - - -] Successfully bumped revision number for resource 49c5c1c1-7f15-4f23-8008-d29da7b1d494 (type: ports) to 2
2026-06-28 20:37:47.906 10 INFO neutron.wsgi [None req-38852399-375b-4794-8b87-015c78e8f886 7158a4343b1644bca570133cdab81c48 27b21ca08bc649258cc31d37fbe6fa54 - - - -] 199.19.213.60,10.0.0.70 "PUT /v2.0/ports/49c5c1c1-7f15-4f23-8008-d29da7b1d494 HTTP/1.1" status: 200 len: 1318 time: 0.6109858 /var/lib/openstack/lib/python3.10/site-packages/pycadf/identifier.py:71: UserWarning: Invalid uuid: unknown. To ensure interoperability, identifiers should be a valid uuid. warnings.warn(('Invalid uuid: %s. To ensure interoperability, '
2026-06-28 20:37:49.386 9 INFO neutron.wsgi [None req-caf97572-2155-448b-869b-dcb2c49c4a51 7158a4343b1644bca570133cdab81c48 27b21ca08bc649258cc31d37fbe6fa54 - - default default] 199.19.213.60,10.0.0.70 "GET /v2.0/ports HTTP/1.1" status: 200 len: 3463 time: 0.0701644 /var/lib/openstack/lib/python3.10/site-packages/pycadf/identifier.py:71: UserWarning: Invalid uuid: unknown. To ensure interoperability, identifiers should be a valid uuid. warnings.warn(('Invalid uuid: %s. To ensure interoperability, '
2026-06-28 20:37:50.327 10 INFO neutron.wsgi [None req-7dc81a19-c0c8-46b8-a01f-8c688500faba 7158a4343b1644bca570133cdab81c48 27b21ca08bc649258cc31d37fbe6fa54 - - default default] 199.19.213.60,10.0.0.70 "GET /v2.0/security-groups?tenant_id=27b21ca08bc649258cc31d37fbe6fa54 HTTP/1.1" status: 200 len: 7421 time: 0.0762932
2026-06-28 20:37:50.426 10 INFO neutron.db.ovn_revision_numbers_db [None req-caa2d0d8-f912-4f39-9b4d-be0289b50362 7158a4343b1644bca570133cdab81c48 27b21ca08bc649258cc31d37fbe6fa54 - - - -] Successfully bumped revision number for resource c66d6570-59f9-4ab9-9537-b9d46a4176f7 (type: security_groups) to 1
2026-06-28 20:37:50.445 10 INFO neutron.wsgi [None req-caa2d0d8-f912-4f39-9b4d-be0289b50362 7158a4343b1644bca570133cdab81c48 27b21ca08bc649258cc31d37fbe6fa54 - - - -] 199.19.213.60,10.0.0.70 "POST /v2.0/security-groups HTTP/1.1" status: 201 len: 1727 time: 0.1064024
2026-06-28 20:37:51.361 10 INFO neutron.wsgi [None req-19f00180-6548-4200-85da-82cca7defc77 7158a4343b1644bca570133cdab81c48 27b21ca08bc649258cc31d37fbe6fa54 - - default default] 199.19.213.60,10.0.0.70 "GET /v2.0/security-groups?tenant_id=27b21ca08bc649258cc31d37fbe6fa54 HTTP/1.1" status: 200 len: 8949 time: 0.0810645
2026-06-28 20:37:51.411 10 INFO neutron.wsgi [None req-6875d52c-98ea-4350-8a2b-6c63225c0551 7158a4343b1644bca570133cdab81c48 27b21ca08bc649258cc31d37fbe6fa54 - - default default] 199.19.213.60,10.0.0.70 "GET /v2.0/security-groups HTTP/1.1" status: 200 len: 8949 time: 0.0389321
2026-06-28 20:37:51.508 10 INFO neutron.db.ovn_revision_numbers_db [None req-234d888b-7432-4035-ac10-4d790b5ad0d2 7158a4343b1644bca570133cdab81c48 27b21ca08bc649258cc31d37fbe6fa54 - - - -] Successfully bumped revision number for resource c7031ec7-1ee4-433d-a7fe-8e6c0c3cc74e (type: security_group_rules) to 0
2026-06-28 20:37:51.534 10 INFO neutron.wsgi [None req-234d888b-7432-4035-ac10-4d790b5ad0d2 7158a4343b1644bca570133cdab81c48 27b21ca08bc649258cc31d37fbe6fa54 - - - -] 199.19.213.60,10.0.0.70 "POST /v2.0/security-group-rules HTTP/1.1" status: 201 len: 771 time: 0.1128695
2026-06-28 20:37:52.378 9 INFO neutron.wsgi [None req-25932e90-dea1-47b8-8b9e-454bda2312c9 7158a4343b1644bca570133cdab81c48 27b21ca08bc649258cc31d37fbe6fa54 - - default default] 199.19.213.60,10.0.0.70 "GET /v2.0/security-groups?tenant_id=27b21ca08bc649258cc31d37fbe6fa54 HTTP/1.1" status: 200 len: 9553 time: 0.0785565
2026-06-28 20:37:52.426 9 INFO neutron.wsgi [None req-b0620281-f495-407b-8aee-8ff115880358 7158a4343b1644bca570133cdab81c48 27b21ca08bc649258cc31d37fbe6fa54 - - default default] 199.19.213.60,10.0.0.70 "GET /v2.0/security-groups HTTP/1.1" status: 200 len: 9553 time: 0.0373635
2026-06-28 20:37:52.547 9 INFO neutron.db.ovn_revision_numbers_db [None req-c6adcc5b-0b4e-4c35-9c83-274e8e9d1f40 7158a4343b1644bca570133cdab81c48 27b21ca08bc649258cc31d37fbe6fa54 - - - -] Successfully bumped revision number for resource 19661572-0cc8-4f33-a8f8-24609e86b9d3 (type: security_group_rules) to 0
2026-06-28 20:37:52.569 9 INFO neutron.wsgi [None req-c6adcc5b-0b4e-4c35-9c83-274e8e9d1f40 7158a4343b1644bca570133cdab81c48 27b21ca08bc649258cc31d37fbe6fa54 - - - -] 199.19.213.60,10.0.0.70 "POST /v2.0/security-group-rules HTTP/1.1" status: 201 len: 775 time: 0.1329205
2026-06-28 20:37:55.870 9 INFO neutron.wsgi [-] 10.0.0.70 "GET / HTTP/1.1" status: 200 len: 247 time: 0.0025351
2026-06-28 20:37:55.871 10 INFO neutron.wsgi [-] 10.0.0.70 "GET / HTTP/1.1" status: 200 len: 247 time: 0.0027919
2026-06-28 20:38:10.871 9 INFO neutron.wsgi [-] 10.0.0.70 "GET / HTTP/1.1" status: 200 len: 247 time: 0.0015335
2026-06-28 20:38:10.872 10 INFO neutron.wsgi [-] 10.0.0.70 "GET / HTTP/1.1" status: 200 len: 247 time: 0.0024388
2026-06-28 20:38:25.872 9 INFO neutron.wsgi [-] 10.0.0.70 "GET / HTTP/1.1" status: 200 len: 247 time: 0.0032125
2026-06-28 20:38:25.872 10 INFO neutron.wsgi [-] 10.0.0.70 "GET / HTTP/1.1" status: 200 len: 247 time: 0.0034635
2026-06-28 20:38:40.869 9 INFO neutron.wsgi [-] 10.0.0.70 "GET / HTTP/1.1" status: 200 len: 247 time: 0.0015707
2026-06-28 20:38:40.869 10 INFO neutron.wsgi [-] 10.0.0.70 "GET / HTTP/1.1" status: 200 len: 247 time: 0.0016851
2026-06-28 20:38:51.173 9 INFO neutron.wsgi [None req-326a63da-c8bc-45fb-a0fd-5bdf8fa2b468 7158a4343b1644bca570133cdab81c48 27b21ca08bc649258cc31d37fbe6fa54 - - default default] 199.19.213.60,10.0.0.70 "GET /v2.0/quotas/27b21ca08bc649258cc31d37fbe6fa54 HTTP/1.1" status: 200 len: 362 time: 0.0097756 /var/lib/openstack/lib/python3.10/site-packages/neutron/extensions/quotasv2.py:140: UserWarning: Neutron quota engine will require "--force" parameter to set a quota limit without checking the resource usage. warnings.warn('Neutron quota engine will require "--force" '
2026-06-28 20:38:51.513 9 INFO neutron.wsgi [None req-31f2a0c0-1b35-478a-b966-f46c3c14070e 7158a4343b1644bca570133cdab81c48 27b21ca08bc649258cc31d37fbe6fa54 - - default default] 199.19.213.60,10.0.0.70 "PUT /v2.0/quotas/27b21ca08bc649258cc31d37fbe6fa54 HTTP/1.1" status: 200 len: 361 time: 0.0316637
2026-06-28 20:38:51.826 9 INFO neutron.wsgi [None req-79c5ad5e-4b93-43b7-b36d-42905ecc9be2 7158a4343b1644bca570133cdab81c48 27b21ca08bc649258cc31d37fbe6fa54 - - default default] 199.19.213.60,10.0.0.70 "GET /v2.0/quotas/27b21ca08bc649258cc31d37fbe6fa54 HTTP/1.1" status: 200 len: 361 time: 0.0107889
2026-06-28 20:38:55.872 9 INFO neutron.wsgi [-] 10.0.0.70 "GET / HTTP/1.1" status: 200 len: 247 time: 0.0030799
2026-06-28 20:38:55.872 10 INFO neutron.wsgi [-] 10.0.0.70 "GET / HTTP/1.1" status: 200 len: 247 time: 0.0034173
2026-06-28 20:39:10.870 9 INFO neutron.wsgi [-] 10.0.0.70 "GET / HTTP/1.1" status: 200 len: 247 time: 0.0022776
2026-06-28 20:39:10.871 10 INFO neutron.wsgi [-] 10.0.0.70 "GET / HTTP/1.1" status: 200 len: 247 time: 0.0030909
2026-06-28 20:39:25.869 9 INFO neutron.wsgi [-] 10.0.0.70 "GET / HTTP/1.1" status: 200 len: 247 time: 0.0016263
2026-06-28 20:39:25.871 10 INFO neutron.wsgi [-] 10.0.0.70 "GET / HTTP/1.1" status: 200 len: 247 time: 0.0034461
2026-06-28 20:39:40.871 10 INFO neutron.wsgi [-] 10.0.0.70 "GET / HTTP/1.1" status: 200 len: 247 time: 0.0027313
2026-06-28 20:39:40.874 10 INFO neutron.wsgi [-] 10.0.0.70 "GET / HTTP/1.1" status: 200 len: 247 time: 0.0020401
2026-06-28 20:39:55.870 9 INFO neutron.wsgi [-] 10.0.0.70 "GET / HTTP/1.1" status: 200 len: 247 time: 0.0016375
2026-06-28 20:39:55.871 10 INFO neutron.wsgi [-] 10.0.0.70 "GET / HTTP/1.1" status: 200 len: 247 time: 0.0031650
2026-06-28 20:40:10.870 9 INFO neutron.wsgi [-] 10.0.0.70 "GET / HTTP/1.1" status: 200 len: 247 time: 0.0023921
2026-06-28 20:40:10.870 10 INFO neutron.wsgi [-] 10.0.0.70 "GET / HTTP/1.1" status: 200 len: 247 time: 0.0023801
2026-06-28 20:40:25.871 9 INFO neutron.wsgi [-] 10.0.0.70 "GET / HTTP/1.1" status: 200 len: 247 time: 0.0025508
2026-06-28 20:40:25.871 10 INFO neutron.wsgi [-] 10.0.0.70 "GET / HTTP/1.1" status: 200 len: 247 time: 0.0024142
2026-06-28 20:40:40.874 10 INFO neutron.wsgi [-] 10.0.0.70 "GET / HTTP/1.1" status: 200 len: 247 time: 0.0054293
2026-06-28 20:40:40.876 10 INFO neutron.wsgi [-] 10.0.0.70 "GET / HTTP/1.1" status: 200 len: 247 time: 0.0013556 /var/lib/openstack/lib/python3.10/site-packages/pycadf/identifier.py:71: UserWarning: Invalid uuid: neutron. To ensure interoperability, identifiers should be a valid uuid. warnings.warn(('Invalid uuid: %s. To ensure interoperability, '
2026-06-28 20:40:50.584 10 INFO neutron.pecan_wsgi.hooks.translation [None req-d3f946bc-c44b-49e4-a8b9-6bf1295a0514 7158a4343b1644bca570133cdab81c48 27b21ca08bc649258cc31d37fbe6fa54 - - default default] GET failed (client error): The resource could not be found.
2026-06-28 20:40:50.585 10 INFO neutron.wsgi [None req-d3f946bc-c44b-49e4-a8b9-6bf1295a0514 7158a4343b1644bca570133cdab81c48 27b21ca08bc649258cc31d37fbe6fa54 - - default default] 199.19.213.60 "GET /v2.0/ports/octavia-health-manager-port-instance HTTP/1.1" status: 404 len: 338 time: 0.2065878
2026-06-28 20:40:50.623 10 INFO neutron.wsgi [None req-a0a1f9fe-e6a1-4367-bd2b-6a3f0d17382c 7158a4343b1644bca570133cdab81c48 27b21ca08bc649258cc31d37fbe6fa54 - - default default] 199.19.213.60 "GET /v2.0/ports?name=octavia-health-manager-port-instance HTTP/1.1" status: 200 len: 1373 time: 0.0335855
2026-06-28 20:40:50.969 15 INFO neutron.db.ovn_revision_numbers_db [None req-324e1954-eff5-455c-8d00-1eb9bd4d83a4 - - - - - -] Successfully bumped revision number for resource 013a9abe-e505-4b40-9b28-94bf1d3e36fe (type: networks) to 2
2026-06-28 20:40:51.008 15 INFO neutron.db.ovn_revision_numbers_db [None req-324e1954-eff5-455c-8d00-1eb9bd4d83a4 - - - - - -] Successfully bumped revision number for resource c883d39a-a0b7-4759-831a-ca9cef874159 (type: security_groups) to 6
2026-06-28 20:40:51.035 15 INFO neutron.db.ovn_revision_numbers_db [None req-324e1954-eff5-455c-8d00-1eb9bd4d83a4 - - - - - -] Successfully bumped revision number for resource c66d6570-59f9-4ab9-9537-b9d46a4176f7 (type: security_groups) to 3
2026-06-28 20:40:51.231 15 INFO neutron.db.ovn_revision_numbers_db [None req-324e1954-eff5-455c-8d00-1eb9bd4d83a4 - - - - - -] Successfully bumped revision number for resource 49c5c1c1-7f15-4f23-8008-d29da7b1d494 (type: ports) to 3
2026-06-28 20:40:51.233 15 INFO neutron.plugins.ml2.drivers.ovn.mech_driver.ovsdb.maintenance [None req-324e1954-eff5-455c-8d00-1eb9bd4d83a4 - - - - - -] Maintenance task: Synchronization finished (took 0.36 seconds) /var/lib/openstack/lib/python3.10/site-packages/pycadf/identifier.py:71: UserWarning: Invalid uuid: neutron. To ensure interoperability, identifiers should be a valid uuid. warnings.warn(('Invalid uuid: %s. To ensure interoperability, '
2026-06-28 20:40:52.243 9 INFO neutron.pecan_wsgi.hooks.translation [None req-4741f50a-5c16-4813-a002-6d6813d35712 7158a4343b1644bca570133cdab81c48 27b21ca08bc649258cc31d37fbe6fa54 - - default default] GET failed (client error): The resource could not be found.
2026-06-28 20:40:52.245 9 INFO neutron.wsgi [None req-4741f50a-5c16-4813-a002-6d6813d35712 7158a4343b1644bca570133cdab81c48 27b21ca08bc649258cc31d37fbe6fa54 - - default default] 199.19.213.60 "GET /v2.0/ports/octavia-health-manager-port-instance HTTP/1.1" status: 404 len: 338 time: 0.0889845
2026-06-28 20:40:52.287 9 INFO neutron.wsgi [None req-572cbb55-4ad3-4752-8a63-1f4b8b929670 7158a4343b1644bca570133cdab81c48 27b21ca08bc649258cc31d37fbe6fa54 - - default default] 199.19.213.60 "GET /v2.0/ports?name=octavia-health-manager-port-instance HTTP/1.1" status: 200 len: 1373 time: 0.0381856
2026-06-28 20:40:53.487 9 INFO neutron.plugins.ml2.drivers.ovn.mech_driver.mech_driver [-] OVN reports status up for port: 49c5c1c1-7f15-4f23-8008-d29da7b1d494
2026-06-28 20:40:53.513 9 INFO neutron.plugins.ml2.plugin [None req-dff9ed6f-4662-4b77-852b-6b91bd7a5f84 - - - - - -] Attempt 1 to provision port 49c5c1c1-7f15-4f23-8008-d29da7b1d494
2026-06-28 20:40:53.865 9 INFO neutron.db.ovn_revision_numbers_db [None req-dff9ed6f-4662-4b77-852b-6b91bd7a5f84 - - - - - -] Successfully bumped revision number for resource 49c5c1c1-7f15-4f23-8008-d29da7b1d494 (type: ports) to 4
2026-06-28 20:40:55.870 9 INFO neutron.wsgi [-] 10.0.0.70 "GET / HTTP/1.1" status: 200 len: 247 time: 0.0018885
2026-06-28 20:40:55.872 9 INFO neutron.wsgi [-] 10.0.0.70 "GET / HTTP/1.1" status: 200 len: 247 time: 0.0012906
2026-06-28 20:41:10.870 10 INFO neutron.wsgi [-] 10.0.0.70 "GET / HTTP/1.1" status: 200 len: 247 time: 0.0023310
2026-06-28 20:41:10.875 9 INFO neutron.wsgi [-] 10.0.0.70 "GET / HTTP/1.1" status: 200 len: 247 time: 0.0038137
2026-06-28 20:41:25.870 9 INFO neutron.wsgi [-] 10.0.0.70 "GET / HTTP/1.1" status: 200 len: 247 time: 0.0024583
2026-06-28 20:41:25.871 10 INFO neutron.wsgi [-] 10.0.0.70 "GET / HTTP/1.1" status: 200 len: 247 time: 0.0033164
2026-06-28 20:41:40.871 9 INFO neutron.wsgi [-] 10.0.0.70 "GET / HTTP/1.1" status: 200 len: 247 time: 0.0024931
2026-06-28 20:41:40.872 10 INFO neutron.wsgi [-] 10.0.0.70 "GET / HTTP/1.1" status: 200 len: 247 time: 0.0032063
2026-06-28 20:41:55.869 9 INFO neutron.wsgi [-] 10.0.0.70 "GET / HTTP/1.1" status: 200 len: 247 time: 0.0016880
2026-06-28 20:41:55.871 10 INFO neutron.wsgi [-] 10.0.0.70 "GET / HTTP/1.1" status: 200 len: 247 time: 0.0027556
2026-06-28 20:42:10.871 9 INFO neutron.wsgi [-] 10.0.0.70 "GET / HTTP/1.1" status: 200 len: 247 time: 0.0029323
2026-06-28 20:42:10.872 10 INFO neutron.wsgi [-] 10.0.0.70 "GET / HTTP/1.1" status: 200 len: 247 time: 0.0033517
2026-06-28 20:42:25.871 10 INFO neutron.wsgi [-] 10.0.0.70 "GET / HTTP/1.1" status: 200 len: 247 time: 0.0023551
2026-06-28 20:42:25.871 9 INFO neutron.wsgi [-] 10.0.0.70 "GET / HTTP/1.1" status: 200 len: 247 time: 0.0024643
2026-06-28 20:42:40.871 10 INFO neutron.wsgi [-] 10.0.0.70 "GET / HTTP/1.1" status: 200 len: 247 time: 0.0026295
2026-06-28 20:42:40.873 10 INFO neutron.wsgi [-] 10.0.0.70 "GET / HTTP/1.1" status: 200 len: 247 time: 0.0021284
2026-06-28 20:42:55.871 9 INFO neutron.wsgi [-] 10.0.0.70 "GET / HTTP/1.1" status: 200 len: 247 time: 0.0027361
2026-06-28 20:42:55.871 10 INFO neutron.wsgi [-] 10.0.0.70 "GET / HTTP/1.1" status: 200 len: 247 time: 0.0025816
2026-06-28 20:43:10.870 10 INFO neutron.wsgi [-] 10.0.0.70 "GET / HTTP/1.1" status: 200 len: 247 time: 0.0016735
2026-06-28 20:43:10.873 10 INFO neutron.wsgi [-] 10.0.0.70 "GET / HTTP/1.1" status: 200 len: 247 time: 0.0019305
2026-06-28 20:43:25.871 9 INFO neutron.wsgi [-] 10.0.0.70 "GET / HTTP/1.1" status: 200 len: 247 time: 0.0023892
2026-06-28 20:43:25.871 10 INFO neutron.wsgi [-] 10.0.0.70 "GET / HTTP/1.1" status: 200 len: 247 time: 0.0024459
2026-06-28 20:43:40.870 10 INFO neutron.wsgi [-] 10.0.0.70 "GET / HTTP/1.1" status: 200 len: 247 time: 0.0025554
2026-06-28 20:43:40.874 9 INFO neutron.wsgi [-] 10.0.0.70 "GET / HTTP/1.1" status: 200 len: 247 time: 0.0045111
2026-06-28 20:43:55.871 10 INFO neutron.wsgi [-] 10.0.0.70 "GET / HTTP/1.1" status: 200 len: 247 time: 0.0031297
2026-06-28 20:43:55.871 9 INFO neutron.wsgi [-] 10.0.0.70 "GET / HTTP/1.1" status: 200 len: 247 time: 0.0028410
2026-06-28 20:44:10.870 10 INFO neutron.wsgi [-] 10.0.0.70 "GET / HTTP/1.1" status: 200 len: 247 time: 0.0017262
2026-06-28 20:44:10.871 9 INFO neutron.wsgi [-] 10.0.0.70 "GET / HTTP/1.1" status: 200 len: 247 time: 0.0029898
2026-06-28 20:44:25.871 10 INFO neutron.wsgi [-] 10.0.0.70 "GET / HTTP/1.1" status: 200 len: 247 time: 0.0026081
2026-06-28 20:44:25.871 9 INFO neutron.wsgi [-] 10.0.0.70 "GET / HTTP/1.1" status: 200 len: 247 time: 0.0028956
2026-06-28 20:44:40.870 9 INFO neutron.wsgi [-] 10.0.0.70 "GET / HTTP/1.1" status: 200 len: 247 time: 0.0017653
2026-06-28 20:44:40.874 10 INFO neutron.wsgi [-] 10.0.0.70 "GET / HTTP/1.1" status: 200 len: 247 time: 0.0044043
2026-06-28 20:44:55.871 10 INFO neutron.wsgi [-] 10.0.0.70 "GET / HTTP/1.1" status: 200 len: 247 time: 0.0024328
2026-06-28 20:44:55.871 9 INFO neutron.wsgi [-] 10.0.0.70 "GET / HTTP/1.1" status: 200 len: 247 time: 0.0023789
2026-06-28 20:45:10.870 9 INFO neutron.wsgi [-] 10.0.0.70 "GET / HTTP/1.1" status: 200 len: 247 time: 0.0022945
2026-06-28 20:45:10.876 9 INFO neutron.wsgi [-] 10.0.0.70 "GET / HTTP/1.1" status: 200 len: 247 time: 0.0047855
2026-06-28 20:45:25.871 10 INFO neutron.wsgi [-] 10.0.0.70 "GET / HTTP/1.1" status: 200 len: 247 time: 0.0022764
2026-06-28 20:45:25.871 9 INFO neutron.wsgi [-] 10.0.0.70 "GET / HTTP/1.1" status: 200 len: 247 time: 0.0027866
2026-06-28 20:45:40.871 9 INFO neutron.wsgi [-] 10.0.0.70 "GET / HTTP/1.1" status: 200 len: 247 time: 0.0025535
2026-06-28 20:45:40.933 10 INFO neutron.wsgi [-] 10.0.0.70 "GET / HTTP/1.1" status: 200 len: 247 time: 0.0650365
2026-06-28 20:45:55.870 9 INFO neutron.wsgi [-] 10.0.0.70 "GET / HTTP/1.1" status: 200 len: 247 time: 0.0021706
2026-06-28 20:45:55.872 9 INFO neutron.wsgi [-] 10.0.0.70 "GET / HTTP/1.1" status: 200 len: 247 time: 0.0012729
2026-06-28 20:46:10.870 9 INFO neutron.wsgi [-] 10.0.0.70 "GET / HTTP/1.1" status: 200 len: 247 time: 0.0021558
2026-06-28 20:46:10.871 10 INFO neutron.wsgi [-] 10.0.0.70 "GET / HTTP/1.1" status: 200 len: 247 time: 0.0026083
2026-06-28 20:46:25.870 9 INFO neutron.wsgi [-] 10.0.0.70 "GET / HTTP/1.1" status: 200 len: 247 time: 0.0013552
2026-06-28 20:46:25.871 9 INFO neutron.wsgi [-] 10.0.0.70 "GET / HTTP/1.1" status: 200 len: 247 time: 0.0009720 /var/lib/openstack/lib/python3.10/site-packages/pycadf/identifier.py:71: UserWarning: Invalid uuid: unknown. To ensure interoperability, identifiers should be a valid uuid. warnings.warn(('Invalid uuid: %s. To ensure interoperability, '
2026-06-28 20:46:40.001 9 INFO neutron.db.ovn_revision_numbers_db [None req-29269226-2ce3-4c60-8cea-86cee523187d 7158a4343b1644bca570133cdab81c48 27b21ca08bc649258cc31d37fbe6fa54 - - default default] Successfully bumped revision number for resource 835cc616-45f2-4072-b700-186ac96b65a8 (type: security_groups) to 1
2026-06-28 20:46:40.025 9 INFO neutron.wsgi [None req-29269226-2ce3-4c60-8cea-86cee523187d 7158a4343b1644bca570133cdab81c48 27b21ca08bc649258cc31d37fbe6fa54 - - default default] 199.19.213.60,10.0.0.70 "GET /v2.0/security-groups?tenant_id=d5b618ee756f45ea822f05337c484cf1 HTTP/1.1" status: 200 len: 2973 time: 0.2357852
2026-06-28 20:46:40.123 9 INFO neutron.db.ovn_revision_numbers_db [None req-d6370cfe-a488-456a-96a2-be44e14f0bcf 7158a4343b1644bca570133cdab81c48 27b21ca08bc649258cc31d37fbe6fa54 - - - -] Successfully bumped revision number for resource 859c46af-6eee-416e-b84b-33acb6abba87 (type: security_groups) to 1
2026-06-28 20:46:40.143 9 INFO neutron.wsgi [None req-d6370cfe-a488-456a-96a2-be44e14f0bcf 7158a4343b1644bca570133cdab81c48 27b21ca08bc649258cc31d37fbe6fa54 - - - -] 199.19.213.60,10.0.0.70 "POST /v2.0/security-groups HTTP/1.1" status: 201 len: 1741 time: 0.1108382
2026-06-28 20:46:40.870 10 INFO neutron.wsgi [-] 10.0.0.70 "GET / HTTP/1.1" status: 200 len: 247 time: 0.0017779
2026-06-28 20:46:40.870 9 INFO neutron.wsgi [-] 10.0.0.70 "GET / HTTP/1.1" status: 200 len: 247 time: 0.0017178
2026-06-28 20:46:41.059 9 INFO neutron.wsgi [None req-f00082cf-8c10-4c09-b64c-0834d65936a8 7158a4343b1644bca570133cdab81c48 27b21ca08bc649258cc31d37fbe6fa54 - - default default] 199.19.213.60,10.0.0.70 "GET /v2.0/security-groups?tenant_id=d5b618ee756f45ea822f05337c484cf1 HTTP/1.1" status: 200 len: 4515 time: 0.0715368
2026-06-28 20:46:41.120 9 INFO neutron.wsgi [None req-29694dcb-7695-4b0a-9096-c5c160355f70 7158a4343b1644bca570133cdab81c48 27b21ca08bc649258cc31d37fbe6fa54 - - default default] 199.19.213.60,10.0.0.70 "GET /v2.0/security-groups HTTP/1.1" status: 200 len: 14480 time: 0.0511703
2026-06-28 20:46:41.241 9 INFO neutron.db.ovn_revision_numbers_db [None req-ecb437fb-0ba5-4c0c-87b3-be12bafba266 7158a4343b1644bca570133cdab81c48 27b21ca08bc649258cc31d37fbe6fa54 - - - -] Successfully bumped revision number for resource 40116148-8b86-4f91-96e1-ca82e424be17 (type: security_group_rules) to 0
2026-06-28 20:46:41.264 9 INFO neutron.wsgi [None req-ecb437fb-0ba5-4c0c-87b3-be12bafba266 7158a4343b1644bca570133cdab81c48 27b21ca08bc649258cc31d37fbe6fa54 - - - -] 199.19.213.60,10.0.0.70 "POST /v2.0/security-group-rules HTTP/1.1" status: 201 len: 745 time: 0.1294761
2026-06-28 20:46:42.103 9 INFO neutron.wsgi [None req-1e330218-2517-4fc5-a5f9-790e5324fd7d 7158a4343b1644bca570133cdab81c48 27b21ca08bc649258cc31d37fbe6fa54 - - default default] 199.19.213.60,10.0.0.70 "GET /v2.0/security-groups?tenant_id=d5b618ee756f45ea822f05337c484cf1 HTTP/1.1" status: 200 len: 5093 time: 0.0614593
2026-06-28 20:46:42.164 9 INFO neutron.wsgi [None req-31cb81dd-d047-474c-a572-21a271cba019 7158a4343b1644bca570133cdab81c48 27b21ca08bc649258cc31d37fbe6fa54 - - default default] 199.19.213.60,10.0.0.70 "GET /v2.0/security-groups HTTP/1.1" status: 200 len: 15058 time: 0.0530875
2026-06-28 20:46:42.324 9 INFO neutron.db.ovn_revision_numbers_db [None req-7f112b6e-4343-43f2-a20a-f0464022bc60 7158a4343b1644bca570133cdab81c48 27b21ca08bc649258cc31d37fbe6fa54 - - - -] Successfully bumped revision number for resource 8bc705b9-b2c8-45ff-acc4-1cc6e8334306 (type: security_group_rules) to 0
2026-06-28 20:46:42.372 9 INFO neutron.wsgi [None req-7f112b6e-4343-43f2-a20a-f0464022bc60 7158a4343b1644bca570133cdab81c48 27b21ca08bc649258cc31d37fbe6fa54 - - - -] 199.19.213.60,10.0.0.70 "POST /v2.0/security-group-rules HTTP/1.1" status: 201 len: 747 time: 0.1990263
2026-06-28 20:46:43.223 9 INFO neutron.wsgi [None req-ed73bf16-d586-4dbb-af01-ed523d694e90 7158a4343b1644bca570133cdab81c48 27b21ca08bc649258cc31d37fbe6fa54 - - default default] 199.19.213.60,10.0.0.70 "GET /v2.0/security-groups?tenant_id=d5b618ee756f45ea822f05337c484cf1 HTTP/1.1" status: 200 len: 5673 time: 0.0707862
2026-06-28 20:46:43.291 9 INFO neutron.wsgi [None req-f36ec420-f80c-4a52-9fce-7fd74b1d0902 7158a4343b1644bca570133cdab81c48 27b21ca08bc649258cc31d37fbe6fa54 - - default default] 199.19.213.60,10.0.0.70 "GET /v2.0/security-groups HTTP/1.1" status: 200 len: 15638 time: 0.0596380
2026-06-28 20:46:43.436 9 INFO neutron.db.ovn_revision_numbers_db [None req-9aa8f7b3-9589-4004-83b8-9adfdbba7345 7158a4343b1644bca570133cdab81c48 27b21ca08bc649258cc31d37fbe6fa54 - - - -] Successfully bumped revision number for resource c30abe7e-7565-4437-8caa-3ee4b1cf3ee8 (type: security_group_rules) to 0
2026-06-28 20:46:43.479 9 INFO neutron.wsgi [None req-9aa8f7b3-9589-4004-83b8-9adfdbba7345 7158a4343b1644bca570133cdab81c48 27b21ca08bc649258cc31d37fbe6fa54 - - - -] 199.19.213.60,10.0.0.70 "POST /v2.0/security-group-rules HTTP/1.1" status: 201 len: 749 time: 0.1764526
2026-06-28 20:46:44.391 9 INFO neutron.wsgi [None req-3178d5ac-d37e-4325-85dc-c787c7ead893 7158a4343b1644bca570133cdab81c48 27b21ca08bc649258cc31d37fbe6fa54 - - default default] 199.19.213.60,10.0.0.70 "GET /v2.0/security-groups?tenant_id=d5b618ee756f45ea822f05337c484cf1 HTTP/1.1" status: 200 len: 6255 time: 0.0727944
2026-06-28 20:46:44.454 9 INFO neutron.wsgi [None req-b82dd708-39b2-43a8-9134-5beaecc43828 7158a4343b1644bca570133cdab81c48 27b21ca08bc649258cc31d37fbe6fa54 - - default default] 199.19.213.60,10.0.0.70 "GET /v2.0/security-groups HTTP/1.1" status: 200 len: 16220 time: 0.0539515
2026-06-28 20:46:44.598 9 INFO neutron.db.ovn_revision_numbers_db [None req-0997cb3d-176c-4e20-9129-85daa1c06d39 7158a4343b1644bca570133cdab81c48 27b21ca08bc649258cc31d37fbe6fa54 - - - -] Successfully bumped revision number for resource b9a077ba-4ddd-46a3-ad54-d40b398b67c6 (type: security_group_rules) to 0
2026-06-28 20:46:44.640 9 INFO neutron.wsgi [None req-0997cb3d-176c-4e20-9129-85daa1c06d39 7158a4343b1644bca570133cdab81c48 27b21ca08bc649258cc31d37fbe6fa54 - - - -] 199.19.213.60,10.0.0.70 "POST /v2.0/security-group-rules HTTP/1.1" status: 201 len: 750 time: 0.1742678
2026-06-28 20:46:55.871 10 INFO neutron.wsgi [-] 10.0.0.70 "GET / HTTP/1.1" status: 200 len: 247 time: 0.0026901
2026-06-28 20:46:55.871 9 INFO neutron.wsgi [-] 10.0.0.70 "GET / HTTP/1.1" status: 200 len: 247 time: 0.0027936
2026-06-28 20:47:10.870 9 INFO neutron.wsgi [-] 10.0.0.70 "GET / HTTP/1.1" status: 200 len: 247 time: 0.0023115
2026-06-28 20:47:10.873 10 INFO neutron.wsgi [-] 10.0.0.70 "GET / HTTP/1.1" status: 200 len: 247 time: 0.0040257
2026-06-28 20:47:25.871 9 INFO neutron.wsgi [-] 10.0.0.70 "GET / HTTP/1.1" status: 200 len: 247 time: 0.0024621
2026-06-28 20:47:25.874 9 INFO neutron.wsgi [-] 10.0.0.70 "GET / HTTP/1.1" status: 200 len: 247 time: 0.0020587
2026-06-28 20:47:40.871 9 INFO neutron.wsgi [-] 10.0.0.70 "GET / HTTP/1.1" status: 200 len: 247 time: 0.0021751
2026-06-28 20:47:40.871 10 INFO neutron.wsgi [-] 10.0.0.70 "GET / HTTP/1.1" status: 200 len: 247 time: 0.0025928
2026-06-28 20:47:55.870 9 INFO neutron.wsgi [-] 10.0.0.70 "GET / HTTP/1.1" status: 200 len: 247 time: 0.0017979
2026-06-28 20:47:55.871 10 INFO neutron.wsgi [-] 10.0.0.70 "GET / HTTP/1.1" status: 200 len: 247 time: 0.0024614
2026-06-28 20:48:10.871 9 INFO neutron.wsgi [-] 10.0.0.70 "GET / HTTP/1.1" status: 200 len: 247 time: 0.0022893
2026-06-28 20:48:10.871 10 INFO neutron.wsgi [-] 10.0.0.70 "GET / HTTP/1.1" status: 200 len: 247 time: 0.0027020
2026-06-28 20:48:25.872 9 INFO neutron.wsgi [-] 10.0.0.70 "GET / HTTP/1.1" status: 200 len: 247 time: 0.0024738
2026-06-28 20:48:25.875 10 INFO neutron.wsgi [-] 10.0.0.70 "GET / HTTP/1.1" status: 200 len: 247 time: 0.0052269
2026-06-28 20:48:40.870 10 INFO neutron.wsgi [-] 10.0.0.70 "GET / HTTP/1.1" status: 200 len: 247 time: 0.0021145
2026-06-28 20:48:40.873 10 INFO neutron.wsgi [-] 10.0.0.70 "GET / HTTP/1.1" status: 200 len: 247 time: 0.0018840
2026-06-28 20:48:48.807 10 INFO neutron.wsgi [None req-aaf86ff3-501e-4f39-a951-dcdadefe479c 35d21c5f60fc45c8961e8c000587039d d5b618ee756f45ea822f05337c484cf1 - - 86e08e0233ff4bfda26ef76c9bfe5e40 86e08e0233ff4bfda26ef76c9bfe5e40] 199.19.213.60 "GET /v2.0/networks?tenant_id=d5b618ee756f45ea822f05337c484cf1&shared=False HTTP/1.1" status: 200 len: 213 time: 0.1366103
2026-06-28 20:48:48.896 10 INFO neutron.db.segments_db [None req-676fc085-fc01-4b25-9e5e-da80dea165c2 35d21c5f60fc45c8961e8c000587039d d5b618ee756f45ea822f05337c484cf1 - - - -] Added segment 8a206c79-588f-487f-8f7f-019679c093f4 of type geneve for network 406e8118-0d25-453f-8cfe-c1b254503647
2026-06-28 20:48:49.025 10 INFO neutron.db.ovn_revision_numbers_db [None req-676fc085-fc01-4b25-9e5e-da80dea165c2 35d21c5f60fc45c8961e8c000587039d d5b618ee756f45ea822f05337c484cf1 - - - -] Successfully bumped revision number for resource 406e8118-0d25-453f-8cfe-c1b254503647 (type: networks) to 1
2026-06-28 20:48:49.176 10 WARNING neutron.scheduler.dhcp_agent_scheduler [None req-676fc085-fc01-4b25-9e5e-da80dea165c2 35d21c5f60fc45c8961e8c000587039d d5b618ee756f45ea822f05337c484cf1 - - - -] No more DHCP agents
2026-06-28 20:48:49.178 10 WARNING neutron.api.rpc.agentnotifiers.dhcp_rpc_agent_api [None req-676fc085-fc01-4b25-9e5e-da80dea165c2 35d21c5f60fc45c8961e8c000587039d d5b618ee756f45ea822f05337c484cf1 - - - -] Unable to schedule network 406e8118-0d25-453f-8cfe-c1b254503647: no agents available; will retry on subsequent port and subnet creation events.
2026-06-28 20:48:49.235 10 INFO neutron.db.ovn_revision_numbers_db [None req-676fc085-fc01-4b25-9e5e-da80dea165c2 35d21c5f60fc45c8961e8c000587039d d5b618ee756f45ea822f05337c484cf1 - - - -] Successfully bumped revision number for resource 2fb75a7e-4ad6-40a1-b085-7b7f3ecd75d2 (type: ports) to 1
2026-06-28 20:48:49.253 10 INFO neutron.wsgi [None req-676fc085-fc01-4b25-9e5e-da80dea165c2 35d21c5f60fc45c8961e8c000587039d d5b618ee756f45ea822f05337c484cf1 - - - -] 199.19.213.60 "POST /v2.0/networks HTTP/1.1" status: 201 len: 925 time: 0.4405704
2026-06-28 20:48:49.292 10 INFO neutron.wsgi [None req-7d8f40e9-1c84-43f8-a1b2-846a497e096b 35d21c5f60fc45c8961e8c000587039d d5b618ee756f45ea822f05337c484cf1 - - 86e08e0233ff4bfda26ef76c9bfe5e40 86e08e0233ff4bfda26ef76c9bfe5e40] 199.19.213.60 "GET /v2.0/ports?device_id=manila-share&binding%3Ahost_id=instance HTTP/1.1" status: 200 len: 210 time: 0.0301199
2026-06-28 20:48:49.308 10 INFO neutron.wsgi [None req-18eaafdc-d8d6-47d1-864b-ca4f0ddb5de6 35d21c5f60fc45c8961e8c000587039d d5b618ee756f45ea822f05337c484cf1 - - 86e08e0233ff4bfda26ef76c9bfe5e40 86e08e0233ff4bfda26ef76c9bfe5e40] 199.19.213.60 "GET /v2.0/extensions HTTP/1.1" status: 200 len: 16525 time: 0.0077329
2026-06-28 20:48:49.511 10 WARNING neutron.scheduler.dhcp_agent_scheduler [None req-2eedcd7f-7efe-4d72-8e1b-dd245fd9d9d8 35d21c5f60fc45c8961e8c000587039d d5b618ee756f45ea822f05337c484cf1 - - - -] No more DHCP agents
2026-06-28 20:48:49.512 10 WARNING neutron.api.rpc.agentnotifiers.dhcp_rpc_agent_api [None req-2eedcd7f-7efe-4d72-8e1b-dd245fd9d9d8 35d21c5f60fc45c8961e8c000587039d d5b618ee756f45ea822f05337c484cf1 - - - -] Unable to schedule network 406e8118-0d25-453f-8cfe-c1b254503647: no agents available; will retry on subsequent port and subnet creation events.
2026-06-28 20:48:49.590 10 INFO neutron.db.ovn_revision_numbers_db [None req-2eedcd7f-7efe-4d72-8e1b-dd245fd9d9d8 35d21c5f60fc45c8961e8c000587039d d5b618ee756f45ea822f05337c484cf1 - - - -] Successfully bumped revision number for resource 3141768f-55d6-4186-b8ec-3e1be6c7cc5f (type: ports) to 1
2026-06-28 20:48:49.746 10 INFO neutron.db.ovn_revision_numbers_db [None req-2eedcd7f-7efe-4d72-8e1b-dd245fd9d9d8 35d21c5f60fc45c8961e8c000587039d d5b618ee756f45ea822f05337c484cf1 - - - -] Successfully bumped revision number for resource 3141768f-55d6-4186-b8ec-3e1be6c7cc5f (type: ports) to 1
2026-06-28 20:48:49.769 10 INFO neutron.wsgi [None req-2eedcd7f-7efe-4d72-8e1b-dd245fd9d9d8 35d21c5f60fc45c8961e8c000587039d d5b618ee756f45ea822f05337c484cf1 - - - -] 199.19.213.60 "POST /v2.0/ports HTTP/1.1" status: 201 len: 1096 time: 0.4554064
2026-06-28 20:48:49.815 10 INFO neutron.wsgi [None req-080c4bea-2a9b-456e-a5d2-14c085d12845 35d21c5f60fc45c8961e8c000587039d d5b618ee756f45ea822f05337c484cf1 - - 86e08e0233ff4bfda26ef76c9bfe5e40 86e08e0233ff4bfda26ef76c9bfe5e40] 199.19.213.60 "GET /v2.0/networks/406e8118-0d25-453f-8cfe-c1b254503647 HTTP/1.1" status: 200 len: 907 time: 0.0415683
2026-06-28 20:48:50.587 9 INFO neutron.plugins.ml2.drivers.ovn.mech_driver.mech_driver [None req-dff9ed6f-4662-4b77-852b-6b91bd7a5f84 - - - - - -] OVN reports status up for port: 3141768f-55d6-4186-b8ec-3e1be6c7cc5f
2026-06-28 20:48:50.604 9 INFO neutron.plugins.ml2.plugin [None req-dff9ed6f-4662-4b77-852b-6b91bd7a5f84 - - - - - -] Attempt 1 to provision port 3141768f-55d6-4186-b8ec-3e1be6c7cc5f
2026-06-28 20:48:50.837 9 INFO neutron.db.ovn_revision_numbers_db [None req-dff9ed6f-4662-4b77-852b-6b91bd7a5f84 - - - - - -] Successfully bumped revision number for resource 3141768f-55d6-4186-b8ec-3e1be6c7cc5f (type: ports) to 3
2026-06-28 20:48:52.222 10 INFO neutron.wsgi [None req-5fa6ed0e-caea-4a07-bcf7-9398f996c6d8 35d21c5f60fc45c8961e8c000587039d d5b618ee756f45ea822f05337c484cf1 - - 86e08e0233ff4bfda26ef76c9bfe5e40 86e08e0233ff4bfda26ef76c9bfe5e40] 199.19.213.60 "GET /v2.0/ports?device_id=manila-share&binding%3Ahost_id=instance HTTP/1.1" status: 200 len: 1124 time: 0.0392489
2026-06-28 20:48:52.275 10 INFO neutron.wsgi [None req-bf65f4de-18a4-4ebb-8b8d-78b2204d1e76 35d21c5f60fc45c8961e8c000587039d d5b618ee756f45ea822f05337c484cf1 - - 86e08e0233ff4bfda26ef76c9bfe5e40 86e08e0233ff4bfda26ef76c9bfe5e40] 199.19.213.60 "GET /v2.0/networks/406e8118-0d25-453f-8cfe-c1b254503647 HTTP/1.1" status: 200 len: 907 time: 0.0445364
2026-06-28 20:48:55.870 9 INFO neutron.wsgi [-] 10.0.0.70 "GET / HTTP/1.1" status: 200 len: 247 time: 0.0022738
2026-06-28 20:48:55.870 10 INFO neutron.wsgi [-] 10.0.0.70 "GET / HTTP/1.1" status: 200 len: 247 time: 0.0022693
2026-06-28 20:49:09.546 9 INFO neutron.wsgi [None req-3ef77a92-10e2-43ac-905d-892e134d814e 7158a4343b1644bca570133cdab81c48 27b21ca08bc649258cc31d37fbe6fa54 - - default default] 199.19.213.60,10.0.0.70 "GET /v2.0/quotas/d5b618ee756f45ea822f05337c484cf1 HTTP/1.1" status: 200 len: 362 time: 0.0208220 /var/lib/openstack/lib/python3.10/site-packages/neutron/extensions/quotasv2.py:140: UserWarning: Neutron quota engine will require "--force" parameter to set a quota limit without checking the resource usage. warnings.warn('Neutron quota engine will require "--force" '
