2026-06-28 21:06:51.529 9 INFO neutron.wsgi [None req-df1cc4fd-c835-4d3b-a7a0-05ed72af0805 b413c84514914e3bbde257bd8495d934 cd9ef629d5034e2dab669723e4808efe - - default default] 10.0.0.202 "GET /v2.0/extensions/fip-port-details HTTP/1.1" status: 200 len: 406 time: 0.0036850
2026-06-28 21:06:51.536 9 INFO neutron.wsgi [None req-f5cd81a6-e291-43c4-a04c-52a844170ae2 b413c84514914e3bbde257bd8495d934 cd9ef629d5034e2dab669723e4808efe - - default default] 10.0.0.202 "GET /v2.0/extensions/flavors HTTP/1.1" status: 200 len: 387 time: 0.0040276
2026-06-28 21:06:51.543 9 INFO neutron.wsgi [None req-89e8289a-b90c-41d1-834b-8ef36d134e37 b413c84514914e3bbde257bd8495d934 cd9ef629d5034e2dab669723e4808efe - - default default] 10.0.0.202 "GET /v2.0/extensions/floatingip-pools HTTP/1.1" status: 200 len: 382 time: 0.0036004
2026-06-28 21:06:51.554 9 INFO neutron.wsgi [None req-8a4d473c-51eb-49c0-aa24-3be31fe4a854 b413c84514914e3bbde257bd8495d934 cd9ef629d5034e2dab669723e4808efe - - default default] 10.0.0.202 "GET /v2.0/extensions/ip_allocation HTTP/1.1" status: 200 len: 356 time: 0.0074270
2026-06-28 21:06:51.562 9 INFO neutron.wsgi [None req-e2ff5582-db61-453a-b691-08da1a481fd6 b413c84514914e3bbde257bd8495d934 cd9ef629d5034e2dab669723e4808efe - - default default] 10.0.0.202 "GET /v2.0/extensions/l2_adjacency HTTP/1.1" status: 200 len: 372 time: 0.0047026
2026-06-28 21:06:51.570 9 INFO neutron.wsgi [None req-21d553b3-1f8b-4818-afef-f14fe2fb9dea b413c84514914e3bbde257bd8495d934 cd9ef629d5034e2dab669723e4808efe - - default default] 10.0.0.202 "GET /v2.0/extensions/router HTTP/1.1" status: 200 len: 450 time: 0.0037055
2026-06-28 21:06:51.578 9 INFO neutron.wsgi [None req-35097ba1-c472-452e-92b6-cfea8a675057 b413c84514914e3bbde257bd8495d934 cd9ef629d5034e2dab669723e4808efe - - default default] 10.0.0.202 "GET /v2.0/extensions/ext-gw-mode HTTP/1.1" status: 200 len: 462 time: 0.0043652
2026-06-28 21:06:51.587 9 INFO neutron.wsgi [None req-b8648907-a45a-46f6-805a-345de1a52589 b413c84514914e3bbde257bd8495d934 cd9ef629d5034e2dab669723e4808efe - - default default] 10.0.0.202 "GET /v2.0/extensions/logging HTTP/1.1" status: 200 len: 407 time: 0.0055470
2026-06-28 21:06:51.601 10 INFO neutron.wsgi [None req-9c68ef3b-1688-499f-9ae9-9b1ecae8ea6b b413c84514914e3bbde257bd8495d934 cd9ef629d5034e2dab669723e4808efe - - default default] 10.0.0.202 "GET /v2.0/extensions/multi-provider HTTP/1.1" status: 200 len: 406 time: 0.0086484
2026-06-28 21:06:51.616 9 INFO neutron.wsgi [None req-f9fd1dc2-65ae-47b4-bea3-c2f08b36c9bb b413c84514914e3bbde257bd8495d934 cd9ef629d5034e2dab669723e4808efe - - default default] 10.0.0.202 "GET /v2.0/extensions/net-mtu HTTP/1.1" status: 200 len: 370 time: 0.0101604
2026-06-28 21:06:51.624 9 INFO neutron.wsgi [None req-637b834e-3b2d-4750-8ceb-522a01ed2874 b413c84514914e3bbde257bd8495d934 cd9ef629d5034e2dab669723e4808efe - - default default] 10.0.0.202 "GET /v2.0/extensions/net-mtu-writable HTTP/1.1" status: 200 len: 401 time: 0.0037279
2026-06-28 21:06:51.633 9 INFO neutron.wsgi [None req-15a2961a-939c-43db-ad70-e1bf5afbe3d2 b413c84514914e3bbde257bd8495d934 cd9ef629d5034e2dab669723e4808efe - - default default] 10.0.0.202 "GET /v2.0/extensions/network_availability_zone HTTP/1.1" status: 200 len: 394 time: 0.0035903
2026-06-28 21:06:51.641 9 INFO neutron.wsgi [None req-8b7a4bb1-8e56-4179-b5ad-a5300a329371 b413c84514914e3bbde257bd8495d934 cd9ef629d5034e2dab669723e4808efe - - default default] 10.0.0.202 "GET /v2.0/extensions/network-ip-availability HTTP/1.1" status: 200 len: 410 time: 0.0035322
2026-06-28 21:06:51.649 9 INFO neutron.wsgi [None req-ccd5525f-660d-4105-9d50-7c732cbd5c6b b413c84514914e3bbde257bd8495d934 cd9ef629d5034e2dab669723e4808efe - - default default] 10.0.0.202 "GET /v2.0/extensions/pagination HTTP/1.1" status: 200 len: 386 time: 0.0043788
2026-06-28 21:06:51.673 10 INFO neutron.wsgi [None req-b36f08de-50f7-4f1e-9a6f-37e659b2f7fe b413c84514914e3bbde257bd8495d934 cd9ef629d5034e2dab669723e4808efe - - default default] 10.0.0.202 "GET /v2.0/extensions/port-device-profile HTTP/1.1" status: 200 len: 383 time: 0.0195003
2026-06-28 21:06:51.681 9 INFO neutron.wsgi [None req-1b41e36b-7bde-45b7-a102-3a790220f25f b413c84514914e3bbde257bd8495d934 cd9ef629d5034e2dab669723e4808efe - - default default] 10.0.0.202 "GET /v2.0/extensions/port-mac-address-regenerate HTTP/1.1" status: 200 len: 403 time: 0.0047445
2026-06-28 21:06:51.689 9 INFO neutron.wsgi [None req-da6c40d9-cbb6-4a03-99ae-373744993a58 b413c84514914e3bbde257bd8495d934 cd9ef629d5034e2dab669723e4808efe - - default default] 10.0.0.202 "GET /v2.0/extensions/port-numa-affinity-policy HTTP/1.1" status: 200 len: 392 time: 0.0040512
2026-06-28 21:06:51.697 9 INFO neutron.wsgi [None req-db3d4811-546b-41ad-b5bd-fced3954ca0f b413c84514914e3bbde257bd8495d934 cd9ef629d5034e2dab669723e4808efe - - default default] 10.0.0.202 "GET /v2.0/extensions/port-resource-request HTTP/1.1" status: 200 len: 379 time: 0.0045130
2026-06-28 21:06:51.704 9 INFO neutron.wsgi [None req-cb6e021f-2a46-47b4-baeb-48436e059c0c b413c84514914e3bbde257bd8495d934 cd9ef629d5034e2dab669723e4808efe - - default default] 10.0.0.202 "GET /v2.0/extensions/port-resource-request-groups HTTP/1.1" status: 200 len: 465 time: 0.0039201
2026-06-28 21:06:51.711 9 INFO neutron.wsgi [None req-ea1c4689-c13e-4a4b-8eab-ad263b21d87a b413c84514914e3bbde257bd8495d934 cd9ef629d5034e2dab669723e4808efe - - default default] 10.0.0.202 "GET /v2.0/extensions/binding HTTP/1.1" status: 200 len: 387 time: 0.0035856
2026-06-28 21:06:51.718 9 INFO neutron.wsgi [None req-a8b9d35a-f88a-43ce-be5b-a2910a6a83b9 b413c84514914e3bbde257bd8495d934 cd9ef629d5034e2dab669723e4808efe - - default default] 10.0.0.202 "GET /v2.0/extensions/binding-extended HTTP/1.1" status: 200 len: 406 time: 0.0039363
2026-06-28 21:06:51.726 9 INFO neutron.wsgi [None req-825a7e06-3b34-4edf-a97a-80018a609c5d b413c84514914e3bbde257bd8495d934 cd9ef629d5034e2dab669723e4808efe - - default default] 10.0.0.202 "GET /v2.0/extensions/port-security HTTP/1.1" status: 200 len: 354 time: 0.0041173
2026-06-28 21:06:51.734 9 INFO neutron.wsgi [None req-c1005672-d444-4ee1-a632-e680cbb1e8c2 b413c84514914e3bbde257bd8495d934 cd9ef629d5034e2dab669723e4808efe - - default default] 10.0.0.202 "GET /v2.0/extensions/project-id HTTP/1.1" status: 200 len: 398 time: 0.0038350
2026-06-28 21:06:51.740 9 INFO neutron.wsgi [None req-95c83b8e-c8e5-41a4-9397-3c99c05a5f8f b413c84514914e3bbde257bd8495d934 cd9ef629d5034e2dab669723e4808efe - - default default] 10.0.0.202 "GET /v2.0/extensions/provider HTTP/1.1" status: 200 len: 385 time: 0.0036554
2026-06-28 21:06:51.747 9 INFO neutron.wsgi [None req-f6c29471-77a4-47ae-a62f-68158d0afd4e b413c84514914e3bbde257bd8495d934 cd9ef629d5034e2dab669723e4808efe - - default default] 10.0.0.202 "GET /v2.0/extensions/qos HTTP/1.1" status: 200 len: 360 time: 0.0037069
2026-06-28 21:06:51.754 9 INFO neutron.wsgi [None req-88c8dbda-10a9-4191-a5de-2b271932bdfa b413c84514914e3bbde257bd8495d934 cd9ef629d5034e2dab669723e4808efe - - default default] 10.0.0.202 "GET /v2.0/extensions/qos-bw-limit-direction HTTP/1.1" status: 200 len: 452 time: 0.0039740
2026-06-28 21:06:51.763 10 INFO neutron.wsgi [None req-d55d18a6-1f16-42c0-aa3f-170ca4a2a94c b413c84514914e3bbde257bd8495d934 cd9ef629d5034e2dab669723e4808efe - - default default] 10.0.0.202 "GET /v2.0/extensions/qos-bw-minimum-ingress HTTP/1.1" status: 200 len: 445 time: 0.0048177
2026-06-28 21:06:51.772 9 INFO neutron.wsgi [None req-c9cd375c-b72a-4558-b6c4-278e20afbe9d b413c84514914e3bbde257bd8495d934 cd9ef629d5034e2dab669723e4808efe - - default default] 10.0.0.202 "GET /v2.0/extensions/qos-default HTTP/1.1" status: 200 len: 377 time: 0.0053337
2026-06-28 21:06:51.779 9 INFO neutron.wsgi [None req-3fdb07a7-4c39-43d3-84c2-dc4b3fa55ea5 b413c84514914e3bbde257bd8495d934 cd9ef629d5034e2dab669723e4808efe - - default default] 10.0.0.202 "GET /v2.0/extensions/qos-fip HTTP/1.1" status: 200 len: 372 time: 0.0039399
2026-06-28 21:06:51.786 9 INFO neutron.wsgi [None req-16f7f2c6-66a7-4709-a1e3-afa370364948 b413c84514914e3bbde257bd8495d934 cd9ef629d5034e2dab669723e4808efe - - default default] 10.0.0.202 "GET /v2.0/extensions/qos-gateway-ip HTTP/1.1" status: 200 len: 391 time: 0.0036912
2026-06-28 21:06:51.793 9 INFO neutron.wsgi [None req-0df714c8-477d-4350-abab-58cb3a42eb8e b413c84514914e3bbde257bd8495d934 cd9ef629d5034e2dab669723e4808efe - - default default] 10.0.0.202 "GET /v2.0/extensions/qos-port-network-policy HTTP/1.1" status: 200 len: 403 time: 0.0039899
2026-06-28 21:06:51.799 9 INFO neutron.wsgi [None req-64c7dde8-f434-4025-892d-207c53436611 b413c84514914e3bbde257bd8495d934 cd9ef629d5034e2dab669723e4808efe - - default default] 10.0.0.202 "GET /v2.0/extensions/qos-pps-minimum HTTP/1.1" status: 200 len: 397 time: 0.0038314
2026-06-28 21:06:51.806 9 INFO neutron.wsgi [None req-a7cbdae0-6917-49e0-8a58-ff2fb95a10c1 b413c84514914e3bbde257bd8495d934 cd9ef629d5034e2dab669723e4808efe - - default default] 10.0.0.202 "GET /v2.0/extensions/qos-pps-minimum-rule-alias HTTP/1.1" status: 200 len: 471 time: 0.0036898
2026-06-28 21:06:51.813 9 INFO neutron.wsgi [None req-21082630-bc90-4d01-b588-9670ab596fdc b413c84514914e3bbde257bd8495d934 cd9ef629d5034e2dab669723e4808efe - - default default] 10.0.0.202 "GET /v2.0/extensions/qos-pps HTTP/1.1" status: 200 len: 389 time: 0.0036678
2026-06-28 21:06:51.821 9 INFO neutron.wsgi [None req-4b8a9188-938a-42b1-a889-8aa411e39312 b413c84514914e3bbde257bd8495d934 cd9ef629d5034e2dab669723e4808efe - - default default] 10.0.0.202 "GET /v2.0/extensions/qos-rule-type-details HTTP/1.1" status: 200 len: 423 time: 0.0041249
2026-06-28 21:06:51.829 9 INFO neutron.wsgi [None req-d3aaa3e9-c381-4f7f-b4a1-2198b30da3ec b413c84514914e3bbde257bd8495d934 cd9ef629d5034e2dab669723e4808efe - - default default] 10.0.0.202 "GET /v2.0/extensions/qos-rule-type-filter HTTP/1.1" status: 200 len: 567 time: 0.0038188
2026-06-28 21:06:51.835 9 INFO neutron.wsgi [None req-883b320d-10f9-4121-b613-159368bd27b7 b413c84514914e3bbde257bd8495d934 cd9ef629d5034e2dab669723e4808efe - - default default] 10.0.0.202 "GET /v2.0/extensions/qos-rules-alias HTTP/1.1" status: 200 len: 448 time: 0.0037858
2026-06-28 21:06:51.843 9 INFO neutron.wsgi [None req-a7033424-9922-443a-9df8-793e405d2f10 b413c84514914e3bbde257bd8495d934 cd9ef629d5034e2dab669723e4808efe - - default default] 10.0.0.202 "GET /v2.0/extensions/quota-check-limit HTTP/1.1" status: 200 len: 420 time: 0.0038259
2026-06-28 21:06:51.854 9 INFO neutron.wsgi [None req-7ff505f8-fcb0-4a04-9f78-9950fd415603 b413c84514914e3bbde257bd8495d934 cd9ef629d5034e2dab669723e4808efe - - default default] 10.0.0.202 "GET /v2.0/extensions/quotas HTTP/1.1" status: 200 len: 386 time: 0.0074165
2026-06-28 21:06:51.863 9 INFO neutron.wsgi [None req-22ba0e6f-8999-4ee0-9c9b-25b93a6743c7 b413c84514914e3bbde257bd8495d934 cd9ef629d5034e2dab669723e4808efe - - default default] 10.0.0.202 "GET /v2.0/extensions/quota_details HTTP/1.1" status: 200 len: 407 time: 0.0037005
2026-06-28 21:06:51.873 10 INFO neutron.wsgi [None req-35c1c066-d01f-456f-860f-4f40b4e0d2a3 b413c84514914e3bbde257bd8495d934 cd9ef629d5034e2dab669723e4808efe - - default default] 10.0.0.202 "GET /v2.0/extensions/rbac-policies HTTP/1.1" status: 200 len: 417 time: 0.0063226
2026-06-28 21:06:51.881 10 INFO neutron.wsgi [None req-10bc158a-1beb-43aa-9cb6-fc15674f1c74 b413c84514914e3bbde257bd8495d934 cd9ef629d5034e2dab669723e4808efe - - default default] 10.0.0.202 "GET /v2.0/extensions/rbac-address-scope HTTP/1.1" status: 200 len: 384 time: 0.0035794
2026-06-28 21:06:51.888 10 INFO neutron.wsgi [None req-595fe3a5-906d-4493-a750-67dbd7a0b2a7 b413c84514914e3bbde257bd8495d934 cd9ef629d5034e2dab669723e4808efe - - default default] 10.0.0.202 "GET /v2.0/extensions/rbac-security-groups HTTP/1.1" status: 200 len: 404 time: 0.0038471
2026-06-28 21:06:51.894 10 INFO neutron.wsgi [None req-15ea1e4c-8ae3-489d-b54d-ef9908a00432 b413c84514914e3bbde257bd8495d934 cd9ef629d5034e2dab669723e4808efe - - default default] 10.0.0.202 "GET /v2.0/extensions/revision-if-match HTTP/1.1" status: 200 len: 441 time: 0.0037601
2026-06-28 21:06:51.908 10 INFO neutron.wsgi [None req-e2a05dfc-208d-4de3-9bf2-e80d968dcdd3 b413c84514914e3bbde257bd8495d934 cd9ef629d5034e2dab669723e4808efe - - default default] 10.0.0.202 "GET /v2.0/extensions/standard-attr-revisions HTTP/1.1" status: 200 len: 423 time: 0.0092835
2026-06-28 21:06:51.917 10 INFO neutron.wsgi [None req-a4402e0d-eee4-45b8-b181-9fcd95ccc975 b413c84514914e3bbde257bd8495d934 cd9ef629d5034e2dab669723e4808efe - - default default] 10.0.0.202 "GET /v2.0/extensions/router_availability_zone HTTP/1.1" status: 200 len: 391 time: 0.0040929
2026-06-28 21:06:51.925 10 INFO neutron.wsgi [None req-903fec10-1957-4088-9194-74e9b1eeb84d b413c84514914e3bbde257bd8495d934 cd9ef629d5034e2dab669723e4808efe - - default default] 10.0.0.202 "GET /v2.0/extensions/security-groups-normalized-cidr HTTP/1.1" status: 200 len: 445 time: 0.0043826
2026-06-28 21:06:51.935 10 INFO neutron.wsgi [None req-d6928273-989f-45c6-bd12-3b8fa4de13ed b413c84514914e3bbde257bd8495d934 cd9ef629d5034e2dab669723e4808efe - - default default] 10.0.0.202 "GET /v2.0/extensions/security-groups-remote-address-group HTTP/1.1" status: 200 len: 448 time: 0.0044172
2026-06-28 21:06:51.942 10 INFO neutron.wsgi [None req-0747e961-2c66-485a-99f1-b813afe2de41 b413c84514914e3bbde257bd8495d934 cd9ef629d5034e2dab669723e4808efe - - default default] 10.0.0.202 "GET /v2.0/extensions/security-groups-shared-filtering HTTP/1.1" status: 200 len: 435 time: 0.0044053
2026-06-28 21:06:51.949 10 INFO neutron.wsgi [None req-08ee3f24-fab2-483a-88df-53b0665576ba b413c84514914e3bbde257bd8495d934 cd9ef629d5034e2dab669723e4808efe - - default default] 10.0.0.202 "GET /v2.0/extensions/security-group HTTP/1.1" status: 200 len: 364 time: 0.0041022
2026-06-28 21:06:51.955 10 INFO neutron.wsgi [None req-41bd5835-8eac-4627-99f1-92a5fe9b4452 b413c84514914e3bbde257bd8495d934 cd9ef629d5034e2dab669723e4808efe - - default default] 10.0.0.202 "GET /v2.0/extensions/segment HTTP/1.1" status: 200 len: 339 time: 0.0028973
2026-06-28 21:06:51.962 10 INFO neutron.wsgi [None req-529f7b5e-84d4-444b-8482-2134af111f58 b413c84514914e3bbde257bd8495d934 cd9ef629d5034e2dab669723e4808efe - - default default] 10.0.0.202 "GET /v2.0/extensions/segments-peer-subnet-host-routes HTTP/1.1" status: 200 len: 427 time: 0.0044703
2026-06-28 21:06:51.968 10 INFO neutron.wsgi [None req-ecd58db3-a1e7-4786-80a5-6b0140b6308c b413c84514914e3bbde257bd8495d934 cd9ef629d5034e2dab669723e4808efe - - default default] 10.0.0.202 "GET /v2.0/extensions/service-type HTTP/1.1" status: 200 len: 415 time: 0.0032148
2026-06-28 21:06:51.977 10 INFO neutron.wsgi [None req-aee88b75-5779-402e-81f5-14f9960c620a b413c84514914e3bbde257bd8495d934 cd9ef629d5034e2dab669723e4808efe - - default default] 10.0.0.202 "GET /v2.0/extensions/sorting HTTP/1.1" status: 200 len: 377 time: 0.0043089
2026-06-28 21:06:51.988 10 INFO neutron.wsgi [None req-863373ce-89a3-4fb3-aeae-33cf83a86090 b413c84514914e3bbde257bd8495d934 cd9ef629d5034e2dab669723e4808efe - - default default] 10.0.0.202 "GET /v2.0/extensions/standard-attr-segment HTTP/1.1" status: 200 len: 406 time: 0.0048749
2026-06-28 21:06:51.994 10 INFO neutron.wsgi [None req-f54196a5-bafe-4355-b5c2-1b505414d30c b413c84514914e3bbde257bd8495d934 cd9ef629d5034e2dab669723e4808efe - - default default] 10.0.0.202 "GET /v2.0/extensions/standard-attr-description HTTP/1.1" status: 200 len: 408 time: 0.0029697
2026-06-28 21:06:52.000 10 INFO neutron.wsgi [None req-65ba825e-32f2-41f8-b71b-2562fe89195c b413c84514914e3bbde257bd8495d934 cd9ef629d5034e2dab669723e4808efe - - default default] 10.0.0.202 "GET /v2.0/extensions/stateful-security-group HTTP/1.1" status: 200 len: 402 time: 0.0040166
2026-06-28 21:06:52.007 10 INFO neutron.wsgi [None req-67928de7-6607-46ff-86a9-cd9b966eed17 b413c84514914e3bbde257bd8495d934 cd9ef629d5034e2dab669723e4808efe - - default default] 10.0.0.202 "GET /v2.0/extensions/subnet-dns-publish-fixed-ip HTTP/1.1" status: 200 len: 421 time: 0.0032945
2026-06-28 21:06:52.012 10 INFO neutron.wsgi [None req-0d029a96-7d83-4522-a8f5-fe8abb15bdf3 b413c84514914e3bbde257bd8495d934 cd9ef629d5034e2dab669723e4808efe - - default default] 10.0.0.202 "GET /v2.0/extensions/subnet-segmentid-writable HTTP/1.1" status: 200 len: 421 time: 0.0028508
2026-06-28 21:06:52.019 10 INFO neutron.wsgi [None req-0d4f0f57-4329-4e98-a142-a6143197b25d b413c84514914e3bbde257bd8495d934 cd9ef629d5034e2dab669723e4808efe - - default default] 10.0.0.202 "GET /v2.0/extensions/subnet-service-types HTTP/1.1" status: 200 len: 400 time: 0.0027602
2026-06-28 21:06:52.027 10 INFO neutron.wsgi [None req-86b3aa73-ff4a-4d87-8195-8681a41cff62 b413c84514914e3bbde257bd8495d934 cd9ef629d5034e2dab669723e4808efe - - default default] 10.0.0.202 "GET /v2.0/extensions/subnet_allocation HTTP/1.1" status: 200 len: 388 time: 0.0043297
2026-06-28 21:06:52.034 10 INFO neutron.wsgi [None req-606569f3-a6bb-4fef-b022-7b1f085bf128 b413c84514914e3bbde257bd8495d934 cd9ef629d5034e2dab669723e4808efe - - default default] 10.0.0.202 "GET /v2.0/extensions/subnetpool-prefix-ops HTTP/1.1" status: 200 len: 418 time: 0.0039873
2026-06-28 21:06:52.041 10 INFO neutron.wsgi [None req-c8d03ad8-e54c-4558-a086-d9679a401588 b413c84514914e3bbde257bd8495d934 cd9ef629d5034e2dab669723e4808efe - - default default] 10.0.0.202 "GET /v2.0/extensions/standard-attr-tag HTTP/1.1" status: 200 len: 537 time: 0.0039268
2026-06-28 21:06:52.047 10 INFO neutron.wsgi [None req-413261ce-7411-41ce-8d91-48c53eba6dfc b413c84514914e3bbde257bd8495d934 cd9ef629d5034e2dab669723e4808efe - - default default] 10.0.0.202 "GET /v2.0/extensions/standard-attr-timestamp HTTP/1.1" status: 200 len: 449 time: 0.0029793
2026-06-28 21:06:52.054 10 INFO neutron.wsgi [None req-3f720220-df52-46c5-8a76-b385f62740a9 b413c84514914e3bbde257bd8495d934 cd9ef629d5034e2dab669723e4808efe - - default default] 10.0.0.202 "GET /v2.0/extensions/trunk HTTP/1.1" status: 200 len: 358 time: 0.0039282
2026-06-28 21:06:52.062 10 INFO neutron.wsgi [None req-c1491a17-0382-4d0a-b04e-0eb099f89225 b413c84514914e3bbde257bd8495d934 cd9ef629d5034e2dab669723e4808efe - - default default] 10.0.0.202 "GET /v2.0/extensions/trunk-details HTTP/1.1" status: 200 len: 362 time: 0.0039368
2026-06-28 21:06:52.410 10 INFO neutron.db.ovn_revision_numbers_db [None req-57bc7dad-3266-4766-a151-60c6dc88a3fa 7158a4343b1644bca570133cdab81c48 27b21ca08bc649258cc31d37fbe6fa54 - - default default] Successfully bumped revision number for resource 89998188-7382-462f-867c-6d9ac32f2dfc (type: security_groups) to 1
2026-06-28 21:06:52.445 10 INFO neutron.wsgi [None req-57bc7dad-3266-4766-a151-60c6dc88a3fa 7158a4343b1644bca570133cdab81c48 27b21ca08bc649258cc31d37fbe6fa54 - - default default] 10.0.0.202 "GET /v2.0/security-groups?tenant_id=30d71160c05049d0b0f262b92dac2acb&name=default HTTP/1.1" status: 200 len: 2996 time: 0.3217671
2026-06-28 21:06:52.559 9 INFO neutron.db.ovn_revision_numbers_db [None req-463addcd-f2f8-4fa0-bb84-ea7e21331cb8 7158a4343b1644bca570133cdab81c48 27b21ca08bc649258cc31d37fbe6fa54 - - default default] Successfully bumped revision number for resource 2a0d1a45-94bf-42db-a4b1-a4090500e51a (type: security_groups) to 1
2026-06-28 21:06:52.585 9 INFO neutron.wsgi [None req-463addcd-f2f8-4fa0-bb84-ea7e21331cb8 7158a4343b1644bca570133cdab81c48 27b21ca08bc649258cc31d37fbe6fa54 - - default default] 10.0.0.202 "GET /v2.0/security-groups?tenant_id=012eaf9b0713438f9ce6f6b36ea54628&name=default HTTP/1.1" status: 200 len: 2996 time: 0.2366023
2026-06-28 21:06:52.688 10 INFO neutron.wsgi [None req-b1551235-4791-4600-a2d5-5521344d15d4 7158a4343b1644bca570133cdab81c48 27b21ca08bc649258cc31d37fbe6fa54 - - - -] 10.0.0.202 "DELETE /v2.0/security-groups/89998188-7382-462f-867c-6d9ac32f2dfc HTTP/1.1" status: 204 len: 168 time: 0.2353563
2026-06-28 21:06:52.772 9 INFO neutron.wsgi [None req-880c2782-e29d-4805-b222-09b25c98cf9f 7158a4343b1644bca570133cdab81c48 27b21ca08bc649258cc31d37fbe6fa54 - - - -] 10.0.0.202 "DELETE /v2.0/security-groups/2a0d1a45-94bf-42db-a4b1-a4090500e51a HTTP/1.1" status: 204 len: 168 time: 0.1781967
2026-06-28 21:06:52.776 10 INFO neutron.db.ovn_revision_numbers_db [None req-ee7bb5dc-f244-4a46-affd-ea14638a5261 7158a4343b1644bca570133cdab81c48 27b21ca08bc649258cc31d37fbe6fa54 - - default default] Successfully bumped revision number for resource 6b2652a4-1cf9-41e9-9df9-3287d3745bff (type: security_groups) to 1
2026-06-28 21:06:52.799 10 INFO neutron.wsgi [None req-ee7bb5dc-f244-4a46-affd-ea14638a5261 7158a4343b1644bca570133cdab81c48 27b21ca08bc649258cc31d37fbe6fa54 - - default default] 10.0.0.202 "GET /v2.0/security-groups?tenant_id=cd9ef629d5034e2dab669723e4808efe&name=default HTTP/1.1" status: 200 len: 2996 time: 0.2450314
2026-06-28 21:06:52.906 9 INFO neutron.db.ovn_revision_numbers_db [None req-0ef3be76-4f92-4224-9fe0-8dd16304b101 7158a4343b1644bca570133cdab81c48 27b21ca08bc649258cc31d37fbe6fa54 - - default default] Successfully bumped revision number for resource 5dbb442d-f161-44c9-9496-05dcfd3027b0 (type: security_groups) to 1
2026-06-28 21:06:52.931 9 INFO neutron.wsgi [None req-0ef3be76-4f92-4224-9fe0-8dd16304b101 7158a4343b1644bca570133cdab81c48 27b21ca08bc649258cc31d37fbe6fa54 - - default default] 10.0.0.202 "GET /v2.0/security-groups?tenant_id=e1af15db59924748a587be1ae2fab39e&name=default HTTP/1.1" status: 200 len: 2996 time: 0.1409376
2026-06-28 21:06:53.012 9 INFO neutron.wsgi [None req-152aa600-c830-4160-9c3d-17381a6f1d1e 7158a4343b1644bca570133cdab81c48 27b21ca08bc649258cc31d37fbe6fa54 - - - -] 10.0.0.202 "DELETE /v2.0/security-groups/6b2652a4-1cf9-41e9-9df9-3287d3745bff HTTP/1.1" status: 204 len: 168 time: 0.2074790
2026-06-28 21:06:53.121 9 INFO neutron.wsgi [None req-f548c16d-1b00-4a16-992c-2b1a22c58cb8 7158a4343b1644bca570133cdab81c48 27b21ca08bc649258cc31d37fbe6fa54 - - - -] 10.0.0.202 "DELETE /v2.0/security-groups/5dbb442d-f161-44c9-9496-05dcfd3027b0 HTTP/1.1" status: 204 len: 168 time: 0.1831849
2026-06-28 21:06:53.322 9 INFO neutron.wsgi [None req-b836c790-300d-4135-b3e6-775e667b49e4 7158a4343b1644bca570133cdab81c48 27b21ca08bc649258cc31d37fbe6fa54 - - default default] 10.0.0.216 "GET /v2.0/agents HTTP/1.1" status: 200 len: 997 time: 0.2641115
2026-06-28 21:06:53.373 9 INFO neutron.wsgi [None req-8699e129-fbad-4099-9d6c-5eda51ab5f18 7158a4343b1644bca570133cdab81c48 27b21ca08bc649258cc31d37fbe6fa54 - - default default] 10.0.0.216 "GET /v2.0/ports HTTP/1.1" status: 200 len: 5255 time: 0.0484304
2026-06-28 21:06:53.419 9 INFO neutron.wsgi [None req-dbdd6168-3e93-446e-b68a-77646f78b0dc 7158a4343b1644bca570133cdab81c48 27b21ca08bc649258cc31d37fbe6fa54 - - default default] 10.0.0.216 "GET /v2.0/routers HTTP/1.1" status: 200 len: 189 time: 0.0381837
2026-06-28 21:06:53.429 9 INFO neutron.wsgi [None req-606ec40a-8dc0-4620-8c9d-23b41948bdb7 7158a4343b1644bca570133cdab81c48 27b21ca08bc649258cc31d37fbe6fa54 - - default default] 10.0.0.216 "GET /v2.0/agents?binary=ovn-controller HTTP/1.1" status: 200 len: 591 time: 0.0099890
2026-06-28 21:06:53.452 10 INFO neutron.wsgi [None req-684135b1-84d5-4fdc-acd7-d33f2cbf5391 7158a4343b1644bca570133cdab81c48 27b21ca08bc649258cc31d37fbe6fa54 - - default default] 10.0.0.202 "GET /v2.0/security-groups?tenant_id=fd8ab1a43aed4e3c950732a75addce4d&name=default HTTP/1.1" status: 200 len: 2996 time: 0.0376704
2026-06-28 21:06:53.458 9 INFO neutron.wsgi [None req-8dfd06db-8662-4802-8f11-b49a96619038 7158a4343b1644bca570133cdab81c48 27b21ca08bc649258cc31d37fbe6fa54 - - default default] 10.0.0.216 "GET /v2.0/floatingips HTTP/1.1" status: 200 len: 193 time: 0.0276134
2026-06-28 21:06:53.515 9 INFO neutron.wsgi [None req-d5743662-fb19-488a-8f73-fe2e3a5e205d 7158a4343b1644bca570133cdab81c48 27b21ca08bc649258cc31d37fbe6fa54 - - default default] 10.0.0.216 "GET /v2.0/subnets HTTP/1.1" status: 200 len: 1437 time: 0.0544605
2026-06-28 21:06:53.538 9 INFO neutron.wsgi [None req-4d7254b9-a2b7-485b-addb-6c95b0a73577 7158a4343b1644bca570133cdab81c48 27b21ca08bc649258cc31d37fbe6fa54 - - default default] 10.0.0.216 "GET /v2.0/subnetpools HTTP/1.1" status: 200 len: 193 time: 0.0212333
2026-06-28 21:06:53.619 9 INFO neutron.wsgi [None req-3489b760-a5a3-4195-9812-927ea1762ed9 7158a4343b1644bca570133cdab81c48 27b21ca08bc649258cc31d37fbe6fa54 - - default default] 10.0.0.216 "GET /v2.0/networks HTTP/1.1" status: 200 len: 2350 time: 0.0797486
2026-06-28 21:06:53.655 10 INFO neutron.wsgi [None req-d1011e01-c21c-49ee-9c3e-efde37add111 7158a4343b1644bca570133cdab81c48 27b21ca08bc649258cc31d37fbe6fa54 - - - -] 10.0.0.202 "DELETE /v2.0/security-groups/04ce9fa9-fe79-4876-8326-cbeb226ee353 HTTP/1.1" status: 204 len: 168 time: 0.1988003
2026-06-28 21:06:53.688 9 INFO neutron.wsgi [None req-fb6e80ad-ccbe-40ef-8508-321a92418a50 7158a4343b1644bca570133cdab81c48 27b21ca08bc649258cc31d37fbe6fa54 - - default default] 10.0.0.216 "GET /v2.0/security-groups HTTP/1.1" status: 200 len: 16803 time: 0.0671549
2026-06-28 21:06:53.722 9 INFO neutron.wsgi [None req-b86162e4-afae-47e0-a2fa-e7747c3aee32 7158a4343b1644bca570133cdab81c48 27b21ca08bc649258cc31d37fbe6fa54 - - default default] 10.0.0.216 "GET /v2.0/subnets HTTP/1.1" status: 200 len: 1437 time: 0.0286684
2026-06-28 21:06:53.738 9 INFO neutron.wsgi [None req-8415aefa-7642-4976-a7fc-258b84ba2b3a 7158a4343b1644bca570133cdab81c48 27b21ca08bc649258cc31d37fbe6fa54 - - default default] 10.0.0.216 "GET /v2.0/network-ip-availabilities HTTP/1.1" status: 200 len: 1280 time: 0.0127506
2026-06-28 21:06:55.870 10 INFO neutron.wsgi [-] 10.0.0.70 "GET / HTTP/1.1" status: 200 len: 247 time: 0.0016158
2026-06-28 21:06:55.872 10 INFO neutron.wsgi [-] 10.0.0.70 "GET / HTTP/1.1" status: 200 len: 247 time: 0.0012593
2026-06-28 21:06:55.943 9 INFO neutron.wsgi [None req-60cc8505-98a2-486a-baaa-135e2d7a97a0 042eacebdf7e48cdb3efce3f201b5ae7 7e80e39c6cb640369be186ad10c5e345 - - default default] 10.0.0.219 "GET /v2.0/extensions HTTP/1.1" status: 200 len: 16525 time: 0.0762820
2026-06-28 21:06:55.949 10 INFO neutron.db.ovn_revision_numbers_db [None req-ad8b6c82-18ea-485b-a681-197d5e01c7d4 7158a4343b1644bca570133cdab81c48 27b21ca08bc649258cc31d37fbe6fa54 - - default default] Successfully bumped revision number for resource a779c46b-8325-4ab1-94da-67baaff16eba (type: security_groups) to 1
2026-06-28 21:06:55.980 10 INFO neutron.wsgi [None req-ad8b6c82-18ea-485b-a681-197d5e01c7d4 7158a4343b1644bca570133cdab81c48 27b21ca08bc649258cc31d37fbe6fa54 - - default default] 10.0.0.202 "GET /v2.0/security-groups?tenant_id=b9228eca3254411f94c995dfad92dd43&name=default HTTP/1.1" status: 200 len: 2996 time: 0.2942402
2026-06-28 21:06:56.054 9 INFO neutron.wsgi [None req-04bf8a84-efed-4f2f-94c3-a528217d55ed 042eacebdf7e48cdb3efce3f201b5ae7 7e80e39c6cb640369be186ad10c5e345 - - default default] 10.0.0.219 "GET /v2.0/quotas/7e80e39c6cb640369be186ad10c5e345/details HTTP/1.1" status: 200 len: 756 time: 0.0950963
2026-06-28 21:06:56.186 10 INFO neutron.wsgi [None req-bf4ba833-335d-47fc-ae34-f615909e4f43 7158a4343b1644bca570133cdab81c48 27b21ca08bc649258cc31d37fbe6fa54 - - - -] 10.0.0.202 "DELETE /v2.0/security-groups/a779c46b-8325-4ab1-94da-67baaff16eba HTTP/1.1" status: 204 len: 168 time: 0.1990254
2026-06-28 21:06:56.447 10 INFO neutron.db.ovn_revision_numbers_db [None req-aff23b06-714a-440c-a536-3de4d8d30fd8 7158a4343b1644bca570133cdab81c48 27b21ca08bc649258cc31d37fbe6fa54 - - default default] Successfully bumped revision number for resource e6cea1a5-ba6b-48a4-8584-1b36ba6859ed (type: security_groups) to 1
2026-06-28 21:06:56.470 10 INFO neutron.wsgi [None req-aff23b06-714a-440c-a536-3de4d8d30fd8 7158a4343b1644bca570133cdab81c48 27b21ca08bc649258cc31d37fbe6fa54 - - default default] 10.0.0.202 "GET /v2.0/security-groups?tenant_id=05ea4cab05954abeb7294326b16d0833&name=default HTTP/1.1" status: 200 len: 2996 time: 0.1178994
2026-06-28 21:06:56.677 10 INFO neutron.wsgi [None req-afe9a050-14ea-4ed9-9481-d3d1837c791b 7158a4343b1644bca570133cdab81c48 27b21ca08bc649258cc31d37fbe6fa54 - - - -] 10.0.0.202 "DELETE /v2.0/security-groups/e6cea1a5-ba6b-48a4-8584-1b36ba6859ed HTTP/1.1" status: 204 len: 168 time: 0.1999464
2026-06-28 21:06:56.863 9 INFO neutron.db.ovn_revision_numbers_db [None req-5d221b7a-e610-444d-8e5d-17fe371acfb9 7158a4343b1644bca570133cdab81c48 27b21ca08bc649258cc31d37fbe6fa54 - - default default] Successfully bumped revision number for resource ec1cc5d0-b2ce-49d3-ab6f-8c663ec009a8 (type: security_groups) to 1
2026-06-28 21:06:56.884 9 INFO neutron.wsgi [None req-5d221b7a-e610-444d-8e5d-17fe371acfb9 7158a4343b1644bca570133cdab81c48 27b21ca08bc649258cc31d37fbe6fa54 - - default default] 10.0.0.202 "GET /v2.0/security-groups?tenant_id=ad8a9f50322748fba93ed457d84095bb&name=default HTTP/1.1" status: 200 len: 2996 time: 0.3941183
2026-06-28 21:06:57.057 9 INFO neutron.wsgi [None req-b3112cfc-0edc-4387-9a48-dd0895d57a15 7158a4343b1644bca570133cdab81c48 27b21ca08bc649258cc31d37fbe6fa54 - - - -] 10.0.0.202 "DELETE /v2.0/security-groups/ec1cc5d0-b2ce-49d3-ab6f-8c663ec009a8 HTTP/1.1" status: 204 len: 168 time: 0.1688201
2026-06-28 21:06:58.088 10 INFO neutron.db.ovn_revision_numbers_db [None req-d0dbcee6-0e16-4a0c-8586-780226b6664a a1556e806b964745bfdbbcd5439c9931 7595cfba738e49a98354dfda0f6b05bc - - - -] Successfully bumped revision number for resource 2f9fa410-6ad8-49d2-bd9d-7e65b9144de3 (type: routers) to 1
2026-06-28 21:06:58.102 10 INFO neutron.wsgi [None req-d0dbcee6-0e16-4a0c-8586-780226b6664a a1556e806b964745bfdbbcd5439c9931 7595cfba738e49a98354dfda0f6b05bc - - - -] 10.0.0.202 "POST /v2.0/routers HTTP/1.1" status: 201 len: 654 time: 0.2988818
2026-06-28 21:06:58.295 10 INFO neutron.db.ovn_revision_numbers_db [None req-9d6e50bd-eda9-4bf7-af56-a27030fc4b2f a1556e806b964745bfdbbcd5439c9931 7595cfba738e49a98354dfda0f6b05bc - - - -] Successfully bumped revision number for resource ce252805-bfbd-48e4-a5b0-f37b372447a1 (type: routers) to 1
2026-06-28 21:06:58.309 10 INFO neutron.wsgi [None req-9d6e50bd-eda9-4bf7-af56-a27030fc4b2f a1556e806b964745bfdbbcd5439c9931 7595cfba738e49a98354dfda0f6b05bc - - - -] 10.0.0.202 "POST /v2.0/routers HTTP/1.1" status: 201 len: 654 time: 0.2020175
2026-06-28 21:06:58.463 10 INFO neutron.db.ovn_revision_numbers_db [None req-7ef0a9e0-0d65-4812-b90d-613fc99a1e2f a1556e806b964745bfdbbcd5439c9931 7595cfba738e49a98354dfda0f6b05bc - - - -] Successfully bumped revision number for resource 8c567920-ca30-4574-bc5e-2bcb872790d9 (type: routers) to 1
2026-06-28 21:06:58.481 10 INFO neutron.wsgi [None req-7ef0a9e0-0d65-4812-b90d-613fc99a1e2f a1556e806b964745bfdbbcd5439c9931 7595cfba738e49a98354dfda0f6b05bc - - - -] 10.0.0.202 "POST /v2.0/routers HTTP/1.1" status: 201 len: 654 time: 0.1682293
2026-06-28 21:06:58.561 9 INFO neutron.wsgi [None req-2f407fd5-ba5d-42fd-b045-4ea6163d3246 042eacebdf7e48cdb3efce3f201b5ae7 7e80e39c6cb640369be186ad10c5e345 - - default default] 10.0.0.219 "GET /v2.0/extensions HTTP/1.1" status: 200 len: 16525 time: 0.0089612
2026-06-28 21:06:58.657 10 INFO neutron.db.ovn_revision_numbers_db [None req-b52dabe3-1a32-465d-be19-d97795d4e581 a1556e806b964745bfdbbcd5439c9931 7595cfba738e49a98354dfda0f6b05bc - - - -] Successfully bumped revision number for resource cd6b627c-8ca1-47b0-bf63-a1f635f488e1 (type: routers) to 1
2026-06-28 21:06:58.672 10 INFO neutron.wsgi [None req-b52dabe3-1a32-465d-be19-d97795d4e581 a1556e806b964745bfdbbcd5439c9931 7595cfba738e49a98354dfda0f6b05bc - - - -] 10.0.0.202 "POST /v2.0/routers HTTP/1.1" status: 201 len: 654 time: 0.1868265
2026-06-28 21:06:58.708 10 INFO neutron.wsgi [None req-c50eaf98-2286-41ec-bac5-bfefccfc37dd 042eacebdf7e48cdb3efce3f201b5ae7 7e80e39c6cb640369be186ad10c5e345 - - default default] 10.0.0.219 "GET /v2.0/quotas/7e80e39c6cb640369be186ad10c5e345/details HTTP/1.1" status: 200 len: 756 time: 0.1269462
2026-06-28 21:06:59.064 10 INFO neutron.db.ovn_revision_numbers_db [None req-62f6b233-9875-47cd-af29-6eae4edc6523 a1556e806b964745bfdbbcd5439c9931 7595cfba738e49a98354dfda0f6b05bc - - - -] Successfully bumped revision number for resource b572dfdc-a754-4d69-b338-9b3717b10e1e (type: routers) to 1
2026-06-28 21:06:59.077 10 INFO neutron.wsgi [None req-62f6b233-9875-47cd-af29-6eae4edc6523 a1556e806b964745bfdbbcd5439c9931 7595cfba738e49a98354dfda0f6b05bc - - - -] 10.0.0.202 "POST /v2.0/routers HTTP/1.1" status: 201 len: 654 time: 0.4018655
2026-06-28 21:06:59.157 9 INFO neutron.wsgi [None req-c8130690-dd25-4728-bfc1-bcefa8156780 a1556e806b964745bfdbbcd5439c9931 7595cfba738e49a98354dfda0f6b05bc - - - -] 10.0.0.202 "PUT /v2.0/routers/2f9fa410-6ad8-49d2-bd9d-7e65b9144de3/tags HTTP/1.1" status: 200 len: 210 time: 0.0730116
2026-06-28 21:06:59.222 9 INFO neutron.wsgi [None req-853e63c1-9def-4522-8470-b54af34b8eaf a1556e806b964745bfdbbcd5439c9931 7595cfba738e49a98354dfda0f6b05bc - - - -] 10.0.0.202 "PUT /v2.0/routers/ce252805-bfbd-48e4-a5b0-f37b372447a1/tags HTTP/1.1" status: 200 len: 218 time: 0.0598814
2026-06-28 21:06:59.294 9 INFO neutron.wsgi [None req-725f3f04-e8f0-426f-9167-7a88aa66d723 a1556e806b964745bfdbbcd5439c9931 7595cfba738e49a98354dfda0f6b05bc - - - -] 10.0.0.202 "PUT /v2.0/routers/8c567920-ca30-4574-bc5e-2bcb872790d9/tags HTTP/1.1" status: 200 len: 227 time: 0.0634871
2026-06-28 21:06:59.362 9 INFO neutron.wsgi [None req-ddf25a20-a386-490a-bd34-24865be791ec a1556e806b964745bfdbbcd5439c9931 7595cfba738e49a98354dfda0f6b05bc - - - -] 10.0.0.202 "PUT /v2.0/routers/cd6b627c-8ca1-47b0-bf63-a1f635f488e1/tags HTTP/1.1" status: 200 len: 212 time: 0.0632157
2026-06-28 21:06:59.453 9 INFO neutron.wsgi [None req-f9f53871-d1cb-4534-a289-9a98e2c9a8b7 a1556e806b964745bfdbbcd5439c9931 7595cfba738e49a98354dfda0f6b05bc - - default default] 10.0.0.202 "GET /v2.0/routers?tags=red HTTP/1.1" status: 200 len: 1601 time: 0.0850883
2026-06-28 21:06:59.758 9 INFO neutron.wsgi [None req-fbddb731-c353-4ccb-9687-ad6e9cc9436d a1556e806b964745bfdbbcd5439c9931 7595cfba738e49a98354dfda0f6b05bc - - default default] 10.0.0.202 "GET /v2.0/routers?tags=red%2Cblue HTTP/1.1" status: 200 len: 1144 time: 0.2997236
2026-06-28 21:06:59.847 9 INFO neutron.wsgi [None req-c805c76d-5e53-4cb9-ad09-e5447da09fdf a1556e806b964745bfdbbcd5439c9931 7595cfba738e49a98354dfda0f6b05bc - - default default] 10.0.0.202 "GET /v2.0/routers?tags-any=blue HTTP/1.1" status: 200 len: 1144 time: 0.0836592
2026-06-28 21:06:59.900 9 INFO neutron.wsgi [None req-cab96b54-efba-4997-b129-c134fa6c4a05 a1556e806b964745bfdbbcd5439c9931 7595cfba738e49a98354dfda0f6b05bc - - default default] 10.0.0.202 "GET /v2.0/routers?tags-any=red%2Cblue HTTP/1.1" status: 200 len: 1601 time: 0.0487018
2026-06-28 21:06:59.967 9 INFO neutron.wsgi [None req-6d9497d6-fb2d-4ef9-80b9-26a5cc7ebc54 a1556e806b964745bfdbbcd5439c9931 7595cfba738e49a98354dfda0f6b05bc - - default default] 10.0.0.202 "GET /v2.0/routers?not-tags=red HTTP/1.1" status: 200 len: 1116 time: 0.0619702
2026-06-28 21:07:00.039 9 INFO neutron.wsgi [None req-5f83510f-a7bd-49ac-8dfe-aa29ceebbef8 a1556e806b964745bfdbbcd5439c9931 7595cfba738e49a98354dfda0f6b05bc - - default default] 10.0.0.202 "GET /v2.0/routers?not-tags=red%2Cblue HTTP/1.1" status: 200 len: 1573 time: 0.0672057
2026-06-28 21:07:00.108 9 INFO neutron.wsgi [None req-9714c1cf-872c-41d0-ba8d-707eb796c9f5 a1556e806b964745bfdbbcd5439c9931 7595cfba738e49a98354dfda0f6b05bc - - default default] 10.0.0.202 "GET /v2.0/routers?not-tags-any=blue HTTP/1.1" status: 200 len: 1573 time: 0.0632594
2026-06-28 21:07:00.151 9 INFO neutron.wsgi [None req-fef71072-9ab1-4844-b089-2767a04a48cc a1556e806b964745bfdbbcd5439c9931 7595cfba738e49a98354dfda0f6b05bc - - default default] 10.0.0.202 "GET /v2.0/routers?not-tags-any=red%2Cblue HTTP/1.1" status: 200 len: 1116 time: 0.0390637
2026-06-28 21:07:00.203 9 INFO neutron.wsgi [None req-0719a38f-1f59-4e96-9ad1-b3ce9d25b7cd a1556e806b964745bfdbbcd5439c9931 7595cfba738e49a98354dfda0f6b05bc - - default default] 10.0.0.202 "GET /v2.0/routers/2f9fa410-6ad8-49d2-bd9d-7e65b9144de3 HTTP/1.1" status: 200 len: 660 time: 0.0451138
2026-06-28 21:07:00.347 10 INFO neutron.db.ovn_revision_numbers_db [None req-2b791640-2e1f-4d1c-b0b6-d3fd34923dc5 7158a4343b1644bca570133cdab81c48 27b21ca08bc649258cc31d37fbe6fa54 - - default default] Successfully bumped revision number for resource 960c2964-eb7d-4037-aa9e-122a22a292f7 (type: security_groups) to 1
2026-06-28 21:07:00.371 10 INFO neutron.wsgi [None req-2b791640-2e1f-4d1c-b0b6-d3fd34923dc5 7158a4343b1644bca570133cdab81c48 27b21ca08bc649258cc31d37fbe6fa54 - - default default] 10.0.0.202 "GET /v2.0/security-groups?tenant_id=736425ae7f6f4e4ab49ac356e911c7cc&name=default HTTP/1.1" status: 200 len: 2996 time: 0.2851281
2026-06-28 21:07:00.422 10 INFO neutron.db.ovn_revision_numbers_db [None req-a171f5e5-edb1-40bc-9f3b-cf7b4bd85e4e 7158a4343b1644bca570133cdab81c48 27b21ca08bc649258cc31d37fbe6fa54 - - default default] Successfully bumped revision number for resource 9b068a93-0fe9-4eb1-bd67-2746e614406b (type: security_groups) to 1
2026-06-28 21:07:00.446 10 INFO neutron.wsgi [None req-a171f5e5-edb1-40bc-9f3b-cf7b4bd85e4e 7158a4343b1644bca570133cdab81c48 27b21ca08bc649258cc31d37fbe6fa54 - - default default] 10.0.0.202 "GET /v2.0/security-groups?tenant_id=4abd1b0264e649d0b1b57877b42e6a4c&name=default HTTP/1.1" status: 200 len: 2996 time: 0.2751915
2026-06-28 21:07:00.550 10 INFO neutron.wsgi [None req-04e72ac1-441b-45e2-a34a-376aea1853e6 7158a4343b1644bca570133cdab81c48 27b21ca08bc649258cc31d37fbe6fa54 - - - -] 10.0.0.202 "DELETE /v2.0/security-groups/960c2964-eb7d-4037-aa9e-122a22a292f7 HTTP/1.1" status: 204 len: 168 time: 0.1748581
2026-06-28 21:07:00.949 9 INFO neutron.db.ovn_revision_numbers_db [None req-804e93a1-17ba-4d5a-ad1c-4661fd1830c0 a1556e806b964745bfdbbcd5439c9931 7595cfba738e49a98354dfda0f6b05bc - - - -] Successfully bumped revision number for resource 2f9fa410-6ad8-49d2-bd9d-7e65b9144de3 (type: routers) to 4
2026-06-28 21:07:00.952 9 INFO neutron.wsgi [None req-804e93a1-17ba-4d5a-ad1c-4661fd1830c0 a1556e806b964745bfdbbcd5439c9931 7595cfba738e49a98354dfda0f6b05bc - - - -] 10.0.0.202 "PUT /v2.0/routers/2f9fa410-6ad8-49d2-bd9d-7e65b9144de3 HTTP/1.1" status: 200 len: 660 time: 0.7450047
2026-06-28 21:07:00.984 10 INFO neutron.wsgi [None req-35c01d10-3953-45cc-ad67-f36bcaf21d3b a1556e806b964745bfdbbcd5439c9931 7595cfba738e49a98354dfda0f6b05bc - - default default] 10.0.0.202 "GET /v2.0/ports?device_id=2f9fa410-6ad8-49d2-bd9d-7e65b9144de3 HTTP/1.1" status: 200 len: 205 time: 0.0268071
2026-06-28 21:07:01.017 9 INFO neutron.wsgi [None req-098d1534-071d-41c5-be30-f6a800a523fd 7158a4343b1644bca570133cdab81c48 27b21ca08bc649258cc31d37fbe6fa54 - - - -] 10.0.0.202 "DELETE /v2.0/security-groups/9b068a93-0fe9-4eb1-bd67-2746e614406b HTTP/1.1" status: 204 len: 168 time: 0.5645416
2026-06-28 21:07:01.192 10 INFO neutron.wsgi [None req-358c6582-2cdb-4560-bb60-6fcc4b7f6317 a1556e806b964745bfdbbcd5439c9931 7595cfba738e49a98354dfda0f6b05bc - - - -] 10.0.0.202 "DELETE /v2.0/routers/2f9fa410-6ad8-49d2-bd9d-7e65b9144de3 HTTP/1.1" status: 204 len: 168 time: 0.2048275
2026-06-28 21:07:01.237 10 INFO neutron.wsgi [None req-b2861e14-d791-40ab-93cf-425b64156173 a1556e806b964745bfdbbcd5439c9931 7595cfba738e49a98354dfda0f6b05bc - - default default] 10.0.0.202 "GET /v2.0/routers/ce252805-bfbd-48e4-a5b0-f37b372447a1 HTTP/1.1" status: 200 len: 668 time: 0.0416379
2026-06-28 21:07:01.488 10 INFO neutron.db.ovn_revision_numbers_db [None req-5da66ace-fb2f-4015-807a-9d4975347cf6 7158a4343b1644bca570133cdab81c48 27b21ca08bc649258cc31d37fbe6fa54 - - default default] Successfully bumped revision number for resource ec3f27f4-89ed-4ef4-9e7d-1c51c37bf8e6 (type: security_groups) to 1
2026-06-28 21:07:01.539 10 INFO neutron.wsgi [None req-5da66ace-fb2f-4015-807a-9d4975347cf6 7158a4343b1644bca570133cdab81c48 27b21ca08bc649258cc31d37fbe6fa54 - - default default] 10.0.0.202 "GET /v2.0/security-groups?tenant_id=7e80e39c6cb640369be186ad10c5e345&name=default HTTP/1.1" status: 200 len: 2996 time: 0.4835334
2026-06-28 21:07:01.740 9 INFO neutron.wsgi [None req-3e8763bd-cc88-4aee-a016-dfd1afa7b73c 7158a4343b1644bca570133cdab81c48 27b21ca08bc649258cc31d37fbe6fa54 - - - -] 10.0.0.202 "DELETE /v2.0/security-groups/ec3f27f4-89ed-4ef4-9e7d-1c51c37bf8e6 HTTP/1.1" status: 204 len: 168 time: 0.1935909
2026-06-28 21:07:01.766 10 INFO neutron.db.ovn_revision_numbers_db [None req-2b28ea5d-2bb7-40e2-bac5-6f72c86fa681 a1556e806b964745bfdbbcd5439c9931 7595cfba738e49a98354dfda0f6b05bc - - - -] Successfully bumped revision number for resource ce252805-bfbd-48e4-a5b0-f37b372447a1 (type: routers) to 4
2026-06-28 21:07:01.770 10 INFO neutron.wsgi [None req-2b28ea5d-2bb7-40e2-bac5-6f72c86fa681 a1556e806b964745bfdbbcd5439c9931 7595cfba738e49a98354dfda0f6b05bc - - - -] 10.0.0.202 "PUT /v2.0/routers/ce252805-bfbd-48e4-a5b0-f37b372447a1 HTTP/1.1" status: 200 len: 668 time: 0.5293145
2026-06-28 21:07:01.808 10 INFO neutron.wsgi [None req-8717358b-9b35-4638-9256-8e9cd92dd893 a1556e806b964745bfdbbcd5439c9931 7595cfba738e49a98354dfda0f6b05bc - - default default] 10.0.0.202 "GET /v2.0/ports?device_id=ce252805-bfbd-48e4-a5b0-f37b372447a1 HTTP/1.1" status: 200 len: 205 time: 0.0324099
2026-06-28 21:07:02.250 10 INFO neutron.wsgi [None req-66558978-d2d7-418b-a1ca-46330e85a4cf a1556e806b964745bfdbbcd5439c9931 7595cfba738e49a98354dfda0f6b05bc - - - -] 10.0.0.202 "DELETE /v2.0/routers/ce252805-bfbd-48e4-a5b0-f37b372447a1 HTTP/1.1" status: 204 len: 168 time: 0.4366558
2026-06-28 21:07:02.301 10 INFO neutron.wsgi [None req-d6bdd5c4-ea2a-4268-a629-b654a6bcf60b a1556e806b964745bfdbbcd5439c9931 7595cfba738e49a98354dfda0f6b05bc - - default default] 10.0.0.202 "GET /v2.0/routers/8c567920-ca30-4574-bc5e-2bcb872790d9 HTTP/1.1" status: 200 len: 677 time: 0.0429688
2026-06-28 21:07:02.794 10 INFO neutron.db.ovn_revision_numbers_db [None req-ac92e651-b51e-4f15-90e2-c98dcdd01224 a1556e806b964745bfdbbcd5439c9931 7595cfba738e49a98354dfda0f6b05bc - - - -] Successfully bumped revision number for resource 8c567920-ca30-4574-bc5e-2bcb872790d9 (type: routers) to 4
2026-06-28 21:07:02.799 10 INFO neutron.wsgi [None req-ac92e651-b51e-4f15-90e2-c98dcdd01224 a1556e806b964745bfdbbcd5439c9931 7595cfba738e49a98354dfda0f6b05bc - - - -] 10.0.0.202 "PUT /v2.0/routers/8c567920-ca30-4574-bc5e-2bcb872790d9 HTTP/1.1" status: 200 len: 677 time: 0.4921455
2026-06-28 21:07:02.834 10 INFO neutron.wsgi [None req-f529a076-e409-4150-bf07-10961c0728dd a1556e806b964745bfdbbcd5439c9931 7595cfba738e49a98354dfda0f6b05bc - - default default] 10.0.0.202 "GET /v2.0/ports?device_id=8c567920-ca30-4574-bc5e-2bcb872790d9 HTTP/1.1" status: 200 len: 205 time: 0.0299113
2026-06-28 21:07:03.108 10 INFO neutron.db.ovn_revision_numbers_db [None req-a31da146-4c18-4a64-a1d9-676adb2a80c4 7158a4343b1644bca570133cdab81c48 27b21ca08bc649258cc31d37fbe6fa54 - - - -] Successfully bumped revision number for resource 8a634ed9-daa5-4eec-b5c8-3affdf4f4277 (type: security_groups) to 1
2026-06-28 21:07:03.113 10 INFO neutron.wsgi [None req-088b9212-ee2d-495f-b045-743b649d0305 a1556e806b964745bfdbbcd5439c9931 7595cfba738e49a98354dfda0f6b05bc - - - -] 10.0.0.202 "DELETE /v2.0/routers/8c567920-ca30-4574-bc5e-2bcb872790d9 HTTP/1.1" status: 204 len: 168 time: 0.2721133
2026-06-28 21:07:03.166 10 INFO neutron.db.segments_db [None req-a31da146-4c18-4a64-a1d9-676adb2a80c4 7158a4343b1644bca570133cdab81c48 27b21ca08bc649258cc31d37fbe6fa54 - - - -] Added segment 1e1f890a-a980-4856-b271-b9e3d582eadf of type geneve for network 0fe55f5c-e454-4527-b4fc-40d35c33bb36
2026-06-28 21:07:03.166 9 INFO neutron.wsgi [None req-69fd187c-d3c4-4f0f-a045-1e6a3a53a1f3 a1556e806b964745bfdbbcd5439c9931 7595cfba738e49a98354dfda0f6b05bc - - default default] 10.0.0.202 "GET /v2.0/routers/cd6b627c-8ca1-47b0-bf63-a1f635f488e1 HTTP/1.1" status: 200 len: 662 time: 0.0484881
2026-06-28 21:07:03.285 10 INFO neutron.db.ovn_revision_numbers_db [None req-a31da146-4c18-4a64-a1d9-676adb2a80c4 7158a4343b1644bca570133cdab81c48 27b21ca08bc649258cc31d37fbe6fa54 - - - -] Successfully bumped revision number for resource 0fe55f5c-e454-4527-b4fc-40d35c33bb36 (type: networks) to 1
2026-06-28 21:07:03.440 10 WARNING neutron.scheduler.dhcp_agent_scheduler [None req-a31da146-4c18-4a64-a1d9-676adb2a80c4 7158a4343b1644bca570133cdab81c48 27b21ca08bc649258cc31d37fbe6fa54 - - - -] No more DHCP agents
2026-06-28 21:07:03.443 10 WARNING neutron.api.rpc.agentnotifiers.dhcp_rpc_agent_api [None req-a31da146-4c18-4a64-a1d9-676adb2a80c4 7158a4343b1644bca570133cdab81c48 27b21ca08bc649258cc31d37fbe6fa54 - - - -] Unable to schedule network 0fe55f5c-e454-4527-b4fc-40d35c33bb36: no agents available; will retry on subsequent port and subnet creation events.
2026-06-28 21:07:03.511 10 INFO neutron.db.ovn_revision_numbers_db [None req-a31da146-4c18-4a64-a1d9-676adb2a80c4 7158a4343b1644bca570133cdab81c48 27b21ca08bc649258cc31d37fbe6fa54 - - - -] Successfully bumped revision number for resource 52a37a47-06f7-4e04-bd9e-c473acb3e46a (type: ports) to 1
2026-06-28 21:07:03.539 10 INFO neutron.wsgi [None req-a31da146-4c18-4a64-a1d9-676adb2a80c4 7158a4343b1644bca570133cdab81c48 27b21ca08bc649258cc31d37fbe6fa54 - - - -] 10.0.0.202 "POST /v2.0/networks HTTP/1.1" status: 201 len: 942 time: 0.9073997
2026-06-28 21:07:03.649 9 INFO neutron.db.ovn_revision_numbers_db [None req-ee4022ee-14a8-48c5-a85b-6a0945889738 a1556e806b964745bfdbbcd5439c9931 7595cfba738e49a98354dfda0f6b05bc - - - -] Successfully bumped revision number for resource cd6b627c-8ca1-47b0-bf63-a1f635f488e1 (type: routers) to 4
2026-06-28 21:07:03.652 9 INFO neutron.wsgi [None req-ee4022ee-14a8-48c5-a85b-6a0945889738 a1556e806b964745bfdbbcd5439c9931 7595cfba738e49a98354dfda0f6b05bc - - - -] 10.0.0.202 "PUT /v2.0/routers/cd6b627c-8ca1-47b0-bf63-a1f635f488e1 HTTP/1.1" status: 200 len: 662 time: 0.4801683
2026-06-28 21:07:03.677 9 INFO neutron.wsgi [None req-71f0f0f0-3044-4ee9-8dca-34621eb021fa a1556e806b964745bfdbbcd5439c9931 7595cfba738e49a98354dfda0f6b05bc - - default default] 10.0.0.202 "GET /v2.0/ports?device_id=cd6b627c-8ca1-47b0-bf63-a1f635f488e1 HTTP/1.1" status: 200 len: 205 time: 0.0207236
2026-06-28 21:07:03.741 10 WARNING neutron.scheduler.dhcp_agent_scheduler [None req-5c0fcae9-77c1-4013-bd07-a905a578bd87 7158a4343b1644bca570133cdab81c48 27b21ca08bc649258cc31d37fbe6fa54 - - - -] No more DHCP agents
2026-06-28 21:07:03.744 10 WARNING neutron.api.rpc.agentnotifiers.dhcp_rpc_agent_api [None req-5c0fcae9-77c1-4013-bd07-a905a578bd87 7158a4343b1644bca570133cdab81c48 27b21ca08bc649258cc31d37fbe6fa54 - - - -] Unable to schedule network 0fe55f5c-e454-4527-b4fc-40d35c33bb36: no agents available; will retry on subsequent port and subnet creation events.
2026-06-28 21:07:03.825 9 INFO neutron.db.ovn_revision_numbers_db [None req-c399c189-dd9d-4743-8eb3-02f78e1cd346 7158a4343b1644bca570133cdab81c48 27b21ca08bc649258cc31d37fbe6fa54 - - - -] Successfully bumped revision number for resource 3ff0a9bd-ed17-476f-bfda-feee5e98cacb (type: security_groups) to 1
2026-06-28 21:07:03.828 10 INFO neutron.db.ovn_revision_numbers_db [None req-6001f6b2-7b1b-4cc5-8aa8-b8ebf0a9d959 6bbb364e9cf34c3e88a460782bd0cc68 c51e872006cc4cddb11d65450481e8cb - - - -] Successfully bumped revision number for resource 6c4c6ead-6998-4e97-a2cb-ab38d32598c4 (type: security_groups) to 1
2026-06-28 21:07:03.887 10 INFO neutron.db.segments_db [None req-6001f6b2-7b1b-4cc5-8aa8-b8ebf0a9d959 6bbb364e9cf34c3e88a460782bd0cc68 c51e872006cc4cddb11d65450481e8cb - - - -] Added segment b8425c80-4b90-420c-bb8c-5a3ba96597cf of type geneve for network 6f2fb25c-4e9d-4eca-88c7-eb28365b2bed
2026-06-28 21:07:03.902 9 INFO neutron.wsgi [None req-e05dfabe-b3ee-46bb-b407-6f6b7c4e5909 a1556e806b964745bfdbbcd5439c9931 7595cfba738e49a98354dfda0f6b05bc - - - -] 10.0.0.202 "DELETE /v2.0/routers/cd6b627c-8ca1-47b0-bf63-a1f635f488e1 HTTP/1.1" status: 204 len: 168 time: 0.2198722
2026-06-28 21:07:03.903 9 INFO neutron.db.segments_db [None req-c399c189-dd9d-4743-8eb3-02f78e1cd346 7158a4343b1644bca570133cdab81c48 27b21ca08bc649258cc31d37fbe6fa54 - - - -] Added segment 179fa020-2aab-4732-a331-5ddc372d8fb3 of type geneve for network d7472f02-8ec3-45e6-b11b-2b599eb1579a
2026-06-28 21:07:03.974 9 INFO neutron.wsgi [None req-1b74358f-4998-4f57-801a-a3c8020a36fc a1556e806b964745bfdbbcd5439c9931 7595cfba738e49a98354dfda0f6b05bc - - default default] 10.0.0.202 "GET /v2.0/routers/b572dfdc-a754-4d69-b338-9b3717b10e1e HTTP/1.1" status: 200 len: 655 time: 0.0630858
2026-06-28 21:07:04.069 9 INFO neutron.db.ovn_revision_numbers_db [None req-c399c189-dd9d-4743-8eb3-02f78e1cd346 7158a4343b1644bca570133cdab81c48 27b21ca08bc649258cc31d37fbe6fa54 - - - -] Successfully bumped revision number for resource d7472f02-8ec3-45e6-b11b-2b599eb1579a (type: networks) to 1
2026-06-28 21:07:04.254 9 WARNING neutron.scheduler.dhcp_agent_scheduler [None req-c399c189-dd9d-4743-8eb3-02f78e1cd346 7158a4343b1644bca570133cdab81c48 27b21ca08bc649258cc31d37fbe6fa54 - - - -] No more DHCP agents
2026-06-28 21:07:04.257 9 WARNING neutron.api.rpc.agentnotifiers.dhcp_rpc_agent_api [None req-c399c189-dd9d-4743-8eb3-02f78e1cd346 7158a4343b1644bca570133cdab81c48 27b21ca08bc649258cc31d37fbe6fa54 - - - -] Unable to schedule network d7472f02-8ec3-45e6-b11b-2b599eb1579a: no agents available; will retry on subsequent port and subnet creation events.
2026-06-28 21:07:04.316 9 INFO neutron.db.ovn_revision_numbers_db [None req-c399c189-dd9d-4743-8eb3-02f78e1cd346 7158a4343b1644bca570133cdab81c48 27b21ca08bc649258cc31d37fbe6fa54 - - - -] Successfully bumped revision number for resource 395971f5-b6df-42fa-b72a-8eb689f44c61 (type: ports) to 1
2026-06-28 21:07:04.328 10 INFO neutron.db.ovn_revision_numbers_db [None req-6001f6b2-7b1b-4cc5-8aa8-b8ebf0a9d959 6bbb364e9cf34c3e88a460782bd0cc68 c51e872006cc4cddb11d65450481e8cb - - - -] Successfully bumped revision number for resource 6f2fb25c-4e9d-4eca-88c7-eb28365b2bed (type: networks) to 1
2026-06-28 21:07:04.332 9 INFO neutron.wsgi [None req-c399c189-dd9d-4743-8eb3-02f78e1cd346 7158a4343b1644bca570133cdab81c48 27b21ca08bc649258cc31d37fbe6fa54 - - - -] 10.0.0.202 "POST /v2.0/networks HTTP/1.1" status: 201 len: 943 time: 0.9220114
