2026-06-28 21:04:53.006 9 INFO neutron.wsgi [req-a8c5eb13-bfe3-4e4e-96a9-8a34de270cf5 req-10dadafa-488b-4dbd-89d0-0da96d56b6bf 8e1bdbdf0b2d4629ae976e6e370567bd d5b618ee756f45ea822f05337c484cf1 - - 86e08e0233ff4bfda26ef76c9bfe5e40 86e08e0233ff4bfda26ef76c9bfe5e40] 199.19.213.60 "GET /v2.0/networks/98c71643-2c95-4d47-894b-08fb3d9db118?fields=provider%3Aphysical_network&fields=provider%3Anetwork_type HTTP/1.1" status: 200 len: 277 time: 0.0551636
2026-06-28 21:04:53.013 9 INFO neutron.wsgi [None req-be833a1a-8102-4c9d-aed7-1335be271774 48ab2e1ae5514f0987b30001cf20996f 7eacc1f2107340dd8879533d49bf0148 - - - -] 10.0.0.184 "DELETE /v2.0/security-group-rules/d8abc3f4-e3ec-4b6e-abd6-a3a0db980565 HTTP/1.1" status: 204 len: 173 time: 0.3490767
2026-06-28 21:04:53.017 9 INFO neutron.services.segments.plugin [-] Segment 64a80f3c-04b7-488e-bd6f-f0350e2d69fb resource provider aggregate not found
2026-06-28 21:04:53.028 9 INFO neutron.services.segments.plugin [-] Segment 64a80f3c-04b7-488e-bd6f-f0350e2d69fb resource provider aggregate not found
2026-06-28 21:04:53.035 9 INFO neutron.services.segments.plugin [-] Segment 64a80f3c-04b7-488e-bd6f-f0350e2d69fb resource provider not found; error: Placement Client Error (4xx): {"errors": [{"status": 404, "title": "Not Found", "detail": "The resource could not be found.\n\n No resource provider with uuid 64a80f3c-04b7-488e-bd6f-f0350e2d69fb found for delete ", "request_id": "req-cad49357-14c0-468f-96ee-71feec03484c"}]}
2026-06-28 21:04:53.047 9 INFO neutron.services.segments.plugin [-] Segment 64a80f3c-04b7-488e-bd6f-f0350e2d69fb resource provider not found; error: Placement Client Error (4xx): {"errors": [{"status": 404, "title": "Not Found", "detail": "The resource could not be found.\n\n No resource provider with uuid 64a80f3c-04b7-488e-bd6f-f0350e2d69fb found for delete ", "request_id": "req-d95d03f9-8b3e-4326-a867-31e666dc7a18"}]}
2026-06-28 21:04:53.083 9 INFO neutron.wsgi [req-a957f64d-da03-4874-a57c-bb3f13c56224 req-c88e1425-2ae6-43e4-9ec7-58007a5bbbc1 48ab2e1ae5514f0987b30001cf20996f 7eacc1f2107340dd8879533d49bf0148 - - default default] 10.0.0.184 "GET /v2.0/security-groups/7e9469a8-405f-4612-986a-466fb9bae118 HTTP/1.1" status: 200 len: 2414 time: 0.0436289
2026-06-28 21:04:53.090 10 INFO neutron.wsgi [None req-acefae9d-f38d-4bf9-add7-c5658ac45ee2 7158a4343b1644bca570133cdab81c48 27b21ca08bc649258cc31d37fbe6fa54 - - - -] 10.0.0.202 "DELETE /v2.0/security-groups/86c78abe-76f6-4576-96cb-65d7999eecbd HTTP/1.1" status: 204 len: 168 time: 0.2607274
2026-06-28 21:04:53.212 9 INFO neutron.wsgi [None req-5f283b6c-a41c-4824-a0ea-4d3fdd0d34db 7158a4343b1644bca570133cdab81c48 27b21ca08bc649258cc31d37fbe6fa54 - - default default] 10.0.0.216 "GET /v2.0/networks HTTP/1.1" status: 200 len: 4632 time: 0.1126535
2026-06-28 21:04:53.238 10 INFO neutron.db.ovn_revision_numbers_db [None req-60886943-eb46-4a14-87ae-3734cb45e418 8e1bdbdf0b2d4629ae976e6e370567bd d5b618ee756f45ea822f05337c484cf1 - - - -] Successfully bumped revision number for resource f3808493-1fa7-4b0c-ad55-9b47884ac185 (type: ports) to 2
2026-06-28 21:04:53.302 9 INFO neutron.wsgi [None req-d98c8a1d-452a-41f2-8436-421e9396d0c8 48ab2e1ae5514f0987b30001cf20996f 7eacc1f2107340dd8879533d49bf0148 - - - -] 10.0.0.184 "DELETE /v2.0/security-groups/7e9469a8-405f-4612-986a-466fb9bae118 HTTP/1.1" status: 204 len: 173 time: 0.2119009
2026-06-28 21:04:53.351 9 INFO neutron.wsgi [None req-180637e7-6013-44c8-81db-95eedbca6dbb 7158a4343b1644bca570133cdab81c48 27b21ca08bc649258cc31d37fbe6fa54 - - default default] 10.0.0.216 "GET /v2.0/routers HTTP/1.1" status: 200 len: 2211 time: 0.1317742
2026-06-28 21:04:53.367 9 INFO neutron.wsgi [None req-77671969-0be0-48ae-b2d3-a2b6d6b9281b 7158a4343b1644bca570133cdab81c48 27b21ca08bc649258cc31d37fbe6fa54 - - default default] 10.0.0.216 "GET /v2.0/agents?binary=ovn-controller HTTP/1.1" status: 200 len: 591 time: 0.0142069
2026-06-28 21:04:53.374 9 INFO neutron.wsgi [req-d76cb03a-024c-4fbb-865b-bbeef3d10706 req-45038c08-82fc-4de9-880c-2c261b728d82 48ab2e1ae5514f0987b30001cf20996f 7eacc1f2107340dd8879533d49bf0148 - - default default] 10.0.0.184 "GET /v2.0/security-groups/c4753144-ffad-4e54-8bea-215ff8f2ec7f HTTP/1.1" status: 200 len: 2413 time: 0.0493088
2026-06-28 21:04:53.379 9 INFO neutron.wsgi [None req-95a02941-c10c-4322-956f-f2550cd96d74 7158a4343b1644bca570133cdab81c48 27b21ca08bc649258cc31d37fbe6fa54 - - default default] 10.0.0.216 "GET /v2.0/agents HTTP/1.1" status: 200 len: 997 time: 0.0103111
2026-06-28 21:04:53.398 9 INFO neutron.wsgi [None req-d2892349-9338-4047-9412-1f2a00737a28 7158a4343b1644bca570133cdab81c48 27b21ca08bc649258cc31d37fbe6fa54 - - default default] 10.0.0.216 "GET /v2.0/network-ip-availabilities HTTP/1.1" status: 200 len: 2714 time: 0.0183001
2026-06-28 21:04:53.425 10 INFO neutron.db.ovn_revision_numbers_db [None req-60886943-eb46-4a14-87ae-3734cb45e418 8e1bdbdf0b2d4629ae976e6e370567bd d5b618ee756f45ea822f05337c484cf1 - - - -] Successfully bumped revision number for resource f3808493-1fa7-4b0c-ad55-9b47884ac185 (type: ports) to 2
2026-06-28 21:04:53.439 10 INFO neutron.wsgi [None req-60886943-eb46-4a14-87ae-3734cb45e418 8e1bdbdf0b2d4629ae976e6e370567bd d5b618ee756f45ea822f05337c484cf1 - - - -] 199.19.213.60 "PUT /v2.0/ports/f3808493-1fa7-4b0c-ad55-9b47884ac185 HTTP/1.1" status: 200 len: 1328 time: 0.5716403
2026-06-28 21:04:53.444 9 INFO neutron.wsgi [None req-b916d756-cb74-4e32-8425-a85a282ec68e 7158a4343b1644bca570133cdab81c48 27b21ca08bc649258cc31d37fbe6fa54 - - default default] 10.0.0.216 "GET /v2.0/subnets HTTP/1.1" status: 200 len: 3408 time: 0.0441935
2026-06-28 21:04:53.469 9 INFO neutron.wsgi [None req-bfb77be0-51c2-4498-be23-cd3f81296822 7158a4343b1644bca570133cdab81c48 27b21ca08bc649258cc31d37fbe6fa54 - - default default] 10.0.0.216 "GET /v2.0/subnetpools HTTP/1.1" status: 200 len: 193 time: 0.0170720
2026-06-28 21:04:53.477 9 INFO neutron.wsgi [req-56040c53-3712-49d3-a06a-791bd8701e78 req-181d4e44-f1d0-4607-9e05-a957f0102bde 08b56299f10c4456918f5c075403730a e3b51c6cefff46b0a92c74bc552f2865 - - default default] 10.0.0.184 "GET /v2.0/ports?device_id=deae80f4-0a3b-49c5-baff-08d9e8a43822 HTTP/1.1" status: 200 len: 1172 time: 0.0479538 /var/lib/openstack/lib/python3.10/site-packages/pycadf/identifier.py:71: UserWarning: Invalid uuid: neutron. To ensure interoperability, identifiers should be a valid uuid. warnings.warn(('Invalid uuid: %s. To ensure interoperability, '
2026-06-28 21:04:53.530 10 INFO neutron.wsgi [req-f18a5094-fbf6-4be9-8188-2458432ce956 req-bd37cc17-c8dc-481e-a9ff-05321598fe65 8e1bdbdf0b2d4629ae976e6e370567bd d5b618ee756f45ea822f05337c484cf1 - - 86e08e0233ff4bfda26ef76c9bfe5e40 86e08e0233ff4bfda26ef76c9bfe5e40] 199.19.213.60 "GET /v2.0/ports?tenant_id=ecf5604014d9414a80bc59e663d983a6&device_id=e5948668-73cd-409f-82fa-8d52ae5e3373 HTTP/1.1" status: 200 len: 1359 time: 0.0532234
2026-06-28 21:04:53.532 9 INFO neutron.wsgi [None req-81f2ff2d-ed74-4872-8c22-6a33771fc983 7158a4343b1644bca570133cdab81c48 27b21ca08bc649258cc31d37fbe6fa54 - - default default] 10.0.0.216 "GET /v2.0/ports HTTP/1.1" status: 200 len: 18079 time: 0.0599530
2026-06-28 21:04:53.557 9 INFO neutron.wsgi [req-56040c53-3712-49d3-a06a-791bd8701e78 req-aff47215-44d8-4baa-9c52-cf1d5e00a218 08b56299f10c4456918f5c075403730a e3b51c6cefff46b0a92c74bc552f2865 - - default default] 10.0.0.184 "GET /v2.0/security-groups?id=811a4cd7-5e75-4807-95d3-0506763ce4ae&fields=id&fields=name HTTP/1.1" status: 200 len: 286 time: 0.0724673
2026-06-28 21:04:53.576 10 INFO neutron.wsgi [req-f18a5094-fbf6-4be9-8188-2458432ce956 req-a10c704d-19e5-4363-b9ea-2e7f6d13f346 8e1bdbdf0b2d4629ae976e6e370567bd d5b618ee756f45ea822f05337c484cf1 - - 86e08e0233ff4bfda26ef76c9bfe5e40 86e08e0233ff4bfda26ef76c9bfe5e40] 199.19.213.60 "GET /v2.0/floatingips?fixed_ip_address=10.100.0.3&port_id=f3808493-1fa7-4b0c-ad55-9b47884ac185 HTTP/1.1" status: 200 len: 217 time: 0.0360126
2026-06-28 21:04:53.589 9 INFO neutron.wsgi [None req-928e6aec-2ac4-48b9-8fa8-6e796e872f10 7158a4343b1644bca570133cdab81c48 27b21ca08bc649258cc31d37fbe6fa54 - - default default] 10.0.0.216 "GET /v2.0/floatingips HTTP/1.1" status: 200 len: 730 time: 0.0425141
2026-06-28 21:04:53.594 9 INFO neutron.wsgi [None req-e7caa720-3d1a-409d-ad8f-bcef50174434 48ab2e1ae5514f0987b30001cf20996f 7eacc1f2107340dd8879533d49bf0148 - - - -] 10.0.0.184 "DELETE /v2.0/security-groups/c4753144-ffad-4e54-8bea-215ff8f2ec7f HTTP/1.1" status: 204 len: 173 time: 0.2104492
2026-06-28 21:04:53.620 10 INFO neutron.wsgi [req-f18a5094-fbf6-4be9-8188-2458432ce956 req-c6bdb1b3-c7f8-43b1-bc5a-7ada40cc8957 8e1bdbdf0b2d4629ae976e6e370567bd d5b618ee756f45ea822f05337c484cf1 - - 86e08e0233ff4bfda26ef76c9bfe5e40 86e08e0233ff4bfda26ef76c9bfe5e40] 199.19.213.60 "GET /v2.0/subnets?id=7145d428-efc6-499f-a975-42f44dca91d6 HTTP/1.1" status: 200 len: 863 time: 0.0400071
2026-06-28 21:04:53.654 10 INFO neutron.wsgi [req-f18a5094-fbf6-4be9-8188-2458432ce956 req-4da497cf-4b92-478e-aaba-ebe73539e2d1 8e1bdbdf0b2d4629ae976e6e370567bd d5b618ee756f45ea822f05337c484cf1 - - 86e08e0233ff4bfda26ef76c9bfe5e40 86e08e0233ff4bfda26ef76c9bfe5e40] 199.19.213.60 "GET /v2.0/ports?network_id=67282799-04f2-4f04-87e3-fd7211d4106e&device_owner=network%3Adhcp HTTP/1.1" status: 200 len: 210 time: 0.0274935
2026-06-28 21:04:53.686 9 INFO neutron.wsgi [req-9df15ce4-82d7-4345-8c41-8605ddfa738e req-c41ad495-4f81-4075-a257-54c86c0b4e41 befaf1e567f34e748676afcb62dac9a6 ecf5604014d9414a80bc59e663d983a6 - - default default] 10.0.0.184 "GET /v2.0/ports?device_id=e5948668-73cd-409f-82fa-8d52ae5e3373 HTTP/1.1" status: 200 len: 1168 time: 0.0625994
2026-06-28 21:04:53.715 10 INFO neutron.wsgi [req-f18a5094-fbf6-4be9-8188-2458432ce956 req-c97b8568-4164-4b72-9f68-dac5b411661b 8e1bdbdf0b2d4629ae976e6e370567bd d5b618ee756f45ea822f05337c484cf1 - - 86e08e0233ff4bfda26ef76c9bfe5e40 86e08e0233ff4bfda26ef76c9bfe5e40] 199.19.213.60 "GET /v2.0/networks/67282799-04f2-4f04-87e3-fd7211d4106e?fields=segments HTTP/1.1" status: 200 len: 212 time: 0.0545456
2026-06-28 21:04:53.744 9 INFO neutron.wsgi [None req-2568666d-9915-4d8f-9114-8cb143c28f9f 7158a4343b1644bca570133cdab81c48 27b21ca08bc649258cc31d37fbe6fa54 - - default default] 10.0.0.216 "GET /v2.0/security-groups HTTP/1.1" status: 200 len: 27871 time: 0.1493289
2026-06-28 21:04:53.746 9 INFO neutron.wsgi [req-9df15ce4-82d7-4345-8c41-8605ddfa738e req-9ee964a8-0559-4f92-989b-ac8f4d6c9b59 befaf1e567f34e748676afcb62dac9a6 ecf5604014d9414a80bc59e663d983a6 - - default default] 10.0.0.184 "GET /v2.0/security-groups?id=d8c1811a-4052-408f-ab2a-de15caabeaae&fields=id&fields=name HTTP/1.1" status: 200 len: 312 time: 0.0516348
2026-06-28 21:04:53.793 10 INFO neutron.wsgi [req-f18a5094-fbf6-4be9-8188-2458432ce956 req-cc3431b0-e1c7-4c27-952b-14aec58e4b10 8e1bdbdf0b2d4629ae976e6e370567bd d5b618ee756f45ea822f05337c484cf1 - - 86e08e0233ff4bfda26ef76c9bfe5e40 86e08e0233ff4bfda26ef76c9bfe5e40] 199.19.213.60 "GET /v2.0/networks/67282799-04f2-4f04-87e3-fd7211d4106e?fields=provider%3Aphysical_network&fields=provider%3Anetwork_type HTTP/1.1" status: 200 len: 277 time: 0.0678110
2026-06-28 21:04:53.798 9 INFO neutron.wsgi [None req-dfffdd28-5fe9-47b6-8607-821cefe61d78 7158a4343b1644bca570133cdab81c48 27b21ca08bc649258cc31d37fbe6fa54 - - default default] 10.0.0.216 "GET /v2.0/subnets HTTP/1.1" status: 200 len: 3408 time: 0.0474422
2026-06-28 21:04:53.914 10 INFO neutron.notifiers.nova [-] Nova event matching ['req-a7fbe93d-d63a-42d1-b246-a5fef4a2bb35'] response: {'name': 'network-changed', 'server_uuid': 'e5948668-73cd-409f-82fa-8d52ae5e3373', 'tag': 'f3808493-1fa7-4b0c-ad55-9b47884ac185', 'status': 'completed', 'code': 200}
2026-06-28 21:04:53.965 10 INFO neutron.wsgi [req-377820b0-eb6a-4bc7-ae5e-a406c8a86fcd req-5146dfa5-ad5b-4239-882e-484d4f870bfd 8e1bdbdf0b2d4629ae976e6e370567bd d5b618ee756f45ea822f05337c484cf1 - - 86e08e0233ff4bfda26ef76c9bfe5e40 86e08e0233ff4bfda26ef76c9bfe5e40] 199.19.213.60 "GET /v2.0/ports?tenant_id=ecf5604014d9414a80bc59e663d983a6&device_id=e5948668-73cd-409f-82fa-8d52ae5e3373 HTTP/1.1" status: 200 len: 1359 time: 0.0354855
2026-06-28 21:04:54.066 10 INFO neutron.wsgi [req-377820b0-eb6a-4bc7-ae5e-a406c8a86fcd req-1aeaca05-7d80-484f-be91-04c2c67aa95b 8e1bdbdf0b2d4629ae976e6e370567bd d5b618ee756f45ea822f05337c484cf1 - - 86e08e0233ff4bfda26ef76c9bfe5e40 86e08e0233ff4bfda26ef76c9bfe5e40] 199.19.213.60 "GET /v2.0/networks?id=67282799-04f2-4f04-87e3-fd7211d4106e HTTP/1.1" status: 200 len: 968 time: 0.0935659
2026-06-28 21:04:54.096 10 INFO neutron.wsgi [req-377820b0-eb6a-4bc7-ae5e-a406c8a86fcd req-221abe96-f6ba-4b6f-8137-b24b33ff5704 8e1bdbdf0b2d4629ae976e6e370567bd d5b618ee756f45ea822f05337c484cf1 - - 86e08e0233ff4bfda26ef76c9bfe5e40 86e08e0233ff4bfda26ef76c9bfe5e40] 199.19.213.60 "GET /v2.0/floatingips?fixed_ip_address=10.100.0.3&port_id=f3808493-1fa7-4b0c-ad55-9b47884ac185 HTTP/1.1" status: 200 len: 217 time: 0.0238028
2026-06-28 21:04:54.138 10 INFO neutron.wsgi [req-377820b0-eb6a-4bc7-ae5e-a406c8a86fcd req-2851d2b7-e114-41ae-bd1d-02d4478917af 8e1bdbdf0b2d4629ae976e6e370567bd d5b618ee756f45ea822f05337c484cf1 - - 86e08e0233ff4bfda26ef76c9bfe5e40 86e08e0233ff4bfda26ef76c9bfe5e40] 199.19.213.60 "GET /v2.0/subnets?id=7145d428-efc6-499f-a975-42f44dca91d6 HTTP/1.1" status: 200 len: 863 time: 0.0362144
2026-06-28 21:04:54.163 10 INFO neutron.wsgi [req-377820b0-eb6a-4bc7-ae5e-a406c8a86fcd req-fc632eab-f5a8-4cda-994c-52fe534cdf5c 8e1bdbdf0b2d4629ae976e6e370567bd d5b618ee756f45ea822f05337c484cf1 - - 86e08e0233ff4bfda26ef76c9bfe5e40 86e08e0233ff4bfda26ef76c9bfe5e40] 199.19.213.60 "GET /v2.0/ports?network_id=67282799-04f2-4f04-87e3-fd7211d4106e&device_owner=network%3Adhcp HTTP/1.1" status: 200 len: 210 time: 0.0189173
2026-06-28 21:04:54.233 10 INFO neutron.wsgi [req-377820b0-eb6a-4bc7-ae5e-a406c8a86fcd req-8f9d78fc-5326-4a71-9b6c-898c0f99464f 8e1bdbdf0b2d4629ae976e6e370567bd d5b618ee756f45ea822f05337c484cf1 - - 86e08e0233ff4bfda26ef76c9bfe5e40 86e08e0233ff4bfda26ef76c9bfe5e40] 199.19.213.60 "GET /v2.0/networks/67282799-04f2-4f04-87e3-fd7211d4106e?fields=segments HTTP/1.1" status: 200 len: 212 time: 0.0636191
2026-06-28 21:04:54.296 10 INFO neutron.wsgi [req-377820b0-eb6a-4bc7-ae5e-a406c8a86fcd req-b8da07b5-8eca-4d05-a5aa-cc4e585a641a 8e1bdbdf0b2d4629ae976e6e370567bd d5b618ee756f45ea822f05337c484cf1 - - 86e08e0233ff4bfda26ef76c9bfe5e40 86e08e0233ff4bfda26ef76c9bfe5e40] 199.19.213.60 "GET /v2.0/networks/67282799-04f2-4f04-87e3-fd7211d4106e?fields=provider%3Aphysical_network&fields=provider%3Anetwork_type HTTP/1.1" status: 200 len: 277 time: 0.0586066
2026-06-28 21:04:54.805 9 INFO neutron.wsgi [req-e54aef4a-452a-4d3e-b8ac-c04d47bf0af0 req-cde70548-4eb2-4430-a30a-6cb329093d56 08b56299f10c4456918f5c075403730a e3b51c6cefff46b0a92c74bc552f2865 - - default default] 10.0.0.184 "GET /v2.0/ports?device_id=deae80f4-0a3b-49c5-baff-08d9e8a43822 HTTP/1.1" status: 200 len: 1172 time: 0.1902406
2026-06-28 21:04:54.862 9 INFO neutron.wsgi [req-53426d20-0eec-4539-a7f4-f25ddd58449e req-03ed7c4f-a6bc-438a-b895-0f6104f7e7fb befaf1e567f34e748676afcb62dac9a6 ecf5604014d9414a80bc59e663d983a6 - - default default] 10.0.0.184 "GET /v2.0/ports?device_id=e5948668-73cd-409f-82fa-8d52ae5e3373 HTTP/1.1" status: 200 len: 1168 time: 0.0438554
2026-06-28 21:04:54.881 9 INFO neutron.wsgi [req-e54aef4a-452a-4d3e-b8ac-c04d47bf0af0 req-ea15a03a-e8a7-4028-9c0f-dd72d395c0cb 08b56299f10c4456918f5c075403730a e3b51c6cefff46b0a92c74bc552f2865 - - default default] 10.0.0.184 "GET /v2.0/security-groups?id=811a4cd7-5e75-4807-95d3-0506763ce4ae&fields=id&fields=name HTTP/1.1" status: 200 len: 286 time: 0.0622647
2026-06-28 21:04:54.914 9 INFO neutron.wsgi [None req-33757488-e1ce-4cbf-8652-fcae5208170b 7158a4343b1644bca570133cdab81c48 27b21ca08bc649258cc31d37fbe6fa54 - - - -] 10.0.0.202 "PUT /v2.0/routers/7f3126a8-be36-4f97-a3d5-37472d41d67e/remove_router_interface HTTP/1.1" status: 200 len: 503 time: 1.3096969 /var/lib/openstack/lib/python3.10/site-packages/pycadf/identifier.py:71: UserWarning: Invalid uuid: neutron. To ensure interoperability, identifiers should be a valid uuid. warnings.warn(('Invalid uuid: %s. To ensure interoperability, '
2026-06-28 21:04:54.938 10 INFO neutron.plugins.ml2.drivers.ovn.mech_driver.mech_driver [None req-f35bbdb6-b4ea-4905-a408-53ea0038a23e - - - - - -] OVN reports status up for port: f3808493-1fa7-4b0c-ad55-9b47884ac185
2026-06-28 21:04:54.950 10 INFO neutron.plugins.ml2.plugin [None req-f35bbdb6-b4ea-4905-a408-53ea0038a23e - - - - - -] Attempt 1 to provision port f3808493-1fa7-4b0c-ad55-9b47884ac185
2026-06-28 21:04:54.988 9 INFO neutron.wsgi [req-53426d20-0eec-4539-a7f4-f25ddd58449e req-845ef9cd-4fb5-4c86-b0c3-331a8f29a82d befaf1e567f34e748676afcb62dac9a6 ecf5604014d9414a80bc59e663d983a6 - - default default] 10.0.0.184 "GET /v2.0/security-groups?id=d8c1811a-4052-408f-ab2a-de15caabeaae&fields=id&fields=name HTTP/1.1" status: 200 len: 312 time: 0.1179428
2026-06-28 21:04:55.149 10 INFO neutron.db.ovn_revision_numbers_db [None req-fb97e536-7395-4a9f-925b-ecb0901a8d9a 7158a4343b1644bca570133cdab81c48 27b21ca08bc649258cc31d37fbe6fa54 - - - -] Successfully bumped revision number for resource 57fb5d31-fd37-4d5c-9960-f3815c435601 (type: security_groups) to 1
2026-06-28 21:04:55.203 10 INFO neutron.db.segments_db [None req-fb97e536-7395-4a9f-925b-ecb0901a8d9a 7158a4343b1644bca570133cdab81c48 27b21ca08bc649258cc31d37fbe6fa54 - - - -] Added segment ce655a64-0cc3-4ca4-9784-e168ee92bef4 of type geneve for network b1d66366-2d66-40cb-b97e-417eb071b7d2
2026-06-28 21:04:55.246 10 INFO neutron.db.ovn_revision_numbers_db [None req-f35bbdb6-b4ea-4905-a408-53ea0038a23e - - - - - -] Successfully bumped revision number for resource f3808493-1fa7-4b0c-ad55-9b47884ac185 (type: ports) to 4
2026-06-28 21:04:55.355 10 INFO neutron.plugins.ml2.drivers.ovn.mech_driver.mech_driver [None req-f35bbdb6-b4ea-4905-a408-53ea0038a23e - - - - - -] OVN reports status up for port: 2941e593-36de-42a0-b26a-56381448bc9d
2026-06-28 21:04:55.358 10 INFO neutron.db.ovn_revision_numbers_db [None req-fb97e536-7395-4a9f-925b-ecb0901a8d9a 7158a4343b1644bca570133cdab81c48 27b21ca08bc649258cc31d37fbe6fa54 - - - -] Successfully bumped revision number for resource b1d66366-2d66-40cb-b97e-417eb071b7d2 (type: networks) to 1
2026-06-28 21:04:55.385 10 INFO neutron.plugins.ml2.plugin [None req-f35bbdb6-b4ea-4905-a408-53ea0038a23e - - - - - -] Attempt 1 to provision port 2941e593-36de-42a0-b26a-56381448bc9d
2026-06-28 21:04:55.595 10 WARNING neutron.scheduler.dhcp_agent_scheduler [None req-fb97e536-7395-4a9f-925b-ecb0901a8d9a 7158a4343b1644bca570133cdab81c48 27b21ca08bc649258cc31d37fbe6fa54 - - - -] No more DHCP agents
2026-06-28 21:04:55.597 10 WARNING neutron.api.rpc.agentnotifiers.dhcp_rpc_agent_api [None req-fb97e536-7395-4a9f-925b-ecb0901a8d9a 7158a4343b1644bca570133cdab81c48 27b21ca08bc649258cc31d37fbe6fa54 - - - -] Unable to schedule network b1d66366-2d66-40cb-b97e-417eb071b7d2: no agents available; will retry on subsequent port and subnet creation events.
2026-06-28 21:04:55.607 9 INFO neutron.wsgi [None req-4eb61d90-efe5-4fe1-93f3-f7617df7ddde 7158a4343b1644bca570133cdab81c48 27b21ca08bc649258cc31d37fbe6fa54 - - - -] 10.0.0.202 "DELETE /v2.0/routers/7f3126a8-be36-4f97-a3d5-37472d41d67e HTTP/1.1" status: 204 len: 168 time: 0.6766477
2026-06-28 21:04:55.834 9 INFO neutron.wsgi [None req-12774346-fd63-45dd-bd1e-83a5310acdea 7158a4343b1644bca570133cdab81c48 27b21ca08bc649258cc31d37fbe6fa54 - - - -] 10.0.0.202 "DELETE /v2.0/subnets/39b9f1a6-d975-4a7a-a395-22d85d0cb3cd HTTP/1.1" status: 204 len: 168 time: 0.2177417
2026-06-28 21:04:55.845 10 INFO neutron.db.ovn_revision_numbers_db [None req-fb97e536-7395-4a9f-925b-ecb0901a8d9a 7158a4343b1644bca570133cdab81c48 27b21ca08bc649258cc31d37fbe6fa54 - - - -] Successfully bumped revision number for resource 83551be1-bdfa-4d1e-a9e6-467252e21868 (type: ports) to 1
2026-06-28 21:04:55.870 9 INFO neutron.wsgi [-] 10.0.0.70 "GET / HTTP/1.1" status: 200 len: 247 time: 0.0018458
2026-06-28 21:04:55.871 9 INFO neutron.wsgi [-] 10.0.0.70 "GET / HTTP/1.1" status: 200 len: 247 time: 0.0009108
2026-06-28 21:04:55.881 10 INFO neutron.wsgi [None req-fb97e536-7395-4a9f-925b-ecb0901a8d9a 7158a4343b1644bca570133cdab81c48 27b21ca08bc649258cc31d37fbe6fa54 - - - -] 10.0.0.202 "POST /v2.0/networks HTTP/1.1" status: 201 len: 954 time: 1.1497405 /var/lib/openstack/lib/python3.10/site-packages/pycadf/identifier.py:71: UserWarning: Invalid uuid: neutron. To ensure interoperability, identifiers should be a valid uuid. warnings.warn(('Invalid uuid: %s. To ensure interoperability, '
2026-06-28 21:04:55.946 10 INFO neutron.db.ovn_revision_numbers_db [None req-f35bbdb6-b4ea-4905-a408-53ea0038a23e - - - - - -] Successfully bumped revision number for resource 2941e593-36de-42a0-b26a-56381448bc9d (type: ports) to 4
2026-06-28 21:04:55.990 10 INFO neutron.notifiers.nova [-] Nova event matching ['req-5e499b21-9c09-4784-a3e8-27bf5bf2882c'] response: {'server_uuid': 'e5948668-73cd-409f-82fa-8d52ae5e3373', 'name': 'network-vif-plugged', 'status': 'completed', 'tag': 'f3808493-1fa7-4b0c-ad55-9b47884ac185', 'code': 200}
2026-06-28 21:04:55.990 10 INFO neutron.notifiers.nova [-] Nova event matching ['req-5e499b21-9c09-4784-a3e8-27bf5bf2882c'] response: {'server_uuid': 'e5948668-73cd-409f-82fa-8d52ae5e3373', 'name': 'network-vif-plugged', 'status': 'completed', 'tag': 'f3808493-1fa7-4b0c-ad55-9b47884ac185', 'code': 200}
2026-06-28 21:04:55.990 10 INFO neutron.notifiers.nova [-] Nova event matching ['req-5e499b21-9c09-4784-a3e8-27bf5bf2882c'] response: {'server_uuid': 'deae80f4-0a3b-49c5-baff-08d9e8a43822', 'name': 'network-vif-plugged', 'status': 'completed', 'tag': '2941e593-36de-42a0-b26a-56381448bc9d', 'code': 200}
2026-06-28 21:04:56.002 9 INFO neutron.wsgi [req-40c52872-5945-4d50-92ee-e8d13d1bdd92 req-cb9a18da-3bae-4b12-9c67-27668fbf3ff4 08b56299f10c4456918f5c075403730a e3b51c6cefff46b0a92c74bc552f2865 - - default default] 10.0.0.184 "GET /v2.0/ports?device_id=deae80f4-0a3b-49c5-baff-08d9e8a43822 HTTP/1.1" status: 200 len: 1174 time: 0.0340924
2026-06-28 21:04:56.134 9 INFO neutron.wsgi [req-40c52872-5945-4d50-92ee-e8d13d1bdd92 req-9547e55d-fad2-4143-b8fc-da9b36a700bb 08b56299f10c4456918f5c075403730a e3b51c6cefff46b0a92c74bc552f2865 - - default default] 10.0.0.184 "GET /v2.0/security-groups?id=811a4cd7-5e75-4807-95d3-0506763ce4ae&fields=id&fields=name HTTP/1.1" status: 200 len: 286 time: 0.1241364
2026-06-28 21:04:56.182 10 WARNING neutron.scheduler.dhcp_agent_scheduler [None req-f10622d0-e00f-438b-8fba-6e74b893b23a 7158a4343b1644bca570133cdab81c48 27b21ca08bc649258cc31d37fbe6fa54 - - - -] No more DHCP agents
2026-06-28 21:04:56.184 10 WARNING neutron.api.rpc.agentnotifiers.dhcp_rpc_agent_api [None req-f10622d0-e00f-438b-8fba-6e74b893b23a 7158a4343b1644bca570133cdab81c48 27b21ca08bc649258cc31d37fbe6fa54 - - - -] Unable to schedule network b1d66366-2d66-40cb-b97e-417eb071b7d2: no agents available; will retry on subsequent port and subnet creation events.
2026-06-28 21:04:56.247 9 INFO neutron.wsgi [req-5f11c796-65f6-4485-9cfa-c9a7f495ece5 req-5b11dd43-6043-42ca-9fb0-0e079b2cbaae befaf1e567f34e748676afcb62dac9a6 ecf5604014d9414a80bc59e663d983a6 - - default default] 10.0.0.184 "GET /v2.0/ports?device_id=e5948668-73cd-409f-82fa-8d52ae5e3373 HTTP/1.1" status: 200 len: 1170 time: 0.1616981
2026-06-28 21:04:56.304 9 INFO neutron.wsgi [req-5f11c796-65f6-4485-9cfa-c9a7f495ece5 req-63856183-171b-42f8-b1e2-8ba23a42db11 befaf1e567f34e748676afcb62dac9a6 ecf5604014d9414a80bc59e663d983a6 - - default default] 10.0.0.184 "GET /v2.0/security-groups?id=d8c1811a-4052-408f-ab2a-de15caabeaae&fields=id&fields=name HTTP/1.1" status: 200 len: 312 time: 0.0489759
2026-06-28 21:04:56.329 9 WARNING neutron.plugins.ml2.drivers.ovn.mech_driver.ovsdb.ovn_client [None req-dff9ed6f-4662-4b77-852b-6b91bd7a5f84 - - - - - -] No hosting information found for port 6464bf57-6f4e-4e33-a55e-2a7f03bdcd88: RuntimeError: No hosting information found for port 6464bf57-6f4e-4e33-a55e-2a7f03bdcd88
2026-06-28 21:04:56.329 9 INFO neutron.plugins.ml2.drivers.ovn.mech_driver.mech_driver [None req-dff9ed6f-4662-4b77-852b-6b91bd7a5f84 - - - - - -] OVN reports status up for port: a48dd048-9556-4c1c-b230-1a75301c97bc
2026-06-28 21:04:56.450 9 INFO neutron.services.segments.plugin [-] Segment abafad6a-e2a3-44c4-9cdd-70e0a13f8a68 resource provider aggregate not found
2026-06-28 21:04:56.459 9 INFO neutron.services.segments.plugin [-] Segment abafad6a-e2a3-44c4-9cdd-70e0a13f8a68 resource provider aggregate not found
2026-06-28 21:04:56.470 9 INFO neutron.services.segments.plugin [-] Segment abafad6a-e2a3-44c4-9cdd-70e0a13f8a68 resource provider not found; error: Placement Client Error (4xx): {"errors": [{"status": 404, "title": "Not Found", "detail": "The resource could not be found.\n\n No resource provider with uuid abafad6a-e2a3-44c4-9cdd-70e0a13f8a68 found for delete ", "request_id": "req-c5983cb2-fba7-4040-8192-470883399109"}]}
2026-06-28 21:04:56.479 9 INFO neutron.services.segments.plugin [-] Segment abafad6a-e2a3-44c4-9cdd-70e0a13f8a68 resource provider not found; error: Placement Client Error (4xx): {"errors": [{"status": 404, "title": "Not Found", "detail": "The resource could not be found.\n\n No resource provider with uuid abafad6a-e2a3-44c4-9cdd-70e0a13f8a68 found for delete ", "request_id": "req-c5432913-ab0f-4e84-b8cb-09af16089e0c"}]}
2026-06-28 21:04:56.486 9 INFO neutron.wsgi [None req-e3b29c6e-0140-484a-9246-0dd69cc6cf24 7158a4343b1644bca570133cdab81c48 27b21ca08bc649258cc31d37fbe6fa54 - - - -] 10.0.0.202 "DELETE /v2.0/networks/fece6370-f9bf-4603-8eab-52ed917c71a4 HTTP/1.1" status: 204 len: 168 time: 0.6444337
2026-06-28 21:04:56.674 9 INFO neutron.wsgi [None req-3430f9d7-9e4c-4d3b-b39b-401773d78a3f 7158a4343b1644bca570133cdab81c48 27b21ca08bc649258cc31d37fbe6fa54 - - default default] 10.0.0.202 "GET /v2.0/security-groups?tenant_id=7eacc1f2107340dd8879533d49bf0148&name=default HTTP/1.1" status: 200 len: 2992 time: 0.0368001 /var/lib/openstack/lib/python3.10/site-packages/pycadf/identifier.py:71: UserWarning: Invalid uuid: neutron. To ensure interoperability, identifiers should be a valid uuid. warnings.warn(('Invalid uuid: %s. To ensure interoperability, '
2026-06-28 21:04:56.712 10 INFO neutron.db.ovn_revision_numbers_db [None req-f10622d0-e00f-438b-8fba-6e74b893b23a 7158a4343b1644bca570133cdab81c48 27b21ca08bc649258cc31d37fbe6fa54 - - - -] Successfully bumped revision number for resource 83551be1-bdfa-4d1e-a9e6-467252e21868 (type: ports) to 2
2026-06-28 21:04:56.732 10 INFO neutron.db.ovn_revision_numbers_db [None req-f10622d0-e00f-438b-8fba-6e74b893b23a 7158a4343b1644bca570133cdab81c48 27b21ca08bc649258cc31d37fbe6fa54 - - - -] Successfully bumped revision number for resource 3675f81d-2d42-43c7-97c7-0df503899ec1 (type: subnets) to 0
2026-06-28 21:04:56.762 10 INFO neutron.wsgi [None req-f10622d0-e00f-438b-8fba-6e74b893b23a 7158a4343b1644bca570133cdab81c48 27b21ca08bc649258cc31d37fbe6fa54 - - - -] 10.0.0.202 "POST /v2.0/subnets HTTP/1.1" status: 201 len: 874 time: 0.8764868
2026-06-28 21:04:56.994 10 INFO neutron.wsgi [None req-68419145-f68f-4f3f-b4c3-d2ccdd798b3a 7158a4343b1644bca570133cdab81c48 27b21ca08bc649258cc31d37fbe6fa54 - - - -] 10.0.0.202 "DELETE /v2.0/security-groups/0b89de9a-6b3a-4dc3-b52e-33e7b9d0c886 HTTP/1.1" status: 204 len: 168 time: 0.3138456
2026-06-28 21:04:57.233 9 INFO neutron.wsgi [req-755c07ed-98e9-4056-869a-e51ed0196785 req-8107bd69-60b8-4f6a-9d81-15fa98353605 08b56299f10c4456918f5c075403730a e3b51c6cefff46b0a92c74bc552f2865 - - default default] 10.0.0.184 "GET /v2.0/ports?device_id=deae80f4-0a3b-49c5-baff-08d9e8a43822 HTTP/1.1" status: 200 len: 1174 time: 0.0321136
2026-06-28 21:04:57.263 10 WARNING neutron.scheduler.dhcp_agent_scheduler [None req-394674df-4dd4-4f6e-af9c-019c1ce9e190 7158a4343b1644bca570133cdab81c48 27b21ca08bc649258cc31d37fbe6fa54 - - - -] No more DHCP agents
2026-06-28 21:04:57.265 10 WARNING neutron.api.rpc.agentnotifiers.dhcp_rpc_agent_api [None req-394674df-4dd4-4f6e-af9c-019c1ce9e190 7158a4343b1644bca570133cdab81c48 27b21ca08bc649258cc31d37fbe6fa54 - - - -] Unable to schedule network 91ce8d9f-625c-463c-b978-1a2031c7bcd1: no agents available; will retry on subsequent port and subnet creation events.
2026-06-28 21:04:57.300 9 INFO neutron.wsgi [req-755c07ed-98e9-4056-869a-e51ed0196785 req-3c769c6c-e05e-4eee-a6f5-4c972775013a 08b56299f10c4456918f5c075403730a e3b51c6cefff46b0a92c74bc552f2865 - - default default] 10.0.0.184 "GET /v2.0/security-groups?id=811a4cd7-5e75-4807-95d3-0506763ce4ae&fields=id&fields=name HTTP/1.1" status: 200 len: 286 time: 0.0610592
2026-06-28 21:04:57.409 10 INFO neutron.db.ovn_revision_numbers_db [None req-394674df-4dd4-4f6e-af9c-019c1ce9e190 7158a4343b1644bca570133cdab81c48 27b21ca08bc649258cc31d37fbe6fa54 - - - -] Successfully bumped revision number for resource 857f356a-b1e1-426d-a3ad-19172f402140 (type: ports) to 1
2026-06-28 21:04:57.411 9 INFO neutron.wsgi [req-a4fe78f2-8e18-49d5-8fb6-74443bddf481 req-56806c79-fd9c-4595-9ec0-b6c8b6001f38 befaf1e567f34e748676afcb62dac9a6 ecf5604014d9414a80bc59e663d983a6 - - default default] 10.0.0.184 "GET /v2.0/ports?device_id=e5948668-73cd-409f-82fa-8d52ae5e3373 HTTP/1.1" status: 200 len: 1170 time: 0.0424645
2026-06-28 21:04:57.445 9 INFO neutron.wsgi [req-a4fe78f2-8e18-49d5-8fb6-74443bddf481 req-8d42a40e-355c-4882-b222-bd7e04a58de7 befaf1e567f34e748676afcb62dac9a6 ecf5604014d9414a80bc59e663d983a6 - - default default] 10.0.0.184 "GET /v2.0/security-groups?id=d8c1811a-4052-408f-ab2a-de15caabeaae&fields=id&fields=name HTTP/1.1" status: 200 len: 312 time: 0.0280526
2026-06-28 21:04:57.556 9 INFO neutron.wsgi [req-a6c2b07b-4b79-4209-ba55-866b72ba111c req-2593d33b-dab7-4b15-8b92-20e6a2e36652 befaf1e567f34e748676afcb62dac9a6 ecf5604014d9414a80bc59e663d983a6 - - default default] 10.0.0.184 "GET /v2.0/ports?device_id=e5948668-73cd-409f-82fa-8d52ae5e3373 HTTP/1.1" status: 200 len: 1170 time: 0.0495846
2026-06-28 21:04:57.758 9 INFO neutron.wsgi [req-baae1774-3032-435f-b679-92be44c736f3 req-2ce502b1-1a31-42c8-a09c-40fa9774545a 08b56299f10c4456918f5c075403730a e3b51c6cefff46b0a92c74bc552f2865 - - default default] 10.0.0.184 "GET /v2.0/ports?device_id=deae80f4-0a3b-49c5-baff-08d9e8a43822 HTTP/1.1" status: 200 len: 1174 time: 0.0865808
2026-06-28 21:04:57.791 9 INFO neutron.wsgi [req-baae1774-3032-435f-b679-92be44c736f3 req-7d6d4209-18e3-41e3-b6e3-c91f2c6cac8f 08b56299f10c4456918f5c075403730a e3b51c6cefff46b0a92c74bc552f2865 - - default default] 10.0.0.184 "GET /v2.0/security-groups?id=811a4cd7-5e75-4807-95d3-0506763ce4ae&fields=id&fields=name HTTP/1.1" status: 200 len: 286 time: 0.0259895
2026-06-28 21:04:57.823 10 INFO neutron.plugins.ml2.drivers.ovn.mech_driver.mech_driver [None req-f35bbdb6-b4ea-4905-a408-53ea0038a23e - - - - - -] OVN reports status down for port: 2941e593-36de-42a0-b26a-56381448bc9d
2026-06-28 21:04:58.054 10 INFO neutron.notifiers.nova [-] Nova event matching ['req-1fcb13f9-579e-437b-9bc9-6a334a9235c7'] response: {'server_uuid': 'deae80f4-0a3b-49c5-baff-08d9e8a43822', 'name': 'network-vif-plugged', 'status': 'completed', 'tag': '2941e593-36de-42a0-b26a-56381448bc9d', 'code': 200}
2026-06-28 21:04:58.238 10 INFO neutron.db.l3_db [None req-76dae8a9-12c4-44f3-8251-0e2e11490c52 befaf1e567f34e748676afcb62dac9a6 ecf5604014d9414a80bc59e663d983a6 - - - -] Floating IP e92aa216-de07-401b-8741-e443dd9664d0 associated. External IP: 10.96.250.204, port: f3808493-1fa7-4b0c-ad55-9b47884ac185.
2026-06-28 21:04:58.247 10 INFO neutron.wsgi [req-a9768757-0181-4dbe-969b-2b18cd96c04d req-3dc5a4ce-f65f-47ef-9c9f-5abdb21fb2ba 08b56299f10c4456918f5c075403730a e3b51c6cefff46b0a92c74bc552f2865 - - default default] 199.19.213.60 "GET /v2.0/ports?device_id=deae80f4-0a3b-49c5-baff-08d9e8a43822 HTTP/1.1" status: 200 len: 1174 time: 0.2249916
2026-06-28 21:04:58.785 10 INFO neutron.db.ovn_revision_numbers_db [None req-f35bbdb6-b4ea-4905-a408-53ea0038a23e - - - - - -] Successfully bumped revision number for resource 2941e593-36de-42a0-b26a-56381448bc9d (type: ports) to 5
2026-06-28 21:04:58.879 10 INFO neutron.db.ovn_revision_numbers_db [None req-76dae8a9-12c4-44f3-8251-0e2e11490c52 befaf1e567f34e748676afcb62dac9a6 ecf5604014d9414a80bc59e663d983a6 - - - -] Successfully bumped revision number for resource e92aa216-de07-401b-8741-e443dd9664d0 (type: floatingips) to 1
2026-06-28 21:04:58.927 9 INFO neutron.wsgi [req-8b56cb59-7a34-4bf2-8b79-206d255c1a73 req-b2b0c3ba-64b1-4459-a398-243128bfd543 08b56299f10c4456918f5c075403730a e3b51c6cefff46b0a92c74bc552f2865 - - default default] 10.0.0.184 "GET /v2.0/ports?device_id=deae80f4-0a3b-49c5-baff-08d9e8a43822 HTTP/1.1" status: 200 len: 1172 time: 0.0450203
2026-06-28 21:04:58.970 9 INFO neutron.wsgi [req-8b56cb59-7a34-4bf2-8b79-206d255c1a73 req-1bcd18a1-1ff7-4d9e-96d1-345df52cd0c6 08b56299f10c4456918f5c075403730a e3b51c6cefff46b0a92c74bc552f2865 - - default default] 10.0.0.184 "GET /v2.0/security-groups?id=811a4cd7-5e75-4807-95d3-0506763ce4ae&fields=id&fields=name HTTP/1.1" status: 200 len: 286 time: 0.0353560
2026-06-28 21:04:59.045 9 INFO neutron.plugins.ml2.drivers.ovn.mech_driver.mech_driver [None req-dff9ed6f-4662-4b77-852b-6b91bd7a5f84 - - - - - -] OVN reports status up for port: 857f356a-b1e1-426d-a3ad-19172f402140
2026-06-28 21:04:59.045 9 INFO neutron.plugins.ml2.drivers.ovn.mech_driver.ovsdb.ovsdb_monitor [None req-5f9e7c8c-ac8f-40f6-a3eb-79168dafed08 - - - - - -] Router be5f6b38-50f7-41c1-941f-e4ff8ba2ca5b is bound to host instance
2026-06-28 21:04:59.055 9 INFO neutron.plugins.ml2.plugin [None req-dff9ed6f-4662-4b77-852b-6b91bd7a5f84 - - - - - -] Attempt 1 to provision port 857f356a-b1e1-426d-a3ad-19172f402140
2026-06-28 21:04:59.063 10 INFO neutron.db.ovn_revision_numbers_db [None req-394674df-4dd4-4f6e-af9c-019c1ce9e190 7158a4343b1644bca570133cdab81c48 27b21ca08bc649258cc31d37fbe6fa54 - - - -] Successfully bumped revision number for resource 857f356a-b1e1-426d-a3ad-19172f402140 (type: router_ports) to 1
2026-06-28 21:04:59.103 10 INFO neutron.db.ovn_revision_numbers_db [None req-76dae8a9-12c4-44f3-8251-0e2e11490c52 befaf1e567f34e748676afcb62dac9a6 ecf5604014d9414a80bc59e663d983a6 - - - -] Successfully bumped revision number for resource e92aa216-de07-401b-8741-e443dd9664d0 (type: floatingips) to 2
2026-06-28 21:04:59.158 10 INFO neutron.wsgi [None req-76dae8a9-12c4-44f3-8251-0e2e11490c52 befaf1e567f34e748676afcb62dac9a6 ecf5604014d9414a80bc59e663d983a6 - - - -] 10.0.0.202 "PUT /v2.0/floatingips/e92aa216-de07-401b-8741-e443dd9664d0 HTTP/1.1" status: 200 len: 1049 time: 1.5894737
2026-06-28 21:04:59.185 10 INFO neutron.wsgi [None req-f452aca3-801e-4160-9ac0-06a35e74ddf7 08b56299f10c4456918f5c075403730a e3b51c6cefff46b0a92c74bc552f2865 - - - -] 199.19.213.60 "DELETE /v2.0/ports/2941e593-36de-42a0-b26a-56381448bc9d HTTP/1.1" status: 204 len: 173 time: 0.9096427
2026-06-28 21:04:59.186 10 INFO neutron.db.ovn_revision_numbers_db [None req-394674df-4dd4-4f6e-af9c-019c1ce9e190 7158a4343b1644bca570133cdab81c48 27b21ca08bc649258cc31d37fbe6fa54 - - - -] Successfully bumped revision number for resource be5f6b38-50f7-41c1-941f-e4ff8ba2ca5b (type: routers) to 3
2026-06-28 21:04:59.199 10 INFO neutron.wsgi [None req-394674df-4dd4-4f6e-af9c-019c1ce9e190 7158a4343b1644bca570133cdab81c48 27b21ca08bc649258cc31d37fbe6fa54 - - - -] 10.0.0.202 "POST /v2.0/routers HTTP/1.1" status: 201 len: 885 time: 2.4291701 /var/lib/openstack/lib/python3.10/site-packages/pycadf/identifier.py:71: UserWarning: Invalid uuid: neutron. To ensure interoperability, identifiers should be a valid uuid. warnings.warn(('Invalid uuid: %s. To ensure interoperability, '
2026-06-28 21:04:59.276 9 INFO neutron.wsgi [req-754f45cf-84a9-4303-ab3a-ef29671f28c0 req-390d24c2-c875-4781-9550-5e927ea3b183 befaf1e567f34e748676afcb62dac9a6 ecf5604014d9414a80bc59e663d983a6 - - default default] 10.0.0.184 "GET /v2.0/ports?device_id=e5948668-73cd-409f-82fa-8d52ae5e3373 HTTP/1.1" status: 200 len: 1170 time: 0.0496070
2026-06-28 21:04:59.328 9 INFO neutron.wsgi [req-754f45cf-84a9-4303-ab3a-ef29671f28c0 req-710efae1-1b8d-45f1-9eea-3dc0be9e9bba befaf1e567f34e748676afcb62dac9a6 ecf5604014d9414a80bc59e663d983a6 - - default default] 10.0.0.184 "GET /v2.0/security-groups?id=d8c1811a-4052-408f-ab2a-de15caabeaae&fields=id&fields=name HTTP/1.1" status: 200 len: 312 time: 0.0463128
2026-06-28 21:04:59.662 10 INFO neutron.plugins.ml2.drivers.ovn.mech_driver.mech_driver [None req-f35bbdb6-b4ea-4905-a408-53ea0038a23e - - - - - -] OVN reports status down for port: f3808493-1fa7-4b0c-ad55-9b47884ac185
2026-06-28 21:04:59.688 9 INFO neutron.wsgi [req-fcb97b59-bdfd-49eb-bc03-438f2fb7ecf9 req-83516939-97d0-4c40-8c08-96f9072ea8fc befaf1e567f34e748676afcb62dac9a6 ecf5604014d9414a80bc59e663d983a6 - - default default] 10.0.0.184 "GET /v2.0/ports?device_id=e5948668-73cd-409f-82fa-8d52ae5e3373 HTTP/1.1" status: 200 len: 1170 time: 0.0597763
2026-06-28 21:04:59.736 9 INFO neutron.wsgi [req-fcb97b59-bdfd-49eb-bc03-438f2fb7ecf9 req-2992a990-38cc-4bd8-9ad5-7903177cc36f befaf1e567f34e748676afcb62dac9a6 ecf5604014d9414a80bc59e663d983a6 - - default default] 10.0.0.184 "GET /v2.0/security-groups?id=d8c1811a-4052-408f-ab2a-de15caabeaae&fields=id&fields=name HTTP/1.1" status: 200 len: 312 time: 0.0425074
2026-06-28 21:04:59.922 9 INFO neutron.db.ovn_revision_numbers_db [None req-5f9e7c8c-ac8f-40f6-a3eb-79168dafed08 - - - - - -] Successfully bumped revision number for resource 857f356a-b1e1-426d-a3ad-19172f402140 (type: ports) to 1
2026-06-28 21:05:00.050 10 WARNING neutron.scheduler.dhcp_agent_scheduler [None req-17832134-21eb-4f15-8665-6ae4642db498 7158a4343b1644bca570133cdab81c48 27b21ca08bc649258cc31d37fbe6fa54 - - default default] No more DHCP agents
2026-06-28 21:05:00.065 10 WARNING neutron.api.rpc.agentnotifiers.dhcp_rpc_agent_api [None req-17832134-21eb-4f15-8665-6ae4642db498 7158a4343b1644bca570133cdab81c48 27b21ca08bc649258cc31d37fbe6fa54 - - default default] Unable to schedule network b1d66366-2d66-40cb-b97e-417eb071b7d2: no agents available; will retry on subsequent port and subnet creation events.
2026-06-28 21:05:00.093 10 INFO neutron.wsgi [req-a463e81b-2943-4df7-b309-17c7101ec094 req-150ea292-f682-4215-8876-f01213b09953 befaf1e567f34e748676afcb62dac9a6 ecf5604014d9414a80bc59e663d983a6 - - default default] 199.19.213.60 "GET /v2.0/ports?device_id=e5948668-73cd-409f-82fa-8d52ae5e3373 HTTP/1.1" status: 200 len: 1168 time: 0.1567585
2026-06-28 21:05:00.100 10 INFO neutron.notifiers.nova [-] Nova event matching ['req-c4ed8fbd-b4ac-41f0-8f8c-6fe32b71fc8c'] response: {'server_uuid': 'deae80f4-0a3b-49c5-baff-08d9e8a43822', 'name': 'network-vif-unplugged', 'status': 'completed', 'tag': '2941e593-36de-42a0-b26a-56381448bc9d', 'code': 200}
2026-06-28 21:05:00.100 10 INFO neutron.notifiers.nova [-] Nova event matching ['req-c4ed8fbd-b4ac-41f0-8f8c-6fe32b71fc8c'] response: {'server_uuid': 'deae80f4-0a3b-49c5-baff-08d9e8a43822', 'name': 'network-vif-plugged', 'status': 'completed', 'tag': '2941e593-36de-42a0-b26a-56381448bc9d', 'code': 200}
2026-06-28 21:05:00.100 10 INFO neutron.notifiers.nova [-] Nova event matching ['req-c4ed8fbd-b4ac-41f0-8f8c-6fe32b71fc8c'] response: {'name': 'network-changed', 'server_uuid': 'e5948668-73cd-409f-82fa-8d52ae5e3373', 'tag': 'f3808493-1fa7-4b0c-ad55-9b47884ac185', 'status': 'completed', 'code': 200}
2026-06-28 21:05:00.100 10 INFO neutron.notifiers.nova [-] Nova event matching ['req-c4ed8fbd-b4ac-41f0-8f8c-6fe32b71fc8c'] response: {'server_uuid': 'deae80f4-0a3b-49c5-baff-08d9e8a43822', 'name': 'network-vif-deleted', 'tag': '2941e593-36de-42a0-b26a-56381448bc9d', 'status': 'completed', 'code': 200}
2026-06-28 21:05:00.100 10 INFO neutron.notifiers.nova [-] Nova event matching ['req-c4ed8fbd-b4ac-41f0-8f8c-6fe32b71fc8c'] response: {'server_uuid': 'e5948668-73cd-409f-82fa-8d52ae5e3373', 'name': 'network-vif-unplugged', 'status': 'completed', 'tag': 'f3808493-1fa7-4b0c-ad55-9b47884ac185', 'code': 200}
2026-06-28 21:05:00.167 10 INFO neutron.db.ovn_revision_numbers_db [None req-f35bbdb6-b4ea-4905-a408-53ea0038a23e - - - - - -] Successfully bumped revision number for resource f3808493-1fa7-4b0c-ad55-9b47884ac185 (type: ports) to 5
2026-06-28 21:05:00.218 9 INFO neutron.wsgi [req-2733dcd3-7b2f-4234-b8d6-931e966d19e6 req-58a3ba52-31a4-4c42-915c-b42295586e42 8e1bdbdf0b2d4629ae976e6e370567bd d5b618ee756f45ea822f05337c484cf1 - - 86e08e0233ff4bfda26ef76c9bfe5e40 86e08e0233ff4bfda26ef76c9bfe5e40] 199.19.213.60 "GET /v2.0/ports?tenant_id=ecf5604014d9414a80bc59e663d983a6&device_id=e5948668-73cd-409f-82fa-8d52ae5e3373 HTTP/1.1" status: 200 len: 1359 time: 0.0645359
2026-06-28 21:05:00.299 10 INFO neutron.db.ovn_revision_numbers_db [None req-17832134-21eb-4f15-8665-6ae4642db498 7158a4343b1644bca570133cdab81c48 27b21ca08bc649258cc31d37fbe6fa54 - - default default] Successfully bumped revision number for resource 4ffb0865-7abb-457b-ae2e-2b03156cab6f (type: ports) to 1
2026-06-28 21:05:00.327 9 INFO neutron.wsgi [req-2733dcd3-7b2f-4234-b8d6-931e966d19e6 req-ae0e461f-8961-4543-ae72-7ace85c4eb61 8e1bdbdf0b2d4629ae976e6e370567bd d5b618ee756f45ea822f05337c484cf1 - - 86e08e0233ff4bfda26ef76c9bfe5e40 86e08e0233ff4bfda26ef76c9bfe5e40] 199.19.213.60 "GET /v2.0/networks?id=67282799-04f2-4f04-87e3-fd7211d4106e HTTP/1.1" status: 200 len: 968 time: 0.1021852
2026-06-28 21:05:00.330 9 INFO neutron.db.ovn_revision_numbers_db [None req-5f9e7c8c-ac8f-40f6-a3eb-79168dafed08 - - - - - -] Successfully bumped revision number for resource 857f356a-b1e1-426d-a3ad-19172f402140 (type: router_ports) to 3
2026-06-28 21:05:00.419 9 INFO neutron.wsgi [req-2733dcd3-7b2f-4234-b8d6-931e966d19e6 req-eddb6b4f-1360-41c2-a84e-80dde672b6af 8e1bdbdf0b2d4629ae976e6e370567bd d5b618ee756f45ea822f05337c484cf1 - - 86e08e0233ff4bfda26ef76c9bfe5e40 86e08e0233ff4bfda26ef76c9bfe5e40] 199.19.213.60 "GET /v2.0/floatingips?fixed_ip_address=10.100.0.3&port_id=f3808493-1fa7-4b0c-ad55-9b47884ac185 HTTP/1.1" status: 200 len: 1057 time: 0.0635703
2026-06-28 21:05:00.476 9 INFO neutron.wsgi [req-2733dcd3-7b2f-4234-b8d6-931e966d19e6 req-75875464-d68d-4a38-81e0-7c94d47cd417 8e1bdbdf0b2d4629ae976e6e370567bd d5b618ee756f45ea822f05337c484cf1 - - 86e08e0233ff4bfda26ef76c9bfe5e40 86e08e0233ff4bfda26ef76c9bfe5e40] 199.19.213.60 "GET /v2.0/subnets?id=7145d428-efc6-499f-a975-42f44dca91d6 HTTP/1.1" status: 200 len: 863 time: 0.0511024
2026-06-28 21:05:00.508 9 INFO neutron.wsgi [req-2733dcd3-7b2f-4234-b8d6-931e966d19e6 req-fed83930-70d5-415f-bce0-4c12a923b14f 8e1bdbdf0b2d4629ae976e6e370567bd d5b618ee756f45ea822f05337c484cf1 - - 86e08e0233ff4bfda26ef76c9bfe5e40 86e08e0233ff4bfda26ef76c9bfe5e40] 199.19.213.60 "GET /v2.0/ports?network_id=67282799-04f2-4f04-87e3-fd7211d4106e&device_owner=network%3Adhcp HTTP/1.1" status: 200 len: 210 time: 0.0227354
2026-06-28 21:05:00.588 10 INFO neutron.db.l3_db [None req-cf0c6b83-7893-42da-be2c-d6c7fa7dae82 befaf1e567f34e748676afcb62dac9a6 ecf5604014d9414a80bc59e663d983a6 - - - -] Floating IP e92aa216-de07-401b-8741-e443dd9664d0 disassociated. External IP: 10.96.250.204, port: f3808493-1fa7-4b0c-ad55-9b47884ac185.
2026-06-28 21:05:00.814 9 INFO neutron.wsgi [req-2733dcd3-7b2f-4234-b8d6-931e966d19e6 req-ef4117b7-95bb-4587-a8e9-3bea0aa18147 8e1bdbdf0b2d4629ae976e6e370567bd d5b618ee756f45ea822f05337c484cf1 - - 86e08e0233ff4bfda26ef76c9bfe5e40 86e08e0233ff4bfda26ef76c9bfe5e40] 199.19.213.60 "GET /v2.0/networks/67282799-04f2-4f04-87e3-fd7211d4106e?fields=segments HTTP/1.1" status: 200 len: 212 time: 0.2988021
2026-06-28 21:05:00.841 9 INFO neutron.db.ovn_revision_numbers_db [None req-5f9e7c8c-ac8f-40f6-a3eb-79168dafed08 - - - - - -] Successfully bumped revision number for resource 857f356a-b1e1-426d-a3ad-19172f402140 (type: ports) to 2
2026-06-28 21:05:00.878 9 INFO neutron.wsgi [req-5df705b1-8281-46c0-9988-abd1fc2b0ee0 req-fdb27d09-63f3-404d-8d83-cfbf19f268f6 befaf1e567f34e748676afcb62dac9a6 ecf5604014d9414a80bc59e663d983a6 - - default default] 10.0.0.184 "GET /v2.0/ports?device_id=e5948668-73cd-409f-82fa-8d52ae5e3373 HTTP/1.1" status: 200 len: 210 time: 0.0520446
2026-06-28 21:05:00.896 10 INFO neutron.wsgi [None req-cf0c6b83-7893-42da-be2c-d6c7fa7dae82 befaf1e567f34e748676afcb62dac9a6 ecf5604014d9414a80bc59e663d983a6 - - - -] 199.19.213.60 "DELETE /v2.0/ports/f3808493-1fa7-4b0c-ad55-9b47884ac185 HTTP/1.1" status: 204 len: 173 time: 0.7995591
2026-06-28 21:05:00.939 9 INFO neutron.wsgi [req-2733dcd3-7b2f-4234-b8d6-931e966d19e6 req-11d86110-34e9-42ac-bebe-9265ee8b5f9b 8e1bdbdf0b2d4629ae976e6e370567bd d5b618ee756f45ea822f05337c484cf1 - - 86e08e0233ff4bfda26ef76c9bfe5e40 86e08e0233ff4bfda26ef76c9bfe5e40] 199.19.213.60 "GET /v2.0/networks/67282799-04f2-4f04-87e3-fd7211d4106e?fields=provider%3Aphysical_network&fields=provider%3Anetwork_type HTTP/1.1" status: 200 len: 277 time: 0.1166203
2026-06-28 21:05:00.998 10 INFO neutron.db.ovn_revision_numbers_db [None req-17832134-21eb-4f15-8665-6ae4642db498 7158a4343b1644bca570133cdab81c48 27b21ca08bc649258cc31d37fbe6fa54 - - default default] Successfully bumped revision number for resource 4ffb0865-7abb-457b-ae2e-2b03156cab6f (type: router_ports) to 2
2026-06-28 21:05:01.168 10 INFO neutron.db.ovn_revision_numbers_db [None req-17832134-21eb-4f15-8665-6ae4642db498 7158a4343b1644bca570133cdab81c48 27b21ca08bc649258cc31d37fbe6fa54 - - default default] Successfully bumped revision number for resource 4ffb0865-7abb-457b-ae2e-2b03156cab6f (type: ports) to 2
2026-06-28 21:05:01.232 9 INFO neutron.db.ovn_revision_numbers_db [None req-5f9e7c8c-ac8f-40f6-a3eb-79168dafed08 - - - - - -] Successfully bumped revision number for resource 857f356a-b1e1-426d-a3ad-19172f402140 (type: ports) to 4
2026-06-28 21:05:01.254 10 WARNING neutron.scheduler.dhcp_agent_scheduler [None req-17832134-21eb-4f15-8665-6ae4642db498 7158a4343b1644bca570133cdab81c48 27b21ca08bc649258cc31d37fbe6fa54 - - default default] No more DHCP agents
2026-06-28 21:05:01.256 10 WARNING neutron.api.rpc.agentnotifiers.dhcp_rpc_agent_api [None req-17832134-21eb-4f15-8665-6ae4642db498 7158a4343b1644bca570133cdab81c48 27b21ca08bc649258cc31d37fbe6fa54 - - default default] Unable to schedule network b1d66366-2d66-40cb-b97e-417eb071b7d2: no agents available; will retry on subsequent port and subnet creation events.
2026-06-28 21:05:01.582 9 INFO neutron.db.ovn_revision_numbers_db [None req-5f9e7c8c-ac8f-40f6-a3eb-79168dafed08 - - - - - -] Successfully bumped revision number for resource 857f356a-b1e1-426d-a3ad-19172f402140 (type: router_ports) to 4
2026-06-28 21:05:01.738 9 INFO neutron.plugins.ml2.drivers.ovn.mech_driver.mech_driver [None req-dff9ed6f-4662-4b77-852b-6b91bd7a5f84 - - - - - -] OVN reports status up for port: 4ffb0865-7abb-457b-ae2e-2b03156cab6f
2026-06-28 21:05:01.753 9 INFO neutron.plugins.ml2.plugin [None req-dff9ed6f-4662-4b77-852b-6b91bd7a5f84 - - - - - -] Attempt 1 to provision port 4ffb0865-7abb-457b-ae2e-2b03156cab6f
2026-06-28 21:05:01.972 9 INFO neutron.wsgi [None req-d6aa4d56-b678-46ac-9a9a-820fcfb4d757 7158a4343b1644bca570133cdab81c48 27b21ca08bc649258cc31d37fbe6fa54 - - - -] 10.0.0.202 "PUT /v2.0/routers/40aad6e8-2493-4436-8d25-72bdbb98dd5a/remove_router_interface HTTP/1.1" status: 200 len: 503 time: 1.9331143 /var/lib/openstack/lib/python3.10/site-packages/pycadf/identifier.py:71: UserWarning: Invalid uuid: neutron. To ensure interoperability, identifiers should be a valid uuid. warnings.warn(('Invalid uuid: %s. To ensure interoperability, '
2026-06-28 21:05:02.142 10 INFO neutron.notifiers.nova [-] Nova event matching ['req-32a6ff52-b608-4dd2-9ecc-932aa48acca9'] response: {'server_uuid': 'e5948668-73cd-409f-82fa-8d52ae5e3373', 'name': 'network-vif-plugged', 'status': 'completed', 'tag': 'f3808493-1fa7-4b0c-ad55-9b47884ac185', 'code': 200}
2026-06-28 21:05:02.143 10 INFO neutron.notifiers.nova [-] Nova event matching ['req-32a6ff52-b608-4dd2-9ecc-932aa48acca9'] response: {'server_uuid': 'e5948668-73cd-409f-82fa-8d52ae5e3373', 'name': 'network-vif-deleted', 'tag': 'f3808493-1fa7-4b0c-ad55-9b47884ac185', 'status': 'completed', 'code': 200}
2026-06-28 21:05:02.188 10 INFO neutron.db.ovn_revision_numbers_db [None req-17832134-21eb-4f15-8665-6ae4642db498 7158a4343b1644bca570133cdab81c48 27b21ca08bc649258cc31d37fbe6fa54 - - - -] Successfully bumped revision number for resource 4ffb0865-7abb-457b-ae2e-2b03156cab6f (type: router_ports) to 2
2026-06-28 21:05:02.191 10 INFO neutron.wsgi [None req-17832134-21eb-4f15-8665-6ae4642db498 7158a4343b1644bca570133cdab81c48 27b21ca08bc649258cc31d37fbe6fa54 - - - -] 10.0.0.202 "PUT /v2.0/routers/be5f6b38-50f7-41c1-941f-e4ff8ba2ca5b/add_router_interface HTTP/1.1" status: 200 len: 503 time: 2.9794784
2026-06-28 21:05:02.407 9 INFO neutron.db.ovn_revision_numbers_db [None req-dff9ed6f-4662-4b77-852b-6b91bd7a5f84 - - - - - -] Successfully bumped revision number for resource 4ffb0865-7abb-457b-ae2e-2b03156cab6f (type: ports) to 3
2026-06-28 21:05:02.429 9 INFO neutron.wsgi [None req-27ccde0e-16c5-49c6-8de0-936bae1d00f4 befaf1e567f34e748676afcb62dac9a6 ecf5604014d9414a80bc59e663d983a6 - - - -] 10.0.0.202 "DELETE /v2.0/security-groups/d8c1811a-4052-408f-ab2a-de15caabeaae HTTP/1.1" status: 204 len: 168 time: 0.4419296 /var/lib/openstack/lib/python3.10/site-packages/pycadf/identifier.py:71: UserWarning: Invalid uuid: neutron. To ensure interoperability, identifiers should be a valid uuid. warnings.warn(('Invalid uuid: %s. To ensure interoperability, '
2026-06-28 21:05:02.454 10 INFO neutron.api.v2.resource [None req-42e43ff3-ec7e-4c0b-9c9f-41b67371d4dc befaf1e567f34e748676afcb62dac9a6 ecf5604014d9414a80bc59e663d983a6 - - default default] show failed (client error): The resource could not be found.
2026-06-28 21:05:02.456 10 INFO neutron.wsgi [None req-42e43ff3-ec7e-4c0b-9c9f-41b67371d4dc befaf1e567f34e748676afcb62dac9a6 ecf5604014d9414a80bc59e663d983a6 - - default default] 10.0.0.202 "GET /v2.0/security-groups/d8c1811a-4052-408f-ab2a-de15caabeaae HTTP/1.1" status: 404 len: 347 time: 0.0214384
