2026-07-09 18:20:06.444 10 INFO neutron.db.ovn_revision_numbers_db [None req-1007b13a-6120-483f-9da4-4151c44f747a ac90d534b5c74098ac31f7b59855f72a cc2d520eb47f4706baf4f8a076454c0f - - default default] Successfully bumped revision number for resource 10e50db0-ebe6-4e3b-91b2-b08eabc74487 (type: ports) to 1
2026-07-09 18:20:06.620 10 INFO neutron.wsgi [None req-1007b13a-6120-483f-9da4-4151c44f747a ac90d534b5c74098ac31f7b59855f72a cc2d520eb47f4706baf4f8a076454c0f - - default default] 10.0.0.184 "POST /v2.0/networks HTTP/1.1" status: 201 len: 950 time: 2.2174177
2026-07-09 18:20:06.621 9 INFO neutron.db.ovn_revision_numbers_db [None req-b186cc59-5ada-46a8-9657-b4125a138b7b ac90d534b5c74098ac31f7b59855f72a cc2d520eb47f4706baf4f8a076454c0f - - default default] Successfully bumped revision number for resource 1a493c22-f45e-45c0-932d-3fd79f1b7a4d (type: ports) to 1
2026-07-09 18:20:06.626 9 INFO neutron.db.ovn_revision_numbers_db [None req-85f14e8c-f336-4175-bb6f-3909df1edfc0 ac90d534b5c74098ac31f7b59855f72a cc2d520eb47f4706baf4f8a076454c0f - - default default] Successfully bumped revision number for resource 70d8bc2d-0c6f-42da-bf3b-101060981123 (type: ports) to 1
2026-07-09 18:20:06.757 9 INFO neutron.wsgi [None req-b186cc59-5ada-46a8-9657-b4125a138b7b ac90d534b5c74098ac31f7b59855f72a cc2d520eb47f4706baf4f8a076454c0f - - default default] 10.0.0.184 "POST /v2.0/networks HTTP/1.1" status: 201 len: 949 time: 2.5909288
2026-07-09 18:20:06.763 9 INFO neutron.wsgi [None req-85f14e8c-f336-4175-bb6f-3909df1edfc0 ac90d534b5c74098ac31f7b59855f72a cc2d520eb47f4706baf4f8a076454c0f - - default default] 10.0.0.184 "POST /v2.0/networks HTTP/1.1" status: 201 len: 946 time: 2.5618267
2026-07-09 18:20:06.888 9 INFO neutron.wsgi [None req-39935d7c-7dd3-411b-8d1d-346aec15d355 ac90d534b5c74098ac31f7b59855f72a cc2d520eb47f4706baf4f8a076454c0f - - default default] 10.0.0.184 "DELETE /v2.0/security-groups/776e5dc5-cbdc-41f1-bc7e-b0506077bbca HTTP/1.1" status: 204 len: 168 time: 0.5273178
2026-07-09 18:20:07.029 10 WARNING neutron.scheduler.dhcp_agent_scheduler [None req-b341613e-b9ab-4c2b-9edb-82011d5a82d2 ac90d534b5c74098ac31f7b59855f72a cc2d520eb47f4706baf4f8a076454c0f - - default default] No more DHCP agents
2026-07-09 18:20:07.032 10 WARNING neutron.api.rpc.agentnotifiers.dhcp_rpc_agent_api [None req-b341613e-b9ab-4c2b-9edb-82011d5a82d2 ac90d534b5c74098ac31f7b59855f72a cc2d520eb47f4706baf4f8a076454c0f - - default default] Unable to schedule network 4ceac8b9-e090-451f-b306-986092e68a7f: no agents available; will retry on subsequent port and subnet creation events.
2026-07-09 18:20:07.071 9 WARNING neutron.scheduler.dhcp_agent_scheduler [None req-1270f88f-d5f5-47da-9d51-e053410c58f9 ac90d534b5c74098ac31f7b59855f72a cc2d520eb47f4706baf4f8a076454c0f - - default default] No more DHCP agents
2026-07-09 18:20:07.073 9 WARNING neutron.api.rpc.agentnotifiers.dhcp_rpc_agent_api [None req-1270f88f-d5f5-47da-9d51-e053410c58f9 ac90d534b5c74098ac31f7b59855f72a cc2d520eb47f4706baf4f8a076454c0f - - default default] Unable to schedule network 838c079a-2f8d-4ac9-83d5-1e2fb976b88d: no agents available; will retry on subsequent port and subnet creation events.
2026-07-09 18:20:07.079 10 WARNING neutron.scheduler.dhcp_agent_scheduler [None req-f471eae2-86f0-4c86-af74-a6e917ed3586 ac90d534b5c74098ac31f7b59855f72a cc2d520eb47f4706baf4f8a076454c0f - - default default] No more DHCP agents
2026-07-09 18:20:07.081 10 WARNING neutron.api.rpc.agentnotifiers.dhcp_rpc_agent_api [None req-f471eae2-86f0-4c86-af74-a6e917ed3586 ac90d534b5c74098ac31f7b59855f72a cc2d520eb47f4706baf4f8a076454c0f - - default default] Unable to schedule network 925e2cfc-c816-41f1-8e7f-8a08ac38f1a1: no agents available; will retry on subsequent port and subnet creation events.
2026-07-09 18:20:07.679 9 INFO neutron.db.ovn_revision_numbers_db [None req-1270f88f-d5f5-47da-9d51-e053410c58f9 ac90d534b5c74098ac31f7b59855f72a cc2d520eb47f4706baf4f8a076454c0f - - default default] Successfully bumped revision number for resource 70d8bc2d-0c6f-42da-bf3b-101060981123 (type: ports) to 2
2026-07-09 18:20:07.742 9 INFO neutron.db.ovn_revision_numbers_db [None req-1270f88f-d5f5-47da-9d51-e053410c58f9 ac90d534b5c74098ac31f7b59855f72a cc2d520eb47f4706baf4f8a076454c0f - - default default] Successfully bumped revision number for resource 0fe2b06d-04b7-4d5f-a579-473279b34e4f (type: subnets) to 0
2026-07-09 18:20:07.825 9 INFO neutron.wsgi [None req-1270f88f-d5f5-47da-9d51-e053410c58f9 ac90d534b5c74098ac31f7b59855f72a cc2d520eb47f4706baf4f8a076454c0f - - default default] 10.0.0.184 "POST /v2.0/subnets HTTP/1.1" status: 201 len: 866 time: 1.0569661
2026-07-09 18:20:07.967 10 INFO neutron.db.ovn_revision_numbers_db [None req-f471eae2-86f0-4c86-af74-a6e917ed3586 ac90d534b5c74098ac31f7b59855f72a cc2d520eb47f4706baf4f8a076454c0f - - default default] Successfully bumped revision number for resource 1a493c22-f45e-45c0-932d-3fd79f1b7a4d (type: ports) to 2
2026-07-09 18:20:07.983 10 INFO neutron.db.ovn_revision_numbers_db [None req-b341613e-b9ab-4c2b-9edb-82011d5a82d2 ac90d534b5c74098ac31f7b59855f72a cc2d520eb47f4706baf4f8a076454c0f - - default default] Successfully bumped revision number for resource 10e50db0-ebe6-4e3b-91b2-b08eabc74487 (type: ports) to 2
2026-07-09 18:20:08.094 10 INFO neutron.db.ovn_revision_numbers_db [None req-f471eae2-86f0-4c86-af74-a6e917ed3586 ac90d534b5c74098ac31f7b59855f72a cc2d520eb47f4706baf4f8a076454c0f - - default default] Successfully bumped revision number for resource 54e3e946-53e1-4d62-af58-1080ff070080 (type: subnets) to 0
2026-07-09 18:20:08.096 10 INFO neutron.db.ovn_revision_numbers_db [None req-b341613e-b9ab-4c2b-9edb-82011d5a82d2 ac90d534b5c74098ac31f7b59855f72a cc2d520eb47f4706baf4f8a076454c0f - - default default] Successfully bumped revision number for resource f11933b8-db37-4129-8b03-da082238c935 (type: subnets) to 0
2026-07-09 18:20:08.263 10 INFO neutron.wsgi [None req-b341613e-b9ab-4c2b-9edb-82011d5a82d2 ac90d534b5c74098ac31f7b59855f72a cc2d520eb47f4706baf4f8a076454c0f - - default default] 10.0.0.184 "POST /v2.0/subnets HTTP/1.1" status: 201 len: 870 time: 1.6342611
2026-07-09 18:20:08.269 10 INFO neutron.wsgi [None req-f471eae2-86f0-4c86-af74-a6e917ed3586 ac90d534b5c74098ac31f7b59855f72a cc2d520eb47f4706baf4f8a076454c0f - - default default] 10.0.0.184 "POST /v2.0/subnets HTTP/1.1" status: 201 len: 869 time: 1.5070460
2026-07-09 18:20:09.045 10 WARNING neutron.scheduler.dhcp_agent_scheduler [None req-ab0bfeb6-9f58-48f6-a229-aff3424e6459 ac90d534b5c74098ac31f7b59855f72a cc2d520eb47f4706baf4f8a076454c0f - - default default] No more DHCP agents
2026-07-09 18:20:09.051 10 WARNING neutron.api.rpc.agentnotifiers.dhcp_rpc_agent_api [None req-ab0bfeb6-9f58-48f6-a229-aff3424e6459 ac90d534b5c74098ac31f7b59855f72a cc2d520eb47f4706baf4f8a076454c0f - - default default] Unable to schedule network ace9516a-9936-439f-bbef-3afcaba1e40f: no agents available; will retry on subsequent port and subnet creation events.
2026-07-09 18:20:09.105 9 WARNING neutron.scheduler.dhcp_agent_scheduler [None req-6209b331-f647-4fee-9ec7-4220a3ed8397 ac90d534b5c74098ac31f7b59855f72a cc2d520eb47f4706baf4f8a076454c0f - - default default] No more DHCP agents
2026-07-09 18:20:09.107 9 WARNING neutron.api.rpc.agentnotifiers.dhcp_rpc_agent_api [None req-6209b331-f647-4fee-9ec7-4220a3ed8397 ac90d534b5c74098ac31f7b59855f72a cc2d520eb47f4706baf4f8a076454c0f - - default default] Unable to schedule network ace9516a-9936-439f-bbef-3afcaba1e40f: no agents available; will retry on subsequent port and subnet creation events.
2026-07-09 18:20:09.302 9 INFO neutron.db.ovn_revision_numbers_db [None req-6209b331-f647-4fee-9ec7-4220a3ed8397 ac90d534b5c74098ac31f7b59855f72a cc2d520eb47f4706baf4f8a076454c0f - - default default] Successfully bumped revision number for resource 5ecb54e1-0d15-4204-9326-1e0c6b2a847d (type: ports) to 1
2026-07-09 18:20:09.303 10 INFO neutron.db.ovn_revision_numbers_db [None req-ab0bfeb6-9f58-48f6-a229-aff3424e6459 ac90d534b5c74098ac31f7b59855f72a cc2d520eb47f4706baf4f8a076454c0f - - default default] Successfully bumped revision number for resource 83e159a5-fdec-46d9-a2d5-2d919d03691f (type: ports) to 1
2026-07-09 18:20:09.346 10 WARNING neutron.scheduler.dhcp_agent_scheduler [None req-cd04e1d7-7dfa-443f-bd80-5b9d411540b5 ac90d534b5c74098ac31f7b59855f72a cc2d520eb47f4706baf4f8a076454c0f - - default default] No more DHCP agents
2026-07-09 18:20:09.362 10 WARNING neutron.api.rpc.agentnotifiers.dhcp_rpc_agent_api [None req-cd04e1d7-7dfa-443f-bd80-5b9d411540b5 ac90d534b5c74098ac31f7b59855f72a cc2d520eb47f4706baf4f8a076454c0f - - default default] Unable to schedule network ace9516a-9936-439f-bbef-3afcaba1e40f: no agents available; will retry on subsequent port and subnet creation events.
2026-07-09 18:20:09.634 10 INFO neutron.db.ovn_revision_numbers_db [None req-cd04e1d7-7dfa-443f-bd80-5b9d411540b5 ac90d534b5c74098ac31f7b59855f72a cc2d520eb47f4706baf4f8a076454c0f - - default default] Successfully bumped revision number for resource c4e2c34a-ace2-4807-a1ff-3fd39e020186 (type: ports) to 1
2026-07-09 18:20:09.812 9 INFO neutron.plugins.ml2.drivers.ovn.mech_driver.ovsdb.extensions.qos [None req-6209b331-f647-4fee-9ec7-4220a3ed8397 ac90d534b5c74098ac31f7b59855f72a cc2d520eb47f4706baf4f8a076454c0f - - default default] Starting OVNClientQosExtension
2026-07-09 18:20:09.823 10 INFO neutron.plugins.ml2.drivers.ovn.mech_driver.ovsdb.extensions.qos [None req-ab0bfeb6-9f58-48f6-a229-aff3424e6459 ac90d534b5c74098ac31f7b59855f72a cc2d520eb47f4706baf4f8a076454c0f - - default default] Starting OVNClientQosExtension
2026-07-09 18:20:10.259 10 INFO neutron.plugins.ml2.drivers.ovn.mech_driver.ovsdb.ovsdb_monitor [-] Router 856567c3-b8f1-4f9e-b9c2-91b907c5e767 is bound to host instance
2026-07-09 18:20:10.260 9 INFO neutron.plugins.ml2.drivers.ovn.mech_driver.mech_driver [None req-6fcdafc8-1bdd-49ee-b035-3146ad08ce5f - - - - - -] OVN reports status up for port: 5ecb54e1-0d15-4204-9326-1e0c6b2a847d
2026-07-09 18:20:10.282 9 INFO neutron.plugins.ml2.plugin [None req-6fcdafc8-1bdd-49ee-b035-3146ad08ce5f - - - - - -] Attempt 1 to provision port 5ecb54e1-0d15-4204-9326-1e0c6b2a847d
2026-07-09 18:20:10.452 10 INFO neutron.plugins.ml2.drivers.ovn.mech_driver.mech_driver [-] OVN reports status up for port: 83e159a5-fdec-46d9-a2d5-2d919d03691f
2026-07-09 18:20:10.467 9 INFO neutron.plugins.ml2.drivers.ovn.mech_driver.ovsdb.ovsdb_monitor [-] Router a3bdac68-666a-4190-8a82-36553065d633 is bound to host instance
2026-07-09 18:20:10.485 10 INFO neutron.plugins.ml2.plugin [None req-102ba487-2f31-4aa6-a799-21a3e7eb0c76 - - - - - -] Attempt 1 to provision port 83e159a5-fdec-46d9-a2d5-2d919d03691f
2026-07-09 18:20:10.613 10 INFO neutron.db.ovn_revision_numbers_db [None req-ab0bfeb6-9f58-48f6-a229-aff3424e6459 ac90d534b5c74098ac31f7b59855f72a cc2d520eb47f4706baf4f8a076454c0f - - default default] Successfully bumped revision number for resource 83e159a5-fdec-46d9-a2d5-2d919d03691f (type: router_ports) to 1
2026-07-09 18:20:10.662 9 INFO neutron.db.ovn_revision_numbers_db [None req-6209b331-f647-4fee-9ec7-4220a3ed8397 ac90d534b5c74098ac31f7b59855f72a cc2d520eb47f4706baf4f8a076454c0f - - default default] Successfully bumped revision number for resource 5ecb54e1-0d15-4204-9326-1e0c6b2a847d (type: router_ports) to 1
2026-07-09 18:20:10.746 10 INFO neutron.db.ovn_revision_numbers_db [None req-ab0bfeb6-9f58-48f6-a229-aff3424e6459 ac90d534b5c74098ac31f7b59855f72a cc2d520eb47f4706baf4f8a076454c0f - - default default] Successfully bumped revision number for resource a3bdac68-666a-4190-8a82-36553065d633 (type: routers) to 2
2026-07-09 18:20:10.776 9 INFO neutron.db.ovn_revision_numbers_db [None req-6209b331-f647-4fee-9ec7-4220a3ed8397 ac90d534b5c74098ac31f7b59855f72a cc2d520eb47f4706baf4f8a076454c0f - - default default] Successfully bumped revision number for resource 856567c3-b8f1-4f9e-b9c2-91b907c5e767 (type: routers) to 2
2026-07-09 18:20:10.787 10 INFO neutron.wsgi [None req-ab0bfeb6-9f58-48f6-a229-aff3424e6459 ac90d534b5c74098ac31f7b59855f72a cc2d520eb47f4706baf4f8a076454c0f - - default default] 10.0.0.184 "POST /v2.0/routers HTTP/1.1" status: 201 len: 877 time: 2.9554503
2026-07-09 18:20:10.793 10 INFO neutron.db.ovn_revision_numbers_db [None req-cd04e1d7-7dfa-443f-bd80-5b9d411540b5 ac90d534b5c74098ac31f7b59855f72a cc2d520eb47f4706baf4f8a076454c0f - - default default] Successfully bumped revision number for resource c4e2c34a-ace2-4807-a1ff-3fd39e020186 (type: router_ports) to 1
2026-07-09 18:20:10.805 9 INFO neutron.wsgi [None req-6209b331-f647-4fee-9ec7-4220a3ed8397 ac90d534b5c74098ac31f7b59855f72a cc2d520eb47f4706baf4f8a076454c0f - - default default] 10.0.0.184 "POST /v2.0/routers HTTP/1.1" status: 201 len: 880 time: 2.5245979
2026-07-09 18:20:11.080 10 INFO neutron.db.ovn_revision_numbers_db [None req-cd04e1d7-7dfa-443f-bd80-5b9d411540b5 ac90d534b5c74098ac31f7b59855f72a cc2d520eb47f4706baf4f8a076454c0f - - default default] Successfully bumped revision number for resource b67aa51b-db77-4084-8f83-23fffc6d188c (type: routers) to 2
2026-07-09 18:20:11.112 10 INFO neutron.wsgi [None req-cd04e1d7-7dfa-443f-bd80-5b9d411540b5 ac90d534b5c74098ac31f7b59855f72a cc2d520eb47f4706baf4f8a076454c0f - - default default] 10.0.0.184 "POST /v2.0/routers HTTP/1.1" status: 201 len: 881 time: 2.8390348
2026-07-09 18:20:11.306 10 INFO neutron.db.ovn_revision_numbers_db [None req-2bdde121-77fe-4b38-af93-af57b1ac6672 - - - - - -] Successfully bumped revision number for resource 5ecb54e1-0d15-4204-9326-1e0c6b2a847d (type: ports) to 1
2026-07-09 18:20:11.437 9 INFO neutron.db.ovn_revision_numbers_db [None req-6c66be23-1af5-422e-9977-445cb60ff577 - - - - - -] Successfully bumped revision number for resource 83e159a5-fdec-46d9-a2d5-2d919d03691f (type: ports) to 1
2026-07-09 18:20:11.540 10 WARNING neutron.scheduler.dhcp_agent_scheduler [None req-d2820554-e750-40c8-8ec3-18ef86b0fda4 ac90d534b5c74098ac31f7b59855f72a cc2d520eb47f4706baf4f8a076454c0f - - default default] No more DHCP agents
2026-07-09 18:20:11.546 10 WARNING neutron.api.rpc.agentnotifiers.dhcp_rpc_agent_api [None req-d2820554-e750-40c8-8ec3-18ef86b0fda4 ac90d534b5c74098ac31f7b59855f72a cc2d520eb47f4706baf4f8a076454c0f - - default default] Unable to schedule network 838c079a-2f8d-4ac9-83d5-1e2fb976b88d: no agents available; will retry on subsequent port and subnet creation events.
2026-07-09 18:20:11.568 9 WARNING neutron.scheduler.dhcp_agent_scheduler [None req-dc592864-4056-40f4-b7c4-a5d1a2682e62 ac90d534b5c74098ac31f7b59855f72a cc2d520eb47f4706baf4f8a076454c0f - - default default] No more DHCP agents
2026-07-09 18:20:11.575 9 WARNING neutron.api.rpc.agentnotifiers.dhcp_rpc_agent_api [None req-dc592864-4056-40f4-b7c4-a5d1a2682e62 ac90d534b5c74098ac31f7b59855f72a cc2d520eb47f4706baf4f8a076454c0f - - default default] Unable to schedule network 925e2cfc-c816-41f1-8e7f-8a08ac38f1a1: no agents available; will retry on subsequent port and subnet creation events.
2026-07-09 18:20:11.763 10 INFO neutron.db.ovn_revision_numbers_db [None req-d2820554-e750-40c8-8ec3-18ef86b0fda4 ac90d534b5c74098ac31f7b59855f72a cc2d520eb47f4706baf4f8a076454c0f - - default default] Successfully bumped revision number for resource 387dec84-c0dc-4845-85b8-325a8bec4a6b (type: ports) to 1
2026-07-09 18:20:11.765 10 INFO neutron.db.ovn_revision_numbers_db [None req-2bdde121-77fe-4b38-af93-af57b1ac6672 - - - - - -] Successfully bumped revision number for resource 5ecb54e1-0d15-4204-9326-1e0c6b2a847d (type: router_ports) to 3
2026-07-09 18:20:12.037 9 INFO neutron.db.ovn_revision_numbers_db [None req-dc592864-4056-40f4-b7c4-a5d1a2682e62 ac90d534b5c74098ac31f7b59855f72a cc2d520eb47f4706baf4f8a076454c0f - - default default] Successfully bumped revision number for resource ced1f268-76e6-45ee-bf62-7795423bf650 (type: ports) to 1
2026-07-09 18:20:12.118 10 INFO neutron.db.ovn_revision_numbers_db [None req-2bdde121-77fe-4b38-af93-af57b1ac6672 - - - - - -] Successfully bumped revision number for resource 5ecb54e1-0d15-4204-9326-1e0c6b2a847d (type: ports) to 2
2026-07-09 18:20:12.142 9 INFO neutron.db.ovn_revision_numbers_db [None req-6c66be23-1af5-422e-9977-445cb60ff577 - - - - - -] Successfully bumped revision number for resource 83e159a5-fdec-46d9-a2d5-2d919d03691f (type: router_ports) to 3
2026-07-09 18:20:12.180 9 WARNING neutron.scheduler.dhcp_agent_scheduler [None req-2e6486b5-cfd2-4669-81df-7c7007397962 ac90d534b5c74098ac31f7b59855f72a cc2d520eb47f4706baf4f8a076454c0f - - default default] No more DHCP agents
2026-07-09 18:20:12.184 9 WARNING neutron.api.rpc.agentnotifiers.dhcp_rpc_agent_api [None req-2e6486b5-cfd2-4669-81df-7c7007397962 ac90d534b5c74098ac31f7b59855f72a cc2d520eb47f4706baf4f8a076454c0f - - default default] Unable to schedule network 4ceac8b9-e090-451f-b306-986092e68a7f: no agents available; will retry on subsequent port and subnet creation events.
2026-07-09 18:20:12.472 9 INFO neutron.db.ovn_revision_numbers_db [None req-6c66be23-1af5-422e-9977-445cb60ff577 - - - - - -] Successfully bumped revision number for resource 83e159a5-fdec-46d9-a2d5-2d919d03691f (type: ports) to 2
2026-07-09 18:20:12.503 9 INFO neutron.db.ovn_revision_numbers_db [None req-2e6486b5-cfd2-4669-81df-7c7007397962 ac90d534b5c74098ac31f7b59855f72a cc2d520eb47f4706baf4f8a076454c0f - - default default] Successfully bumped revision number for resource b31b6186-b327-4744-a74a-c2fee46d7483 (type: ports) to 1
2026-07-09 18:20:12.506 10 INFO neutron.db.ovn_revision_numbers_db [None req-2bdde121-77fe-4b38-af93-af57b1ac6672 - - - - - -] Successfully bumped revision number for resource 5ecb54e1-0d15-4204-9326-1e0c6b2a847d (type: ports) to 4
2026-07-09 18:20:12.731 10 INFO neutron.db.ovn_revision_numbers_db [None req-d2820554-e750-40c8-8ec3-18ef86b0fda4 ac90d534b5c74098ac31f7b59855f72a cc2d520eb47f4706baf4f8a076454c0f - - default default] Successfully bumped revision number for resource 387dec84-c0dc-4845-85b8-325a8bec4a6b (type: router_ports) to 1
2026-07-09 18:20:12.812 10 INFO neutron.db.ovn_revision_numbers_db [None req-fc8f1c69-2f04-459c-90a8-c4ca9ec6f669 ac90d534b5c74098ac31f7b59855f72a cc2d520eb47f4706baf4f8a076454c0f - - default default] Successfully bumped revision number for resource 4cd63f8d-72e9-43ae-960a-7c398e6480f9 (type: security_groups) to 1
2026-07-09 18:20:12.981 9 INFO neutron.plugins.ml2.drivers.ovn.mech_driver.mech_driver [None req-6fcdafc8-1bdd-49ee-b035-3146ad08ce5f - - - - - -] OVN reports status up for port: ced1f268-76e6-45ee-bf62-7795423bf650
2026-07-09 18:20:12.992 10 INFO neutron.db.ovn_revision_numbers_db [None req-d2820554-e750-40c8-8ec3-18ef86b0fda4 ac90d534b5c74098ac31f7b59855f72a cc2d520eb47f4706baf4f8a076454c0f - - default default] Successfully bumped revision number for resource 387dec84-c0dc-4845-85b8-325a8bec4a6b (type: ports) to 1
2026-07-09 18:20:13.001 9 INFO neutron.plugins.ml2.plugin [None req-6fcdafc8-1bdd-49ee-b035-3146ad08ce5f - - - - - -] Attempt 1 to provision port ced1f268-76e6-45ee-bf62-7795423bf650
2026-07-09 18:20:13.103 9 INFO neutron.db.ovn_revision_numbers_db [None req-dc592864-4056-40f4-b7c4-a5d1a2682e62 ac90d534b5c74098ac31f7b59855f72a cc2d520eb47f4706baf4f8a076454c0f - - default default] Successfully bumped revision number for resource ced1f268-76e6-45ee-bf62-7795423bf650 (type: router_ports) to 1
2026-07-09 18:20:13.103 10 INFO neutron.db.ovn_revision_numbers_db [None req-2bdde121-77fe-4b38-af93-af57b1ac6672 - - - - - -] Successfully bumped revision number for resource 5ecb54e1-0d15-4204-9326-1e0c6b2a847d (type: router_ports) to 4
2026-07-09 18:20:13.104 10 INFO neutron.db.ovn_revision_numbers_db [None req-fc8f1c69-2f04-459c-90a8-c4ca9ec6f669 ac90d534b5c74098ac31f7b59855f72a cc2d520eb47f4706baf4f8a076454c0f - - default default] Successfully bumped revision number for resource 47fea802-4682-4851-bf7d-ad96d7f8696c (type: security_group_rules) to 0
2026-07-09 18:20:13.116 9 INFO neutron.db.ovn_revision_numbers_db [None req-6c66be23-1af5-422e-9977-445cb60ff577 - - - - - -] Successfully bumped revision number for resource 83e159a5-fdec-46d9-a2d5-2d919d03691f (type: ports) to 4
2026-07-09 18:20:13.139 10 INFO neutron.db.ovn_revision_numbers_db [None req-fc8f1c69-2f04-459c-90a8-c4ca9ec6f669 ac90d534b5c74098ac31f7b59855f72a cc2d520eb47f4706baf4f8a076454c0f - - default default] Successfully bumped revision number for resource 59915f21-24b1-43c5-8469-075c6c88c2cc (type: security_group_rules) to 0
2026-07-09 18:20:13.164 10 INFO neutron.db.ovn_revision_numbers_db [None req-fc8f1c69-2f04-459c-90a8-c4ca9ec6f669 ac90d534b5c74098ac31f7b59855f72a cc2d520eb47f4706baf4f8a076454c0f - - default default] Successfully bumped revision number for resource f518377e-5490-4c70-82f6-c4e0dad3b340 (type: security_group_rules) to 0
2026-07-09 18:20:13.173 10 WARNING neutron.scheduler.dhcp_agent_scheduler [None req-d2820554-e750-40c8-8ec3-18ef86b0fda4 ac90d534b5c74098ac31f7b59855f72a cc2d520eb47f4706baf4f8a076454c0f - - default default] No more DHCP agents
2026-07-09 18:20:13.176 10 WARNING neutron.api.rpc.agentnotifiers.dhcp_rpc_agent_api [None req-d2820554-e750-40c8-8ec3-18ef86b0fda4 ac90d534b5c74098ac31f7b59855f72a cc2d520eb47f4706baf4f8a076454c0f - - default default] Unable to schedule network 838c079a-2f8d-4ac9-83d5-1e2fb976b88d: no agents available; will retry on subsequent port and subnet creation events.
2026-07-09 18:20:13.270 10 INFO neutron.db.ovn_revision_numbers_db [None req-fc8f1c69-2f04-459c-90a8-c4ca9ec6f669 ac90d534b5c74098ac31f7b59855f72a cc2d520eb47f4706baf4f8a076454c0f - - default default] Successfully bumped revision number for resource f69ddbd2-bf4d-42ee-afd5-e295b265c9a0 (type: security_group_rules) to 0
2026-07-09 18:20:13.300 10 INFO neutron.wsgi [None req-fc8f1c69-2f04-459c-90a8-c4ca9ec6f669 ac90d534b5c74098ac31f7b59855f72a cc2d520eb47f4706baf4f8a076454c0f - - default default] 10.0.0.184 "GET /v2.0/security-groups?tenant_id=675e30d525ee443db52121f175eea220&name=default HTTP/1.1" status: 200 len: 2992 time: 1.0813665
2026-07-09 18:20:13.326 10 INFO neutron.plugins.ml2.drivers.ovn.mech_driver.mech_driver [None req-102ba487-2f31-4aa6-a799-21a3e7eb0c76 - - - - - -] OVN reports status up for port: c4e2c34a-ace2-4807-a1ff-3fd39e020186
2026-07-09 18:20:13.346 10 INFO neutron.plugins.ml2.plugin [None req-102ba487-2f31-4aa6-a799-21a3e7eb0c76 - - - - - -] Attempt 1 to provision port c4e2c34a-ace2-4807-a1ff-3fd39e020186
2026-07-09 18:20:13.411 9 INFO neutron.db.ovn_revision_numbers_db [None req-dc592864-4056-40f4-b7c4-a5d1a2682e62 ac90d534b5c74098ac31f7b59855f72a cc2d520eb47f4706baf4f8a076454c0f - - default default] Successfully bumped revision number for resource ced1f268-76e6-45ee-bf62-7795423bf650 (type: ports) to 1
2026-07-09 18:20:13.636 9 WARNING neutron.scheduler.dhcp_agent_scheduler [None req-dc592864-4056-40f4-b7c4-a5d1a2682e62 ac90d534b5c74098ac31f7b59855f72a cc2d520eb47f4706baf4f8a076454c0f - - default default] No more DHCP agents
2026-07-09 18:20:13.734 9 WARNING neutron.api.rpc.agentnotifiers.dhcp_rpc_agent_api [None req-dc592864-4056-40f4-b7c4-a5d1a2682e62 ac90d534b5c74098ac31f7b59855f72a cc2d520eb47f4706baf4f8a076454c0f - - default default] Unable to schedule network 925e2cfc-c816-41f1-8e7f-8a08ac38f1a1: no agents available; will retry on subsequent port and subnet creation events.
2026-07-09 18:20:13.889 9 INFO neutron.db.ovn_revision_numbers_db [None req-6c66be23-1af5-422e-9977-445cb60ff577 - - - - - -] Successfully bumped revision number for resource 83e159a5-fdec-46d9-a2d5-2d919d03691f (type: router_ports) to 4
2026-07-09 18:20:13.957 9 INFO neutron.plugins.ml2.drivers.ovn.mech_driver.ovsdb.ovsdb_monitor [None req-6c66be23-1af5-422e-9977-445cb60ff577 - - - - - -] Router b67aa51b-db77-4084-8f83-23fffc6d188c is bound to host instance
2026-07-09 18:20:14.031 9 INFO neutron.db.ovn_revision_numbers_db [None req-6fcdafc8-1bdd-49ee-b035-3146ad08ce5f - - - - - -] Successfully bumped revision number for resource ced1f268-76e6-45ee-bf62-7795423bf650 (type: ports) to 2
2026-07-09 18:20:14.032 9 INFO neutron.db.ovn_revision_numbers_db [None req-2e6486b5-cfd2-4669-81df-7c7007397962 ac90d534b5c74098ac31f7b59855f72a cc2d520eb47f4706baf4f8a076454c0f - - default default] Successfully bumped revision number for resource b31b6186-b327-4744-a74a-c2fee46d7483 (type: router_ports) to 1
2026-07-09 18:20:14.135 10 INFO neutron.db.ovn_revision_numbers_db [None req-d2820554-e750-40c8-8ec3-18ef86b0fda4 ac90d534b5c74098ac31f7b59855f72a cc2d520eb47f4706baf4f8a076454c0f - - default default] Successfully bumped revision number for resource 387dec84-c0dc-4845-85b8-325a8bec4a6b (type: router_ports) to 1
2026-07-09 18:20:14.138 10 INFO neutron.wsgi [None req-d2820554-e750-40c8-8ec3-18ef86b0fda4 ac90d534b5c74098ac31f7b59855f72a cc2d520eb47f4706baf4f8a076454c0f - - default default] 10.0.0.184 "PUT /v2.0/routers/a3bdac68-666a-4190-8a82-36553065d633/add_router_interface HTTP/1.1" status: 200 len: 503 time: 3.3452768
2026-07-09 18:20:14.154 10 INFO neutron.wsgi [None req-f6733b9e-1120-43c9-962a-59a99eeed666 ac90d534b5c74098ac31f7b59855f72a cc2d520eb47f4706baf4f8a076454c0f - - default default] 10.0.0.184 "DELETE /v2.0/security-groups/4cd63f8d-72e9-43ae-960a-7c398e6480f9 HTTP/1.1" status: 204 len: 168 time: 0.8428836
2026-07-09 18:20:14.383 9 INFO neutron.db.ovn_revision_numbers_db [None req-2e6486b5-cfd2-4669-81df-7c7007397962 ac90d534b5c74098ac31f7b59855f72a cc2d520eb47f4706baf4f8a076454c0f - - default default] Successfully bumped revision number for resource b31b6186-b327-4744-a74a-c2fee46d7483 (type: ports) to 1
2026-07-09 18:20:14.466 9 INFO neutron.db.ovn_revision_numbers_db [None req-6fcdafc8-1bdd-49ee-b035-3146ad08ce5f - - - - - -] Successfully bumped revision number for resource ced1f268-76e6-45ee-bf62-7795423bf650 (type: router_ports) to 2
2026-07-09 18:20:14.540 9 WARNING neutron.scheduler.dhcp_agent_scheduler [None req-2e6486b5-cfd2-4669-81df-7c7007397962 ac90d534b5c74098ac31f7b59855f72a cc2d520eb47f4706baf4f8a076454c0f - - default default] No more DHCP agents
2026-07-09 18:20:14.553 9 WARNING neutron.api.rpc.agentnotifiers.dhcp_rpc_agent_api [None req-2e6486b5-cfd2-4669-81df-7c7007397962 ac90d534b5c74098ac31f7b59855f72a cc2d520eb47f4706baf4f8a076454c0f - - default default] Unable to schedule network 4ceac8b9-e090-451f-b306-986092e68a7f: no agents available; will retry on subsequent port and subnet creation events.
2026-07-09 18:20:14.957 9 INFO neutron.db.ovn_revision_numbers_db [None req-dc592864-4056-40f4-b7c4-a5d1a2682e62 ac90d534b5c74098ac31f7b59855f72a cc2d520eb47f4706baf4f8a076454c0f - - default default] Successfully bumped revision number for resource ced1f268-76e6-45ee-bf62-7795423bf650 (type: router_ports) to 2
2026-07-09 18:20:14.959 9 INFO neutron.wsgi [None req-dc592864-4056-40f4-b7c4-a5d1a2682e62 ac90d534b5c74098ac31f7b59855f72a cc2d520eb47f4706baf4f8a076454c0f - - default default] 10.0.0.184 "PUT /v2.0/routers/856567c3-b8f1-4f9e-b9c2-91b907c5e767/add_router_interface HTTP/1.1" status: 200 len: 503 time: 4.1494665
2026-07-09 18:20:15.159 10 INFO neutron.db.ovn_revision_numbers_db [None req-45d7276d-1575-42b0-81bb-c1236444acc9 ac90d534b5c74098ac31f7b59855f72a cc2d520eb47f4706baf4f8a076454c0f - - default default] Successfully bumped revision number for resource 2a62af14-ea75-43b9-8833-c7c65cd09c88 (type: security_groups) to 1
2026-07-09 18:20:15.266 9 INFO neutron.db.ovn_revision_numbers_db [None req-6c66be23-1af5-422e-9977-445cb60ff577 - - - - - -] Successfully bumped revision number for resource c4e2c34a-ace2-4807-a1ff-3fd39e020186 (type: ports) to 1
2026-07-09 18:20:15.317 10 INFO neutron.db.ovn_revision_numbers_db [None req-45d7276d-1575-42b0-81bb-c1236444acc9 ac90d534b5c74098ac31f7b59855f72a cc2d520eb47f4706baf4f8a076454c0f - - default default] Successfully bumped revision number for resource 09fb2275-5f5a-4aa7-9d7e-0ab1f720cdff (type: security_group_rules) to 0
2026-07-09 18:20:15.475 10 INFO neutron.db.ovn_revision_numbers_db [None req-45d7276d-1575-42b0-81bb-c1236444acc9 ac90d534b5c74098ac31f7b59855f72a cc2d520eb47f4706baf4f8a076454c0f - - default default] Successfully bumped revision number for resource 6817d328-75e1-4f30-9341-c64b7481bc7d (type: security_group_rules) to 0
2026-07-09 18:20:15.617 10 INFO neutron.db.ovn_revision_numbers_db [None req-45d7276d-1575-42b0-81bb-c1236444acc9 ac90d534b5c74098ac31f7b59855f72a cc2d520eb47f4706baf4f8a076454c0f - - default default] Successfully bumped revision number for resource a46ee503-e4b3-4272-9942-257ddab32c55 (type: security_group_rules) to 0
2026-07-09 18:20:15.705 10 INFO neutron.db.ovn_revision_numbers_db [None req-45d7276d-1575-42b0-81bb-c1236444acc9 ac90d534b5c74098ac31f7b59855f72a cc2d520eb47f4706baf4f8a076454c0f - - default default] Successfully bumped revision number for resource f2917588-a4d3-446a-a3a7-c0447b9200fc (type: security_group_rules) to 0
2026-07-09 18:20:15.741 10 INFO neutron.wsgi [None req-45d7276d-1575-42b0-81bb-c1236444acc9 ac90d534b5c74098ac31f7b59855f72a cc2d520eb47f4706baf4f8a076454c0f - - default default] 10.0.0.184 "GET /v2.0/security-groups?tenant_id=2a928c317da149b59caa19861f71ce4c&name=default HTTP/1.1" status: 200 len: 2992 time: 1.2527273
2026-07-09 18:20:15.786 9 INFO neutron.db.ovn_revision_numbers_db [None req-2e6486b5-cfd2-4669-81df-7c7007397962 ac90d534b5c74098ac31f7b59855f72a cc2d520eb47f4706baf4f8a076454c0f - - default default] Successfully bumped revision number for resource b31b6186-b327-4744-a74a-c2fee46d7483 (type: router_ports) to 1
2026-07-09 18:20:15.788 9 INFO neutron.wsgi [None req-2e6486b5-cfd2-4669-81df-7c7007397962 ac90d534b5c74098ac31f7b59855f72a cc2d520eb47f4706baf4f8a076454c0f - - default default] 10.0.0.184 "PUT /v2.0/routers/b67aa51b-db77-4084-8f83-23fffc6d188c/add_router_interface HTTP/1.1" status: 200 len: 503 time: 4.6686983
2026-07-09 18:20:16.017 9 INFO neutron.db.ovn_revision_numbers_db [None req-6c66be23-1af5-422e-9977-445cb60ff577 - - - - - -] Successfully bumped revision number for resource c4e2c34a-ace2-4807-a1ff-3fd39e020186 (type: router_ports) to 3
2026-07-09 18:20:16.121 10 INFO neutron.db.ovn_revision_numbers_db [None req-63b0fb27-655e-489f-a8db-4c7e335991f5 ac4863dde4cb4ae78eb9c26d6665f943 9f8c16c1f5894e8c8d4c6b18ce217808 - - default default] Successfully bumped revision number for resource 0af07821-00cb-4b59-89e8-bd725f2744dc (type: security_groups) to 1
2026-07-09 18:20:16.159 10 INFO neutron.db.ovn_revision_numbers_db [None req-63b0fb27-655e-489f-a8db-4c7e335991f5 ac4863dde4cb4ae78eb9c26d6665f943 9f8c16c1f5894e8c8d4c6b18ce217808 - - default default] Successfully bumped revision number for resource 27de0f01-7527-4c96-bdd2-931c1c072bfe (type: security_group_rules) to 0
2026-07-09 18:20:16.169 10 INFO neutron.wsgi [None req-210b920e-9c72-48b0-9362-83e8956636da ac90d534b5c74098ac31f7b59855f72a cc2d520eb47f4706baf4f8a076454c0f - - default default] 10.0.0.184 "DELETE /v2.0/security-groups/2a62af14-ea75-43b9-8833-c7c65cd09c88 HTTP/1.1" status: 204 len: 168 time: 0.4220304
2026-07-09 18:20:16.171 9 INFO neutron.db.ovn_revision_numbers_db [None req-6c66be23-1af5-422e-9977-445cb60ff577 - - - - - -] Successfully bumped revision number for resource c4e2c34a-ace2-4807-a1ff-3fd39e020186 (type: ports) to 2
2026-07-09 18:20:16.232 10 INFO neutron.plugins.ml2.drivers.ovn.mech_driver.mech_driver [None req-102ba487-2f31-4aa6-a799-21a3e7eb0c76 - - - - - -] OVN reports status up for port: 387dec84-c0dc-4845-85b8-325a8bec4a6b
2026-07-09 18:20:16.240 10 INFO neutron.plugins.ml2.plugin [None req-102ba487-2f31-4aa6-a799-21a3e7eb0c76 - - - - - -] Attempt 1 to provision port 387dec84-c0dc-4845-85b8-325a8bec4a6b
2026-07-09 18:20:16.293 10 INFO neutron.db.ovn_revision_numbers_db [None req-63b0fb27-655e-489f-a8db-4c7e335991f5 ac4863dde4cb4ae78eb9c26d6665f943 9f8c16c1f5894e8c8d4c6b18ce217808 - - default default] Successfully bumped revision number for resource 4704ddeb-5c05-48fd-9ec3-664a82c4996b (type: security_group_rules) to 0
2026-07-09 18:20:16.326 10 INFO neutron.db.ovn_revision_numbers_db [req-ceb0037c-897c-4b2f-a7ea-ce08f2bd2365 req-02373fdc-e6ce-4a93-95dc-2606d00c40d8 608fa7573b16401895aa08dc1efd2bb6 5ad78eb94b224a5f9ed193c41583d62a - - default default] Successfully bumped revision number for resource 110d7941-ddf8-439e-b20c-1e9b49401ce6 (type: security_groups) to 1
2026-07-09 18:20:16.337 10 INFO neutron.wsgi [None req-63b0fb27-655e-489f-a8db-4c7e335991f5 ac4863dde4cb4ae78eb9c26d6665f943 9f8c16c1f5894e8c8d4c6b18ce217808 - - default default] 10.0.0.184 "POST /v2.0/security-groups HTTP/1.1" status: 201 len: 1794 time: 0.6512418
2026-07-09 18:20:16.368 10 INFO neutron.db.ovn_revision_numbers_db [req-ceb0037c-897c-4b2f-a7ea-ce08f2bd2365 req-02373fdc-e6ce-4a93-95dc-2606d00c40d8 608fa7573b16401895aa08dc1efd2bb6 5ad78eb94b224a5f9ed193c41583d62a - - default default] Successfully bumped revision number for resource c70ce036-4099-4543-80e9-2596f047d06c (type: security_group_rules) to 0
2026-07-09 18:20:16.429 10 INFO neutron.db.ovn_revision_numbers_db [req-ceb0037c-897c-4b2f-a7ea-ce08f2bd2365 req-02373fdc-e6ce-4a93-95dc-2606d00c40d8 608fa7573b16401895aa08dc1efd2bb6 5ad78eb94b224a5f9ed193c41583d62a - - default default] Successfully bumped revision number for resource f19f5ae4-f68f-4319-bb30-93e99c8118c9 (type: security_group_rules) to 0
2026-07-09 18:20:16.461 10 INFO neutron.wsgi [req-ceb0037c-897c-4b2f-a7ea-ce08f2bd2365 req-02373fdc-e6ce-4a93-95dc-2606d00c40d8 608fa7573b16401895aa08dc1efd2bb6 5ad78eb94b224a5f9ed193c41583d62a - - default default] 10.0.0.113 "POST /v2.0/security-groups HTTP/1.1" status: 201 len: 1821 time: 0.7151513
2026-07-09 18:20:16.611 9 INFO neutron.db.ovn_revision_numbers_db [None req-6c66be23-1af5-422e-9977-445cb60ff577 - - - - - -] Successfully bumped revision number for resource c4e2c34a-ace2-4807-a1ff-3fd39e020186 (type: ports) to 4
2026-07-09 18:20:16.623 10 INFO neutron.db.ovn_revision_numbers_db [None req-102ba487-2f31-4aa6-a799-21a3e7eb0c76 - - - - - -] Successfully bumped revision number for resource 387dec84-c0dc-4845-85b8-325a8bec4a6b (type: ports) to 2
2026-07-09 18:20:16.786 10 INFO neutron.db.ovn_revision_numbers_db [None req-50bd47c2-ef68-4c3c-8985-72bb0fb3e4a3 ac4863dde4cb4ae78eb9c26d6665f943 9f8c16c1f5894e8c8d4c6b18ce217808 - - default default] Successfully bumped revision number for resource b5be8b22-e0d0-4836-b701-a0e379b4c5a4 (type: security_group_rules) to 0
2026-07-09 18:20:16.813 10 INFO neutron.db.ovn_revision_numbers_db [None req-102ba487-2f31-4aa6-a799-21a3e7eb0c76 - - - - - -] Successfully bumped revision number for resource 387dec84-c0dc-4845-85b8-325a8bec4a6b (type: router_ports) to 2
2026-07-09 18:20:17.109 9 INFO neutron.db.ovn_revision_numbers_db [None req-6c66be23-1af5-422e-9977-445cb60ff577 - - - - - -] Successfully bumped revision number for resource c4e2c34a-ace2-4807-a1ff-3fd39e020186 (type: router_ports) to 4
2026-07-09 18:20:17.128 10 INFO neutron.wsgi [-] 10.0.0.106 "GET / HTTP/1.1" status: 200 len: 247 time: 0.0034313
2026-07-09 18:20:17.131 10 INFO neutron.wsgi [-] 10.0.0.106 "GET / HTTP/1.1" status: 200 len: 247 time: 0.0023293
2026-07-09 18:20:17.797 10 INFO neutron.db.ovn_revision_numbers_db [req-28de193c-43f4-4fa3-85c3-21a78d8f25ad req-d08f25b1-2367-4bad-9b98-a25520b02e8b 608fa7573b16401895aa08dc1efd2bb6 5ad78eb94b224a5f9ed193c41583d62a - - default default] Successfully bumped revision number for resource 5757d39d-f3aa-49c8-939b-2b20b0e56cd0 (type: security_groups) to 1
2026-07-09 18:20:17.807 10 INFO neutron.wsgi [None req-50bd47c2-ef68-4c3c-8985-72bb0fb3e4a3 ac4863dde4cb4ae78eb9c26d6665f943 9f8c16c1f5894e8c8d4c6b18ce217808 - - default default] 10.0.0.184 "POST /v2.0/security-group-rules HTTP/1.1" status: 201 len: 764 time: 1.4593945
2026-07-09 18:20:17.845 10 INFO neutron.db.ovn_revision_numbers_db [req-28de193c-43f4-4fa3-85c3-21a78d8f25ad req-d08f25b1-2367-4bad-9b98-a25520b02e8b 608fa7573b16401895aa08dc1efd2bb6 5ad78eb94b224a5f9ed193c41583d62a - - default default] Successfully bumped revision number for resource 21155608-93a0-42db-9951-f090b14cacf0 (type: security_group_rules) to 0
2026-07-09 18:20:17.914 10 INFO neutron.db.ovn_revision_numbers_db [req-28de193c-43f4-4fa3-85c3-21a78d8f25ad req-d08f25b1-2367-4bad-9b98-a25520b02e8b 608fa7573b16401895aa08dc1efd2bb6 5ad78eb94b224a5f9ed193c41583d62a - - default default] Successfully bumped revision number for resource d8ce6233-99f7-47e1-9e71-03200aff6b96 (type: security_group_rules) to 0
2026-07-09 18:20:17.956 10 INFO neutron.wsgi [req-28de193c-43f4-4fa3-85c3-21a78d8f25ad req-d08f25b1-2367-4bad-9b98-a25520b02e8b 608fa7573b16401895aa08dc1efd2bb6 5ad78eb94b224a5f9ed193c41583d62a - - default default] 10.0.0.113 "POST /v2.0/security-groups HTTP/1.1" status: 201 len: 1822 time: 1.4702384
2026-07-09 18:20:17.997 10 INFO neutron.db.ovn_revision_numbers_db [req-8d56d69b-deba-470a-acbc-aeacb88c9ffb req-c73f8ea6-8706-41b3-a62c-cb5f528ee587 4ed8c182d0894a65b60e1809ebb2aaf5 92d21282a0364848afe25e1c95eb7e3a - - default default] Successfully bumped revision number for resource 0ce7fee7-1e59-4d2f-a97f-0b12a91982f0 (type: security_groups) to 1
2026-07-09 18:20:18.016 10 INFO neutron.db.ovn_revision_numbers_db [req-8d56d69b-deba-470a-acbc-aeacb88c9ffb req-c73f8ea6-8706-41b3-a62c-cb5f528ee587 4ed8c182d0894a65b60e1809ebb2aaf5 92d21282a0364848afe25e1c95eb7e3a - - default default] Successfully bumped revision number for resource 1eef6546-21cd-4309-8895-f484d56de74a (type: security_group_rules) to 0
2026-07-09 18:20:18.040 10 INFO neutron.db.ovn_revision_numbers_db [req-8d56d69b-deba-470a-acbc-aeacb88c9ffb req-c73f8ea6-8706-41b3-a62c-cb5f528ee587 4ed8c182d0894a65b60e1809ebb2aaf5 92d21282a0364848afe25e1c95eb7e3a - - default default] Successfully bumped revision number for resource b70d26f6-0808-4109-867c-fb9c86de3391 (type: security_group_rules) to 0
2026-07-09 18:20:18.071 9 INFO neutron.db.ovn_revision_numbers_db [None req-bb2c1fab-aaa5-4175-9471-7f866abc0854 ac4863dde4cb4ae78eb9c26d6665f943 9f8c16c1f5894e8c8d4c6b18ce217808 - - default default] Successfully bumped revision number for resource 1d222b18-d600-4c77-a997-0ea99c4d369d (type: security_group_rules) to 0
2026-07-09 18:20:18.080 10 INFO neutron.wsgi [req-8d56d69b-deba-470a-acbc-aeacb88c9ffb req-c73f8ea6-8706-41b3-a62c-cb5f528ee587 4ed8c182d0894a65b60e1809ebb2aaf5 92d21282a0364848afe25e1c95eb7e3a - - default default] 10.0.0.113 "POST /v2.0/security-groups HTTP/1.1" status: 201 len: 1826 time: 1.2572222
2026-07-09 18:20:18.116 9 INFO neutron.wsgi [None req-bb2c1fab-aaa5-4175-9471-7f866abc0854 ac4863dde4cb4ae78eb9c26d6665f943 9f8c16c1f5894e8c8d4c6b18ce217808 - - default default] 10.0.0.184 "POST /v2.0/security-group-rules HTTP/1.1" status: 201 len: 769 time: 0.3022270
2026-07-09 18:20:18.153 10 INFO neutron.wsgi [req-dd790b26-438f-483a-9f15-deed819278b5 req-0a68368b-9722-4f04-9f57-74449013e862 4ed8c182d0894a65b60e1809ebb2aaf5 92d21282a0364848afe25e1c95eb7e3a - - default default] 10.0.0.113 "GET /v2.0/security-groups/0ce7fee7-1e59-4d2f-a97f-0b12a91982f0 HTTP/1.1" status: 200 len: 1821 time: 0.0488429
2026-07-09 18:20:18.177 10 INFO neutron.db.ovn_revision_numbers_db [req-34241244-f9a5-465a-926f-59b60ef0787b req-5e0a695d-3dd7-45b3-8b09-3640277a5305 608fa7573b16401895aa08dc1efd2bb6 5ad78eb94b224a5f9ed193c41583d62a - - default default] Successfully bumped revision number for resource ea7835d0-4f07-4cda-abb0-cfceeb49a744 (type: security_groups) to 1
2026-07-09 18:20:18.223 10 INFO neutron.db.ovn_revision_numbers_db [req-34241244-f9a5-465a-926f-59b60ef0787b req-5e0a695d-3dd7-45b3-8b09-3640277a5305 608fa7573b16401895aa08dc1efd2bb6 5ad78eb94b224a5f9ed193c41583d62a - - default default] Successfully bumped revision number for resource 7f363590-871c-4b98-8b5b-ff2271a8330c (type: security_group_rules) to 0
2026-07-09 18:20:18.254 10 INFO neutron.db.ovn_revision_numbers_db [req-34241244-f9a5-465a-926f-59b60ef0787b req-5e0a695d-3dd7-45b3-8b09-3640277a5305 608fa7573b16401895aa08dc1efd2bb6 5ad78eb94b224a5f9ed193c41583d62a - - default default] Successfully bumped revision number for resource d443f21f-0f58-431e-b301-d4aa57dc6302 (type: security_group_rules) to 0
2026-07-09 18:20:18.288 10 INFO neutron.wsgi [req-34241244-f9a5-465a-926f-59b60ef0787b req-5e0a695d-3dd7-45b3-8b09-3640277a5305 608fa7573b16401895aa08dc1efd2bb6 5ad78eb94b224a5f9ed193c41583d62a - - default default] 10.0.0.113 "POST /v2.0/security-groups HTTP/1.1" status: 201 len: 1822 time: 0.2988641
2026-07-09 18:20:18.400 10 INFO neutron.wsgi [req-4b8bc3bc-1076-4283-a194-7e69f8b577a6 req-bd8d0c5c-fb8e-4a51-a617-6c62fb3d9ae2 608fa7573b16401895aa08dc1efd2bb6 5ad78eb94b224a5f9ed193c41583d62a - - default default] 10.0.0.113 "GET /v2.0/security-groups?tenant_id=5ad78eb94b224a5f9ed193c41583d62a HTTP/1.1" status: 200 len: 7793 time: 0.0752003
2026-07-09 18:20:18.458 10 INFO neutron.wsgi [req-4b8bc3bc-1076-4283-a194-7e69f8b577a6 req-ed203d47-aa90-4f1e-abee-cd9c58103e35 608fa7573b16401895aa08dc1efd2bb6 5ad78eb94b224a5f9ed193c41583d62a - - default default] 10.0.0.113 "GET /v2.0/security-groups/cfe238fc-4c3c-4f47-a00c-38221a91de1b HTTP/1.1" status: 200 len: 2994 time: 0.0486174
2026-07-09 18:20:18.504 10 INFO neutron.db.ovn_revision_numbers_db [req-dd790b26-438f-483a-9f15-deed819278b5 req-c7768e16-5715-4331-ade4-20c1211e2810 4ed8c182d0894a65b60e1809ebb2aaf5 92d21282a0364848afe25e1c95eb7e3a - - default default] Successfully bumped revision number for resource 9834a0cf-d1aa-464d-9246-bb74d21a05f3 (type: security_group_rules) to 0
2026-07-09 18:20:18.510 10 INFO neutron.wsgi [req-4b8bc3bc-1076-4283-a194-7e69f8b577a6 req-8af1d4f7-cacc-4b3d-b1d6-e386ccc1d687 608fa7573b16401895aa08dc1efd2bb6 5ad78eb94b224a5f9ed193c41583d62a - - default default] 10.0.0.113 "GET /v2.0/security-groups/cfe238fc-4c3c-4f47-a00c-38221a91de1b HTTP/1.1" status: 200 len: 2994 time: 0.0426066
2026-07-09 18:20:18.538 10 WARNING neutron.scheduler.dhcp_agent_scheduler [None req-7ca4242e-ef09-421a-8bfa-305d7dd6cce0 ac4863dde4cb4ae78eb9c26d6665f943 9f8c16c1f5894e8c8d4c6b18ce217808 - - default default] No more DHCP agents
2026-07-09 18:20:18.540 10 WARNING neutron.api.rpc.agentnotifiers.dhcp_rpc_agent_api [None req-7ca4242e-ef09-421a-8bfa-305d7dd6cce0 ac4863dde4cb4ae78eb9c26d6665f943 9f8c16c1f5894e8c8d4c6b18ce217808 - - default default] Unable to schedule network ace9516a-9936-439f-bbef-3afcaba1e40f: no agents available; will retry on subsequent port and subnet creation events.
2026-07-09 18:20:18.558 10 INFO neutron.wsgi [req-dd790b26-438f-483a-9f15-deed819278b5 req-c7768e16-5715-4331-ade4-20c1211e2810 4ed8c182d0894a65b60e1809ebb2aaf5 92d21282a0364848afe25e1c95eb7e3a - - default default] 10.0.0.113 "POST /v2.0/security-group-rules HTTP/1.1" status: 201 len: 786 time: 0.3965125
2026-07-09 18:20:18.592 10 INFO neutron.wsgi [req-bb8919b7-cb5d-45c6-903f-cc69851063c1 req-52ffa4ca-ac94-4e3b-86b0-df59ee0ce60c 608fa7573b16401895aa08dc1efd2bb6 5ad78eb94b224a5f9ed193c41583d62a - - default default] 10.0.0.113 "GET /v2.0/security-groups/110d7941-ddf8-439e-b20c-1e9b49401ce6 HTTP/1.1" status: 200 len: 1816 time: 0.0505650
2026-07-09 18:20:18.799 10 INFO neutron.db.ovn_revision_numbers_db [req-d2f036af-34d0-40ad-afea-39c2aa76d7d4 req-ea1b5bb5-c195-4cca-a14d-2e6e8018d2af 4ed8c182d0894a65b60e1809ebb2aaf5 92d21282a0364848afe25e1c95eb7e3a - - default default] Successfully bumped revision number for resource 7c94c937-7354-409f-8bbb-230689c694f0 (type: security_groups) to 1
2026-07-09 18:20:18.812 10 INFO neutron.wsgi [req-bb8919b7-cb5d-45c6-903f-cc69851063c1 req-e8fa8960-7d37-46e9-8ad4-6a31def200d1 608fa7573b16401895aa08dc1efd2bb6 5ad78eb94b224a5f9ed193c41583d62a - - default default] 10.0.0.113 "DELETE /v2.0/security-groups/110d7941-ddf8-439e-b20c-1e9b49401ce6 HTTP/1.1" status: 204 len: 173 time: 0.2090364
2026-07-09 18:20:18.829 10 INFO neutron.db.ovn_revision_numbers_db [req-d2f036af-34d0-40ad-afea-39c2aa76d7d4 req-ea1b5bb5-c195-4cca-a14d-2e6e8018d2af 4ed8c182d0894a65b60e1809ebb2aaf5 92d21282a0364848afe25e1c95eb7e3a - - default default] Successfully bumped revision number for resource 4ab72982-65be-4a00-9662-3172d5fd9704 (type: security_group_rules) to 0
2026-07-09 18:20:18.850 10 INFO neutron.api.v2.resource [req-cb9277a4-d226-47cc-80df-aae230e7c7c8 req-c6ab9e02-be5a-4292-82cc-31a338ef4608 608fa7573b16401895aa08dc1efd2bb6 5ad78eb94b224a5f9ed193c41583d62a - - default default] show failed (client error): The resource could not be found.
2026-07-09 18:20:18.851 10 INFO neutron.wsgi [req-cb9277a4-d226-47cc-80df-aae230e7c7c8 req-c6ab9e02-be5a-4292-82cc-31a338ef4608 608fa7573b16401895aa08dc1efd2bb6 5ad78eb94b224a5f9ed193c41583d62a - - default default] 10.0.0.113 "GET /v2.0/security-groups/110d7941-ddf8-439e-b20c-1e9b49401ce6 HTTP/1.1" status: 404 len: 352 time: 0.0186808
2026-07-09 18:20:18.881 10 INFO neutron.db.ovn_revision_numbers_db [req-d2f036af-34d0-40ad-afea-39c2aa76d7d4 req-ea1b5bb5-c195-4cca-a14d-2e6e8018d2af 4ed8c182d0894a65b60e1809ebb2aaf5 92d21282a0364848afe25e1c95eb7e3a - - default default] Successfully bumped revision number for resource cbd98cea-b69c-48db-ab67-4b882eb83468 (type: security_group_rules) to 0
2026-07-09 18:20:18.928 10 INFO neutron.wsgi [req-d2f036af-34d0-40ad-afea-39c2aa76d7d4 req-ea1b5bb5-c195-4cca-a14d-2e6e8018d2af 4ed8c182d0894a65b60e1809ebb2aaf5 92d21282a0364848afe25e1c95eb7e3a - - default default] 10.0.0.113 "POST /v2.0/security-groups HTTP/1.1" status: 201 len: 1826 time: 0.3339753
2026-07-09 18:20:18.956 10 INFO neutron.wsgi [req-5d8d512c-8674-4e1e-84a5-df63429a54d2 req-cfa3e7ef-db3d-4e9c-830f-35b83fa16529 608fa7573b16401895aa08dc1efd2bb6 5ad78eb94b224a5f9ed193c41583d62a - - default default] 10.0.0.113 "GET /v2.0/security-groups/5757d39d-f3aa-49c8-939b-2b20b0e56cd0 HTTP/1.1" status: 200 len: 1817 time: 0.0739391
2026-07-09 18:20:19.014 10 INFO neutron.wsgi [req-fcd0b48a-0546-473a-9594-5ec0e15a4809 req-b56695e2-b617-4dbf-a8f2-83df48185fdb 4ed8c182d0894a65b60e1809ebb2aaf5 92d21282a0364848afe25e1c95eb7e3a - - default default] 10.0.0.113 "GET /v2.0/security-groups/7c94c937-7354-409f-8bbb-230689c694f0 HTTP/1.1" status: 200 len: 1821 time: 0.0569961
2026-07-09 18:20:19.031 10 INFO neutron.db.ovn_revision_numbers_db [None req-7ca4242e-ef09-421a-8bfa-305d7dd6cce0 ac4863dde4cb4ae78eb9c26d6665f943 9f8c16c1f5894e8c8d4c6b18ce217808 - - default default] Successfully bumped revision number for resource 1b4d343a-e1e9-4d6b-a353-465fdf8877ae (type: floatingips) to 0
2026-07-09 18:20:19.070 10 INFO neutron.wsgi [None req-7ca4242e-ef09-421a-8bfa-305d7dd6cce0 ac4863dde4cb4ae78eb9c26d6665f943 9f8c16c1f5894e8c8d4c6b18ce217808 - - default default] 10.0.0.184 "POST /v2.0/floatingips HTTP/1.1" status: 201 len: 751 time: 0.9464283
2026-07-09 18:20:19.174 10 INFO neutron.wsgi [req-5d8d512c-8674-4e1e-84a5-df63429a54d2 req-65508064-1bb7-40e2-b55d-16940efcd771 608fa7573b16401895aa08dc1efd2bb6 5ad78eb94b224a5f9ed193c41583d62a - - default default] 10.0.0.113 "DELETE /v2.0/security-groups/5757d39d-f3aa-49c8-939b-2b20b0e56cd0 HTTP/1.1" status: 204 len: 173 time: 0.1978083
2026-07-09 18:20:19.208 10 INFO neutron.api.v2.resource [req-b576f67c-91b7-4ea6-9c10-d82501bf8871 req-f8938913-7e3b-44f1-a8c4-f74303506d4b 608fa7573b16401895aa08dc1efd2bb6 5ad78eb94b224a5f9ed193c41583d62a - - default default] show failed (client error): The resource could not be found.
2026-07-09 18:20:19.210 10 INFO neutron.wsgi [req-b576f67c-91b7-4ea6-9c10-d82501bf8871 req-f8938913-7e3b-44f1-a8c4-f74303506d4b 608fa7573b16401895aa08dc1efd2bb6 5ad78eb94b224a5f9ed193c41583d62a - - default default] 10.0.0.113 "GET /v2.0/security-groups/5757d39d-f3aa-49c8-939b-2b20b0e56cd0 HTTP/1.1" status: 404 len: 352 time: 0.0149567
2026-07-09 18:20:19.257 10 INFO neutron.db.ovn_revision_numbers_db [req-fcd0b48a-0546-473a-9594-5ec0e15a4809 req-e5c58dbf-15a8-4d1e-8502-14019b641dc9 4ed8c182d0894a65b60e1809ebb2aaf5 92d21282a0364848afe25e1c95eb7e3a - - default default] Successfully bumped revision number for resource c6e126c0-22b9-4e47-8568-5010729c5d4b (type: security_group_rules) to 0
2026-07-09 18:20:19.274 10 INFO neutron.wsgi [req-6734f508-8079-41fa-b0af-899e002d44e5 req-6108e2b6-cba4-4234-9d5f-16e0717c5fd8 608fa7573b16401895aa08dc1efd2bb6 5ad78eb94b224a5f9ed193c41583d62a - - default default] 10.0.0.113 "GET /v2.0/security-groups/ea7835d0-4f07-4cda-abb0-cfceeb49a744 HTTP/1.1" status: 200 len: 1817 time: 0.0365219
2026-07-09 18:20:19.290 10 INFO neutron.wsgi [req-fcd0b48a-0546-473a-9594-5ec0e15a4809 req-e5c58dbf-15a8-4d1e-8502-14019b641dc9 4ed8c182d0894a65b60e1809ebb2aaf5 92d21282a0364848afe25e1c95eb7e3a - - default default] 10.0.0.113 "POST /v2.0/security-group-rules HTTP/1.1" status: 201 len: 786 time: 0.2600808
2026-07-09 18:20:19.369 10 INFO neutron.wsgi [req-41c6e6ed-92f4-49bf-8882-89d9fc466f0e req-82265482-7e32-41a1-9517-a1272df34793 4ed8c182d0894a65b60e1809ebb2aaf5 92d21282a0364848afe25e1c95eb7e3a - - default default] 10.0.0.113 "GET /v2.0/security-groups/7c94c937-7354-409f-8bbb-230689c694f0 HTTP/1.1" status: 200 len: 2414 time: 0.0573034
2026-07-09 18:20:19.476 10 INFO neutron.wsgi [req-6734f508-8079-41fa-b0af-899e002d44e5 req-013e5309-656b-4e97-a326-d136225e9f17 608fa7573b16401895aa08dc1efd2bb6 5ad78eb94b224a5f9ed193c41583d62a - - default default] 10.0.0.113 "DELETE /v2.0/security-groups/ea7835d0-4f07-4cda-abb0-cfceeb49a744 HTTP/1.1" status: 204 len: 173 time: 0.1986530
2026-07-09 18:20:19.509 10 INFO neutron.api.v2.resource [req-b9e8793d-d3af-4a37-aa85-64ecda726f9b req-77d8bb8b-cade-458d-bf2e-9186ba370446 608fa7573b16401895aa08dc1efd2bb6 5ad78eb94b224a5f9ed193c41583d62a - - default default] show failed (client error): The resource could not be found.
2026-07-09 18:20:19.510 10 INFO neutron.wsgi [req-b9e8793d-d3af-4a37-aa85-64ecda726f9b req-77d8bb8b-cade-458d-bf2e-9186ba370446 608fa7573b16401895aa08dc1efd2bb6 5ad78eb94b224a5f9ed193c41583d62a - - default default] 10.0.0.113 "GET /v2.0/security-groups/ea7835d0-4f07-4cda-abb0-cfceeb49a744 HTTP/1.1" status: 404 len: 352 time: 0.0166171
