2026-07-09 18:35:26.219 10 INFO neutron.wsgi [req-e0c3185a-f331-4d82-a92b-52165acbd913 req-faebea6f-ed24-4b96-af26-6c85fcc182ab 0195fe04e18d436a8201f24675f570a4 fa0d32ee8bd9438985b988ac495b2e68 - - 13789dce34f849f19410c11ea0757838 13789dce34f849f19410c11ea0757838] 199.19.213.176 "GET /v2.0/ports?network_id=58bbc1fb-57f6-4dc7-84c8-619f6178b228&device_owner=network%3Adhcp HTTP/1.1" status: 200 len: 210 time: 0.0184155
2026-07-09 18:35:26.246 10 INFO neutron.wsgi [req-e0c3185a-f331-4d82-a92b-52165acbd913 req-981c39b4-e24c-4f5c-bb2a-953295f0183c 0195fe04e18d436a8201f24675f570a4 fa0d32ee8bd9438985b988ac495b2e68 - - 13789dce34f849f19410c11ea0757838 13789dce34f849f19410c11ea0757838] 199.19.213.176 "GET /v2.0/ports?network_id=58bbc1fb-57f6-4dc7-84c8-619f6178b228&device_owner=network%3Adhcp HTTP/1.1" status: 200 len: 210 time: 0.0204086
2026-07-09 18:35:26.309 9 WARNING neutron.scheduler.dhcp_agent_scheduler [None req-00206e6a-3008-4d8d-ae7a-685980e7bdc3 3d57ca2a88994785bf1eacb0877e249f 00291ddbedfc41abb61139478914474f - - default default] No more DHCP agents
2026-07-09 18:35:26.312 9 WARNING neutron.api.rpc.agentnotifiers.dhcp_rpc_agent_api [None req-00206e6a-3008-4d8d-ae7a-685980e7bdc3 3d57ca2a88994785bf1eacb0877e249f 00291ddbedfc41abb61139478914474f - - default default] Unable to schedule network 8b05a9b1-f790-4df1-b5fd-f2fc46742af5: no agents available; will retry on subsequent port and subnet creation events.
2026-07-09 18:35:26.312 10 INFO neutron.wsgi [req-e0c3185a-f331-4d82-a92b-52165acbd913 req-b285176b-7b4d-4167-b7c3-38b2abec652c 0195fe04e18d436a8201f24675f570a4 fa0d32ee8bd9438985b988ac495b2e68 - - 13789dce34f849f19410c11ea0757838 13789dce34f849f19410c11ea0757838] 199.19.213.176 "GET /v2.0/networks/58bbc1fb-57f6-4dc7-84c8-619f6178b228?fields=segments HTTP/1.1" status: 200 len: 212 time: 0.0603535
2026-07-09 18:35:26.390 10 INFO neutron.wsgi [req-e0c3185a-f331-4d82-a92b-52165acbd913 req-c96cd0ce-7521-4847-ad05-7f81a26e92b3 0195fe04e18d436a8201f24675f570a4 fa0d32ee8bd9438985b988ac495b2e68 - - 13789dce34f849f19410c11ea0757838 13789dce34f849f19410c11ea0757838] 199.19.213.176 "GET /v2.0/networks/58bbc1fb-57f6-4dc7-84c8-619f6178b228?fields=provider%3Aphysical_network&fields=provider%3Anetwork_type HTTP/1.1" status: 200 len: 277 time: 0.0714657
2026-07-09 18:35:26.412 9 INFO neutron.db.ovn_revision_numbers_db [None req-00206e6a-3008-4d8d-ae7a-685980e7bdc3 3d57ca2a88994785bf1eacb0877e249f 00291ddbedfc41abb61139478914474f - - default default] Successfully bumped revision number for resource 0a6fe0ab-df29-4ce4-ba1a-02dde07d887b (type: ports) to 1
2026-07-09 18:35:26.429 9 INFO neutron.wsgi [None req-00206e6a-3008-4d8d-ae7a-685980e7bdc3 3d57ca2a88994785bf1eacb0877e249f 00291ddbedfc41abb61139478914474f - - default default] 10.0.0.184 "POST /v2.0/networks HTTP/1.1" status: 201 len: 929 time: 0.5815034
2026-07-09 18:35:26.472 10 INFO neutron.wsgi [req-64b521ea-53f1-42b5-b9e4-5221fa929427 req-944ab662-7c82-423e-9893-c23d0b9218bd 0195fe04e18d436a8201f24675f570a4 fa0d32ee8bd9438985b988ac495b2e68 - - 13789dce34f849f19410c11ea0757838 13789dce34f849f19410c11ea0757838] 199.19.213.176 "GET /v2.0/ports?tenant_id=1c5afe3518244f8f962407f7df8954ce&device_id=82f9db15-c4ca-4d09-81d9-09e2333ce5f7 HTTP/1.1" status: 200 len: 1636 time: 0.0481253
2026-07-09 18:35:26.562 10 INFO neutron.wsgi [req-64b521ea-53f1-42b5-b9e4-5221fa929427 req-c3a3b353-a22b-40b6-b1c6-6e12edff3a2f 0195fe04e18d436a8201f24675f570a4 fa0d32ee8bd9438985b988ac495b2e68 - - 13789dce34f849f19410c11ea0757838 13789dce34f849f19410c11ea0757838] 199.19.213.176 "GET /v2.0/networks?id=58bbc1fb-57f6-4dc7-84c8-619f6178b228 HTTP/1.1" status: 200 len: 1003 time: 0.0829115
2026-07-09 18:35:26.580 9 INFO neutron.plugins.ml2.drivers.ovn.mech_driver.mech_driver [None req-6fcdafc8-1bdd-49ee-b035-3146ad08ce5f - - - - - -] OVN reports status up for port: 41f099a5-b877-4b36-ae82-6a9336690e19
2026-07-09 18:35:26.602 9 INFO neutron.plugins.ml2.plugin [None req-6fcdafc8-1bdd-49ee-b035-3146ad08ce5f - - - - - -] Attempt 1 to provision port 41f099a5-b877-4b36-ae82-6a9336690e19
2026-07-09 18:35:26.603 10 INFO neutron.wsgi [req-64b521ea-53f1-42b5-b9e4-5221fa929427 req-c402e9d6-2c47-413b-9424-702efbf78faa 0195fe04e18d436a8201f24675f570a4 fa0d32ee8bd9438985b988ac495b2e68 - - 13789dce34f849f19410c11ea0757838 13789dce34f849f19410c11ea0757838] 199.19.213.176 "GET /v2.0/floatingips?fixed_ip_address=10.2.2.31&port_id=41f099a5-b877-4b36-ae82-6a9336690e19 HTTP/1.1" status: 200 len: 217 time: 0.0356162
2026-07-09 18:35:26.645 10 INFO neutron.wsgi [req-64b521ea-53f1-42b5-b9e4-5221fa929427 req-545be338-eb21-4f62-87e3-279ca4659a2e 0195fe04e18d436a8201f24675f570a4 fa0d32ee8bd9438985b988ac495b2e68 - - 13789dce34f849f19410c11ea0757838 13789dce34f849f19410c11ea0757838] 199.19.213.176 "GET /v2.0/floatingips?fixed_ip_address=fd77%3A1457%3A4cf0%3A26a8%3A%3A147&port_id=41f099a5-b877-4b36-ae82-6a9336690e19 HTTP/1.1" status: 200 len: 217 time: 0.0317442
2026-07-09 18:35:26.711 10 INFO neutron.wsgi [req-64b521ea-53f1-42b5-b9e4-5221fa929427 req-b71ce917-59f8-40f5-9b56-c5322ab8c697 0195fe04e18d436a8201f24675f570a4 fa0d32ee8bd9438985b988ac495b2e68 - - 13789dce34f849f19410c11ea0757838 13789dce34f849f19410c11ea0757838] 199.19.213.176 "GET /v2.0/subnets?id=f6e1861d-a7d9-4db5-8648-48e2886d6947&id=4e27c8d8-da05-4515-a1e9-489559013a36 HTTP/1.1" status: 200 len: 1565 time: 0.0578840
2026-07-09 18:35:26.743 10 WARNING neutron.scheduler.dhcp_agent_scheduler [None req-0d883a6f-87cd-4799-91ae-22421bc7c85a 3d57ca2a88994785bf1eacb0877e249f 00291ddbedfc41abb61139478914474f - - default default] No more DHCP agents
2026-07-09 18:35:26.746 10 WARNING neutron.api.rpc.agentnotifiers.dhcp_rpc_agent_api [None req-0d883a6f-87cd-4799-91ae-22421bc7c85a 3d57ca2a88994785bf1eacb0877e249f 00291ddbedfc41abb61139478914474f - - default default] Unable to schedule network 8b05a9b1-f790-4df1-b5fd-f2fc46742af5: no agents available; will retry on subsequent port and subnet creation events.
2026-07-09 18:35:26.757 10 INFO neutron.wsgi [req-64b521ea-53f1-42b5-b9e4-5221fa929427 req-6b44db0a-06f5-475f-9d26-69c51cc2b296 0195fe04e18d436a8201f24675f570a4 fa0d32ee8bd9438985b988ac495b2e68 - - 13789dce34f849f19410c11ea0757838 13789dce34f849f19410c11ea0757838] 199.19.213.176 "GET /v2.0/ports?network_id=58bbc1fb-57f6-4dc7-84c8-619f6178b228&device_owner=network%3Adhcp HTTP/1.1" status: 200 len: 210 time: 0.0354366
2026-07-09 18:35:26.775 9 INFO neutron.notifiers.nova [-] Nova event matching ['req-5040925e-a8a1-47a1-a6e3-80e2bde685ef'] response: {'server_uuid': '82f9db15-c4ca-4d09-81d9-09e2333ce5f7', 'name': 'network-vif-plugged', 'status': 'completed', 'tag': '41f099a5-b877-4b36-ae82-6a9336690e19', 'code': 200}
2026-07-09 18:35:26.785 10 INFO neutron.wsgi [req-64b521ea-53f1-42b5-b9e4-5221fa929427 req-2bc693fe-284d-42cb-aedf-92354e32bf50 0195fe04e18d436a8201f24675f570a4 fa0d32ee8bd9438985b988ac495b2e68 - - 13789dce34f849f19410c11ea0757838 13789dce34f849f19410c11ea0757838] 199.19.213.176 "GET /v2.0/ports?network_id=58bbc1fb-57f6-4dc7-84c8-619f6178b228&device_owner=network%3Adhcp HTTP/1.1" status: 200 len: 210 time: 0.0209825
2026-07-09 18:35:26.994 9 INFO neutron.db.ovn_revision_numbers_db [None req-6fcdafc8-1bdd-49ee-b035-3146ad08ce5f - - - - - -] Successfully bumped revision number for resource 41f099a5-b877-4b36-ae82-6a9336690e19 (type: ports) to 4
2026-07-09 18:35:27.228 10 INFO neutron.wsgi [req-64b521ea-53f1-42b5-b9e4-5221fa929427 req-1d7f0b8c-9fc0-4d69-83a8-48d7878f9838 0195fe04e18d436a8201f24675f570a4 fa0d32ee8bd9438985b988ac495b2e68 - - 13789dce34f849f19410c11ea0757838 13789dce34f849f19410c11ea0757838] 199.19.213.176 "GET /v2.0/networks/58bbc1fb-57f6-4dc7-84c8-619f6178b228?fields=segments HTTP/1.1" status: 200 len: 212 time: 0.4302373
2026-07-09 18:35:27.330 10 INFO neutron.wsgi [req-64b521ea-53f1-42b5-b9e4-5221fa929427 req-b5eb0d98-c2c5-4ef3-a17d-f01674be2c0e 0195fe04e18d436a8201f24675f570a4 fa0d32ee8bd9438985b988ac495b2e68 - - 13789dce34f849f19410c11ea0757838 13789dce34f849f19410c11ea0757838] 199.19.213.176 "GET /v2.0/networks/58bbc1fb-57f6-4dc7-84c8-619f6178b228?fields=provider%3Aphysical_network&fields=provider%3Anetwork_type HTTP/1.1" status: 200 len: 277 time: 0.0952270
2026-07-09 18:35:27.388 10 INFO neutron.wsgi [req-2ff799a2-c3a8-497e-959c-f74db718a94b req-78bd2129-4c7a-4205-aceb-7821064747b4 0195fe04e18d436a8201f24675f570a4 fa0d32ee8bd9438985b988ac495b2e68 - - 13789dce34f849f19410c11ea0757838 13789dce34f849f19410c11ea0757838] 199.19.213.176 "GET /v2.0/ports?device_id=47ad9825-69f3-4c8d-a00f-77a5c181881f&fields=binding%3Ahost_id&fields=binding%3Avif_type HTTP/1.1" status: 200 len: 265 time: 0.0378993
2026-07-09 18:35:27.599 10 INFO neutron.wsgi [req-2ff799a2-c3a8-497e-959c-f74db718a94b req-4653c9da-0aa3-42c0-915c-fef547a0ebf1 0195fe04e18d436a8201f24675f570a4 fa0d32ee8bd9438985b988ac495b2e68 - - 13789dce34f849f19410c11ea0757838 13789dce34f849f19410c11ea0757838] 199.19.213.176 "GET /v2.0/ports?tenant_id=1c5afe3518244f8f962407f7df8954ce&device_id=47ad9825-69f3-4c8d-a00f-77a5c181881f HTTP/1.1" status: 200 len: 1634 time: 0.1284742
2026-07-09 18:35:27.712 10 INFO neutron.wsgi [req-2ff799a2-c3a8-497e-959c-f74db718a94b req-b6322315-9a10-481b-b761-0624aed9dfcd 0195fe04e18d436a8201f24675f570a4 fa0d32ee8bd9438985b988ac495b2e68 - - 13789dce34f849f19410c11ea0757838 13789dce34f849f19410c11ea0757838] 199.19.213.176 "GET /v2.0/networks?id=7d9bc913-c6e3-4f1f-9187-94feadd41307 HTTP/1.1" status: 200 len: 1003 time: 0.0910485
2026-07-09 18:35:27.786 10 INFO neutron.wsgi [req-2ff799a2-c3a8-497e-959c-f74db718a94b req-fd4313c7-874e-4953-98ed-590b8ba16632 0195fe04e18d436a8201f24675f570a4 fa0d32ee8bd9438985b988ac495b2e68 - - 13789dce34f849f19410c11ea0757838 13789dce34f849f19410c11ea0757838] 199.19.213.176 "GET /v2.0/floatingips?fixed_ip_address=10.2.1.122&port_id=b2eca581-ad07-4da1-9c95-f3a5458647b4 HTTP/1.1" status: 200 len: 1059 time: 0.0649652
2026-07-09 18:35:27.815 10 INFO neutron.wsgi [req-2ff799a2-c3a8-497e-959c-f74db718a94b req-6e73500f-5f6e-4e35-83fe-696ecc5f32f5 0195fe04e18d436a8201f24675f570a4 fa0d32ee8bd9438985b988ac495b2e68 - - 13789dce34f849f19410c11ea0757838 13789dce34f849f19410c11ea0757838] 199.19.213.176 "GET /v2.0/floatingips?fixed_ip_address=fd7b%3Af9f7%3Afff%3A4eca%3A%3A9d&port_id=b2eca581-ad07-4da1-9c95-f3a5458647b4 HTTP/1.1" status: 200 len: 217 time: 0.0227206
2026-07-09 18:35:27.888 10 INFO neutron.wsgi [req-2ff799a2-c3a8-497e-959c-f74db718a94b req-751119c1-8f50-48ac-be90-e2ed0a72f076 0195fe04e18d436a8201f24675f570a4 fa0d32ee8bd9438985b988ac495b2e68 - - 13789dce34f849f19410c11ea0757838 13789dce34f849f19410c11ea0757838] 199.19.213.176 "GET /v2.0/subnets?id=7eb7b16a-00ac-47e6-ac79-f3ec3192301d&id=f6974fa9-11c5-470d-83e1-1c6ce4ce59e5 HTTP/1.1" status: 200 len: 1562 time: 0.0643902
2026-07-09 18:35:27.929 10 INFO neutron.wsgi [req-2ff799a2-c3a8-497e-959c-f74db718a94b req-16a7455e-c513-4199-8756-6c4888ae3bad 0195fe04e18d436a8201f24675f570a4 fa0d32ee8bd9438985b988ac495b2e68 - - 13789dce34f849f19410c11ea0757838 13789dce34f849f19410c11ea0757838] 199.19.213.176 "GET /v2.0/ports?network_id=7d9bc913-c6e3-4f1f-9187-94feadd41307&device_owner=network%3Adhcp HTTP/1.1" status: 200 len: 210 time: 0.0345981
2026-07-09 18:35:27.931 10 INFO neutron.db.ovn_revision_numbers_db [None req-0d883a6f-87cd-4799-91ae-22421bc7c85a 3d57ca2a88994785bf1eacb0877e249f 00291ddbedfc41abb61139478914474f - - default default] Successfully bumped revision number for resource 0a6fe0ab-df29-4ce4-ba1a-02dde07d887b (type: ports) to 2
2026-07-09 18:35:27.956 10 INFO neutron.wsgi [req-2ff799a2-c3a8-497e-959c-f74db718a94b req-0b697b93-ce33-4028-a9b2-177eb883b8bb 0195fe04e18d436a8201f24675f570a4 fa0d32ee8bd9438985b988ac495b2e68 - - 13789dce34f849f19410c11ea0757838 13789dce34f849f19410c11ea0757838] 199.19.213.176 "GET /v2.0/ports?network_id=7d9bc913-c6e3-4f1f-9187-94feadd41307&device_owner=network%3Adhcp HTTP/1.1" status: 200 len: 210 time: 0.0212672
2026-07-09 18:35:27.979 10 INFO neutron.db.ovn_revision_numbers_db [None req-0d883a6f-87cd-4799-91ae-22421bc7c85a 3d57ca2a88994785bf1eacb0877e249f 00291ddbedfc41abb61139478914474f - - default default] Successfully bumped revision number for resource d9e5787d-62cc-4fa5-9247-e909ddfa29e7 (type: subnets) to 0
2026-07-09 18:35:28.009 10 INFO neutron.wsgi [None req-0d883a6f-87cd-4799-91ae-22421bc7c85a 3d57ca2a88994785bf1eacb0877e249f 00291ddbedfc41abb61139478914474f - - default default] 10.0.0.184 "POST /v2.0/subnets HTTP/1.1" status: 201 len: 822 time: 1.5736160
2026-07-09 18:35:28.025 10 WARNING neutron.api.v2.base [None req-215c6f17-054c-4e78-b510-4c441fce6137 3d57ca2a88994785bf1eacb0877e249f 00291ddbedfc41abb61139478914474f - - default default] An exception happened while processing the request body. The exception message is [Invalid input for target_tenant. Reason: '1234123412341234123412341234123412341234123412341234123412341234123412341234123412341234123412341234123412341234123412341234123412341234123412341234123412341234123412341234123412341234123412341234123412341234123412341234123412341234123412341234123412341234123412341234123412341234123412341234123412341234123412341234123412341234123412341234123412341234123412341234123412341234123412341234123412341234' exceeds maximum length of 255.].: webob.exc.HTTPBadRequest: Invalid input for target_tenant. Reason: '1234123412341234123412341234123412341234123412341234123412341234123412341234123412341234123412341234123412341234123412341234123412341234123412341234123412341234123412341234123412341234123412341234123412341234123412341234123412341234123412341234123412341234123412341234123412341234123412341234123412341234123412341234123412341234123412341234123412341234123412341234123412341234123412341234123412341234' exceeds maximum length of 255.
2026-07-09 18:35:28.026 10 INFO neutron.api.v2.resource [None req-215c6f17-054c-4e78-b510-4c441fce6137 3d57ca2a88994785bf1eacb0877e249f 00291ddbedfc41abb61139478914474f - - default default] create failed (client error): Invalid input for target_tenant. Reason: '1234123412341234123412341234123412341234123412341234123412341234123412341234123412341234123412341234123412341234123412341234123412341234123412341234123412341234123412341234123412341234123412341234123412341234123412341234123412341234123412341234123412341234123412341234123412341234123412341234123412341234123412341234123412341234123412341234123412341234123412341234123412341234123412341234123412341234' exceeds maximum length of 255.
2026-07-09 18:35:28.027 10 INFO neutron.wsgi [None req-215c6f17-054c-4e78-b510-4c441fce6137 3d57ca2a88994785bf1eacb0877e249f 00291ddbedfc41abb61139478914474f - - default default] 10.0.0.184 "POST /v2.0/rbac-policies HTTP/1.1" status: 400 len: 750 time: 0.0063171
2026-07-09 18:35:28.051 10 INFO neutron.wsgi [req-2ff799a2-c3a8-497e-959c-f74db718a94b req-48d9c2c8-8aa9-46b3-a068-71a5d1b9d62d 0195fe04e18d436a8201f24675f570a4 fa0d32ee8bd9438985b988ac495b2e68 - - 13789dce34f849f19410c11ea0757838 13789dce34f849f19410c11ea0757838] 199.19.213.176 "GET /v2.0/networks/7d9bc913-c6e3-4f1f-9187-94feadd41307?fields=segments HTTP/1.1" status: 200 len: 212 time: 0.0821893
2026-07-09 18:35:28.127 10 INFO neutron.wsgi [req-2ff799a2-c3a8-497e-959c-f74db718a94b req-96ba2cd9-8451-4bf9-8d00-7bac1260a5af 0195fe04e18d436a8201f24675f570a4 fa0d32ee8bd9438985b988ac495b2e68 - - 13789dce34f849f19410c11ea0757838 13789dce34f849f19410c11ea0757838] 199.19.213.176 "GET /v2.0/networks/7d9bc913-c6e3-4f1f-9187-94feadd41307?fields=provider%3Aphysical_network&fields=provider%3Anetwork_type HTTP/1.1" status: 200 len: 277 time: 0.0670571
2026-07-09 18:35:28.681 10 INFO neutron.wsgi [None req-2dc68aa2-b7cd-4a67-ab93-dd1cb55f056d 3d57ca2a88994785bf1eacb0877e249f 00291ddbedfc41abb61139478914474f - - default default] 10.0.0.184 "DELETE /v2.0/networks/8b05a9b1-f790-4df1-b5fd-f2fc46742af5 HTTP/1.1" status: 204 len: 168 time: 0.6506417
2026-07-09 18:35:28.808 10 INFO neutron.services.segments.plugin [-] Segment dcc27c37-e641-4354-98fa-ace85029de23 resource provider aggregate not found
2026-07-09 18:35:28.828 9 INFO neutron.notifiers.nova [-] Nova event matching ['req-d95bde73-5ffc-4253-bb68-3bf8b5f5b549'] response: {'server_uuid': '82f9db15-c4ca-4d09-81d9-09e2333ce5f7', 'name': 'network-vif-plugged', 'status': 'completed', 'tag': '41f099a5-b877-4b36-ae82-6a9336690e19', 'code': 200}
2026-07-09 18:35:28.829 10 INFO neutron.services.segments.plugin [-] Segment dcc27c37-e641-4354-98fa-ace85029de23 resource provider not found; error: Placement Client Error (4xx): {"errors": [{"status": 404, "title": "Not Found", "detail": "The resource could not be found.\n\n No resource provider with uuid dcc27c37-e641-4354-98fa-ace85029de23 found for delete ", "request_id": "req-bbf28575-5807-4e8f-895e-8bbafb5ab061"}]}
2026-07-09 18:35:28.846 10 INFO neutron.db.segments_db [None req-a61c99a1-d4a2-46ec-b687-50e3175031f5 3d57ca2a88994785bf1eacb0877e249f 00291ddbedfc41abb61139478914474f - - default default] Added segment cc845f30-5ae4-43e6-93f1-9ce95eb8d8a3 of type geneve for network f283a2dd-1cd7-413f-b563-aa314dd01d87
2026-07-09 18:35:28.894 10 INFO neutron.services.segments.plugin [-] Segment dcc27c37-e641-4354-98fa-ace85029de23 resource provider aggregate not found
2026-07-09 18:35:28.923 10 INFO neutron.services.segments.plugin [-] Segment dcc27c37-e641-4354-98fa-ace85029de23 resource provider not found; error: Placement Client Error (4xx): {"errors": [{"status": 404, "title": "Not Found", "detail": "The resource could not be found.\n\n No resource provider with uuid dcc27c37-e641-4354-98fa-ace85029de23 found for delete ", "request_id": "req-4513bfaa-387c-4bc2-aeef-ee4d749a27d3"}]}
2026-07-09 18:35:28.955 10 INFO neutron.wsgi [req-8ce1235e-75ac-457a-b88a-f7d24e4fb53b req-cb8b182e-9100-48aa-a7ff-d94a78192e57 8e6371455f704eb58424e23810ceadb9 1c5afe3518244f8f962407f7df8954ce - - default default] 10.0.0.113 "GET /v2.0/ports?device_id=82f9db15-c4ca-4d09-81d9-09e2333ce5f7 HTTP/1.1" status: 200 len: 1400 time: 0.1830342
2026-07-09 18:35:29.043 10 INFO neutron.wsgi [req-8ce1235e-75ac-457a-b88a-f7d24e4fb53b req-f89e402a-184d-463b-bf48-6c95d5d54e58 8e6371455f704eb58424e23810ceadb9 1c5afe3518244f8f962407f7df8954ce - - default default] 10.0.0.113 "GET /v2.0/security-groups?id=5ef8ba2e-495d-4433-b877-f4a4dcc62176&fields=id&fields=name HTTP/1.1" status: 200 len: 311 time: 0.0762069 /var/lib/openstack/lib/python3.10/site-packages/pycadf/identifier.py:71: UserWarning: Invalid uuid: neutron. To ensure interoperability, identifiers should be a valid uuid. warnings.warn(('Invalid uuid: %s. To ensure interoperability, '
2026-07-09 18:35:29.115 10 INFO neutron.db.ovn_revision_numbers_db [None req-a61c99a1-d4a2-46ec-b687-50e3175031f5 3d57ca2a88994785bf1eacb0877e249f 00291ddbedfc41abb61139478914474f - - default default] Successfully bumped revision number for resource f283a2dd-1cd7-413f-b563-aa314dd01d87 (type: networks) to 1
2026-07-09 18:35:29.204 9 INFO neutron.wsgi [None req-0a74d9e1-75ea-4a7d-b5d7-4443ddfa11ef 8e6371455f704eb58424e23810ceadb9 1c5afe3518244f8f962407f7df8954ce - - default default] 10.0.0.184 "GET /v2.0/ports?network_id=58bbc1fb-57f6-4dc7-84c8-619f6178b228&mac_address=fa%3A16%3A3e%3Af1%3A29%3A20 HTTP/1.1" status: 200 len: 1395 time: 0.1348398
2026-07-09 18:35:29.358 10 WARNING neutron.scheduler.dhcp_agent_scheduler [None req-a61c99a1-d4a2-46ec-b687-50e3175031f5 3d57ca2a88994785bf1eacb0877e249f 00291ddbedfc41abb61139478914474f - - default default] No more DHCP agents
2026-07-09 18:35:29.361 10 WARNING neutron.api.rpc.agentnotifiers.dhcp_rpc_agent_api [None req-a61c99a1-d4a2-46ec-b687-50e3175031f5 3d57ca2a88994785bf1eacb0877e249f 00291ddbedfc41abb61139478914474f - - default default] Unable to schedule network f283a2dd-1cd7-413f-b563-aa314dd01d87: no agents available; will retry on subsequent port and subnet creation events.
2026-07-09 18:35:29.464 10 INFO neutron.db.ovn_revision_numbers_db [None req-a61c99a1-d4a2-46ec-b687-50e3175031f5 3d57ca2a88994785bf1eacb0877e249f 00291ddbedfc41abb61139478914474f - - default default] Successfully bumped revision number for resource f71f22c6-6184-4213-bd39-e1ed18373451 (type: ports) to 1
2026-07-09 18:35:29.522 10 INFO neutron.wsgi [None req-a61c99a1-d4a2-46ec-b687-50e3175031f5 3d57ca2a88994785bf1eacb0877e249f 00291ddbedfc41abb61139478914474f - - default default] 10.0.0.184 "POST /v2.0/networks HTTP/1.1" status: 201 len: 929 time: 0.8345673
2026-07-09 18:35:29.565 9 WARNING neutron.scheduler.dhcp_agent_scheduler [None req-41187430-fa3a-4e9b-83eb-2a047628b02f 8e6371455f704eb58424e23810ceadb9 1c5afe3518244f8f962407f7df8954ce - - default default] No more DHCP agents
2026-07-09 18:35:29.569 9 WARNING neutron.api.rpc.agentnotifiers.dhcp_rpc_agent_api [None req-41187430-fa3a-4e9b-83eb-2a047628b02f 8e6371455f704eb58424e23810ceadb9 1c5afe3518244f8f962407f7df8954ce - - default default] Unable to schedule network ace9516a-9936-439f-bbef-3afcaba1e40f: no agents available; will retry on subsequent port and subnet creation events.
2026-07-09 18:35:29.753 10 WARNING neutron.scheduler.dhcp_agent_scheduler [None req-f8dd6e53-86f8-4fbf-83c9-70722016993c 3d57ca2a88994785bf1eacb0877e249f 00291ddbedfc41abb61139478914474f - - default default] No more DHCP agents
2026-07-09 18:35:29.754 10 WARNING neutron.api.rpc.agentnotifiers.dhcp_rpc_agent_api [None req-f8dd6e53-86f8-4fbf-83c9-70722016993c 3d57ca2a88994785bf1eacb0877e249f 00291ddbedfc41abb61139478914474f - - default default] Unable to schedule network f283a2dd-1cd7-413f-b563-aa314dd01d87: no agents available; will retry on subsequent port and subnet creation events.
2026-07-09 18:35:30.338 10 INFO neutron.db.ovn_revision_numbers_db [None req-f8dd6e53-86f8-4fbf-83c9-70722016993c 3d57ca2a88994785bf1eacb0877e249f 00291ddbedfc41abb61139478914474f - - default default] Successfully bumped revision number for resource f71f22c6-6184-4213-bd39-e1ed18373451 (type: ports) to 2
2026-07-09 18:35:30.353 9 INFO neutron.db.l3_db [None req-41187430-fa3a-4e9b-83eb-2a047628b02f 8e6371455f704eb58424e23810ceadb9 1c5afe3518244f8f962407f7df8954ce - - default default] Floating IP af7270e3-0a78-4705-bed4-9d2291adfbfe associated. External IP: 10.96.250.219, port: 41f099a5-b877-4b36-ae82-6a9336690e19.
2026-07-09 18:35:30.512 10 INFO neutron.db.ovn_revision_numbers_db [None req-f8dd6e53-86f8-4fbf-83c9-70722016993c 3d57ca2a88994785bf1eacb0877e249f 00291ddbedfc41abb61139478914474f - - default default] Successfully bumped revision number for resource f28e9705-506d-47ee-a2e8-a8af6a920e89 (type: subnets) to 0
2026-07-09 18:35:30.591 10 INFO neutron.wsgi [None req-f8dd6e53-86f8-4fbf-83c9-70722016993c 3d57ca2a88994785bf1eacb0877e249f 00291ddbedfc41abb61139478914474f - - default default] 10.0.0.184 "POST /v2.0/subnets HTTP/1.1" status: 201 len: 822 time: 1.0616281
2026-07-09 18:35:30.710 9 INFO neutron.db.ovn_revision_numbers_db [None req-41187430-fa3a-4e9b-83eb-2a047628b02f 8e6371455f704eb58424e23810ceadb9 1c5afe3518244f8f962407f7df8954ce - - default default] Successfully bumped revision number for resource af7270e3-0a78-4705-bed4-9d2291adfbfe (type: floatingips) to 0
2026-07-09 18:35:30.914 9 INFO neutron.db.ovn_revision_numbers_db [None req-41187430-fa3a-4e9b-83eb-2a047628b02f 8e6371455f704eb58424e23810ceadb9 1c5afe3518244f8f962407f7df8954ce - - default default] Successfully bumped revision number for resource af7270e3-0a78-4705-bed4-9d2291adfbfe (type: floatingips) to 1
2026-07-09 18:35:30.983 9 INFO neutron.wsgi [None req-41187430-fa3a-4e9b-83eb-2a047628b02f 8e6371455f704eb58424e23810ceadb9 1c5afe3518244f8f962407f7df8954ce - - default default] 10.0.0.184 "POST /v2.0/floatingips HTTP/1.1" status: 201 len: 1053 time: 1.7715676
2026-07-09 18:35:31.021 9 INFO neutron.notifiers.nova [-] Nova event matching ['req-2d664cd5-4977-42a5-bdfc-c9690d0b677a'] response: {'name': 'network-changed', 'server_uuid': '82f9db15-c4ca-4d09-81d9-09e2333ce5f7', 'tag': '41f099a5-b877-4b36-ae82-6a9336690e19', 'status': 'completed', 'code': 200}
2026-07-09 18:35:31.043 10 INFO neutron.wsgi [None req-d3dcb343-5eb5-4a18-896c-0e4a3f893721 3d57ca2a88994785bf1eacb0877e249f 00291ddbedfc41abb61139478914474f - - default default] 10.0.0.184 "POST /v2.0/rbac-policies HTTP/1.1" status: 201 len: 523 time: 0.4467072
2026-07-09 18:35:31.079 10 INFO neutron.wsgi [req-b46070da-e6b2-488c-b088-b20d5efbc144 req-3b7079bc-4ea8-4ff7-aef1-5676ddf1d58d 0195fe04e18d436a8201f24675f570a4 fa0d32ee8bd9438985b988ac495b2e68 - - 13789dce34f849f19410c11ea0757838 13789dce34f849f19410c11ea0757838] 199.19.213.176 "GET /v2.0/ports?tenant_id=1c5afe3518244f8f962407f7df8954ce&device_id=82f9db15-c4ca-4d09-81d9-09e2333ce5f7 HTTP/1.1" status: 200 len: 1638 time: 0.0423393
2026-07-09 18:35:31.153 10 INFO neutron.wsgi [req-b46070da-e6b2-488c-b088-b20d5efbc144 req-7c4c1629-2f6f-47c0-a352-d75e5edf1dc0 0195fe04e18d436a8201f24675f570a4 fa0d32ee8bd9438985b988ac495b2e68 - - 13789dce34f849f19410c11ea0757838 13789dce34f849f19410c11ea0757838] 199.19.213.176 "GET /v2.0/networks?id=58bbc1fb-57f6-4dc7-84c8-619f6178b228 HTTP/1.1" status: 200 len: 1003 time: 0.0663362
2026-07-09 18:35:31.218 10 INFO neutron.wsgi [req-b46070da-e6b2-488c-b088-b20d5efbc144 req-1b3015d7-078b-496c-a114-a73e66bb5038 0195fe04e18d436a8201f24675f570a4 fa0d32ee8bd9438985b988ac495b2e68 - - 13789dce34f849f19410c11ea0757838 13789dce34f849f19410c11ea0757838] 199.19.213.176 "GET /v2.0/floatingips?fixed_ip_address=10.2.2.31&port_id=41f099a5-b877-4b36-ae82-6a9336690e19 HTTP/1.1" status: 200 len: 1058 time: 0.0571067
2026-07-09 18:35:31.245 10 INFO neutron.wsgi [req-b46070da-e6b2-488c-b088-b20d5efbc144 req-21668dc2-c65f-4692-956e-572885bae343 0195fe04e18d436a8201f24675f570a4 fa0d32ee8bd9438985b988ac495b2e68 - - 13789dce34f849f19410c11ea0757838 13789dce34f849f19410c11ea0757838] 199.19.213.176 "GET /v2.0/floatingips?fixed_ip_address=fd77%3A1457%3A4cf0%3A26a8%3A%3A147&port_id=41f099a5-b877-4b36-ae82-6a9336690e19 HTTP/1.1" status: 200 len: 217 time: 0.0202122
2026-07-09 18:35:31.291 10 INFO neutron.wsgi [req-b46070da-e6b2-488c-b088-b20d5efbc144 req-7ac79f21-5cdd-4407-aaac-af64bfe2ab3b 0195fe04e18d436a8201f24675f570a4 fa0d32ee8bd9438985b988ac495b2e68 - - 13789dce34f849f19410c11ea0757838 13789dce34f849f19410c11ea0757838] 199.19.213.176 "GET /v2.0/subnets?id=f6e1861d-a7d9-4db5-8648-48e2886d6947&id=4e27c8d8-da05-4515-a1e9-489559013a36 HTTP/1.1" status: 200 len: 1565 time: 0.0392292
2026-07-09 18:35:31.319 10 INFO neutron.wsgi [req-b46070da-e6b2-488c-b088-b20d5efbc144 req-58f27936-e247-4f62-90fc-feb86838000a 0195fe04e18d436a8201f24675f570a4 fa0d32ee8bd9438985b988ac495b2e68 - - 13789dce34f849f19410c11ea0757838 13789dce34f849f19410c11ea0757838] 199.19.213.176 "GET /v2.0/ports?network_id=58bbc1fb-57f6-4dc7-84c8-619f6178b228&device_owner=network%3Adhcp HTTP/1.1" status: 200 len: 210 time: 0.0230021
2026-07-09 18:35:31.351 10 INFO neutron.wsgi [req-b46070da-e6b2-488c-b088-b20d5efbc144 req-4845ca7f-70c9-4d70-88f4-ef6a4b985e01 0195fe04e18d436a8201f24675f570a4 fa0d32ee8bd9438985b988ac495b2e68 - - 13789dce34f849f19410c11ea0757838 13789dce34f849f19410c11ea0757838] 199.19.213.176 "GET /v2.0/ports?network_id=58bbc1fb-57f6-4dc7-84c8-619f6178b228&device_owner=network%3Adhcp HTTP/1.1" status: 200 len: 210 time: 0.0276558
2026-07-09 18:35:31.436 10 INFO neutron.wsgi [req-b46070da-e6b2-488c-b088-b20d5efbc144 req-3681a2e8-88ab-4fb2-a8c5-9cdae7d9dfc4 0195fe04e18d436a8201f24675f570a4 fa0d32ee8bd9438985b988ac495b2e68 - - 13789dce34f849f19410c11ea0757838 13789dce34f849f19410c11ea0757838] 199.19.213.176 "GET /v2.0/networks/58bbc1fb-57f6-4dc7-84c8-619f6178b228?fields=segments HTTP/1.1" status: 200 len: 212 time: 0.0799189
2026-07-09 18:35:31.515 10 INFO neutron.wsgi [req-b46070da-e6b2-488c-b088-b20d5efbc144 req-26ec15a9-ae7f-4fb2-900a-f1618e499a84 0195fe04e18d436a8201f24675f570a4 fa0d32ee8bd9438985b988ac495b2e68 - - 13789dce34f849f19410c11ea0757838 13789dce34f849f19410c11ea0757838] 199.19.213.176 "GET /v2.0/networks/58bbc1fb-57f6-4dc7-84c8-619f6178b228?fields=provider%3Aphysical_network&fields=provider%3Anetwork_type HTTP/1.1" status: 200 len: 277 time: 0.0750351 /var/lib/openstack/lib/python3.10/site-packages/pycadf/identifier.py:71: UserWarning: Invalid uuid: neutron. To ensure interoperability, identifiers should be a valid uuid. warnings.warn(('Invalid uuid: %s. To ensure interoperability, '
2026-07-09 18:35:31.626 9 INFO neutron.wsgi [None req-f88c33c9-a7fa-4822-8cdd-1c2c708e02a4 d977affc2f61475592aff496f6ebc0ff 05eb8133bcd642169fbde760b460d962 - - default default] 10.0.0.184 "GET /v2.0/networks/f283a2dd-1cd7-413f-b563-aa314dd01d87 HTTP/1.1" status: 200 len: 849 time: 0.1594005
2026-07-09 18:35:32.086 10 INFO neutron.pecan_wsgi.hooks.translation [None req-bb928eb1-92d5-444d-abd0-2971e917675e 806cb0830a904465b662f0f052f409ff 18b49a612f1f456a9255bfad02cdd518 - - default default] GET failed (client error): The resource could not be found.
2026-07-09 18:35:32.087 10 INFO neutron.wsgi [None req-bb928eb1-92d5-444d-abd0-2971e917675e 806cb0830a904465b662f0f052f409ff 18b49a612f1f456a9255bfad02cdd518 - - default default] 10.0.0.184 "GET /v2.0/networks/f283a2dd-1cd7-413f-b563-aa314dd01d87 HTTP/1.1" status: 404 len: 339 time: 0.0642555
2026-07-09 18:35:32.126 9 INFO neutron.wsgi [-] 10.0.0.106 "GET / HTTP/1.1" status: 200 len: 247 time: 0.0018377
2026-07-09 18:35:32.129 9 INFO neutron.wsgi [-] 10.0.0.106 "GET / HTTP/1.1" status: 200 len: 247 time: 0.0020506
2026-07-09 18:35:32.725 10 INFO neutron.services.segments.plugin [-] Segment cc845f30-5ae4-43e6-93f1-9ce95eb8d8a3 resource provider aggregate not found
2026-07-09 18:35:32.732 10 INFO neutron.services.segments.plugin [-] Segment cc845f30-5ae4-43e6-93f1-9ce95eb8d8a3 resource provider aggregate not found
2026-07-09 18:35:32.749 10 INFO neutron.services.segments.plugin [-] Segment cc845f30-5ae4-43e6-93f1-9ce95eb8d8a3 resource provider not found; error: Placement Client Error (4xx): {"errors": [{"status": 404, "title": "Not Found", "detail": "The resource could not be found.\n\n No resource provider with uuid cc845f30-5ae4-43e6-93f1-9ce95eb8d8a3 found for delete ", "request_id": "req-93cba892-c795-48ed-836d-90bca76fcd68"}]}
2026-07-09 18:35:32.763 10 INFO neutron.services.segments.plugin [-] Segment cc845f30-5ae4-43e6-93f1-9ce95eb8d8a3 resource provider not found; error: Placement Client Error (4xx): {"errors": [{"status": 404, "title": "Not Found", "detail": "The resource could not be found.\n\n No resource provider with uuid cc845f30-5ae4-43e6-93f1-9ce95eb8d8a3 found for delete ", "request_id": "req-d7f10bb6-4a06-4f20-b2d7-dbb77b51e5bf"}]}
2026-07-09 18:35:32.773 10 INFO neutron.wsgi [None req-61ec4735-f1c2-4fd1-8938-222a7799ce93 3d57ca2a88994785bf1eacb0877e249f 00291ddbedfc41abb61139478914474f - - default default] 10.0.0.184 "DELETE /v2.0/networks/f283a2dd-1cd7-413f-b563-aa314dd01d87 HTTP/1.1" status: 204 len: 168 time: 0.6815710
2026-07-09 18:35:32.797 10 INFO neutron.pecan_wsgi.hooks.translation [None req-fd2c3fe3-0f43-4365-a066-412a5df26f2d 3d57ca2a88994785bf1eacb0877e249f 00291ddbedfc41abb61139478914474f - - default default] DELETE failed (client error): The resource could not be found.
2026-07-09 18:35:32.800 10 INFO neutron.wsgi [None req-fd2c3fe3-0f43-4365-a066-412a5df26f2d 3d57ca2a88994785bf1eacb0877e249f 00291ddbedfc41abb61139478914474f - - default default] 10.0.0.184 "DELETE /v2.0/subnets/fb72c5f9-0b90-4e82-b615-46edd52fe695 HTTP/1.1" status: 404 len: 337 time: 0.0192213
2026-07-09 18:35:32.832 9 INFO neutron.pecan_wsgi.hooks.translation [None req-b09d7872-a177-4633-a306-bfcbd45cf839 3d57ca2a88994785bf1eacb0877e249f 00291ddbedfc41abb61139478914474f - - default default] DELETE failed (client error): The resource could not be found.
2026-07-09 18:35:32.836 9 INFO neutron.wsgi [None req-b09d7872-a177-4633-a306-bfcbd45cf839 3d57ca2a88994785bf1eacb0877e249f 00291ddbedfc41abb61139478914474f - - default default] 10.0.0.184 "DELETE /v2.0/subnets/d9e5787d-62cc-4fa5-9247-e909ddfa29e7 HTTP/1.1" status: 404 len: 337 time: 0.0247414
2026-07-09 18:35:32.862 10 INFO neutron.pecan_wsgi.hooks.translation [None req-fea982e5-a935-459d-b423-8b20df1d3680 3d57ca2a88994785bf1eacb0877e249f 00291ddbedfc41abb61139478914474f - - default default] DELETE failed (client error): The resource could not be found.
2026-07-09 18:35:32.865 10 INFO neutron.wsgi [None req-fea982e5-a935-459d-b423-8b20df1d3680 3d57ca2a88994785bf1eacb0877e249f 00291ddbedfc41abb61139478914474f - - default default] 10.0.0.184 "DELETE /v2.0/subnets/f28e9705-506d-47ee-a2e8-a8af6a920e89 HTTP/1.1" status: 404 len: 337 time: 0.0250354
2026-07-09 18:35:34.211 9 INFO neutron.db.ovn_revision_numbers_db [None req-57020001-d01c-4e27-8cb8-02aaa9d57b95 ac90d534b5c74098ac31f7b59855f72a cc2d520eb47f4706baf4f8a076454c0f - - default default] Successfully bumped revision number for resource e7aa68cf-ddf7-406f-be57-313062b4d4cd (type: security_groups) to 1
2026-07-09 18:35:34.229 9 INFO neutron.db.ovn_revision_numbers_db [None req-57020001-d01c-4e27-8cb8-02aaa9d57b95 ac90d534b5c74098ac31f7b59855f72a cc2d520eb47f4706baf4f8a076454c0f - - default default] Successfully bumped revision number for resource 7c59231f-0dce-4b85-b5e6-11956fc535bd (type: security_group_rules) to 0
2026-07-09 18:35:34.248 9 INFO neutron.db.ovn_revision_numbers_db [None req-57020001-d01c-4e27-8cb8-02aaa9d57b95 ac90d534b5c74098ac31f7b59855f72a cc2d520eb47f4706baf4f8a076454c0f - - default default] Successfully bumped revision number for resource 9d410a1a-6a42-4275-9ad8-0431ae3a9a90 (type: security_group_rules) to 0
2026-07-09 18:35:34.275 9 INFO neutron.db.ovn_revision_numbers_db [None req-57020001-d01c-4e27-8cb8-02aaa9d57b95 ac90d534b5c74098ac31f7b59855f72a cc2d520eb47f4706baf4f8a076454c0f - - default default] Successfully bumped revision number for resource a220be65-5865-42c4-a7ee-88b3789e57c8 (type: security_group_rules) to 0
2026-07-09 18:35:34.289 9 INFO neutron.db.ovn_revision_numbers_db [None req-57020001-d01c-4e27-8cb8-02aaa9d57b95 ac90d534b5c74098ac31f7b59855f72a cc2d520eb47f4706baf4f8a076454c0f - - default default] Successfully bumped revision number for resource a36778d0-fd00-4c5e-9769-c8f24d6e6708 (type: security_group_rules) to 0
2026-07-09 18:35:34.323 9 INFO neutron.wsgi [None req-57020001-d01c-4e27-8cb8-02aaa9d57b95 ac90d534b5c74098ac31f7b59855f72a cc2d520eb47f4706baf4f8a076454c0f - - default default] 10.0.0.184 "GET /v2.0/security-groups?tenant_id=05eb8133bcd642169fbde760b460d962&name=default HTTP/1.1" status: 200 len: 2996 time: 0.2649722
2026-07-09 18:35:34.407 10 INFO neutron.wsgi [req-abee6253-5e2a-43a8-8cc2-9755e3e5011c req-a0ccb342-a8ff-4683-af55-d5009e155967 0195fe04e18d436a8201f24675f570a4 fa0d32ee8bd9438985b988ac495b2e68 - - 13789dce34f849f19410c11ea0757838 13789dce34f849f19410c11ea0757838] 10.0.0.240 "GET /v2.0/ports?device_id=47ad9825-69f3-4c8d-a00f-77a5c181881f HTTP/1.1" status: 200 len: 1634 time: 0.1384318
2026-07-09 18:35:34.472 10 INFO neutron.wsgi [req-abee6253-5e2a-43a8-8cc2-9755e3e5011c req-e8883e1c-0c80-445f-b48f-52161fa7ddaf 0195fe04e18d436a8201f24675f570a4 fa0d32ee8bd9438985b988ac495b2e68 - - 13789dce34f849f19410c11ea0757838 13789dce34f849f19410c11ea0757838] 10.0.0.240 "GET /v2.0/security-groups?id=5ef8ba2e-495d-4433-b877-f4a4dcc62176&fields=id&fields=name HTTP/1.1" status: 200 len: 311 time: 0.0575693
2026-07-09 18:35:34.532 9 INFO neutron.wsgi [None req-78aff86c-8266-4054-bb3f-dbb4d4a0e7f0 ac90d534b5c74098ac31f7b59855f72a cc2d520eb47f4706baf4f8a076454c0f - - default default] 10.0.0.184 "DELETE /v2.0/security-groups/e7aa68cf-ddf7-406f-be57-313062b4d4cd HTTP/1.1" status: 204 len: 168 time: 0.2040377
2026-07-09 18:35:34.692 10 INFO neutron.wsgi [None req-6a03708d-c698-4cae-a7e8-4ba2f102e7e2 ac90d534b5c74098ac31f7b59855f72a cc2d520eb47f4706baf4f8a076454c0f - - default default] 10.0.0.184 "GET /v2.0/security-groups?tenant_id=00291ddbedfc41abb61139478914474f&name=default HTTP/1.1" status: 200 len: 2996 time: 0.0345402
2026-07-09 18:35:34.965 9 INFO neutron.wsgi [None req-c96b0073-1cad-4548-bc7a-4865e670d18d ac90d534b5c74098ac31f7b59855f72a cc2d520eb47f4706baf4f8a076454c0f - - default default] 10.0.0.184 "DELETE /v2.0/security-groups/ad078e75-d50a-4026-9447-18587186a310 HTTP/1.1" status: 204 len: 168 time: 0.2670159
2026-07-09 18:35:35.284 10 INFO neutron.db.ovn_revision_numbers_db [None req-9134d6d0-3c25-4711-91e9-144318f4ddb6 ac90d534b5c74098ac31f7b59855f72a cc2d520eb47f4706baf4f8a076454c0f - - default default] Successfully bumped revision number for resource c36d1142-59bf-4391-8515-5e08a7f5c8fa (type: security_groups) to 1
2026-07-09 18:35:35.299 10 INFO neutron.db.ovn_revision_numbers_db [None req-9134d6d0-3c25-4711-91e9-144318f4ddb6 ac90d534b5c74098ac31f7b59855f72a cc2d520eb47f4706baf4f8a076454c0f - - default default] Successfully bumped revision number for resource 1105d2c0-8d71-4361-8be7-2b057438fb19 (type: security_group_rules) to 0
2026-07-09 18:35:35.321 10 INFO neutron.db.ovn_revision_numbers_db [None req-9134d6d0-3c25-4711-91e9-144318f4ddb6 ac90d534b5c74098ac31f7b59855f72a cc2d520eb47f4706baf4f8a076454c0f - - default default] Successfully bumped revision number for resource 3fe5d35a-b8c7-47f1-8731-80ff792c3369 (type: security_group_rules) to 0
2026-07-09 18:35:35.349 10 INFO neutron.db.ovn_revision_numbers_db [None req-9134d6d0-3c25-4711-91e9-144318f4ddb6 ac90d534b5c74098ac31f7b59855f72a cc2d520eb47f4706baf4f8a076454c0f - - default default] Successfully bumped revision number for resource 82ae3479-b087-4a24-b86e-2b00604c6dc9 (type: security_group_rules) to 0
2026-07-09 18:35:35.377 10 INFO neutron.db.ovn_revision_numbers_db [None req-9134d6d0-3c25-4711-91e9-144318f4ddb6 ac90d534b5c74098ac31f7b59855f72a cc2d520eb47f4706baf4f8a076454c0f - - default default] Successfully bumped revision number for resource c9c144f3-1918-4cb2-8fae-53533c698ce0 (type: security_group_rules) to 0
2026-07-09 18:35:35.405 10 INFO neutron.wsgi [None req-9134d6d0-3c25-4711-91e9-144318f4ddb6 ac90d534b5c74098ac31f7b59855f72a cc2d520eb47f4706baf4f8a076454c0f - - default default] 10.0.0.184 "GET /v2.0/security-groups?tenant_id=18b49a612f1f456a9255bfad02cdd518&name=default HTTP/1.1" status: 200 len: 2996 time: 0.2545176
2026-07-09 18:35:35.644 10 INFO neutron.wsgi [None req-1af7ecff-433c-466a-bd39-f26bc8840dc2 ac90d534b5c74098ac31f7b59855f72a cc2d520eb47f4706baf4f8a076454c0f - - default default] 10.0.0.184 "DELETE /v2.0/security-groups/c36d1142-59bf-4391-8515-5e08a7f5c8fa HTTP/1.1" status: 204 len: 168 time: 0.2342753
2026-07-09 18:35:38.268 10 INFO neutron.wsgi [req-9f2033cf-b051-41a7-a39a-0716d380424c req-118d5159-1033-4dd3-abec-9238edf3e27f 0195fe04e18d436a8201f24675f570a4 fa0d32ee8bd9438985b988ac495b2e68 - - 13789dce34f849f19410c11ea0757838 13789dce34f849f19410c11ea0757838] 10.0.0.240 "GET /v2.0/ports?device_id=82f9db15-c4ca-4d09-81d9-09e2333ce5f7 HTTP/1.1" status: 200 len: 1638 time: 0.0359242
2026-07-09 18:35:38.324 10 INFO neutron.wsgi [req-9f2033cf-b051-41a7-a39a-0716d380424c req-b019e253-c780-4000-b841-dd0e6d6dcb76 0195fe04e18d436a8201f24675f570a4 fa0d32ee8bd9438985b988ac495b2e68 - - 13789dce34f849f19410c11ea0757838 13789dce34f849f19410c11ea0757838] 10.0.0.240 "GET /v2.0/security-groups?id=5ef8ba2e-495d-4433-b877-f4a4dcc62176&fields=id&fields=name HTTP/1.1" status: 200 len: 311 time: 0.0474241
2026-07-09 18:35:40.652 10 INFO neutron.wsgi [None req-58f3e5e6-7356-4767-9939-0d4cb3589280 ac90d534b5c74098ac31f7b59855f72a cc2d520eb47f4706baf4f8a076454c0f - - default default] 10.0.0.16 "GET /v2.0/network-ip-availabilities HTTP/1.1" status: 200 len: 3362 time: 0.0871618
2026-07-09 18:35:40.733 10 INFO neutron.wsgi [None req-647469b0-cc18-47e8-a85e-56843965441d ac90d534b5c74098ac31f7b59855f72a cc2d520eb47f4706baf4f8a076454c0f - - default default] 10.0.0.16 "GET /v2.0/ports HTTP/1.1" status: 200 len: 17579 time: 0.0783010
2026-07-09 18:35:40.789 10 INFO neutron.wsgi [None req-f6b403c4-2efc-44f2-9433-d94772514e6a ac90d534b5c74098ac31f7b59855f72a cc2d520eb47f4706baf4f8a076454c0f - - default default] 10.0.0.16 "GET /v2.0/agents HTTP/1.1" status: 200 len: 997 time: 0.0409369
2026-07-09 18:35:41.278 10 INFO neutron.wsgi [None req-e5e2d539-e108-4806-a3f9-1d63a27bf2ea ac90d534b5c74098ac31f7b59855f72a cc2d520eb47f4706baf4f8a076454c0f - - default default] 10.0.0.16 "GET /v2.0/networks HTTP/1.1" status: 200 len: 4722 time: 0.4803443
2026-07-09 18:35:41.339 10 WARNING neutron.scheduler.dhcp_agent_scheduler [None req-fa587bdc-bfa1-4bad-8ae8-fc0746f61bee 8c1bc5ef4d0e4be3aac1337ade407334 edbf52d297214f3a80ed7b875b270901 - - default default] No more DHCP agents
2026-07-09 18:35:41.346 10 WARNING neutron.api.rpc.agentnotifiers.dhcp_rpc_agent_api [None req-fa587bdc-bfa1-4bad-8ae8-fc0746f61bee 8c1bc5ef4d0e4be3aac1337ade407334 edbf52d297214f3a80ed7b875b270901 - - default default] Unable to schedule network ace9516a-9936-439f-bbef-3afcaba1e40f: no agents available; will retry on subsequent port and subnet creation events.
2026-07-09 18:35:41.352 10 INFO neutron.wsgi [None req-941d1160-0b8c-4fa1-b6e0-cb8df32e1e30 ac90d534b5c74098ac31f7b59855f72a cc2d520eb47f4706baf4f8a076454c0f - - default default] 10.0.0.16 "GET /v2.0/subnets HTTP/1.1" status: 200 len: 5494 time: 0.0702848
2026-07-09 18:35:41.394 10 INFO neutron.wsgi [None req-af1025be-82fd-44a4-a58f-c35d85f297ad ac90d534b5c74098ac31f7b59855f72a cc2d520eb47f4706baf4f8a076454c0f - - default default] 10.0.0.16 "GET /v2.0/subnets HTTP/1.1" status: 200 len: 5494 time: 0.0391111
2026-07-09 18:35:41.415 10 INFO neutron.wsgi [None req-7437dbf7-527e-437e-8857-e3c9eda3f758 ac90d534b5c74098ac31f7b59855f72a cc2d520eb47f4706baf4f8a076454c0f - - default default] 10.0.0.16 "GET /v2.0/subnetpools HTTP/1.1" status: 200 len: 193 time: 0.0121241
2026-07-09 18:35:41.553 10 INFO neutron.wsgi [None req-3f6d1beb-2589-4448-81f8-3ea4010189da ac90d534b5c74098ac31f7b59855f72a cc2d520eb47f4706baf4f8a076454c0f - - default default] 10.0.0.16 "GET /v2.0/routers HTTP/1.1" status: 200 len: 849 time: 0.1360805
2026-07-09 18:35:41.574 10 INFO neutron.wsgi [None req-2f7cf404-c72f-4085-9347-21ba6c693861 ac90d534b5c74098ac31f7b59855f72a cc2d520eb47f4706baf4f8a076454c0f - - default default] 10.0.0.16 "GET /v2.0/agents?binary=ovn-controller HTTP/1.1" status: 200 len: 591 time: 0.0201235
2026-07-09 18:35:41.646 10 INFO neutron.wsgi [None req-ad77a75a-bb80-406d-8fb3-d7d63600253f ac90d534b5c74098ac31f7b59855f72a cc2d520eb47f4706baf4f8a076454c0f - - default default] 10.0.0.16 "GET /v2.0/floatingips HTTP/1.1" status: 200 len: 2416 time: 0.0703757
2026-07-09 18:35:41.731 10 INFO neutron.wsgi [None req-14be8e07-5a00-4534-a1a0-4c5c7b106e14 ac90d534b5c74098ac31f7b59855f72a cc2d520eb47f4706baf4f8a076454c0f - - default default] 10.0.0.16 "GET /v2.0/security-groups HTTP/1.1" status: 200 len: 27515 time: 0.0840578
2026-07-09 18:35:41.888 10 INFO neutron.db.ovn_revision_numbers_db [None req-fa587bdc-bfa1-4bad-8ae8-fc0746f61bee 8c1bc5ef4d0e4be3aac1337ade407334 edbf52d297214f3a80ed7b875b270901 - - default default] Successfully bumped revision number for resource a627c589-a0a4-4a6f-82d1-0eb81ceb54c9 (type: floatingips) to 0
2026-07-09 18:35:41.915 10 INFO neutron.wsgi [None req-fa587bdc-bfa1-4bad-8ae8-fc0746f61bee 8c1bc5ef4d0e4be3aac1337ade407334 edbf52d297214f3a80ed7b875b270901 - - default default] 10.0.0.184 "POST /v2.0/floatingips HTTP/1.1" status: 201 len: 751 time: 1.5549200
2026-07-09 18:35:42.208 10 WARNING neutron.scheduler.dhcp_agent_scheduler [None req-9bbd1511-0851-40fd-82ec-6674b78d6ebb 8c1bc5ef4d0e4be3aac1337ade407334 edbf52d297214f3a80ed7b875b270901 - - default default] No more DHCP agents
2026-07-09 18:35:42.210 10 WARNING neutron.api.rpc.agentnotifiers.dhcp_rpc_agent_api [None req-9bbd1511-0851-40fd-82ec-6674b78d6ebb 8c1bc5ef4d0e4be3aac1337ade407334 edbf52d297214f3a80ed7b875b270901 - - default default] Unable to schedule network ace9516a-9936-439f-bbef-3afcaba1e40f: no agents available; will retry on subsequent port and subnet creation events.
2026-07-09 18:35:42.576 9 INFO neutron.wsgi [None req-4338ce27-39f8-4f86-86cc-71e3372efa62 c8480ce6f1e44584abeae3f5bdc35d20 64429454b8b84bfc966417f22ec3bf41 - - default default] 10.0.0.184 "GET /v2.0/subnets/fdbe2c7c-7b4f-4e43-839b-4d7afea51666 HTTP/1.1" status: 200 len: 845 time: 0.0317750
2026-07-09 18:35:42.583 10 INFO neutron.db.ovn_revision_numbers_db [None req-9bbd1511-0851-40fd-82ec-6674b78d6ebb 8c1bc5ef4d0e4be3aac1337ade407334 edbf52d297214f3a80ed7b875b270901 - - default default] Successfully bumped revision number for resource 70b797eb-aa9b-41d2-8c06-fd1895b13a8c (type: floatingips) to 0
2026-07-09 18:35:42.602 10 INFO neutron.wsgi [None req-9bbd1511-0851-40fd-82ec-6674b78d6ebb 8c1bc5ef4d0e4be3aac1337ade407334 edbf52d297214f3a80ed7b875b270901 - - default default] 10.0.0.184 "POST /v2.0/floatingips HTTP/1.1" status: 201 len: 751 time: 0.6808600
2026-07-09 18:35:42.914 10 WARNING neutron.scheduler.dhcp_agent_scheduler [None req-f6067919-d970-4486-abc8-dcb8bde581d1 8c1bc5ef4d0e4be3aac1337ade407334 edbf52d297214f3a80ed7b875b270901 - - default default] No more DHCP agents
2026-07-09 18:35:42.915 10 WARNING neutron.api.rpc.agentnotifiers.dhcp_rpc_agent_api [None req-f6067919-d970-4486-abc8-dcb8bde581d1 8c1bc5ef4d0e4be3aac1337ade407334 edbf52d297214f3a80ed7b875b270901 - - default default] Unable to schedule network ace9516a-9936-439f-bbef-3afcaba1e40f: no agents available; will retry on subsequent port and subnet creation events.
2026-07-09 18:35:43.125 9 INFO neutron.wsgi [None req-822cfcde-0f3c-441f-b19f-8a5762478a02 ac90d534b5c74098ac31f7b59855f72a cc2d520eb47f4706baf4f8a076454c0f - - default default] 10.0.0.46 "GET /v2.0/extensions/security-group HTTP/1.1" status: 200 len: 369 time: 0.0590065
2026-07-09 18:35:43.133 9 INFO neutron.wsgi [None req-c50b9965-607a-4e8b-be2e-03fcc5dd8184 ac90d534b5c74098ac31f7b59855f72a cc2d520eb47f4706baf4f8a076454c0f - - default default] 10.0.0.46 "GET /v2.0/extensions/dns-integration HTTP/1.1" status: 200 len: 371 time: 0.0036852
2026-07-09 18:35:43.144 9 INFO neutron.wsgi [None req-3e2662e7-442b-4a11-95ac-f20b20ada0af ac90d534b5c74098ac31f7b59855f72a cc2d520eb47f4706baf4f8a076454c0f - - default default] 10.0.0.46 "GET /v2.0/extensions/qos HTTP/1.1" status: 200 len: 365 time: 0.0044141
2026-07-09 18:35:43.157 9 INFO neutron.wsgi [None req-22a9e64b-29eb-4ce8-a207-94e346df4d58 ac90d534b5c74098ac31f7b59855f72a cc2d520eb47f4706baf4f8a076454c0f - - default default] 10.0.0.46 "GET /v2.0/extensions/allowed-address-pairs HTTP/1.1" status: 200 len: 383 time: 0.0052841
2026-07-09 18:35:43.284 10 INFO neutron.db.ovn_revision_numbers_db [None req-f6067919-d970-4486-abc8-dcb8bde581d1 8c1bc5ef4d0e4be3aac1337ade407334 edbf52d297214f3a80ed7b875b270901 - - default default] Successfully bumped revision number for resource c2ccf49d-5dbd-44b3-912f-b9907dd815e0 (type: floatingips) to 0
2026-07-09 18:35:43.297 10 INFO neutron.wsgi [None req-f6067919-d970-4486-abc8-dcb8bde581d1 8c1bc5ef4d0e4be3aac1337ade407334 edbf52d297214f3a80ed7b875b270901 - - default default] 10.0.0.184 "POST /v2.0/floatingips HTTP/1.1" status: 201 len: 751 time: 0.6912847
2026-07-09 18:35:43.622 10 WARNING neutron.scheduler.dhcp_agent_scheduler [None req-5cc577da-8ab7-4176-9240-e0c54ce5d886 8c1bc5ef4d0e4be3aac1337ade407334 edbf52d297214f3a80ed7b875b270901 - - default default] No more DHCP agents
2026-07-09 18:35:43.627 10 WARNING neutron.api.rpc.agentnotifiers.dhcp_rpc_agent_api [None req-5cc577da-8ab7-4176-9240-e0c54ce5d886 8c1bc5ef4d0e4be3aac1337ade407334 edbf52d297214f3a80ed7b875b270901 - - default default] Unable to schedule network ace9516a-9936-439f-bbef-3afcaba1e40f: no agents available; will retry on subsequent port and subnet creation events.
2026-07-09 18:35:43.690 9 INFO neutron.wsgi [-] 10.0.0.46 "GET / HTTP/1.1" status: 200 len: 284 time: 0.0017502
2026-07-09 18:35:43.733 9 INFO neutron.wsgi [None req-bef11706-a300-4826-9d50-b0851a6b0dfc 8e6371455f704eb58424e23810ceadb9 1c5afe3518244f8f962407f7df8954ce - - default default] 10.0.0.46 "GET /v2.0/subnets/fdbe2c7c-7b4f-4e43-839b-4d7afea51666 HTTP/1.1" status: 200 len: 832 time: 0.0340171
2026-07-09 18:35:43.745 9 INFO neutron.wsgi [None req-a46c50b9-b005-46cf-aa12-acbff8b4ae90 ac90d534b5c74098ac31f7b59855f72a cc2d520eb47f4706baf4f8a076454c0f - - default default] 10.0.0.46 "GET /v2.0/extensions/security-group HTTP/1.1" status: 200 len: 369 time: 0.0049937
2026-07-09 18:35:43.756 9 INFO neutron.wsgi [None req-fdeade80-5f2c-42ca-a8ba-58ef88ac6519 ac90d534b5c74098ac31f7b59855f72a cc2d520eb47f4706baf4f8a076454c0f - - default default] 10.0.0.46 "GET /v2.0/extensions/dns-integration HTTP/1.1" status: 200 len: 371 time: 0.0047262
2026-07-09 18:35:43.765 9 INFO neutron.wsgi [None req-a54aec63-b813-4c36-b703-48425f28ca59 ac90d534b5c74098ac31f7b59855f72a cc2d520eb47f4706baf4f8a076454c0f - - default default] 10.0.0.46 "GET /v2.0/extensions/qos HTTP/1.1" status: 200 len: 365 time: 0.0046980
2026-07-09 18:35:43.776 9 INFO neutron.wsgi [None req-6c944a59-3923-4857-bbeb-489a25c85fa5 ac90d534b5c74098ac31f7b59855f72a cc2d520eb47f4706baf4f8a076454c0f - - default default] 10.0.0.46 "GET /v2.0/extensions/allowed-address-pairs HTTP/1.1" status: 200 len: 383 time: 0.0053670
2026-07-09 18:35:43.822 9 INFO neutron.wsgi [None req-c2c31073-cb15-496c-b562-263e5177893a ac90d534b5c74098ac31f7b59855f72a cc2d520eb47f4706baf4f8a076454c0f - - default default] 10.0.0.46 "GET /v2.0/subnets/fdbe2c7c-7b4f-4e43-839b-4d7afea51666 HTTP/1.1" status: 200 len: 850 time: 0.0377824
2026-07-09 18:35:43.951 10 INFO neutron.db.ovn_revision_numbers_db [None req-5cc577da-8ab7-4176-9240-e0c54ce5d886 8c1bc5ef4d0e4be3aac1337ade407334 edbf52d297214f3a80ed7b875b270901 - - default default] Successfully bumped revision number for resource 7011199d-e6f0-40b0-ae10-e5f3c8bfbc75 (type: floatingips) to 0
2026-07-09 18:35:43.970 10 INFO neutron.wsgi [None req-5cc577da-8ab7-4176-9240-e0c54ce5d886 8c1bc5ef4d0e4be3aac1337ade407334 edbf52d297214f3a80ed7b875b270901 - - default default] 10.0.0.184 "POST /v2.0/floatingips HTTP/1.1" status: 201 len: 751 time: 0.6668448
2026-07-09 18:35:44.101 9 INFO neutron.wsgi [None req-9f1ad662-e29e-4ae5-9a43-4cba34fd5f83 ac90d534b5c74098ac31f7b59855f72a cc2d520eb47f4706baf4f8a076454c0f - - default default] 10.0.0.46 "GET /v2.0/extensions/security-group HTTP/1.1" status: 200 len: 369 time: 0.0068440
