2026-07-09 18:21:19.227 9 WARNING neutron.api.rpc.agentnotifiers.dhcp_rpc_agent_api [None req-966a23f6-13a8-4219-a3c4-a04cdcb927f1 5135352b2758448287797c038b6e3179 1769013de8df4e2daaee7536df8a3047 - - default default] Unable to schedule network 1b456c4f-12fe-41bf-bc45-6f29619d0d26: no agents available; will retry on subsequent port and subnet creation events.
2026-07-09 18:21:19.242 10 INFO neutron.db.ovn_revision_numbers_db [None req-a3aa334b-7130-495f-9485-ec076034e753 077753f063e8478b87c0d96d27452cce df90cdda63254ebd911e7bff7285a5f7 - - default default] Successfully bumped revision number for resource 4f2e8ff7-a3b8-4c50-910b-23e9fe3649f5 (type: ports) to 1
2026-07-09 18:21:19.270 10 INFO neutron.wsgi [None req-a3aa334b-7130-495f-9485-ec076034e753 077753f063e8478b87c0d96d27452cce df90cdda63254ebd911e7bff7285a5f7 - - default default] 10.0.0.184 "POST /v2.0/ports HTTP/1.1" status: 201 len: 977 time: 0.4155123 /var/lib/openstack/lib/python3.10/site-packages/pycadf/identifier.py:71: UserWarning: Invalid uuid: neutron. To ensure interoperability, identifiers should be a valid uuid. warnings.warn(('Invalid uuid: %s. To ensure interoperability, '
2026-07-09 18:21:19.326 9 INFO neutron.db.ovn_revision_numbers_db [None req-966a23f6-13a8-4219-a3c4-a04cdcb927f1 5135352b2758448287797c038b6e3179 1769013de8df4e2daaee7536df8a3047 - - default default] Successfully bumped revision number for resource 5e16dead-58c4-4880-94b8-0d9e4aa0a641 (type: ports) to 1
2026-07-09 18:21:19.350 9 INFO neutron.wsgi [None req-966a23f6-13a8-4219-a3c4-a04cdcb927f1 5135352b2758448287797c038b6e3179 1769013de8df4e2daaee7536df8a3047 - - default default] 10.0.0.184 "POST /v2.0/networks HTTP/1.1" status: 201 len: 849 time: 0.6562707
2026-07-09 18:21:19.358 10 INFO neutron.db.segments_db [None req-20586a02-1e34-43f8-81c7-c46a38394c17 077753f063e8478b87c0d96d27452cce df90cdda63254ebd911e7bff7285a5f7 - - default default] Added segment ee6d4372-417d-45d1-a514-4900d53ddccd of type geneve for network 4033a434-1868-41ad-bffb-fb2f5f933cff
2026-07-09 18:21:19.483 10 INFO neutron.db.ovn_revision_numbers_db [None req-20586a02-1e34-43f8-81c7-c46a38394c17 077753f063e8478b87c0d96d27452cce df90cdda63254ebd911e7bff7285a5f7 - - default default] Successfully bumped revision number for resource 4033a434-1868-41ad-bffb-fb2f5f933cff (type: networks) to 1
2026-07-09 18:21:19.641 9 INFO neutron.services.segments.plugin [-] Segment cad8204a-3ef8-4df6-9b25-71612f92d1a2 resource provider aggregate not found
2026-07-09 18:21:19.646 9 INFO neutron.services.segments.plugin [-] Segment cad8204a-3ef8-4df6-9b25-71612f92d1a2 resource provider aggregate not found
2026-07-09 18:21:19.660 9 INFO neutron.services.segments.plugin [-] Segment cad8204a-3ef8-4df6-9b25-71612f92d1a2 resource provider not found; error: Placement Client Error (4xx): {"errors": [{"status": 404, "title": "Not Found", "detail": "The resource could not be found.\n\n No resource provider with uuid cad8204a-3ef8-4df6-9b25-71612f92d1a2 found for delete ", "request_id": "req-5edef0fa-cf7a-454f-90de-1aec525174a2"}]}
2026-07-09 18:21:19.675 10 WARNING neutron.scheduler.dhcp_agent_scheduler [None req-20586a02-1e34-43f8-81c7-c46a38394c17 077753f063e8478b87c0d96d27452cce df90cdda63254ebd911e7bff7285a5f7 - - default default] No more DHCP agents
2026-07-09 18:21:19.676 9 INFO neutron.services.segments.plugin [-] Segment cad8204a-3ef8-4df6-9b25-71612f92d1a2 resource provider not found; error: Placement Client Error (4xx): {"errors": [{"status": 404, "title": "Not Found", "detail": "The resource could not be found.\n\n No resource provider with uuid cad8204a-3ef8-4df6-9b25-71612f92d1a2 found for delete ", "request_id": "req-46199445-f6ff-4286-8ed8-351aa8fd6e65"}]}
2026-07-09 18:21:19.678 10 WARNING neutron.api.rpc.agentnotifiers.dhcp_rpc_agent_api [None req-20586a02-1e34-43f8-81c7-c46a38394c17 077753f063e8478b87c0d96d27452cce df90cdda63254ebd911e7bff7285a5f7 - - default default] Unable to schedule network 4033a434-1868-41ad-bffb-fb2f5f933cff: no agents available; will retry on subsequent port and subnet creation events.
2026-07-09 18:21:19.762 10 INFO neutron.db.ovn_revision_numbers_db [None req-20586a02-1e34-43f8-81c7-c46a38394c17 077753f063e8478b87c0d96d27452cce df90cdda63254ebd911e7bff7285a5f7 - - default default] Successfully bumped revision number for resource 945fa5f8-ecc3-48fa-97f3-6dc5518ad480 (type: ports) to 1
2026-07-09 18:21:19.784 10 INFO neutron.wsgi [None req-20586a02-1e34-43f8-81c7-c46a38394c17 077753f063e8478b87c0d96d27452cce df90cdda63254ebd911e7bff7285a5f7 - - default default] 10.0.0.184 "POST /v2.0/networks HTTP/1.1" status: 201 len: 834 time: 0.5055671
2026-07-09 18:21:19.848 9 WARNING neutron.scheduler.dhcp_agent_scheduler [None req-4f22caab-4f24-42c3-8793-c07be6503fc2 5135352b2758448287797c038b6e3179 1769013de8df4e2daaee7536df8a3047 - - default default] No more DHCP agents
2026-07-09 18:21:19.850 9 WARNING neutron.api.rpc.agentnotifiers.dhcp_rpc_agent_api [None req-4f22caab-4f24-42c3-8793-c07be6503fc2 5135352b2758448287797c038b6e3179 1769013de8df4e2daaee7536df8a3047 - - default default] Unable to schedule network eb938724-c6ba-446a-adcf-f90063050bc9: no agents available; will retry on subsequent port and subnet creation events.
2026-07-09 18:21:20.119 10 WARNING neutron.scheduler.dhcp_agent_scheduler [None req-ac1cafdf-ce43-48be-ac60-c8866e57ffe8 077753f063e8478b87c0d96d27452cce df90cdda63254ebd911e7bff7285a5f7 - - default default] No more DHCP agents
2026-07-09 18:21:20.121 10 WARNING neutron.api.rpc.agentnotifiers.dhcp_rpc_agent_api [None req-ac1cafdf-ce43-48be-ac60-c8866e57ffe8 077753f063e8478b87c0d96d27452cce df90cdda63254ebd911e7bff7285a5f7 - - default default] Unable to schedule network 4033a434-1868-41ad-bffb-fb2f5f933cff: no agents available; will retry on subsequent port and subnet creation events.
2026-07-09 18:21:20.161 10 INFO neutron.db.ovn_revision_numbers_db [None req-ac1cafdf-ce43-48be-ac60-c8866e57ffe8 077753f063e8478b87c0d96d27452cce df90cdda63254ebd911e7bff7285a5f7 - - default default] Successfully bumped revision number for resource 310ceb78-62d3-4350-acdd-cb477b9aea9b (type: subnets) to 0
2026-07-09 18:21:20.180 10 INFO neutron.wsgi [None req-ac1cafdf-ce43-48be-ac60-c8866e57ffe8 077753f063e8478b87c0d96d27452cce df90cdda63254ebd911e7bff7285a5f7 - - default default] 10.0.0.184 "POST /v2.0/subnets HTTP/1.1" status: 201 len: 821 time: 0.3903267
2026-07-09 18:21:20.397 9 INFO neutron.db.ovn_revision_numbers_db [None req-4f22caab-4f24-42c3-8793-c07be6503fc2 5135352b2758448287797c038b6e3179 1769013de8df4e2daaee7536df8a3047 - - default default] Successfully bumped revision number for resource f136af3c-2c57-4e03-a34b-1ebe5ccf4299 (type: ports) to 2
2026-07-09 18:21:20.432 9 INFO neutron.db.ovn_revision_numbers_db [None req-4f22caab-4f24-42c3-8793-c07be6503fc2 5135352b2758448287797c038b6e3179 1769013de8df4e2daaee7536df8a3047 - - default default] Successfully bumped revision number for resource f265bf82-1ccd-4cc7-9782-37008575c0b0 (type: subnets) to 0
2026-07-09 18:21:20.456 9 WARNING neutron.scheduler.dhcp_agent_scheduler [None req-4f22caab-4f24-42c3-8793-c07be6503fc2 5135352b2758448287797c038b6e3179 1769013de8df4e2daaee7536df8a3047 - - default default] No more DHCP agents
2026-07-09 18:21:20.459 9 WARNING neutron.api.rpc.agentnotifiers.dhcp_rpc_agent_api [None req-4f22caab-4f24-42c3-8793-c07be6503fc2 5135352b2758448287797c038b6e3179 1769013de8df4e2daaee7536df8a3047 - - default default] Unable to schedule network 1b456c4f-12fe-41bf-bc45-6f29619d0d26: no agents available; will retry on subsequent port and subnet creation events.
2026-07-09 18:21:20.528 10 WARNING neutron.scheduler.dhcp_agent_scheduler [None req-f67b4db1-a494-4309-bb83-66ff7e3086f9 077753f063e8478b87c0d96d27452cce df90cdda63254ebd911e7bff7285a5f7 - - default default] No more DHCP agents
2026-07-09 18:21:20.531 10 WARNING neutron.api.rpc.agentnotifiers.dhcp_rpc_agent_api [None req-f67b4db1-a494-4309-bb83-66ff7e3086f9 077753f063e8478b87c0d96d27452cce df90cdda63254ebd911e7bff7285a5f7 - - default default] Unable to schedule network 4033a434-1868-41ad-bffb-fb2f5f933cff: no agents available; will retry on subsequent port and subnet creation events.
2026-07-09 18:21:20.645 10 INFO neutron.db.ovn_revision_numbers_db [None req-f67b4db1-a494-4309-bb83-66ff7e3086f9 077753f063e8478b87c0d96d27452cce df90cdda63254ebd911e7bff7285a5f7 - - default default] Successfully bumped revision number for resource de6fce80-7816-4e05-9d1f-2ab0d1b7a8b4 (type: ports) to 1
2026-07-09 18:21:20.671 10 INFO neutron.wsgi [None req-f67b4db1-a494-4309-bb83-66ff7e3086f9 077753f063e8478b87c0d96d27452cce df90cdda63254ebd911e7bff7285a5f7 - - default default] 10.0.0.184 "POST /v2.0/ports HTTP/1.1" status: 201 len: 1164 time: 0.4859831 /var/lib/openstack/lib/python3.10/site-packages/pycadf/identifier.py:71: UserWarning: Invalid uuid: neutron. To ensure interoperability, identifiers should be a valid uuid. warnings.warn(('Invalid uuid: %s. To ensure interoperability, '
2026-07-09 18:21:20.951 9 INFO neutron.db.ovn_revision_numbers_db [None req-4f22caab-4f24-42c3-8793-c07be6503fc2 5135352b2758448287797c038b6e3179 1769013de8df4e2daaee7536df8a3047 - - default default] Successfully bumped revision number for resource 5e16dead-58c4-4880-94b8-0d9e4aa0a641 (type: ports) to 2
2026-07-09 18:21:21.003 9 INFO neutron.db.ovn_revision_numbers_db [None req-4f22caab-4f24-42c3-8793-c07be6503fc2 5135352b2758448287797c038b6e3179 1769013de8df4e2daaee7536df8a3047 - - default default] Successfully bumped revision number for resource 3dadf9ae-443b-4b96-a87d-424e6c83fd29 (type: subnets) to 0
2026-07-09 18:21:21.022 9 INFO neutron.wsgi [None req-4f22caab-4f24-42c3-8793-c07be6503fc2 5135352b2758448287797c038b6e3179 1769013de8df4e2daaee7536df8a3047 - - default default] 10.0.0.184 "POST /v2.0/subnets HTTP/1.1" status: 201 len: 1426 time: 1.6388574
2026-07-09 18:21:21.060 10 INFO neutron.wsgi [None req-8cc7d797-8e92-4b70-a653-e4eb1819152a 077753f063e8478b87c0d96d27452cce df90cdda63254ebd911e7bff7285a5f7 - - default default] 10.0.0.184 "DELETE /v2.0/ports/de6fce80-7816-4e05-9d1f-2ab0d1b7a8b4 HTTP/1.1" status: 204 len: 168 time: 0.3818274
2026-07-09 18:21:21.079 9 INFO neutron.wsgi [None req-9ccdf7f0-ad6c-453e-8fb9-784e228f4779 5135352b2758448287797c038b6e3179 1769013de8df4e2daaee7536df8a3047 - - default default] 10.0.0.184 "GET /v2.0/subnets HTTP/1.1" status: 200 len: 2034 time: 0.0521846
2026-07-09 18:21:21.103 10 INFO neutron.pecan_wsgi.hooks.translation [None req-2221e475-3334-439e-bb1c-ec7094084d45 077753f063e8478b87c0d96d27452cce df90cdda63254ebd911e7bff7285a5f7 - - default default] DELETE failed (client error): The resource could not be found.
2026-07-09 18:21:21.105 10 INFO neutron.wsgi [None req-2221e475-3334-439e-bb1c-ec7094084d45 077753f063e8478b87c0d96d27452cce df90cdda63254ebd911e7bff7285a5f7 - - default default] 10.0.0.184 "DELETE /v2.0/ports/de6fce80-7816-4e05-9d1f-2ab0d1b7a8b4 HTTP/1.1" status: 404 len: 333 time: 0.0407758
2026-07-09 18:21:21.126 10 INFO neutron.pecan_wsgi.hooks.translation [None req-e45cc44b-a092-4cb5-a2ef-8f990a6ec454 077753f063e8478b87c0d96d27452cce df90cdda63254ebd911e7bff7285a5f7 - - default default] GET failed (client error): The resource could not be found.
2026-07-09 18:21:21.128 10 INFO neutron.wsgi [None req-e45cc44b-a092-4cb5-a2ef-8f990a6ec454 077753f063e8478b87c0d96d27452cce df90cdda63254ebd911e7bff7285a5f7 - - default default] 10.0.0.184 "GET /v2.0/ports/de6fce80-7816-4e05-9d1f-2ab0d1b7a8b4 HTTP/1.1" status: 404 len: 333 time: 0.0179155
2026-07-09 18:21:21.320 9 INFO neutron.wsgi [None req-074793ff-4c1a-477e-9196-abf2b8c32957 5135352b2758448287797c038b6e3179 1769013de8df4e2daaee7536df8a3047 - - default default] 10.0.0.184 "DELETE /v2.0/subnets/f265bf82-1ccd-4cc7-9782-37008575c0b0 HTTP/1.1" status: 204 len: 168 time: 0.2356348
2026-07-09 18:21:21.354 10 INFO neutron.wsgi [None req-d7d87d42-33bd-4605-8e18-449d53b157c7 077753f063e8478b87c0d96d27452cce df90cdda63254ebd911e7bff7285a5f7 - - default default] 10.0.0.184 "DELETE /v2.0/subnets/310ceb78-62d3-4350-acdd-cb477b9aea9b HTTP/1.1" status: 204 len: 168 time: 0.2210643
2026-07-09 18:21:21.495 9 INFO neutron.db.ovn_revision_numbers_db [None req-22b775e2-1dc5-4f12-b824-3461a96366d2 ac90d534b5c74098ac31f7b59855f72a cc2d520eb47f4706baf4f8a076454c0f - - default default] Successfully bumped revision number for resource 836d1cb8-0b36-4a77-be2a-bcf082da954a (type: security_groups) to 1
2026-07-09 18:21:21.519 9 INFO neutron.db.ovn_revision_numbers_db [None req-22b775e2-1dc5-4f12-b824-3461a96366d2 ac90d534b5c74098ac31f7b59855f72a cc2d520eb47f4706baf4f8a076454c0f - - default default] Successfully bumped revision number for resource 06df1b53-abcb-43d3-b4d9-018023fb79ba (type: security_group_rules) to 0
2026-07-09 18:21:21.546 9 INFO neutron.db.ovn_revision_numbers_db [None req-22b775e2-1dc5-4f12-b824-3461a96366d2 ac90d534b5c74098ac31f7b59855f72a cc2d520eb47f4706baf4f8a076454c0f - - default default] Successfully bumped revision number for resource 3bac9ae5-b2ef-4a53-9368-393b93820117 (type: security_group_rules) to 0
2026-07-09 18:21:21.561 9 INFO neutron.db.ovn_revision_numbers_db [None req-22b775e2-1dc5-4f12-b824-3461a96366d2 ac90d534b5c74098ac31f7b59855f72a cc2d520eb47f4706baf4f8a076454c0f - - default default] Successfully bumped revision number for resource 9a276436-4f0c-4845-b494-131a33b86935 (type: security_group_rules) to 0
2026-07-09 18:21:21.581 9 INFO neutron.db.ovn_revision_numbers_db [None req-22b775e2-1dc5-4f12-b824-3461a96366d2 ac90d534b5c74098ac31f7b59855f72a cc2d520eb47f4706baf4f8a076454c0f - - default default] Successfully bumped revision number for resource a1549c76-c2f4-43e2-bd24-b5346b40fbc7 (type: security_group_rules) to 0
2026-07-09 18:21:21.598 9 INFO neutron.wsgi [None req-4d9ca182-3867-4f74-9a78-640716598e7c 5135352b2758448287797c038b6e3179 1769013de8df4e2daaee7536df8a3047 - - default default] 10.0.0.184 "DELETE /v2.0/subnets/3dadf9ae-443b-4b96-a87d-424e6c83fd29 HTTP/1.1" status: 204 len: 168 time: 0.2729080
2026-07-09 18:21:21.653 10 INFO neutron.wsgi [None req-e63a8e8c-7d74-42f2-8442-b4fafe78a97f 5135352b2758448287797c038b6e3179 1769013de8df4e2daaee7536df8a3047 - - default default] 10.0.0.184 "GET /v2.0/subnets HTTP/1.1" status: 200 len: 820 time: 0.0414860
2026-07-09 18:21:21.662 9 INFO neutron.db.segments_db [None req-22b775e2-1dc5-4f12-b824-3461a96366d2 ac90d534b5c74098ac31f7b59855f72a cc2d520eb47f4706baf4f8a076454c0f - - default default] Added segment ca830a85-1b45-476e-88f4-5e1d523160b2 of type geneve for network 83068998-00b6-44a1-9ac3-82c81ca9b885
2026-07-09 18:21:21.796 9 INFO neutron.db.ovn_revision_numbers_db [None req-22b775e2-1dc5-4f12-b824-3461a96366d2 ac90d534b5c74098ac31f7b59855f72a cc2d520eb47f4706baf4f8a076454c0f - - default default] Successfully bumped revision number for resource 83068998-00b6-44a1-9ac3-82c81ca9b885 (type: networks) to 1
2026-07-09 18:21:21.824 10 INFO neutron.services.segments.plugin [-] Segment ee6d4372-417d-45d1-a514-4900d53ddccd resource provider aggregate not found
2026-07-09 18:21:21.829 10 INFO neutron.services.segments.plugin [-] Segment ee6d4372-417d-45d1-a514-4900d53ddccd resource provider aggregate not found
2026-07-09 18:21:21.849 10 INFO neutron.services.segments.plugin [-] Segment ee6d4372-417d-45d1-a514-4900d53ddccd resource provider not found; error: Placement Client Error (4xx): {"errors": [{"status": 404, "title": "Not Found", "detail": "The resource could not be found.\n\n No resource provider with uuid ee6d4372-417d-45d1-a514-4900d53ddccd found for delete ", "request_id": "req-f50db570-aaf1-4d7e-89af-0c9f38dd3c4f"}]}
2026-07-09 18:21:21.873 10 INFO neutron.services.segments.plugin [-] Segment ee6d4372-417d-45d1-a514-4900d53ddccd resource provider not found; error: Placement Client Error (4xx): {"errors": [{"status": 404, "title": "Not Found", "detail": "The resource could not be found.\n\n No resource provider with uuid ee6d4372-417d-45d1-a514-4900d53ddccd found for delete ", "request_id": "req-283d0dcd-cf1e-4407-a6ce-5e404dae2365"}]}
2026-07-09 18:21:22.113 10 INFO neutron.wsgi [None req-e5cf6be1-f149-4c20-9193-17b59f47b209 077753f063e8478b87c0d96d27452cce df90cdda63254ebd911e7bff7285a5f7 - - default default] 10.0.0.184 "DELETE /v2.0/networks/4033a434-1868-41ad-bffb-fb2f5f933cff HTTP/1.1" status: 204 len: 168 time: 0.7533255
2026-07-09 18:21:22.175 9 WARNING neutron.scheduler.dhcp_agent_scheduler [None req-22b775e2-1dc5-4f12-b824-3461a96366d2 ac90d534b5c74098ac31f7b59855f72a cc2d520eb47f4706baf4f8a076454c0f - - default default] No more DHCP agents
2026-07-09 18:21:22.178 9 WARNING neutron.api.rpc.agentnotifiers.dhcp_rpc_agent_api [None req-22b775e2-1dc5-4f12-b824-3461a96366d2 ac90d534b5c74098ac31f7b59855f72a cc2d520eb47f4706baf4f8a076454c0f - - default default] Unable to schedule network 83068998-00b6-44a1-9ac3-82c81ca9b885: no agents available; will retry on subsequent port and subnet creation events.
2026-07-09 18:21:22.242 9 INFO neutron.db.segments_db [None req-4e62f6d8-7039-461f-820c-dbf42c8e5d36 077753f063e8478b87c0d96d27452cce df90cdda63254ebd911e7bff7285a5f7 - - default default] Added segment 9b76c9c0-2466-4186-ad87-e865c8f36656 of type geneve for network bc570c0a-4e4d-4df6-ae4e-2e4e663d9a2b
2026-07-09 18:21:22.295 9 INFO neutron.db.ovn_revision_numbers_db [None req-22b775e2-1dc5-4f12-b824-3461a96366d2 ac90d534b5c74098ac31f7b59855f72a cc2d520eb47f4706baf4f8a076454c0f - - default default] Successfully bumped revision number for resource 6ab52425-65cf-4a0b-b992-80a1a7cb4f1a (type: ports) to 1
2026-07-09 18:21:22.336 9 INFO neutron.wsgi [None req-22b775e2-1dc5-4f12-b824-3461a96366d2 ac90d534b5c74098ac31f7b59855f72a cc2d520eb47f4706baf4f8a076454c0f - - default default] 10.0.0.184 "POST /v2.0/networks HTTP/1.1" status: 201 len: 939 time: 1.2887888
2026-07-09 18:21:22.340 10 INFO neutron.wsgi [None req-b713c080-f1cb-410e-98d1-4d54dccdd5eb 5135352b2758448287797c038b6e3179 1769013de8df4e2daaee7536df8a3047 - - default default] 10.0.0.184 "DELETE /v2.0/networks/1b456c4f-12fe-41bf-bc45-6f29619d0d26 HTTP/1.1" status: 204 len: 168 time: 0.6797690
2026-07-09 18:21:22.434 9 INFO neutron.db.ovn_revision_numbers_db [None req-4e62f6d8-7039-461f-820c-dbf42c8e5d36 077753f063e8478b87c0d96d27452cce df90cdda63254ebd911e7bff7285a5f7 - - default default] Successfully bumped revision number for resource bc570c0a-4e4d-4df6-ae4e-2e4e663d9a2b (type: networks) to 1
2026-07-09 18:21:22.591 9 WARNING neutron.scheduler.dhcp_agent_scheduler [None req-cc5283e8-f517-4b88-9694-266310c11ac1 ac90d534b5c74098ac31f7b59855f72a cc2d520eb47f4706baf4f8a076454c0f - - default default] No more DHCP agents
2026-07-09 18:21:22.594 9 WARNING neutron.api.rpc.agentnotifiers.dhcp_rpc_agent_api [None req-cc5283e8-f517-4b88-9694-266310c11ac1 ac90d534b5c74098ac31f7b59855f72a cc2d520eb47f4706baf4f8a076454c0f - - default default] Unable to schedule network 83068998-00b6-44a1-9ac3-82c81ca9b885: no agents available; will retry on subsequent port and subnet creation events.
2026-07-09 18:21:22.682 9 WARNING neutron.scheduler.dhcp_agent_scheduler [None req-4e62f6d8-7039-461f-820c-dbf42c8e5d36 077753f063e8478b87c0d96d27452cce df90cdda63254ebd911e7bff7285a5f7 - - default default] No more DHCP agents
2026-07-09 18:21:22.686 9 WARNING neutron.api.rpc.agentnotifiers.dhcp_rpc_agent_api [None req-4e62f6d8-7039-461f-820c-dbf42c8e5d36 077753f063e8478b87c0d96d27452cce df90cdda63254ebd911e7bff7285a5f7 - - default default] Unable to schedule network bc570c0a-4e4d-4df6-ae4e-2e4e663d9a2b: no agents available; will retry on subsequent port and subnet creation events.
2026-07-09 18:21:22.755 10 INFO neutron.wsgi [None req-91ee82fa-9bf7-4848-9ce0-0b89cd174710 5135352b2758448287797c038b6e3179 1769013de8df4e2daaee7536df8a3047 - - default default] 10.0.0.184 "DELETE /v2.0/networks/eb938724-c6ba-446a-adcf-f90063050bc9 HTTP/1.1" status: 204 len: 168 time: 0.4057977
2026-07-09 18:21:22.890 9 INFO neutron.db.ovn_revision_numbers_db [None req-4e62f6d8-7039-461f-820c-dbf42c8e5d36 077753f063e8478b87c0d96d27452cce df90cdda63254ebd911e7bff7285a5f7 - - default default] Successfully bumped revision number for resource 5ab8ccbe-62db-45b3-8a2a-9123ca70a995 (type: ports) to 1
2026-07-09 18:21:22.946 9 INFO neutron.wsgi [None req-4e62f6d8-7039-461f-820c-dbf42c8e5d36 077753f063e8478b87c0d96d27452cce df90cdda63254ebd911e7bff7285a5f7 - - default default] 10.0.0.184 "POST /v2.0/networks HTTP/1.1" status: 201 len: 834 time: 0.8253171
2026-07-09 18:21:23.200 10 WARNING neutron.scheduler.dhcp_agent_scheduler [None req-757eb2f3-f506-4baf-9ba6-ff3216198b94 077753f063e8478b87c0d96d27452cce df90cdda63254ebd911e7bff7285a5f7 - - default default] No more DHCP agents
2026-07-09 18:21:23.202 10 WARNING neutron.api.rpc.agentnotifiers.dhcp_rpc_agent_api [None req-757eb2f3-f506-4baf-9ba6-ff3216198b94 077753f063e8478b87c0d96d27452cce df90cdda63254ebd911e7bff7285a5f7 - - default default] Unable to schedule network bc570c0a-4e4d-4df6-ae4e-2e4e663d9a2b: no agents available; will retry on subsequent port and subnet creation events.
2026-07-09 18:21:23.248 10 INFO neutron.db.ovn_revision_numbers_db [None req-757eb2f3-f506-4baf-9ba6-ff3216198b94 077753f063e8478b87c0d96d27452cce df90cdda63254ebd911e7bff7285a5f7 - - default default] Successfully bumped revision number for resource d922c271-488d-4209-9084-775fe30c8214 (type: subnets) to 0
2026-07-09 18:21:23.267 10 INFO neutron.wsgi [None req-757eb2f3-f506-4baf-9ba6-ff3216198b94 077753f063e8478b87c0d96d27452cce df90cdda63254ebd911e7bff7285a5f7 - - default default] 10.0.0.184 "POST /v2.0/subnets HTTP/1.1" status: 201 len: 821 time: 0.3134236
2026-07-09 18:21:23.369 10 INFO neutron.db.ovn_revision_numbers_db [None req-95e2bbf2-4229-4d98-9bbf-12cf3d530367 ac90d534b5c74098ac31f7b59855f72a cc2d520eb47f4706baf4f8a076454c0f - - default default] Successfully bumped revision number for resource bb986970-1bfc-4121-9b0f-103a0253ab7c (type: security_groups) to 1
2026-07-09 18:21:23.392 10 INFO neutron.db.ovn_revision_numbers_db [None req-95e2bbf2-4229-4d98-9bbf-12cf3d530367 ac90d534b5c74098ac31f7b59855f72a cc2d520eb47f4706baf4f8a076454c0f - - default default] Successfully bumped revision number for resource 028af04d-ed59-409f-b08f-163b3d6c13f9 (type: security_group_rules) to 0
2026-07-09 18:21:23.412 10 INFO neutron.db.ovn_revision_numbers_db [None req-95e2bbf2-4229-4d98-9bbf-12cf3d530367 ac90d534b5c74098ac31f7b59855f72a cc2d520eb47f4706baf4f8a076454c0f - - default default] Successfully bumped revision number for resource 2345049f-bb63-4a75-bd48-af9f1f4ed6bb (type: security_group_rules) to 0
2026-07-09 18:21:23.434 10 INFO neutron.db.ovn_revision_numbers_db [None req-95e2bbf2-4229-4d98-9bbf-12cf3d530367 ac90d534b5c74098ac31f7b59855f72a cc2d520eb47f4706baf4f8a076454c0f - - default default] Successfully bumped revision number for resource 7d41b452-a73e-4af5-a6ed-01d72709f967 (type: security_group_rules) to 0
2026-07-09 18:21:23.457 10 INFO neutron.db.ovn_revision_numbers_db [None req-95e2bbf2-4229-4d98-9bbf-12cf3d530367 ac90d534b5c74098ac31f7b59855f72a cc2d520eb47f4706baf4f8a076454c0f - - default default] Successfully bumped revision number for resource e314b796-3b23-4ba3-b099-46cc070e54df (type: security_group_rules) to 0
2026-07-09 18:21:23.496 9 INFO neutron.services.segments.plugin [-] Segment 28a96e55-3f8a-4485-bd29-e2c007335f12 resource provider aggregate not found
2026-07-09 18:21:23.500 9 INFO neutron.services.segments.plugin [-] Segment 28a96e55-3f8a-4485-bd29-e2c007335f12 resource provider aggregate not found
2026-07-09 18:21:23.507 10 INFO neutron.wsgi [None req-95e2bbf2-4229-4d98-9bbf-12cf3d530367 ac90d534b5c74098ac31f7b59855f72a cc2d520eb47f4706baf4f8a076454c0f - - default default] 10.0.0.184 "GET /v2.0/security-groups?tenant_id=a5567e98af6844d8b24cc40f5ef6a336&name=default HTTP/1.1" status: 200 len: 2996 time: 0.4688051
2026-07-09 18:21:23.515 9 INFO neutron.services.segments.plugin [-] Segment 28a96e55-3f8a-4485-bd29-e2c007335f12 resource provider not found; error: Placement Client Error (4xx): {"errors": [{"status": 404, "title": "Not Found", "detail": "The resource could not be found.\n\n No resource provider with uuid 28a96e55-3f8a-4485-bd29-e2c007335f12 found for delete ", "request_id": "req-d0dad2d6-f58b-4bd1-b1b3-c4b5929edfd9"}]}
2026-07-09 18:21:23.522 9 INFO neutron.services.segments.plugin [-] Segment 28a96e55-3f8a-4485-bd29-e2c007335f12 resource provider not found; error: Placement Client Error (4xx): {"errors": [{"status": 404, "title": "Not Found", "detail": "The resource could not be found.\n\n No resource provider with uuid 28a96e55-3f8a-4485-bd29-e2c007335f12 found for delete ", "request_id": "req-d6735baf-c772-4353-94ea-2c2cb13d6481"}]}
2026-07-09 18:21:23.559 9 INFO neutron.wsgi [None req-5225cd3f-3e62-4051-8396-3d314a95b190 5135352b2758448287797c038b6e3179 1769013de8df4e2daaee7536df8a3047 - - default default] 10.0.0.184 "DELETE /v2.0/networks/59a32b34-79dc-4b55-8059-c418cf0107d2 HTTP/1.1" status: 204 len: 168 time: 0.7922766
2026-07-09 18:21:23.563 9 INFO neutron.db.ovn_revision_numbers_db [None req-cc5283e8-f517-4b88-9694-266310c11ac1 ac90d534b5c74098ac31f7b59855f72a cc2d520eb47f4706baf4f8a076454c0f - - default default] Successfully bumped revision number for resource 6ab52425-65cf-4a0b-b992-80a1a7cb4f1a (type: ports) to 2
2026-07-09 18:21:23.607 9 INFO neutron.db.ovn_revision_numbers_db [None req-cc5283e8-f517-4b88-9694-266310c11ac1 ac90d534b5c74098ac31f7b59855f72a cc2d520eb47f4706baf4f8a076454c0f - - default default] Successfully bumped revision number for resource ad2e2cef-6b49-4f1a-b5cb-eca8546136ac (type: subnets) to 0
2026-07-09 18:21:23.614 10 WARNING neutron.scheduler.dhcp_agent_scheduler [None req-3a94ee98-f8dc-4641-b30b-7dc8222ca313 077753f063e8478b87c0d96d27452cce df90cdda63254ebd911e7bff7285a5f7 - - default default] No more DHCP agents
2026-07-09 18:21:23.617 10 WARNING neutron.api.rpc.agentnotifiers.dhcp_rpc_agent_api [None req-3a94ee98-f8dc-4641-b30b-7dc8222ca313 077753f063e8478b87c0d96d27452cce df90cdda63254ebd911e7bff7285a5f7 - - default default] Unable to schedule network bc570c0a-4e4d-4df6-ae4e-2e4e663d9a2b: no agents available; will retry on subsequent port and subnet creation events.
2026-07-09 18:21:23.621 9 INFO neutron.wsgi [None req-cc5283e8-f517-4b88-9694-266310c11ac1 ac90d534b5c74098ac31f7b59855f72a cc2d520eb47f4706baf4f8a076454c0f - - default default] 10.0.0.184 "POST /v2.0/subnets HTTP/1.1" status: 201 len: 859 time: 1.2812641
2026-07-09 18:21:23.755 10 INFO neutron.db.ovn_revision_numbers_db [None req-3a94ee98-f8dc-4641-b30b-7dc8222ca313 077753f063e8478b87c0d96d27452cce df90cdda63254ebd911e7bff7285a5f7 - - default default] Successfully bumped revision number for resource 68a8a506-1fc3-4ad3-8657-2edaf951de30 (type: ports) to 1
2026-07-09 18:21:23.785 10 INFO neutron.wsgi [None req-3a94ee98-f8dc-4641-b30b-7dc8222ca313 077753f063e8478b87c0d96d27452cce df90cdda63254ebd911e7bff7285a5f7 - - default default] 10.0.0.184 "POST /v2.0/ports HTTP/1.1" status: 201 len: 1126 time: 0.5101318
2026-07-09 18:21:23.811 9 INFO neutron.wsgi [None req-eb035ee8-0433-4c32-832e-8d5bc549f86d ac90d534b5c74098ac31f7b59855f72a cc2d520eb47f4706baf4f8a076454c0f - - default default] 10.0.0.184 "DELETE /v2.0/security-groups/bb986970-1bfc-4121-9b0f-103a0253ab7c HTTP/1.1" status: 204 len: 168 time: 0.2952251
2026-07-09 18:21:23.890 10 INFO neutron.services.segments.plugin [-] Segment 44568c1f-7263-4905-819b-36d4900a4e25 resource provider aggregate not found
2026-07-09 18:21:23.902 10 INFO neutron.services.segments.plugin [-] Segment 44568c1f-7263-4905-819b-36d4900a4e25 resource provider aggregate not found
2026-07-09 18:21:23.912 10 INFO neutron.services.segments.plugin [-] Segment 44568c1f-7263-4905-819b-36d4900a4e25 resource provider not found; error: Placement Client Error (4xx): {"errors": [{"status": 404, "title": "Not Found", "detail": "The resource could not be found.\n\n No resource provider with uuid 44568c1f-7263-4905-819b-36d4900a4e25 found for delete ", "request_id": "req-9e6b2fbd-a48c-474e-92f6-debf22e22045"}]}
2026-07-09 18:21:23.925 10 INFO neutron.services.segments.plugin [-] Segment 44568c1f-7263-4905-819b-36d4900a4e25 resource provider not found; error: Placement Client Error (4xx): {"errors": [{"status": 404, "title": "Not Found", "detail": "The resource could not be found.\n\n No resource provider with uuid 44568c1f-7263-4905-819b-36d4900a4e25 found for delete ", "request_id": "req-f264ba3b-851b-4624-8d5f-1e211a8fe812"}]}
2026-07-09 18:21:23.943 10 INFO neutron.services.segments.plugin [-] Segment 26ff12dc-5f90-45a5-a1d9-622e09c35a7b resource provider aggregate not found
2026-07-09 18:21:23.953 10 INFO neutron.services.segments.plugin [-] Segment 26ff12dc-5f90-45a5-a1d9-622e09c35a7b resource provider aggregate not found
2026-07-09 18:21:23.972 10 INFO neutron.services.segments.plugin [-] Segment 26ff12dc-5f90-45a5-a1d9-622e09c35a7b resource provider not found; error: Placement Client Error (4xx): {"errors": [{"status": 404, "title": "Not Found", "detail": "The resource could not be found.\n\n No resource provider with uuid 26ff12dc-5f90-45a5-a1d9-622e09c35a7b found for delete ", "request_id": "req-96e15387-b8bd-4779-ad10-c6ceca36c760"}]}
2026-07-09 18:21:23.988 10 INFO neutron.services.segments.plugin [-] Segment 26ff12dc-5f90-45a5-a1d9-622e09c35a7b resource provider not found; error: Placement Client Error (4xx): {"errors": [{"status": 404, "title": "Not Found", "detail": "The resource could not be found.\n\n No resource provider with uuid 26ff12dc-5f90-45a5-a1d9-622e09c35a7b found for delete ", "request_id": "req-592d3eb8-c0bf-4f54-a75e-f666cfe492e1"}]}
2026-07-09 18:21:24.202 9 WARNING neutron.scheduler.dhcp_agent_scheduler [None req-c3c05d20-e6c3-4c01-b494-731d565420a9 ac90d534b5c74098ac31f7b59855f72a cc2d520eb47f4706baf4f8a076454c0f - - default default] No more DHCP agents
2026-07-09 18:21:24.210 9 WARNING neutron.api.rpc.agentnotifiers.dhcp_rpc_agent_api [None req-c3c05d20-e6c3-4c01-b494-731d565420a9 ac90d534b5c74098ac31f7b59855f72a cc2d520eb47f4706baf4f8a076454c0f - - default default] Unable to schedule network ace9516a-9936-439f-bbef-3afcaba1e40f: no agents available; will retry on subsequent port and subnet creation events.
2026-07-09 18:21:24.369 10 INFO neutron.wsgi [None req-4087724f-fc7b-49ee-9c3e-a0bf9a501421 5135352b2758448287797c038b6e3179 1769013de8df4e2daaee7536df8a3047 - - default default] 10.0.0.184 "DELETE /v2.0/networks/8f48ed2c-741d-426a-a4c9-b48229bb1ebd HTTP/1.1" status: 204 len: 168 time: 0.8032634
2026-07-09 18:21:24.392 10 INFO neutron.db.ovn_revision_numbers_db [None req-e8d12fc1-fa0f-4165-a150-2afd75037a10 ac90d534b5c74098ac31f7b59855f72a cc2d520eb47f4706baf4f8a076454c0f - - default default] Successfully bumped revision number for resource 373caa38-4585-4b09-bb5d-a3f197f3068c (type: security_groups) to 1
2026-07-09 18:21:24.408 10 INFO neutron.db.ovn_revision_numbers_db [None req-e8d12fc1-fa0f-4165-a150-2afd75037a10 ac90d534b5c74098ac31f7b59855f72a cc2d520eb47f4706baf4f8a076454c0f - - default default] Successfully bumped revision number for resource 76839209-fa1b-4df6-a3e4-e9fca3eaf9b0 (type: security_group_rules) to 0
2026-07-09 18:21:24.409 9 INFO neutron.db.ovn_revision_numbers_db [None req-c3c05d20-e6c3-4c01-b494-731d565420a9 ac90d534b5c74098ac31f7b59855f72a cc2d520eb47f4706baf4f8a076454c0f - - default default] Successfully bumped revision number for resource a932126e-05bf-4324-8c12-1ac8fb09da4f (type: ports) to 1
2026-07-09 18:21:24.429 10 INFO neutron.db.ovn_revision_numbers_db [None req-e8d12fc1-fa0f-4165-a150-2afd75037a10 ac90d534b5c74098ac31f7b59855f72a cc2d520eb47f4706baf4f8a076454c0f - - default default] Successfully bumped revision number for resource d8555dd5-fbbe-481d-a95d-4b9f60254a23 (type: security_group_rules) to 0
2026-07-09 18:21:24.448 10 INFO neutron.db.ovn_revision_numbers_db [None req-e8d12fc1-fa0f-4165-a150-2afd75037a10 ac90d534b5c74098ac31f7b59855f72a cc2d520eb47f4706baf4f8a076454c0f - - default default] Successfully bumped revision number for resource df9976d5-eee7-4065-8c4a-1e39b0da57ed (type: security_group_rules) to 0
2026-07-09 18:21:24.455 10 INFO neutron.wsgi [None req-b097d0de-8d1e-448e-a2bd-29be5f190112 077753f063e8478b87c0d96d27452cce df90cdda63254ebd911e7bff7285a5f7 - - default default] 10.0.0.184 "DELETE /v2.0/ports/68a8a506-1fc3-4ad3-8657-2edaf951de30 HTTP/1.1" status: 204 len: 168 time: 0.6645329
2026-07-09 18:21:24.467 10 INFO neutron.db.ovn_revision_numbers_db [None req-e8d12fc1-fa0f-4165-a150-2afd75037a10 ac90d534b5c74098ac31f7b59855f72a cc2d520eb47f4706baf4f8a076454c0f - - default default] Successfully bumped revision number for resource f0db4eea-2fb8-4162-8dbb-949c8e352866 (type: security_group_rules) to 0
2026-07-09 18:21:24.478 10 INFO neutron.pecan_wsgi.hooks.translation [None req-4d958898-6ea7-427b-bcad-aed1e261fb24 077753f063e8478b87c0d96d27452cce df90cdda63254ebd911e7bff7285a5f7 - - default default] GET failed (client error): The resource could not be found.
2026-07-09 18:21:24.480 10 INFO neutron.wsgi [None req-4d958898-6ea7-427b-bcad-aed1e261fb24 077753f063e8478b87c0d96d27452cce df90cdda63254ebd911e7bff7285a5f7 - - default default] 10.0.0.184 "GET /v2.0/ports/68a8a506-1fc3-4ad3-8657-2edaf951de30 HTTP/1.1" status: 404 len: 333 time: 0.0178192
2026-07-09 18:21:24.493 10 INFO neutron.wsgi [None req-e8d12fc1-fa0f-4165-a150-2afd75037a10 ac90d534b5c74098ac31f7b59855f72a cc2d520eb47f4706baf4f8a076454c0f - - default default] 10.0.0.184 "GET /v2.0/security-groups?tenant_id=fc7dae8f19934d738dd0cfec177ac14d&name=default HTTP/1.1" status: 200 len: 2996 time: 0.5600951
2026-07-09 18:21:24.688 10 INFO neutron.wsgi [None req-72732e6b-4ad0-493a-9917-e0bc5ab49ba9 ac90d534b5c74098ac31f7b59855f72a cc2d520eb47f4706baf4f8a076454c0f - - default default] 10.0.0.184 "DELETE /v2.0/security-groups/373caa38-4585-4b09-bb5d-a3f197f3068c HTTP/1.1" status: 204 len: 168 time: 0.1897004
2026-07-09 18:21:24.770 9 INFO neutron.wsgi [None req-e6ac2949-ae13-4e19-a0bb-72dfd28bb6ff 077753f063e8478b87c0d96d27452cce df90cdda63254ebd911e7bff7285a5f7 - - default default] 10.0.0.184 "DELETE /v2.0/subnets/d922c271-488d-4209-9084-775fe30c8214 HTTP/1.1" status: 204 len: 168 time: 0.2836587
2026-07-09 18:21:25.126 10 INFO neutron.plugins.ml2.drivers.ovn.mech_driver.mech_driver [None req-102ba487-2f31-4aa6-a799-21a3e7eb0c76 - - - - - -] OVN reports status up for port: a932126e-05bf-4324-8c12-1ac8fb09da4f
2026-07-09 18:21:25.130 10 INFO neutron.plugins.ml2.drivers.ovn.mech_driver.ovsdb.ovsdb_monitor [None req-2bdde121-77fe-4b38-af93-af57b1ac6672 - - - - - -] Router 6a5a959e-ca6c-4f5d-a190-0ff884b67c9f is bound to host instance
2026-07-09 18:21:25.154 10 INFO neutron.plugins.ml2.plugin [None req-102ba487-2f31-4aa6-a799-21a3e7eb0c76 - - - - - -] Attempt 1 to provision port a932126e-05bf-4324-8c12-1ac8fb09da4f
2026-07-09 18:21:25.170 9 INFO neutron.db.ovn_revision_numbers_db [None req-c3c05d20-e6c3-4c01-b494-731d565420a9 ac90d534b5c74098ac31f7b59855f72a cc2d520eb47f4706baf4f8a076454c0f - - default default] Successfully bumped revision number for resource a932126e-05bf-4324-8c12-1ac8fb09da4f (type: router_ports) to 1
2026-07-09 18:21:25.215 10 INFO neutron.wsgi [None req-ee0058ea-e7df-4904-b25c-e31299ffcedb ac90d534b5c74098ac31f7b59855f72a cc2d520eb47f4706baf4f8a076454c0f - - default default] 10.0.0.184 "GET /v2.0/security-groups?tenant_id=1769013de8df4e2daaee7536df8a3047&name=default HTTP/1.1" status: 200 len: 2996 time: 0.2616613
2026-07-09 18:21:25.275 10 INFO neutron.wsgi [None req-38a2fdfa-6eef-40a8-85a1-6d322b5a9d50 077753f063e8478b87c0d96d27452cce df90cdda63254ebd911e7bff7285a5f7 - - default default] 10.0.0.184 "DELETE /v2.0/networks/bc570c0a-4e4d-4df6-ae4e-2e4e663d9a2b HTTP/1.1" status: 204 len: 168 time: 0.4973567
2026-07-09 18:21:25.288 9 INFO neutron.db.ovn_revision_numbers_db [None req-c3c05d20-e6c3-4c01-b494-731d565420a9 ac90d534b5c74098ac31f7b59855f72a cc2d520eb47f4706baf4f8a076454c0f - - default default] Successfully bumped revision number for resource 6a5a959e-ca6c-4f5d-a190-0ff884b67c9f (type: routers) to 2
2026-07-09 18:21:25.325 9 INFO neutron.wsgi [None req-c3c05d20-e6c3-4c01-b494-731d565420a9 ac90d534b5c74098ac31f7b59855f72a cc2d520eb47f4706baf4f8a076454c0f - - default default] 10.0.0.184 "POST /v2.0/routers HTTP/1.1" status: 201 len: 870 time: 1.6956849
2026-07-09 18:21:25.553 10 INFO neutron.wsgi [None req-b21b7e49-327e-4799-bf8d-074f974210fa ac90d534b5c74098ac31f7b59855f72a cc2d520eb47f4706baf4f8a076454c0f - - default default] 10.0.0.184 "DELETE /v2.0/security-groups/b5bb11af-e633-4fe2-b1c7-759993b1f2ab HTTP/1.1" status: 204 len: 168 time: 0.3307981
2026-07-09 18:21:25.601 9 WARNING neutron.scheduler.dhcp_agent_scheduler [None req-49a71aef-17c8-4223-9484-2269d320eec5 077753f063e8478b87c0d96d27452cce df90cdda63254ebd911e7bff7285a5f7 - - default default] No more DHCP agents
2026-07-09 18:21:25.605 9 WARNING neutron.api.rpc.agentnotifiers.dhcp_rpc_agent_api [None req-49a71aef-17c8-4223-9484-2269d320eec5 077753f063e8478b87c0d96d27452cce df90cdda63254ebd911e7bff7285a5f7 - - default default] Unable to schedule network ce51e325-1ca9-4012-a520-3e1a632a6717: no agents available; will retry on subsequent port and subnet creation events.
2026-07-09 18:21:25.784 10 INFO neutron.db.ovn_revision_numbers_db [None req-2bdde121-77fe-4b38-af93-af57b1ac6672 - - - - - -] Successfully bumped revision number for resource a932126e-05bf-4324-8c12-1ac8fb09da4f (type: ports) to 1
2026-07-09 18:21:25.892 9 INFO neutron.db.ovn_revision_numbers_db [None req-49a71aef-17c8-4223-9484-2269d320eec5 077753f063e8478b87c0d96d27452cce df90cdda63254ebd911e7bff7285a5f7 - - default default] Successfully bumped revision number for resource 04d4257c-1c86-4e70-aed5-94428b497265 (type: ports) to 1
2026-07-09 18:21:25.928 9 INFO neutron.wsgi [None req-49a71aef-17c8-4223-9484-2269d320eec5 077753f063e8478b87c0d96d27452cce df90cdda63254ebd911e7bff7285a5f7 - - default default] 10.0.0.184 "POST /v2.0/ports HTTP/1.1" status: 201 len: 978 time: 0.6461363 /var/lib/openstack/lib/python3.10/site-packages/pycadf/identifier.py:71: UserWarning: Invalid uuid: neutron. To ensure interoperability, identifiers should be a valid uuid. warnings.warn(('Invalid uuid: %s. To ensure interoperability, '
2026-07-09 18:21:26.014 10 INFO neutron.services.segments.plugin [-] Segment 2b5902f9-c8d2-4ed7-9cf5-8dd2fb4d5b3b resource provider aggregate not found
2026-07-09 18:21:26.019 10 INFO neutron.services.segments.plugin [-] Segment 2b5902f9-c8d2-4ed7-9cf5-8dd2fb4d5b3b resource provider aggregate not found
2026-07-09 18:21:26.039 10 INFO neutron.services.segments.plugin [-] Segment 2b5902f9-c8d2-4ed7-9cf5-8dd2fb4d5b3b resource provider not found; error: Placement Client Error (4xx): {"errors": [{"status": 404, "title": "Not Found", "detail": "The resource could not be found.\n\n No resource provider with uuid 2b5902f9-c8d2-4ed7-9cf5-8dd2fb4d5b3b found for delete ", "request_id": "req-48bbb087-1192-49c4-b4fc-d024fc248dc0"}]}
2026-07-09 18:21:26.049 10 INFO neutron.services.segments.plugin [-] Segment 2b5902f9-c8d2-4ed7-9cf5-8dd2fb4d5b3b resource provider not found; error: Placement Client Error (4xx): {"errors": [{"status": 404, "title": "Not Found", "detail": "The resource could not be found.\n\n No resource provider with uuid 2b5902f9-c8d2-4ed7-9cf5-8dd2fb4d5b3b found for delete ", "request_id": "req-688d3f9b-2862-42da-b7dd-751f28b6ab76"}]}
2026-07-09 18:21:26.063 9 WARNING neutron.scheduler.dhcp_agent_scheduler [None req-865d44a1-277d-4496-9053-88b7ad4e5e32 ac90d534b5c74098ac31f7b59855f72a cc2d520eb47f4706baf4f8a076454c0f - - default default] No more DHCP agents
2026-07-09 18:21:26.070 9 WARNING neutron.api.rpc.agentnotifiers.dhcp_rpc_agent_api [None req-865d44a1-277d-4496-9053-88b7ad4e5e32 ac90d534b5c74098ac31f7b59855f72a cc2d520eb47f4706baf4f8a076454c0f - - default default] Unable to schedule network 83068998-00b6-44a1-9ac3-82c81ca9b885: no agents available; will retry on subsequent port and subnet creation events.
2026-07-09 18:21:26.072 10 INFO neutron.services.segments.plugin [-] Segment 9b76c9c0-2466-4186-ad87-e865c8f36656 resource provider aggregate not found
2026-07-09 18:21:26.079 10 INFO neutron.services.segments.plugin [-] Segment 9b76c9c0-2466-4186-ad87-e865c8f36656 resource provider aggregate not found
2026-07-09 18:21:26.099 10 INFO neutron.services.segments.plugin [-] Segment 9b76c9c0-2466-4186-ad87-e865c8f36656 resource provider not found; error: Placement Client Error (4xx): {"errors": [{"status": 404, "title": "Not Found", "detail": "The resource could not be found.\n\n No resource provider with uuid 9b76c9c0-2466-4186-ad87-e865c8f36656 found for delete ", "request_id": "req-005eac35-5c83-4a9c-a1d3-657d9c30f6bf"}]}
2026-07-09 18:21:26.100 10 INFO neutron.services.segments.plugin [-] Segment 9b76c9c0-2466-4186-ad87-e865c8f36656 resource provider not found; error: Placement Client Error (4xx): {"errors": [{"status": 404, "title": "Not Found", "detail": "The resource could not be found.\n\n No resource provider with uuid 9b76c9c0-2466-4186-ad87-e865c8f36656 found for delete ", "request_id": "req-6c0855b2-2d41-4abc-a997-9b5a6fe0a60c"}]}
2026-07-09 18:21:26.141 10 INFO neutron.db.ovn_revision_numbers_db [None req-2bdde121-77fe-4b38-af93-af57b1ac6672 - - - - - -] Successfully bumped revision number for resource a932126e-05bf-4324-8c12-1ac8fb09da4f (type: router_ports) to 3
2026-07-09 18:21:26.305 10 INFO neutron.db.ovn_revision_numbers_db [None req-2bdde121-77fe-4b38-af93-af57b1ac6672 - - - - - -] Successfully bumped revision number for resource a932126e-05bf-4324-8c12-1ac8fb09da4f (type: ports) to 2
2026-07-09 18:21:26.320 9 INFO neutron.plugins.ml2.drivers.ovn.mech_driver.mech_driver [None req-6fcdafc8-1bdd-49ee-b035-3146ad08ce5f - - - - - -] OVN reports status down for port: 04d4257c-1c86-4e70-aed5-94428b497265
2026-07-09 18:21:26.322 9 INFO neutron.db.ovn_revision_numbers_db [None req-865d44a1-277d-4496-9053-88b7ad4e5e32 ac90d534b5c74098ac31f7b59855f72a cc2d520eb47f4706baf4f8a076454c0f - - default default] Successfully bumped revision number for resource 605b6efb-e3a3-4644-8968-fe76a70e6aa7 (type: ports) to 1
2026-07-09 18:21:26.377 9 INFO neutron.db.ovn_revision_numbers_db [None req-c077d4d2-3d92-481e-8b57-138bba5b4906 077753f063e8478b87c0d96d27452cce df90cdda63254ebd911e7bff7285a5f7 - - default default] Successfully bumped revision number for resource 04d4257c-1c86-4e70-aed5-94428b497265 (type: ports) to 2
2026-07-09 18:21:26.392 9 INFO neutron.wsgi [None req-c077d4d2-3d92-481e-8b57-138bba5b4906 077753f063e8478b87c0d96d27452cce df90cdda63254ebd911e7bff7285a5f7 - - default default] 10.0.0.184 "PUT /v2.0/ports/04d4257c-1c86-4e70-aed5-94428b497265 HTTP/1.1" status: 200 len: 946 time: 0.4548447
2026-07-09 18:21:26.587 10 INFO neutron.db.ovn_revision_numbers_db [None req-2bdde121-77fe-4b38-af93-af57b1ac6672 - - - - - -] Successfully bumped revision number for resource a932126e-05bf-4324-8c12-1ac8fb09da4f (type: ports) to 4
2026-07-09 18:21:26.668 10 INFO neutron.wsgi [None req-96e53ca6-79cf-44e7-b55f-1ba538e7e497 077753f063e8478b87c0d96d27452cce df90cdda63254ebd911e7bff7285a5f7 - - default default] 10.0.0.184 "DELETE /v2.0/ports/04d4257c-1c86-4e70-aed5-94428b497265 HTTP/1.1" status: 204 len: 168 time: 0.2681544 /var/lib/openstack/lib/python3.10/site-packages/pycadf/identifier.py:71: UserWarning: Invalid uuid: neutron. To ensure interoperability, identifiers should be a valid uuid. warnings.warn(('Invalid uuid: %s. To ensure interoperability, '
2026-07-09 18:21:26.779 9 INFO neutron.wsgi [None req-124f85a0-d09b-412c-864a-6adce13d101c 077753f063e8478b87c0d96d27452cce df90cdda63254ebd911e7bff7285a5f7 - - default default] 10.0.0.184 "GET /v2.0/ports HTTP/1.1" status: 200 len: 1732 time: 0.1050549
2026-07-09 18:21:26.807 10 INFO neutron.pecan_wsgi.hooks.translation [None req-cdc948eb-b394-48a4-8bf2-df7699be4c7f 077753f063e8478b87c0d96d27452cce df90cdda63254ebd911e7bff7285a5f7 - - default default] GET failed (client error): The resource could not be found.
2026-07-09 18:21:26.809 10 INFO neutron.wsgi [None req-cdc948eb-b394-48a4-8bf2-df7699be4c7f 077753f063e8478b87c0d96d27452cce df90cdda63254ebd911e7bff7285a5f7 - - default default] 10.0.0.184 "GET /v2.0/ports/04d4257c-1c86-4e70-aed5-94428b497265 HTTP/1.1" status: 404 len: 333 time: 0.0244851
2026-07-09 18:21:26.870 9 INFO neutron.wsgi [None req-42680ff6-b962-4811-ad9f-01b8d9cdfd97 077753f063e8478b87c0d96d27452cce df90cdda63254ebd911e7bff7285a5f7 - - default default] 10.0.0.184 "GET /v2.0/ports HTTP/1.1" status: 200 len: 1732 time: 0.0483277
2026-07-09 18:21:26.900 10 INFO neutron.db.ovn_revision_numbers_db [None req-2bdde121-77fe-4b38-af93-af57b1ac6672 - - - - - -] Successfully bumped revision number for resource a932126e-05bf-4324-8c12-1ac8fb09da4f (type: router_ports) to 4
2026-07-09 18:21:26.926 9 INFO neutron.db.ovn_revision_numbers_db [None req-865d44a1-277d-4496-9053-88b7ad4e5e32 ac90d534b5c74098ac31f7b59855f72a cc2d520eb47f4706baf4f8a076454c0f - - default default] Successfully bumped revision number for resource 605b6efb-e3a3-4644-8968-fe76a70e6aa7 (type: router_ports) to 1
2026-07-09 18:21:26.979 10 INFO neutron.wsgi [None req-45bea533-4d69-464d-a38a-a75cb4f076eb 077753f063e8478b87c0d96d27452cce df90cdda63254ebd911e7bff7285a5f7 - - default default] 10.0.0.184 "GET /v2.0/ports/4f2e8ff7-a3b8-4c50-910b-23e9fe3649f5 HTTP/1.1" status: 200 len: 972 time: 0.0938542
2026-07-09 18:21:26.998 10 INFO neutron.pecan_wsgi.hooks.translation [None req-94e55073-5dfd-4b16-90e4-2b6dd95acc65 077753f063e8478b87c0d96d27452cce df90cdda63254ebd911e7bff7285a5f7 - - default default] DELETE failed (client error): The resource could not be found.
2026-07-09 18:21:27.000 10 INFO neutron.wsgi [None req-94e55073-5dfd-4b16-90e4-2b6dd95acc65 077753f063e8478b87c0d96d27452cce df90cdda63254ebd911e7bff7285a5f7 - - default default] 10.0.0.184 "DELETE /v2.0/ports/68a8a506-1fc3-4ad3-8657-2edaf951de30 HTTP/1.1" status: 404 len: 333 time: 0.0166585
2026-07-09 18:21:27.023 10 INFO neutron.pecan_wsgi.hooks.translation [None req-941e75b7-7de1-4f83-ad5c-7993862af9cc 077753f063e8478b87c0d96d27452cce df90cdda63254ebd911e7bff7285a5f7 - - default default] DELETE failed (client error): The resource could not be found.
2026-07-09 18:21:27.025 10 INFO neutron.wsgi [None req-941e75b7-7de1-4f83-ad5c-7993862af9cc 077753f063e8478b87c0d96d27452cce df90cdda63254ebd911e7bff7285a5f7 - - default default] 10.0.0.184 "DELETE /v2.0/subnets/d922c271-488d-4209-9084-775fe30c8214 HTTP/1.1" status: 404 len: 337 time: 0.0166662
2026-07-09 18:21:27.057 10 INFO neutron.pecan_wsgi.hooks.translation [None req-c77045c5-e7a8-4fdd-8948-b1250af78fd9 077753f063e8478b87c0d96d27452cce df90cdda63254ebd911e7bff7285a5f7 - - default default] DELETE failed (client error): The resource could not be found.
2026-07-09 18:21:27.060 10 INFO neutron.wsgi [None req-c77045c5-e7a8-4fdd-8948-b1250af78fd9 077753f063e8478b87c0d96d27452cce df90cdda63254ebd911e7bff7285a5f7 - - default default] 10.0.0.184 "DELETE /v2.0/subnets/310ceb78-62d3-4350-acdd-cb477b9aea9b HTTP/1.1" status: 404 len: 337 time: 0.0200572
2026-07-09 18:21:27.098 9 INFO neutron.db.ovn_revision_numbers_db [None req-865d44a1-277d-4496-9053-88b7ad4e5e32 ac90d534b5c74098ac31f7b59855f72a cc2d520eb47f4706baf4f8a076454c0f - - default default] Successfully bumped revision number for resource 605b6efb-e3a3-4644-8968-fe76a70e6aa7 (type: ports) to 1
2026-07-09 18:21:27.179 9 WARNING neutron.scheduler.dhcp_agent_scheduler [None req-865d44a1-277d-4496-9053-88b7ad4e5e32 ac90d534b5c74098ac31f7b59855f72a cc2d520eb47f4706baf4f8a076454c0f - - default default] No more DHCP agents
2026-07-09 18:21:27.180 9 WARNING neutron.api.rpc.agentnotifiers.dhcp_rpc_agent_api [None req-865d44a1-277d-4496-9053-88b7ad4e5e32 ac90d534b5c74098ac31f7b59855f72a cc2d520eb47f4706baf4f8a076454c0f - - default default] Unable to schedule network 83068998-00b6-44a1-9ac3-82c81ca9b885: no agents available; will retry on subsequent port and subnet creation events.
2026-07-09 18:21:27.353 10 INFO neutron.wsgi [None req-5e24f6a8-f05e-4d05-9140-4fa912a70c5c 077753f063e8478b87c0d96d27452cce df90cdda63254ebd911e7bff7285a5f7 - - default default] 10.0.0.184 "DELETE /v2.0/ports/4f2e8ff7-a3b8-4c50-910b-23e9fe3649f5 HTTP/1.1" status: 204 len: 168 time: 0.2894263
2026-07-09 18:21:27.419 10 INFO neutron.plugins.ml2.drivers.ovn.mech_driver.mech_driver [None req-102ba487-2f31-4aa6-a799-21a3e7eb0c76 - - - - - -] OVN reports status up for port: 605b6efb-e3a3-4644-8968-fe76a70e6aa7
2026-07-09 18:21:27.431 10 INFO neutron.plugins.ml2.plugin [None req-102ba487-2f31-4aa6-a799-21a3e7eb0c76 - - - - - -] Attempt 1 to provision port 605b6efb-e3a3-4644-8968-fe76a70e6aa7
2026-07-09 18:21:27.658 9 INFO neutron.db.ovn_revision_numbers_db [None req-865d44a1-277d-4496-9053-88b7ad4e5e32 ac90d534b5c74098ac31f7b59855f72a cc2d520eb47f4706baf4f8a076454c0f - - default default] Successfully bumped revision number for resource 605b6efb-e3a3-4644-8968-fe76a70e6aa7 (type: router_ports) to 1
2026-07-09 18:21:27.660 9 INFO neutron.wsgi [None req-865d44a1-277d-4496-9053-88b7ad4e5e32 ac90d534b5c74098ac31f7b59855f72a cc2d520eb47f4706baf4f8a076454c0f - - default default] 10.0.0.184 "PUT /v2.0/routers/6a5a959e-ca6c-4f5d-a190-0ff884b67c9f/add_router_interface HTTP/1.1" status: 200 len: 503 time: 2.3304377
2026-07-09 18:21:27.782 10 INFO neutron.db.ovn_revision_numbers_db [None req-3038f39a-7423-4dbb-abaf-402046fea09d 8ec01c64355c4acc952e9596b2f297e1 749864e896204789a02b08c4f46eb01e - - default default] Successfully bumped revision number for resource f242ab36-fd9f-4d3d-ada0-e2c6c9fc2341 (type: security_groups) to 1
2026-07-09 18:21:27.807 10 INFO neutron.db.ovn_revision_numbers_db [None req-3038f39a-7423-4dbb-abaf-402046fea09d 8ec01c64355c4acc952e9596b2f297e1 749864e896204789a02b08c4f46eb01e - - default default] Successfully bumped revision number for resource 60179e12-6e7d-4c3a-b916-298d3c70b7e8 (type: security_group_rules) to 0
