2026-07-09 18:24:03.977 10 INFO neutron.services.segments.plugin [-] Segment 9f3e0820-d50c-4f57-a2ca-4e2584c63edb resource provider not found; error: Placement Client Error (4xx): {"errors": [{"status": 404, "title": "Not Found", "detail": "The resource could not be found.\n\n No resource provider with uuid 9f3e0820-d50c-4f57-a2ca-4e2584c63edb found for delete ", "request_id": "req-236fe3ae-c3c9-4808-8667-2fafc9f85a90"}]}
2026-07-09 18:24:03.986 9 INFO neutron.wsgi [None req-e2357a2f-5a27-4de5-913d-0ca17eceb673 9ae46e07d827456592dc571117d57e69 0b9f08a6d545417b870cd0e82ce717c5 - - default default] 10.0.0.184 "DELETE /v2.0/networks/cf22cfb9-8651-495c-983e-98da9b7ec362 HTTP/1.1" status: 204 len: 168 time: 0.4669886
2026-07-09 18:24:04.052 10 INFO neutron.wsgi [None req-f7366558-7c65-4d9d-8673-455dffb24959 b0da6fb039f248aa84edc60258ab8aab 58b0891ccb1a4c49a3fead3d075cb07c - - default default] 10.0.0.184 "DELETE /v2.0/subnets/142d128f-797e-48ad-9370-d23d1ef83a07 HTTP/1.1" status: 204 len: 168 time: 0.5540788
2026-07-09 18:24:04.488 10 INFO neutron.wsgi [None req-ae17402e-a452-4b90-9204-549324d6fb00 b0da6fb039f248aa84edc60258ab8aab 58b0891ccb1a4c49a3fead3d075cb07c - - default default] 10.0.0.184 "DELETE /v2.0/networks/83c8c6e7-d999-453e-9b87-38e4e0f76d35 HTTP/1.1" status: 204 len: 168 time: 0.4300494
2026-07-09 18:24:05.034 9 INFO neutron.services.segments.plugin [-] Segment 47c6f9dc-11c9-4a01-9083-32f2acb93e3b resource provider aggregate not found
2026-07-09 18:24:05.039 9 INFO neutron.services.segments.plugin [-] Segment 47c6f9dc-11c9-4a01-9083-32f2acb93e3b resource provider aggregate not found
2026-07-09 18:24:05.048 9 INFO neutron.services.segments.plugin [-] Segment 47c6f9dc-11c9-4a01-9083-32f2acb93e3b resource provider not found; error: Placement Client Error (4xx): {"errors": [{"status": 404, "title": "Not Found", "detail": "The resource could not be found.\n\n No resource provider with uuid 47c6f9dc-11c9-4a01-9083-32f2acb93e3b found for delete ", "request_id": "req-f2332b07-8957-4512-85b9-dcb1555590b6"}]}
2026-07-09 18:24:05.054 9 INFO neutron.services.segments.plugin [-] Segment 47c6f9dc-11c9-4a01-9083-32f2acb93e3b resource provider not found; error: Placement Client Error (4xx): {"errors": [{"status": 404, "title": "Not Found", "detail": "The resource could not be found.\n\n No resource provider with uuid 47c6f9dc-11c9-4a01-9083-32f2acb93e3b found for delete ", "request_id": "req-2909a92c-5376-4e70-b3f0-76297cc85f0c"}]}
2026-07-09 18:24:05.113 9 WARNING neutron.scheduler.dhcp_agent_scheduler [None req-228f8d13-ffa7-4641-b382-c6d640cf1392 b0da6fb039f248aa84edc60258ab8aab 58b0891ccb1a4c49a3fead3d075cb07c - - default default] No more DHCP agents
2026-07-09 18:24:05.116 9 WARNING neutron.api.rpc.agentnotifiers.dhcp_rpc_agent_api [None req-228f8d13-ffa7-4641-b382-c6d640cf1392 b0da6fb039f248aa84edc60258ab8aab 58b0891ccb1a4c49a3fead3d075cb07c - - default default] Unable to schedule network ace9516a-9936-439f-bbef-3afcaba1e40f: no agents available; will retry on subsequent port and subnet creation events.
2026-07-09 18:24:05.247 10 INFO neutron.wsgi [None req-544dcac5-9407-4687-aa4e-ad400f996a12 ac90d534b5c74098ac31f7b59855f72a cc2d520eb47f4706baf4f8a076454c0f - - default default] 10.0.0.184 "GET /v2.0/security-groups?tenant_id=0b9f08a6d545417b870cd0e82ce717c5&name=default HTTP/1.1" status: 200 len: 2996 time: 0.2090054
2026-07-09 18:24:05.285 9 INFO neutron.db.ovn_revision_numbers_db [None req-228f8d13-ffa7-4641-b382-c6d640cf1392 b0da6fb039f248aa84edc60258ab8aab 58b0891ccb1a4c49a3fead3d075cb07c - - default default] Successfully bumped revision number for resource 7c177f81-1b5a-45f6-b383-65ad093622ef (type: ports) to 1
2026-07-09 18:24:05.532 10 INFO neutron.wsgi [None req-ee7a21ef-cabf-445f-b89c-8a8e862e16dc ac90d534b5c74098ac31f7b59855f72a cc2d520eb47f4706baf4f8a076454c0f - - default default] 10.0.0.184 "DELETE /v2.0/security-groups/b98b4b55-92aa-4f66-8813-dc6682e71004 HTTP/1.1" status: 204 len: 168 time: 0.2803185
2026-07-09 18:24:05.780 10 INFO neutron.db.ovn_revision_numbers_db [None req-96553517-863b-45ed-8108-c44b02e269bd ac90d534b5c74098ac31f7b59855f72a cc2d520eb47f4706baf4f8a076454c0f - - default default] Successfully bumped revision number for resource fb81e0ae-b477-4908-9c79-796d6bc85732 (type: security_groups) to 1
2026-07-09 18:24:05.792 10 INFO neutron.db.ovn_revision_numbers_db [None req-96553517-863b-45ed-8108-c44b02e269bd ac90d534b5c74098ac31f7b59855f72a cc2d520eb47f4706baf4f8a076454c0f - - default default] Successfully bumped revision number for resource 1a551874-e44c-4c94-a7cd-1fc68ae31837 (type: security_group_rules) to 0
2026-07-09 18:24:05.821 10 INFO neutron.db.ovn_revision_numbers_db [None req-96553517-863b-45ed-8108-c44b02e269bd ac90d534b5c74098ac31f7b59855f72a cc2d520eb47f4706baf4f8a076454c0f - - default default] Successfully bumped revision number for resource 1b62963e-56de-47a4-b1cf-633f231d2532 (type: security_group_rules) to 0
2026-07-09 18:24:05.843 10 INFO neutron.db.ovn_revision_numbers_db [None req-96553517-863b-45ed-8108-c44b02e269bd ac90d534b5c74098ac31f7b59855f72a cc2d520eb47f4706baf4f8a076454c0f - - default default] Successfully bumped revision number for resource 22b379fa-896d-40cf-8f50-e212037befa8 (type: security_group_rules) to 0
2026-07-09 18:24:05.871 10 INFO neutron.db.ovn_revision_numbers_db [None req-96553517-863b-45ed-8108-c44b02e269bd ac90d534b5c74098ac31f7b59855f72a cc2d520eb47f4706baf4f8a076454c0f - - default default] Successfully bumped revision number for resource 36c5e695-788d-45e4-94c9-8d45fc425e95 (type: security_group_rules) to 0
2026-07-09 18:24:05.904 10 INFO neutron.wsgi [None req-96553517-863b-45ed-8108-c44b02e269bd ac90d534b5c74098ac31f7b59855f72a cc2d520eb47f4706baf4f8a076454c0f - - default default] 10.0.0.184 "GET /v2.0/security-groups?tenant_id=04e9659366004d4bb75f44c6716c3aea&name=default HTTP/1.1" status: 200 len: 2996 time: 0.2343390
2026-07-09 18:24:06.002 10 INFO neutron.services.segments.plugin [-] Segment 476182f3-497e-4b40-b522-b6ba3d650a4b resource provider aggregate not found
2026-07-09 18:24:06.006 10 INFO neutron.services.segments.plugin [-] Segment 476182f3-497e-4b40-b522-b6ba3d650a4b resource provider aggregate not found
2026-07-09 18:24:06.018 10 INFO neutron.services.segments.plugin [-] Segment 476182f3-497e-4b40-b522-b6ba3d650a4b resource provider not found; error: Placement Client Error (4xx): {"errors": [{"status": 404, "title": "Not Found", "detail": "The resource could not be found.\n\n No resource provider with uuid 476182f3-497e-4b40-b522-b6ba3d650a4b found for delete ", "request_id": "req-7df9ad5c-e066-47e0-9356-2ac562185edc"}]}
2026-07-09 18:24:06.026 10 INFO neutron.services.segments.plugin [-] Segment 476182f3-497e-4b40-b522-b6ba3d650a4b resource provider not found; error: Placement Client Error (4xx): {"errors": [{"status": 404, "title": "Not Found", "detail": "The resource could not be found.\n\n No resource provider with uuid 476182f3-497e-4b40-b522-b6ba3d650a4b found for delete ", "request_id": "req-850a9d3c-50df-429b-96e4-d203806a2a0f"}]}
2026-07-09 18:24:06.050 9 INFO neutron.db.ovn_revision_numbers_db [None req-228f8d13-ffa7-4641-b382-c6d640cf1392 b0da6fb039f248aa84edc60258ab8aab 58b0891ccb1a4c49a3fead3d075cb07c - - default default] Successfully bumped revision number for resource 7c177f81-1b5a-45f6-b383-65ad093622ef (type: router_ports) to 1
2026-07-09 18:24:06.136 9 INFO neutron.db.ovn_revision_numbers_db [None req-228f8d13-ffa7-4641-b382-c6d640cf1392 b0da6fb039f248aa84edc60258ab8aab 58b0891ccb1a4c49a3fead3d075cb07c - - default default] Successfully bumped revision number for resource 369ea4c0-98e3-4b14-b795-2e9e91efa361 (type: routers) to 2
2026-07-09 18:24:06.164 9 INFO neutron.wsgi [None req-228f8d13-ffa7-4641-b382-c6d640cf1392 b0da6fb039f248aa84edc60258ab8aab 58b0891ccb1a4c49a3fead3d075cb07c - - default default] 10.0.0.184 "POST /v2.0/routers HTTP/1.1" status: 201 len: 868 time: 1.6701713
2026-07-09 18:24:06.199 10 INFO neutron.wsgi [None req-719fc15c-c080-4fc3-b58e-161fe13385f4 ac90d534b5c74098ac31f7b59855f72a cc2d520eb47f4706baf4f8a076454c0f - - default default] 10.0.0.184 "DELETE /v2.0/security-groups/fb81e0ae-b477-4908-9c79-796d6bc85732 HTTP/1.1" status: 204 len: 168 time: 0.2895195
2026-07-09 18:24:06.243 10 INFO neutron.wsgi [None req-0221e236-b5d2-4d95-b855-5cfae02c0632 b0da6fb039f248aa84edc60258ab8aab 58b0891ccb1a4c49a3fead3d075cb07c - - default default] 10.0.0.184 "GET /v2.0/routers/369ea4c0-98e3-4b14-b795-2e9e91efa361 HTTP/1.1" status: 200 len: 869 time: 0.0735507
2026-07-09 18:24:06.346 10 INFO neutron.wsgi [None req-5c44cb56-8453-476a-906f-09ce8095fec8 b0da6fb039f248aa84edc60258ab8aab 58b0891ccb1a4c49a3fead3d075cb07c - - default default] 10.0.0.184 "GET /v2.0/routers HTTP/1.1" status: 200 len: 872 time: 0.0991476
2026-07-09 18:24:06.504 10 INFO neutron.db.ovn_revision_numbers_db [None req-f4820d16-cf53-4375-aa66-d422c63ca529 ac90d534b5c74098ac31f7b59855f72a cc2d520eb47f4706baf4f8a076454c0f - - default default] Successfully bumped revision number for resource 72df41b8-64e6-46d4-8e79-cd2f44db4ae0 (type: security_groups) to 1
2026-07-09 18:24:06.572 10 INFO neutron.db.ovn_revision_numbers_db [None req-f4820d16-cf53-4375-aa66-d422c63ca529 ac90d534b5c74098ac31f7b59855f72a cc2d520eb47f4706baf4f8a076454c0f - - default default] Successfully bumped revision number for resource 06200c8b-94bf-4f76-8f34-47e6d35f8f0f (type: security_group_rules) to 0
2026-07-09 18:24:06.593 10 INFO neutron.db.ovn_revision_numbers_db [None req-f4820d16-cf53-4375-aa66-d422c63ca529 ac90d534b5c74098ac31f7b59855f72a cc2d520eb47f4706baf4f8a076454c0f - - default default] Successfully bumped revision number for resource 594a2991-db6d-4261-ac88-06c4fe8163c4 (type: security_group_rules) to 0
2026-07-09 18:24:06.620 10 INFO neutron.db.ovn_revision_numbers_db [None req-f4820d16-cf53-4375-aa66-d422c63ca529 ac90d534b5c74098ac31f7b59855f72a cc2d520eb47f4706baf4f8a076454c0f - - default default] Successfully bumped revision number for resource 7911e048-7e42-4285-83fc-5683a53bb87c (type: security_group_rules) to 0
2026-07-09 18:24:06.658 10 INFO neutron.db.ovn_revision_numbers_db [None req-f4820d16-cf53-4375-aa66-d422c63ca529 ac90d534b5c74098ac31f7b59855f72a cc2d520eb47f4706baf4f8a076454c0f - - default default] Successfully bumped revision number for resource e294de3e-2fbe-434c-b0ee-2d2bb4359364 (type: security_group_rules) to 0
2026-07-09 18:24:06.687 10 INFO neutron.wsgi [None req-f4820d16-cf53-4375-aa66-d422c63ca529 ac90d534b5c74098ac31f7b59855f72a cc2d520eb47f4706baf4f8a076454c0f - - default default] 10.0.0.184 "GET /v2.0/security-groups?tenant_id=7aff4f2a7d5149c69227fc6cba40198d&name=default HTTP/1.1" status: 200 len: 2996 time: 0.3100388
2026-07-09 18:24:07.132 9 INFO neutron.db.ovn_revision_numbers_db [None req-ca0d7aad-5f2b-4293-b5c0-4bfcc2e641de b0da6fb039f248aa84edc60258ab8aab 58b0891ccb1a4c49a3fead3d075cb07c - - default default] Successfully bumped revision number for resource 369ea4c0-98e3-4b14-b795-2e9e91efa361 (type: routers) to 3
2026-07-09 18:24:07.136 9 INFO neutron.wsgi [None req-ca0d7aad-5f2b-4293-b5c0-4bfcc2e641de b0da6fb039f248aa84edc60258ab8aab 58b0891ccb1a4c49a3fead3d075cb07c - - default default] 10.0.0.184 "PUT /v2.0/routers/369ea4c0-98e3-4b14-b795-2e9e91efa361 HTTP/1.1" status: 200 len: 876 time: 0.7841327
2026-07-09 18:24:07.246 10 INFO neutron.wsgi [None req-248964a4-1451-43b5-ba8a-871593e0576d b0da6fb039f248aa84edc60258ab8aab 58b0891ccb1a4c49a3fead3d075cb07c - - default default] 10.0.0.184 "GET /v2.0/routers/369ea4c0-98e3-4b14-b795-2e9e91efa361 HTTP/1.1" status: 200 len: 876 time: 0.0989652
2026-07-09 18:24:07.273 10 INFO neutron.wsgi [None req-85559e00-2fb3-4c81-bbdf-cdd49562abc2 b0da6fb039f248aa84edc60258ab8aab 58b0891ccb1a4c49a3fead3d075cb07c - - default default] 10.0.0.184 "GET /v2.0/ports?device_id=369ea4c0-98e3-4b14-b795-2e9e91efa361 HTTP/1.1" status: 200 len: 205 time: 0.0232558
2026-07-09 18:24:07.284 9 INFO neutron.wsgi [None req-f420efc7-b7ec-455d-a209-4f8e2b1bbcb5 ac90d534b5c74098ac31f7b59855f72a cc2d520eb47f4706baf4f8a076454c0f - - default default] 10.0.0.184 "DELETE /v2.0/security-groups/72df41b8-64e6-46d4-8e79-cd2f44db4ae0 HTTP/1.1" status: 204 len: 168 time: 0.5925550
2026-07-09 18:24:07.451 9 WARNING neutron.plugins.ml2.drivers.ovn.mech_driver.ovsdb.ovn_client [None req-6fcdafc8-1bdd-49ee-b035-3146ad08ce5f - - - - - -] No port found with ID dbcfd3dc-03b3-40ea-a795-6c167ff139e1: RuntimeError: No port found with ID dbcfd3dc-03b3-40ea-a795-6c167ff139e1
2026-07-09 18:24:07.452 9 INFO neutron.plugins.ml2.drivers.ovn.mech_driver.mech_driver [None req-6fcdafc8-1bdd-49ee-b035-3146ad08ce5f - - - - - -] OVN reports status up for port: 7c177f81-1b5a-45f6-b383-65ad093622ef
2026-07-09 18:24:07.461 9 INFO neutron.plugins.ml2.plugin [None req-6fcdafc8-1bdd-49ee-b035-3146ad08ce5f - - - - - -] Attempt 1 to provision port 7c177f81-1b5a-45f6-b383-65ad093622ef
2026-07-09 18:24:08.071 10 INFO neutron.wsgi [None req-2aa4c14d-cdf2-45ea-a6db-5069f80cc3ef b0da6fb039f248aa84edc60258ab8aab 58b0891ccb1a4c49a3fead3d075cb07c - - default default] 10.0.0.184 "DELETE /v2.0/routers/369ea4c0-98e3-4b14-b795-2e9e91efa361 HTTP/1.1" status: 204 len: 168 time: 0.7921154
2026-07-09 18:24:08.095 10 INFO neutron.wsgi [None req-d2cdc7cd-d85a-44fe-869d-1ab14750375b b0da6fb039f248aa84edc60258ab8aab 58b0891ccb1a4c49a3fead3d075cb07c - - default default] 10.0.0.184 "GET /v2.0/ports?device_id=369ea4c0-98e3-4b14-b795-2e9e91efa361 HTTP/1.1" status: 200 len: 205 time: 0.0162566
2026-07-09 18:24:08.122 10 INFO neutron.api.v2.resource [None req-8d62decb-18d8-4237-9513-ff0af7f8a63e b0da6fb039f248aa84edc60258ab8aab 58b0891ccb1a4c49a3fead3d075cb07c - - default default] delete failed (client error): The resource could not be found.
2026-07-09 18:24:08.124 10 INFO neutron.wsgi [None req-8d62decb-18d8-4237-9513-ff0af7f8a63e b0da6fb039f248aa84edc60258ab8aab 58b0891ccb1a4c49a3fead3d075cb07c - - default default] 10.0.0.184 "DELETE /v2.0/routers/369ea4c0-98e3-4b14-b795-2e9e91efa361 HTTP/1.1" status: 404 len: 336 time: 0.0239229
2026-07-09 18:24:08.147 10 INFO neutron.wsgi [None req-29996e54-4f42-4208-975c-6992e4391b3d b0da6fb039f248aa84edc60258ab8aab 58b0891ccb1a4c49a3fead3d075cb07c - - default default] 10.0.0.184 "GET /v2.0/ports?device_id=ff8c22b1-d8d3-4ad0-b9ed-34b6e01917c8 HTTP/1.1" status: 200 len: 205 time: 0.0187037
2026-07-09 18:24:08.173 10 INFO neutron.api.v2.resource [None req-07fd784d-0724-4702-8c88-ec641c9cf157 b0da6fb039f248aa84edc60258ab8aab 58b0891ccb1a4c49a3fead3d075cb07c - - default default] delete failed (client error): The resource could not be found.
2026-07-09 18:24:08.174 10 INFO neutron.wsgi [None req-07fd784d-0724-4702-8c88-ec641c9cf157 b0da6fb039f248aa84edc60258ab8aab 58b0891ccb1a4c49a3fead3d075cb07c - - default default] 10.0.0.184 "DELETE /v2.0/routers/ff8c22b1-d8d3-4ad0-b9ed-34b6e01917c8 HTTP/1.1" status: 404 len: 336 time: 0.0223227
2026-07-09 18:24:08.193 10 INFO neutron.pecan_wsgi.hooks.translation [None req-a5df7ade-127c-42c2-b17b-68bb7eabc68a b0da6fb039f248aa84edc60258ab8aab 58b0891ccb1a4c49a3fead3d075cb07c - - default default] DELETE failed (client error): The resource could not be found.
2026-07-09 18:24:08.195 10 INFO neutron.wsgi [None req-a5df7ade-127c-42c2-b17b-68bb7eabc68a b0da6fb039f248aa84edc60258ab8aab 58b0891ccb1a4c49a3fead3d075cb07c - - default default] 10.0.0.184 "DELETE /v2.0/subnets/142d128f-797e-48ad-9370-d23d1ef83a07 HTTP/1.1" status: 404 len: 337 time: 0.0176327
2026-07-09 18:24:08.219 10 INFO neutron.wsgi [None req-6eb51c1e-d835-49fa-9443-d444d888c182 b0da6fb039f248aa84edc60258ab8aab 58b0891ccb1a4c49a3fead3d075cb07c - - default default] 10.0.0.184 "GET /v2.0/ports?device_id=ca55555a-8773-4ba5-adca-e02a2f2bf2d6 HTTP/1.1" status: 200 len: 205 time: 0.0202568
2026-07-09 18:24:08.248 10 INFO neutron.api.v2.resource [None req-82e8d632-da30-4fba-af64-9e9ff1a214b9 b0da6fb039f248aa84edc60258ab8aab 58b0891ccb1a4c49a3fead3d075cb07c - - default default] delete failed (client error): The resource could not be found.
2026-07-09 18:24:08.249 10 INFO neutron.wsgi [None req-82e8d632-da30-4fba-af64-9e9ff1a214b9 b0da6fb039f248aa84edc60258ab8aab 58b0891ccb1a4c49a3fead3d075cb07c - - default default] 10.0.0.184 "DELETE /v2.0/routers/ca55555a-8773-4ba5-adca-e02a2f2bf2d6 HTTP/1.1" status: 404 len: 336 time: 0.0235779
2026-07-09 18:24:08.267 10 INFO neutron.pecan_wsgi.hooks.translation [None req-9845e681-f5a9-4e8e-99f2-e977b9c1e0fc b0da6fb039f248aa84edc60258ab8aab 58b0891ccb1a4c49a3fead3d075cb07c - - default default] DELETE failed (client error): The resource could not be found.
2026-07-09 18:24:08.269 10 INFO neutron.wsgi [None req-9845e681-f5a9-4e8e-99f2-e977b9c1e0fc b0da6fb039f248aa84edc60258ab8aab 58b0891ccb1a4c49a3fead3d075cb07c - - default default] 10.0.0.184 "DELETE /v2.0/subnets/9852c706-b041-481f-8910-4877ede2c871 HTTP/1.1" status: 404 len: 337 time: 0.0155571
2026-07-09 18:24:08.310 10 INFO neutron.wsgi [None req-2e438641-c6db-4c2d-92b2-27201527736f b0da6fb039f248aa84edc60258ab8aab 58b0891ccb1a4c49a3fead3d075cb07c - - default default] 10.0.0.184 "GET /v2.0/ports?device_id=4776db52-d38e-40a2-8488-d490b3b1d89b HTTP/1.1" status: 200 len: 205 time: 0.0259986
2026-07-09 18:24:08.365 10 INFO neutron.api.v2.resource [None req-5da85f22-4790-41eb-8b89-e23ec1eccb9a b0da6fb039f248aa84edc60258ab8aab 58b0891ccb1a4c49a3fead3d075cb07c - - default default] delete failed (client error): The resource could not be found.
2026-07-09 18:24:08.366 10 INFO neutron.wsgi [None req-5da85f22-4790-41eb-8b89-e23ec1eccb9a b0da6fb039f248aa84edc60258ab8aab 58b0891ccb1a4c49a3fead3d075cb07c - - default default] 10.0.0.184 "DELETE /v2.0/routers/4776db52-d38e-40a2-8488-d490b3b1d89b HTTP/1.1" status: 404 len: 336 time: 0.0367529
2026-07-09 18:24:08.387 10 INFO neutron.pecan_wsgi.hooks.translation [None req-e5b47e32-8718-4099-a595-d2625666f9ac b0da6fb039f248aa84edc60258ab8aab 58b0891ccb1a4c49a3fead3d075cb07c - - default default] DELETE failed (client error): The resource could not be found.
2026-07-09 18:24:08.390 10 INFO neutron.wsgi [None req-e5b47e32-8718-4099-a595-d2625666f9ac b0da6fb039f248aa84edc60258ab8aab 58b0891ccb1a4c49a3fead3d075cb07c - - default default] 10.0.0.184 "DELETE /v2.0/subnets/cee5143c-4878-4a46-90f2-9cf1157aea25 HTTP/1.1" status: 404 len: 337 time: 0.0208302
2026-07-09 18:24:08.413 10 INFO neutron.pecan_wsgi.hooks.translation [None req-43914ccc-79c7-4736-8bac-53a9d3ff26e4 b0da6fb039f248aa84edc60258ab8aab 58b0891ccb1a4c49a3fead3d075cb07c - - default default] DELETE failed (client error): The resource could not be found.
2026-07-09 18:24:08.418 10 INFO neutron.wsgi [None req-43914ccc-79c7-4736-8bac-53a9d3ff26e4 b0da6fb039f248aa84edc60258ab8aab 58b0891ccb1a4c49a3fead3d075cb07c - - default default] 10.0.0.184 "DELETE /v2.0/subnets/53997382-8f9f-4a4e-a9e7-cb399647d8c7 HTTP/1.1" status: 404 len: 337 time: 0.0244200
2026-07-09 18:24:09.290 9 INFO neutron.wsgi [None req-99c6c857-c409-4c85-8c0c-7e3e73fe1ad2 ac90d534b5c74098ac31f7b59855f72a cc2d520eb47f4706baf4f8a076454c0f - - default default] 10.0.0.184 "GET /v2.0/security-groups?tenant_id=58b0891ccb1a4c49a3fead3d075cb07c&name=default HTTP/1.1" status: 200 len: 2996 time: 0.3337846
2026-07-09 18:24:09.511 10 INFO neutron.wsgi [None req-fda67d2d-cad3-4e48-b5c5-35fe1d139814 ac90d534b5c74098ac31f7b59855f72a cc2d520eb47f4706baf4f8a076454c0f - - default default] 10.0.0.184 "DELETE /v2.0/security-groups/85a5dea2-97d7-4d23-a951-9c1053f68df2 HTTP/1.1" status: 204 len: 168 time: 0.2159164
2026-07-09 18:24:11.160 10 INFO neutron.wsgi [None req-5c5124fc-2b66-4d45-8381-6d2ac4e409f3 2cb1c475e76b4a60ac664e18857809ac 410073ab049d45d481979ca76afd84cc - - default default] 10.0.0.184 "POST /v2.0/qos/policies HTTP/1.1" status: 201 len: 558 time: 0.2680774
2026-07-09 18:24:11.214 10 INFO neutron.wsgi [None req-898c99b2-5093-423c-b14b-ed7e3fcb9dd6 2cb1c475e76b4a60ac664e18857809ac 410073ab049d45d481979ca76afd84cc - - default default] 10.0.0.184 "PUT /v2.0/policies/e652e949-322a-4946-a105-11a3c3a965ec/tags HTTP/1.1" status: 200 len: 218 time: 0.0449433
2026-07-09 18:24:11.235 10 INFO neutron.wsgi [None req-d9176873-2683-4d87-b107-03295d804423 2cb1c475e76b4a60ac664e18857809ac 410073ab049d45d481979ca76afd84cc - - default default] 10.0.0.184 "GET /v2.0/policies/e652e949-322a-4946-a105-11a3c3a965ec/tags HTTP/1.1" status: 200 len: 218 time: 0.0164263
2026-07-09 18:24:11.273 10 INFO neutron.wsgi [None req-5e831c39-e8d5-4cb3-9c1b-a79ee0cdb192 2cb1c475e76b4a60ac664e18857809ac 410073ab049d45d481979ca76afd84cc - - default default] 10.0.0.184 "PUT /v2.0/policies/e652e949-322a-4946-a105-11a3c3a965ec/tags/green HTTP/1.1" status: 201 len: 201 time: 0.0334122
2026-07-09 18:24:11.292 10 INFO neutron.wsgi [None req-d0977978-46a4-413e-a113-2eaec55edbeb 2cb1c475e76b4a60ac664e18857809ac 410073ab049d45d481979ca76afd84cc - - default default] 10.0.0.184 "GET /v2.0/policies/e652e949-322a-4946-a105-11a3c3a965ec/tags HTTP/1.1" status: 200 len: 227 time: 0.0151904
2026-07-09 18:24:11.309 10 INFO neutron.wsgi [None req-3147c5c3-d84e-479a-998b-220846fef8ff 2cb1c475e76b4a60ac664e18857809ac 410073ab049d45d481979ca76afd84cc - - default default] 10.0.0.184 "PUT /v2.0/policies/e652e949-322a-4946-a105-11a3c3a965ec/tags/red HTTP/1.1" status: 201 len: 201 time: 0.0132177
2026-07-09 18:24:11.327 10 INFO neutron.wsgi [None req-bb689b69-e9bd-466a-b6ad-8b4c00e938ac 2cb1c475e76b4a60ac664e18857809ac 410073ab049d45d481979ca76afd84cc - - default default] 10.0.0.184 "GET /v2.0/policies/e652e949-322a-4946-a105-11a3c3a965ec/tags HTTP/1.1" status: 200 len: 227 time: 0.0141234
2026-07-09 18:24:11.372 9 INFO neutron.wsgi [None req-4d76f0b8-da32-4c42-8ca4-30713072ae72 2cb1c475e76b4a60ac664e18857809ac 410073ab049d45d481979ca76afd84cc - - default default] 10.0.0.184 "PUT /v2.0/policies/e652e949-322a-4946-a105-11a3c3a965ec/tags/black.or.white HTTP/1.1" status: 201 len: 201 time: 0.0388303
2026-07-09 18:24:11.409 10 INFO neutron.wsgi [None req-40dda388-23c3-448b-9fa6-753306ef6214 2cb1c475e76b4a60ac664e18857809ac 410073ab049d45d481979ca76afd84cc - - default default] 10.0.0.184 "GET /v2.0/policies/e652e949-322a-4946-a105-11a3c3a965ec/tags HTTP/1.1" status: 200 len: 245 time: 0.0163047
2026-07-09 18:24:11.478 10 INFO neutron.wsgi [None req-1750944e-dd13-492a-bf20-8d5064bf2b7a 2cb1c475e76b4a60ac664e18857809ac 410073ab049d45d481979ca76afd84cc - - default default] 10.0.0.184 "PUT /v2.0/policies/e652e949-322a-4946-a105-11a3c3a965ec/tags HTTP/1.1" status: 200 len: 230 time: 0.0520062
2026-07-09 18:24:11.502 9 INFO neutron.wsgi [None req-51bbbb4e-f563-4257-88c0-59bd5a5ea552 2cb1c475e76b4a60ac664e18857809ac 410073ab049d45d481979ca76afd84cc - - default default] 10.0.0.184 "GET /v2.0/policies/e652e949-322a-4946-a105-11a3c3a965ec/tags HTTP/1.1" status: 200 len: 230 time: 0.0204086
2026-07-09 18:24:11.517 9 INFO neutron.wsgi [None req-cbaaf7e6-97fe-4168-be2b-9671375bfe4d 2cb1c475e76b4a60ac664e18857809ac 410073ab049d45d481979ca76afd84cc - - default default] 10.0.0.184 "GET /v2.0/policies/e652e949-322a-4946-a105-11a3c3a965ec/tags/red HTTP/1.1" status: 204 len: 168 time: 0.0102999
2026-07-09 18:24:11.541 9 INFO neutron.api.v2.resource [None req-741fba82-e3de-424f-998a-223603d7eeef 2cb1c475e76b4a60ac664e18857809ac 410073ab049d45d481979ca76afd84cc - - default default] show failed (client error): The resource could not be found.
2026-07-09 18:24:11.542 9 INFO neutron.wsgi [None req-741fba82-e3de-424f-998a-223603d7eeef 2cb1c475e76b4a60ac664e18857809ac 410073ab049d45d481979ca76afd84cc - - default default] 10.0.0.184 "GET /v2.0/policies/e652e949-322a-4946-a105-11a3c3a965ec/tags/green HTTP/1.1" status: 404 len: 299 time: 0.0219967
2026-07-09 18:24:11.652 9 INFO neutron.wsgi [None req-ba929047-bcd9-423b-b8f0-08e0ed6e3576 2cb1c475e76b4a60ac664e18857809ac 410073ab049d45d481979ca76afd84cc - - default default] 10.0.0.184 "DELETE /v2.0/policies/e652e949-322a-4946-a105-11a3c3a965ec/tags/red HTTP/1.1" status: 204 len: 168 time: 0.1051133
2026-07-09 18:24:11.670 10 INFO neutron.wsgi [None req-743b5886-94dc-4040-ad28-2032844a123c 2cb1c475e76b4a60ac664e18857809ac 410073ab049d45d481979ca76afd84cc - - default default] 10.0.0.184 "GET /v2.0/policies/e652e949-322a-4946-a105-11a3c3a965ec/tags HTTP/1.1" status: 200 len: 223 time: 0.0135217
2026-07-09 18:24:11.690 10 INFO neutron.api.v2.resource [None req-c3b6ccce-5a4f-4318-8ecd-077ff256c046 2cb1c475e76b4a60ac664e18857809ac 410073ab049d45d481979ca76afd84cc - - default default] delete failed (client error): The resource could not be found.
2026-07-09 18:24:11.692 10 INFO neutron.wsgi [None req-c3b6ccce-5a4f-4318-8ecd-077ff256c046 2cb1c475e76b4a60ac664e18857809ac 410073ab049d45d481979ca76afd84cc - - default default] 10.0.0.184 "DELETE /v2.0/policies/e652e949-322a-4946-a105-11a3c3a965ec/tags/green HTTP/1.1" status: 404 len: 299 time: 0.0181620
2026-07-09 18:24:11.732 10 INFO neutron.wsgi [None req-e05cbeb7-d80f-4928-bfaf-7bbb1a4a4fa0 2cb1c475e76b4a60ac664e18857809ac 410073ab049d45d481979ca76afd84cc - - default default] 10.0.0.184 "DELETE /v2.0/policies/e652e949-322a-4946-a105-11a3c3a965ec/tags HTTP/1.1" status: 204 len: 168 time: 0.0355754
2026-07-09 18:24:11.751 9 INFO neutron.wsgi [None req-6a59bbf1-9998-4f19-8f39-8d45158a4813 2cb1c475e76b4a60ac664e18857809ac 410073ab049d45d481979ca76afd84cc - - default default] 10.0.0.184 "GET /v2.0/policies/e652e949-322a-4946-a105-11a3c3a965ec/tags HTTP/1.1" status: 200 len: 205 time: 0.0143607
2026-07-09 18:24:11.789 9 INFO neutron.wsgi [None req-45c5ed60-ffcf-4160-a6c4-fdda31136e83 a802a41f9cbf4f75b4e75ba23f2060a3 b1969ff38b2a4072af643905f59c8897 - - default default] 10.0.0.184 "POST /v2.0/subnetpools HTTP/1.1" status: 201 len: 748 time: 0.3508165
2026-07-09 18:24:11.823 10 INFO neutron.wsgi [None req-d0c813a4-7bef-4d5a-95cb-d80e06dd1085 a802a41f9cbf4f75b4e75ba23f2060a3 b1969ff38b2a4072af643905f59c8897 - - default default] 10.0.0.184 "GET /v2.0/subnetpools/16c2a2da-5d63-4981-bc61-bf0bc175015d HTTP/1.1" status: 200 len: 743 time: 0.0285645
2026-07-09 18:24:11.873 9 INFO neutron.wsgi [None req-800a3921-24d8-45ce-a0c3-d2b2a3cf64e5 2cb1c475e76b4a60ac664e18857809ac 410073ab049d45d481979ca76afd84cc - - default default] 10.0.0.184 "DELETE /v2.0/qos/policies/e652e949-322a-4946-a105-11a3c3a965ec HTTP/1.1" status: 204 len: 168 time: 0.1149857
2026-07-09 18:24:11.923 10 INFO neutron.wsgi [None req-fe0a03bc-866c-4ac5-bff5-01a3b8331d7a a802a41f9cbf4f75b4e75ba23f2060a3 b1969ff38b2a4072af643905f59c8897 - - default default] 10.0.0.184 "PUT /v2.0/subnetpools/16c2a2da-5d63-4981-bc61-bf0bc175015d HTTP/1.1" status: 200 len: 695 time: 0.0919693
2026-07-09 18:24:12.025 9 INFO neutron.wsgi [None req-c432f08b-c22b-4542-8e5d-25ab2c7ffad1 a802a41f9cbf4f75b4e75ba23f2060a3 b1969ff38b2a4072af643905f59c8897 - - default default] 10.0.0.184 "DELETE /v2.0/subnetpools/16c2a2da-5d63-4981-bc61-bf0bc175015d HTTP/1.1" status: 204 len: 168 time: 0.0973201
2026-07-09 18:24:12.039 9 INFO neutron.api.v2.resource [None req-9ce59ff5-eef3-45d3-9028-76011bd14ed6 a802a41f9cbf4f75b4e75ba23f2060a3 b1969ff38b2a4072af643905f59c8897 - - default default] show failed (client error): The resource could not be found.
2026-07-09 18:24:12.041 9 INFO neutron.wsgi [None req-9ce59ff5-eef3-45d3-9028-76011bd14ed6 a802a41f9cbf4f75b4e75ba23f2060a3 b1969ff38b2a4072af643905f59c8897 - - default default] 10.0.0.184 "GET /v2.0/subnetpools/16c2a2da-5d63-4981-bc61-bf0bc175015d HTTP/1.1" status: 404 len: 346 time: 0.0113780
2026-07-09 18:24:12.055 9 INFO neutron.api.v2.resource [None req-66d7ad51-f57a-45b1-9128-c4e58d9f7c86 a802a41f9cbf4f75b4e75ba23f2060a3 b1969ff38b2a4072af643905f59c8897 - - default default] delete failed (client error): The resource could not be found.
2026-07-09 18:24:12.056 9 INFO neutron.wsgi [None req-66d7ad51-f57a-45b1-9128-c4e58d9f7c86 a802a41f9cbf4f75b4e75ba23f2060a3 b1969ff38b2a4072af643905f59c8897 - - default default] 10.0.0.184 "DELETE /v2.0/subnetpools/16c2a2da-5d63-4981-bc61-bf0bc175015d HTTP/1.1" status: 404 len: 346 time: 0.0120137
2026-07-09 18:24:12.119 9 WARNING neutron.plugins.ml2.drivers.ovn.mech_driver.ovsdb.ovn_client [None req-6fcdafc8-1bdd-49ee-b035-3146ad08ce5f - - - - - -] No port found with ID 7c177f81-1b5a-45f6-b383-65ad093622ef: RuntimeError: No port found with ID 7c177f81-1b5a-45f6-b383-65ad093622ef
2026-07-09 18:24:12.938 10 INFO neutron.db.ovn_revision_numbers_db [None req-007300d9-660a-4176-add8-980874ae9f9d ac90d534b5c74098ac31f7b59855f72a cc2d520eb47f4706baf4f8a076454c0f - - default default] Successfully bumped revision number for resource fdfb344b-a332-48e9-8a0f-33c6c9315a22 (type: security_groups) to 1
2026-07-09 18:24:12.971 10 INFO neutron.db.ovn_revision_numbers_db [None req-007300d9-660a-4176-add8-980874ae9f9d ac90d534b5c74098ac31f7b59855f72a cc2d520eb47f4706baf4f8a076454c0f - - default default] Successfully bumped revision number for resource 11e8418d-963b-4463-aa3c-2680ebbea9d6 (type: security_group_rules) to 0
2026-07-09 18:24:12.972 9 INFO neutron.db.ovn_revision_numbers_db [None req-878807e8-7016-4132-8b09-9a962cfe534b ac90d534b5c74098ac31f7b59855f72a cc2d520eb47f4706baf4f8a076454c0f - - default default] Successfully bumped revision number for resource b3b9fe76-ec18-4b5f-93ac-ac111fc3ab04 (type: security_groups) to 1
2026-07-09 18:24:13.039 10 INFO neutron.db.ovn_revision_numbers_db [None req-007300d9-660a-4176-add8-980874ae9f9d ac90d534b5c74098ac31f7b59855f72a cc2d520eb47f4706baf4f8a076454c0f - - default default] Successfully bumped revision number for resource 3bb30ed9-5509-4df2-903d-66ac82931706 (type: security_group_rules) to 0
2026-07-09 18:24:13.041 9 INFO neutron.db.ovn_revision_numbers_db [None req-878807e8-7016-4132-8b09-9a962cfe534b ac90d534b5c74098ac31f7b59855f72a cc2d520eb47f4706baf4f8a076454c0f - - default default] Successfully bumped revision number for resource 3f539eba-c0ef-4841-9178-1ec256d944cd (type: security_group_rules) to 0
2026-07-09 18:24:13.059 9 INFO neutron.db.ovn_revision_numbers_db [None req-878807e8-7016-4132-8b09-9a962cfe534b ac90d534b5c74098ac31f7b59855f72a cc2d520eb47f4706baf4f8a076454c0f - - default default] Successfully bumped revision number for resource 5f118f87-23aa-4642-a60c-4fac057b8f93 (type: security_group_rules) to 0
2026-07-09 18:24:13.060 10 INFO neutron.db.ovn_revision_numbers_db [None req-007300d9-660a-4176-add8-980874ae9f9d ac90d534b5c74098ac31f7b59855f72a cc2d520eb47f4706baf4f8a076454c0f - - default default] Successfully bumped revision number for resource 645bd786-7c73-4580-b779-78d45558ddb5 (type: security_group_rules) to 0
2026-07-09 18:24:13.080 10 INFO neutron.db.ovn_revision_numbers_db [None req-007300d9-660a-4176-add8-980874ae9f9d ac90d534b5c74098ac31f7b59855f72a cc2d520eb47f4706baf4f8a076454c0f - - default default] Successfully bumped revision number for resource 8f30c63f-cceb-496a-b237-d657c0cc98f6 (type: security_group_rules) to 0
2026-07-09 18:24:13.084 9 INFO neutron.db.ovn_revision_numbers_db [None req-878807e8-7016-4132-8b09-9a962cfe534b ac90d534b5c74098ac31f7b59855f72a cc2d520eb47f4706baf4f8a076454c0f - - default default] Successfully bumped revision number for resource c7876791-ef30-4474-8535-8ee01462602f (type: security_group_rules) to 0
2026-07-09 18:24:13.103 10 INFO neutron.wsgi [None req-007300d9-660a-4176-add8-980874ae9f9d ac90d534b5c74098ac31f7b59855f72a cc2d520eb47f4706baf4f8a076454c0f - - default default] 10.0.0.184 "GET /v2.0/security-groups?tenant_id=b1969ff38b2a4072af643905f59c8897&name=default HTTP/1.1" status: 200 len: 2996 time: 0.5077021
2026-07-09 18:24:13.103 9 INFO neutron.db.ovn_revision_numbers_db [None req-878807e8-7016-4132-8b09-9a962cfe534b ac90d534b5c74098ac31f7b59855f72a cc2d520eb47f4706baf4f8a076454c0f - - default default] Successfully bumped revision number for resource fd09f93b-8fe9-4b9e-bf79-6c5f47678bbd (type: security_group_rules) to 0
2026-07-09 18:24:13.128 9 INFO neutron.wsgi [None req-878807e8-7016-4132-8b09-9a962cfe534b ac90d534b5c74098ac31f7b59855f72a cc2d520eb47f4706baf4f8a076454c0f - - default default] 10.0.0.184 "GET /v2.0/security-groups?tenant_id=410073ab049d45d481979ca76afd84cc&name=default HTTP/1.1" status: 200 len: 2996 time: 0.5401473
2026-07-09 18:24:13.568 10 INFO neutron.wsgi [None req-892e8e61-5373-43bd-9220-2f4f7bd582e5 ac90d534b5c74098ac31f7b59855f72a cc2d520eb47f4706baf4f8a076454c0f - - default default] 10.0.0.184 "DELETE /v2.0/security-groups/fdfb344b-a332-48e9-8a0f-33c6c9315a22 HTTP/1.1" status: 204 len: 168 time: 0.4610448
2026-07-09 18:24:13.571 9 INFO neutron.wsgi [None req-1434c614-f721-4b79-a793-4963539ced65 ac90d534b5c74098ac31f7b59855f72a cc2d520eb47f4706baf4f8a076454c0f - - default default] 10.0.0.184 "DELETE /v2.0/security-groups/b3b9fe76-ec18-4b5f-93ac-ac111fc3ab04 HTTP/1.1" status: 204 len: 168 time: 0.4379077
2026-07-09 18:24:14.073 9 INFO neutron.db.ovn_revision_numbers_db [None req-0465ce94-bdd3-42d5-b174-513a31d2916b ac90d534b5c74098ac31f7b59855f72a cc2d520eb47f4706baf4f8a076454c0f - - default default] Successfully bumped revision number for resource 92399fe5-6e5b-4bcf-a613-c136045bc49e (type: security_groups) to 1
2026-07-09 18:24:14.090 9 INFO neutron.db.ovn_revision_numbers_db [None req-0465ce94-bdd3-42d5-b174-513a31d2916b ac90d534b5c74098ac31f7b59855f72a cc2d520eb47f4706baf4f8a076454c0f - - default default] Successfully bumped revision number for resource 00cbc9ad-d29b-4934-a310-4112ed54303d (type: security_group_rules) to 0
2026-07-09 18:24:14.110 9 INFO neutron.db.ovn_revision_numbers_db [None req-0465ce94-bdd3-42d5-b174-513a31d2916b ac90d534b5c74098ac31f7b59855f72a cc2d520eb47f4706baf4f8a076454c0f - - default default] Successfully bumped revision number for resource 07bdac7c-f389-414c-9def-c16ff0749d12 (type: security_group_rules) to 0
2026-07-09 18:24:14.138 9 INFO neutron.db.ovn_revision_numbers_db [None req-0465ce94-bdd3-42d5-b174-513a31d2916b ac90d534b5c74098ac31f7b59855f72a cc2d520eb47f4706baf4f8a076454c0f - - default default] Successfully bumped revision number for resource 1a9173b9-db40-49dd-9c17-30ccf01e5040 (type: security_group_rules) to 0
2026-07-09 18:24:14.184 9 INFO neutron.db.ovn_revision_numbers_db [None req-0465ce94-bdd3-42d5-b174-513a31d2916b ac90d534b5c74098ac31f7b59855f72a cc2d520eb47f4706baf4f8a076454c0f - - default default] Successfully bumped revision number for resource b6e66f78-ee6e-4ac3-818f-fddc578004da (type: security_group_rules) to 0
2026-07-09 18:24:14.207 9 INFO neutron.wsgi [None req-0465ce94-bdd3-42d5-b174-513a31d2916b ac90d534b5c74098ac31f7b59855f72a cc2d520eb47f4706baf4f8a076454c0f - - default default] 10.0.0.184 "GET /v2.0/security-groups?tenant_id=69945123ea374081829c32ad4c7215ae&name=default HTTP/1.1" status: 200 len: 2996 time: 0.3617895
2026-07-09 18:24:14.472 9 INFO neutron.wsgi [None req-bfae0c0e-691b-4de7-ad34-ec0612da5673 ac90d534b5c74098ac31f7b59855f72a cc2d520eb47f4706baf4f8a076454c0f - - default default] 10.0.0.184 "DELETE /v2.0/security-groups/92399fe5-6e5b-4bcf-a613-c136045bc49e HTTP/1.1" status: 204 len: 168 time: 0.2569475
2026-07-09 18:24:17.126 9 INFO neutron.wsgi [-] 10.0.0.106 "GET / HTTP/1.1" status: 200 len: 247 time: 0.0021110
2026-07-09 18:24:17.126 10 INFO neutron.wsgi [-] 10.0.0.106 "GET / HTTP/1.1" status: 200 len: 247 time: 0.0020738
2026-07-09 18:24:19.195 10 INFO neutron.db.ovn_revision_numbers_db [None req-247b5288-66bc-4b6b-9fd0-83e80aeaa754 adf5e25258444a158dbde73a104029f2 27161af5e2124a258314eb0cec9010bf - - default default] Successfully bumped revision number for resource f9e0a083-e350-4eee-b192-105fbca159ee (type: routers) to 1
2026-07-09 18:24:19.433 10 INFO neutron.wsgi [None req-247b5288-66bc-4b6b-9fd0-83e80aeaa754 adf5e25258444a158dbde73a104029f2 27161af5e2124a258314eb0cec9010bf - - default default] 10.0.0.184 "POST /v2.0/routers HTTP/1.1" status: 201 len: 654 time: 1.1159692
2026-07-09 18:24:19.591 10 INFO neutron.wsgi [None req-71daf21c-d164-4b7b-a035-263a958529c1 adf5e25258444a158dbde73a104029f2 27161af5e2124a258314eb0cec9010bf - - default default] 10.0.0.184 "PUT /v2.0/routers/f9e0a083-e350-4eee-b192-105fbca159ee/tags HTTP/1.1" status: 200 len: 218 time: 0.1512673
2026-07-09 18:24:19.641 10 INFO neutron.wsgi [None req-a17acd84-fea2-4513-875e-a414b5381a8c adf5e25258444a158dbde73a104029f2 27161af5e2124a258314eb0cec9010bf - - default default] 10.0.0.184 "GET /v2.0/routers/f9e0a083-e350-4eee-b192-105fbca159ee/tags HTTP/1.1" status: 200 len: 218 time: 0.0440574
2026-07-09 18:24:19.734 10 INFO neutron.wsgi [None req-dd7dc7c0-dc41-44ec-8655-46015c3e3501 adf5e25258444a158dbde73a104029f2 27161af5e2124a258314eb0cec9010bf - - default default] 10.0.0.184 "PUT /v2.0/routers/f9e0a083-e350-4eee-b192-105fbca159ee/tags/green HTTP/1.1" status: 201 len: 201 time: 0.0878375
2026-07-09 18:24:19.792 10 INFO neutron.wsgi [None req-952a78ed-1487-490a-85fe-5e32e2ea359e adf5e25258444a158dbde73a104029f2 27161af5e2124a258314eb0cec9010bf - - default default] 10.0.0.184 "GET /v2.0/routers/f9e0a083-e350-4eee-b192-105fbca159ee/tags HTTP/1.1" status: 200 len: 227 time: 0.0512266
2026-07-09 18:24:19.849 10 INFO neutron.wsgi [None req-4b0aaf9f-7988-48a7-b61f-5991b1bd9f1b adf5e25258444a158dbde73a104029f2 27161af5e2124a258314eb0cec9010bf - - default default] 10.0.0.184 "PUT /v2.0/routers/f9e0a083-e350-4eee-b192-105fbca159ee/tags/red HTTP/1.1" status: 201 len: 201 time: 0.0518739
2026-07-09 18:24:19.914 10 INFO neutron.wsgi [None req-66ad9ec7-9c0f-4754-9663-eb510006fe3b adf5e25258444a158dbde73a104029f2 27161af5e2124a258314eb0cec9010bf - - default default] 10.0.0.184 "GET /v2.0/routers/f9e0a083-e350-4eee-b192-105fbca159ee/tags HTTP/1.1" status: 200 len: 227 time: 0.0574660
2026-07-09 18:24:20.111 9 INFO neutron.wsgi [None req-5b5f68c0-04c0-407c-82af-c20ea45da901 adf5e25258444a158dbde73a104029f2 27161af5e2124a258314eb0cec9010bf - - default default] 10.0.0.184 "PUT /v2.0/routers/f9e0a083-e350-4eee-b192-105fbca159ee/tags/black.or.white HTTP/1.1" status: 201 len: 201 time: 0.1925430
2026-07-09 18:24:20.161 9 INFO neutron.wsgi [None req-1bc6498b-5a2c-4e0e-adb9-72d1f6dbc257 adf5e25258444a158dbde73a104029f2 27161af5e2124a258314eb0cec9010bf - - default default] 10.0.0.184 "GET /v2.0/routers/f9e0a083-e350-4eee-b192-105fbca159ee/tags HTTP/1.1" status: 200 len: 245 time: 0.0443633
2026-07-09 18:24:20.229 9 INFO neutron.wsgi [None req-af7f70bc-f025-455e-a02f-17ffed2425a4 adf5e25258444a158dbde73a104029f2 27161af5e2124a258314eb0cec9010bf - - default default] 10.0.0.184 "PUT /v2.0/routers/f9e0a083-e350-4eee-b192-105fbca159ee/tags HTTP/1.1" status: 200 len: 230 time: 0.0624657
2026-07-09 18:24:20.273 9 INFO neutron.wsgi [None req-04146771-9363-4a00-872a-89f6880f2ac8 adf5e25258444a158dbde73a104029f2 27161af5e2124a258314eb0cec9010bf - - default default] 10.0.0.184 "GET /v2.0/routers/f9e0a083-e350-4eee-b192-105fbca159ee/tags HTTP/1.1" status: 200 len: 230 time: 0.0397949
2026-07-09 18:24:20.320 9 INFO neutron.wsgi [None req-cf9998f6-a075-444a-83f3-1a3e3a90a11e adf5e25258444a158dbde73a104029f2 27161af5e2124a258314eb0cec9010bf - - default default] 10.0.0.184 "GET /v2.0/routers/f9e0a083-e350-4eee-b192-105fbca159ee/tags/red HTTP/1.1" status: 204 len: 168 time: 0.0431433
2026-07-09 18:24:20.367 9 INFO neutron.api.v2.resource [None req-4ba2c300-14bf-412c-a7ad-2a44ef922174 adf5e25258444a158dbde73a104029f2 27161af5e2124a258314eb0cec9010bf - - default default] show failed (client error): The resource could not be found.
2026-07-09 18:24:20.368 9 INFO neutron.wsgi [None req-4ba2c300-14bf-412c-a7ad-2a44ef922174 adf5e25258444a158dbde73a104029f2 27161af5e2124a258314eb0cec9010bf - - default default] 10.0.0.184 "GET /v2.0/routers/f9e0a083-e350-4eee-b192-105fbca159ee/tags/green HTTP/1.1" status: 404 len: 299 time: 0.0428791
2026-07-09 18:24:20.417 9 INFO neutron.wsgi [None req-c4fc4ba9-33bb-4393-af8e-5a161098c195 adf5e25258444a158dbde73a104029f2 27161af5e2124a258314eb0cec9010bf - - default default] 10.0.0.184 "DELETE /v2.0/routers/f9e0a083-e350-4eee-b192-105fbca159ee/tags/red HTTP/1.1" status: 204 len: 168 time: 0.0455475
2026-07-09 18:24:20.457 9 INFO neutron.wsgi [None req-2cfff28d-16cc-4075-ae86-1c532c005870 adf5e25258444a158dbde73a104029f2 27161af5e2124a258314eb0cec9010bf - - default default] 10.0.0.184 "GET /v2.0/routers/f9e0a083-e350-4eee-b192-105fbca159ee/tags HTTP/1.1" status: 200 len: 223 time: 0.0369205
2026-07-09 18:24:20.510 9 INFO neutron.api.v2.resource [None req-b9a44a78-98d7-4052-a85f-96b928b43cb4 adf5e25258444a158dbde73a104029f2 27161af5e2124a258314eb0cec9010bf - - default default] delete failed (client error): The resource could not be found.
2026-07-09 18:24:20.512 9 INFO neutron.wsgi [None req-b9a44a78-98d7-4052-a85f-96b928b43cb4 adf5e25258444a158dbde73a104029f2 27161af5e2124a258314eb0cec9010bf - - default default] 10.0.0.184 "DELETE /v2.0/routers/f9e0a083-e350-4eee-b192-105fbca159ee/tags/green HTTP/1.1" status: 404 len: 299 time: 0.0500927
2026-07-09 18:24:20.566 9 INFO neutron.wsgi [None req-aaaa938b-4fcf-4379-949f-473f3dde0f5d adf5e25258444a158dbde73a104029f2 27161af5e2124a258314eb0cec9010bf - - default default] 10.0.0.184 "DELETE /v2.0/routers/f9e0a083-e350-4eee-b192-105fbca159ee/tags HTTP/1.1" status: 204 len: 168 time: 0.0497897
2026-07-09 18:24:20.605 9 INFO neutron.wsgi [None req-710677ae-0020-465a-912b-0e6533cc49fc adf5e25258444a158dbde73a104029f2 27161af5e2124a258314eb0cec9010bf - - default default] 10.0.0.184 "GET /v2.0/routers/f9e0a083-e350-4eee-b192-105fbca159ee/tags HTTP/1.1" status: 200 len: 205 time: 0.0344791
2026-07-09 18:24:20.653 9 INFO neutron.wsgi [None req-1dcabe98-215c-4e40-93d6-ecbdd992e612 adf5e25258444a158dbde73a104029f2 27161af5e2124a258314eb0cec9010bf - - default default] 10.0.0.184 "GET /v2.0/routers/f9e0a083-e350-4eee-b192-105fbca159ee HTTP/1.1" status: 200 len: 655 time: 0.0411108
2026-07-09 18:24:21.118 9 INFO neutron.db.ovn_revision_numbers_db [None req-5ddbea07-17a5-4dc9-95db-d969bc042d2e adf5e25258444a158dbde73a104029f2 27161af5e2124a258314eb0cec9010bf - - default default] Successfully bumped revision number for resource f9e0a083-e350-4eee-b192-105fbca159ee (type: routers) to 7
2026-07-09 18:24:21.121 9 INFO neutron.wsgi [None req-5ddbea07-17a5-4dc9-95db-d969bc042d2e adf5e25258444a158dbde73a104029f2 27161af5e2124a258314eb0cec9010bf - - default default] 10.0.0.184 "PUT /v2.0/routers/f9e0a083-e350-4eee-b192-105fbca159ee HTTP/1.1" status: 200 len: 655 time: 0.4628773
2026-07-09 18:24:21.146 9 INFO neutron.wsgi [None req-cfa58292-3d71-45ed-886e-8e0a4677d654 adf5e25258444a158dbde73a104029f2 27161af5e2124a258314eb0cec9010bf - - default default] 10.0.0.184 "GET /v2.0/ports?device_id=f9e0a083-e350-4eee-b192-105fbca159ee HTTP/1.1" status: 200 len: 205 time: 0.0187361
2026-07-09 18:24:21.685 9 INFO neutron.wsgi [None req-acf86b15-556d-46dc-ab51-300f3b6167e0 adf5e25258444a158dbde73a104029f2 27161af5e2124a258314eb0cec9010bf - - default default] 10.0.0.184 "DELETE /v2.0/routers/f9e0a083-e350-4eee-b192-105fbca159ee HTTP/1.1" status: 204 len: 168 time: 0.5337086
2026-07-09 18:24:23.583 9 INFO neutron.db.ovn_revision_numbers_db [None req-931de14b-4c61-4faf-bcb8-cc705b768f52 ac90d534b5c74098ac31f7b59855f72a cc2d520eb47f4706baf4f8a076454c0f - - default default] Successfully bumped revision number for resource ca5f9715-eb40-4806-9bab-8e89bc696a7e (type: security_groups) to 1
2026-07-09 18:24:23.663 9 INFO neutron.db.ovn_revision_numbers_db [None req-931de14b-4c61-4faf-bcb8-cc705b768f52 ac90d534b5c74098ac31f7b59855f72a cc2d520eb47f4706baf4f8a076454c0f - - default default] Successfully bumped revision number for resource 816a9862-3a8c-4675-91b6-d79e51f46b57 (type: security_group_rules) to 0
2026-07-09 18:24:23.736 9 INFO neutron.db.ovn_revision_numbers_db [None req-931de14b-4c61-4faf-bcb8-cc705b768f52 ac90d534b5c74098ac31f7b59855f72a cc2d520eb47f4706baf4f8a076454c0f - - default default] Successfully bumped revision number for resource c5ef2103-bb72-4ab0-b92a-d4e2d51c89f9 (type: security_group_rules) to 0
2026-07-09 18:24:23.897 9 INFO neutron.db.ovn_revision_numbers_db [None req-931de14b-4c61-4faf-bcb8-cc705b768f52 ac90d534b5c74098ac31f7b59855f72a cc2d520eb47f4706baf4f8a076454c0f - - default default] Successfully bumped revision number for resource f2d6cdea-ceb7-4e4f-be42-6eacdda1e4e9 (type: security_group_rules) to 0
2026-07-09 18:24:24.525 9 INFO neutron.db.ovn_revision_numbers_db [None req-931de14b-4c61-4faf-bcb8-cc705b768f52 ac90d534b5c74098ac31f7b59855f72a cc2d520eb47f4706baf4f8a076454c0f - - default default] Successfully bumped revision number for resource fcd1d608-c6d6-4ccd-bf49-88424410e096 (type: security_group_rules) to 0
2026-07-09 18:24:24.552 9 INFO neutron.wsgi [None req-931de14b-4c61-4faf-bcb8-cc705b768f52 ac90d534b5c74098ac31f7b59855f72a cc2d520eb47f4706baf4f8a076454c0f - - default default] 10.0.0.184 "GET /v2.0/security-groups?tenant_id=5c69a08e81a74ffc8f78d3bd3ab0b92b&name=default HTTP/1.1" status: 200 len: 2996 time: 1.2587743
2026-07-09 18:24:25.448 10 INFO neutron.wsgi [None req-05bd00bb-ae44-4295-8128-e23b08a3f5f4 ac90d534b5c74098ac31f7b59855f72a cc2d520eb47f4706baf4f8a076454c0f - - default default] 10.0.0.184 "DELETE /v2.0/security-groups/ca5f9715-eb40-4806-9bab-8e89bc696a7e HTTP/1.1" status: 204 len: 168 time: 0.8896937
2026-07-09 18:24:25.876 9 INFO neutron.db.ovn_revision_numbers_db [None req-a897e564-1741-42da-9cd7-a69fccc3ad38 ac90d534b5c74098ac31f7b59855f72a cc2d520eb47f4706baf4f8a076454c0f - - default default] Successfully bumped revision number for resource 5022f487-0346-4a55-9cc5-1a8f803a9977 (type: security_groups) to 1
2026-07-09 18:24:25.921 9 INFO neutron.db.ovn_revision_numbers_db [None req-a897e564-1741-42da-9cd7-a69fccc3ad38 ac90d534b5c74098ac31f7b59855f72a cc2d520eb47f4706baf4f8a076454c0f - - default default] Successfully bumped revision number for resource 06c15004-906e-4952-b370-950545b588d0 (type: security_group_rules) to 0
2026-07-09 18:24:25.957 9 INFO neutron.db.ovn_revision_numbers_db [None req-a897e564-1741-42da-9cd7-a69fccc3ad38 ac90d534b5c74098ac31f7b59855f72a cc2d520eb47f4706baf4f8a076454c0f - - default default] Successfully bumped revision number for resource 6b40624f-749a-47b1-9a8e-dca3457208ff (type: security_group_rules) to 0
2026-07-09 18:24:26.062 9 INFO neutron.db.ovn_revision_numbers_db [None req-a897e564-1741-42da-9cd7-a69fccc3ad38 ac90d534b5c74098ac31f7b59855f72a cc2d520eb47f4706baf4f8a076454c0f - - default default] Successfully bumped revision number for resource 7d4266c1-99c1-4780-9cf8-0226f678039e (type: security_group_rules) to 0
2026-07-09 18:24:26.118 9 INFO neutron.db.ovn_revision_numbers_db [None req-a897e564-1741-42da-9cd7-a69fccc3ad38 ac90d534b5c74098ac31f7b59855f72a cc2d520eb47f4706baf4f8a076454c0f - - default default] Successfully bumped revision number for resource ae3aa76b-1dea-45e5-bc70-3ab6df873ad2 (type: security_group_rules) to 0
2026-07-09 18:24:26.143 9 INFO neutron.wsgi [None req-a897e564-1741-42da-9cd7-a69fccc3ad38 ac90d534b5c74098ac31f7b59855f72a cc2d520eb47f4706baf4f8a076454c0f - - default default] 10.0.0.184 "GET /v2.0/security-groups?tenant_id=27161af5e2124a258314eb0cec9010bf&name=default HTTP/1.1" status: 200 len: 2996 time: 0.5082173
2026-07-09 18:24:26.458 9 INFO neutron.wsgi [None req-ded27692-65c1-4f73-abf5-bc233ee27a35 ac90d534b5c74098ac31f7b59855f72a cc2d520eb47f4706baf4f8a076454c0f - - default default] 10.0.0.184 "DELETE /v2.0/security-groups/5022f487-0346-4a55-9cc5-1a8f803a9977 HTTP/1.1" status: 204 len: 168 time: 0.3094831
2026-07-09 18:24:31.108 10 INFO neutron.db.ovn_revision_numbers_db [None req-3d5a9b67-6c45-443f-9e9e-279b190fa745 2ce179807a0e4b849e3dd7c56500f03a 96c061151ec2468c9b4ac38073a44c84 - - default default] Successfully bumped revision number for resource 962b7d38-5d68-45ed-ba6b-f4e0130c228a (type: security_groups) to 1
2026-07-09 18:24:31.124 10 INFO neutron.db.ovn_revision_numbers_db [None req-3d5a9b67-6c45-443f-9e9e-279b190fa745 2ce179807a0e4b849e3dd7c56500f03a 96c061151ec2468c9b4ac38073a44c84 - - default default] Successfully bumped revision number for resource 106cbe4b-4c3d-4e23-97a2-97d399968274 (type: security_group_rules) to 0
2026-07-09 18:24:31.147 10 INFO neutron.db.ovn_revision_numbers_db [None req-3d5a9b67-6c45-443f-9e9e-279b190fa745 2ce179807a0e4b849e3dd7c56500f03a 96c061151ec2468c9b4ac38073a44c84 - - default default] Successfully bumped revision number for resource 50ab8e46-05fb-441a-980b-779f1bdbf084 (type: security_group_rules) to 0
2026-07-09 18:24:31.169 10 INFO neutron.db.ovn_revision_numbers_db [None req-3d5a9b67-6c45-443f-9e9e-279b190fa745 2ce179807a0e4b849e3dd7c56500f03a 96c061151ec2468c9b4ac38073a44c84 - - default default] Successfully bumped revision number for resource c51346df-e53b-4c07-8b01-7101669f9234 (type: security_group_rules) to 0
2026-07-09 18:24:31.183 10 INFO neutron.db.ovn_revision_numbers_db [None req-3d5a9b67-6c45-443f-9e9e-279b190fa745 2ce179807a0e4b849e3dd7c56500f03a 96c061151ec2468c9b4ac38073a44c84 - - default default] Successfully bumped revision number for resource de961c8c-632e-4254-8cf9-7c33fc64497e (type: security_group_rules) to 0
2026-07-09 18:24:31.317 10 INFO neutron.db.ovn_revision_numbers_db [None req-3d5a9b67-6c45-443f-9e9e-279b190fa745 2ce179807a0e4b849e3dd7c56500f03a 96c061151ec2468c9b4ac38073a44c84 - - default default] Successfully bumped revision number for resource 0fc449e6-f636-4445-aaff-2531ff3715b4 (type: security_groups) to 1
2026-07-09 18:24:31.352 10 INFO neutron.db.ovn_revision_numbers_db [None req-3d5a9b67-6c45-443f-9e9e-279b190fa745 2ce179807a0e4b849e3dd7c56500f03a 96c061151ec2468c9b4ac38073a44c84 - - default default] Successfully bumped revision number for resource 2eb75f88-6a89-4298-955f-db973e20fbc2 (type: security_group_rules) to 0
2026-07-09 18:24:31.765 10 INFO neutron.db.ovn_revision_numbers_db [None req-3d5a9b67-6c45-443f-9e9e-279b190fa745 2ce179807a0e4b849e3dd7c56500f03a 96c061151ec2468c9b4ac38073a44c84 - - default default] Successfully bumped revision number for resource cda351c4-b9a4-429d-9dfb-8db31ac69138 (type: security_group_rules) to 0
