2026-07-09 18:37:30.164 10 INFO neutron.wsgi [req-ec3d8acd-1516-460e-b7d9-7c28634b5e6f req-8e08e1c2-7ea9-4183-9b51-2fbcb796c97b 0195fe04e18d436a8201f24675f570a4 fa0d32ee8bd9438985b988ac495b2e68 - - 13789dce34f849f19410c11ea0757838 13789dce34f849f19410c11ea0757838] 199.19.213.176 "GET /v2.0/networks?id=58bbc1fb-57f6-4dc7-84c8-619f6178b228 HTTP/1.1" status: 200 len: 1003 time: 0.1210818
2026-07-09 18:37:30.211 9 INFO neutron.wsgi [None req-d672c5d0-da20-419b-b507-6f74a3ccfcc5 ac90d534b5c74098ac31f7b59855f72a cc2d520eb47f4706baf4f8a076454c0f - - default default] 199.19.213.176 "GET /v2.0/ports?device_id=d7ef77ca-305a-4adc-a447-07c77a12dfa5 HTTP/1.1" status: 200 len: 4941 time: 0.0416677
2026-07-09 18:37:30.255 10 INFO neutron.wsgi [req-86f7c098-a345-40eb-b157-7b46d8c0c440 req-50d5b0d5-538c-4ec6-b059-0dd7132a76d2 0195fe04e18d436a8201f24675f570a4 fa0d32ee8bd9438985b988ac495b2e68 - - 13789dce34f849f19410c11ea0757838 13789dce34f849f19410c11ea0757838] 199.19.213.176 "GET /v2.0/networks/7d9bc913-c6e3-4f1f-9187-94feadd41307?fields=segments HTTP/1.1" status: 200 len: 212 time: 0.1020823
2026-07-09 18:37:30.261 10 INFO neutron.wsgi [req-ec3d8acd-1516-460e-b7d9-7c28634b5e6f req-006b022d-be9a-40b5-b87c-ea0b701d888d 0195fe04e18d436a8201f24675f570a4 fa0d32ee8bd9438985b988ac495b2e68 - - 13789dce34f849f19410c11ea0757838 13789dce34f849f19410c11ea0757838] 199.19.213.176 "GET /v2.0/networks/58bbc1fb-57f6-4dc7-84c8-619f6178b228?fields=segments HTTP/1.1" status: 200 len: 212 time: 0.0891764
2026-07-09 18:37:30.376 10 INFO neutron.wsgi [req-ec3d8acd-1516-460e-b7d9-7c28634b5e6f req-f115f255-0a43-4a74-a231-2a19ba4af1ac 0195fe04e18d436a8201f24675f570a4 fa0d32ee8bd9438985b988ac495b2e68 - - 13789dce34f849f19410c11ea0757838 13789dce34f849f19410c11ea0757838] 199.19.213.176 "GET /v2.0/networks/58bbc1fb-57f6-4dc7-84c8-619f6178b228?fields=provider%3Aphysical_network&fields=provider%3Anetwork_type HTTP/1.1" status: 200 len: 277 time: 0.1111264
2026-07-09 18:37:30.380 10 INFO neutron.wsgi [req-86f7c098-a345-40eb-b157-7b46d8c0c440 req-9206f9f9-77f1-4670-9cec-8fb33795f462 0195fe04e18d436a8201f24675f570a4 fa0d32ee8bd9438985b988ac495b2e68 - - 13789dce34f849f19410c11ea0757838 13789dce34f849f19410c11ea0757838] 199.19.213.176 "GET /v2.0/networks/7d9bc913-c6e3-4f1f-9187-94feadd41307?fields=provider%3Aphysical_network&fields=provider%3Anetwork_type HTTP/1.1" status: 200 len: 277 time: 0.1174881
2026-07-09 18:37:30.524 10 INFO neutron.plugins.ml2.drivers.ovn.mech_driver.mech_driver [None req-102ba487-2f31-4aa6-a799-21a3e7eb0c76 - - - - - -] OVN reports status down for port: 9d859770-9509-435e-975b-5a9e823645fe
2026-07-09 18:37:30.587 10 INFO neutron.wsgi [req-1ee3caf1-78d2-4cc4-aefa-60fba5812044 req-09bffcd5-4f6a-479a-9ee6-e32abf3ce923 0195fe04e18d436a8201f24675f570a4 fa0d32ee8bd9438985b988ac495b2e68 - - 13789dce34f849f19410c11ea0757838 13789dce34f849f19410c11ea0757838] 199.19.213.176 "GET /v2.0/ports/9d859770-9509-435e-975b-5a9e823645fe HTTP/1.1" status: 200 len: 1231 time: 0.0409057
2026-07-09 18:37:30.724 10 INFO neutron.notifiers.nova [-] Nova event matching ['req-4532aac3-0024-464d-abf6-74e840b86e33'] response: {'server_uuid': 'd7ef77ca-305a-4adc-a447-07c77a12dfa5', 'name': 'network-vif-unplugged', 'status': 'completed', 'tag': '9d859770-9509-435e-975b-5a9e823645fe', 'code': 200}
2026-07-09 18:37:31.248 10 INFO neutron.wsgi [req-1ee3caf1-78d2-4cc4-aefa-60fba5812044 req-096640bc-dd56-42cd-8c15-e1338bf98edb ac90d534b5c74098ac31f7b59855f72a cc2d520eb47f4706baf4f8a076454c0f - - default default] 199.19.213.176 "DELETE /v2.0/ports/9d859770-9509-435e-975b-5a9e823645fe HTTP/1.1" status: 204 len: 173 time: 0.6478214
2026-07-09 18:37:31.255 9 INFO neutron.wsgi [None req-2c029257-c13a-4e6c-a103-7befb529736c ac90d534b5c74098ac31f7b59855f72a cc2d520eb47f4706baf4f8a076454c0f - - default default] 199.19.213.176 "GET /v2.0/ports?device_id=d7ef77ca-305a-4adc-a447-07c77a12dfa5 HTTP/1.1" status: 200 len: 3918 time: 0.0377476
2026-07-09 18:37:31.277 9 INFO neutron.pecan_wsgi.hooks.translation [None req-2c57a57e-ddc6-4304-99dc-9f9b49e26590 ac90d534b5c74098ac31f7b59855f72a cc2d520eb47f4706baf4f8a076454c0f - - default default] DELETE failed (client error): The resource could not be found.
2026-07-09 18:37:31.280 9 INFO neutron.wsgi [None req-2c57a57e-ddc6-4304-99dc-9f9b49e26590 ac90d534b5c74098ac31f7b59855f72a cc2d520eb47f4706baf4f8a076454c0f - - default default] 199.19.213.176 "DELETE /v2.0/ports/9d859770-9509-435e-975b-5a9e823645fe HTTP/1.1" status: 404 len: 338 time: 0.0205958
2026-07-09 18:37:31.342 10 ERROR neutron.plugins.ml2.managers [None req-102ba487-2f31-4aa6-a799-21a3e7eb0c76 - - - - - -] Mechanism driver 'ovn' failed in update_port_postcommit: ovsdbapp.backend.ovs_idl.idlutils.RowNotFound: Cannot find Logical_Switch_Port with name=9d859770-9509-435e-975b-5a9e823645fe
2026-07-09 18:37:31.342 10 ERROR neutron.plugins.ml2.managers
Traceback (most recent call last):
2026-07-09 18:37:31.342 10 ERROR neutron.plugins.ml2.managers
File "/var/lib/openstack/lib/python3.10/site-packages/neutron/plugins/ml2/managers.py", line 497, in _call_on_drivers
2026-07-09 18:37:31.342 10 ERROR neutron.plugins.ml2.managers getattr(driver.obj, method_name)(context)
2026-07-09 18:37:31.342 10 ERROR neutron.plugins.ml2.managers
File "/var/lib/openstack/lib/python3.10/site-packages/neutron/plugins/ml2/drivers/ovn/mech_driver/mech_driver.py", line 892, in update_port_postcommit
2026-07-09 18:37:31.342 10 ERROR neutron.plugins.ml2.managers self._ovn_update_port(context.plugin_context, port, original_port,
2026-07-09 18:37:31.342 10 ERROR neutron.plugins.ml2.managers
File "/var/lib/openstack/lib/python3.10/site-packages/neutron/plugins/ml2/drivers/ovn/mech_driver/mech_driver.py", line 773, in _ovn_update_port
2026-07-09 18:37:31.342 10 ERROR neutron.plugins.ml2.managers self._ovn_client.update_port(plugin_context, port,
2026-07-09 18:37:31.342 10 ERROR neutron.plugins.ml2.managers
File "/var/lib/openstack/lib/python3.10/site-packages/neutron/plugins/ml2/drivers/ovn/mech_driver/ovsdb/ovn_client.py", line 720, in update_port
2026-07-09 18:37:31.342 10 ERROR neutron.plugins.ml2.managers ovn_port = self._nb_idl.lookup('Logical_Switch_Port', port['id'])
2026-07-09 18:37:31.342 10 ERROR neutron.plugins.ml2.managers
File "/var/lib/openstack/lib/python3.10/site-packages/ovsdbapp/backend/ovs_idl/__init__.py", line 183, in lookup
2026-07-09 18:37:31.342 10 ERROR neutron.plugins.ml2.managers return self._lookup(table, record)
2026-07-09 18:37:31.342 10 ERROR neutron.plugins.ml2.managers
File "/var/lib/openstack/lib/python3.10/site-packages/ovsdbapp/backend/ovs_idl/__init__.py", line 234, in _lookup
2026-07-09 18:37:31.342 10 ERROR neutron.plugins.ml2.managers row = idlutils.row_by_value(self, rl.table, rl.column, record)
2026-07-09 18:37:31.342 10 ERROR neutron.plugins.ml2.managers
File "/var/lib/openstack/lib/python3.10/site-packages/ovsdbapp/backend/ovs_idl/idlutils.py", line 114, in row_by_value
2026-07-09 18:37:31.342 10 ERROR neutron.plugins.ml2.managers raise RowNotFound(table=table, col=column, match=match)
2026-07-09 18:37:31.342 10 ERROR neutron.plugins.ml2.managers ovsdbapp.backend.ovs_idl.idlutils.RowNotFound: Cannot find Logical_Switch_Port with name=9d859770-9509-435e-975b-5a9e823645fe
2026-07-09 18:37:31.342 10 ERROR neutron.plugins.ml2.managers 
2026-07-09 18:37:31.349 10 INFO neutron.wsgi [req-1ee3caf1-78d2-4cc4-aefa-60fba5812044 req-b1ee6fab-3bf2-4548-b0a8-34a3d80ea675 0195fe04e18d436a8201f24675f570a4 fa0d32ee8bd9438985b988ac495b2e68 - - 13789dce34f849f19410c11ea0757838 13789dce34f849f19410c11ea0757838] 199.19.213.176 "GET /v2.0/ports?tenant_id=cc2d520eb47f4706baf4f8a076454c0f&device_id=d7ef77ca-305a-4adc-a447-07c77a12dfa5 HTTP/1.1" status: 200 len: 3918 time: 0.0445065
2026-07-09 18:37:31.365 10 ERROR ovsdbapp.backend.ovs_idl.command [None req-102ba487-2f31-4aa6-a799-21a3e7eb0c76 - - - - - -] Error executing command (LspGetUpCommand): ovsdbapp.backend.ovs_idl.idlutils.RowNotFound: Cannot find Logical_Switch_Port with name=9d859770-9509-435e-975b-5a9e823645fe
2026-07-09 18:37:31.365 10 ERROR ovsdbapp.backend.ovs_idl.command
Traceback (most recent call last):
2026-07-09 18:37:31.365 10 ERROR ovsdbapp.backend.ovs_idl.command
File "/var/lib/openstack/lib/python3.10/site-packages/ovsdbapp/backend/ovs_idl/command.py", line 47, in execute
2026-07-09 18:37:31.365 10 ERROR ovsdbapp.backend.ovs_idl.command self.run_idl(None)
2026-07-09 18:37:31.365 10 ERROR ovsdbapp.backend.ovs_idl.command
File "/var/lib/openstack/lib/python3.10/site-packages/ovsdbapp/schema/ovn_northbound/commands.py", line 650, in run_idl
2026-07-09 18:37:31.365 10 ERROR ovsdbapp.backend.ovs_idl.command lsp = self.api.lookup('Logical_Switch_Port', self.port)
2026-07-09 18:37:31.365 10 ERROR ovsdbapp.backend.ovs_idl.command
File "/var/lib/openstack/lib/python3.10/site-packages/ovsdbapp/backend/ovs_idl/__init__.py", line 183, in lookup
2026-07-09 18:37:31.365 10 ERROR ovsdbapp.backend.ovs_idl.command return self._lookup(table, record)
2026-07-09 18:37:31.365 10 ERROR ovsdbapp.backend.ovs_idl.command
File "/var/lib/openstack/lib/python3.10/site-packages/ovsdbapp/backend/ovs_idl/__init__.py", line 234, in _lookup
2026-07-09 18:37:31.365 10 ERROR ovsdbapp.backend.ovs_idl.command row = idlutils.row_by_value(self, rl.table, rl.column, record)
2026-07-09 18:37:31.365 10 ERROR ovsdbapp.backend.ovs_idl.command
File "/var/lib/openstack/lib/python3.10/site-packages/ovsdbapp/backend/ovs_idl/idlutils.py", line 114, in row_by_value
2026-07-09 18:37:31.365 10 ERROR ovsdbapp.backend.ovs_idl.command raise RowNotFound(table=table, col=column, match=match)
2026-07-09 18:37:31.365 10 ERROR ovsdbapp.backend.ovs_idl.command ovsdbapp.backend.ovs_idl.idlutils.RowNotFound: Cannot find Logical_Switch_Port with name=9d859770-9509-435e-975b-5a9e823645fe
2026-07-09 18:37:31.365 10 ERROR ovsdbapp.backend.ovs_idl.command 
2026-07-09 18:37:31.366 10 ERROR ovsdbapp.event [None req-102ba487-2f31-4aa6-a799-21a3e7eb0c76 - - - - - -] Unexpected exception in notify_loop: ovsdbapp.backend.ovs_idl.idlutils.RowNotFound: Cannot find Logical_Switch_Port with name=9d859770-9509-435e-975b-5a9e823645fe
2026-07-09 18:37:31.366 10 ERROR ovsdbapp.event
Traceback (most recent call last):
2026-07-09 18:37:31.366 10 ERROR ovsdbapp.event
File "/var/lib/openstack/lib/python3.10/site-packages/ovsdbapp/event.py", line 177, in notify_loop
2026-07-09 18:37:31.366 10 ERROR ovsdbapp.event match.run(event, row, updates)
2026-07-09 18:37:31.366 10 ERROR ovsdbapp.event
File "/var/lib/openstack/lib/python3.10/site-packages/neutron/plugins/ml2/drivers/ovn/mech_driver/ovsdb/ovsdb_monitor.py", line 543, in run
2026-07-09 18:37:31.366 10 ERROR ovsdbapp.event self.driver.set_port_status_down(row.name)
2026-07-09 18:37:31.366 10 ERROR ovsdbapp.event
File "/var/lib/openstack/lib/python3.10/site-packages/neutron/plugins/ml2/drivers/ovn/mech_driver/mech_driver.py", line 1231, in set_port_status_down
2026-07-09 18:37:31.366 10 ERROR ovsdbapp.event self._ovn_client.update_lsp_host_info(
2026-07-09 18:37:31.366 10 ERROR ovsdbapp.event
File "/var/lib/openstack/lib/python3.10/site-packages/neutron/plugins/ml2/drivers/ovn/mech_driver/ovsdb/ovn_client.py", line 297, in update_lsp_host_info
2026-07-09 18:37:31.366 10 ERROR ovsdbapp.event port_up = self._nb_idl.lsp_get_up(db_port.id).execute(
2026-07-09 18:37:31.366 10 ERROR ovsdbapp.event
File "/var/lib/openstack/lib/python3.10/site-packages/ovsdbapp/backend/ovs_idl/command.py", line 47, in execute
2026-07-09 18:37:31.366 10 ERROR ovsdbapp.event self.run_idl(None)
2026-07-09 18:37:31.366 10 ERROR ovsdbapp.event
File "/var/lib/openstack/lib/python3.10/site-packages/ovsdbapp/schema/ovn_northbound/commands.py", line 650, in run_idl
2026-07-09 18:37:31.366 10 ERROR ovsdbapp.event lsp = self.api.lookup('Logical_Switch_Port', self.port)
2026-07-09 18:37:31.366 10 ERROR ovsdbapp.event
File "/var/lib/openstack/lib/python3.10/site-packages/ovsdbapp/backend/ovs_idl/__init__.py", line 183, in lookup
2026-07-09 18:37:31.366 10 ERROR ovsdbapp.event return self._lookup(table, record)
2026-07-09 18:37:31.366 10 ERROR ovsdbapp.event
File "/var/lib/openstack/lib/python3.10/site-packages/ovsdbapp/backend/ovs_idl/__init__.py", line 234, in _lookup
2026-07-09 18:37:31.366 10 ERROR ovsdbapp.event row = idlutils.row_by_value(self, rl.table, rl.column, record)
2026-07-09 18:37:31.366 10 ERROR ovsdbapp.event
File "/var/lib/openstack/lib/python3.10/site-packages/ovsdbapp/backend/ovs_idl/idlutils.py", line 114, in row_by_value
2026-07-09 18:37:31.366 10 ERROR ovsdbapp.event raise RowNotFound(table=table, col=column, match=match)
2026-07-09 18:37:31.366 10 ERROR ovsdbapp.event ovsdbapp.backend.ovs_idl.idlutils.RowNotFound: Cannot find Logical_Switch_Port with name=9d859770-9509-435e-975b-5a9e823645fe
2026-07-09 18:37:31.366 10 ERROR ovsdbapp.event 
2026-07-09 18:37:31.367 9 INFO neutron.wsgi [None req-e7d15ae9-5bfc-4e6e-aa9d-ca84fa69e2ed ac90d534b5c74098ac31f7b59855f72a cc2d520eb47f4706baf4f8a076454c0f - - default default] 199.19.213.176 "GET /v2.0/extensions/security-group HTTP/1.1" status: 200 len: 369 time: 0.0100203
2026-07-09 18:37:31.377 9 INFO neutron.wsgi [None req-f0c7baef-4cea-4f58-bc00-06cca5811fe9 ac90d534b5c74098ac31f7b59855f72a cc2d520eb47f4706baf4f8a076454c0f - - default default] 199.19.213.176 "GET /v2.0/extensions/dns-integration HTTP/1.1" status: 200 len: 371 time: 0.0048795
2026-07-09 18:37:31.387 9 INFO neutron.wsgi [None req-092b1e09-8e62-4e20-9a15-bc1099d615fb ac90d534b5c74098ac31f7b59855f72a cc2d520eb47f4706baf4f8a076454c0f - - default default] 199.19.213.176 "GET /v2.0/extensions/qos HTTP/1.1" status: 200 len: 365 time: 0.0045230
2026-07-09 18:37:31.401 9 INFO neutron.wsgi [None req-9f04a256-b133-4a5c-b353-0d7fc33450ef ac90d534b5c74098ac31f7b59855f72a cc2d520eb47f4706baf4f8a076454c0f - - default default] 199.19.213.176 "GET /v2.0/extensions/allowed-address-pairs HTTP/1.1" status: 200 len: 383 time: 0.0073538
2026-07-09 18:37:31.440 9 INFO neutron.wsgi [None req-2ae95998-c406-4b97-aee2-8c55eaeb89f8 ac90d534b5c74098ac31f7b59855f72a cc2d520eb47f4706baf4f8a076454c0f - - default default] 199.19.213.176 "GET /v2.0/subnets/fdbe2c7c-7b4f-4e43-839b-4d7afea51666 HTTP/1.1" status: 200 len: 850 time: 0.0331972
2026-07-09 18:37:31.443 10 INFO neutron.wsgi [req-1ee3caf1-78d2-4cc4-aefa-60fba5812044 req-57192a69-946d-4a7a-a8cf-b8dc70c904d8 0195fe04e18d436a8201f24675f570a4 fa0d32ee8bd9438985b988ac495b2e68 - - 13789dce34f849f19410c11ea0757838 13789dce34f849f19410c11ea0757838] 199.19.213.176 "GET /v2.0/networks?id=5fa1c72c-185f-4bd9-a8c6-2e2d50a36544&id=62754e50-da57-4035-9dd6-237716d57270&id=7d9bc913-c6e3-4f1f-9187-94feadd41307&id=58bbc1fb-57f6-4dc7-84c8-619f6178b228 HTTP/1.1" status: 200 len: 3310 time: 0.0848110
2026-07-09 18:37:31.469 10 INFO neutron.wsgi [req-1ee3caf1-78d2-4cc4-aefa-60fba5812044 req-24e3d986-c850-48f9-8b97-3b8679dfa345 0195fe04e18d436a8201f24675f570a4 fa0d32ee8bd9438985b988ac495b2e68 - - 13789dce34f849f19410c11ea0757838 13789dce34f849f19410c11ea0757838] 199.19.213.176 "GET /v2.0/floatingips?fixed_ip_address=172.24.3.211&port_id=10b1f0f2-a835-42ab-b483-49f1cb33ff48 HTTP/1.1" status: 200 len: 217 time: 0.0210235
2026-07-09 18:37:31.480 9 INFO neutron.wsgi [None req-434249ab-c1b9-4671-a967-d74c8b96da00 ac90d534b5c74098ac31f7b59855f72a cc2d520eb47f4706baf4f8a076454c0f - - default default] 199.19.213.176 "GET /v2.0/ports/46fcf4b6-5c23-460c-b6ae-d34afcebd44a HTTP/1.1" status: 200 len: 1340 time: 0.0340610
2026-07-09 18:37:31.504 10 INFO neutron.wsgi [req-1ee3caf1-78d2-4cc4-aefa-60fba5812044 req-3de649b8-caba-4a0b-97c5-ca80e94d37d2 0195fe04e18d436a8201f24675f570a4 fa0d32ee8bd9438985b988ac495b2e68 - - 13789dce34f849f19410c11ea0757838 13789dce34f849f19410c11ea0757838] 199.19.213.176 "GET /v2.0/subnets?id=d4f29fe2-3db2-4052-9a2b-705fe8e220f7 HTTP/1.1" status: 200 len: 829 time: 0.0319579
2026-07-09 18:37:31.514 9 INFO neutron.wsgi [None req-741664af-0f8d-4d1a-a57c-ae6a9cdd2c23 ac90d534b5c74098ac31f7b59855f72a cc2d520eb47f4706baf4f8a076454c0f - - default default] 199.19.213.176 "GET /v2.0/ports/8b253099-b526-48fa-b119-5fb569a5e181 HTTP/1.1" status: 200 len: 1515 time: 0.0302365
2026-07-09 18:37:31.530 10 INFO neutron.wsgi [req-1ee3caf1-78d2-4cc4-aefa-60fba5812044 req-9040f2c7-80e1-49a6-b4d7-8ceff2999010 0195fe04e18d436a8201f24675f570a4 fa0d32ee8bd9438985b988ac495b2e68 - - 13789dce34f849f19410c11ea0757838 13789dce34f849f19410c11ea0757838] 199.19.213.176 "GET /v2.0/ports?network_id=5fa1c72c-185f-4bd9-a8c6-2e2d50a36544&device_owner=network%3Adhcp HTTP/1.1" status: 200 len: 210 time: 0.0217450
2026-07-09 18:37:31.552 9 INFO neutron.wsgi [None req-cba373c4-e04a-489d-8b35-2d5f55ddd841 ac90d534b5c74098ac31f7b59855f72a cc2d520eb47f4706baf4f8a076454c0f - - default default] 199.19.213.176 "GET /v2.0/subnets/fdbe2c7c-7b4f-4e43-839b-4d7afea51666 HTTP/1.1" status: 200 len: 850 time: 0.0303934
2026-07-09 18:37:31.597 10 INFO neutron.wsgi [req-1ee3caf1-78d2-4cc4-aefa-60fba5812044 req-7efe348f-dee9-49bf-b4d2-f4abbc5d6452 0195fe04e18d436a8201f24675f570a4 fa0d32ee8bd9438985b988ac495b2e68 - - 13789dce34f849f19410c11ea0757838 13789dce34f849f19410c11ea0757838] 199.19.213.176 "GET /v2.0/networks/5fa1c72c-185f-4bd9-a8c6-2e2d50a36544?fields=segments HTTP/1.1" status: 200 len: 212 time: 0.0603421
2026-07-09 18:37:31.611 9 INFO neutron.wsgi [None req-76de3d05-d8ee-4c2b-9cb5-9badab540cc1 ac90d534b5c74098ac31f7b59855f72a cc2d520eb47f4706baf4f8a076454c0f - - default default] 199.19.213.176 "GET /v2.0/networks/62754e50-da57-4035-9dd6-237716d57270 HTTP/1.1" status: 200 len: 1002 time: 0.0526941
2026-07-09 18:37:31.646 9 INFO neutron.wsgi [None req-404468e8-00d7-4e58-814a-41f3933928e3 ac90d534b5c74098ac31f7b59855f72a cc2d520eb47f4706baf4f8a076454c0f - - default default] 199.19.213.176 "GET /v2.0/ports/46fcf4b6-5c23-460c-b6ae-d34afcebd44a HTTP/1.1" status: 200 len: 1340 time: 0.0280752
2026-07-09 18:37:31.671 10 INFO neutron.wsgi [req-1ee3caf1-78d2-4cc4-aefa-60fba5812044 req-a5a48899-7533-481d-86f5-e433a6283fde 0195fe04e18d436a8201f24675f570a4 fa0d32ee8bd9438985b988ac495b2e68 - - 13789dce34f849f19410c11ea0757838 13789dce34f849f19410c11ea0757838] 199.19.213.176 "GET /v2.0/networks/5fa1c72c-185f-4bd9-a8c6-2e2d50a36544?fields=provider%3Aphysical_network&fields=provider%3Anetwork_type HTTP/1.1" status: 200 len: 277 time: 0.0654755
2026-07-09 18:37:31.690 9 INFO neutron.wsgi [None req-f871191e-953c-43b4-9a18-8670dbb81336 ac90d534b5c74098ac31f7b59855f72a cc2d520eb47f4706baf4f8a076454c0f - - default default] 199.19.213.176 "GET /v2.0/subnets/fdbe2c7c-7b4f-4e43-839b-4d7afea51666 HTTP/1.1" status: 200 len: 850 time: 0.0375731
2026-07-09 18:37:31.696 10 INFO neutron.wsgi [req-1ee3caf1-78d2-4cc4-aefa-60fba5812044 req-3fad05ab-59da-4618-b14d-292ffe60bd99 0195fe04e18d436a8201f24675f570a4 fa0d32ee8bd9438985b988ac495b2e68 - - 13789dce34f849f19410c11ea0757838 13789dce34f849f19410c11ea0757838] 199.19.213.176 "GET /v2.0/floatingips?fixed_ip_address=10.1.1.18&port_id=8b253099-b526-48fa-b119-5fb569a5e181 HTTP/1.1" status: 200 len: 217 time: 0.0201848
2026-07-09 18:37:31.736 10 INFO neutron.wsgi [req-1ee3caf1-78d2-4cc4-aefa-60fba5812044 req-26cb1f85-0afc-44f1-8198-d39ea44de75a 0195fe04e18d436a8201f24675f570a4 fa0d32ee8bd9438985b988ac495b2e68 - - 13789dce34f849f19410c11ea0757838 13789dce34f849f19410c11ea0757838] 199.19.213.176 "GET /v2.0/subnets?id=fdbe2c7c-7b4f-4e43-839b-4d7afea51666 HTTP/1.1" status: 200 len: 853 time: 0.0329690
2026-07-09 18:37:31.765 10 INFO neutron.wsgi [req-1ee3caf1-78d2-4cc4-aefa-60fba5812044 req-697e9fa2-b6dc-4d0e-8a66-b0bb29ea9e29 0195fe04e18d436a8201f24675f570a4 fa0d32ee8bd9438985b988ac495b2e68 - - 13789dce34f849f19410c11ea0757838 13789dce34f849f19410c11ea0757838] 199.19.213.176 "GET /v2.0/ports?network_id=62754e50-da57-4035-9dd6-237716d57270&device_owner=network%3Adhcp HTTP/1.1" status: 200 len: 210 time: 0.0218513
2026-07-09 18:37:31.855 10 INFO neutron.wsgi [req-1ee3caf1-78d2-4cc4-aefa-60fba5812044 req-f38feef1-56ab-4a6d-b838-8d3c675dd7d1 0195fe04e18d436a8201f24675f570a4 fa0d32ee8bd9438985b988ac495b2e68 - - 13789dce34f849f19410c11ea0757838 13789dce34f849f19410c11ea0757838] 199.19.213.176 "GET /v2.0/networks/62754e50-da57-4035-9dd6-237716d57270?fields=segments HTTP/1.1" status: 200 len: 212 time: 0.0825224
2026-07-09 18:37:31.974 10 INFO neutron.wsgi [req-1ee3caf1-78d2-4cc4-aefa-60fba5812044 req-37a4bde6-08b3-492a-a72d-41f6c91c6332 0195fe04e18d436a8201f24675f570a4 fa0d32ee8bd9438985b988ac495b2e68 - - 13789dce34f849f19410c11ea0757838 13789dce34f849f19410c11ea0757838] 199.19.213.176 "GET /v2.0/networks/62754e50-da57-4035-9dd6-237716d57270?fields=provider%3Aphysical_network&fields=provider%3Anetwork_type HTTP/1.1" status: 200 len: 277 time: 0.1123178
2026-07-09 18:37:32.021 10 INFO neutron.wsgi [req-1ee3caf1-78d2-4cc4-aefa-60fba5812044 req-adc30806-1169-4154-bf6a-95046963da33 0195fe04e18d436a8201f24675f570a4 fa0d32ee8bd9438985b988ac495b2e68 - - 13789dce34f849f19410c11ea0757838 13789dce34f849f19410c11ea0757838] 199.19.213.176 "GET /v2.0/floatingips?fixed_ip_address=10.2.1.23&port_id=83556a9e-2c9a-45d6-b2e4-d1830d3aba0e HTTP/1.1" status: 200 len: 217 time: 0.0431900
2026-07-09 18:37:32.065 10 INFO neutron.wsgi [req-1ee3caf1-78d2-4cc4-aefa-60fba5812044 req-e0c7f054-aa12-4cd4-87e9-899976000a31 0195fe04e18d436a8201f24675f570a4 fa0d32ee8bd9438985b988ac495b2e68 - - 13789dce34f849f19410c11ea0757838 13789dce34f849f19410c11ea0757838] 199.19.213.176 "GET /v2.0/subnets?id=7eb7b16a-00ac-47e6-ac79-f3ec3192301d HTTP/1.1" status: 200 len: 851 time: 0.0397146
2026-07-09 18:37:32.099 10 INFO neutron.wsgi [req-1ee3caf1-78d2-4cc4-aefa-60fba5812044 req-a054362c-4295-4df9-99f2-fbc156b0f9cc 0195fe04e18d436a8201f24675f570a4 fa0d32ee8bd9438985b988ac495b2e68 - - 13789dce34f849f19410c11ea0757838 13789dce34f849f19410c11ea0757838] 199.19.213.176 "GET /v2.0/ports?network_id=7d9bc913-c6e3-4f1f-9187-94feadd41307&device_owner=network%3Adhcp HTTP/1.1" status: 200 len: 210 time: 0.0292687
2026-07-09 18:37:32.126 9 INFO neutron.wsgi [-] 10.0.0.106 "GET / HTTP/1.1" status: 200 len: 247 time: 0.0017836
2026-07-09 18:37:32.128 9 INFO neutron.wsgi [-] 10.0.0.106 "GET / HTTP/1.1" status: 200 len: 247 time: 0.0011683
2026-07-09 18:37:32.206 10 INFO neutron.wsgi [req-1ee3caf1-78d2-4cc4-aefa-60fba5812044 req-9e8c22ed-e9be-43b8-ae27-be5de3e94cfe 0195fe04e18d436a8201f24675f570a4 fa0d32ee8bd9438985b988ac495b2e68 - - 13789dce34f849f19410c11ea0757838 13789dce34f849f19410c11ea0757838] 199.19.213.176 "GET /v2.0/networks/7d9bc913-c6e3-4f1f-9187-94feadd41307?fields=segments HTTP/1.1" status: 200 len: 212 time: 0.1018896
2026-07-09 18:37:32.332 10 INFO neutron.wsgi [req-1ee3caf1-78d2-4cc4-aefa-60fba5812044 req-ec05d64a-0768-4ac2-a4c5-66f2e948f46b 0195fe04e18d436a8201f24675f570a4 fa0d32ee8bd9438985b988ac495b2e68 - - 13789dce34f849f19410c11ea0757838 13789dce34f849f19410c11ea0757838] 199.19.213.176 "GET /v2.0/networks/7d9bc913-c6e3-4f1f-9187-94feadd41307?fields=provider%3Aphysical_network&fields=provider%3Anetwork_type HTTP/1.1" status: 200 len: 277 time: 0.1214509
2026-07-09 18:37:32.767 10 INFO neutron.notifiers.nova [-] Nova event matching ['req-572687a5-9438-4669-a35f-6c0cf8b0afa6'] response: {'server_uuid': 'd7ef77ca-305a-4adc-a447-07c77a12dfa5', 'name': 'network-vif-deleted', 'tag': '9d859770-9509-435e-975b-5a9e823645fe', 'status': 'completed', 'code': 200}
2026-07-09 18:37:32.768 10 INFO neutron.notifiers.nova [-] Nova event matching ['req-572687a5-9438-4669-a35f-6c0cf8b0afa6'] response: {'server_uuid': 'd7ef77ca-305a-4adc-a447-07c77a12dfa5', 'name': 'network-vif-plugged', 'status': 'completed', 'tag': '9d859770-9509-435e-975b-5a9e823645fe', 'code': 200}
2026-07-09 18:37:34.588 9 INFO neutron.wsgi [None req-c30c8c7a-6ea7-4317-bc02-ebb6cbda3a79 ac90d534b5c74098ac31f7b59855f72a cc2d520eb47f4706baf4f8a076454c0f - - default default] 199.19.213.176 "GET /v2.0/extensions/security-group HTTP/1.1" status: 200 len: 369 time: 0.0081425
2026-07-09 18:37:34.600 9 INFO neutron.wsgi [None req-a97ae159-c01e-4dc5-9337-f0acb60c025f ac90d534b5c74098ac31f7b59855f72a cc2d520eb47f4706baf4f8a076454c0f - - default default] 199.19.213.176 "GET /v2.0/extensions/dns-integration HTTP/1.1" status: 200 len: 371 time: 0.0051901
2026-07-09 18:37:34.607 9 INFO neutron.wsgi [None req-6b1d8755-bdb7-4364-ac6b-917221c69423 ac90d534b5c74098ac31f7b59855f72a cc2d520eb47f4706baf4f8a076454c0f - - default default] 199.19.213.176 "GET /v2.0/extensions/qos HTTP/1.1" status: 200 len: 365 time: 0.0043836
2026-07-09 18:37:34.618 9 INFO neutron.wsgi [None req-30a8709d-c2eb-4b66-a728-597f6b02675e ac90d534b5c74098ac31f7b59855f72a cc2d520eb47f4706baf4f8a076454c0f - - default default] 199.19.213.176 "GET /v2.0/extensions/allowed-address-pairs HTTP/1.1" status: 200 len: 383 time: 0.0047946
2026-07-09 18:37:34.657 9 INFO neutron.wsgi [None req-8e31a00a-d6ae-4ec2-8788-4a9367314b3f ac90d534b5c74098ac31f7b59855f72a cc2d520eb47f4706baf4f8a076454c0f - - default default] 199.19.213.176 "GET /v2.0/ports?device_id=d7ef77ca-305a-4adc-a447-07c77a12dfa5 HTTP/1.1" status: 200 len: 3918 time: 0.0327034
2026-07-09 18:37:34.803 9 INFO neutron.wsgi [None req-a4562f45-d0b5-4fc6-b4f9-629a8eb19a79 ac90d534b5c74098ac31f7b59855f72a cc2d520eb47f4706baf4f8a076454c0f - - default default] 199.19.213.176 "GET /v2.0/extensions/security-group HTTP/1.1" status: 200 len: 369 time: 0.0070038
2026-07-09 18:37:34.810 9 INFO neutron.wsgi [None req-2572fd6e-873f-426a-8a2b-bfa26fe93e65 ac90d534b5c74098ac31f7b59855f72a cc2d520eb47f4706baf4f8a076454c0f - - default default] 199.19.213.176 "GET /v2.0/extensions/dns-integration HTTP/1.1" status: 200 len: 371 time: 0.0031228
2026-07-09 18:37:34.820 9 INFO neutron.wsgi [None req-0abdce70-9350-4c44-8f7d-8bccff14055f ac90d534b5c74098ac31f7b59855f72a cc2d520eb47f4706baf4f8a076454c0f - - default default] 199.19.213.176 "GET /v2.0/extensions/qos HTTP/1.1" status: 200 len: 365 time: 0.0048206
2026-07-09 18:37:34.831 9 INFO neutron.wsgi [None req-080e6201-4d06-4f78-ab4b-9ec93144b770 ac90d534b5c74098ac31f7b59855f72a cc2d520eb47f4706baf4f8a076454c0f - - default default] 199.19.213.176 "GET /v2.0/extensions/allowed-address-pairs HTTP/1.1" status: 200 len: 383 time: 0.0073159
2026-07-09 18:37:34.875 9 INFO neutron.wsgi [None req-c28d5a4a-2368-4664-ab4a-92e4de4f7a55 ac90d534b5c74098ac31f7b59855f72a cc2d520eb47f4706baf4f8a076454c0f - - default default] 199.19.213.176 "GET /v2.0/ports/83556a9e-2c9a-45d6-b2e4-d1830d3aba0e HTTP/1.1" status: 200 len: 1402 time: 0.0344720
2026-07-09 18:37:35.593 9 INFO neutron.db.ovn_revision_numbers_db [None req-edf682f2-c4f0-4ce2-998a-dce46ba5122f ac90d534b5c74098ac31f7b59855f72a cc2d520eb47f4706baf4f8a076454c0f - - default default] Successfully bumped revision number for resource 83556a9e-2c9a-45d6-b2e4-d1830d3aba0e (type: ports) to 6
2026-07-09 18:37:35.604 9 INFO neutron.wsgi [None req-edf682f2-c4f0-4ce2-998a-dce46ba5122f ac90d534b5c74098ac31f7b59855f72a cc2d520eb47f4706baf4f8a076454c0f - - default default] 199.19.213.176 "PUT /v2.0/ports/83556a9e-2c9a-45d6-b2e4-d1830d3aba0e HTTP/1.1" status: 200 len: 1203 time: 0.7227411 /var/lib/openstack/lib/python3.10/site-packages/pycadf/identifier.py:71: UserWarning: Invalid uuid: neutron. To ensure interoperability, identifiers should be a valid uuid. warnings.warn(('Invalid uuid: %s. To ensure interoperability, '
2026-07-09 18:37:35.651 9 INFO neutron.notifiers.nova [-] Nova event matching ['req-7e41ecf6-e865-4c49-94f0-d12eca983c21'] response: {'name': 'network-changed', 'server_uuid': 'd7ef77ca-305a-4adc-a447-07c77a12dfa5', 'tag': '83556a9e-2c9a-45d6-b2e4-d1830d3aba0e', 'status': 'completed', 'code': 200}
2026-07-09 18:37:35.659 9 INFO neutron.wsgi [None req-316bcbf6-4126-4bd6-a3d5-26844b94af76 ac90d534b5c74098ac31f7b59855f72a cc2d520eb47f4706baf4f8a076454c0f - - default default] 199.19.213.176 "GET /v2.0/networks/7d9bc913-c6e3-4f1f-9187-94feadd41307 HTTP/1.1" status: 200 len: 1000 time: 0.0495193
2026-07-09 18:37:35.698 9 INFO neutron.wsgi [None req-5eb51ad1-89fa-4f86-b987-b2b4427d7ede ac90d534b5c74098ac31f7b59855f72a cc2d520eb47f4706baf4f8a076454c0f - - default default] 199.19.213.176 "GET /v2.0/ports?device_id=d7ef77ca-305a-4adc-a447-07c77a12dfa5 HTTP/1.1" status: 200 len: 3747 time: 0.0340343
2026-07-09 18:37:35.703 10 INFO neutron.wsgi [req-6402bf4b-da30-4469-9e2f-5d3a95a3e9e9 req-98562fdb-a423-4081-b85c-7435916b0a8d 0195fe04e18d436a8201f24675f570a4 fa0d32ee8bd9438985b988ac495b2e68 - - 13789dce34f849f19410c11ea0757838 13789dce34f849f19410c11ea0757838] 199.19.213.176 "GET /v2.0/ports?tenant_id=cc2d520eb47f4706baf4f8a076454c0f&device_id=d7ef77ca-305a-4adc-a447-07c77a12dfa5 HTTP/1.1" status: 200 len: 3747 time: 0.0318570
2026-07-09 18:37:35.776 10 INFO neutron.wsgi [req-6402bf4b-da30-4469-9e2f-5d3a95a3e9e9 req-8672cdf1-2608-4647-a740-bbdc69ea4e9b 0195fe04e18d436a8201f24675f570a4 fa0d32ee8bd9438985b988ac495b2e68 - - 13789dce34f849f19410c11ea0757838 13789dce34f849f19410c11ea0757838] 199.19.213.176 "GET /v2.0/networks?id=7d9bc913-c6e3-4f1f-9187-94feadd41307 HTTP/1.1" status: 200 len: 1003 time: 0.0671411
2026-07-09 18:37:35.825 9 INFO neutron.wsgi [None req-a7825957-417f-463c-b5f3-8740e6d4288a ac90d534b5c74098ac31f7b59855f72a cc2d520eb47f4706baf4f8a076454c0f - - default default] 199.19.213.176 "GET /v2.0/ports?device_id=d7ef77ca-305a-4adc-a447-07c77a12dfa5 HTTP/1.1" status: 200 len: 3747 time: 0.0342805
2026-07-09 18:37:35.857 10 INFO neutron.wsgi [req-6402bf4b-da30-4469-9e2f-5d3a95a3e9e9 req-0f7d2670-3e90-44e2-8522-f9e80fb4d83d 0195fe04e18d436a8201f24675f570a4 fa0d32ee8bd9438985b988ac495b2e68 - - 13789dce34f849f19410c11ea0757838 13789dce34f849f19410c11ea0757838] 199.19.213.176 "GET /v2.0/networks/7d9bc913-c6e3-4f1f-9187-94feadd41307?fields=segments HTTP/1.1" status: 200 len: 212 time: 0.0728874
2026-07-09 18:37:35.951 10 INFO neutron.wsgi [req-6402bf4b-da30-4469-9e2f-5d3a95a3e9e9 req-36685709-2ee9-41f6-a19a-5290afaf9683 0195fe04e18d436a8201f24675f570a4 fa0d32ee8bd9438985b988ac495b2e68 - - 13789dce34f849f19410c11ea0757838 13789dce34f849f19410c11ea0757838] 199.19.213.176 "GET /v2.0/networks/7d9bc913-c6e3-4f1f-9187-94feadd41307?fields=provider%3Aphysical_network&fields=provider%3Anetwork_type HTTP/1.1" status: 200 len: 277 time: 0.0867989
2026-07-09 18:37:36.162 10 INFO neutron.plugins.ml2.drivers.ovn.mech_driver.mech_driver [None req-102ba487-2f31-4aa6-a799-21a3e7eb0c76 - - - - - -] OVN reports status down for port: 83556a9e-2c9a-45d6-b2e4-d1830d3aba0e
2026-07-09 18:37:36.245 10 INFO neutron.wsgi [req-d2d859da-96c5-4868-b6b9-95100dac6c0c req-d469ef8a-c7c3-4ba2-a84f-68e4179d5ad6 0195fe04e18d436a8201f24675f570a4 fa0d32ee8bd9438985b988ac495b2e68 - - 13789dce34f849f19410c11ea0757838 13789dce34f849f19410c11ea0757838] 199.19.213.176 "GET /v2.0/ports/83556a9e-2c9a-45d6-b2e4-d1830d3aba0e HTTP/1.1" status: 200 len: 1231 time: 0.0319390
2026-07-09 18:37:36.399 10 INFO neutron.notifiers.nova [-] Nova event matching ['req-17770b63-1488-426d-80da-c4c860613bc3'] response: {'server_uuid': 'd7ef77ca-305a-4adc-a447-07c77a12dfa5', 'name': 'network-vif-unplugged', 'status': 'completed', 'tag': '83556a9e-2c9a-45d6-b2e4-d1830d3aba0e', 'code': 200}
2026-07-09 18:37:36.673 10 INFO neutron.wsgi [req-d2d859da-96c5-4868-b6b9-95100dac6c0c req-6f8bd347-020f-47fa-9e8e-1eb2ee92af0a ac90d534b5c74098ac31f7b59855f72a cc2d520eb47f4706baf4f8a076454c0f - - default default] 199.19.213.176 "DELETE /v2.0/ports/83556a9e-2c9a-45d6-b2e4-d1830d3aba0e HTTP/1.1" status: 204 len: 173 time: 0.4233012
2026-07-09 18:37:36.776 10 INFO neutron.wsgi [req-d2d859da-96c5-4868-b6b9-95100dac6c0c req-e3509f7d-5c86-46aa-80a7-4cfe00af879f 0195fe04e18d436a8201f24675f570a4 fa0d32ee8bd9438985b988ac495b2e68 - - 13789dce34f849f19410c11ea0757838 13789dce34f849f19410c11ea0757838] 199.19.213.176 "GET /v2.0/ports?tenant_id=cc2d520eb47f4706baf4f8a076454c0f&device_id=d7ef77ca-305a-4adc-a447-07c77a12dfa5 HTTP/1.1" status: 200 len: 2724 time: 0.0404222
2026-07-09 18:37:36.871 9 INFO neutron.wsgi [None req-62c3ee49-710c-4590-9fc9-34e733bf1aed ac90d534b5c74098ac31f7b59855f72a cc2d520eb47f4706baf4f8a076454c0f - - default default] 199.19.213.176 "GET /v2.0/ports?device_id=d7ef77ca-305a-4adc-a447-07c77a12dfa5 HTTP/1.1" status: 200 len: 2724 time: 0.0405214
2026-07-09 18:37:36.885 10 INFO neutron.wsgi [req-d2d859da-96c5-4868-b6b9-95100dac6c0c req-a934e623-ce2b-47cd-b4f2-33341e232222 0195fe04e18d436a8201f24675f570a4 fa0d32ee8bd9438985b988ac495b2e68 - - 13789dce34f849f19410c11ea0757838 13789dce34f849f19410c11ea0757838] 199.19.213.176 "GET /v2.0/networks?id=5fa1c72c-185f-4bd9-a8c6-2e2d50a36544&id=62754e50-da57-4035-9dd6-237716d57270&id=7d9bc913-c6e3-4f1f-9187-94feadd41307 HTTP/1.1" status: 200 len: 2520 time: 0.1022060
2026-07-09 18:37:36.903 9 INFO neutron.pecan_wsgi.hooks.translation [None req-185db5d0-92ee-4997-b474-491d36b6da77 ac90d534b5c74098ac31f7b59855f72a cc2d520eb47f4706baf4f8a076454c0f - - default default] DELETE failed (client error): The resource could not be found.
2026-07-09 18:37:36.907 9 INFO neutron.wsgi [None req-185db5d0-92ee-4997-b474-491d36b6da77 ac90d534b5c74098ac31f7b59855f72a cc2d520eb47f4706baf4f8a076454c0f - - default default] 199.19.213.176 "DELETE /v2.0/ports/83556a9e-2c9a-45d6-b2e4-d1830d3aba0e HTTP/1.1" status: 404 len: 338 time: 0.0299158
2026-07-09 18:37:36.941 10 INFO neutron.wsgi [req-d2d859da-96c5-4868-b6b9-95100dac6c0c req-b66c668a-3115-46e1-8cd4-84585cecf9df 0195fe04e18d436a8201f24675f570a4 fa0d32ee8bd9438985b988ac495b2e68 - - 13789dce34f849f19410c11ea0757838 13789dce34f849f19410c11ea0757838] 199.19.213.176 "GET /v2.0/floatingips?fixed_ip_address=172.24.3.211&port_id=10b1f0f2-a835-42ab-b483-49f1cb33ff48 HTTP/1.1" status: 200 len: 217 time: 0.0398741
2026-07-09 18:37:37.027 10 INFO neutron.wsgi [req-d2d859da-96c5-4868-b6b9-95100dac6c0c req-a8698955-3c03-4c35-986b-5a2d4efcca5f 0195fe04e18d436a8201f24675f570a4 fa0d32ee8bd9438985b988ac495b2e68 - - 13789dce34f849f19410c11ea0757838 13789dce34f849f19410c11ea0757838] 199.19.213.176 "GET /v2.0/subnets?id=d4f29fe2-3db2-4052-9a2b-705fe8e220f7 HTTP/1.1" status: 200 len: 829 time: 0.0774992
2026-07-09 18:37:37.071 10 INFO neutron.wsgi [req-d2d859da-96c5-4868-b6b9-95100dac6c0c req-20fe6c47-23fe-471e-a96b-1de4fdd1d097 0195fe04e18d436a8201f24675f570a4 fa0d32ee8bd9438985b988ac495b2e68 - - 13789dce34f849f19410c11ea0757838 13789dce34f849f19410c11ea0757838] 199.19.213.176 "GET /v2.0/ports?network_id=5fa1c72c-185f-4bd9-a8c6-2e2d50a36544&device_owner=network%3Adhcp HTTP/1.1" status: 200 len: 210 time: 0.0312307
2026-07-09 18:37:37.105 9 INFO neutron.wsgi [None req-2b771f36-fcd6-45bc-9a30-a1e9e508e831 ac90d534b5c74098ac31f7b59855f72a cc2d520eb47f4706baf4f8a076454c0f - - default default] 199.19.213.176 "GET /v2.0/extensions/security-group HTTP/1.1" status: 200 len: 369 time: 0.0063388
2026-07-09 18:37:37.125 9 INFO neutron.wsgi [None req-b36ce19c-1843-4aa8-bef1-4de610a8717c ac90d534b5c74098ac31f7b59855f72a cc2d520eb47f4706baf4f8a076454c0f - - default default] 199.19.213.176 "GET /v2.0/extensions/dns-integration HTTP/1.1" status: 200 len: 371 time: 0.0068009
2026-07-09 18:37:37.138 9 INFO neutron.wsgi [None req-636fa340-8a76-4585-9432-10b8a31b979e ac90d534b5c74098ac31f7b59855f72a cc2d520eb47f4706baf4f8a076454c0f - - default default] 199.19.213.176 "GET /v2.0/extensions/qos HTTP/1.1" status: 200 len: 365 time: 0.0075064
2026-07-09 18:37:37.152 9 INFO neutron.wsgi [None req-8e477260-db0d-4b91-a447-43e9b0a8ca57 ac90d534b5c74098ac31f7b59855f72a cc2d520eb47f4706baf4f8a076454c0f - - default default] 199.19.213.176 "GET /v2.0/extensions/allowed-address-pairs HTTP/1.1" status: 200 len: 383 time: 0.0035181
2026-07-09 18:37:37.212 10 INFO neutron.wsgi [req-d2d859da-96c5-4868-b6b9-95100dac6c0c req-494aa8f8-d938-4e1f-b77d-60fed38c1907 0195fe04e18d436a8201f24675f570a4 fa0d32ee8bd9438985b988ac495b2e68 - - 13789dce34f849f19410c11ea0757838 13789dce34f849f19410c11ea0757838] 199.19.213.176 "GET /v2.0/networks/5fa1c72c-185f-4bd9-a8c6-2e2d50a36544?fields=segments HTTP/1.1" status: 200 len: 212 time: 0.1350815
2026-07-09 18:37:37.226 9 INFO neutron.wsgi [None req-c0577ea8-0e3a-4c41-9026-30a0e911f437 ac90d534b5c74098ac31f7b59855f72a cc2d520eb47f4706baf4f8a076454c0f - - default default] 199.19.213.176 "GET /v2.0/subnets/fdbe2c7c-7b4f-4e43-839b-4d7afea51666 HTTP/1.1" status: 200 len: 850 time: 0.0698540
2026-07-09 18:37:37.231 10 ERROR ovsdbapp.backend.ovs_idl.command [None req-102ba487-2f31-4aa6-a799-21a3e7eb0c76 - - - - - -] Error executing command (LspGetUpCommand): ovsdbapp.backend.ovs_idl.idlutils.RowNotFound: Cannot find Logical_Switch_Port with name=83556a9e-2c9a-45d6-b2e4-d1830d3aba0e
2026-07-09 18:37:37.231 10 ERROR ovsdbapp.backend.ovs_idl.command
Traceback (most recent call last):
2026-07-09 18:37:37.231 10 ERROR ovsdbapp.backend.ovs_idl.command
File "/var/lib/openstack/lib/python3.10/site-packages/ovsdbapp/backend/ovs_idl/command.py", line 47, in execute
2026-07-09 18:37:37.231 10 ERROR ovsdbapp.backend.ovs_idl.command self.run_idl(None)
2026-07-09 18:37:37.231 10 ERROR ovsdbapp.backend.ovs_idl.command
File "/var/lib/openstack/lib/python3.10/site-packages/ovsdbapp/schema/ovn_northbound/commands.py", line 650, in run_idl
2026-07-09 18:37:37.231 10 ERROR ovsdbapp.backend.ovs_idl.command lsp = self.api.lookup('Logical_Switch_Port', self.port)
2026-07-09 18:37:37.231 10 ERROR ovsdbapp.backend.ovs_idl.command
File "/var/lib/openstack/lib/python3.10/site-packages/ovsdbapp/backend/ovs_idl/__init__.py", line 183, in lookup
2026-07-09 18:37:37.231 10 ERROR ovsdbapp.backend.ovs_idl.command return self._lookup(table, record)
2026-07-09 18:37:37.231 10 ERROR ovsdbapp.backend.ovs_idl.command
File "/var/lib/openstack/lib/python3.10/site-packages/ovsdbapp/backend/ovs_idl/__init__.py", line 234, in _lookup
2026-07-09 18:37:37.231 10 ERROR ovsdbapp.backend.ovs_idl.command row = idlutils.row_by_value(self, rl.table, rl.column, record)
2026-07-09 18:37:37.231 10 ERROR ovsdbapp.backend.ovs_idl.command
File "/var/lib/openstack/lib/python3.10/site-packages/ovsdbapp/backend/ovs_idl/idlutils.py", line 114, in row_by_value
2026-07-09 18:37:37.231 10 ERROR ovsdbapp.backend.ovs_idl.command raise RowNotFound(table=table, col=column, match=match)
2026-07-09 18:37:37.231 10 ERROR ovsdbapp.backend.ovs_idl.command ovsdbapp.backend.ovs_idl.idlutils.RowNotFound: Cannot find Logical_Switch_Port with name=83556a9e-2c9a-45d6-b2e4-d1830d3aba0e
2026-07-09 18:37:37.231 10 ERROR ovsdbapp.backend.ovs_idl.command 
2026-07-09 18:37:37.232 10 ERROR ovsdbapp.event [None req-102ba487-2f31-4aa6-a799-21a3e7eb0c76 - - - - - -] Unexpected exception in notify_loop: ovsdbapp.backend.ovs_idl.idlutils.RowNotFound: Cannot find Logical_Switch_Port with name=83556a9e-2c9a-45d6-b2e4-d1830d3aba0e
2026-07-09 18:37:37.232 10 ERROR ovsdbapp.event
Traceback (most recent call last):
2026-07-09 18:37:37.232 10 ERROR ovsdbapp.event
File "/var/lib/openstack/lib/python3.10/site-packages/ovsdbapp/event.py", line 177, in notify_loop
2026-07-09 18:37:37.232 10 ERROR ovsdbapp.event match.run(event, row, updates)
2026-07-09 18:37:37.232 10 ERROR ovsdbapp.event
File "/var/lib/openstack/lib/python3.10/site-packages/neutron/plugins/ml2/drivers/ovn/mech_driver/ovsdb/ovsdb_monitor.py", line 543, in run
2026-07-09 18:37:37.232 10 ERROR ovsdbapp.event self.driver.set_port_status_down(row.name)
2026-07-09 18:37:37.232 10 ERROR ovsdbapp.event
File "/var/lib/openstack/lib/python3.10/site-packages/neutron/plugins/ml2/drivers/ovn/mech_driver/mech_driver.py", line 1231, in set_port_status_down
2026-07-09 18:37:37.232 10 ERROR ovsdbapp.event self._ovn_client.update_lsp_host_info(
2026-07-09 18:37:37.232 10 ERROR ovsdbapp.event
File "/var/lib/openstack/lib/python3.10/site-packages/neutron/plugins/ml2/drivers/ovn/mech_driver/ovsdb/ovn_client.py", line 297, in update_lsp_host_info
2026-07-09 18:37:37.232 10 ERROR ovsdbapp.event port_up = self._nb_idl.lsp_get_up(db_port.id).execute(
2026-07-09 18:37:37.232 10 ERROR ovsdbapp.event
File "/var/lib/openstack/lib/python3.10/site-packages/ovsdbapp/backend/ovs_idl/command.py", line 47, in execute
2026-07-09 18:37:37.232 10 ERROR ovsdbapp.event self.run_idl(None)
2026-07-09 18:37:37.232 10 ERROR ovsdbapp.event
File "/var/lib/openstack/lib/python3.10/site-packages/ovsdbapp/schema/ovn_northbound/commands.py", line 650, in run_idl
2026-07-09 18:37:37.232 10 ERROR ovsdbapp.event lsp = self.api.lookup('Logical_Switch_Port', self.port)
2026-07-09 18:37:37.232 10 ERROR ovsdbapp.event
File "/var/lib/openstack/lib/python3.10/site-packages/ovsdbapp/backend/ovs_idl/__init__.py", line 183, in lookup
2026-07-09 18:37:37.232 10 ERROR ovsdbapp.event return self._lookup(table, record)
2026-07-09 18:37:37.232 10 ERROR ovsdbapp.event
File "/var/lib/openstack/lib/python3.10/site-packages/ovsdbapp/backend/ovs_idl/__init__.py", line 234, in _lookup
2026-07-09 18:37:37.232 10 ERROR ovsdbapp.event row = idlutils.row_by_value(self, rl.table, rl.column, record)
2026-07-09 18:37:37.232 10 ERROR ovsdbapp.event
File "/var/lib/openstack/lib/python3.10/site-packages/ovsdbapp/backend/ovs_idl/idlutils.py", line 114, in row_by_value
2026-07-09 18:37:37.232 10 ERROR ovsdbapp.event raise RowNotFound(table=table, col=column, match=match)
2026-07-09 18:37:37.232 10 ERROR ovsdbapp.event ovsdbapp.backend.ovs_idl.idlutils.RowNotFound: Cannot find Logical_Switch_Port with name=83556a9e-2c9a-45d6-b2e4-d1830d3aba0e
2026-07-09 18:37:37.232 10 ERROR ovsdbapp.event 
2026-07-09 18:37:37.269 9 INFO neutron.wsgi [None req-71df9e96-195d-4009-a438-6e7af9ac1cac ac90d534b5c74098ac31f7b59855f72a cc2d520eb47f4706baf4f8a076454c0f - - default default] 199.19.213.176 "GET /v2.0/ports/46fcf4b6-5c23-460c-b6ae-d34afcebd44a HTTP/1.1" status: 200 len: 1340 time: 0.0372493
2026-07-09 18:37:37.308 9 INFO neutron.wsgi [None req-9afee8c0-8692-43f7-adc1-c3fc4dcd40f7 ac90d534b5c74098ac31f7b59855f72a cc2d520eb47f4706baf4f8a076454c0f - - default default] 199.19.213.176 "GET /v2.0/ports/8b253099-b526-48fa-b119-5fb569a5e181 HTTP/1.1" status: 200 len: 1515 time: 0.0348287
2026-07-09 18:37:37.316 10 INFO neutron.wsgi [req-d2d859da-96c5-4868-b6b9-95100dac6c0c req-76f8459d-0965-42d3-8e7f-375441667306 0195fe04e18d436a8201f24675f570a4 fa0d32ee8bd9438985b988ac495b2e68 - - 13789dce34f849f19410c11ea0757838 13789dce34f849f19410c11ea0757838] 199.19.213.176 "GET /v2.0/networks/5fa1c72c-185f-4bd9-a8c6-2e2d50a36544?fields=provider%3Aphysical_network&fields=provider%3Anetwork_type HTTP/1.1" status: 200 len: 277 time: 0.0982356
2026-07-09 18:37:37.351 10 INFO neutron.wsgi [req-d2d859da-96c5-4868-b6b9-95100dac6c0c req-31604ab1-29c6-4d42-89d9-f213acf9b9c7 0195fe04e18d436a8201f24675f570a4 fa0d32ee8bd9438985b988ac495b2e68 - - 13789dce34f849f19410c11ea0757838 13789dce34f849f19410c11ea0757838] 199.19.213.176 "GET /v2.0/floatingips?fixed_ip_address=10.1.1.18&port_id=8b253099-b526-48fa-b119-5fb569a5e181 HTTP/1.1" status: 200 len: 217 time: 0.0260162
2026-07-09 18:37:37.353 9 INFO neutron.wsgi [None req-d4bbb3f6-cd03-4b24-856f-2436824b9eff ac90d534b5c74098ac31f7b59855f72a cc2d520eb47f4706baf4f8a076454c0f - - default default] 199.19.213.176 "GET /v2.0/subnets/fdbe2c7c-7b4f-4e43-839b-4d7afea51666 HTTP/1.1" status: 200 len: 850 time: 0.0376291
2026-07-09 18:37:37.408 10 INFO neutron.wsgi [req-d2d859da-96c5-4868-b6b9-95100dac6c0c req-48c3cca3-e128-4102-aad8-7a7be2a1a500 0195fe04e18d436a8201f24675f570a4 fa0d32ee8bd9438985b988ac495b2e68 - - 13789dce34f849f19410c11ea0757838 13789dce34f849f19410c11ea0757838] 199.19.213.176 "GET /v2.0/subnets?id=fdbe2c7c-7b4f-4e43-839b-4d7afea51666 HTTP/1.1" status: 200 len: 853 time: 0.0501802
2026-07-09 18:37:37.438 9 INFO neutron.wsgi [None req-7ca14b97-0015-48bb-954a-fff61487d70e ac90d534b5c74098ac31f7b59855f72a cc2d520eb47f4706baf4f8a076454c0f - - default default] 199.19.213.176 "GET /v2.0/networks/62754e50-da57-4035-9dd6-237716d57270 HTTP/1.1" status: 200 len: 1002 time: 0.0808275
2026-07-09 18:37:37.440 10 INFO neutron.wsgi [req-d2d859da-96c5-4868-b6b9-95100dac6c0c req-0047daef-0022-4da7-8a57-73f846265be3 0195fe04e18d436a8201f24675f570a4 fa0d32ee8bd9438985b988ac495b2e68 - - 13789dce34f849f19410c11ea0757838 13789dce34f849f19410c11ea0757838] 199.19.213.176 "GET /v2.0/ports?network_id=62754e50-da57-4035-9dd6-237716d57270&device_owner=network%3Adhcp HTTP/1.1" status: 200 len: 210 time: 0.0271754
2026-07-09 18:37:37.515 9 INFO neutron.wsgi [None req-f066a4c6-a8bd-4340-b310-76f141edc68b ac90d534b5c74098ac31f7b59855f72a cc2d520eb47f4706baf4f8a076454c0f - - default default] 199.19.213.176 "GET /v2.0/ports/46fcf4b6-5c23-460c-b6ae-d34afcebd44a HTTP/1.1" status: 200 len: 1340 time: 0.0690904
2026-07-09 18:37:37.554 10 INFO neutron.wsgi [req-d2d859da-96c5-4868-b6b9-95100dac6c0c req-e51d8c3d-54ac-4ac4-ae3e-381279bffe1f 0195fe04e18d436a8201f24675f570a4 fa0d32ee8bd9438985b988ac495b2e68 - - 13789dce34f849f19410c11ea0757838 13789dce34f849f19410c11ea0757838] 199.19.213.176 "GET /v2.0/networks/62754e50-da57-4035-9dd6-237716d57270?fields=segments HTTP/1.1" status: 200 len: 212 time: 0.1098104
2026-07-09 18:37:37.568 9 INFO neutron.wsgi [None req-e2019f76-46e0-4f5f-bd53-1e90e90fae59 ac90d534b5c74098ac31f7b59855f72a cc2d520eb47f4706baf4f8a076454c0f - - default default] 199.19.213.176 "GET /v2.0/subnets/fdbe2c7c-7b4f-4e43-839b-4d7afea51666 HTTP/1.1" status: 200 len: 850 time: 0.0476439
2026-07-09 18:37:37.625 10 INFO neutron.wsgi [req-d2d859da-96c5-4868-b6b9-95100dac6c0c req-92b450c7-e4d0-4b10-8b9c-c47971b3fa2f 0195fe04e18d436a8201f24675f570a4 fa0d32ee8bd9438985b988ac495b2e68 - - 13789dce34f849f19410c11ea0757838 13789dce34f849f19410c11ea0757838] 199.19.213.176 "GET /v2.0/networks/62754e50-da57-4035-9dd6-237716d57270?fields=provider%3Aphysical_network&fields=provider%3Anetwork_type HTTP/1.1" status: 200 len: 277 time: 0.0638211
2026-07-09 18:37:38.440 10 INFO neutron.notifiers.nova [-] Nova event matching ['req-1afb13ab-331a-43b3-a71e-d3ed5f041bdf'] response: {'server_uuid': 'd7ef77ca-305a-4adc-a447-07c77a12dfa5', 'name': 'network-vif-deleted', 'tag': '83556a9e-2c9a-45d6-b2e4-d1830d3aba0e', 'status': 'completed', 'code': 200}
2026-07-09 18:37:38.440 10 INFO neutron.notifiers.nova [-] Nova event matching ['req-1afb13ab-331a-43b3-a71e-d3ed5f041bdf'] response: {'server_uuid': 'd7ef77ca-305a-4adc-a447-07c77a12dfa5', 'name': 'network-vif-plugged', 'status': 'completed', 'tag': '83556a9e-2c9a-45d6-b2e4-d1830d3aba0e', 'code': 200}
2026-07-09 18:37:40.764 10 INFO neutron.wsgi [None req-213d712f-a89e-434e-890c-bc5c706c450e ac90d534b5c74098ac31f7b59855f72a cc2d520eb47f4706baf4f8a076454c0f - - default default] 10.0.0.16 "GET /v2.0/networks HTTP/1.1" status: 200 len: 4722 time: 0.1838865
2026-07-09 18:37:40.826 10 INFO neutron.wsgi [None req-da5aede5-663c-4ca6-b9d7-51a6c928ba24 ac90d534b5c74098ac31f7b59855f72a cc2d520eb47f4706baf4f8a076454c0f - - default default] 10.0.0.16 "GET /v2.0/subnets HTTP/1.1" status: 200 len: 5494 time: 0.0555551
2026-07-09 18:37:40.845 10 INFO neutron.wsgi [None req-1d6d9ddb-03ea-4463-97da-87a4394ab3ce ac90d534b5c74098ac31f7b59855f72a cc2d520eb47f4706baf4f8a076454c0f - - default default] 10.0.0.16 "GET /v2.0/network-ip-availabilities HTTP/1.1" status: 200 len: 3362 time: 0.0142252
2026-07-09 18:37:40.871 10 INFO neutron.wsgi [None req-680079bc-0694-4265-a82b-099ae16bd70d ac90d534b5c74098ac31f7b59855f72a cc2d520eb47f4706baf4f8a076454c0f - - default default] 10.0.0.16 "GET /v2.0/agents HTTP/1.1" status: 200 len: 997 time: 0.0246179
2026-07-09 18:37:40.934 10 INFO neutron.wsgi [None req-a6d03fc8-ef67-4363-8d77-8e0549454266 ac90d534b5c74098ac31f7b59855f72a cc2d520eb47f4706baf4f8a076454c0f - - default default] 10.0.0.16 "GET /v2.0/floatingips HTTP/1.1" status: 200 len: 2765 time: 0.0619946
2026-07-09 18:37:40.987 10 INFO neutron.wsgi [None req-b0f64fcb-c47e-46c1-84dd-ce976e1ef293 ac90d534b5c74098ac31f7b59855f72a cc2d520eb47f4706baf4f8a076454c0f - - default default] 10.0.0.16 "GET /v2.0/ports HTTP/1.1" status: 200 len: 22218 time: 0.0487909
2026-07-09 18:37:41.097 10 INFO neutron.wsgi [None req-aa0e0ee7-de4a-4cc9-b184-160a24ca7d6c ac90d534b5c74098ac31f7b59855f72a cc2d520eb47f4706baf4f8a076454c0f - - default default] 10.0.0.16 "GET /v2.0/security-groups HTTP/1.1" status: 200 len: 30233 time: 0.0985327
2026-07-09 18:37:41.205 10 INFO neutron.wsgi [None req-89a01836-c7a0-4d6b-af5d-d7364128fcce ac90d534b5c74098ac31f7b59855f72a cc2d520eb47f4706baf4f8a076454c0f - - default default] 10.0.0.16 "GET /v2.0/routers HTTP/1.1" status: 200 len: 849 time: 0.1005833
2026-07-09 18:37:41.220 10 INFO neutron.wsgi [None req-cde5d138-6af3-4670-852a-a618943438e3 ac90d534b5c74098ac31f7b59855f72a cc2d520eb47f4706baf4f8a076454c0f - - default default] 10.0.0.16 "GET /v2.0/agents?binary=ovn-controller HTTP/1.1" status: 200 len: 591 time: 0.0148649
2026-07-09 18:37:41.266 10 INFO neutron.wsgi [None req-96d996bb-980b-494b-a1ba-444e3030b193 ac90d534b5c74098ac31f7b59855f72a cc2d520eb47f4706baf4f8a076454c0f - - default default] 10.0.0.16 "GET /v2.0/subnets HTTP/1.1" status: 200 len: 5494 time: 0.0440869
2026-07-09 18:37:41.282 10 INFO neutron.wsgi [None req-417c9187-036e-4c93-a296-8226372baa32 ac90d534b5c74098ac31f7b59855f72a cc2d520eb47f4706baf4f8a076454c0f - - default default] 10.0.0.16 "GET /v2.0/subnetpools HTTP/1.1" status: 200 len: 193 time: 0.0122888
2026-07-09 18:37:46.221 9 INFO neutron.wsgi [None req-22e2b625-008f-479a-80be-6cb23cce2205 ac90d534b5c74098ac31f7b59855f72a cc2d520eb47f4706baf4f8a076454c0f - - default default] 199.19.213.176 "GET /v2.0/extensions/security-group HTTP/1.1" status: 200 len: 369 time: 0.0039682
2026-07-09 18:37:46.237 9 INFO neutron.wsgi [None req-3e4971ba-06be-49cc-9209-ab71984b3f2f ac90d534b5c74098ac31f7b59855f72a cc2d520eb47f4706baf4f8a076454c0f - - default default] 199.19.213.176 "GET /v2.0/extensions/dns-integration HTTP/1.1" status: 200 len: 371 time: 0.0069027
2026-07-09 18:37:46.245 9 INFO neutron.wsgi [None req-5ed765af-c01b-4007-acf9-80b1369235c6 ac90d534b5c74098ac31f7b59855f72a cc2d520eb47f4706baf4f8a076454c0f - - default default] 199.19.213.176 "GET /v2.0/extensions/qos HTTP/1.1" status: 200 len: 365 time: 0.0044818
