2026-07-09 18:21:02.669 9 INFO neutron.wsgi [None req-c05515bd-0c35-40c2-b2a3-e92726fb85dd bd33fa11e0f045a6b3a4c22952101321 b58cd87ea44e45cf9f74bd2575bdc7ec - - default default] 10.0.0.184 "DELETE /v2.0/subnets/5c029dfe-a4a6-49dd-821e-a07c536f8135 HTTP/1.1" status: 204 len: 168 time: 0.2850418
2026-07-09 18:21:02.745 10 INFO neutron.db.ovn_revision_numbers_db [None req-102ba487-2f31-4aa6-a799-21a3e7eb0c76 - - - - - -] Successfully bumped revision number for resource 1d025454-ec81-48bf-b68a-7af019500eb9 (type: ports) to 2
2026-07-09 18:21:02.920 9 INFO neutron.wsgi [None req-c38b6cd6-d8bb-4e4c-82a2-239258068393 bd33fa11e0f045a6b3a4c22952101321 b58cd87ea44e45cf9f74bd2575bdc7ec - - default default] 10.0.0.184 "DELETE /v2.0/subnets/e2504f31-4f7d-4cb6-9f5b-469b0cc9b728 HTTP/1.1" status: 204 len: 168 time: 0.2455764
2026-07-09 18:21:02.963 10 INFO neutron.db.ovn_revision_numbers_db [None req-102ba487-2f31-4aa6-a799-21a3e7eb0c76 - - - - - -] Successfully bumped revision number for resource 1d025454-ec81-48bf-b68a-7af019500eb9 (type: router_ports) to 2
2026-07-09 18:21:02.985 9 INFO neutron.wsgi [None req-af00bc8b-879c-4da6-a9e8-36a2d5a0e1a9 bd33fa11e0f045a6b3a4c22952101321 b58cd87ea44e45cf9f74bd2575bdc7ec - - default default] 10.0.0.184 "GET /v2.0/subnets HTTP/1.1" status: 200 len: 820 time: 0.0459888
2026-07-09 18:21:03.083 10 INFO neutron.db.ovn_revision_numbers_db [None req-93be158f-6627-4342-b195-4db674aa1e45 ac90d534b5c74098ac31f7b59855f72a cc2d520eb47f4706baf4f8a076454c0f - - default default] Successfully bumped revision number for resource a1944990-bc29-45f3-a562-7076b863ae6b (type: security_groups) to 1
2026-07-09 18:21:03.105 10 INFO neutron.db.ovn_revision_numbers_db [None req-93be158f-6627-4342-b195-4db674aa1e45 ac90d534b5c74098ac31f7b59855f72a cc2d520eb47f4706baf4f8a076454c0f - - default default] Successfully bumped revision number for resource 7c17e7d7-752f-49ff-975e-715fc0ded0d6 (type: security_group_rules) to 0
2026-07-09 18:21:03.111 10 INFO neutron.wsgi [None req-f6242551-b524-4676-bb9f-7836b5bd28f7 ac90d534b5c74098ac31f7b59855f72a cc2d520eb47f4706baf4f8a076454c0f - - default default] 10.0.0.184 "PUT /v2.0/routers/e518d6ea-488f-466a-bf0b-9d8101745b1f/add_router_interface HTTP/1.1" status: 200 len: 503 time: 3.0067363
2026-07-09 18:21:03.121 10 INFO neutron.db.ovn_revision_numbers_db [None req-93be158f-6627-4342-b195-4db674aa1e45 ac90d534b5c74098ac31f7b59855f72a cc2d520eb47f4706baf4f8a076454c0f - - default default] Successfully bumped revision number for resource c1b17fec-1d81-4e7c-8866-778623e19d57 (type: security_group_rules) to 0
2026-07-09 18:21:03.131 10 INFO neutron.db.ovn_revision_numbers_db [None req-93be158f-6627-4342-b195-4db674aa1e45 ac90d534b5c74098ac31f7b59855f72a cc2d520eb47f4706baf4f8a076454c0f - - default default] Successfully bumped revision number for resource c7c7ab61-2e73-4c5e-aefd-871fbdcae6c6 (type: security_group_rules) to 0
2026-07-09 18:21:03.144 10 INFO neutron.db.ovn_revision_numbers_db [None req-93be158f-6627-4342-b195-4db674aa1e45 ac90d534b5c74098ac31f7b59855f72a cc2d520eb47f4706baf4f8a076454c0f - - default default] Successfully bumped revision number for resource da05a056-ec21-4f69-9dcc-98b81b519f5a (type: security_group_rules) to 0
2026-07-09 18:21:03.164 10 INFO neutron.wsgi [None req-93be158f-6627-4342-b195-4db674aa1e45 ac90d534b5c74098ac31f7b59855f72a cc2d520eb47f4706baf4f8a076454c0f - - default default] 10.0.0.184 "GET /v2.0/security-groups?tenant_id=bbe7cded4dca41b2b3edd22c0e1dd7de&name=default HTTP/1.1" status: 200 len: 2996 time: 0.4142761
2026-07-09 18:21:03.440 9 INFO neutron.services.segments.plugin [-] Segment 487582c7-434b-473a-af71-a74ac4bb1311 resource provider aggregate not found
2026-07-09 18:21:03.447 9 INFO neutron.services.segments.plugin [-] Segment 487582c7-434b-473a-af71-a74ac4bb1311 resource provider aggregate not found
2026-07-09 18:21:03.462 9 INFO neutron.services.segments.plugin [-] Segment 487582c7-434b-473a-af71-a74ac4bb1311 resource provider not found; error: Placement Client Error (4xx): {"errors": [{"status": 404, "title": "Not Found", "detail": "The resource could not be found.\n\n No resource provider with uuid 487582c7-434b-473a-af71-a74ac4bb1311 found for delete ", "request_id": "req-f21cada7-793d-43a6-890c-163c8e55f773"}]}
2026-07-09 18:21:03.463 9 INFO neutron.services.segments.plugin [-] Segment 487582c7-434b-473a-af71-a74ac4bb1311 resource provider not found; error: Placement Client Error (4xx): {"errors": [{"status": 404, "title": "Not Found", "detail": "The resource could not be found.\n\n No resource provider with uuid 487582c7-434b-473a-af71-a74ac4bb1311 found for delete ", "request_id": "req-a8f1bdb8-1c91-4e3f-9d5a-b0ea336657cc"}]}
2026-07-09 18:21:03.486 9 INFO neutron.wsgi [None req-b437d6f0-3920-4b89-bbfa-f689bbadd038 bd33fa11e0f045a6b3a4c22952101321 b58cd87ea44e45cf9f74bd2575bdc7ec - - default default] 10.0.0.184 "DELETE /v2.0/networks/8ef6c668-1a9a-46f6-b1e2-1071988e612f HTTP/1.1" status: 204 len: 168 time: 0.4940541
2026-07-09 18:21:03.506 9 INFO neutron.wsgi [None req-56fbfa90-8e24-48b5-872e-d38487688bda ac90d534b5c74098ac31f7b59855f72a cc2d520eb47f4706baf4f8a076454c0f - - default default] 10.0.0.184 "DELETE /v2.0/security-groups/a1944990-bc29-45f3-a562-7076b863ae6b HTTP/1.1" status: 204 len: 168 time: 0.3378143
2026-07-09 18:21:03.883 10 INFO neutron.services.segments.plugin [-] Segment a0ba01ff-8a33-466d-bd5a-229e10d18cc0 resource provider aggregate not found
2026-07-09 18:21:03.890 10 INFO neutron.services.segments.plugin [-] Segment a0ba01ff-8a33-466d-bd5a-229e10d18cc0 resource provider aggregate not found
2026-07-09 18:21:03.910 10 INFO neutron.services.segments.plugin [-] Segment a0ba01ff-8a33-466d-bd5a-229e10d18cc0 resource provider not found; error: Placement Client Error (4xx): {"errors": [{"status": 404, "title": "Not Found", "detail": "The resource could not be found.\n\n No resource provider with uuid a0ba01ff-8a33-466d-bd5a-229e10d18cc0 found for delete ", "request_id": "req-b5a93798-f1b7-470d-8179-fc4c08a50003"}]}
2026-07-09 18:21:03.911 10 INFO neutron.services.segments.plugin [-] Segment a0ba01ff-8a33-466d-bd5a-229e10d18cc0 resource provider not found; error: Placement Client Error (4xx): {"errors": [{"status": 404, "title": "Not Found", "detail": "The resource could not be found.\n\n No resource provider with uuid a0ba01ff-8a33-466d-bd5a-229e10d18cc0 found for delete ", "request_id": "req-860c0cc3-67a8-434e-8c9a-4b5d66c4213e"}]}
2026-07-09 18:21:03.937 10 INFO neutron.wsgi [None req-ebe539e7-4a92-4be3-8121-33d407561238 bd33fa11e0f045a6b3a4c22952101321 b58cd87ea44e45cf9f74bd2575bdc7ec - - default default] 10.0.0.184 "DELETE /v2.0/networks/78d97afa-8e6b-4d42-8d6a-2048b2a00347 HTTP/1.1" status: 204 len: 168 time: 0.4448490
2026-07-09 18:21:04.282 10 INFO neutron.wsgi [req-863f3020-1dd7-4691-b91e-d833ccf58142 req-87a59ba9-eed9-4d79-802c-6767718e5c11 f3ac55127ef64639aa85556509aa865a f11c7e4f989d4b9597929a67bb26e90d - - default default] 10.0.0.113 "GET /v2.0/networks?id=cae3545a-ed87-43e4-bfb5-df4e975795d8 HTTP/1.1" status: 200 len: 876 time: 0.0913599
2026-07-09 18:21:04.310 10 INFO neutron.wsgi [req-863f3020-1dd7-4691-b91e-d833ccf58142 req-a32038cf-1bd9-4d3d-8a30-37e42cf4afe1 f3ac55127ef64639aa85556509aa865a f11c7e4f989d4b9597929a67bb26e90d - - default default] 10.0.0.113 "GET /v2.0/quotas/f11c7e4f989d4b9597929a67bb26e90d HTTP/1.1" status: 200 len: 386 time: 0.0204103
2026-07-09 18:21:04.623 10 INFO neutron.wsgi [None req-e1f50de8-2c47-4777-8231-20210ea79942 bd33fa11e0f045a6b3a4c22952101321 b58cd87ea44e45cf9f74bd2575bdc7ec - - default default] 10.0.0.184 "DELETE /v2.0/networks/5ae3dfd4-b579-4181-9618-23d1b9c7139b HTTP/1.1" status: 204 len: 168 time: 0.6796341
2026-07-09 18:21:04.643 10 INFO neutron.wsgi [req-863f3020-1dd7-4691-b91e-d833ccf58142 req-5ba87d1b-2cf6-43e2-bac7-a4030c3a74a5 f3ac55127ef64639aa85556509aa865a f11c7e4f989d4b9597929a67bb26e90d - - default default] 10.0.0.113 "GET /v2.0/ports?tenant_id=f11c7e4f989d4b9597929a67bb26e90d&fields=id HTTP/1.1" status: 200 len: 302 time: 0.3250980
2026-07-09 18:21:04.716 10 INFO neutron.wsgi [req-863f3020-1dd7-4691-b91e-d833ccf58142 req-eba57645-dd76-4d30-a074-4f73b0e558db 0195fe04e18d436a8201f24675f570a4 fa0d32ee8bd9438985b988ac495b2e68 - - 13789dce34f849f19410c11ea0757838 13789dce34f849f19410c11ea0757838] 10.0.0.113 "GET /v2.0/networks/cae3545a-ed87-43e4-bfb5-df4e975795d8?fields=segments HTTP/1.1" status: 200 len: 212 time: 0.0659869
2026-07-09 18:21:04.786 10 INFO neutron.wsgi [req-863f3020-1dd7-4691-b91e-d833ccf58142 req-550e6af8-24b4-481f-96c3-cd9a57bc358f 0195fe04e18d436a8201f24675f570a4 fa0d32ee8bd9438985b988ac495b2e68 - - 13789dce34f849f19410c11ea0757838 13789dce34f849f19410c11ea0757838] 10.0.0.113 "GET /v2.0/networks/cae3545a-ed87-43e4-bfb5-df4e975795d8?fields=provider%3Aphysical_network&fields=provider%3Anetwork_type HTTP/1.1" status: 200 len: 277 time: 0.0604601
2026-07-09 18:21:04.969 10 INFO neutron.wsgi [req-480e989c-453a-4046-9475-27ec518958d0 req-2eb19d1e-8558-4cb1-b89d-e453452cae36 f3ac55127ef64639aa85556509aa865a f11c7e4f989d4b9597929a67bb26e90d - - default default] 10.0.0.113 "GET /v2.0/ports?device_id=dd808724-29cd-4b74-a3bc-e39a3ca2f4d8 HTTP/1.1" status: 200 len: 210 time: 0.0198390
2026-07-09 18:21:05.114 9 INFO neutron.wsgi [None req-4c1db535-294e-49ca-84df-737317cc17b7 bd33fa11e0f045a6b3a4c22952101321 b58cd87ea44e45cf9f74bd2575bdc7ec - - default default] 10.0.0.184 "DELETE /v2.0/networks/5b24f00b-9851-45b7-b0df-548d1947fa29 HTTP/1.1" status: 204 len: 168 time: 0.4859278
2026-07-09 18:21:05.480 9 INFO neutron.services.segments.plugin [-] Segment 09bd6997-41fe-4fe1-b618-dd8b68b865d4 resource provider aggregate not found
2026-07-09 18:21:05.495 9 INFO neutron.services.segments.plugin [-] Segment 09bd6997-41fe-4fe1-b618-dd8b68b865d4 resource provider aggregate not found
2026-07-09 18:21:05.501 9 INFO neutron.services.segments.plugin [-] Segment 09bd6997-41fe-4fe1-b618-dd8b68b865d4 resource provider not found; error: Placement Client Error (4xx): {"errors": [{"status": 404, "title": "Not Found", "detail": "The resource could not be found.\n\n No resource provider with uuid 09bd6997-41fe-4fe1-b618-dd8b68b865d4 found for delete ", "request_id": "req-f94e7e0d-9dae-4bad-a776-08d3357ecc0a"}]}
2026-07-09 18:21:05.522 9 INFO neutron.services.segments.plugin [-] Segment 09bd6997-41fe-4fe1-b618-dd8b68b865d4 resource provider not found; error: Placement Client Error (4xx): {"errors": [{"status": 404, "title": "Not Found", "detail": "The resource could not be found.\n\n No resource provider with uuid 09bd6997-41fe-4fe1-b618-dd8b68b865d4 found for delete ", "request_id": "req-13b48022-cb52-41fb-a4f6-f630678049fd"}]}
2026-07-09 18:21:05.797 10 INFO neutron.wsgi [req-1a44ede7-651e-43f2-a540-ff80b221ce20 req-cfedc791-d0c7-49d9-9d4e-eb661d60f86f e29fb393fb2a4b479f6525d7e739f940 6d647163b2754162bebb5e2251334f58 - - default default] 10.0.0.113 "GET /v2.0/ports?device_id=6de59f8e-a9de-40c6-9b02-25772c53f9a8 HTTP/1.1" status: 200 len: 1174 time: 0.1079490
2026-07-09 18:21:05.859 9 INFO neutron.db.ovn_revision_numbers_db [None req-6e44bcf6-02e5-46ce-873a-87da5d75bb7b 0de1287a204f4b3e8f799dae6feb4084 bd41e1f2d3614b2488260dc196583b82 - - default default] Successfully bumped revision number for resource d59a3bd1-8cc0-4e75-a64e-a4bf96accdf9 (type: security_groups) to 1
2026-07-09 18:21:05.897 9 INFO neutron.db.ovn_revision_numbers_db [None req-6e44bcf6-02e5-46ce-873a-87da5d75bb7b 0de1287a204f4b3e8f799dae6feb4084 bd41e1f2d3614b2488260dc196583b82 - - default default] Successfully bumped revision number for resource 55e299d4-d911-4562-9036-89142eda8c7e (type: security_group_rules) to 0
2026-07-09 18:21:05.922 9 INFO neutron.db.ovn_revision_numbers_db [None req-6e44bcf6-02e5-46ce-873a-87da5d75bb7b 0de1287a204f4b3e8f799dae6feb4084 bd41e1f2d3614b2488260dc196583b82 - - default default] Successfully bumped revision number for resource 5a071833-5b96-4e0b-83ad-1132c08f2657 (type: security_group_rules) to 0
2026-07-09 18:21:05.929 10 INFO neutron.wsgi [req-5e1ace4b-c9c9-41a9-8570-b1c697ef8413 req-7e9d1b9f-2847-4323-a87b-81f1b0e17e39 e29fb393fb2a4b479f6525d7e739f940 6d647163b2754162bebb5e2251334f58 - - default default] 10.0.0.113 "GET /v2.0/ports/342009e7-cfba-4f8e-87de-f3792b474ca0 HTTP/1.1" status: 200 len: 1171 time: 0.0653484
2026-07-09 18:21:05.933 10 INFO neutron.wsgi [None req-b6307d47-7435-4470-9806-cfa1fb1ff930 ac90d534b5c74098ac31f7b59855f72a cc2d520eb47f4706baf4f8a076454c0f - - default default] 10.0.0.184 "GET /v2.0/security-groups?tenant_id=b58cd87ea44e45cf9f74bd2575bdc7ec&name=default HTTP/1.1" status: 200 len: 2996 time: 0.2323656
2026-07-09 18:21:05.942 10 INFO neutron.services.segments.plugin [-] Segment 4100044a-6fda-44a9-902d-466a290242bb resource provider aggregate not found
2026-07-09 18:21:05.951 10 INFO neutron.services.segments.plugin [-] Segment 4100044a-6fda-44a9-902d-466a290242bb resource provider aggregate not found
2026-07-09 18:21:05.954 9 INFO neutron.db.ovn_revision_numbers_db [None req-6e44bcf6-02e5-46ce-873a-87da5d75bb7b 0de1287a204f4b3e8f799dae6feb4084 bd41e1f2d3614b2488260dc196583b82 - - default default] Successfully bumped revision number for resource 7cc671d2-632c-4a4d-b48c-8428d5dc8bf8 (type: security_group_rules) to 0
2026-07-09 18:21:05.964 10 INFO neutron.services.segments.plugin [-] Segment 4100044a-6fda-44a9-902d-466a290242bb resource provider not found; error: Placement Client Error (4xx): {"errors": [{"status": 404, "title": "Not Found", "detail": "The resource could not be found.\n\n No resource provider with uuid 4100044a-6fda-44a9-902d-466a290242bb found for delete ", "request_id": "req-ef8eb794-24e1-45c5-bfa6-65573fd2f55a"}]}
2026-07-09 18:21:05.973 10 INFO neutron.services.segments.plugin [-] Segment 4100044a-6fda-44a9-902d-466a290242bb resource provider not found; error: Placement Client Error (4xx): {"errors": [{"status": 404, "title": "Not Found", "detail": "The resource could not be found.\n\n No resource provider with uuid 4100044a-6fda-44a9-902d-466a290242bb found for delete ", "request_id": "req-2c2d16e5-9a29-4ec4-8f46-7b56073d973d"}]}
2026-07-09 18:21:05.977 9 INFO neutron.db.ovn_revision_numbers_db [None req-6e44bcf6-02e5-46ce-873a-87da5d75bb7b 0de1287a204f4b3e8f799dae6feb4084 bd41e1f2d3614b2488260dc196583b82 - - default default] Successfully bumped revision number for resource c428409e-2389-4fcc-af07-c313feb7838e (type: security_group_rules) to 0
2026-07-09 18:21:06.030 9 INFO neutron.db.segments_db [None req-6e44bcf6-02e5-46ce-873a-87da5d75bb7b 0de1287a204f4b3e8f799dae6feb4084 bd41e1f2d3614b2488260dc196583b82 - - default default] Added segment 42b75184-870a-4316-a407-7de7fed32256 of type geneve for network 0dfa3dad-809f-496d-bd62-ea04114b380b
2026-07-09 18:21:06.049 10 INFO neutron.wsgi [req-b3795a55-eda9-40e2-9b7b-a4ef25021c5b req-7cc783ed-f834-4b39-9645-a8d5f5184c6d f3ac55127ef64639aa85556509aa865a f11c7e4f989d4b9597929a67bb26e90d - - default default] 10.0.0.113 "GET /v2.0/ports?device_id=dd808724-29cd-4b74-a3bc-e39a3ca2f4d8 HTTP/1.1" status: 200 len: 210 time: 0.0226877
2026-07-09 18:21:06.151 10 INFO neutron.wsgi [req-7450c991-5045-4802-b283-31ceb50bb4c2 req-f80e2e2e-d994-4634-ae7c-35e7fd639bf8 e29fb393fb2a4b479f6525d7e739f940 6d647163b2754162bebb5e2251334f58 - - default default] 199.19.213.176 "GET /v2.0/subnets?network_id=76380f4c-fa74-4e4f-8866-7e58187dc57d HTTP/1.1" status: 200 len: 859 time: 0.0776179
2026-07-09 18:21:06.219 10 INFO neutron.wsgi [req-7450c991-5045-4802-b283-31ceb50bb4c2 req-1ec2b1b0-299d-47f9-8db6-d8d3798accc4 e29fb393fb2a4b479f6525d7e739f940 6d647163b2754162bebb5e2251334f58 - - default default] 199.19.213.176 "GET /v2.0/ports?device_id=6de59f8e-a9de-40c6-9b02-25772c53f9a8&device_owner=compute%3Anova&network_id=76380f4c-fa74-4e4f-8866-7e58187dc57d HTTP/1.1" status: 200 len: 1174 time: 0.0636237
2026-07-09 18:21:06.273 9 INFO neutron.db.ovn_revision_numbers_db [None req-6e44bcf6-02e5-46ce-873a-87da5d75bb7b 0de1287a204f4b3e8f799dae6feb4084 bd41e1f2d3614b2488260dc196583b82 - - default default] Successfully bumped revision number for resource 0dfa3dad-809f-496d-bd62-ea04114b380b (type: networks) to 1
2026-07-09 18:21:06.331 10 INFO neutron.wsgi [req-863f3020-1dd7-4691-b91e-d833ccf58142 req-52df654f-2eba-417e-9529-ec2492126f11 f3ac55127ef64639aa85556509aa865a f11c7e4f989d4b9597929a67bb26e90d - - default default] 199.19.213.176 "GET /v2.0/networks?id=cae3545a-ed87-43e4-bfb5-df4e975795d8 HTTP/1.1" status: 200 len: 876 time: 0.1227546
2026-07-09 18:21:06.427 10 INFO neutron.wsgi [None req-0c49e417-4a8e-4554-87ff-f32cb25fbb6e ac90d534b5c74098ac31f7b59855f72a cc2d520eb47f4706baf4f8a076454c0f - - default default] 10.0.0.184 "DELETE /v2.0/security-groups/41beff13-d227-495e-af61-b641a445a630 HTTP/1.1" status: 204 len: 168 time: 0.4898014
2026-07-09 18:21:06.800 9 WARNING neutron.scheduler.dhcp_agent_scheduler [None req-6e44bcf6-02e5-46ce-873a-87da5d75bb7b 0de1287a204f4b3e8f799dae6feb4084 bd41e1f2d3614b2488260dc196583b82 - - default default] No more DHCP agents
2026-07-09 18:21:06.802 9 WARNING neutron.api.rpc.agentnotifiers.dhcp_rpc_agent_api [None req-6e44bcf6-02e5-46ce-873a-87da5d75bb7b 0de1287a204f4b3e8f799dae6feb4084 bd41e1f2d3614b2488260dc196583b82 - - default default] Unable to schedule network 0dfa3dad-809f-496d-bd62-ea04114b380b: no agents available; will retry on subsequent port and subnet creation events.
2026-07-09 18:21:06.984 9 INFO neutron.db.ovn_revision_numbers_db [None req-6e44bcf6-02e5-46ce-873a-87da5d75bb7b 0de1287a204f4b3e8f799dae6feb4084 bd41e1f2d3614b2488260dc196583b82 - - default default] Successfully bumped revision number for resource 346ddd32-e332-47a7-91cc-4329d7888bc6 (type: ports) to 1
2026-07-09 18:21:07.020 10 WARNING neutron.scheduler.dhcp_agent_scheduler [req-863f3020-1dd7-4691-b91e-d833ccf58142 req-74b0a8e3-5a54-491b-9bb0-e7a08f0251b1 f3ac55127ef64639aa85556509aa865a f11c7e4f989d4b9597929a67bb26e90d - - default default] No more DHCP agents
2026-07-09 18:21:07.025 10 WARNING neutron.api.rpc.agentnotifiers.dhcp_rpc_agent_api [req-863f3020-1dd7-4691-b91e-d833ccf58142 req-74b0a8e3-5a54-491b-9bb0-e7a08f0251b1 f3ac55127ef64639aa85556509aa865a f11c7e4f989d4b9597929a67bb26e90d - - default default] Unable to schedule network cae3545a-ed87-43e4-bfb5-df4e975795d8: no agents available; will retry on subsequent port and subnet creation events.
2026-07-09 18:21:07.076 9 INFO neutron.wsgi [None req-6e44bcf6-02e5-46ce-873a-87da5d75bb7b 0de1287a204f4b3e8f799dae6feb4084 bd41e1f2d3614b2488260dc196583b82 - - default default] 10.0.0.184 "POST /v2.0/networks HTTP/1.1" status: 201 len: 843 time: 1.7009792
2026-07-09 18:21:07.088 10 INFO neutron.db.ovn_revision_numbers_db [req-7450c991-5045-4802-b283-31ceb50bb4c2 req-533e005f-a0c7-49ea-9cd7-3f06e118450d e29fb393fb2a4b479f6525d7e739f940 6d647163b2754162bebb5e2251334f58 - - default default] Successfully bumped revision number for resource 342009e7-cfba-4f8e-87de-f3792b474ca0 (type: ports) to 5
2026-07-09 18:21:07.113 10 INFO neutron.wsgi [req-7450c991-5045-4802-b283-31ceb50bb4c2 req-533e005f-a0c7-49ea-9cd7-3f06e118450d e29fb393fb2a4b479f6525d7e739f940 6d647163b2754162bebb5e2251334f58 - - default default] 199.19.213.176 "PUT /v2.0/ports/342009e7-cfba-4f8e-87de-f3792b474ca0 HTTP/1.1" status: 200 len: 1349 time: 0.8828485 /var/lib/openstack/lib/python3.10/site-packages/pycadf/identifier.py:71: UserWarning: Invalid uuid: neutron. To ensure interoperability, identifiers should be a valid uuid. warnings.warn(('Invalid uuid: %s. To ensure interoperability, '
2026-07-09 18:21:07.192 10 INFO neutron.wsgi [req-500f5aa4-114e-42eb-915d-564a169d26fc req-33877b8a-8dca-456d-b4ea-46c59e10315f f3ac55127ef64639aa85556509aa865a f11c7e4f989d4b9597929a67bb26e90d - - default default] 10.0.0.113 "GET /v2.0/ports?device_id=dd808724-29cd-4b74-a3bc-e39a3ca2f4d8 HTTP/1.1" status: 200 len: 1156 time: 0.0654395
2026-07-09 18:21:07.199 10 INFO neutron.notifiers.nova [-] Nova event matching ['req-93c6bda1-205a-4138-ac82-7f9e9c401f4e'] response: {'name': 'network-changed', 'server_uuid': '6de59f8e-a9de-40c6-9b02-25772c53f9a8', 'tag': '342009e7-cfba-4f8e-87de-f3792b474ca0', 'status': 'completed', 'code': 200}
2026-07-09 18:21:07.213 10 INFO neutron.wsgi [req-7450c991-5045-4802-b283-31ceb50bb4c2 req-5984be23-d0d7-4e33-883e-b8053edf0fab 0195fe04e18d436a8201f24675f570a4 fa0d32ee8bd9438985b988ac495b2e68 - - 13789dce34f849f19410c11ea0757838 13789dce34f849f19410c11ea0757838] 199.19.213.176 "GET /v2.0/ports?tenant_id=6d647163b2754162bebb5e2251334f58&device_id=6de59f8e-a9de-40c6-9b02-25772c53f9a8 HTTP/1.1" status: 200 len: 1590 time: 0.0537348
2026-07-09 18:21:07.293 10 INFO neutron.wsgi [req-500f5aa4-114e-42eb-915d-564a169d26fc req-7b6286ad-6a16-481e-babf-7caec113fbf8 f3ac55127ef64639aa85556509aa865a f11c7e4f989d4b9597929a67bb26e90d - - default default] 10.0.0.113 "GET /v2.0/security-groups?id=a17113d9-4ee6-4021-a2f5-48a23c43fa8e&fields=id&fields=name HTTP/1.1" status: 200 len: 286 time: 0.0909376
2026-07-09 18:21:07.319 10 INFO neutron.wsgi [req-7450c991-5045-4802-b283-31ceb50bb4c2 req-e26522e8-ee8b-4ce4-afa4-b964855649a2 0195fe04e18d436a8201f24675f570a4 fa0d32ee8bd9438985b988ac495b2e68 - - 13789dce34f849f19410c11ea0757838 13789dce34f849f19410c11ea0757838] 199.19.213.176 "GET /v2.0/networks?id=76380f4c-fa74-4e4f-8866-7e58187dc57d HTTP/1.1" status: 200 len: 982 time: 0.1017327
2026-07-09 18:21:07.346 10 INFO neutron.db.ovn_revision_numbers_db [req-863f3020-1dd7-4691-b91e-d833ccf58142 req-74b0a8e3-5a54-491b-9bb0-e7a08f0251b1 f3ac55127ef64639aa85556509aa865a f11c7e4f989d4b9597929a67bb26e90d - - default default] Successfully bumped revision number for resource fb211cfd-c564-44c1-87a4-a3b662b6a5da (type: ports) to 1
2026-07-09 18:21:07.381 10 INFO neutron.wsgi [req-7450c991-5045-4802-b283-31ceb50bb4c2 req-ab610c15-5716-4762-887e-d7c10fb41fb0 0195fe04e18d436a8201f24675f570a4 fa0d32ee8bd9438985b988ac495b2e68 - - 13789dce34f849f19410c11ea0757838 13789dce34f849f19410c11ea0757838] 199.19.213.176 "GET /v2.0/floatingips?fixed_ip_address=10.100.0.12&port_id=342009e7-cfba-4f8e-87de-f3792b474ca0 HTTP/1.1" status: 200 len: 1060 time: 0.0561850
2026-07-09 18:21:07.441 10 INFO neutron.wsgi [req-863f3020-1dd7-4691-b91e-d833ccf58142 req-74b0a8e3-5a54-491b-9bb0-e7a08f0251b1 f3ac55127ef64639aa85556509aa865a f11c7e4f989d4b9597929a67bb26e90d - - default default] 199.19.213.176 "POST /v2.0/ports HTTP/1.1" status: 201 len: 1158 time: 1.1028645
2026-07-09 18:21:07.448 10 INFO neutron.wsgi [req-7450c991-5045-4802-b283-31ceb50bb4c2 req-ea13d7dc-d7d8-4b02-a47b-27ceb7e44528 0195fe04e18d436a8201f24675f570a4 fa0d32ee8bd9438985b988ac495b2e68 - - 13789dce34f849f19410c11ea0757838 13789dce34f849f19410c11ea0757838] 199.19.213.176 "GET /v2.0/floatingips?fixed_ip_address=10.100.0.4&port_id=342009e7-cfba-4f8e-87de-f3792b474ca0 HTTP/1.1" status: 200 len: 217 time: 0.0516996
2026-07-09 18:21:07.464 9 WARNING neutron.scheduler.dhcp_agent_scheduler [None req-298d0378-29ff-4c54-ad2c-6be8802f933e 0de1287a204f4b3e8f799dae6feb4084 bd41e1f2d3614b2488260dc196583b82 - - default default] No more DHCP agents
2026-07-09 18:21:07.471 9 WARNING neutron.api.rpc.agentnotifiers.dhcp_rpc_agent_api [None req-298d0378-29ff-4c54-ad2c-6be8802f933e 0de1287a204f4b3e8f799dae6feb4084 bd41e1f2d3614b2488260dc196583b82 - - default default] Unable to schedule network 0dfa3dad-809f-496d-bd62-ea04114b380b: no agents available; will retry on subsequent port and subnet creation events.
2026-07-09 18:21:07.494 10 INFO neutron.wsgi [req-7450c991-5045-4802-b283-31ceb50bb4c2 req-7402e726-8743-4958-8a75-a5d2d95c32d9 0195fe04e18d436a8201f24675f570a4 fa0d32ee8bd9438985b988ac495b2e68 - - 13789dce34f849f19410c11ea0757838 13789dce34f849f19410c11ea0757838] 199.19.213.176 "GET /v2.0/subnets?id=0b54e450-7c60-48c2-81df-d0830bf7cb38 HTTP/1.1" status: 200 len: 877 time: 0.0400465
2026-07-09 18:21:07.527 10 INFO neutron.wsgi [req-7450c991-5045-4802-b283-31ceb50bb4c2 req-7e90a9b8-c2f3-4516-99ac-eb82a8a1cd77 0195fe04e18d436a8201f24675f570a4 fa0d32ee8bd9438985b988ac495b2e68 - - 13789dce34f849f19410c11ea0757838 13789dce34f849f19410c11ea0757838] 199.19.213.176 "GET /v2.0/ports?network_id=76380f4c-fa74-4e4f-8866-7e58187dc57d&device_owner=network%3Adhcp HTTP/1.1" status: 200 len: 210 time: 0.0278606
2026-07-09 18:21:07.628 10 INFO neutron.wsgi [req-7450c991-5045-4802-b283-31ceb50bb4c2 req-f26cce20-a6e4-48b3-bfe3-9e6c7484c007 0195fe04e18d436a8201f24675f570a4 fa0d32ee8bd9438985b988ac495b2e68 - - 13789dce34f849f19410c11ea0757838 13789dce34f849f19410c11ea0757838] 199.19.213.176 "GET /v2.0/networks/76380f4c-fa74-4e4f-8866-7e58187dc57d?fields=segments HTTP/1.1" status: 200 len: 212 time: 0.0939829
2026-07-09 18:21:07.717 10 INFO neutron.wsgi [req-7450c991-5045-4802-b283-31ceb50bb4c2 req-be3fc8b4-9cfd-4147-9499-df9a4146e8b1 0195fe04e18d436a8201f24675f570a4 fa0d32ee8bd9438985b988ac495b2e68 - - 13789dce34f849f19410c11ea0757838 13789dce34f849f19410c11ea0757838] 199.19.213.176 "GET /v2.0/networks/76380f4c-fa74-4e4f-8866-7e58187dc57d?fields=provider%3Aphysical_network&fields=provider%3Anetwork_type HTTP/1.1" status: 200 len: 277 time: 0.0839748
2026-07-09 18:21:07.814 10 INFO neutron.wsgi [req-5bf7c9bd-0cce-4540-9d4b-6730a01e926a req-30889179-8710-4180-b2ba-572811ee33b0 0195fe04e18d436a8201f24675f570a4 fa0d32ee8bd9438985b988ac495b2e68 - - 13789dce34f849f19410c11ea0757838 13789dce34f849f19410c11ea0757838] 199.19.213.176 "GET /v2.0/ports?tenant_id=6d647163b2754162bebb5e2251334f58&device_id=6de59f8e-a9de-40c6-9b02-25772c53f9a8 HTTP/1.1" status: 200 len: 1590 time: 0.0379100
2026-07-09 18:21:07.970 10 INFO neutron.wsgi [req-5bf7c9bd-0cce-4540-9d4b-6730a01e926a req-4a511f64-34de-4136-aba3-61237de1c2a5 0195fe04e18d436a8201f24675f570a4 fa0d32ee8bd9438985b988ac495b2e68 - - 13789dce34f849f19410c11ea0757838 13789dce34f849f19410c11ea0757838] 199.19.213.176 "GET /v2.0/networks?id=76380f4c-fa74-4e4f-8866-7e58187dc57d HTTP/1.1" status: 200 len: 982 time: 0.1457062 /var/lib/openstack/lib/python3.10/site-packages/pycadf/identifier.py:71: UserWarning: Invalid uuid: neutron. To ensure interoperability, identifiers should be a valid uuid. warnings.warn(('Invalid uuid: %s. To ensure interoperability, '
2026-07-09 18:21:08.040 10 INFO neutron.wsgi [req-5bf7c9bd-0cce-4540-9d4b-6730a01e926a req-eb9f5c70-1289-4a97-8a4c-ca18d865db9b 0195fe04e18d436a8201f24675f570a4 fa0d32ee8bd9438985b988ac495b2e68 - - 13789dce34f849f19410c11ea0757838 13789dce34f849f19410c11ea0757838] 199.19.213.176 "GET /v2.0/floatingips?fixed_ip_address=10.100.0.12&port_id=342009e7-cfba-4f8e-87de-f3792b474ca0 HTTP/1.1" status: 200 len: 1060 time: 0.0640333
2026-07-09 18:21:08.070 10 INFO neutron.wsgi [req-5bf7c9bd-0cce-4540-9d4b-6730a01e926a req-6e770408-cf1c-4f9d-9ecd-b62874e8feb1 0195fe04e18d436a8201f24675f570a4 fa0d32ee8bd9438985b988ac495b2e68 - - 13789dce34f849f19410c11ea0757838 13789dce34f849f19410c11ea0757838] 199.19.213.176 "GET /v2.0/floatingips?fixed_ip_address=10.100.0.4&port_id=342009e7-cfba-4f8e-87de-f3792b474ca0 HTTP/1.1" status: 200 len: 217 time: 0.0190556
2026-07-09 18:21:08.076 9 INFO neutron.db.ovn_revision_numbers_db [None req-298d0378-29ff-4c54-ad2c-6be8802f933e 0de1287a204f4b3e8f799dae6feb4084 bd41e1f2d3614b2488260dc196583b82 - - default default] Successfully bumped revision number for resource 346ddd32-e332-47a7-91cc-4329d7888bc6 (type: ports) to 2
2026-07-09 18:21:08.111 9 INFO neutron.db.ovn_revision_numbers_db [None req-298d0378-29ff-4c54-ad2c-6be8802f933e 0de1287a204f4b3e8f799dae6feb4084 bd41e1f2d3614b2488260dc196583b82 - - default default] Successfully bumped revision number for resource 6009971a-24a9-4885-a0bf-1258dbd7c0d6 (type: subnets) to 0
2026-07-09 18:21:08.131 9 INFO neutron.wsgi [None req-298d0378-29ff-4c54-ad2c-6be8802f933e 0de1287a204f4b3e8f799dae6feb4084 bd41e1f2d3614b2488260dc196583b82 - - default default] 10.0.0.184 "POST /v2.0/subnets HTTP/1.1" status: 201 len: 816 time: 1.0118871
2026-07-09 18:21:08.225 9 INFO neutron.db.segments_db [None req-175724aa-cafd-4896-b078-c0e8c94c48ae 0de1287a204f4b3e8f799dae6feb4084 bd41e1f2d3614b2488260dc196583b82 - - default default] Added segment aa71b705-1c36-4ecd-8a15-61f0b36fddd3 of type geneve for network 12519b34-8d6a-4d71-9049-f1a9ec542232
2026-07-09 18:21:08.309 10 INFO neutron.wsgi [req-5bf7c9bd-0cce-4540-9d4b-6730a01e926a req-1de42c73-9b31-4605-a5bc-40661b3f2f68 0195fe04e18d436a8201f24675f570a4 fa0d32ee8bd9438985b988ac495b2e68 - - 13789dce34f849f19410c11ea0757838 13789dce34f849f19410c11ea0757838] 199.19.213.176 "GET /v2.0/subnets?id=0b54e450-7c60-48c2-81df-d0830bf7cb38 HTTP/1.1" status: 200 len: 877 time: 0.2311883
2026-07-09 18:21:08.339 10 INFO neutron.wsgi [req-155c8442-5c65-4d8d-b719-5116b760f200 req-b8608f44-ac56-44d9-bedc-f0a4d3d64439 e29fb393fb2a4b479f6525d7e739f940 6d647163b2754162bebb5e2251334f58 - - default default] 10.0.0.113 "GET /v2.0/ports?device_id=6de59f8e-a9de-40c6-9b02-25772c53f9a8 HTTP/1.1" status: 200 len: 1352 time: 0.0654738
2026-07-09 18:21:08.352 10 WARNING neutron.plugins.ml2.drivers.ovn.mech_driver.ovsdb.ovn_client [None req-102ba487-2f31-4aa6-a799-21a3e7eb0c76 - - - - - -] No hosting information found for port 1d025454-ec81-48bf-b68a-7af019500eb9: RuntimeError: No hosting information found for port 1d025454-ec81-48bf-b68a-7af019500eb9
2026-07-09 18:21:08.354 10 INFO neutron.wsgi [req-5bf7c9bd-0cce-4540-9d4b-6730a01e926a req-21ce4830-189d-4078-9840-b17cf69b0b61 0195fe04e18d436a8201f24675f570a4 fa0d32ee8bd9438985b988ac495b2e68 - - 13789dce34f849f19410c11ea0757838 13789dce34f849f19410c11ea0757838] 199.19.213.176 "GET /v2.0/ports?network_id=76380f4c-fa74-4e4f-8866-7e58187dc57d&device_owner=network%3Adhcp HTTP/1.1" status: 200 len: 210 time: 0.0348105
2026-07-09 18:21:08.392 10 INFO neutron.db.ovn_revision_numbers_db [req-863f3020-1dd7-4691-b91e-d833ccf58142 req-49d7fcbb-3e60-4671-a4f2-f9a0fbcb8f46 0195fe04e18d436a8201f24675f570a4 fa0d32ee8bd9438985b988ac495b2e68 - - 13789dce34f849f19410c11ea0757838 13789dce34f849f19410c11ea0757838] Successfully bumped revision number for resource fb211cfd-c564-44c1-87a4-a3b662b6a5da (type: ports) to 2
2026-07-09 18:21:08.422 10 INFO neutron.wsgi [req-fa6575ad-2133-4606-8e0a-0072eadd4742 req-24a6c12f-7e5d-4db1-984c-149a28b6244f f3ac55127ef64639aa85556509aa865a f11c7e4f989d4b9597929a67bb26e90d - - default default] 10.0.0.113 "GET /v2.0/ports?device_id=dd808724-29cd-4b74-a3bc-e39a3ca2f4d8 HTTP/1.1" status: 200 len: 1168 time: 0.0608671
2026-07-09 18:21:08.453 10 INFO neutron.wsgi [req-155c8442-5c65-4d8d-b719-5116b760f200 req-282f7986-4dd2-4392-bd98-c49caa63a735 e29fb393fb2a4b479f6525d7e739f940 6d647163b2754162bebb5e2251334f58 - - default default] 10.0.0.113 "GET /v2.0/security-groups?id=126298fe-ade4-4a18-af22-ef520eab4b03&fields=id&fields=name HTTP/1.1" status: 200 len: 313 time: 0.1072512
2026-07-09 18:21:08.469 10 INFO neutron.wsgi [req-5bf7c9bd-0cce-4540-9d4b-6730a01e926a req-8207fff8-5cd9-4209-b2a2-5815d3742dd1 0195fe04e18d436a8201f24675f570a4 fa0d32ee8bd9438985b988ac495b2e68 - - 13789dce34f849f19410c11ea0757838 13789dce34f849f19410c11ea0757838] 199.19.213.176 "GET /v2.0/networks/76380f4c-fa74-4e4f-8866-7e58187dc57d?fields=segments HTTP/1.1" status: 200 len: 212 time: 0.1097496
2026-07-09 18:21:08.489 9 INFO neutron.db.ovn_revision_numbers_db [None req-175724aa-cafd-4896-b078-c0e8c94c48ae 0de1287a204f4b3e8f799dae6feb4084 bd41e1f2d3614b2488260dc196583b82 - - default default] Successfully bumped revision number for resource 12519b34-8d6a-4d71-9049-f1a9ec542232 (type: networks) to 1
2026-07-09 18:21:08.518 10 INFO neutron.wsgi [req-fa6575ad-2133-4606-8e0a-0072eadd4742 req-1d42954f-33d8-413e-ac8d-2c425217c85d f3ac55127ef64639aa85556509aa865a f11c7e4f989d4b9597929a67bb26e90d - - default default] 10.0.0.113 "GET /v2.0/security-groups?id=a17113d9-4ee6-4021-a2f5-48a23c43fa8e&fields=id&fields=name HTTP/1.1" status: 200 len: 286 time: 0.0898964
2026-07-09 18:21:08.550 10 INFO neutron.wsgi [req-5bf7c9bd-0cce-4540-9d4b-6730a01e926a req-adb2307b-9776-4820-939d-afc1badfe410 0195fe04e18d436a8201f24675f570a4 fa0d32ee8bd9438985b988ac495b2e68 - - 13789dce34f849f19410c11ea0757838 13789dce34f849f19410c11ea0757838] 199.19.213.176 "GET /v2.0/networks/76380f4c-fa74-4e4f-8866-7e58187dc57d?fields=provider%3Aphysical_network&fields=provider%3Anetwork_type HTTP/1.1" status: 200 len: 277 time: 0.0723724
2026-07-09 18:21:08.654 10 INFO neutron.wsgi [req-ac09c7ea-7f0b-40c0-9da6-6a56696c9f21 req-9128f28a-8914-49b2-be0c-2a413d63b370 e29fb393fb2a4b479f6525d7e739f940 6d647163b2754162bebb5e2251334f58 - - default default] 199.19.213.176 "GET /v2.0/ports?device_id=6de59f8e-a9de-40c6-9b02-25772c53f9a8&device_owner=compute%3Anova&fixed_ips=ip_address%3D10.100.0.4 HTTP/1.1" status: 200 len: 1352 time: 0.0823588
2026-07-09 18:21:08.709 9 WARNING neutron.scheduler.dhcp_agent_scheduler [None req-175724aa-cafd-4896-b078-c0e8c94c48ae 0de1287a204f4b3e8f799dae6feb4084 bd41e1f2d3614b2488260dc196583b82 - - default default] No more DHCP agents
2026-07-09 18:21:08.712 9 WARNING neutron.api.rpc.agentnotifiers.dhcp_rpc_agent_api [None req-175724aa-cafd-4896-b078-c0e8c94c48ae 0de1287a204f4b3e8f799dae6feb4084 bd41e1f2d3614b2488260dc196583b82 - - default default] Unable to schedule network 12519b34-8d6a-4d71-9049-f1a9ec542232: no agents available; will retry on subsequent port and subnet creation events.
2026-07-09 18:21:08.783 10 INFO neutron.db.ovn_revision_numbers_db [req-863f3020-1dd7-4691-b91e-d833ccf58142 req-49d7fcbb-3e60-4671-a4f2-f9a0fbcb8f46 0195fe04e18d436a8201f24675f570a4 fa0d32ee8bd9438985b988ac495b2e68 - - 13789dce34f849f19410c11ea0757838 13789dce34f849f19410c11ea0757838] Successfully bumped revision number for resource fb211cfd-c564-44c1-87a4-a3b662b6a5da (type: ports) to 2
2026-07-09 18:21:08.799 9 INFO neutron.db.ovn_revision_numbers_db [None req-175724aa-cafd-4896-b078-c0e8c94c48ae 0de1287a204f4b3e8f799dae6feb4084 bd41e1f2d3614b2488260dc196583b82 - - default default] Successfully bumped revision number for resource 87d3f972-6851-4241-8738-42cea3e83935 (type: ports) to 1
2026-07-09 18:21:08.805 10 INFO neutron.wsgi [req-863f3020-1dd7-4691-b91e-d833ccf58142 req-49d7fcbb-3e60-4671-a4f2-f9a0fbcb8f46 0195fe04e18d436a8201f24675f570a4 fa0d32ee8bd9438985b988ac495b2e68 - - 13789dce34f849f19410c11ea0757838 13789dce34f849f19410c11ea0757838] 199.19.213.176 "PUT /v2.0/ports/fb211cfd-c564-44c1-87a4-a3b662b6a5da HTTP/1.1" status: 200 len: 1376 time: 1.3568172
2026-07-09 18:21:08.824 9 INFO neutron.wsgi [None req-175724aa-cafd-4896-b078-c0e8c94c48ae 0de1287a204f4b3e8f799dae6feb4084 bd41e1f2d3614b2488260dc196583b82 - - default default] 10.0.0.184 "POST /v2.0/networks HTTP/1.1" status: 201 len: 843 time: 0.6869571 /var/lib/openstack/lib/python3.10/site-packages/pycadf/identifier.py:71: UserWarning: Invalid uuid: neutron. To ensure interoperability, identifiers should be a valid uuid. warnings.warn(('Invalid uuid: %s. To ensure interoperability, '
2026-07-09 18:21:08.901 10 INFO neutron.wsgi [req-863f3020-1dd7-4691-b91e-d833ccf58142 req-6035c00e-a34d-4eb0-9bcc-4fde1f53428c 0195fe04e18d436a8201f24675f570a4 fa0d32ee8bd9438985b988ac495b2e68 - - 13789dce34f849f19410c11ea0757838 13789dce34f849f19410c11ea0757838] 199.19.213.176 "GET /v2.0/ports?tenant_id=f11c7e4f989d4b9597929a67bb26e90d&device_id=dd808724-29cd-4b74-a3bc-e39a3ca2f4d8 HTTP/1.1" status: 200 len: 1407 time: 0.0550079
2026-07-09 18:21:08.933 10 INFO neutron.wsgi [req-863f3020-1dd7-4691-b91e-d833ccf58142 req-c3e6c335-0855-4214-9597-d1f51ee56185 0195fe04e18d436a8201f24675f570a4 fa0d32ee8bd9438985b988ac495b2e68 - - 13789dce34f849f19410c11ea0757838 13789dce34f849f19410c11ea0757838] 199.19.213.176 "GET /v2.0/floatingips?fixed_ip_address=10.100.0.7&port_id=fb211cfd-c564-44c1-87a4-a3b662b6a5da HTTP/1.1" status: 200 len: 217 time: 0.0211439
2026-07-09 18:21:08.998 10 INFO neutron.wsgi [req-863f3020-1dd7-4691-b91e-d833ccf58142 req-e937d195-b8cf-4156-b5f9-56dfc98dcd18 0195fe04e18d436a8201f24675f570a4 fa0d32ee8bd9438985b988ac495b2e68 - - 13789dce34f849f19410c11ea0757838 13789dce34f849f19410c11ea0757838] 199.19.213.176 "GET /v2.0/subnets?id=6bd1e463-76aa-419b-91df-700603bf7b30 HTTP/1.1" status: 200 len: 870 time: 0.0573475
2026-07-09 18:21:09.025 10 INFO neutron.wsgi [req-863f3020-1dd7-4691-b91e-d833ccf58142 req-2c80c314-7f5b-44c4-afc3-7c8cf7f64af2 0195fe04e18d436a8201f24675f570a4 fa0d32ee8bd9438985b988ac495b2e68 - - 13789dce34f849f19410c11ea0757838 13789dce34f849f19410c11ea0757838] 199.19.213.176 "GET /v2.0/ports?network_id=cae3545a-ed87-43e4-bfb5-df4e975795d8&device_owner=network%3Adhcp HTTP/1.1" status: 200 len: 210 time: 0.0204897
2026-07-09 18:21:09.094 9 INFO neutron.db.ovn_revision_numbers_db [None req-acd2a7bc-d3f7-4b3d-847d-1837ced36961 0de1287a204f4b3e8f799dae6feb4084 bd41e1f2d3614b2488260dc196583b82 - - default default] Successfully bumped revision number for resource 12519b34-8d6a-4d71-9049-f1a9ec542232 (type: networks) to 2
2026-07-09 18:21:09.098 9 INFO neutron.wsgi [None req-acd2a7bc-d3f7-4b3d-847d-1837ced36961 0de1287a204f4b3e8f799dae6feb4084 bd41e1f2d3614b2488260dc196583b82 - - default default] 10.0.0.184 "PUT /v2.0/networks/12519b34-8d6a-4d71-9049-f1a9ec542232 HTTP/1.1" status: 200 len: 792 time: 0.2685325
2026-07-09 18:21:09.140 10 INFO neutron.wsgi [req-863f3020-1dd7-4691-b91e-d833ccf58142 req-a0be072f-7651-40e6-b29f-dff35d63d0d0 0195fe04e18d436a8201f24675f570a4 fa0d32ee8bd9438985b988ac495b2e68 - - 13789dce34f849f19410c11ea0757838 13789dce34f849f19410c11ea0757838] 199.19.213.176 "GET /v2.0/networks/cae3545a-ed87-43e4-bfb5-df4e975795d8?fields=segments HTTP/1.1" status: 200 len: 212 time: 0.1036754
2026-07-09 18:21:09.235 10 INFO neutron.notifiers.nova [-] Nova event matching ['req-9cc949e2-966d-456e-b58f-220f9d20ee85'] response: {'name': 'network-changed', 'server_uuid': 'dd808724-29cd-4b74-a3bc-e39a3ca2f4d8', 'tag': 'fb211cfd-c564-44c1-87a4-a3b662b6a5da', 'status': 'completed', 'code': 200}
2026-07-09 18:21:09.266 10 INFO neutron.wsgi [req-863f3020-1dd7-4691-b91e-d833ccf58142 req-582a82de-d7cb-4611-8bb3-de8333dd97f3 0195fe04e18d436a8201f24675f570a4 fa0d32ee8bd9438985b988ac495b2e68 - - 13789dce34f849f19410c11ea0757838 13789dce34f849f19410c11ea0757838] 199.19.213.176 "GET /v2.0/networks/cae3545a-ed87-43e4-bfb5-df4e975795d8?fields=provider%3Aphysical_network&fields=provider%3Anetwork_type HTTP/1.1" status: 200 len: 277 time: 0.1166935
2026-07-09 18:21:09.267 10 INFO neutron.db.ovn_revision_numbers_db [None req-b6b81d77-54f4-4513-bc20-40482479eff5 5135352b2758448287797c038b6e3179 1769013de8df4e2daaee7536df8a3047 - - default default] Successfully bumped revision number for resource b5bb11af-e633-4fe2-b1c7-759993b1f2ab (type: security_groups) to 1
2026-07-09 18:21:09.309 10 INFO neutron.db.ovn_revision_numbers_db [None req-b6b81d77-54f4-4513-bc20-40482479eff5 5135352b2758448287797c038b6e3179 1769013de8df4e2daaee7536df8a3047 - - default default] Successfully bumped revision number for resource 3afab74a-859b-445f-a780-87ad563a32b9 (type: security_group_rules) to 0 /var/lib/openstack/lib/python3.10/site-packages/pycadf/identifier.py:71: UserWarning: Invalid uuid: neutron. To ensure interoperability, identifiers should be a valid uuid. warnings.warn(('Invalid uuid: %s. To ensure interoperability, '
2026-07-09 18:21:09.377 10 INFO neutron.db.ovn_revision_numbers_db [None req-b6b81d77-54f4-4513-bc20-40482479eff5 5135352b2758448287797c038b6e3179 1769013de8df4e2daaee7536df8a3047 - - default default] Successfully bumped revision number for resource 9248a220-e8e9-4422-b551-e1ec97244ad4 (type: security_group_rules) to 0
2026-07-09 18:21:09.377 10 INFO neutron.db.ovn_revision_numbers_db [req-ac09c7ea-7f0b-40c0-9da6-6a56696c9f21 req-2e7109a8-1470-4710-97c9-10f6472714fd e29fb393fb2a4b479f6525d7e739f940 6d647163b2754162bebb5e2251334f58 - - default default] Successfully bumped revision number for resource 342009e7-cfba-4f8e-87de-f3792b474ca0 (type: ports) to 6
2026-07-09 18:21:09.404 10 INFO neutron.wsgi [req-ac09c7ea-7f0b-40c0-9da6-6a56696c9f21 req-2e7109a8-1470-4710-97c9-10f6472714fd e29fb393fb2a4b479f6525d7e739f940 6d647163b2754162bebb5e2251334f58 - - default default] 199.19.213.176 "PUT /v2.0/ports/342009e7-cfba-4f8e-87de-f3792b474ca0 HTTP/1.1" status: 200 len: 1171 time: 0.7453990
2026-07-09 18:21:09.407 10 INFO neutron.wsgi [req-115642af-7e7b-4e29-90d1-8b22952c93e7 req-f3a4ea71-a3eb-47f0-afef-a11928cc43e7 0195fe04e18d436a8201f24675f570a4 fa0d32ee8bd9438985b988ac495b2e68 - - 13789dce34f849f19410c11ea0757838 13789dce34f849f19410c11ea0757838] 199.19.213.176 "GET /v2.0/ports?device_id=6de59f8e-a9de-40c6-9b02-25772c53f9a8&fields=binding%3Ahost_id&fields=binding%3Avif_type HTTP/1.1" status: 200 len: 265 time: 0.0716667
2026-07-09 18:21:09.409 9 WARNING neutron.scheduler.dhcp_agent_scheduler [None req-ff31ad1d-8935-43e8-9883-0551be6562ac 0de1287a204f4b3e8f799dae6feb4084 bd41e1f2d3614b2488260dc196583b82 - - default default] No more DHCP agents
2026-07-09 18:21:09.411 10 INFO neutron.wsgi [req-0cb22dae-198a-4023-ac19-9df151ff4459 req-2dcc5a5d-c371-4189-9a58-0ecfb6a48992 0195fe04e18d436a8201f24675f570a4 fa0d32ee8bd9438985b988ac495b2e68 - - 13789dce34f849f19410c11ea0757838 13789dce34f849f19410c11ea0757838] 199.19.213.176 "GET /v2.0/ports?tenant_id=f11c7e4f989d4b9597929a67bb26e90d&device_id=dd808724-29cd-4b74-a3bc-e39a3ca2f4d8 HTTP/1.1" status: 200 len: 1407 time: 0.0514333
2026-07-09 18:21:09.413 9 WARNING neutron.api.rpc.agentnotifiers.dhcp_rpc_agent_api [None req-ff31ad1d-8935-43e8-9883-0551be6562ac 0de1287a204f4b3e8f799dae6feb4084 bd41e1f2d3614b2488260dc196583b82 - - default default] Unable to schedule network 12519b34-8d6a-4d71-9049-f1a9ec542232: no agents available; will retry on subsequent port and subnet creation events.
2026-07-09 18:21:09.444 10 INFO neutron.db.ovn_revision_numbers_db [None req-b6b81d77-54f4-4513-bc20-40482479eff5 5135352b2758448287797c038b6e3179 1769013de8df4e2daaee7536df8a3047 - - default default] Successfully bumped revision number for resource 94e65cd8-3a2b-4112-9979-bb8dcd0f84c2 (type: security_group_rules) to 0
2026-07-09 18:21:09.466 10 INFO neutron.wsgi [req-ac09c7ea-7f0b-40c0-9da6-6a56696c9f21 req-37675d27-21f9-47ab-b33f-694cad28f12b 0195fe04e18d436a8201f24675f570a4 fa0d32ee8bd9438985b988ac495b2e68 - - 13789dce34f849f19410c11ea0757838 13789dce34f849f19410c11ea0757838] 199.19.213.176 "GET /v2.0/ports?tenant_id=6d647163b2754162bebb5e2251334f58&device_id=6de59f8e-a9de-40c6-9b02-25772c53f9a8 HTTP/1.1" status: 200 len: 1413 time: 0.0443761
2026-07-09 18:21:09.484 10 INFO neutron.db.ovn_revision_numbers_db [None req-b6b81d77-54f4-4513-bc20-40482479eff5 5135352b2758448287797c038b6e3179 1769013de8df4e2daaee7536df8a3047 - - default default] Successfully bumped revision number for resource e8581826-db63-4760-b660-7dbe0a2f84f9 (type: security_group_rules) to 0
2026-07-09 18:21:09.507 10 INFO neutron.wsgi [req-0cb22dae-198a-4023-ac19-9df151ff4459 req-d2d71d0d-ed4c-4d05-b253-7899e2a68562 0195fe04e18d436a8201f24675f570a4 fa0d32ee8bd9438985b988ac495b2e68 - - 13789dce34f849f19410c11ea0757838 13789dce34f849f19410c11ea0757838] 199.19.213.176 "GET /v2.0/networks?id=cae3545a-ed87-43e4-bfb5-df4e975795d8 HTTP/1.1" status: 200 len: 975 time: 0.0918458
2026-07-09 18:21:09.555 10 INFO neutron.wsgi [req-0cb22dae-198a-4023-ac19-9df151ff4459 req-3146841b-dab2-4b07-8f52-7c98999287f6 0195fe04e18d436a8201f24675f570a4 fa0d32ee8bd9438985b988ac495b2e68 - - 13789dce34f849f19410c11ea0757838 13789dce34f849f19410c11ea0757838] 199.19.213.176 "GET /v2.0/floatingips?fixed_ip_address=10.100.0.7&port_id=fb211cfd-c564-44c1-87a4-a3b662b6a5da HTTP/1.1" status: 200 len: 217 time: 0.0400717
2026-07-09 18:21:09.558 9 INFO neutron.plugins.ml2.drivers.ovn.mech_driver.mech_driver [None req-6fcdafc8-1bdd-49ee-b035-3146ad08ce5f - - - - - -] OVN reports status up for port: fb211cfd-c564-44c1-87a4-a3b662b6a5da
2026-07-09 18:21:09.601 10 INFO neutron.db.segments_db [None req-b6b81d77-54f4-4513-bc20-40482479eff5 5135352b2758448287797c038b6e3179 1769013de8df4e2daaee7536df8a3047 - - default default] Added segment 11f35ee4-98ef-457c-97b7-e2b57cc2006b of type geneve for network 653f84c4-e2e3-434f-a3e8-f1c8660930e5
2026-07-09 18:21:09.604 9 INFO neutron.plugins.ml2.plugin [None req-6fcdafc8-1bdd-49ee-b035-3146ad08ce5f - - - - - -] Attempt 1 to provision port fb211cfd-c564-44c1-87a4-a3b662b6a5da
2026-07-09 18:21:09.637 10 INFO neutron.wsgi [req-ac09c7ea-7f0b-40c0-9da6-6a56696c9f21 req-d8d7c887-720c-4853-8bee-428ff91bc71e 0195fe04e18d436a8201f24675f570a4 fa0d32ee8bd9438985b988ac495b2e68 - - 13789dce34f849f19410c11ea0757838 13789dce34f849f19410c11ea0757838] 199.19.213.176 "GET /v2.0/networks?id=76380f4c-fa74-4e4f-8866-7e58187dc57d HTTP/1.1" status: 200 len: 982 time: 0.1627097
2026-07-09 18:21:09.641 10 INFO neutron.wsgi [req-0cb22dae-198a-4023-ac19-9df151ff4459 req-9b66f894-5058-4897-9360-bf6f5ee21313 0195fe04e18d436a8201f24675f570a4 fa0d32ee8bd9438985b988ac495b2e68 - - 13789dce34f849f19410c11ea0757838 13789dce34f849f19410c11ea0757838] 199.19.213.176 "GET /v2.0/subnets?id=6bd1e463-76aa-419b-91df-700603bf7b30 HTTP/1.1" status: 200 len: 870 time: 0.0698493
2026-07-09 18:21:09.714 10 INFO neutron.wsgi [req-0cb22dae-198a-4023-ac19-9df151ff4459 req-ebe141d3-97f9-4c53-a8f3-c1a5605ad25c 0195fe04e18d436a8201f24675f570a4 fa0d32ee8bd9438985b988ac495b2e68 - - 13789dce34f849f19410c11ea0757838 13789dce34f849f19410c11ea0757838] 199.19.213.176 "GET /v2.0/ports?network_id=cae3545a-ed87-43e4-bfb5-df4e975795d8&device_owner=network%3Adhcp HTTP/1.1" status: 200 len: 210 time: 0.0634995
2026-07-09 18:21:09.763 9 INFO neutron.notifiers.nova [-] Nova event matching ['req-136285c3-08ca-4c80-9949-95af5c753c54'] response: {'server_uuid': 'dd808724-29cd-4b74-a3bc-e39a3ca2f4d8', 'name': 'network-vif-plugged', 'status': 'completed', 'tag': 'fb211cfd-c564-44c1-87a4-a3b662b6a5da', 'code': 200}
2026-07-09 18:21:09.783 10 INFO neutron.wsgi [req-ac09c7ea-7f0b-40c0-9da6-6a56696c9f21 req-d7bc194a-c211-4407-8380-bae9d52aa741 0195fe04e18d436a8201f24675f570a4 fa0d32ee8bd9438985b988ac495b2e68 - - 13789dce34f849f19410c11ea0757838 13789dce34f849f19410c11ea0757838] 199.19.213.176 "GET /v2.0/floatingips?fixed_ip_address=10.100.0.12&port_id=342009e7-cfba-4f8e-87de-f3792b474ca0 HTTP/1.1" status: 200 len: 1060 time: 0.1328585
2026-07-09 18:21:09.859 10 INFO neutron.wsgi [req-2f9e1687-cf05-4a8a-87b2-4cc5faed334f req-a378d905-b7bb-454b-bc29-86db3a1515de f3ac55127ef64639aa85556509aa865a f11c7e4f989d4b9597929a67bb26e90d - - default default] 10.0.0.113 "GET /v2.0/ports?device_id=dd808724-29cd-4b74-a3bc-e39a3ca2f4d8 HTTP/1.1" status: 200 len: 1168 time: 0.2354648
2026-07-09 18:21:09.868 10 INFO neutron.wsgi [req-ac09c7ea-7f0b-40c0-9da6-6a56696c9f21 req-2155be9e-acd8-4397-a7dc-b9cd6755e761 0195fe04e18d436a8201f24675f570a4 fa0d32ee8bd9438985b988ac495b2e68 - - 13789dce34f849f19410c11ea0757838 13789dce34f849f19410c11ea0757838] 199.19.213.176 "GET /v2.0/subnets?id=0b54e450-7c60-48c2-81df-d0830bf7cb38 HTTP/1.1" status: 200 len: 877 time: 0.0681076
2026-07-09 18:21:09.873 10 INFO neutron.db.segments_db [None req-b6b81d77-54f4-4513-bc20-40482479eff5 5135352b2758448287797c038b6e3179 1769013de8df4e2daaee7536df8a3047 - - default default] Added segment 6450de69-ce25-4f7f-afe9-a2d715efa90d of type geneve for network f9fa3f4b-ba89-49cb-8012-a144cf0120c7
2026-07-09 18:21:09.886 10 INFO neutron.wsgi [req-0cb22dae-198a-4023-ac19-9df151ff4459 req-bcb6dbbd-12dd-4d50-91b7-be6d8031abb6 0195fe04e18d436a8201f24675f570a4 fa0d32ee8bd9438985b988ac495b2e68 - - 13789dce34f849f19410c11ea0757838 13789dce34f849f19410c11ea0757838] 199.19.213.176 "GET /v2.0/networks/cae3545a-ed87-43e4-bfb5-df4e975795d8?fields=segments HTTP/1.1" status: 200 len: 212 time: 0.1612763
2026-07-09 18:21:09.947 10 INFO neutron.wsgi [req-ac09c7ea-7f0b-40c0-9da6-6a56696c9f21 req-08c318cf-b05f-4d48-a187-519585a87ffa 0195fe04e18d436a8201f24675f570a4 fa0d32ee8bd9438985b988ac495b2e68 - - 13789dce34f849f19410c11ea0757838 13789dce34f849f19410c11ea0757838] 199.19.213.176 "GET /v2.0/ports?network_id=76380f4c-fa74-4e4f-8866-7e58187dc57d&device_owner=network%3Adhcp HTTP/1.1" status: 200 len: 210 time: 0.0646808
2026-07-09 18:21:10.021 10 INFO neutron.wsgi [req-2f9e1687-cf05-4a8a-87b2-4cc5faed334f req-382f2c2a-6496-4007-b854-5f35da8c94d1 f3ac55127ef64639aa85556509aa865a f11c7e4f989d4b9597929a67bb26e90d - - default default] 10.0.0.113 "GET /v2.0/security-groups?id=a17113d9-4ee6-4021-a2f5-48a23c43fa8e&fields=id&fields=name HTTP/1.1" status: 200 len: 286 time: 0.1506600
2026-07-09 18:21:10.075 10 INFO neutron.wsgi [req-0cb22dae-198a-4023-ac19-9df151ff4459 req-e060929b-66e2-4551-82d4-64e1706849fe 0195fe04e18d436a8201f24675f570a4 fa0d32ee8bd9438985b988ac495b2e68 - - 13789dce34f849f19410c11ea0757838 13789dce34f849f19410c11ea0757838] 199.19.213.176 "GET /v2.0/networks/cae3545a-ed87-43e4-bfb5-df4e975795d8?fields=provider%3Aphysical_network&fields=provider%3Anetwork_type HTTP/1.1" status: 200 len: 277 time: 0.1753230
2026-07-09 18:21:10.083 10 INFO neutron.wsgi [req-ac09c7ea-7f0b-40c0-9da6-6a56696c9f21 req-dd479574-f61e-44a3-824b-ce110a485c69 0195fe04e18d436a8201f24675f570a4 fa0d32ee8bd9438985b988ac495b2e68 - - 13789dce34f849f19410c11ea0757838 13789dce34f849f19410c11ea0757838] 199.19.213.176 "GET /v2.0/networks/76380f4c-fa74-4e4f-8866-7e58187dc57d?fields=segments HTTP/1.1" status: 200 len: 212 time: 0.1247544
2026-07-09 18:21:10.110 9 INFO neutron.db.ovn_revision_numbers_db [None req-6fcdafc8-1bdd-49ee-b035-3146ad08ce5f - - - - - -] Successfully bumped revision number for resource fb211cfd-c564-44c1-87a4-a3b662b6a5da (type: ports) to 4
2026-07-09 18:21:10.196 9 INFO neutron.db.ovn_revision_numbers_db [None req-ff31ad1d-8935-43e8-9883-0551be6562ac 0de1287a204f4b3e8f799dae6feb4084 bd41e1f2d3614b2488260dc196583b82 - - default default] Successfully bumped revision number for resource 87d3f972-6851-4241-8738-42cea3e83935 (type: ports) to 2
