May 09 13:48:25.014127 np0000173162 devstack@n-api-meta.service[108658]: DEBUG nova.api.openstack.wsgi_app [None req-eed13bfb-2416-4e02-b81b-f8798a21ac91 None None] oslo_limit.region_name = None {{(pid=108658) log_opt_values /opt/stack/data/venv/lib/python3.12/site-packages/oslo_config/cfg.py:3006}}
May 09 13:48:25.014314 np0000173162 devstack@n-api-meta.service[108658]: DEBUG nova.api.openstack.wsgi_app [None req-eed13bfb-2416-4e02-b81b-f8798a21ac91 None None] oslo_limit.retriable_status_codes = None {{(pid=108658) log_opt_values /opt/stack/data/venv/lib/python3.12/site-packages/oslo_config/cfg.py:3006}}
May 09 13:48:25.014397 np0000173162 devstack@n-api-meta.service[108658]: DEBUG nova.api.openstack.wsgi_app [None req-eed13bfb-2416-4e02-b81b-f8798a21ac91 None None] oslo_limit.service_name = None {{(pid=108658) log_opt_values /opt/stack/data/venv/lib/python3.12/site-packages/oslo_config/cfg.py:3006}}
May 09 13:48:25.014522 np0000173162 devstack@n-api-meta.service[108658]: DEBUG nova.api.openstack.wsgi_app [None req-eed13bfb-2416-4e02-b81b-f8798a21ac91 None None] oslo_limit.service_type = None {{(pid=108658) log_opt_values /opt/stack/data/venv/lib/python3.12/site-packages/oslo_config/cfg.py:3006}}
May 09 13:48:25.014651 np0000173162 devstack@n-api-meta.service[108658]: DEBUG nova.api.openstack.wsgi_app [None req-eed13bfb-2416-4e02-b81b-f8798a21ac91 None None] oslo_limit.split_loggers = False {{(pid=108658) log_opt_values /opt/stack/data/venv/lib/python3.12/site-packages/oslo_config/cfg.py:3006}}
May 09 13:48:25.014776 np0000173162 devstack@n-api-meta.service[108658]: DEBUG nova.api.openstack.wsgi_app [None req-eed13bfb-2416-4e02-b81b-f8798a21ac91 None None] oslo_limit.status_code_retries = None {{(pid=108658) log_opt_values /opt/stack/data/venv/lib/python3.12/site-packages/oslo_config/cfg.py:3006}}
May 09 13:48:25.014902 np0000173162 devstack@n-api-meta.service[108658]: DEBUG nova.api.openstack.wsgi_app [None req-eed13bfb-2416-4e02-b81b-f8798a21ac91 None None] oslo_limit.status_code_retry_delay = None {{(pid=108658) log_opt_values /opt/stack/data/venv/lib/python3.12/site-packages/oslo_config/cfg.py:3006}}
May 09 13:48:25.015027 np0000173162 devstack@n-api-meta.service[108658]: DEBUG nova.api.openstack.wsgi_app [None req-eed13bfb-2416-4e02-b81b-f8798a21ac91 None None] oslo_limit.timeout = None {{(pid=108658) log_opt_values /opt/stack/data/venv/lib/python3.12/site-packages/oslo_config/cfg.py:3006}}
May 09 13:48:25.015153 np0000173162 devstack@n-api-meta.service[108658]: DEBUG nova.api.openstack.wsgi_app [None req-eed13bfb-2416-4e02-b81b-f8798a21ac91 None None] oslo_limit.valid_interfaces = None {{(pid=108658) log_opt_values /opt/stack/data/venv/lib/python3.12/site-packages/oslo_config/cfg.py:3006}}
May 09 13:48:25.015299 np0000173162 devstack@n-api-meta.service[108658]: DEBUG nova.api.openstack.wsgi_app [None req-eed13bfb-2416-4e02-b81b-f8798a21ac91 None None] oslo_limit.version = None {{(pid=108658) log_opt_values /opt/stack/data/venv/lib/python3.12/site-packages/oslo_config/cfg.py:3006}}
May 09 13:48:25.015436 np0000173162 devstack@n-api-meta.service[108658]: DEBUG nova.api.openstack.wsgi_app [None req-eed13bfb-2416-4e02-b81b-f8798a21ac91 None None] oslo_messaging_rabbit.amqp_auto_delete = False {{(pid=108658) log_opt_values /opt/stack/data/venv/lib/python3.12/site-packages/oslo_config/cfg.py:3006}}
May 09 13:48:25.015565 np0000173162 devstack@n-api-meta.service[108658]: DEBUG nova.api.openstack.wsgi_app [None req-eed13bfb-2416-4e02-b81b-f8798a21ac91 None None] oslo_messaging_rabbit.amqp_durable_queues = False {{(pid=108658) log_opt_values /opt/stack/data/venv/lib/python3.12/site-packages/oslo_config/cfg.py:3006}}
May 09 13:48:25.015695 np0000173162 devstack@n-api-meta.service[108658]: DEBUG nova.api.openstack.wsgi_app [None req-eed13bfb-2416-4e02-b81b-f8798a21ac91 None None] oslo_messaging_rabbit.conn_pool_min_size = 2 {{(pid=108658) log_opt_values /opt/stack/data/venv/lib/python3.12/site-packages/oslo_config/cfg.py:3006}}
May 09 13:48:25.015828 np0000173162 devstack@n-api-meta.service[108658]: DEBUG nova.api.openstack.wsgi_app [None req-eed13bfb-2416-4e02-b81b-f8798a21ac91 None None] oslo_messaging_rabbit.conn_pool_ttl = 1200 {{(pid=108658) log_opt_values /opt/stack/data/venv/lib/python3.12/site-packages/oslo_config/cfg.py:3006}}
May 09 13:48:25.015956 np0000173162 devstack@n-api-meta.service[108658]: DEBUG nova.api.openstack.wsgi_app [None req-eed13bfb-2416-4e02-b81b-f8798a21ac91 None None] oslo_messaging_rabbit.direct_mandatory_flag = True {{(pid=108658) log_opt_values /opt/stack/data/venv/lib/python3.12/site-packages/oslo_config/cfg.py:3006}}
May 09 13:48:25.016083 np0000173162 devstack@n-api-meta.service[108658]: DEBUG nova.api.openstack.wsgi_app [None req-eed13bfb-2416-4e02-b81b-f8798a21ac91 None None] oslo_messaging_rabbit.enable_cancel_on_failover = False {{(pid=108658) log_opt_values /opt/stack/data/venv/lib/python3.12/site-packages/oslo_config/cfg.py:3006}}
May 09 13:48:25.016233 np0000173162 devstack@n-api-meta.service[108658]: DEBUG nova.api.openstack.wsgi_app [None req-eed13bfb-2416-4e02-b81b-f8798a21ac91 None None] oslo_messaging_rabbit.heartbeat_in_pthread = False {{(pid=108658) log_opt_values /opt/stack/data/venv/lib/python3.12/site-packages/oslo_config/cfg.py:3006}}
May 09 13:48:25.016388 np0000173162 devstack@n-api-meta.service[108658]: DEBUG nova.api.openstack.wsgi_app [None req-eed13bfb-2416-4e02-b81b-f8798a21ac91 None None] oslo_messaging_rabbit.heartbeat_rate = 3 {{(pid=108658) log_opt_values /opt/stack/data/venv/lib/python3.12/site-packages/oslo_config/cfg.py:3006}}
May 09 13:48:25.016519 np0000173162 devstack@n-api-meta.service[108658]: DEBUG nova.api.openstack.wsgi_app [None req-eed13bfb-2416-4e02-b81b-f8798a21ac91 None None] oslo_messaging_rabbit.heartbeat_timeout_threshold = 60 {{(pid=108658) log_opt_values /opt/stack/data/venv/lib/python3.12/site-packages/oslo_config/cfg.py:3006}}
May 09 13:48:25.016654 np0000173162 devstack@n-api-meta.service[108658]: DEBUG nova.api.openstack.wsgi_app [None req-eed13bfb-2416-4e02-b81b-f8798a21ac91 None None] oslo_messaging_rabbit.hostname = np0000173162 {{(pid=108658) log_opt_values /opt/stack/data/venv/lib/python3.12/site-packages/oslo_config/cfg.py:3006}}
May 09 13:48:25.016781 np0000173162 devstack@n-api-meta.service[108658]: DEBUG nova.api.openstack.wsgi_app [None req-eed13bfb-2416-4e02-b81b-f8798a21ac91 None None] oslo_messaging_rabbit.kombu_compression = None {{(pid=108658) log_opt_values /opt/stack/data/venv/lib/python3.12/site-packages/oslo_config/cfg.py:3006}}
May 09 13:48:25.016915 np0000173162 devstack@n-api-meta.service[108658]: DEBUG nova.api.openstack.wsgi_app [None req-eed13bfb-2416-4e02-b81b-f8798a21ac91 None None] oslo_messaging_rabbit.kombu_failover_strategy = round-robin {{(pid=108658) log_opt_values /opt/stack/data/venv/lib/python3.12/site-packages/oslo_config/cfg.py:3006}}
May 09 13:48:25.017048 np0000173162 devstack@n-api-meta.service[108658]: DEBUG nova.api.openstack.wsgi_app [None req-eed13bfb-2416-4e02-b81b-f8798a21ac91 None None] oslo_messaging_rabbit.kombu_missing_consumer_retry_timeout = 60 {{(pid=108658) log_opt_values /opt/stack/data/venv/lib/python3.12/site-packages/oslo_config/cfg.py:3006}}
May 09 13:48:25.017178 np0000173162 devstack@n-api-meta.service[108658]: DEBUG nova.api.openstack.wsgi_app [None req-eed13bfb-2416-4e02-b81b-f8798a21ac91 None None] oslo_messaging_rabbit.kombu_reconnect_delay = 1.0 {{(pid=108658) log_opt_values /opt/stack/data/venv/lib/python3.12/site-packages/oslo_config/cfg.py:3006}}
May 09 13:48:25.017369 np0000173162 devstack@n-api-meta.service[108658]: DEBUG nova.api.openstack.wsgi_app [None req-eed13bfb-2416-4e02-b81b-f8798a21ac91 None None] oslo_messaging_rabbit.kombu_reconnect_splay = 0.0 {{(pid=108658) log_opt_values /opt/stack/data/venv/lib/python3.12/site-packages/oslo_config/cfg.py:3006}}
May 09 13:48:25.017512 np0000173162 devstack@n-api-meta.service[108658]: DEBUG nova.api.openstack.wsgi_app [None req-eed13bfb-2416-4e02-b81b-f8798a21ac91 None None] oslo_messaging_rabbit.processname = uwsgi {{(pid=108658) log_opt_values /opt/stack/data/venv/lib/python3.12/site-packages/oslo_config/cfg.py:3006}}
May 09 13:48:25.017642 np0000173162 devstack@n-api-meta.service[108658]: DEBUG nova.api.openstack.wsgi_app [None req-eed13bfb-2416-4e02-b81b-f8798a21ac91 None None] oslo_messaging_rabbit.rabbit_ha_queues = False {{(pid=108658) log_opt_values /opt/stack/data/venv/lib/python3.12/site-packages/oslo_config/cfg.py:3006}}
May 09 13:48:25.017770 np0000173162 devstack@n-api-meta.service[108658]: DEBUG nova.api.openstack.wsgi_app [None req-eed13bfb-2416-4e02-b81b-f8798a21ac91 None None] oslo_messaging_rabbit.rabbit_interval_max = 30 {{(pid=108658) log_opt_values /opt/stack/data/venv/lib/python3.12/site-packages/oslo_config/cfg.py:3006}}
May 09 13:48:25.017905 np0000173162 devstack@n-api-meta.service[108658]: DEBUG nova.api.openstack.wsgi_app [None req-eed13bfb-2416-4e02-b81b-f8798a21ac91 None None] oslo_messaging_rabbit.rabbit_login_method = AMQPLAIN {{(pid=108658) log_opt_values /opt/stack/data/venv/lib/python3.12/site-packages/oslo_config/cfg.py:3006}}
May 09 13:48:25.018032 np0000173162 devstack@n-api-meta.service[108658]: DEBUG nova.api.openstack.wsgi_app [None req-eed13bfb-2416-4e02-b81b-f8798a21ac91 None None] oslo_messaging_rabbit.rabbit_qos_prefetch_count = 0 {{(pid=108658) log_opt_values /opt/stack/data/venv/lib/python3.12/site-packages/oslo_config/cfg.py:3006}}
May 09 13:48:25.018160 np0000173162 devstack@n-api-meta.service[108658]: DEBUG nova.api.openstack.wsgi_app [None req-eed13bfb-2416-4e02-b81b-f8798a21ac91 None None] oslo_messaging_rabbit.rabbit_quorum_delivery_limit = 0 {{(pid=108658) log_opt_values /opt/stack/data/venv/lib/python3.12/site-packages/oslo_config/cfg.py:3006}}
May 09 13:48:25.018309 np0000173162 devstack@n-api-meta.service[108658]: DEBUG nova.api.openstack.wsgi_app [None req-eed13bfb-2416-4e02-b81b-f8798a21ac91 None None] oslo_messaging_rabbit.rabbit_quorum_max_memory_bytes = 0 {{(pid=108658) log_opt_values /opt/stack/data/venv/lib/python3.12/site-packages/oslo_config/cfg.py:3006}}
May 09 13:48:25.018470 np0000173162 devstack@n-api-meta.service[108658]: DEBUG nova.api.openstack.wsgi_app [None req-eed13bfb-2416-4e02-b81b-f8798a21ac91 None None] oslo_messaging_rabbit.rabbit_quorum_max_memory_length = 0 {{(pid=108658) log_opt_values /opt/stack/data/venv/lib/python3.12/site-packages/oslo_config/cfg.py:3006}}
May 09 13:48:25.018603 np0000173162 devstack@n-api-meta.service[108658]: DEBUG nova.api.openstack.wsgi_app [None req-eed13bfb-2416-4e02-b81b-f8798a21ac91 None None] oslo_messaging_rabbit.rabbit_quorum_queue = False {{(pid=108658) log_opt_values /opt/stack/data/venv/lib/python3.12/site-packages/oslo_config/cfg.py:3006}}
May 09 13:48:25.018736 np0000173162 devstack@n-api-meta.service[108658]: DEBUG nova.api.openstack.wsgi_app [None req-eed13bfb-2416-4e02-b81b-f8798a21ac91 None None] oslo_messaging_rabbit.rabbit_retry_backoff = 2 {{(pid=108658) log_opt_values /opt/stack/data/venv/lib/python3.12/site-packages/oslo_config/cfg.py:3006}}
May 09 13:48:25.018864 np0000173162 devstack@n-api-meta.service[108658]: DEBUG nova.api.openstack.wsgi_app [None req-eed13bfb-2416-4e02-b81b-f8798a21ac91 None None] oslo_messaging_rabbit.rabbit_retry_interval = 1 {{(pid=108658) log_opt_values /opt/stack/data/venv/lib/python3.12/site-packages/oslo_config/cfg.py:3006}}
May 09 13:48:25.018991 np0000173162 devstack@n-api-meta.service[108658]: DEBUG nova.api.openstack.wsgi_app [None req-eed13bfb-2416-4e02-b81b-f8798a21ac91 None None] oslo_messaging_rabbit.rabbit_stream_fanout = False {{(pid=108658) log_opt_values /opt/stack/data/venv/lib/python3.12/site-packages/oslo_config/cfg.py:3006}}
May 09 13:48:25.019118 np0000173162 devstack@n-api-meta.service[108658]: DEBUG nova.api.openstack.wsgi_app [None req-eed13bfb-2416-4e02-b81b-f8798a21ac91 None None] oslo_messaging_rabbit.rabbit_transient_queues_ttl = 1800 {{(pid=108658) log_opt_values /opt/stack/data/venv/lib/python3.12/site-packages/oslo_config/cfg.py:3006}}
May 09 13:48:25.019265 np0000173162 devstack@n-api-meta.service[108658]: DEBUG nova.api.openstack.wsgi_app [None req-eed13bfb-2416-4e02-b81b-f8798a21ac91 None None] oslo_messaging_rabbit.rabbit_transient_quorum_queue = False {{(pid=108658) log_opt_values /opt/stack/data/venv/lib/python3.12/site-packages/oslo_config/cfg.py:3006}}
May 09 13:48:25.019395 np0000173162 devstack@n-api-meta.service[108658]: DEBUG nova.api.openstack.wsgi_app [None req-eed13bfb-2416-4e02-b81b-f8798a21ac91 None None] oslo_messaging_rabbit.rpc_conn_pool_size = 30 {{(pid=108658) log_opt_values /opt/stack/data/venv/lib/python3.12/site-packages/oslo_config/cfg.py:3006}}
May 09 13:48:25.019554 np0000173162 devstack@n-api-meta.service[108658]: DEBUG nova.api.openstack.wsgi_app [None req-eed13bfb-2416-4e02-b81b-f8798a21ac91 None None] oslo_messaging_rabbit.ssl = False {{(pid=108658) log_opt_values /opt/stack/data/venv/lib/python3.12/site-packages/oslo_config/cfg.py:3006}}
May 09 13:48:25.019695 np0000173162 devstack@n-api-meta.service[108658]: DEBUG nova.api.openstack.wsgi_app [None req-eed13bfb-2416-4e02-b81b-f8798a21ac91 None None] oslo_messaging_rabbit.ssl_ca_file = {{(pid=108658) log_opt_values /opt/stack/data/venv/lib/python3.12/site-packages/oslo_config/cfg.py:3006}}
May 09 13:48:25.019829 np0000173162 devstack@n-api-meta.service[108658]: DEBUG nova.api.openstack.wsgi_app [None req-eed13bfb-2416-4e02-b81b-f8798a21ac91 None None] oslo_messaging_rabbit.ssl_cert_file = {{(pid=108658) log_opt_values /opt/stack/data/venv/lib/python3.12/site-packages/oslo_config/cfg.py:3006}}
May 09 13:48:25.019959 np0000173162 devstack@n-api-meta.service[108658]: DEBUG nova.api.openstack.wsgi_app [None req-eed13bfb-2416-4e02-b81b-f8798a21ac91 None None] oslo_messaging_rabbit.ssl_enforce_fips_mode = False {{(pid=108658) log_opt_values /opt/stack/data/venv/lib/python3.12/site-packages/oslo_config/cfg.py:3006}}
May 09 13:48:25.020095 np0000173162 devstack@n-api-meta.service[108658]: DEBUG nova.api.openstack.wsgi_app [None req-eed13bfb-2416-4e02-b81b-f8798a21ac91 None None] oslo_messaging_rabbit.ssl_key_file = {{(pid=108658) log_opt_values /opt/stack/data/venv/lib/python3.12/site-packages/oslo_config/cfg.py:3006}}
May 09 13:48:25.020250 np0000173162 devstack@n-api-meta.service[108658]: DEBUG nova.api.openstack.wsgi_app [None req-eed13bfb-2416-4e02-b81b-f8798a21ac91 None None] oslo_messaging_rabbit.ssl_version = {{(pid=108658) log_opt_values /opt/stack/data/venv/lib/python3.12/site-packages/oslo_config/cfg.py:3006}}
May 09 13:48:25.020418 np0000173162 devstack@n-api-meta.service[108658]: DEBUG nova.api.openstack.wsgi_app [None req-eed13bfb-2416-4e02-b81b-f8798a21ac91 None None] oslo_messaging_rabbit.use_queue_manager = False {{(pid=108658) log_opt_values /opt/stack/data/venv/lib/python3.12/site-packages/oslo_config/cfg.py:3006}}
May 09 13:48:25.020570 np0000173162 devstack@n-api-meta.service[108658]: DEBUG nova.api.openstack.wsgi_app [None req-eed13bfb-2416-4e02-b81b-f8798a21ac91 None None] oslo_messaging_notifications.driver = ['messagingv2'] {{(pid=108658) log_opt_values /opt/stack/data/venv/lib/python3.12/site-packages/oslo_config/cfg.py:3006}}
May 09 13:48:25.020722 np0000173162 devstack@n-api-meta.service[108658]: DEBUG nova.api.openstack.wsgi_app [None req-eed13bfb-2416-4e02-b81b-f8798a21ac91 None None] oslo_messaging_notifications.retry = -1 {{(pid=108658) log_opt_values /opt/stack/data/venv/lib/python3.12/site-packages/oslo_config/cfg.py:3006}}
May 09 13:48:25.020864 np0000173162 devstack@n-api-meta.service[108658]: DEBUG nova.api.openstack.wsgi_app [None req-eed13bfb-2416-4e02-b81b-f8798a21ac91 None None] oslo_messaging_notifications.topics = ['notifications'] {{(pid=108658) log_opt_values /opt/stack/data/venv/lib/python3.12/site-packages/oslo_config/cfg.py:3006}}
May 09 13:48:25.021001 np0000173162 devstack@n-api-meta.service[108658]: DEBUG nova.api.openstack.wsgi_app [None req-eed13bfb-2416-4e02-b81b-f8798a21ac91 None None] oslo_messaging_notifications.transport_url = **** {{(pid=108658) log_opt_values /opt/stack/data/venv/lib/python3.12/site-packages/oslo_config/cfg.py:3006}}
May 09 13:48:25.021136 np0000173162 devstack@n-api-meta.service[108658]: DEBUG nova.api.openstack.wsgi_app [None req-eed13bfb-2416-4e02-b81b-f8798a21ac91 None None] oslo_reports.file_event_handler = None {{(pid=108658) log_opt_values /opt/stack/data/venv/lib/python3.12/site-packages/oslo_config/cfg.py:3006}}
May 09 13:48:25.021310 np0000173162 devstack@n-api-meta.service[108658]: DEBUG nova.api.openstack.wsgi_app [None req-eed13bfb-2416-4e02-b81b-f8798a21ac91 None None] oslo_reports.file_event_handler_interval = 1 {{(pid=108658) log_opt_values /opt/stack/data/venv/lib/python3.12/site-packages/oslo_config/cfg.py:3006}}
May 09 13:48:25.021441 np0000173162 devstack@n-api-meta.service[108658]: DEBUG nova.api.openstack.wsgi_app [None req-eed13bfb-2416-4e02-b81b-f8798a21ac91 None None] oslo_reports.log_dir = None {{(pid=108658) log_opt_values /opt/stack/data/venv/lib/python3.12/site-packages/oslo_config/cfg.py:3006}}
May 09 13:48:25.021547 np0000173162 devstack@n-api-meta.service[108658]: DEBUG nova.api.openstack.wsgi_app [None req-eed13bfb-2416-4e02-b81b-f8798a21ac91 None None] ******************************************************************************** {{(pid=108658) log_opt_values /opt/stack/data/venv/lib/python3.12/site-packages/oslo_config/cfg.py:3013}}
May 09 13:48:25.021649 np0000173162 devstack@n-api-meta.service[108658]: WSGI app 0 (mountpoint='') ready in 3 seconds on interpreter 0x72367d8a3668 pid: 108658 (default app)
May 09 13:48:34.638185 np0000173162 devstack@n-api-meta.service[108657]: DEBUG dbcounter [-] [108657] Writing DB stats nova_api:SELECT=1 {{(pid=108657) stat_writer /opt/stack/data/venv/lib/python3.12/site-packages/dbcounter.py:115}}
May 09 13:48:34.650568 np0000173162 devstack@n-api-meta.service[108656]: DEBUG dbcounter [-] [108656] Writing DB stats nova_api:SELECT=1 {{(pid=108656) stat_writer /opt/stack/data/venv/lib/python3.12/site-packages/dbcounter.py:115}}
May 09 13:48:34.659568 np0000173162 devstack@n-api-meta.service[108658]: DEBUG dbcounter [-] [108658] Writing DB stats nova_api:SELECT=1 {{(pid=108658) stat_writer /opt/stack/data/venv/lib/python3.12/site-packages/dbcounter.py:115}}
May 09 13:48:34.704617 np0000173162 devstack@n-api-meta.service[108655]: DEBUG dbcounter [-] [108655] Writing DB stats nova_api:SELECT=1 {{(pid=108655) stat_writer /opt/stack/data/venv/lib/python3.12/site-packages/dbcounter.py:115}}
May 09 13:48:34.757700 np0000173162 devstack@n-api-meta.service[108657]: DEBUG dbcounter [-] [108657] Writing DB stats nova_cell0:SELECT=1 {{(pid=108657) stat_writer /opt/stack/data/venv/lib/python3.12/site-packages/dbcounter.py:115}}
May 09 13:48:34.758726 np0000173162 devstack@n-api-meta.service[108657]: DEBUG dbcounter [-] [108657] Writing DB stats nova_cell1:SELECT=1 {{(pid=108657) stat_writer /opt/stack/data/venv/lib/python3.12/site-packages/dbcounter.py:115}}
May 09 13:48:34.759637 np0000173162 devstack@n-api-meta.service[108656]: DEBUG dbcounter [-] [108656] Writing DB stats nova_cell1:SELECT=1 {{(pid=108656) stat_writer /opt/stack/data/venv/lib/python3.12/site-packages/dbcounter.py:115}}
May 09 13:48:34.766490 np0000173162 devstack@n-api-meta.service[108656]: DEBUG dbcounter [-] [108656] Writing DB stats nova_cell0:SELECT=1 {{(pid=108656) stat_writer /opt/stack/data/venv/lib/python3.12/site-packages/dbcounter.py:115}}
May 09 13:48:34.784522 np0000173162 devstack@n-api-meta.service[108657]: DEBUG dbcounter [-] [108657] Writing DB stats nova_cell0:SELECT=2,nova_cell0:INSERT=1 {{(pid=108657) stat_writer /opt/stack/data/venv/lib/python3.12/site-packages/dbcounter.py:115}}
May 09 13:48:34.792249 np0000173162 devstack@n-api-meta.service[108656]: DEBUG dbcounter [-] [108656] Writing DB stats nova_cell0:SELECT=1 {{(pid=108656) stat_writer /opt/stack/data/venv/lib/python3.12/site-packages/dbcounter.py:115}}
May 09 13:48:34.793029 np0000173162 devstack@n-api-meta.service[108658]: DEBUG dbcounter [-] [108658] Writing DB stats nova_cell1:SELECT=1 {{(pid=108658) stat_writer /opt/stack/data/venv/lib/python3.12/site-packages/dbcounter.py:115}}
May 09 13:48:34.794143 np0000173162 devstack@n-api-meta.service[108658]: DEBUG dbcounter [-] [108658] Writing DB stats nova_cell0:SELECT=1 {{(pid=108658) stat_writer /opt/stack/data/venv/lib/python3.12/site-packages/dbcounter.py:115}}
May 09 13:48:34.820400 np0000173162 devstack@n-api-meta.service[108658]: DEBUG dbcounter [-] [108658] Writing DB stats nova_cell0:SELECT=1 {{(pid=108658) stat_writer /opt/stack/data/venv/lib/python3.12/site-packages/dbcounter.py:115}}
May 09 13:48:34.823014 np0000173162 devstack@n-api-meta.service[108655]: DEBUG dbcounter [-] [108655] Writing DB stats nova_cell0:SELECT=1 {{(pid=108655) stat_writer /opt/stack/data/venv/lib/python3.12/site-packages/dbcounter.py:115}}
May 09 13:48:34.831031 np0000173162 devstack@n-api-meta.service[108655]: DEBUG dbcounter [-] [108655] Writing DB stats nova_cell1:SELECT=1 {{(pid=108655) stat_writer /opt/stack/data/venv/lib/python3.12/site-packages/dbcounter.py:115}}
May 09 13:48:34.855617 np0000173162 devstack@n-api-meta.service[108655]: DEBUG dbcounter [-] [108655] Writing DB stats nova_cell0:SELECT=1 {{(pid=108655) stat_writer /opt/stack/data/venv/lib/python3.12/site-packages/dbcounter.py:115}}
May 09 13:55:09.147239 np0000173162 devstack@n-api-meta.service[108657]: DEBUG nova.api.metadata.handler [None req-3f8f7734-4646-4b30-bcbd-8c5e81527523 None None] Metadata request headers: {'Host': '199.204.45.162:8775', 'User-Agent': 'python-requests/2.33.1', 'Accept-Encoding': 'gzip, deflate', 'Accept': '*/*', 'Connection': 'keep-alive', 'X-Forwarded-For': '192.168.24.80', 'X-Instance-Id': 'cff9f0db-1461-4a50-a808-6ac7099a8643', 'X-Tenant-Id': '160e019d05964674a29591322b23283b', 'X-Instance-Id-Signature': 'f30fbf525e918a5c08324a4a4d0a7d4a5a6dcf10d10e939b4bda83398ff5a09a'} {{(pid=108657) __call__ /opt/stack/nova/nova/api/metadata/handler.py:109}}
May 09 13:55:09.158616 np0000173162 devstack@n-api-meta.service[108657]: DEBUG oslo_concurrency.lockutils [None req-4ed83bfe-a203-494a-b1f7-5c9f36d7a5bd None None] Acquiring lock "380ee7da-988c-4ab9-aa14-7d9a0570cbae" by "nova.context.set_target_cell..get_or_set_cached_cell_and_set_connections" {{(pid=108657) inner /opt/stack/data/venv/lib/python3.12/site-packages/oslo_concurrency/lockutils.py:506}}
May 09 13:55:09.159005 np0000173162 devstack@n-api-meta.service[108657]: DEBUG oslo_concurrency.lockutils [None req-4ed83bfe-a203-494a-b1f7-5c9f36d7a5bd None None] Lock "380ee7da-988c-4ab9-aa14-7d9a0570cbae" acquired by "nova.context.set_target_cell..get_or_set_cached_cell_and_set_connections" :: waited 0.000s {{(pid=108657) inner /opt/stack/data/venv/lib/python3.12/site-packages/oslo_concurrency/lockutils.py:519}}
May 09 13:55:09.159258 np0000173162 devstack@n-api-meta.service[108657]: DEBUG oslo_concurrency.lockutils [None req-4ed83bfe-a203-494a-b1f7-5c9f36d7a5bd None None] Lock "380ee7da-988c-4ab9-aa14-7d9a0570cbae" "released" by "nova.context.set_target_cell..get_or_set_cached_cell_and_set_connections" :: held 0.000s {{(pid=108657) inner /opt/stack/data/venv/lib/python3.12/site-packages/oslo_concurrency/lockutils.py:538}}
May 09 13:55:09.224286 np0000173162 devstack@n-api-meta.service[108657]: WARNING neutronclient.v2_0.client [None req-4ed83bfe-a203-494a-b1f7-5c9f36d7a5bd None None] The python binding code in neutronclient is deprecated in favor of OpenstackSDK, please use that as this will be removed in a future release.
May 09 13:55:09.649666 np0000173162 devstack@n-api-meta.service[108657]: [pid: 108657|app: 0|req: 1/1] 199.204.45.162 () {40 vars in 642 bytes} [Sat May 9 13:55:09 2026] GET /openstack => generated 116 bytes in 505 msecs (HTTP/1.1 200) 3 headers in 100 bytes (1 switches on core 0)
May 09 13:55:09.663047 np0000173162 devstack@n-api-meta.service[108656]: DEBUG nova.api.metadata.handler [None req-2ab49e9d-4ad0-4280-a25a-444e3f2242db None None] Metadata request headers: {'Host': '199.204.45.162:8775', 'User-Agent': 'python-requests/2.33.1', 'Accept-Encoding': 'gzip, deflate', 'Accept': '*/*', 'Connection': 'keep-alive', 'X-Forwarded-For': '192.168.24.80', 'X-Instance-Id': 'cff9f0db-1461-4a50-a808-6ac7099a8643', 'X-Tenant-Id': '160e019d05964674a29591322b23283b', 'X-Instance-Id-Signature': 'f30fbf525e918a5c08324a4a4d0a7d4a5a6dcf10d10e939b4bda83398ff5a09a'} {{(pid=108656) __call__ /opt/stack/nova/nova/api/metadata/handler.py:109}}
May 09 13:55:09.668823 np0000173162 devstack@n-api-meta.service[108656]: DEBUG nova.api.metadata.handler [None req-2ab49e9d-4ad0-4280-a25a-444e3f2242db None None] Using cached metadata for instance cff9f0db-1461-4a50-a808-6ac7099a8643 {{(pid=108656) get_metadata_by_instance_id /opt/stack/nova/nova/api/metadata/handler.py:84}}
May 09 13:55:09.669546 np0000173162 devstack@n-api-meta.service[108656]: [pid: 108656|app: 0|req: 1/2] 199.204.45.162 () {40 vars in 642 bytes} [Sat May 9 13:55:09 2026] GET /openstack => generated 116 bytes in 7 msecs (HTTP/1.1 200) 3 headers in 100 bytes (1 switches on core 0)
May 09 13:55:09.679083 np0000173162 devstack@n-api-meta.service[108655]: DEBUG nova.api.metadata.handler [None req-457584f4-2c6a-4912-9a2f-d16c7be15077 None None] Metadata request headers: {'Host': '199.204.45.162:8775', 'User-Agent': 'python-requests/2.33.1', 'Accept-Encoding': 'gzip, deflate', 'Accept': '*/*', 'Connection': 'keep-alive', 'X-Forwarded-For': '192.168.24.80', 'X-Instance-Id': 'cff9f0db-1461-4a50-a808-6ac7099a8643', 'X-Tenant-Id': '160e019d05964674a29591322b23283b', 'X-Instance-Id-Signature': 'f30fbf525e918a5c08324a4a4d0a7d4a5a6dcf10d10e939b4bda83398ff5a09a'} {{(pid=108655) __call__ /opt/stack/nova/nova/api/metadata/handler.py:109}}
May 09 13:55:09.684579 np0000173162 devstack@n-api-meta.service[108655]: DEBUG nova.api.metadata.handler [None req-457584f4-2c6a-4912-9a2f-d16c7be15077 None None] Using cached metadata for instance cff9f0db-1461-4a50-a808-6ac7099a8643 {{(pid=108655) get_metadata_by_instance_id /opt/stack/nova/nova/api/metadata/handler.py:84}}
May 09 13:55:09.685225 np0000173162 devstack@n-api-meta.service[108655]: [pid: 108655|app: 0|req: 1/3] 199.204.45.162 () {40 vars in 694 bytes} [Sat May 9 13:55:09 2026] GET /openstack/2018-08-27/meta_data.json => generated 946 bytes in 7 msecs (HTTP/1.1 200) 3 headers in 91 bytes (1 switches on core 0)
May 09 13:55:09.693248 np0000173162 devstack@n-api-meta.service[108658]: DEBUG nova.api.metadata.handler [None req-eed13bfb-2416-4e02-b81b-f8798a21ac91 None None] Metadata request headers: {'Host': '199.204.45.162:8775', 'User-Agent': 'python-requests/2.33.1', 'Accept-Encoding': 'gzip, deflate', 'Accept': '*/*', 'Connection': 'keep-alive', 'X-Forwarded-For': '192.168.24.80', 'X-Instance-Id': 'cff9f0db-1461-4a50-a808-6ac7099a8643', 'X-Tenant-Id': '160e019d05964674a29591322b23283b', 'X-Instance-Id-Signature': 'f30fbf525e918a5c08324a4a4d0a7d4a5a6dcf10d10e939b4bda83398ff5a09a'} {{(pid=108658) __call__ /opt/stack/nova/nova/api/metadata/handler.py:109}}
May 09 13:55:09.698727 np0000173162 devstack@n-api-meta.service[108658]: DEBUG nova.api.metadata.handler [None req-eed13bfb-2416-4e02-b81b-f8798a21ac91 None None] Using cached metadata for instance cff9f0db-1461-4a50-a808-6ac7099a8643 {{(pid=108658) get_metadata_by_instance_id /opt/stack/nova/nova/api/metadata/handler.py:84}}
May 09 13:55:09.699429 np0000173162 devstack@n-api-meta.service[108658]: [pid: 108658|app: 0|req: 1/4] 199.204.45.162 () {40 vars in 684 bytes} [Sat May 9 13:55:09 2026] GET /openstack/2018-08-27/user_data => generated 26433 bytes in 7 msecs (HTTP/1.1 200) 3 headers in 102 bytes (1 switches on core 0)
May 09 13:55:09.707976 np0000173162 devstack@n-api-meta.service[108657]: DEBUG nova.api.metadata.handler [None req-4ed83bfe-a203-494a-b1f7-5c9f36d7a5bd None None] Metadata request headers: {'Host': '199.204.45.162:8775', 'User-Agent': 'python-requests/2.33.1', 'Accept-Encoding': 'gzip, deflate', 'Accept': '*/*', 'Connection': 'keep-alive', 'X-Forwarded-For': '192.168.24.80', 'X-Instance-Id': 'cff9f0db-1461-4a50-a808-6ac7099a8643', 'X-Tenant-Id': '160e019d05964674a29591322b23283b', 'X-Instance-Id-Signature': 'f30fbf525e918a5c08324a4a4d0a7d4a5a6dcf10d10e939b4bda83398ff5a09a'} {{(pid=108657) __call__ /opt/stack/nova/nova/api/metadata/handler.py:109}}
May 09 13:55:09.710990 np0000173162 devstack@n-api-meta.service[108657]: DEBUG nova.api.metadata.handler [None req-4ed83bfe-a203-494a-b1f7-5c9f36d7a5bd None None] Using cached metadata for instance cff9f0db-1461-4a50-a808-6ac7099a8643 {{(pid=108657) get_metadata_by_instance_id /opt/stack/nova/nova/api/metadata/handler.py:84}}
May 09 13:55:09.711784 np0000173162 devstack@n-api-meta.service[108657]: [pid: 108657|app: 0|req: 2/5] 199.204.45.162 () {40 vars in 698 bytes} [Sat May 9 13:55:09 2026] GET /openstack/2018-08-27/vendor_data.json => generated 2 bytes in 5 msecs (HTTP/1.1 200) 3 headers in 89 bytes (1 switches on core 0)
May 09 13:55:09.720181 np0000173162 devstack@n-api-meta.service[108656]: DEBUG nova.api.metadata.handler [None req-2ab49e9d-4ad0-4280-a25a-444e3f2242db None None] Metadata request headers: {'Host': '199.204.45.162:8775', 'User-Agent': 'python-requests/2.33.1', 'Accept-Encoding': 'gzip, deflate', 'Accept': '*/*', 'Connection': 'keep-alive', 'X-Forwarded-For': '192.168.24.80', 'X-Instance-Id': 'cff9f0db-1461-4a50-a808-6ac7099a8643', 'X-Tenant-Id': '160e019d05964674a29591322b23283b', 'X-Instance-Id-Signature': 'f30fbf525e918a5c08324a4a4d0a7d4a5a6dcf10d10e939b4bda83398ff5a09a'} {{(pid=108656) __call__ /opt/stack/nova/nova/api/metadata/handler.py:109}}
May 09 13:55:09.722227 np0000173162 devstack@n-api-meta.service[108656]: DEBUG nova.api.metadata.handler [None req-2ab49e9d-4ad0-4280-a25a-444e3f2242db None None] Using cached metadata for instance cff9f0db-1461-4a50-a808-6ac7099a8643 {{(pid=108656) get_metadata_by_instance_id /opt/stack/nova/nova/api/metadata/handler.py:84}}
May 09 13:55:09.722774 np0000173162 devstack@n-api-meta.service[108656]: [pid: 108656|app: 0|req: 2/6] 199.204.45.162 () {40 vars in 700 bytes} [Sat May 9 13:55:09 2026] GET /openstack/2018-08-27/vendor_data2.json => generated 14 bytes in 3 msecs (HTTP/1.1 200) 3 headers in 90 bytes (1 switches on core 0)
May 09 13:55:09.729398 np0000173162 devstack@n-api-meta.service[108655]: DEBUG nova.api.metadata.handler [None req-457584f4-2c6a-4912-9a2f-d16c7be15077 None None] Metadata request headers: {'Host': '199.204.45.162:8775', 'User-Agent': 'python-requests/2.33.1', 'Accept-Encoding': 'gzip, deflate', 'Accept': '*/*', 'Connection': 'keep-alive', 'X-Forwarded-For': '192.168.24.80', 'X-Instance-Id': 'cff9f0db-1461-4a50-a808-6ac7099a8643', 'X-Tenant-Id': '160e019d05964674a29591322b23283b', 'X-Instance-Id-Signature': 'f30fbf525e918a5c08324a4a4d0a7d4a5a6dcf10d10e939b4bda83398ff5a09a'} {{(pid=108655) __call__ /opt/stack/nova/nova/api/metadata/handler.py:109}}
May 09 13:55:09.731049 np0000173162 devstack@n-api-meta.service[108655]: DEBUG nova.api.metadata.handler [None req-457584f4-2c6a-4912-9a2f-d16c7be15077 None None] Using cached metadata for instance cff9f0db-1461-4a50-a808-6ac7099a8643 {{(pid=108655) get_metadata_by_instance_id /opt/stack/nova/nova/api/metadata/handler.py:84}}
May 09 13:55:09.731550 np0000173162 devstack@n-api-meta.service[108655]: [pid: 108655|app: 0|req: 2/7] 199.204.45.162 () {40 vars in 700 bytes} [Sat May 9 13:55:09 2026] GET /openstack/2018-08-27/network_data.json => generated 348 bytes in 3 msecs (HTTP/1.1 200) 3 headers in 100 bytes (1 switches on core 0)
May 09 13:55:09.738043 np0000173162 devstack@n-api-meta.service[108658]: DEBUG nova.api.metadata.handler [None req-eed13bfb-2416-4e02-b81b-f8798a21ac91 None None] Metadata request headers: {'Host': '199.204.45.162:8775', 'User-Agent': 'python-requests/2.33.1', 'Accept-Encoding': 'gzip, deflate', 'Accept': '*/*', 'Connection': 'keep-alive', 'X-Forwarded-For': '192.168.24.80', 'X-Instance-Id': 'cff9f0db-1461-4a50-a808-6ac7099a8643', 'X-Tenant-Id': '160e019d05964674a29591322b23283b', 'X-Instance-Id-Signature': 'f30fbf525e918a5c08324a4a4d0a7d4a5a6dcf10d10e939b4bda83398ff5a09a'} {{(pid=108658) __call__ /opt/stack/nova/nova/api/metadata/handler.py:109}}
May 09 13:55:09.740958 np0000173162 devstack@n-api-meta.service[108658]: DEBUG nova.api.metadata.handler [None req-eed13bfb-2416-4e02-b81b-f8798a21ac91 None None] Using cached metadata for instance cff9f0db-1461-4a50-a808-6ac7099a8643 {{(pid=108658) get_metadata_by_instance_id /opt/stack/nova/nova/api/metadata/handler.py:84}}
May 09 13:55:09.741500 np0000173162 devstack@n-api-meta.service[108658]: [pid: 108658|app: 0|req: 2/8] 199.204.45.162 () {40 vars in 658 bytes} [Sat May 9 13:55:09 2026] GET /latest/meta-data/ => generated 210 bytes in 4 msecs (HTTP/1.1 200) 3 headers in 100 bytes (1 switches on core 0)
May 09 13:55:09.748939 np0000173162 devstack@n-api-meta.service[108657]: DEBUG nova.api.metadata.handler [None req-4ed83bfe-a203-494a-b1f7-5c9f36d7a5bd None None] Metadata request headers: {'Host': '199.204.45.162:8775', 'User-Agent': 'python-requests/2.33.1', 'Accept-Encoding': 'gzip, deflate', 'Accept': '*/*', 'Connection': 'keep-alive', 'X-Forwarded-For': '192.168.24.80', 'X-Instance-Id': 'cff9f0db-1461-4a50-a808-6ac7099a8643', 'X-Tenant-Id': '160e019d05964674a29591322b23283b', 'X-Instance-Id-Signature': 'f30fbf525e918a5c08324a4a4d0a7d4a5a6dcf10d10e939b4bda83398ff5a09a'} {{(pid=108657) __call__ /opt/stack/nova/nova/api/metadata/handler.py:109}}
May 09 13:55:09.751412 np0000173162 devstack@n-api-meta.service[108657]: DEBUG nova.api.metadata.handler [None req-4ed83bfe-a203-494a-b1f7-5c9f36d7a5bd None None] Using cached metadata for instance cff9f0db-1461-4a50-a808-6ac7099a8643 {{(pid=108657) get_metadata_by_instance_id /opt/stack/nova/nova/api/metadata/handler.py:84}}
May 09 13:55:09.752191 np0000173162 devstack@n-api-meta.service[108657]: [pid: 108657|app: 0|req: 3/9] 199.204.45.162 () {40 vars in 700 bytes} [Sat May 9 13:55:09 2026] GET /latest/meta-data/block-device-mapping/ => generated 8 bytes in 4 msecs (HTTP/1.1 200) 3 headers in 98 bytes (1 switches on core 0)
May 09 13:55:09.760667 np0000173162 devstack@n-api-meta.service[108656]: DEBUG nova.api.metadata.handler [None req-2ab49e9d-4ad0-4280-a25a-444e3f2242db None None] Metadata request headers: {'Host': '199.204.45.162:8775', 'User-Agent': 'python-requests/2.33.1', 'Accept-Encoding': 'gzip, deflate', 'Accept': '*/*', 'Connection': 'keep-alive', 'X-Forwarded-For': '192.168.24.80', 'X-Instance-Id': 'cff9f0db-1461-4a50-a808-6ac7099a8643', 'X-Tenant-Id': '160e019d05964674a29591322b23283b', 'X-Instance-Id-Signature': 'f30fbf525e918a5c08324a4a4d0a7d4a5a6dcf10d10e939b4bda83398ff5a09a'} {{(pid=108656) __call__ /opt/stack/nova/nova/api/metadata/handler.py:109}}
May 09 13:55:09.765295 np0000173162 devstack@n-api-meta.service[108656]: DEBUG nova.api.metadata.handler [None req-2ab49e9d-4ad0-4280-a25a-444e3f2242db None None] Using cached metadata for instance cff9f0db-1461-4a50-a808-6ac7099a8643 {{(pid=108656) get_metadata_by_instance_id /opt/stack/nova/nova/api/metadata/handler.py:84}}
May 09 13:55:09.765507 np0000173162 devstack@n-api-meta.service[108656]: [pid: 108656|app: 0|req: 3/10] 199.204.45.162 () {40 vars in 706 bytes} [Sat May 9 13:55:09 2026] GET /latest/meta-data/block-device-mapping/ami => generated 3 bytes in 5 msecs (HTTP/1.1 200) 3 headers in 98 bytes (1 switches on core 0)
May 09 13:55:09.772488 np0000173162 devstack@n-api-meta.service[108655]: DEBUG nova.api.metadata.handler [None req-457584f4-2c6a-4912-9a2f-d16c7be15077 None None] Metadata request headers: {'Host': '199.204.45.162:8775', 'User-Agent': 'python-requests/2.33.1', 'Accept-Encoding': 'gzip, deflate', 'Accept': '*/*', 'Connection': 'keep-alive', 'X-Forwarded-For': '192.168.24.80', 'X-Instance-Id': 'cff9f0db-1461-4a50-a808-6ac7099a8643', 'X-Tenant-Id': '160e019d05964674a29591322b23283b', 'X-Instance-Id-Signature': 'f30fbf525e918a5c08324a4a4d0a7d4a5a6dcf10d10e939b4bda83398ff5a09a'} {{(pid=108655) __call__ /opt/stack/nova/nova/api/metadata/handler.py:109}}
May 09 13:55:09.774510 np0000173162 devstack@n-api-meta.service[108655]: DEBUG nova.api.metadata.handler [None req-457584f4-2c6a-4912-9a2f-d16c7be15077 None None] Using cached metadata for instance cff9f0db-1461-4a50-a808-6ac7099a8643 {{(pid=108655) get_metadata_by_instance_id /opt/stack/nova/nova/api/metadata/handler.py:84}}
May 09 13:55:09.774897 np0000173162 devstack@n-api-meta.service[108655]: [pid: 108655|app: 0|req: 3/11] 199.204.45.162 () {40 vars in 708 bytes} [Sat May 9 13:55:09 2026] GET /latest/meta-data/block-device-mapping/root => generated 8 bytes in 3 msecs (HTTP/1.1 200) 3 headers in 98 bytes (1 switches on core 0)
May 09 13:55:09.781125 np0000173162 devstack@n-api-meta.service[108658]: DEBUG nova.api.metadata.handler [None req-eed13bfb-2416-4e02-b81b-f8798a21ac91 None None] Metadata request headers: {'Host': '199.204.45.162:8775', 'User-Agent': 'python-requests/2.33.1', 'Accept-Encoding': 'gzip, deflate', 'Accept': '*/*', 'Connection': 'keep-alive', 'X-Forwarded-For': '192.168.24.80', 'X-Instance-Id': 'cff9f0db-1461-4a50-a808-6ac7099a8643', 'X-Tenant-Id': '160e019d05964674a29591322b23283b', 'X-Instance-Id-Signature': 'f30fbf525e918a5c08324a4a4d0a7d4a5a6dcf10d10e939b4bda83398ff5a09a'} {{(pid=108658) __call__ /opt/stack/nova/nova/api/metadata/handler.py:109}}
May 09 13:55:09.783880 np0000173162 devstack@n-api-meta.service[108658]: DEBUG nova.api.metadata.handler [None req-eed13bfb-2416-4e02-b81b-f8798a21ac91 None None] Using cached metadata for instance cff9f0db-1461-4a50-a808-6ac7099a8643 {{(pid=108658) get_metadata_by_instance_id /opt/stack/nova/nova/api/metadata/handler.py:84}}
May 09 13:55:09.784640 np0000173162 devstack@n-api-meta.service[108658]: [pid: 108658|app: 0|req: 3/12] 199.204.45.162 () {40 vars in 678 bytes} [Sat May 9 13:55:09 2026] GET /latest/meta-data/placement/ => generated 17 bytes in 4 msecs (HTTP/1.1 200) 3 headers in 99 bytes (1 switches on core 0)
May 09 13:55:09.791281 np0000173162 devstack@n-api-meta.service[108657]: DEBUG nova.api.metadata.handler [None req-4ed83bfe-a203-494a-b1f7-5c9f36d7a5bd None None] Metadata request headers: {'Host': '199.204.45.162:8775', 'User-Agent': 'python-requests/2.33.1', 'Accept-Encoding': 'gzip, deflate', 'Accept': '*/*', 'Connection': 'keep-alive', 'X-Forwarded-For': '192.168.24.80', 'X-Instance-Id': 'cff9f0db-1461-4a50-a808-6ac7099a8643', 'X-Tenant-Id': '160e019d05964674a29591322b23283b', 'X-Instance-Id-Signature': 'f30fbf525e918a5c08324a4a4d0a7d4a5a6dcf10d10e939b4bda83398ff5a09a'} {{(pid=108657) __call__ /opt/stack/nova/nova/api/metadata/handler.py:109}}
May 09 13:55:09.793756 np0000173162 devstack@n-api-meta.service[108657]: DEBUG nova.api.metadata.handler [None req-4ed83bfe-a203-494a-b1f7-5c9f36d7a5bd None None] Using cached metadata for instance cff9f0db-1461-4a50-a808-6ac7099a8643 {{(pid=108657) get_metadata_by_instance_id /opt/stack/nova/nova/api/metadata/handler.py:84}}
May 09 13:55:09.794351 np0000173162 devstack@n-api-meta.service[108657]: [pid: 108657|app: 0|req: 4/13] 199.204.45.162 () {40 vars in 712 bytes} [Sat May 9 13:55:09 2026] GET /latest/meta-data/placement/availability-zone => generated 4 bytes in 3 msecs (HTTP/1.1 200) 3 headers in 98 bytes (1 switches on core 0)
May 09 13:55:09.801424 np0000173162 devstack@n-api-meta.service[108656]: DEBUG nova.api.metadata.handler [None req-2ab49e9d-4ad0-4280-a25a-444e3f2242db None None] Metadata request headers: {'Host': '199.204.45.162:8775', 'User-Agent': 'python-requests/2.33.1', 'Accept-Encoding': 'gzip, deflate', 'Accept': '*/*', 'Connection': 'keep-alive', 'X-Forwarded-For': '192.168.24.80', 'X-Instance-Id': 'cff9f0db-1461-4a50-a808-6ac7099a8643', 'X-Tenant-Id': '160e019d05964674a29591322b23283b', 'X-Instance-Id-Signature': 'f30fbf525e918a5c08324a4a4d0a7d4a5a6dcf10d10e939b4bda83398ff5a09a'} {{(pid=108656) __call__ /opt/stack/nova/nova/api/metadata/handler.py:109}}
May 09 13:55:09.805173 np0000173162 devstack@n-api-meta.service[108656]: DEBUG nova.api.metadata.handler [None req-2ab49e9d-4ad0-4280-a25a-444e3f2242db None None] Using cached metadata for instance cff9f0db-1461-4a50-a808-6ac7099a8643 {{(pid=108656) get_metadata_by_instance_id /opt/stack/nova/nova/api/metadata/handler.py:84}}
May 09 13:55:09.805337 np0000173162 devstack@n-api-meta.service[108656]: [pid: 108656|app: 0|req: 4/14] 199.204.45.162 () {40 vars in 668 bytes} [Sat May 9 13:55:09 2026] GET /latest/meta-data/ami-id => generated 12 bytes in 4 msecs (HTTP/1.1 200) 3 headers in 99 bytes (1 switches on core 0)
May 09 13:55:09.813460 np0000173162 devstack@n-api-meta.service[108655]: DEBUG nova.api.metadata.handler [None req-457584f4-2c6a-4912-9a2f-d16c7be15077 None None] Metadata request headers: {'Host': '199.204.45.162:8775', 'User-Agent': 'python-requests/2.33.1', 'Accept-Encoding': 'gzip, deflate', 'Accept': '*/*', 'Connection': 'keep-alive', 'X-Forwarded-For': '192.168.24.80', 'X-Instance-Id': 'cff9f0db-1461-4a50-a808-6ac7099a8643', 'X-Tenant-Id': '160e019d05964674a29591322b23283b', 'X-Instance-Id-Signature': 'f30fbf525e918a5c08324a4a4d0a7d4a5a6dcf10d10e939b4bda83398ff5a09a'} {{(pid=108655) __call__ /opt/stack/nova/nova/api/metadata/handler.py:109}}
May 09 13:55:09.815992 np0000173162 devstack@n-api-meta.service[108655]: DEBUG nova.api.metadata.handler [None req-457584f4-2c6a-4912-9a2f-d16c7be15077 None None] Using cached metadata for instance cff9f0db-1461-4a50-a808-6ac7099a8643 {{(pid=108655) get_metadata_by_instance_id /opt/stack/nova/nova/api/metadata/handler.py:84}}
May 09 13:55:09.816599 np0000173162 devstack@n-api-meta.service[108655]: [pid: 108655|app: 0|req: 4/15] 199.204.45.162 () {40 vars in 689 bytes} [Sat May 9 13:55:09 2026] GET /latest/meta-data/ami-launch-index => generated 1 bytes in 3 msecs (HTTP/1.1 200) 3 headers in 98 bytes (1 switches on core 0)
May 09 13:55:09.823586 np0000173162 devstack@n-api-meta.service[108658]: DEBUG nova.api.metadata.handler [None req-eed13bfb-2416-4e02-b81b-f8798a21ac91 None None] Metadata request headers: {'Host': '199.204.45.162:8775', 'User-Agent': 'python-requests/2.33.1', 'Accept-Encoding': 'gzip, deflate', 'Accept': '*/*', 'Connection': 'keep-alive', 'X-Forwarded-For': '192.168.24.80', 'X-Instance-Id': 'cff9f0db-1461-4a50-a808-6ac7099a8643', 'X-Tenant-Id': '160e019d05964674a29591322b23283b', 'X-Instance-Id-Signature': 'f30fbf525e918a5c08324a4a4d0a7d4a5a6dcf10d10e939b4bda83398ff5a09a'} {{(pid=108658) __call__ /opt/stack/nova/nova/api/metadata/handler.py:109}}
May 09 13:55:09.826309 np0000173162 devstack@n-api-meta.service[108658]: DEBUG nova.api.metadata.handler [None req-eed13bfb-2416-4e02-b81b-f8798a21ac91 None None] Using cached metadata for instance cff9f0db-1461-4a50-a808-6ac7099a8643 {{(pid=108658) get_metadata_by_instance_id /opt/stack/nova/nova/api/metadata/handler.py:84}}
May 09 13:55:09.826951 np0000173162 devstack@n-api-meta.service[108658]: [pid: 108658|app: 0|req: 4/16] 199.204.45.162 () {40 vars in 691 bytes} [Sat May 9 13:55:09 2026] GET /latest/meta-data/ami-manifest-path => generated 5 bytes in 4 msecs (HTTP/1.1 200) 3 headers in 98 bytes (1 switches on core 0)
May 09 13:55:09.833664 np0000173162 devstack@n-api-meta.service[108657]: DEBUG nova.api.metadata.handler [None req-4ed83bfe-a203-494a-b1f7-5c9f36d7a5bd None None] Metadata request headers: {'Host': '199.204.45.162:8775', 'User-Agent': 'python-requests/2.33.1', 'Accept-Encoding': 'gzip, deflate', 'Accept': '*/*', 'Connection': 'keep-alive', 'X-Forwarded-For': '192.168.24.80', 'X-Instance-Id': 'cff9f0db-1461-4a50-a808-6ac7099a8643', 'X-Tenant-Id': '160e019d05964674a29591322b23283b', 'X-Instance-Id-Signature': 'f30fbf525e918a5c08324a4a4d0a7d4a5a6dcf10d10e939b4bda83398ff5a09a'} {{(pid=108657) __call__ /opt/stack/nova/nova/api/metadata/handler.py:109}}
May 09 13:55:09.836226 np0000173162 devstack@n-api-meta.service[108657]: DEBUG nova.api.metadata.handler [None req-4ed83bfe-a203-494a-b1f7-5c9f36d7a5bd None None] Using cached metadata for instance cff9f0db-1461-4a50-a808-6ac7099a8643 {{(pid=108657) get_metadata_by_instance_id /opt/stack/nova/nova/api/metadata/handler.py:84}}
May 09 13:55:09.836795 np0000173162 devstack@n-api-meta.service[108657]: [pid: 108657|app: 0|req: 5/17] 199.204.45.162 () {40 vars in 673 bytes} [Sat May 9 13:55:09 2026] GET /latest/meta-data/hostname => generated 32 bytes in 3 msecs (HTTP/1.1 200) 3 headers in 99 bytes (1 switches on core 0)
May 09 13:55:09.843763 np0000173162 devstack@n-api-meta.service[108656]: DEBUG nova.api.metadata.handler [None req-2ab49e9d-4ad0-4280-a25a-444e3f2242db None None] Metadata request headers: {'Host': '199.204.45.162:8775', 'User-Agent': 'python-requests/2.33.1', 'Accept-Encoding': 'gzip, deflate', 'Accept': '*/*', 'Connection': 'keep-alive', 'X-Forwarded-For': '192.168.24.80', 'X-Instance-Id': 'cff9f0db-1461-4a50-a808-6ac7099a8643', 'X-Tenant-Id': '160e019d05964674a29591322b23283b', 'X-Instance-Id-Signature': 'f30fbf525e918a5c08324a4a4d0a7d4a5a6dcf10d10e939b4bda83398ff5a09a'} {{(pid=108656) __call__ /opt/stack/nova/nova/api/metadata/handler.py:109}}
May 09 13:55:09.846388 np0000173162 devstack@n-api-meta.service[108656]: DEBUG nova.api.metadata.handler [None req-2ab49e9d-4ad0-4280-a25a-444e3f2242db None None] Using cached metadata for instance cff9f0db-1461-4a50-a808-6ac7099a8643 {{(pid=108656) get_metadata_by_instance_id /opt/stack/nova/nova/api/metadata/handler.py:84}}
May 09 13:55:09.846987 np0000173162 devstack@n-api-meta.service[108656]: [pid: 108656|app: 0|req: 5/18] 199.204.45.162 () {40 vars in 687 bytes} [Sat May 9 13:55:09 2026] GET /latest/meta-data/instance-action => generated 4 bytes in 4 msecs (HTTP/1.1 200) 3 headers in 98 bytes (1 switches on core 0)
May 09 13:55:09.853596 np0000173162 devstack@n-api-meta.service[108655]: DEBUG nova.api.metadata.handler [None req-457584f4-2c6a-4912-9a2f-d16c7be15077 None None] Metadata request headers: {'Host': '199.204.45.162:8775', 'User-Agent': 'python-requests/2.33.1', 'Accept-Encoding': 'gzip, deflate', 'Accept': '*/*', 'Connection': 'keep-alive', 'X-Forwarded-For': '192.168.24.80', 'X-Instance-Id': 'cff9f0db-1461-4a50-a808-6ac7099a8643', 'X-Tenant-Id': '160e019d05964674a29591322b23283b', 'X-Instance-Id-Signature': 'f30fbf525e918a5c08324a4a4d0a7d4a5a6dcf10d10e939b4bda83398ff5a09a'} {{(pid=108655) __call__ /opt/stack/nova/nova/api/metadata/handler.py:109}}
May 09 13:55:09.855192 np0000173162 devstack@n-api-meta.service[108655]: DEBUG nova.api.metadata.handler [None req-457584f4-2c6a-4912-9a2f-d16c7be15077 None None] Using cached metadata for instance cff9f0db-1461-4a50-a808-6ac7099a8643 {{(pid=108655) get_metadata_by_instance_id /opt/stack/nova/nova/api/metadata/handler.py:84}}
May 09 13:55:09.855564 np0000173162 devstack@n-api-meta.service[108655]: [pid: 108655|app: 0|req: 5/19] 199.204.45.162 () {40 vars in 680 bytes} [Sat May 9 13:55:09 2026] GET /latest/meta-data/instance-id => generated 10 bytes in 2 msecs (HTTP/1.1 200) 3 headers in 99 bytes (1 switches on core 0)
May 09 13:55:09.862629 np0000173162 devstack@n-api-meta.service[108658]: DEBUG nova.api.metadata.handler [None req-eed13bfb-2416-4e02-b81b-f8798a21ac91 None None] Metadata request headers: {'Host': '199.204.45.162:8775', 'User-Agent': 'python-requests/2.33.1', 'Accept-Encoding': 'gzip, deflate', 'Accept': '*/*', 'Connection': 'keep-alive', 'X-Forwarded-For': '192.168.24.80', 'X-Instance-Id': 'cff9f0db-1461-4a50-a808-6ac7099a8643', 'X-Tenant-Id': '160e019d05964674a29591322b23283b', 'X-Instance-Id-Signature': 'f30fbf525e918a5c08324a4a4d0a7d4a5a6dcf10d10e939b4bda83398ff5a09a'} {{(pid=108658) __call__ /opt/stack/nova/nova/api/metadata/handler.py:109}}
May 09 13:55:09.865061 np0000173162 devstack@n-api-meta.service[108658]: DEBUG nova.api.metadata.handler [None req-eed13bfb-2416-4e02-b81b-f8798a21ac91 None None] Using cached metadata for instance cff9f0db-1461-4a50-a808-6ac7099a8643 {{(pid=108658) get_metadata_by_instance_id /opt/stack/nova/nova/api/metadata/handler.py:84}}
May 09 13:55:09.865524 np0000173162 devstack@n-api-meta.service[108658]: [pid: 108658|app: 0|req: 5/20] 199.204.45.162 () {40 vars in 684 bytes} [Sat May 9 13:55:09 2026] GET /latest/meta-data/instance-type => generated 8 bytes in 4 msecs (HTTP/1.1 200) 3 headers in 98 bytes (1 switches on core 0)
May 09 13:55:09.874779 np0000173162 devstack@n-api-meta.service[108657]: DEBUG nova.api.metadata.handler [None req-4ed83bfe-a203-494a-b1f7-5c9f36d7a5bd None None] Metadata request headers: {'Host': '199.204.45.162:8775', 'User-Agent': 'python-requests/2.33.1', 'Accept-Encoding': 'gzip, deflate', 'Accept': '*/*', 'Connection': 'keep-alive', 'X-Forwarded-For': '192.168.24.80', 'X-Instance-Id': 'cff9f0db-1461-4a50-a808-6ac7099a8643', 'X-Tenant-Id': '160e019d05964674a29591322b23283b', 'X-Instance-Id-Signature': 'f30fbf525e918a5c08324a4a4d0a7d4a5a6dcf10d10e939b4bda83398ff5a09a'} {{(pid=108657) __call__ /opt/stack/nova/nova/api/metadata/handler.py:109}}
May 09 13:55:09.877278 np0000173162 devstack@n-api-meta.service[108657]: DEBUG nova.api.metadata.handler [None req-4ed83bfe-a203-494a-b1f7-5c9f36d7a5bd None None] Using cached metadata for instance cff9f0db-1461-4a50-a808-6ac7099a8643 {{(pid=108657) get_metadata_by_instance_id /opt/stack/nova/nova/api/metadata/handler.py:84}}
May 09 13:55:09.877674 np0000173162 devstack@n-api-meta.service[108657]: [pid: 108657|app: 0|req: 6/21] 199.204.45.162 () {40 vars in 686 bytes} [Sat May 9 13:55:09 2026] GET /latest/meta-data/local-hostname => generated 32 bytes in 3 msecs (HTTP/1.1 200) 3 headers in 99 bytes (1 switches on core 0)
