Apr 11 18:52:32.723784 np0000165232 devstack@neutron-api.service[104186]: DEBUG ovsdbapp.backend.ovs_idl [None req-4a196ff3-c24d-4b35-aac0-6105a20e6ff0 None None] Created schema index Copp.name {{(pid=104186) autocreate_indices /opt/stack/data/venv/lib/python3.12/site-packages/ovsdbapp/backend/ovs_idl/__init__.py:106}}
Apr 11 18:52:32.723957 np0000165232 devstack@neutron-api.service[104186]: DEBUG ovsdbapp.backend.ovs_idl [None req-4a196ff3-c24d-4b35-aac0-6105a20e6ff0 None None] Created schema index Meter.name {{(pid=104186) autocreate_indices /opt/stack/data/venv/lib/python3.12/site-packages/ovsdbapp/backend/ovs_idl/__init__.py:106}}
Apr 11 18:52:32.724017 np0000165232 devstack@neutron-api.service[104186]: DEBUG ovsdbapp.backend.ovs_idl [None req-4a196ff3-c24d-4b35-aac0-6105a20e6ff0 None None] Created schema index Load_Balancer_Group.name {{(pid=104186) autocreate_indices /opt/stack/data/venv/lib/python3.12/site-packages/ovsdbapp/backend/ovs_idl/__init__.py:106}}
Apr 11 18:52:32.724076 np0000165232 devstack@neutron-api.service[104186]: DEBUG ovsdbapp.backend.ovs_idl [None req-4a196ff3-c24d-4b35-aac0-6105a20e6ff0 None None] Created schema index HA_Chassis_Group.name {{(pid=104186) autocreate_indices /opt/stack/data/venv/lib/python3.12/site-packages/ovsdbapp/backend/ovs_idl/__init__.py:106}}
Apr 11 18:52:32.724175 np0000165232 devstack@neutron-api.service[104186]: DEBUG ovsdbapp.backend.ovs_idl [None req-4a196ff3-c24d-4b35-aac0-6105a20e6ff0 None None] Created schema index Address_Set.name {{(pid=104186) autocreate_indices /opt/stack/data/venv/lib/python3.12/site-packages/ovsdbapp/backend/ovs_idl/__init__.py:106}}
Apr 11 18:52:32.724238 np0000165232 devstack@neutron-api.service[104186]: DEBUG ovsdbapp.backend.ovs_idl [None req-4a196ff3-c24d-4b35-aac0-6105a20e6ff0 None None] Created schema index Connection.target {{(pid=104186) autocreate_indices /opt/stack/data/venv/lib/python3.12/site-packages/ovsdbapp/backend/ovs_idl/__init__.py:106}}
Apr 11 18:52:32.724352 np0000165232 devstack@neutron-api.service[104186]: DEBUG ovsdbapp.backend.ovs_idl [None req-4a196ff3-c24d-4b35-aac0-6105a20e6ff0 None None] Created schema index Gateway_Chassis.name {{(pid=104186) autocreate_indices /opt/stack/data/venv/lib/python3.12/site-packages/ovsdbapp/backend/ovs_idl/__init__.py:106}}
Apr 11 18:52:32.725084 np0000165232 devstack@neutron-api.service[104186]: DEBUG ovsdbapp.backend.ovs_idl [None req-4a196ff3-c24d-4b35-aac0-6105a20e6ff0 None None] Created schema index Mirror.name {{(pid=104186) autocreate_indices /opt/stack/data/venv/lib/python3.12/site-packages/ovsdbapp/backend/ovs_idl/__init__.py:106}}
Apr 11 18:52:32.725084 np0000165232 devstack@neutron-api.service[104186]: DEBUG ovsdbapp.backend.ovs_idl [None req-4a196ff3-c24d-4b35-aac0-6105a20e6ff0 None None] Created schema index Chassis_Template_Var.chassis {{(pid=104186) autocreate_indices /opt/stack/data/venv/lib/python3.12/site-packages/ovsdbapp/backend/ovs_idl/__init__.py:106}}
Apr 11 18:52:32.725084 np0000165232 devstack@neutron-api.service[104186]: DEBUG ovsdbapp.backend.ovs_idl [None req-4a196ff3-c24d-4b35-aac0-6105a20e6ff0 None None] Created schema index Logical_Router_Port.name {{(pid=104186) autocreate_indices /opt/stack/data/venv/lib/python3.12/site-packages/ovsdbapp/backend/ovs_idl/__init__.py:106}}
Apr 11 18:52:32.725084 np0000165232 devstack@neutron-api.service[104186]: DEBUG ovsdbapp.backend.ovs_idl [None req-4a196ff3-c24d-4b35-aac0-6105a20e6ff0 None None] Created schema index Port_Group.name {{(pid=104186) autocreate_indices /opt/stack/data/venv/lib/python3.12/site-packages/ovsdbapp/backend/ovs_idl/__init__.py:106}}
Apr 11 18:52:32.725084 np0000165232 devstack@neutron-api.service[104186]: DEBUG ovsdbapp.backend.ovs_idl [None req-4a196ff3-c24d-4b35-aac0-6105a20e6ff0 None None] Created schema index Logical_Switch_Port.name {{(pid=104186) autocreate_indices /opt/stack/data/venv/lib/python3.12/site-packages/ovsdbapp/backend/ovs_idl/__init__.py:106}}
Apr 11 18:52:32.727102 np0000165232 devstack@neutron-api.service[104186]: INFO ovsdbapp.backend.ovs_idl.vlog [None req-4a196ff3-c24d-4b35-aac0-6105a20e6ff0 None None] ssl:199.204.45.144:6641: connecting...
Apr 11 18:52:32.732184 np0000165232 devstack@neutron-api.service[104186]: INFO ovsdbapp.backend.ovs_idl.vlog [None req-4a196ff3-c24d-4b35-aac0-6105a20e6ff0 None None] ssl:199.204.45.144:6641: connected
Apr 11 18:52:32.763928 np0000165232 devstack@neutron-api.service[104186]: DEBUG neutron.common.ovn.hash_ring_manager [None req-4a196ff3-c24d-4b35-aac0-6105a20e6ff0 None None] Disallow caching, nodes 1<4 {{(pid=104186) _wait_startup_before_caching /opt/stack/neutron/neutron/common/ovn/hash_ring_manager.py:72}}
Apr 11 18:52:32.768651 np0000165232 devstack@neutron-api.service[104186]: DEBUG neutron.common.ovn.hash_ring_manager [None req-4a196ff3-c24d-4b35-aac0-6105a20e6ff0 None None] Hash Ring loaded. 1 active nodes. 0 offline nodes {{(pid=104186) _load_hash_ring /opt/stack/neutron/neutron/common/ovn/hash_ring_manager.py:102}}
Apr 11 18:52:32.768830 np0000165232 devstack@neutron-api.service[104186]: DEBUG neutron.plugins.ml2.drivers.ovn.mech_driver.ovsdb.ovsdb_monitor [None req-4a196ff3-c24d-4b35-aac0-6105a20e6ff0 None None] Hash Ring: Node 8ba82620703c551ab26b55454dc6cb3a (host: np0000165232) handling event "create" for row 897aed19-be0e-4377-9ade-e9d315d92e52 (table: ACL) {{(pid=104186) notify /opt/stack/neutron/neutron/plugins/ml2/drivers/ovn/mech_driver/ovsdb/ovsdb_monitor.py:914}}
Apr 11 18:52:32.773999 np0000165232 devstack@neutron-api.service[104186]: DEBUG neutron.common.ovn.hash_ring_manager [None req-4a196ff3-c24d-4b35-aac0-6105a20e6ff0 None None] Hash Ring loaded. 1 active nodes. 0 offline nodes {{(pid=104186) _load_hash_ring /opt/stack/neutron/neutron/common/ovn/hash_ring_manager.py:102}}
Apr 11 18:52:32.774134 np0000165232 devstack@neutron-api.service[104186]: DEBUG neutron.plugins.ml2.drivers.ovn.mech_driver.ovsdb.ovsdb_monitor [None req-4a196ff3-c24d-4b35-aac0-6105a20e6ff0 None None] Hash Ring: Node 8ba82620703c551ab26b55454dc6cb3a (host: np0000165232) handling event "create" for row c6be05f9-d609-4ffa-922c-0789e4462ea4 (table: ACL) {{(pid=104186) notify /opt/stack/neutron/neutron/plugins/ml2/drivers/ovn/mech_driver/ovsdb/ovsdb_monitor.py:914}}
Apr 11 18:52:32.778888 np0000165232 devstack@neutron-api.service[104186]: DEBUG neutron.common.ovn.hash_ring_manager [None req-4a196ff3-c24d-4b35-aac0-6105a20e6ff0 None None] Hash Ring loaded. 1 active nodes. 0 offline nodes {{(pid=104186) _load_hash_ring /opt/stack/neutron/neutron/common/ovn/hash_ring_manager.py:102}}
Apr 11 18:52:32.779027 np0000165232 devstack@neutron-api.service[104186]: DEBUG neutron.plugins.ml2.drivers.ovn.mech_driver.ovsdb.ovsdb_monitor [None req-4a196ff3-c24d-4b35-aac0-6105a20e6ff0 None None] Hash Ring: Node 8ba82620703c551ab26b55454dc6cb3a (host: np0000165232) handling event "create" for row 64d3bf29-e2b0-4f3d-b189-d2ee807a471f (table: Connection) {{(pid=104186) notify /opt/stack/neutron/neutron/plugins/ml2/drivers/ovn/mech_driver/ovsdb/ovsdb_monitor.py:914}}
Apr 11 18:52:32.784539 np0000165232 devstack@neutron-api.service[104186]: DEBUG neutron.common.ovn.hash_ring_manager [None req-4a196ff3-c24d-4b35-aac0-6105a20e6ff0 None None] Hash Ring loaded. 1 active nodes. 0 offline nodes {{(pid=104186) _load_hash_ring /opt/stack/neutron/neutron/common/ovn/hash_ring_manager.py:102}}
Apr 11 18:52:32.784671 np0000165232 devstack@neutron-api.service[104186]: DEBUG neutron.plugins.ml2.drivers.ovn.mech_driver.ovsdb.ovsdb_monitor [None req-4a196ff3-c24d-4b35-aac0-6105a20e6ff0 None None] Hash Ring: Node 8ba82620703c551ab26b55454dc6cb3a (host: np0000165232) handling event "create" for row ed24ba23-a259-4010-b6bf-bf3897390231 (table: NB_Global) {{(pid=104186) notify /opt/stack/neutron/neutron/plugins/ml2/drivers/ovn/mech_driver/ovsdb/ovsdb_monitor.py:914}}
Apr 11 18:52:32.789187 np0000165232 devstack@neutron-api.service[104186]: DEBUG neutron.common.ovn.hash_ring_manager [None req-4a196ff3-c24d-4b35-aac0-6105a20e6ff0 None None] Hash Ring loaded. 1 active nodes. 0 offline nodes {{(pid=104186) _load_hash_ring /opt/stack/neutron/neutron/common/ovn/hash_ring_manager.py:102}}
Apr 11 18:52:32.789299 np0000165232 devstack@neutron-api.service[104186]: DEBUG neutron.plugins.ml2.drivers.ovn.mech_driver.ovsdb.ovsdb_monitor [None req-4a196ff3-c24d-4b35-aac0-6105a20e6ff0 None None] Hash Ring: Node 8ba82620703c551ab26b55454dc6cb3a (host: np0000165232) handling event "create" for row 4de081b9-054c-47f9-b024-2e027db6ed02 (table: Port_Group) {{(pid=104186) notify /opt/stack/neutron/neutron/plugins/ml2/drivers/ovn/mech_driver/ovsdb/ovsdb_monitor.py:914}}
Apr 11 18:52:32.793848 np0000165232 devstack@neutron-api.service[104186]: DEBUG neutron.common.ovn.hash_ring_manager [None req-4a196ff3-c24d-4b35-aac0-6105a20e6ff0 None None] Hash Ring loaded. 1 active nodes. 0 offline nodes {{(pid=104186) _load_hash_ring /opt/stack/neutron/neutron/common/ovn/hash_ring_manager.py:102}}
Apr 11 18:52:32.794174 np0000165232 devstack@neutron-api.service[104186]: DEBUG neutron.plugins.ml2.drivers.ovn.mech_driver.ovsdb.ovsdb_monitor [None req-4a196ff3-c24d-4b35-aac0-6105a20e6ff0 None None] Hash Ring: Node 8ba82620703c551ab26b55454dc6cb3a (host: np0000165232) handling event "create" for row 9ee74f60-2d04-4633-8d55-e4d5a474de17 (table: SSL) {{(pid=104186) notify /opt/stack/neutron/neutron/plugins/ml2/drivers/ovn/mech_driver/ovsdb/ovsdb_monitor.py:914}}
Apr 11 18:52:32.794835 np0000165232 devstack@neutron-api.service[104186]: INFO neutron.plugins.ml2.drivers.ovn.mech_driver.ovsdb.impl_idl_ovn [None req-4a196ff3-c24d-4b35-aac0-6105a20e6ff0 None None] Getting OvsdbSbOvnIdl for WorkerService with retry
Apr 11 18:52:32.823423 np0000165232 devstack@neutron-api.service[104186]: DEBUG ovsdbapp.backend.ovs_idl [None req-4a196ff3-c24d-4b35-aac0-6105a20e6ff0 None None] Created lookup_table index Chassis.name {{(pid=104186) autocreate_indices /opt/stack/data/venv/lib/python3.12/site-packages/ovsdbapp/backend/ovs_idl/__init__.py:87}}
Apr 11 18:52:32.823423 np0000165232 devstack@neutron-api.service[104186]: DEBUG ovsdbapp.backend.ovs_idl [None req-4a196ff3-c24d-4b35-aac0-6105a20e6ff0 None None] Created lookup_table index Port_Binding.logical_port {{(pid=104186) autocreate_indices /opt/stack/data/venv/lib/python3.12/site-packages/ovsdbapp/backend/ovs_idl/__init__.py:87}}
Apr 11 18:52:32.823702 np0000165232 devstack@neutron-api.service[104186]: DEBUG ovsdbapp.backend.ovs_idl [None req-4a196ff3-c24d-4b35-aac0-6105a20e6ff0 None None] Created schema index Chassis_Private.name {{(pid=104186) autocreate_indices /opt/stack/data/venv/lib/python3.12/site-packages/ovsdbapp/backend/ovs_idl/__init__.py:106}}
Apr 11 18:52:32.823702 np0000165232 devstack@neutron-api.service[104186]: DEBUG ovsdbapp.backend.ovs_idl [None req-4a196ff3-c24d-4b35-aac0-6105a20e6ff0 None None] Created schema index Datapath_Binding.tunnel_key {{(pid=104186) autocreate_indices /opt/stack/data/venv/lib/python3.12/site-packages/ovsdbapp/backend/ovs_idl/__init__.py:106}}
Apr 11 18:52:32.825456 np0000165232 devstack@neutron-api.service[104186]: INFO ovsdbapp.backend.ovs_idl.vlog [None req-4a196ff3-c24d-4b35-aac0-6105a20e6ff0 None None] ssl:199.204.45.144:6642: connecting...
Apr 11 18:52:32.830975 np0000165232 devstack@neutron-api.service[104186]: INFO ovsdbapp.backend.ovs_idl.vlog [None req-4a196ff3-c24d-4b35-aac0-6105a20e6ff0 None None] ssl:199.204.45.144:6642: connected
Apr 11 18:52:32.858087 np0000165232 devstack@neutron-api.service[104186]: DEBUG neutron.common.ovn.hash_ring_manager [None req-4a196ff3-c24d-4b35-aac0-6105a20e6ff0 None None] Disallow caching, nodes 1<4 {{(pid=104186) _wait_startup_before_caching /opt/stack/neutron/neutron/common/ovn/hash_ring_manager.py:72}}
Apr 11 18:52:32.861437 np0000165232 devstack@neutron-api.service[104186]: DEBUG neutron.common.ovn.hash_ring_manager [None req-4a196ff3-c24d-4b35-aac0-6105a20e6ff0 None None] Hash Ring loaded. 1 active nodes. 0 offline nodes {{(pid=104186) _load_hash_ring /opt/stack/neutron/neutron/common/ovn/hash_ring_manager.py:102}}
Apr 11 18:52:32.861564 np0000165232 devstack@neutron-api.service[104186]: DEBUG neutron.plugins.ml2.drivers.ovn.mech_driver.ovsdb.ovsdb_monitor [None req-4a196ff3-c24d-4b35-aac0-6105a20e6ff0 None None] Hash Ring: Node 8ba82620703c551ab26b55454dc6cb3a (host: np0000165232) handling event "create" for row 15a7f89e-ed5f-47fc-bd2d-761d0e7ac08f (table: Chassis) {{(pid=104186) notify /opt/stack/neutron/neutron/plugins/ml2/drivers/ovn/mech_driver/ovsdb/ovsdb_monitor.py:914}}
Apr 11 18:52:32.862284 np0000165232 devstack@neutron-api.service[104186]: DEBUG ovsdbapp.backend.ovs_idl.event [None req-4a196ff3-c24d-4b35-aac0-6105a20e6ff0 None None] Matched CREATE: ChassisBandwidthConfigEvent(events=('create', 'update'), table='Chassis', conditions=None, old_conditions=None), priority=20 to row=Chassis(uuid=15a7f89e-ed5f-47fc-bd2d-761d0e7ac08f, encaps=[af0d939f-a7cd-4346-b05e-173419f5cc53], external_ids={}, hostname='np0000165232', name='b0e893b7-7f76-487a-a868-975070459c9c', nb_cfg=0, other_config={'ct-commit-nat-v2': 'true', 'ct-commit-to-zone': 'true', 'ct-next-zone': 'true', 'ct-no-masked-label': 'true', 'ct-state-save': 'true', 'datapath-type': 'system', 'fdb-timestamp': 'true', 'iface-types': 'afxdp,afxdp-nonpmd,bareudp,erspan,geneve,gre,gtpu,internal,ip6erspan,ip6gre,lisp,patch,srv6,stt,system,tap,vxlan', 'is-interconn': 'false', 'ls-dpg-column': 'true', 'mac-binding-timestamp': 'true', 'ovn-bridge-mappings': 'public:br-ex', 'ovn-chassis-mac-mappings': '', 'ovn-cms-options': 'enable-chassis-as-gw', 'ovn-ct-lb-related': 'true', 'ovn-enable-lflow-cache': 'true', 'ovn-limit-lflow-cache': '', 'ovn-memlimit-lflow-cache-kb': '', 'ovn-monitor-all': 'false', 'ovn-trim-limit-lflow-cache': '', 'ovn-trim-timeout-ms': '', 'ovn-trim-wmark-perc-lflow-cache': '', 'port-up-notif': 'true'}, transport_zones=[], vtep_logical_switches=[]) old= {{(pid=104186) matches /opt/stack/data/venv/lib/python3.12/site-packages/ovsdbapp/backend/ovs_idl/event.py:55}}
Apr 11 18:52:32.862753 np0000165232 devstack@neutron-api.service[104186]: DEBUG neutron.plugins.ml2.drivers.ovn.mech_driver.ovsdb.ovsdb_monitor [None req-4a196ff3-c24d-4b35-aac0-6105a20e6ff0 None None] ChassisOVNAgentWriteEvent : Matched Chassis_Private, create, None None {{(pid=104186) matches /opt/stack/neutron/neutron/plugins/ml2/drivers/ovn/mech_driver/ovsdb/ovsdb_monitor.py:64}}
Apr 11 18:52:32.862951 np0000165232 devstack@neutron-api.service[104186]: DEBUG neutron.plugins.ml2.drivers.ovn.mech_driver.ovsdb.ovsdb_monitor [None req-4a196ff3-c24d-4b35-aac0-6105a20e6ff0 None None] ChassisAgentWriteEvent : Matched Chassis_Private, create, None None {{(pid=104186) matches /opt/stack/neutron/neutron/plugins/ml2/drivers/ovn/mech_driver/ovsdb/ovsdb_monitor.py:64}}
Apr 11 18:52:32.868023 np0000165232 devstack@neutron-api.service[104186]: DEBUG neutron.common.ovn.hash_ring_manager [None req-4a196ff3-c24d-4b35-aac0-6105a20e6ff0 None None] Hash Ring loaded. 1 active nodes. 0 offline nodes {{(pid=104186) _load_hash_ring /opt/stack/neutron/neutron/common/ovn/hash_ring_manager.py:102}}
Apr 11 18:52:32.868150 np0000165232 devstack@neutron-api.service[104186]: DEBUG neutron.plugins.ml2.drivers.ovn.mech_driver.ovsdb.ovsdb_monitor [None req-4a196ff3-c24d-4b35-aac0-6105a20e6ff0 None None] Hash Ring: Node 8ba82620703c551ab26b55454dc6cb3a (host: np0000165232) handling event "create" for row d2af7eea-a4d3-4007-abde-0bfe0b783121 (table: Chassis_Private) {{(pid=104186) notify /opt/stack/neutron/neutron/plugins/ml2/drivers/ovn/mech_driver/ovsdb/ovsdb_monitor.py:914}}
Apr 11 18:52:32.872515 np0000165232 devstack@neutron-api.service[104186]: DEBUG neutron.common.ovn.hash_ring_manager [None req-4a196ff3-c24d-4b35-aac0-6105a20e6ff0 None None] Hash Ring loaded. 1 active nodes. 0 offline nodes {{(pid=104186) _load_hash_ring /opt/stack/neutron/neutron/common/ovn/hash_ring_manager.py:102}}
Apr 11 18:52:32.872650 np0000165232 devstack@neutron-api.service[104186]: DEBUG neutron.plugins.ml2.drivers.ovn.mech_driver.ovsdb.ovsdb_monitor [None req-4a196ff3-c24d-4b35-aac0-6105a20e6ff0 None None] Hash Ring: Node 8ba82620703c551ab26b55454dc6cb3a (host: np0000165232) handling event "create" for row af0d939f-a7cd-4346-b05e-173419f5cc53 (table: Encap) {{(pid=104186) notify /opt/stack/neutron/neutron/plugins/ml2/drivers/ovn/mech_driver/ovsdb/ovsdb_monitor.py:914}}
Apr 11 18:52:32.873711 np0000165232 devstack@neutron-api.service[104186]: INFO neutron.plugins.ml2.drivers.ovn.mech_driver.mech_driver [None req-4a196ff3-c24d-4b35-aac0-6105a20e6ff0 None None] WorkerService process has finished the post initialization
Apr 11 18:52:32.874738 np0000165232 devstack@neutron-api.service[104186]: INFO neutron.plugins.ml2.drivers.ovn.mech_driver.ovsdb.extensions.qos [-] Starting OVNClientQosExtension
Apr 11 18:52:32.876099 np0000165232 devstack@neutron-api.service[104186]: INFO neutron.plugins.ml2.drivers.ovn.mech_driver.ovsdb.extensions.placement [-] Starting OVNClientPlacementExtension
Apr 11 18:52:32.877631 np0000165232 devstack@neutron-api.service[104186]: WSGI app 0 (mountpoint='') ready in 6 seconds on interpreter 0x72ed848a3668 pid: 104186 (default app)
Apr 11 18:52:32.951491 np0000165232 devstack@neutron-api.service[104186]: DEBUG neutron.common.ovn.hash_ring_manager [-] Hash Ring loaded. 1 active nodes. 0 offline nodes {{(pid=104186) _load_hash_ring /opt/stack/neutron/neutron/common/ovn/hash_ring_manager.py:102}}
Apr 11 18:52:32.951652 np0000165232 devstack@neutron-api.service[104186]: DEBUG neutron.plugins.ml2.drivers.ovn.mech_driver.ovsdb.ovsdb_monitor [-] Hash Ring: Node 8ba82620703c551ab26b55454dc6cb3a (host: np0000165232) handling event "update" for row 64d3bf29-e2b0-4f3d-b189-d2ee807a471f (table: Connection) {{(pid=104186) notify /opt/stack/neutron/neutron/plugins/ml2/drivers/ovn/mech_driver/ovsdb/ovsdb_monitor.py:914}}
Apr 11 18:52:32.997529 np0000165232 devstack@neutron-api.service[104186]: [pid: 104186|app: 0|req: 1/1] 199.204.45.144 () {62 vars in 988 bytes} [Sat Apr 11 18:52:32 2026] GET /networking => generated 130 bytes in 4 msecs (HTTP/1.1 200) 3 headers in 91 bytes (1 switches on core 0)
Apr 11 18:52:33.012843 np0000165232 devstack@neutron-api.service[104183]: INFO neutron.plugins.ml2.managers [None req-8db9cdea-9c68-4370-8748-d3ca3b67c2b5 None None] Initializing driver for type 'local'
Apr 11 18:52:33.013163 np0000165232 devstack@neutron-api.service[104183]: INFO neutron.plugins.ml2.managers [None req-8db9cdea-9c68-4370-8748-d3ca3b67c2b5 None None] Initializing driver for type 'vlan'
Apr 11 18:52:33.031557 np0000165232 devstack@neutron-api.service[104185]: INFO neutron.plugins.ml2.managers [None req-f17c7c9d-68e6-4f11-8f07-ff7947fe98cc None None] Initializing driver for type 'local'
Apr 11 18:52:33.031671 np0000165232 devstack@neutron-api.service[104185]: INFO neutron.plugins.ml2.managers [None req-f17c7c9d-68e6-4f11-8f07-ff7947fe98cc None None] Initializing driver for type 'vlan'
Apr 11 18:52:33.033976 np0000165232 devstack@neutron-api.service[104184]: INFO neutron.plugins.ml2.managers [None req-86f2134d-d571-4e66-9111-d57716cea021 None None] Initializing driver for type 'local'
Apr 11 18:52:33.034376 np0000165232 devstack@neutron-api.service[104184]: INFO neutron.plugins.ml2.managers [None req-86f2134d-d571-4e66-9111-d57716cea021 None None] Initializing driver for type 'vlan'
Apr 11 18:52:33.163487 np0000165232 devstack@neutron-api.service[104183]: INFO neutron.plugins.ml2.drivers.type_vlan [None req-8db9cdea-9c68-4370-8748-d3ca3b67c2b5 None None] VlanTypeDriver initialization complete
Apr 11 18:52:33.163623 np0000165232 devstack@neutron-api.service[104183]: INFO neutron.plugins.ml2.managers [None req-8db9cdea-9c68-4370-8748-d3ca3b67c2b5 None None] Initializing extension driver 'port_security'
Apr 11 18:52:33.163751 np0000165232 devstack@neutron-api.service[104183]: INFO neutron.plugins.ml2.extensions.port_security [None req-8db9cdea-9c68-4370-8748-d3ca3b67c2b5 None None] PortSecurityExtensionDriver initialization complete
Apr 11 18:52:33.163827 np0000165232 devstack@neutron-api.service[104183]: INFO neutron.plugins.ml2.managers [None req-8db9cdea-9c68-4370-8748-d3ca3b67c2b5 None None] Initializing extension driver 'qos'
Apr 11 18:52:33.163973 np0000165232 devstack@neutron-api.service[104183]: DEBUG neutron.plugins.ml2.extensions.qos [None req-8db9cdea-9c68-4370-8748-d3ca3b67c2b5 None None] QosExtensionDriver initialization complete {{(pid=104183) initialize /opt/stack/neutron/neutron/plugins/ml2/extensions/qos.py:31}}
Apr 11 18:52:33.164090 np0000165232 devstack@neutron-api.service[104183]: INFO neutron.plugins.ml2.managers [None req-8db9cdea-9c68-4370-8748-d3ca3b67c2b5 None None] Initializing mechanism driver 'ovn'
Apr 11 18:52:33.164163 np0000165232 devstack@neutron-api.service[104183]: INFO neutron.plugins.ml2.drivers.ovn.mech_driver.mech_driver [None req-8db9cdea-9c68-4370-8748-d3ca3b67c2b5 None None] Starting OVNMechanismDriver
Apr 11 18:52:33.165928 np0000165232 devstack@neutron-api.service[104183]: DEBUG neutron_lib.callbacks.manager [None req-8db9cdea-9c68-4370-8748-d3ca3b67c2b5 None None] Subscribe: > process before_spawn 55550000, False {{(pid=104183) subscribe /opt/stack/data/venv/lib/python3.12/site-packages/neutron_lib/callbacks/manager.py:52}}
Apr 11 18:52:33.166067 np0000165232 devstack@neutron-api.service[104183]: DEBUG neutron_lib.callbacks.manager [None req-8db9cdea-9c68-4370-8748-d3ca3b67c2b5 None None] Subscribe: > process after_init 55550000, True {{(pid=104183) subscribe /opt/stack/data/venv/lib/python3.12/site-packages/neutron_lib/callbacks/manager.py:52}}
Apr 11 18:52:33.166146 np0000165232 devstack@neutron-api.service[104183]: DEBUG neutron_lib.callbacks.manager [None req-8db9cdea-9c68-4370-8748-d3ca3b67c2b5 None None] Subscribe: > segment after_create 55550000, False {{(pid=104183) subscribe /opt/stack/data/venv/lib/python3.12/site-packages/neutron_lib/callbacks/manager.py:52}}
Apr 11 18:52:33.166276 np0000165232 devstack@neutron-api.service[104183]: DEBUG neutron_lib.callbacks.manager [None req-8db9cdea-9c68-4370-8748-d3ca3b67c2b5 None None] Subscribe: > segment after_create 55550000, False {{(pid=104183) subscribe /opt/stack/data/venv/lib/python3.12/site-packages/neutron_lib/callbacks/manager.py:52}}
Apr 11 18:52:33.166370 np0000165232 devstack@neutron-api.service[104183]: DEBUG neutron_lib.callbacks.manager [None req-8db9cdea-9c68-4370-8748-d3ca3b67c2b5 None None] Subscribe: > segment after_delete 55550000, False {{(pid=104183) subscribe /opt/stack/data/venv/lib/python3.12/site-packages/neutron_lib/callbacks/manager.py:52}}
Apr 11 18:52:33.166459 np0000165232 devstack@neutron-api.service[104183]: DEBUG neutron_lib.callbacks.manager [None req-8db9cdea-9c68-4370-8748-d3ca3b67c2b5 None None] Subscribe: > allowed_address_pair before_create 55550000, False {{(pid=104183) subscribe /opt/stack/data/venv/lib/python3.12/site-packages/neutron_lib/callbacks/manager.py:52}}
Apr 11 18:52:33.166590 np0000165232 devstack@neutron-api.service[104183]: DEBUG neutron_lib.callbacks.manager [None req-8db9cdea-9c68-4370-8748-d3ca3b67c2b5 None None] Subscribe: > security_group precommit_create 55550000, False {{(pid=104183) subscribe /opt/stack/data/venv/lib/python3.12/site-packages/neutron_lib/callbacks/manager.py:52}}
Apr 11 18:52:33.166677 np0000165232 devstack@neutron-api.service[104183]: DEBUG neutron_lib.callbacks.manager [None req-8db9cdea-9c68-4370-8748-d3ca3b67c2b5 None None] Subscribe: > security_group after_update 55550000, False {{(pid=104183) subscribe /opt/stack/data/venv/lib/python3.12/site-packages/neutron_lib/callbacks/manager.py:52}}
Apr 11 18:52:33.166771 np0000165232 devstack@neutron-api.service[104183]: DEBUG neutron_lib.callbacks.manager [None req-8db9cdea-9c68-4370-8748-d3ca3b67c2b5 None None] Subscribe: > security_group after_create 55550000, False {{(pid=104183) subscribe /opt/stack/data/venv/lib/python3.12/site-packages/neutron_lib/callbacks/manager.py:52}}
Apr 11 18:52:33.166899 np0000165232 devstack@neutron-api.service[104183]: DEBUG neutron_lib.callbacks.manager [None req-8db9cdea-9c68-4370-8748-d3ca3b67c2b5 None None] Subscribe: > security_group precommit_delete 55550000, False {{(pid=104183) subscribe /opt/stack/data/venv/lib/python3.12/site-packages/neutron_lib/callbacks/manager.py:52}}
Apr 11 18:52:33.167057 np0000165232 devstack@neutron-api.service[104183]: DEBUG neutron_lib.callbacks.manager [None req-8db9cdea-9c68-4370-8748-d3ca3b67c2b5 None None] Subscribe: > security_group after_delete 55550000, False {{(pid=104183) subscribe /opt/stack/data/venv/lib/python3.12/site-packages/neutron_lib/callbacks/manager.py:52}}
Apr 11 18:52:33.167199 np0000165232 devstack@neutron-api.service[104183]: DEBUG neutron_lib.callbacks.manager [None req-8db9cdea-9c68-4370-8748-d3ca3b67c2b5 None None] Subscribe: > security_group_rule precommit_create 55550000, False {{(pid=104183) subscribe /opt/stack/data/venv/lib/python3.12/site-packages/neutron_lib/callbacks/manager.py:52}}
Apr 11 18:52:33.167366 np0000165232 devstack@neutron-api.service[104183]: DEBUG neutron_lib.callbacks.manager [None req-8db9cdea-9c68-4370-8748-d3ca3b67c2b5 None None] Subscribe: > security_group_rule after_create 55550000, False {{(pid=104183) subscribe /opt/stack/data/venv/lib/python3.12/site-packages/neutron_lib/callbacks/manager.py:52}}
Apr 11 18:52:33.167499 np0000165232 devstack@neutron-api.service[104183]: DEBUG neutron_lib.callbacks.manager [None req-8db9cdea-9c68-4370-8748-d3ca3b67c2b5 None None] Subscribe: > security_group_rule before_delete 55550000, False {{(pid=104183) subscribe /opt/stack/data/venv/lib/python3.12/site-packages/neutron_lib/callbacks/manager.py:52}}
Apr 11 18:52:33.167678 np0000165232 devstack@neutron-api.service[104183]: DEBUG neutron_lib.callbacks.manager [None req-8db9cdea-9c68-4370-8748-d3ca3b67c2b5 None None] Subscribe: > address_group after_create 55550000, False {{(pid=104183) subscribe /opt/stack/data/venv/lib/python3.12/site-packages/neutron_lib/callbacks/manager.py:52}}
Apr 11 18:52:33.167800 np0000165232 devstack@neutron-api.service[104183]: DEBUG neutron_lib.callbacks.manager [None req-8db9cdea-9c68-4370-8748-d3ca3b67c2b5 None None] Subscribe: > address_group after_update 55550000, False {{(pid=104183) subscribe /opt/stack/data/venv/lib/python3.12/site-packages/neutron_lib/callbacks/manager.py:52}}
Apr 11 18:52:33.167969 np0000165232 devstack@neutron-api.service[104183]: DEBUG neutron_lib.callbacks.manager [None req-8db9cdea-9c68-4370-8748-d3ca3b67c2b5 None None] Subscribe: > address_group after_delete 55550000, False {{(pid=104183) subscribe /opt/stack/data/venv/lib/python3.12/site-packages/neutron_lib/callbacks/manager.py:52}}
Apr 11 18:52:33.168169 np0000165232 devstack@neutron-api.service[104183]: DEBUG neutron_lib.callbacks.manager [None req-8db9cdea-9c68-4370-8748-d3ca3b67c2b5 None None] Subscribe: > qos_plugin after_init 55550000, False {{(pid=104183) subscribe /opt/stack/data/venv/lib/python3.12/site-packages/neutron_lib/callbacks/manager.py:52}}
Apr 11 18:52:33.168358 np0000165232 devstack@neutron-api.service[104183]: DEBUG neutron_lib.callbacks.manager [None req-8db9cdea-9c68-4370-8748-d3ca3b67c2b5 None None] Subscribe: > trunk_plugin after_init 55550000, False {{(pid=104183) subscribe /opt/stack/data/venv/lib/python3.12/site-packages/neutron_lib/callbacks/manager.py:52}}
Apr 11 18:52:33.168577 np0000165232 devstack@neutron-api.service[104183]: DEBUG neutron_lib.callbacks.manager [None req-8db9cdea-9c68-4370-8748-d3ca3b67c2b5 None None] Subscribe: > logging-plugin after_init 55550000, False {{(pid=104183) subscribe /opt/stack/data/venv/lib/python3.12/site-packages/neutron_lib/callbacks/manager.py:52}}
Apr 11 18:52:33.169143 np0000165232 devstack@neutron-api.service[104183]: INFO neutron.services.logapi.drivers.ovn.driver [None req-8db9cdea-9c68-4370-8748-d3ca3b67c2b5 None None] OVN logging driver registered
Apr 11 18:52:33.170648 np0000165232 devstack@neutron-api.service[104183]: DEBUG neutron.plugins.ml2.plugin [None req-8db9cdea-9c68-4370-8748-d3ca3b67c2b5 None None] neutron.plugins.ml2.plugin.Ml2Plugin method _start_rpc_notifiers called with arguments () {} {{(pid=104183) wrapper /opt/stack/data/venv/lib/python3.12/site-packages/oslo_log/helpers.py:77}}
Apr 11 18:52:33.170946 np0000165232 devstack@neutron-api.service[104183]: DEBUG neutron_lib.callbacks.manager [None req-8db9cdea-9c68-4370-8748-d3ca3b67c2b5 None None] Subscribe: > port after_create 55550000, False {{(pid=104183) subscribe /opt/stack/data/venv/lib/python3.12/site-packages/neutron_lib/callbacks/manager.py:52}}
Apr 11 18:52:33.171060 np0000165232 devstack@neutron-api.service[104183]: DEBUG neutron_lib.callbacks.manager [None req-8db9cdea-9c68-4370-8748-d3ca3b67c2b5 None None] Subscribe: > port after_update 55550000, False {{(pid=104183) subscribe /opt/stack/data/venv/lib/python3.12/site-packages/neutron_lib/callbacks/manager.py:52}}
Apr 11 18:52:33.171196 np0000165232 devstack@neutron-api.service[104183]: DEBUG neutron_lib.callbacks.manager [None req-8db9cdea-9c68-4370-8748-d3ca3b67c2b5 None None] Subscribe: > port after_delete 55550000, False {{(pid=104183) subscribe /opt/stack/data/venv/lib/python3.12/site-packages/neutron_lib/callbacks/manager.py:52}}
Apr 11 18:52:33.171278 np0000165232 devstack@neutron-api.service[104183]: DEBUG neutron_lib.callbacks.manager [None req-8db9cdea-9c68-4370-8748-d3ca3b67c2b5 None None] Subscribe: > subnet after_create 55550000, False {{(pid=104183) subscribe /opt/stack/data/venv/lib/python3.12/site-packages/neutron_lib/callbacks/manager.py:52}}
Apr 11 18:52:33.171381 np0000165232 devstack@neutron-api.service[104183]: DEBUG neutron_lib.callbacks.manager [None req-8db9cdea-9c68-4370-8748-d3ca3b67c2b5 None None] Subscribe: > subnet after_update 55550000, False {{(pid=104183) subscribe /opt/stack/data/venv/lib/python3.12/site-packages/neutron_lib/callbacks/manager.py:52}}
Apr 11 18:52:33.171479 np0000165232 devstack@neutron-api.service[104183]: DEBUG neutron_lib.callbacks.manager [None req-8db9cdea-9c68-4370-8748-d3ca3b67c2b5 None None] Subscribe: > subnet after_delete 55550000, False {{(pid=104183) subscribe /opt/stack/data/venv/lib/python3.12/site-packages/neutron_lib/callbacks/manager.py:52}}
Apr 11 18:52:33.171588 np0000165232 devstack@neutron-api.service[104183]: DEBUG neutron_lib.callbacks.manager [None req-8db9cdea-9c68-4370-8748-d3ca3b67c2b5 None None] Subscribe: > network after_create 55550000, False {{(pid=104183) subscribe /opt/stack/data/venv/lib/python3.12/site-packages/neutron_lib/callbacks/manager.py:52}}
Apr 11 18:52:33.171680 np0000165232 devstack@neutron-api.service[104183]: DEBUG neutron_lib.callbacks.manager [None req-8db9cdea-9c68-4370-8748-d3ca3b67c2b5 None None] Subscribe: > network after_update 55550000, False {{(pid=104183) subscribe /opt/stack/data/venv/lib/python3.12/site-packages/neutron_lib/callbacks/manager.py:52}}
Apr 11 18:52:33.171771 np0000165232 devstack@neutron-api.service[104183]: DEBUG neutron_lib.callbacks.manager [None req-8db9cdea-9c68-4370-8748-d3ca3b67c2b5 None None] Subscribe: > network after_delete 55550000, False {{(pid=104183) subscribe /opt/stack/data/venv/lib/python3.12/site-packages/neutron_lib/callbacks/manager.py:52}}
Apr 11 18:52:33.171912 np0000165232 devstack@neutron-api.service[104183]: DEBUG neutron_lib.callbacks.manager [None req-8db9cdea-9c68-4370-8748-d3ca3b67c2b5 None None] Subscribe: > security_group after_create 55550000, False {{(pid=104183) subscribe /opt/stack/data/venv/lib/python3.12/site-packages/neutron_lib/callbacks/manager.py:52}}
Apr 11 18:52:33.172011 np0000165232 devstack@neutron-api.service[104183]: DEBUG neutron_lib.callbacks.manager [None req-8db9cdea-9c68-4370-8748-d3ca3b67c2b5 None None] Subscribe: > security_group after_update 55550000, False {{(pid=104183) subscribe /opt/stack/data/venv/lib/python3.12/site-packages/neutron_lib/callbacks/manager.py:52}}
Apr 11 18:52:33.172119 np0000165232 devstack@neutron-api.service[104183]: DEBUG neutron_lib.callbacks.manager [None req-8db9cdea-9c68-4370-8748-d3ca3b67c2b5 None None] Subscribe: > security_group after_delete 55550000, False {{(pid=104183) subscribe /opt/stack/data/venv/lib/python3.12/site-packages/neutron_lib/callbacks/manager.py:52}}
Apr 11 18:52:33.172211 np0000165232 devstack@neutron-api.service[104183]: DEBUG neutron_lib.callbacks.manager [None req-8db9cdea-9c68-4370-8748-d3ca3b67c2b5 None None] Subscribe: > security_group_rule after_create 55550000, False {{(pid=104183) subscribe /opt/stack/data/venv/lib/python3.12/site-packages/neutron_lib/callbacks/manager.py:52}}
Apr 11 18:52:33.172316 np0000165232 devstack@neutron-api.service[104183]: DEBUG neutron_lib.callbacks.manager [None req-8db9cdea-9c68-4370-8748-d3ca3b67c2b5 None None] Subscribe: > security_group_rule after_update 55550000, False {{(pid=104183) subscribe /opt/stack/data/venv/lib/python3.12/site-packages/neutron_lib/callbacks/manager.py:52}}
Apr 11 18:52:33.172416 np0000165232 devstack@neutron-api.service[104183]: DEBUG neutron_lib.callbacks.manager [None req-8db9cdea-9c68-4370-8748-d3ca3b67c2b5 None None] Subscribe: > security_group_rule after_delete 55550000, False {{(pid=104183) subscribe /opt/stack/data/venv/lib/python3.12/site-packages/neutron_lib/callbacks/manager.py:52}}
Apr 11 18:52:33.172542 np0000165232 devstack@neutron-api.service[104183]: DEBUG neutron_lib.callbacks.manager [None req-8db9cdea-9c68-4370-8748-d3ca3b67c2b5 None None] Subscribe: > address_group after_create 55550000, False {{(pid=104183) subscribe /opt/stack/data/venv/lib/python3.12/site-packages/neutron_lib/callbacks/manager.py:52}}
Apr 11 18:52:33.172692 np0000165232 devstack@neutron-api.service[104183]: DEBUG neutron_lib.callbacks.manager [None req-8db9cdea-9c68-4370-8748-d3ca3b67c2b5 None None] Subscribe: > address_group after_update 55550000, False {{(pid=104183) subscribe /opt/stack/data/venv/lib/python3.12/site-packages/neutron_lib/callbacks/manager.py:52}}
Apr 11 18:52:33.172840 np0000165232 devstack@neutron-api.service[104183]: DEBUG neutron_lib.callbacks.manager [None req-8db9cdea-9c68-4370-8748-d3ca3b67c2b5 None None] Subscribe: > address_group after_delete 55550000, False {{(pid=104183) subscribe /opt/stack/data/venv/lib/python3.12/site-packages/neutron_lib/callbacks/manager.py:52}}
Apr 11 18:52:33.173029 np0000165232 devstack@neutron-api.service[104183]: DEBUG neutron.plugins.ml2.ovo_rpc [None req-8db9cdea-9c68-4370-8748-d3ca3b67c2b5 None None] ML2 OVO RPC backend initialized. {{(pid=104183) __init__ /opt/stack/neutron/neutron/plugins/ml2/ovo_rpc.py:117}}
Apr 11 18:52:33.174007 np0000165232 devstack@neutron-api.service[104183]: INFO neutron.quota [None req-8db9cdea-9c68-4370-8748-d3ca3b67c2b5 None None] Loaded quota_driver: .
Apr 11 18:52:33.174131 np0000165232 devstack@neutron-api.service[104183]: INFO neutron.plugins.ml2.plugin [None req-8db9cdea-9c68-4370-8748-d3ca3b67c2b5 None None] Modular L2 Plugin initialization complete
Apr 11 18:52:33.174269 np0000165232 devstack@neutron-api.service[104183]: DEBUG neutron.manager [None req-8db9cdea-9c68-4370-8748-d3ca3b67c2b5 None None] Loading services supported by the core plugin {{(pid=104183) _load_services_from_core_plugin /opt/stack/neutron/neutron/manager.py:170}}
Apr 11 18:52:33.174457 np0000165232 devstack@neutron-api.service[104183]: INFO neutron.plugins.ml2.managers [None req-8db9cdea-9c68-4370-8748-d3ca3b67c2b5 None None] Got port-security extension from driver 'port_security'
Apr 11 18:52:33.174732 np0000165232 devstack@neutron-api.service[104183]: DEBUG neutron.manager [None req-8db9cdea-9c68-4370-8748-d3ca3b67c2b5 None None] Loading service plugins: ['ovn-router', 'auto_allocate', 'tag', 'timestamp', 'network_ip_availability', 'flavors', 'revisions'] {{(pid=104183) _load_service_plugins /opt/stack/neutron/neutron/manager.py:195}}
Apr 11 18:52:33.174796 np0000165232 devstack@neutron-api.service[104183]: INFO neutron.manager [None req-8db9cdea-9c68-4370-8748-d3ca3b67c2b5 None None] Loading Plugin: ovn-router
Apr 11 18:52:33.182521 np0000165232 devstack@neutron-api.service[104185]: INFO neutron.plugins.ml2.drivers.type_vlan [None req-f17c7c9d-68e6-4f11-8f07-ff7947fe98cc None None] VlanTypeDriver initialization complete
Apr 11 18:52:33.182701 np0000165232 devstack@neutron-api.service[104185]: INFO neutron.plugins.ml2.managers [None req-f17c7c9d-68e6-4f11-8f07-ff7947fe98cc None None] Initializing extension driver 'port_security'
Apr 11 18:52:33.182830 np0000165232 devstack@neutron-api.service[104185]: INFO neutron.plugins.ml2.extensions.port_security [None req-f17c7c9d-68e6-4f11-8f07-ff7947fe98cc None None] PortSecurityExtensionDriver initialization complete
Apr 11 18:52:33.182899 np0000165232 devstack@neutron-api.service[104185]: INFO neutron.plugins.ml2.managers [None req-f17c7c9d-68e6-4f11-8f07-ff7947fe98cc None None] Initializing extension driver 'qos'
Apr 11 18:52:33.183028 np0000165232 devstack@neutron-api.service[104185]: DEBUG neutron.plugins.ml2.extensions.qos [None req-f17c7c9d-68e6-4f11-8f07-ff7947fe98cc None None] QosExtensionDriver initialization complete {{(pid=104185) initialize /opt/stack/neutron/neutron/plugins/ml2/extensions/qos.py:31}}
Apr 11 18:52:33.183142 np0000165232 devstack@neutron-api.service[104185]: INFO neutron.plugins.ml2.managers [None req-f17c7c9d-68e6-4f11-8f07-ff7947fe98cc None None] Initializing mechanism driver 'ovn'
Apr 11 18:52:33.183241 np0000165232 devstack@neutron-api.service[104185]: INFO neutron.plugins.ml2.drivers.ovn.mech_driver.mech_driver [None req-f17c7c9d-68e6-4f11-8f07-ff7947fe98cc None None] Starting OVNMechanismDriver
Apr 11 18:52:33.184879 np0000165232 devstack@neutron-api.service[104184]: INFO neutron.plugins.ml2.drivers.type_vlan [None req-86f2134d-d571-4e66-9111-d57716cea021 None None] VlanTypeDriver initialization complete
Apr 11 18:52:33.185100 np0000165232 devstack@neutron-api.service[104184]: INFO neutron.plugins.ml2.managers [None req-86f2134d-d571-4e66-9111-d57716cea021 None None] Initializing extension driver 'port_security'
Apr 11 18:52:33.185134 np0000165232 devstack@neutron-api.service[104184]: INFO neutron.plugins.ml2.extensions.port_security [None req-86f2134d-d571-4e66-9111-d57716cea021 None None] PortSecurityExtensionDriver initialization complete
Apr 11 18:52:33.185221 np0000165232 devstack@neutron-api.service[104184]: INFO neutron.plugins.ml2.managers [None req-86f2134d-d571-4e66-9111-d57716cea021 None None] Initializing extension driver 'qos'
Apr 11 18:52:33.185369 np0000165232 devstack@neutron-api.service[104184]: DEBUG neutron.plugins.ml2.extensions.qos [None req-86f2134d-d571-4e66-9111-d57716cea021 None None] QosExtensionDriver initialization complete {{(pid=104184) initialize /opt/stack/neutron/neutron/plugins/ml2/extensions/qos.py:31}}
Apr 11 18:52:33.185432 np0000165232 devstack@neutron-api.service[104183]: DEBUG neutron_lib.callbacks.manager [None req-8db9cdea-9c68-4370-8748-d3ca3b67c2b5 None None] Subscribe: > router before_delete 55550000, False {{(pid=104183) subscribe /opt/stack/data/venv/lib/python3.12/site-packages/neutron_lib/callbacks/manager.py:52}}
Apr 11 18:52:33.185605 np0000165232 devstack@neutron-api.service[104184]: INFO neutron.plugins.ml2.managers [None req-86f2134d-d571-4e66-9111-d57716cea021 None None] Initializing mechanism driver 'ovn'
Apr 11 18:52:33.185633 np0000165232 devstack@neutron-api.service[104185]: DEBUG neutron_lib.callbacks.manager [None req-f17c7c9d-68e6-4f11-8f07-ff7947fe98cc None None] Subscribe: > process before_spawn 55550000, False {{(pid=104185) subscribe /opt/stack/data/venv/lib/python3.12/site-packages/neutron_lib/callbacks/manager.py:52}}
Apr 11 18:52:33.185799 np0000165232 devstack@neutron-api.service[104184]: INFO neutron.plugins.ml2.drivers.ovn.mech_driver.mech_driver [None req-86f2134d-d571-4e66-9111-d57716cea021 None None] Starting OVNMechanismDriver
Apr 11 18:52:33.185827 np0000165232 devstack@neutron-api.service[104183]: DEBUG neutron_lib.callbacks.manager [None req-8db9cdea-9c68-4370-8748-d3ca3b67c2b5 None None] Subscribe: port after_update 55550000, False {{(pid=104183) subscribe /opt/stack/data/venv/lib/python3.12/site-packages/neutron_lib/callbacks/manager.py:52}}
Apr 11 18:52:33.185853 np0000165232 devstack@neutron-api.service[104185]: DEBUG neutron_lib.callbacks.manager [None req-f17c7c9d-68e6-4f11-8f07-ff7947fe98cc None None] Subscribe: > process after_init 55550000, True {{(pid=104185) subscribe /opt/stack/data/venv/lib/python3.12/site-packages/neutron_lib/callbacks/manager.py:52}}
Apr 11 18:52:33.185901 np0000165232 devstack@neutron-api.service[104183]: DEBUG neutron_lib.callbacks.manager [None req-8db9cdea-9c68-4370-8748-d3ca3b67c2b5 None None] Subscribe: port after_delete 55550000, False {{(pid=104183) subscribe /opt/stack/data/venv/lib/python3.12/site-packages/neutron_lib/callbacks/manager.py:52}}
Apr 11 18:52:33.185901 np0000165232 devstack@neutron-api.service[104183]: DEBUG neutron_lib.callbacks.manager [None req-8db9cdea-9c68-4370-8748-d3ca3b67c2b5 None None] Subscribe: subnet after_update 55550000, False {{(pid=104183) subscribe /opt/stack/data/venv/lib/python3.12/site-packages/neutron_lib/callbacks/manager.py:52}}
Apr 11 18:52:33.185960 np0000165232 devstack@neutron-api.service[104185]: DEBUG neutron_lib.callbacks.manager [None req-f17c7c9d-68e6-4f11-8f07-ff7947fe98cc None None] Subscribe: > segment after_create 55550000, False {{(pid=104185) subscribe /opt/stack/data/venv/lib/python3.12/site-packages/neutron_lib/callbacks/manager.py:52}}
Apr 11 18:52:33.185989 np0000165232 devstack@neutron-api.service[104183]: DEBUG neutron_lib.callbacks.manager [None req-8db9cdea-9c68-4370-8748-d3ca3b67c2b5 None None] Subscribe: subnetpool_address_scope after_update 55550000, False {{(pid=104183) subscribe /opt/stack/data/venv/lib/python3.12/site-packages/neutron_lib/callbacks/manager.py:52}}
Apr 11 18:52:33.186015 np0000165232 devstack@neutron-api.service[104185]: DEBUG neutron_lib.callbacks.manager [None req-f17c7c9d-68e6-4f11-8f07-ff7947fe98cc None None] Subscribe: > segment after_create 55550000, False {{(pid=104185) subscribe /opt/stack/data/venv/lib/python3.12/site-packages/neutron_lib/callbacks/manager.py:52}}
Apr 11 18:52:33.186040 np0000165232 devstack@neutron-api.service[104183]: DEBUG neutron_lib.callbacks.manager [None req-8db9cdea-9c68-4370-8748-d3ca3b67c2b5 None None] Subscribe: port before_update 55550000, False {{(pid=104183) subscribe /opt/stack/data/venv/lib/python3.12/site-packages/neutron_lib/callbacks/manager.py:52}}
Apr 11 18:52:33.186072 np0000165232 devstack@neutron-api.service[104185]: DEBUG neutron_lib.callbacks.manager [None req-f17c7c9d-68e6-4f11-8f07-ff7947fe98cc None None] Subscribe: > segment after_delete 55550000, False {{(pid=104185) subscribe /opt/stack/data/venv/lib/python3.12/site-packages/neutron_lib/callbacks/manager.py:52}}
Apr 11 18:52:33.186142 np0000165232 devstack@neutron-api.service[104183]: DEBUG neutron_lib.callbacks.manager [None req-8db9cdea-9c68-4370-8748-d3ca3b67c2b5 None None] Subscribe: port after_update 55550000, False {{(pid=104183) subscribe /opt/stack/data/venv/lib/python3.12/site-packages/neutron_lib/callbacks/manager.py:52}}
Apr 11 18:52:33.186203 np0000165232 devstack@neutron-api.service[104185]: DEBUG neutron_lib.callbacks.manager [None req-f17c7c9d-68e6-4f11-8f07-ff7947fe98cc None None] Subscribe: > allowed_address_pair before_create 55550000, False {{(pid=104185) subscribe /opt/stack/data/venv/lib/python3.12/site-packages/neutron_lib/callbacks/manager.py:52}}
Apr 11 18:52:33.186416 np0000165232 devstack@neutron-api.service[104183]: DEBUG neutron_lib.callbacks.manager [None req-8db9cdea-9c68-4370-8748-d3ca3b67c2b5 None None] Subscribe: > port precommit_delete 55550000, False {{(pid=104183) subscribe /opt/stack/data/venv/lib/python3.12/site-packages/neutron_lib/callbacks/manager.py:52}}
Apr 11 18:52:33.186486 np0000165232 devstack@neutron-api.service[104185]: DEBUG neutron_lib.callbacks.manager [None req-f17c7c9d-68e6-4f11-8f07-ff7947fe98cc None None] Subscribe: > security_group precommit_create 55550000, False {{(pid=104185) subscribe /opt/stack/data/venv/lib/python3.12/site-packages/neutron_lib/callbacks/manager.py:52}}
Apr 11 18:52:33.186524 np0000165232 devstack@neutron-api.service[104183]: DEBUG neutron_lib.callbacks.manager [None req-8db9cdea-9c68-4370-8748-d3ca3b67c2b5 None None] Subscribe: port before_update 55550000, False {{(pid=104183) subscribe /opt/stack/data/venv/lib/python3.12/site-packages/neutron_lib/callbacks/manager.py:52}}
Apr 11 18:52:33.186601 np0000165232 devstack@neutron-api.service[104185]: DEBUG neutron_lib.callbacks.manager [None req-f17c7c9d-68e6-4f11-8f07-ff7947fe98cc None None] Subscribe: > security_group after_update 55550000, False {{(pid=104185) subscribe /opt/stack/data/venv/lib/python3.12/site-packages/neutron_lib/callbacks/manager.py:52}}
Apr 11 18:52:33.186631 np0000165232 devstack@neutron-api.service[104183]: DEBUG neutron_lib.callbacks.manager [None req-8db9cdea-9c68-4370-8748-d3ca3b67c2b5 None None] Subscribe: port before_delete 55550000, False {{(pid=104183) subscribe /opt/stack/data/venv/lib/python3.12/site-packages/neutron_lib/callbacks/manager.py:52}}
Apr 11 18:52:33.186705 np0000165232 devstack@neutron-api.service[104183]: DEBUG neutron_lib.callbacks.manager [None req-8db9cdea-9c68-4370-8748-d3ca3b67c2b5 None None] Subscribe: > router precommit_create 55550000, False {{(pid=104183) subscribe /opt/stack/data/venv/lib/python3.12/site-packages/neutron_lib/callbacks/manager.py:52}}
Apr 11 18:52:33.186733 np0000165232 devstack@neutron-api.service[104185]: DEBUG neutron_lib.callbacks.manager [None req-f17c7c9d-68e6-4f11-8f07-ff7947fe98cc None None] Subscribe: > security_group after_create 55550000, False {{(pid=104185) subscribe /opt/stack/data/venv/lib/python3.12/site-packages/neutron_lib/callbacks/manager.py:52}}
Apr 11 18:52:33.186811 np0000165232 devstack@neutron-api.service[104183]: DEBUG neutron_lib.callbacks.manager [None req-8db9cdea-9c68-4370-8748-d3ca3b67c2b5 None None] Subscribe: > router precommit_create 55550000, False {{(pid=104183) subscribe /opt/stack/data/venv/lib/python3.12/site-packages/neutron_lib/callbacks/manager.py:52}}
Apr 11 18:52:33.186844 np0000165232 devstack@neutron-api.service[104185]: DEBUG neutron_lib.callbacks.manager [None req-f17c7c9d-68e6-4f11-8f07-ff7947fe98cc None None] Subscribe: > security_group precommit_delete 55550000, False {{(pid=104185) subscribe /opt/stack/data/venv/lib/python3.12/site-packages/neutron_lib/callbacks/manager.py:52}}
Apr 11 18:52:33.186933 np0000165232 devstack@neutron-api.service[104183]: DEBUG neutron_lib.callbacks.manager [None req-8db9cdea-9c68-4370-8748-d3ca3b67c2b5 None None] Subscribe: > router precommit_update 55550000, False {{(pid=104183) subscribe /opt/stack/data/venv/lib/python3.12/site-packages/neutron_lib/callbacks/manager.py:52}}
Apr 11 18:52:33.186987 np0000165232 devstack@neutron-api.service[104185]: DEBUG neutron_lib.callbacks.manager [None req-f17c7c9d-68e6-4f11-8f07-ff7947fe98cc None None] Subscribe: > security_group after_delete 55550000, False {{(pid=104185) subscribe /opt/stack/data/venv/lib/python3.12/site-packages/neutron_lib/callbacks/manager.py:52}}
Apr 11 18:52:33.187046 np0000165232 devstack@neutron-api.service[104183]: DEBUG neutron_lib.callbacks.manager [None req-8db9cdea-9c68-4370-8748-d3ca3b67c2b5 None None] Subscribe: subnet after_update 55550000, False {{(pid=104183) subscribe /opt/stack/data/venv/lib/python3.12/site-packages/neutron_lib/callbacks/manager.py:52}}
Apr 11 18:52:33.187104 np0000165232 devstack@neutron-api.service[104185]: DEBUG neutron_lib.callbacks.manager [None req-f17c7c9d-68e6-4f11-8f07-ff7947fe98cc None None] Subscribe: > security_group_rule precommit_create 55550000, False {{(pid=104185) subscribe /opt/stack/data/venv/lib/python3.12/site-packages/neutron_lib/callbacks/manager.py:52}}
Apr 11 18:52:33.187208 np0000165232 devstack@neutron-api.service[104185]: DEBUG neutron_lib.callbacks.manager [None req-f17c7c9d-68e6-4f11-8f07-ff7947fe98cc None None] Subscribe: > security_group_rule after_create 55550000, False {{(pid=104185) subscribe /opt/stack/data/venv/lib/python3.12/site-packages/neutron_lib/callbacks/manager.py:52}}
Apr 11 18:52:33.187333 np0000165232 devstack@neutron-api.service[104185]: DEBUG neutron_lib.callbacks.manager [None req-f17c7c9d-68e6-4f11-8f07-ff7947fe98cc None None] Subscribe: > security_group_rule before_delete 55550000, False {{(pid=104185) subscribe /opt/stack/data/venv/lib/python3.12/site-packages/neutron_lib/callbacks/manager.py:52}}
Apr 11 18:52:33.187376 np0000165232 devstack@neutron-api.service[104184]: DEBUG neutron_lib.callbacks.manager [None req-86f2134d-d571-4e66-9111-d57716cea021 None None] Subscribe: > process before_spawn 55550000, False {{(pid=104184) subscribe /opt/stack/data/venv/lib/python3.12/site-packages/neutron_lib/callbacks/manager.py:52}}
Apr 11 18:52:33.187437 np0000165232 devstack@neutron-api.service[104185]: DEBUG neutron_lib.callbacks.manager [None req-f17c7c9d-68e6-4f11-8f07-ff7947fe98cc None None] Subscribe: > address_group after_create 55550000, False {{(pid=104185) subscribe /opt/stack/data/venv/lib/python3.12/site-packages/neutron_lib/callbacks/manager.py:52}}
Apr 11 18:52:33.187513 np0000165232 devstack@neutron-api.service[104184]: DEBUG neutron_lib.callbacks.manager [None req-86f2134d-d571-4e66-9111-d57716cea021 None None] Subscribe: > process after_init 55550000, True {{(pid=104184) subscribe /opt/stack/data/venv/lib/python3.12/site-packages/neutron_lib/callbacks/manager.py:52}}
Apr 11 18:52:33.187594 np0000165232 devstack@neutron-api.service[104185]: DEBUG neutron_lib.callbacks.manager [None req-f17c7c9d-68e6-4f11-8f07-ff7947fe98cc None None] Subscribe: > address_group after_update 55550000, False {{(pid=104185) subscribe /opt/stack/data/venv/lib/python3.12/site-packages/neutron_lib/callbacks/manager.py:52}}
