Aug 26 20:41:03.318939 np0000191222 devstack@g-api.service[114039]: DEBUG glance.api.v2.cached_images [None req-ee976d14-7133-43ca-8134-48ebb4e4a82d None None] Started cache worker thread {{(pid=114039) __init__ /opt/stack/glance/glance/api/v2/cached_images.py:71}}
Aug 26 20:41:03.319678 np0000191222 devstack@g-api.service[114039]: INFO glance.image_cache [None req-ee976d14-7133-43ca-8134-48ebb4e4a82d None None] Image cache loaded driver 'centralized_db'.
Aug 26 20:41:03.322772 np0000191222 devstack@g-api.service[114041]: DEBUG glance.image_cache.drivers.centralized_db [None req-1aabecda-e84f-4018-aebe-33042811ac28 None None] Node reference is already recorded, ignoring it {{(pid=114041) configure /opt/stack/glance/glance/image_cache/drivers/centralized_db.py:71}}
Aug 26 20:41:03.326368 np0000191222 devstack@g-api.service[114038]: DEBUG dbcounter [-] [114038] Writer thread running {{(pid=114038) stat_writer /opt/stack/data/venv/lib/python3.12/site-packages/dbcounter.py:102}}
Aug 26 20:41:03.327788 np0000191222 devstack@g-api.service[114040]: DEBUG glance.image_cache.drivers.centralized_db [None req-eed8ddc0-0b70-4850-b2c5-7af852f549c3 None None] Node reference is already recorded, ignoring it {{(pid=114040) configure /opt/stack/glance/glance/image_cache/drivers/centralized_db.py:71}}
Aug 26 20:41:03.329563 np0000191222 devstack@g-api.service[114039]: DEBUG glance.image_cache.drivers.centralized_db [None req-ee976d14-7133-43ca-8134-48ebb4e4a82d None None] Node reference is already recorded, ignoring it {{(pid=114039) configure /opt/stack/glance/glance/image_cache/drivers/centralized_db.py:71}}
Aug 26 20:41:03.330333 np0000191222 devstack@g-api.service[114041]: INFO glance.image_cache [None req-1aabecda-e84f-4018-aebe-33042811ac28 None None] Image cache loaded driver 'centralized_db'.
Aug 26 20:41:03.331256 np0000191222 devstack@g-api.service[114038]: DEBUG glance.image_cache.drivers.centralized_db [None req-904c875e-3175-4376-9c94-5386f592a3f9 None None] Node reference is already recorded, ignoring it {{(pid=114038) configure /opt/stack/glance/glance/image_cache/drivers/centralized_db.py:71}}
Aug 26 20:41:03.333040 np0000191222 devstack@g-api.service[114040]: DEBUG glance.api.v2.cached_images [None req-eed8ddc0-0b70-4850-b2c5-7af852f549c3 None None] Started cache worker thread {{(pid=114040) __init__ /opt/stack/glance/glance/api/v2/cached_images.py:71}}
Aug 26 20:41:03.334027 np0000191222 devstack@g-api.service[114040]: INFO glance.image_cache [None req-eed8ddc0-0b70-4850-b2c5-7af852f549c3 None None] Image cache loaded driver 'centralized_db'.
Aug 26 20:41:03.334812 np0000191222 devstack@g-api.service[114039]: INFO glance.api.middleware.cache_manage [None req-ee976d14-7133-43ca-8134-48ebb4e4a82d None None] Initialized image cache management middleware
Aug 26 20:41:03.334970 np0000191222 devstack@g-api.service[114039]: INFO glance.image_cache [None req-ee976d14-7133-43ca-8134-48ebb4e4a82d None None] Image cache loaded driver 'centralized_db'.
Aug 26 20:41:03.337266 np0000191222 devstack@g-api.service[114038]: INFO glance.image_cache [None req-904c875e-3175-4376-9c94-5386f592a3f9 None None] Image cache loaded driver 'centralized_db'.
Aug 26 20:41:03.341587 np0000191222 devstack@g-api.service[114041]: DEBUG glance.image_cache.drivers.centralized_db [None req-1aabecda-e84f-4018-aebe-33042811ac28 None None] Node reference is already recorded, ignoring it {{(pid=114041) configure /opt/stack/glance/glance/image_cache/drivers/centralized_db.py:71}}
Aug 26 20:41:03.343411 np0000191222 devstack@g-api.service[114040]: DEBUG glance.image_cache.drivers.centralized_db [None req-eed8ddc0-0b70-4850-b2c5-7af852f549c3 None None] Node reference is already recorded, ignoring it {{(pid=114040) configure /opt/stack/glance/glance/image_cache/drivers/centralized_db.py:71}}
Aug 26 20:41:03.343909 np0000191222 devstack@g-api.service[114039]: DEBUG glance.image_cache.drivers.centralized_db [None req-ee976d14-7133-43ca-8134-48ebb4e4a82d None None] Node reference is already recorded, ignoring it {{(pid=114039) configure /opt/stack/glance/glance/image_cache/drivers/centralized_db.py:71}}
Aug 26 20:41:03.346138 np0000191222 devstack@g-api.service[114038]: DEBUG glance.image_cache.drivers.centralized_db [None req-904c875e-3175-4376-9c94-5386f592a3f9 None None] Node reference is already recorded, ignoring it {{(pid=114038) configure /opt/stack/glance/glance/image_cache/drivers/centralized_db.py:71}}
Aug 26 20:41:03.348142 np0000191222 devstack@g-api.service[114039]: INFO glance.api.middleware.cache [None req-ee976d14-7133-43ca-8134-48ebb4e4a82d None None] Initialized image cache middleware
Aug 26 20:41:03.348433 np0000191222 devstack@g-api.service[114040]: INFO glance.api.middleware.cache_manage [None req-eed8ddc0-0b70-4850-b2c5-7af852f549c3 None None] Initialized image cache management middleware
Aug 26 20:41:03.348590 np0000191222 devstack@g-api.service[114040]: INFO glance.image_cache [None req-eed8ddc0-0b70-4850-b2c5-7af852f549c3 None None] Image cache loaded driver 'centralized_db'.
Aug 26 20:41:03.348673 np0000191222 devstack@g-api.service[114041]: DEBUG glance.api.v2.cached_images [None req-1aabecda-e84f-4018-aebe-33042811ac28 None None] Started cache worker thread {{(pid=114041) __init__ /opt/stack/glance/glance/api/v2/cached_images.py:71}}
Aug 26 20:41:03.349436 np0000191222 devstack@g-api.service[114041]: INFO glance.image_cache [None req-1aabecda-e84f-4018-aebe-33042811ac28 None None] Image cache loaded driver 'centralized_db'.
Aug 26 20:41:03.352645 np0000191222 devstack@g-api.service[114038]: DEBUG glance.api.v2.cached_images [None req-904c875e-3175-4376-9c94-5386f592a3f9 None None] Started cache worker thread {{(pid=114038) __init__ /opt/stack/glance/glance/api/v2/cached_images.py:71}}
Aug 26 20:41:03.353339 np0000191222 devstack@g-api.service[114038]: INFO glance.image_cache [None req-904c875e-3175-4376-9c94-5386f592a3f9 None None] Image cache loaded driver 'centralized_db'.
Aug 26 20:41:03.357230 np0000191222 devstack@g-api.service[114040]: DEBUG glance.image_cache.drivers.centralized_db [None req-eed8ddc0-0b70-4850-b2c5-7af852f549c3 None None] Node reference is already recorded, ignoring it {{(pid=114040) configure /opt/stack/glance/glance/image_cache/drivers/centralized_db.py:71}}
Aug 26 20:41:03.359858 np0000191222 devstack@g-api.service[114039]: DEBUG glance.common.config [None req-ee976d14-7133-43ca-8134-48ebb4e4a82d None None] ******************************************************************************** {{(pid=114039) log_opt_values /opt/stack/data/venv/lib/python3.12/site-packages/oslo_config/cfg.py:3533}}
Aug 26 20:41:03.359971 np0000191222 devstack@g-api.service[114039]: DEBUG glance.common.config [None req-ee976d14-7133-43ca-8134-48ebb4e4a82d None None] Configuration options gathered from: {{(pid=114039) log_opt_values /opt/stack/data/venv/lib/python3.12/site-packages/oslo_config/cfg.py:3534}}
Aug 26 20:41:03.360312 np0000191222 devstack@g-api.service[114039]: DEBUG glance.common.config [None req-ee976d14-7133-43ca-8134-48ebb4e4a82d None None] command line args: [] {{(pid=114039) log_opt_values /opt/stack/data/venv/lib/python3.12/site-packages/oslo_config/cfg.py:3535}}
Aug 26 20:41:03.360433 np0000191222 devstack@g-api.service[114039]: DEBUG glance.common.config [None req-ee976d14-7133-43ca-8134-48ebb4e4a82d None None] config files: ['/etc/glance/glance-image-import.conf', '/etc/glance/glance-api.conf'] {{(pid=114039) log_opt_values /opt/stack/data/venv/lib/python3.12/site-packages/oslo_config/cfg.py:3536}}
Aug 26 20:41:03.360494 np0000191222 devstack@g-api.service[114039]: DEBUG glance.common.config [None req-ee976d14-7133-43ca-8134-48ebb4e4a82d None None] ================================================================================ {{(pid=114039) log_opt_values /opt/stack/data/venv/lib/python3.12/site-packages/oslo_config/cfg.py:3541}}
Aug 26 20:41:03.360659 np0000191222 devstack@g-api.service[114039]: DEBUG glance.common.config [None req-ee976d14-7133-43ca-8134-48ebb4e4a82d None None] allow_anonymous_access = False {{(pid=114039) log_opt_values /opt/stack/data/venv/lib/python3.12/site-packages/oslo_config/cfg.py:3549}}
Aug 26 20:41:03.360791 np0000191222 devstack@g-api.service[114039]: DEBUG glance.common.config [None req-ee976d14-7133-43ca-8134-48ebb4e4a82d None None] api_limit_max = 1000 {{(pid=114039) log_opt_values /opt/stack/data/venv/lib/python3.12/site-packages/oslo_config/cfg.py:3549}}
Aug 26 20:41:03.360902 np0000191222 devstack@g-api.service[114039]: DEBUG glance.common.config [None req-ee976d14-7133-43ca-8134-48ebb4e4a82d None None] config_dir = [] {{(pid=114039) log_opt_values /opt/stack/data/venv/lib/python3.12/site-packages/oslo_config/cfg.py:3549}}
Aug 26 20:41:03.360963 np0000191222 devstack@g-api.service[114039]: DEBUG glance.common.config [None req-ee976d14-7133-43ca-8134-48ebb4e4a82d None None] config_file = ['/etc/glance/glance-image-import.conf', '/etc/glance/glance-api.conf'] {{(pid=114039) log_opt_values /opt/stack/data/venv/lib/python3.12/site-packages/oslo_config/cfg.py:3549}}
Aug 26 20:41:03.361095 np0000191222 devstack@g-api.service[114039]: DEBUG glance.common.config [None req-ee976d14-7133-43ca-8134-48ebb4e4a82d None None] config_source = [] {{(pid=114039) log_opt_values /opt/stack/data/venv/lib/python3.12/site-packages/oslo_config/cfg.py:3549}}
Aug 26 20:41:03.361223 np0000191222 devstack@g-api.service[114039]: DEBUG glance.common.config [None req-ee976d14-7133-43ca-8134-48ebb4e4a82d None None] control_exchange = glance {{(pid=114039) log_opt_values /opt/stack/data/venv/lib/python3.12/site-packages/oslo_config/cfg.py:3549}}
Aug 26 20:41:03.361292 np0000191222 devstack@g-api.service[114039]: DEBUG glance.common.config [None req-ee976d14-7133-43ca-8134-48ebb4e4a82d None None] debug = True {{(pid=114039) log_opt_values /opt/stack/data/venv/lib/python3.12/site-packages/oslo_config/cfg.py:3549}}
Aug 26 20:41:03.361357 np0000191222 devstack@g-api.service[114040]: INFO glance.api.middleware.cache [None req-eed8ddc0-0b70-4850-b2c5-7af852f549c3 None None] Initialized image cache middleware
Aug 26 20:41:03.361483 np0000191222 devstack@g-api.service[114041]: DEBUG glance.image_cache.drivers.centralized_db [None req-1aabecda-e84f-4018-aebe-33042811ac28 None None] Node reference is already recorded, ignoring it {{(pid=114041) configure /opt/stack/glance/glance/image_cache/drivers/centralized_db.py:71}}
Aug 26 20:41:03.361557 np0000191222 devstack@g-api.service[114039]: DEBUG glance.common.config [None req-ee976d14-7133-43ca-8134-48ebb4e4a82d None None] default_log_levels = ['amqp=WARN', 'boto=WARN', 'sqlalchemy=WARN', 'suds=INFO', 'oslo.messaging=INFO', 'oslo_messaging=INFO', 'iso8601=WARN', 'requests.packages.urllib3.connectionpool=WARN', 'urllib3.connectionpool=WARN', 'websocket=WARN', 'requests.packages.urllib3.util.retry=WARN', 'urllib3.util.retry=WARN', 'keystonemiddleware=WARN', 'routes.middleware=WARN', 'stevedore=WARN', 'taskflow=WARN', 'keystoneauth=WARN', 'oslo.cache=INFO', 'oslo_policy=INFO', 'dogpile.core.dogpile=INFO'] {{(pid=114039) log_opt_values /opt/stack/data/venv/lib/python3.12/site-packages/oslo_config/cfg.py:3549}}
Aug 26 20:41:03.361730 np0000191222 devstack@g-api.service[114039]: DEBUG glance.common.config [None req-ee976d14-7133-43ca-8134-48ebb4e4a82d None None] default_publisher_id = image.localhost {{(pid=114039) log_opt_values /opt/stack/data/venv/lib/python3.12/site-packages/oslo_config/cfg.py:3549}}
Aug 26 20:41:03.361730 np0000191222 devstack@g-api.service[114039]: DEBUG glance.common.config [None req-ee976d14-7133-43ca-8134-48ebb4e4a82d None None] delayed_delete = False {{(pid=114039) log_opt_values /opt/stack/data/venv/lib/python3.12/site-packages/oslo_config/cfg.py:3549}}
Aug 26 20:41:03.361913 np0000191222 devstack@g-api.service[114039]: DEBUG glance.common.config [None req-ee976d14-7133-43ca-8134-48ebb4e4a82d None None] digest_algorithm = sha256 {{(pid=114039) log_opt_values /opt/stack/data/venv/lib/python3.12/site-packages/oslo_config/cfg.py:3549}}
Aug 26 20:41:03.361986 np0000191222 devstack@g-api.service[114039]: DEBUG glance.common.config [None req-ee976d14-7133-43ca-8134-48ebb4e4a82d None None] disabled_notifications = [] {{(pid=114039) log_opt_values /opt/stack/data/venv/lib/python3.12/site-packages/oslo_config/cfg.py:3549}}
Aug 26 20:41:03.362057 np0000191222 devstack@g-api.service[114039]: DEBUG glance.common.config [None req-ee976d14-7133-43ca-8134-48ebb4e4a82d None None] do_secure_hash = True {{(pid=114039) log_opt_values /opt/stack/data/venv/lib/python3.12/site-packages/oslo_config/cfg.py:3549}}
Aug 26 20:41:03.362123 np0000191222 devstack@g-api.service[114039]: DEBUG glance.common.config [None req-ee976d14-7133-43ca-8134-48ebb4e4a82d None None] enabled_backends = None {{(pid=114039) log_opt_values /opt/stack/data/venv/lib/python3.12/site-packages/oslo_config/cfg.py:3549}}
Aug 26 20:41:03.362291 np0000191222 devstack@g-api.service[114039]: DEBUG glance.common.config [None req-ee976d14-7133-43ca-8134-48ebb4e4a82d None None] enabled_import_methods = ['glance-direct', 'web-download', 'copy-image'] {{(pid=114039) log_opt_values /opt/stack/data/venv/lib/python3.12/site-packages/oslo_config/cfg.py:3549}}
Aug 26 20:41:03.362373 np0000191222 devstack@g-api.service[114039]: DEBUG glance.common.config [None req-ee976d14-7133-43ca-8134-48ebb4e4a82d None None] hashing_algorithm = sha512 {{(pid=114039) log_opt_values /opt/stack/data/venv/lib/python3.12/site-packages/oslo_config/cfg.py:3549}}
Aug 26 20:41:03.362448 np0000191222 devstack@g-api.service[114039]: DEBUG glance.common.config [None req-ee976d14-7133-43ca-8134-48ebb4e4a82d None None] http_retries = 3 {{(pid=114039) log_opt_values /opt/stack/data/venv/lib/python3.12/site-packages/oslo_config/cfg.py:3549}}
Aug 26 20:41:03.362557 np0000191222 devstack@g-api.service[114039]: DEBUG glance.common.config [None req-ee976d14-7133-43ca-8134-48ebb4e4a82d None None] image_cache_dir = /opt/stack/data/glance/cache/ {{(pid=114039) log_opt_values /opt/stack/data/venv/lib/python3.12/site-packages/oslo_config/cfg.py:3549}}
Aug 26 20:41:03.362671 np0000191222 devstack@g-api.service[114039]: DEBUG glance.common.config [None req-ee976d14-7133-43ca-8134-48ebb4e4a82d None None] image_cache_driver = centralized_db {{(pid=114039) log_opt_values /opt/stack/data/venv/lib/python3.12/site-packages/oslo_config/cfg.py:3549}}
Aug 26 20:41:03.362777 np0000191222 devstack@g-api.service[114039]: DEBUG glance.common.config [None req-ee976d14-7133-43ca-8134-48ebb4e4a82d None None] image_cache_max_size = 10737418240 {{(pid=114039) log_opt_values /opt/stack/data/venv/lib/python3.12/site-packages/oslo_config/cfg.py:3549}}
Aug 26 20:41:03.362899 np0000191222 devstack@g-api.service[114039]: DEBUG glance.common.config [None req-ee976d14-7133-43ca-8134-48ebb4e4a82d None None] image_cache_sqlite_db = cache.db {{(pid=114039) log_opt_values /opt/stack/data/venv/lib/python3.12/site-packages/oslo_config/cfg.py:3549}}
Aug 26 20:41:03.362978 np0000191222 devstack@g-api.service[114039]: DEBUG glance.common.config [None req-ee976d14-7133-43ca-8134-48ebb4e4a82d None None] image_cache_stall_time = 86400 {{(pid=114039) log_opt_values /opt/stack/data/venv/lib/python3.12/site-packages/oslo_config/cfg.py:3549}}
Aug 26 20:41:03.363088 np0000191222 devstack@g-api.service[114039]: DEBUG glance.common.config [None req-ee976d14-7133-43ca-8134-48ebb4e4a82d None None] image_location_quota = 10 {{(pid=114039) log_opt_values /opt/stack/data/venv/lib/python3.12/site-packages/oslo_config/cfg.py:3549}}
Aug 26 20:41:03.363188 np0000191222 devstack@g-api.service[114039]: DEBUG glance.common.config [None req-ee976d14-7133-43ca-8134-48ebb4e4a82d None None] image_member_quota = 128 {{(pid=114039) log_opt_values /opt/stack/data/venv/lib/python3.12/site-packages/oslo_config/cfg.py:3549}}
Aug 26 20:41:03.363302 np0000191222 devstack@g-api.service[114039]: DEBUG glance.common.config [None req-ee976d14-7133-43ca-8134-48ebb4e4a82d None None] image_property_quota = 128 {{(pid=114039) log_opt_values /opt/stack/data/venv/lib/python3.12/site-packages/oslo_config/cfg.py:3549}}
Aug 26 20:41:03.363429 np0000191222 devstack@g-api.service[114039]: DEBUG glance.common.config [None req-ee976d14-7133-43ca-8134-48ebb4e4a82d None None] image_size_cap = 1099511627776 {{(pid=114039) log_opt_values /opt/stack/data/venv/lib/python3.12/site-packages/oslo_config/cfg.py:3549}}
Aug 26 20:41:03.363535 np0000191222 devstack@g-api.service[114039]: DEBUG glance.common.config [None req-ee976d14-7133-43ca-8134-48ebb4e4a82d None None] image_tag_quota = 128 {{(pid=114039) log_opt_values /opt/stack/data/venv/lib/python3.12/site-packages/oslo_config/cfg.py:3549}}
Aug 26 20:41:03.363664 np0000191222 devstack@g-api.service[114039]: DEBUG glance.common.config [None req-ee976d14-7133-43ca-8134-48ebb4e4a82d None None] instance_format = [instance: %(uuid)s] {{(pid=114039) log_opt_values /opt/stack/data/venv/lib/python3.12/site-packages/oslo_config/cfg.py:3549}}
Aug 26 20:41:03.363789 np0000191222 devstack@g-api.service[114039]: DEBUG glance.common.config [None req-ee976d14-7133-43ca-8134-48ebb4e4a82d None None] instance_uuid_format = [instance: %(uuid)s] {{(pid=114039) log_opt_values /opt/stack/data/venv/lib/python3.12/site-packages/oslo_config/cfg.py:3549}}
Aug 26 20:41:03.363917 np0000191222 devstack@g-api.service[114039]: DEBUG glance.common.config [None req-ee976d14-7133-43ca-8134-48ebb4e4a82d None None] limit_param_default = 25 {{(pid=114039) log_opt_values /opt/stack/data/venv/lib/python3.12/site-packages/oslo_config/cfg.py:3549}}
Aug 26 20:41:03.364027 np0000191222 devstack@g-api.service[114039]: DEBUG glance.common.config [None req-ee976d14-7133-43ca-8134-48ebb4e4a82d None None] log_color = False {{(pid=114039) log_opt_values /opt/stack/data/venv/lib/python3.12/site-packages/oslo_config/cfg.py:3549}}
Aug 26 20:41:03.364148 np0000191222 devstack@g-api.service[114039]: DEBUG glance.common.config [None req-ee976d14-7133-43ca-8134-48ebb4e4a82d None None] log_config_append = None {{(pid=114039) log_opt_values /opt/stack/data/venv/lib/python3.12/site-packages/oslo_config/cfg.py:3549}}
Aug 26 20:41:03.364260 np0000191222 devstack@g-api.service[114039]: DEBUG glance.common.config [None req-ee976d14-7133-43ca-8134-48ebb4e4a82d None None] log_date_format = %Y-%m-%d %H:%M:%S {{(pid=114039) log_opt_values /opt/stack/data/venv/lib/python3.12/site-packages/oslo_config/cfg.py:3549}}
Aug 26 20:41:03.364355 np0000191222 devstack@g-api.service[114039]: DEBUG glance.common.config [None req-ee976d14-7133-43ca-8134-48ebb4e4a82d None None] log_dir = None {{(pid=114039) log_opt_values /opt/stack/data/venv/lib/python3.12/site-packages/oslo_config/cfg.py:3549}}
Aug 26 20:41:03.364578 np0000191222 devstack@g-api.service[114039]: DEBUG glance.common.config [None req-ee976d14-7133-43ca-8134-48ebb4e4a82d None None] log_file = None {{(pid=114039) log_opt_values /opt/stack/data/venv/lib/python3.12/site-packages/oslo_config/cfg.py:3549}}
Aug 26 20:41:03.364578 np0000191222 devstack@g-api.service[114039]: DEBUG glance.common.config [None req-ee976d14-7133-43ca-8134-48ebb4e4a82d None None] log_rotate_interval = 1 {{(pid=114039) log_opt_values /opt/stack/data/venv/lib/python3.12/site-packages/oslo_config/cfg.py:3549}}
Aug 26 20:41:03.364779 np0000191222 devstack@g-api.service[114039]: DEBUG glance.common.config [None req-ee976d14-7133-43ca-8134-48ebb4e4a82d None None] log_rotate_interval_type = days {{(pid=114039) log_opt_values /opt/stack/data/venv/lib/python3.12/site-packages/oslo_config/cfg.py:3549}}
Aug 26 20:41:03.364779 np0000191222 devstack@g-api.service[114039]: DEBUG glance.common.config [None req-ee976d14-7133-43ca-8134-48ebb4e4a82d None None] log_rotation_type = none {{(pid=114039) log_opt_values /opt/stack/data/venv/lib/python3.12/site-packages/oslo_config/cfg.py:3549}}
Aug 26 20:41:03.364937 np0000191222 devstack@g-api.service[114039]: DEBUG glance.common.config [None req-ee976d14-7133-43ca-8134-48ebb4e4a82d None None] logging_context_format_string = %(color)s%(levelname)s %(name)s [%(global_request_id)s %(request_id)s %(project_name)s %(user_name)s%(color)s] %(instance)s%(color)s%(message)s {{(pid=114039) log_opt_values /opt/stack/data/venv/lib/python3.12/site-packages/oslo_config/cfg.py:3549}}
Aug 26 20:41:03.365032 np0000191222 devstack@g-api.service[114038]: DEBUG glance.image_cache.drivers.centralized_db [None req-904c875e-3175-4376-9c94-5386f592a3f9 None None] Node reference is already recorded, ignoring it {{(pid=114038) configure /opt/stack/glance/glance/image_cache/drivers/centralized_db.py:71}}
Aug 26 20:41:03.365117 np0000191222 devstack@g-api.service[114039]: DEBUG glance.common.config [None req-ee976d14-7133-43ca-8134-48ebb4e4a82d None None] logging_debug_format_suffix = {{(pid=%(process)d) %(funcName)s %(pathname)s:%(lineno)d}} {{(pid=114039) log_opt_values /opt/stack/data/venv/lib/python3.12/site-packages/oslo_config/cfg.py:3549}}
Aug 26 20:41:03.365117 np0000191222 devstack@g-api.service[114039]: DEBUG glance.common.config [None req-ee976d14-7133-43ca-8134-48ebb4e4a82d None None] logging_default_format_string = %(color)s%(levelname)s %(name)s [-%(color)s] %(instance)s%(color)s%(message)s {{(pid=114039) log_opt_values /opt/stack/data/venv/lib/python3.12/site-packages/oslo_config/cfg.py:3549}}
Aug 26 20:41:03.365117 np0000191222 devstack@g-api.service[114039]: DEBUG glance.common.config [None req-ee976d14-7133-43ca-8134-48ebb4e4a82d None None] logging_exception_prefix = ERROR %(name)s %(instance)s {{(pid=114039) log_opt_values /opt/stack/data/venv/lib/python3.12/site-packages/oslo_config/cfg.py:3549}}
Aug 26 20:41:03.365368 np0000191222 devstack@g-api.service[114039]: DEBUG glance.common.config [None req-ee976d14-7133-43ca-8134-48ebb4e4a82d None None] logging_user_identity_format = %(user)s %(project)s %(domain)s %(system_scope)s %(user_domain)s %(project_domain)s {{(pid=114039) log_opt_values /opt/stack/data/venv/lib/python3.12/site-packages/oslo_config/cfg.py:3549}}
Aug 26 20:41:03.365368 np0000191222 devstack@g-api.service[114039]: DEBUG glance.common.config [None req-ee976d14-7133-43ca-8134-48ebb4e4a82d None None] max_logfile_count = 30 {{(pid=114039) log_opt_values /opt/stack/data/venv/lib/python3.12/site-packages/oslo_config/cfg.py:3549}}
Aug 26 20:41:03.365368 np0000191222 devstack@g-api.service[114039]: DEBUG glance.common.config [None req-ee976d14-7133-43ca-8134-48ebb4e4a82d None None] max_logfile_size_mb = 200 {{(pid=114039) log_opt_values /opt/stack/data/venv/lib/python3.12/site-packages/oslo_config/cfg.py:3549}}
Aug 26 20:41:03.365600 np0000191222 devstack@g-api.service[114039]: DEBUG glance.common.config [None req-ee976d14-7133-43ca-8134-48ebb4e4a82d None None] max_request_id_length = 64 {{(pid=114039) log_opt_values /opt/stack/data/venv/lib/python3.12/site-packages/oslo_config/cfg.py:3549}}
Aug 26 20:41:03.365600 np0000191222 devstack@g-api.service[114039]: DEBUG glance.common.config [None req-ee976d14-7133-43ca-8134-48ebb4e4a82d None None] metadata_encryption_key = **** {{(pid=114039) log_opt_values /opt/stack/data/venv/lib/python3.12/site-packages/oslo_config/cfg.py:3549}}
Aug 26 20:41:03.365600 np0000191222 devstack@g-api.service[114039]: DEBUG glance.common.config [None req-ee976d14-7133-43ca-8134-48ebb4e4a82d None None] node_staging_uri = file:///tmp/staging/ {{(pid=114039) log_opt_values /opt/stack/data/venv/lib/python3.12/site-packages/oslo_config/cfg.py:3549}}
Aug 26 20:41:03.365930 np0000191222 devstack@g-api.service[114039]: DEBUG glance.common.config [None req-ee976d14-7133-43ca-8134-48ebb4e4a82d None None] property_protection_file = None {{(pid=114039) log_opt_values /opt/stack/data/venv/lib/python3.12/site-packages/oslo_config/cfg.py:3549}}
Aug 26 20:41:03.365930 np0000191222 devstack@g-api.service[114039]: DEBUG glance.common.config [None req-ee976d14-7133-43ca-8134-48ebb4e4a82d None None] property_protection_rule_format = roles {{(pid=114039) log_opt_values /opt/stack/data/venv/lib/python3.12/site-packages/oslo_config/cfg.py:3549}}
Aug 26 20:41:03.365930 np0000191222 devstack@g-api.service[114039]: DEBUG glance.common.config [None req-ee976d14-7133-43ca-8134-48ebb4e4a82d None None] public_endpoint = https://162.253.55.91/image {{(pid=114039) log_opt_values /opt/stack/data/venv/lib/python3.12/site-packages/oslo_config/cfg.py:3549}}
Aug 26 20:41:03.366182 np0000191222 devstack@g-api.service[114039]: DEBUG glance.common.config [None req-ee976d14-7133-43ca-8134-48ebb4e4a82d None None] publish_errors = False {{(pid=114039) log_opt_values /opt/stack/data/venv/lib/python3.12/site-packages/oslo_config/cfg.py:3549}}
Aug 26 20:41:03.366182 np0000191222 devstack@g-api.service[114039]: DEBUG glance.common.config [None req-ee976d14-7133-43ca-8134-48ebb4e4a82d None None] pydev_worker_debug_host = None {{(pid=114039) log_opt_values /opt/stack/data/venv/lib/python3.12/site-packages/oslo_config/cfg.py:3549}}
Aug 26 20:41:03.366311 np0000191222 devstack@g-api.service[114039]: DEBUG glance.common.config [None req-ee976d14-7133-43ca-8134-48ebb4e4a82d None None] pydev_worker_debug_port = 5678 {{(pid=114039) log_opt_values /opt/stack/data/venv/lib/python3.12/site-packages/oslo_config/cfg.py:3549}}
Aug 26 20:41:03.366311 np0000191222 devstack@g-api.service[114039]: DEBUG glance.common.config [None req-ee976d14-7133-43ca-8134-48ebb4e4a82d None None] rate_limit_burst = 0 {{(pid=114039) log_opt_values /opt/stack/data/venv/lib/python3.12/site-packages/oslo_config/cfg.py:3549}}
Aug 26 20:41:03.366415 np0000191222 devstack@g-api.service[114039]: DEBUG glance.common.config [None req-ee976d14-7133-43ca-8134-48ebb4e4a82d None None] rate_limit_except_level = CRITICAL {{(pid=114039) log_opt_values /opt/stack/data/venv/lib/python3.12/site-packages/oslo_config/cfg.py:3549}}
Aug 26 20:41:03.366527 np0000191222 devstack@g-api.service[114039]: DEBUG glance.common.config [None req-ee976d14-7133-43ca-8134-48ebb4e4a82d None None] rate_limit_interval = 0 {{(pid=114039) log_opt_values /opt/stack/data/venv/lib/python3.12/site-packages/oslo_config/cfg.py:3549}}
Aug 26 20:41:03.366646 np0000191222 devstack@g-api.service[114039]: DEBUG glance.common.config [None req-ee976d14-7133-43ca-8134-48ebb4e4a82d None None] scrub_pool_size = 1 {{(pid=114039) log_opt_values /opt/stack/data/venv/lib/python3.12/site-packages/oslo_config/cfg.py:3549}}
Aug 26 20:41:03.366732 np0000191222 devstack@g-api.service[114039]: DEBUG glance.common.config [None req-ee976d14-7133-43ca-8134-48ebb4e4a82d None None] scrub_time = 0 {{(pid=114039) log_opt_values /opt/stack/data/venv/lib/python3.12/site-packages/oslo_config/cfg.py:3549}}
Aug 26 20:41:03.366825 np0000191222 devstack@g-api.service[114039]: DEBUG glance.common.config [None req-ee976d14-7133-43ca-8134-48ebb4e4a82d None None] shell_completion = None {{(pid=114039) log_opt_values /opt/stack/data/venv/lib/python3.12/site-packages/oslo_config/cfg.py:3549}}
Aug 26 20:41:03.366941 np0000191222 devstack@g-api.service[114039]: DEBUG glance.common.config [None req-ee976d14-7133-43ca-8134-48ebb4e4a82d None None] show_image_direct_url = False {{(pid=114039) log_opt_values /opt/stack/data/venv/lib/python3.12/site-packages/oslo_config/cfg.py:3549}}
Aug 26 20:41:03.367018 np0000191222 devstack@g-api.service[114041]: INFO glance.api.middleware.cache_manage [None req-1aabecda-e84f-4018-aebe-33042811ac28 None None] Initialized image cache management middleware
Aug 26 20:41:03.367119 np0000191222 devstack@g-api.service[114041]: INFO glance.image_cache [None req-1aabecda-e84f-4018-aebe-33042811ac28 None None] Image cache loaded driver 'centralized_db'.
Aug 26 20:41:03.367176 np0000191222 devstack@g-api.service[114039]: WARNING oslo_config.cfg [None req-ee976d14-7133-43ca-8134-48ebb4e4a82d None None] Deprecated: Option "show_multiple_locations" from group "DEFAULT" is deprecated for removal (Use of this option, deprecated since Newton, is a security risk and will be removed once we figure out a way to satisfy those use cases that currently require it. An earlier announcement that the same functionality can be achieved with greater granularity by using policies is incorrect. You cannot work around this option via policy configuration at the present time, though that is the direction we believe the fix will take. Please keep an eye on the Glance release notes to stay up to date on progress in addressing this issue.). Its value may be silently ignored in the future.
Aug 26 20:41:03.367324 np0000191222 devstack@g-api.service[114039]: DEBUG glance.common.config [None req-ee976d14-7133-43ca-8134-48ebb4e4a82d None None] show_multiple_locations = False {{(pid=114039) log_opt_values /opt/stack/data/venv/lib/python3.12/site-packages/oslo_config/cfg.py:3549}}
Aug 26 20:41:03.367324 np0000191222 devstack@g-api.service[114039]: DEBUG glance.common.config [None req-ee976d14-7133-43ca-8134-48ebb4e4a82d None None] syslog_log_facility = LOG_USER {{(pid=114039) log_opt_values /opt/stack/data/venv/lib/python3.12/site-packages/oslo_config/cfg.py:3549}}
Aug 26 20:41:03.367486 np0000191222 devstack@g-api.service[114039]: DEBUG glance.common.config [None req-ee976d14-7133-43ca-8134-48ebb4e4a82d None None] transport_url = **** {{(pid=114039) log_opt_values /opt/stack/data/venv/lib/python3.12/site-packages/oslo_config/cfg.py:3549}}
Aug 26 20:41:03.367554 np0000191222 devstack@g-api.service[114039]: DEBUG glance.common.config [None req-ee976d14-7133-43ca-8134-48ebb4e4a82d None None] use_journal = False {{(pid=114039) log_opt_values /opt/stack/data/venv/lib/python3.12/site-packages/oslo_config/cfg.py:3549}}
Aug 26 20:41:03.367650 np0000191222 devstack@g-api.service[114039]: DEBUG glance.common.config [None req-ee976d14-7133-43ca-8134-48ebb4e4a82d None None] use_json = False {{(pid=114039) log_opt_values /opt/stack/data/venv/lib/python3.12/site-packages/oslo_config/cfg.py:3549}}
Aug 26 20:41:03.367748 np0000191222 devstack@g-api.service[114039]: DEBUG glance.common.config [None req-ee976d14-7133-43ca-8134-48ebb4e4a82d None None] use_keystone_limits = True {{(pid=114039) log_opt_values /opt/stack/data/venv/lib/python3.12/site-packages/oslo_config/cfg.py:3549}}
Aug 26 20:41:03.367827 np0000191222 devstack@g-api.service[114039]: DEBUG glance.common.config [None req-ee976d14-7133-43ca-8134-48ebb4e4a82d None None] use_stderr = False {{(pid=114039) log_opt_values /opt/stack/data/venv/lib/python3.12/site-packages/oslo_config/cfg.py:3549}}
Aug 26 20:41:03.367961 np0000191222 devstack@g-api.service[114039]: DEBUG glance.common.config [None req-ee976d14-7133-43ca-8134-48ebb4e4a82d None None] use_syslog = False {{(pid=114039) log_opt_values /opt/stack/data/venv/lib/python3.12/site-packages/oslo_config/cfg.py:3549}}
Aug 26 20:41:03.368061 np0000191222 devstack@g-api.service[114039]: DEBUG glance.common.config [None req-ee976d14-7133-43ca-8134-48ebb4e4a82d None None] user_storage_quota = 0 {{(pid=114039) log_opt_values /opt/stack/data/venv/lib/python3.12/site-packages/oslo_config/cfg.py:3549}}
Aug 26 20:41:03.368162 np0000191222 devstack@g-api.service[114039]: DEBUG glance.common.config [None req-ee976d14-7133-43ca-8134-48ebb4e4a82d None None] worker_self_reference_url = http://127.0.0.1:60999 {{(pid=114039) log_opt_values /opt/stack/data/venv/lib/python3.12/site-packages/oslo_config/cfg.py:3549}}
Aug 26 20:41:03.368272 np0000191222 devstack@g-api.service[114039]: DEBUG glance.common.config [None req-ee976d14-7133-43ca-8134-48ebb4e4a82d None None] oslo_concurrency.disable_process_locking = False {{(pid=114039) log_opt_values /opt/stack/data/venv/lib/python3.12/site-packages/oslo_config/cfg.py:3560}}
Aug 26 20:41:03.368378 np0000191222 devstack@g-api.service[114039]: DEBUG glance.common.config [None req-ee976d14-7133-43ca-8134-48ebb4e4a82d None None] oslo_concurrency.lock_path = /opt/stack/data/glance/locks {{(pid=114039) log_opt_values /opt/stack/data/venv/lib/python3.12/site-packages/oslo_config/cfg.py:3560}}
Aug 26 20:41:03.368482 np0000191222 devstack@g-api.service[114039]: DEBUG glance.common.config [None req-ee976d14-7133-43ca-8134-48ebb4e4a82d None None] oslo_middleware.enable_proxy_headers_parsing = False {{(pid=114039) log_opt_values /opt/stack/data/venv/lib/python3.12/site-packages/oslo_config/cfg.py:3560}}
Aug 26 20:41:03.368587 np0000191222 devstack@g-api.service[114039]: DEBUG glance.common.config [None req-ee976d14-7133-43ca-8134-48ebb4e4a82d None None] oslo_middleware.http_basic_auth_user_file = /etc/htpasswd {{(pid=114039) log_opt_values /opt/stack/data/venv/lib/python3.12/site-packages/oslo_config/cfg.py:3560}}
Aug 26 20:41:03.368697 np0000191222 devstack@g-api.service[114039]: DEBUG glance.common.config [None req-ee976d14-7133-43ca-8134-48ebb4e4a82d None None] paste_deploy.config_file = None {{(pid=114039) log_opt_values /opt/stack/data/venv/lib/python3.12/site-packages/oslo_config/cfg.py:3560}}
Aug 26 20:41:03.368812 np0000191222 devstack@g-api.service[114039]: DEBUG glance.common.config [None req-ee976d14-7133-43ca-8134-48ebb4e4a82d None None] paste_deploy.flavor = keystone+cachemanagement {{(pid=114039) log_opt_values /opt/stack/data/venv/lib/python3.12/site-packages/oslo_config/cfg.py:3560}}
Aug 26 20:41:03.368968 np0000191222 devstack@g-api.service[114039]: DEBUG glance.common.config [None req-ee976d14-7133-43ca-8134-48ebb4e4a82d None None] image_format.container_formats = ['ami', 'ari', 'aki', 'bare', 'ovf', 'ova', 'docker', 'compressed'] {{(pid=114039) log_opt_values /opt/stack/data/venv/lib/python3.12/site-packages/oslo_config/cfg.py:3560}}
Aug 26 20:41:03.369115 np0000191222 devstack@g-api.service[114039]: DEBUG glance.common.config [None req-ee976d14-7133-43ca-8134-48ebb4e4a82d None None] image_format.disk_formats = ['ami', 'ari', 'aki', 'vhd', 'vhdx', 'vmdk', 'raw', 'qcow2', 'vdi', 'iso', 'ploop'] {{(pid=114039) log_opt_values /opt/stack/data/venv/lib/python3.12/site-packages/oslo_config/cfg.py:3560}}
Aug 26 20:41:03.369223 np0000191222 devstack@g-api.service[114039]: DEBUG glance.common.config [None req-ee976d14-7133-43ca-8134-48ebb4e4a82d None None] image_format.gpt_safety_checks_nonfatal = [] {{(pid=114039) log_opt_values /opt/stack/data/venv/lib/python3.12/site-packages/oslo_config/cfg.py:3560}}
Aug 26 20:41:03.369349 np0000191222 devstack@g-api.service[114039]: DEBUG glance.common.config [None req-ee976d14-7133-43ca-8134-48ebb4e4a82d None None] image_format.require_image_format_match = True {{(pid=114039) log_opt_values /opt/stack/data/venv/lib/python3.12/site-packages/oslo_config/cfg.py:3560}}
Aug 26 20:41:03.369435 np0000191222 devstack@g-api.service[114039]: DEBUG glance.common.config [None req-ee976d14-7133-43ca-8134-48ebb4e4a82d None None] image_format.vmdk_allowed_types = ['streamOptimized', 'monolithicSparse'] {{(pid=114039) log_opt_values /opt/stack/data/venv/lib/python3.12/site-packages/oslo_config/cfg.py:3560}}
Aug 26 20:41:03.369552 np0000191222 devstack@g-api.service[114039]: DEBUG glance.common.config [None req-ee976d14-7133-43ca-8134-48ebb4e4a82d None None] task.task_executor = taskflow {{(pid=114039) log_opt_values /opt/stack/data/venv/lib/python3.12/site-packages/oslo_config/cfg.py:3560}}
Aug 26 20:41:03.369676 np0000191222 devstack@g-api.service[114039]: DEBUG glance.common.config [None req-ee976d14-7133-43ca-8134-48ebb4e4a82d None None] task.task_time_to_live = 48 {{(pid=114039) log_opt_values /opt/stack/data/venv/lib/python3.12/site-packages/oslo_config/cfg.py:3560}}
Aug 26 20:41:03.369787 np0000191222 devstack@g-api.service[114039]: DEBUG glance.common.config [None req-ee976d14-7133-43ca-8134-48ebb4e4a82d None None] task.work_dir = None {{(pid=114039) log_opt_values /opt/stack/data/venv/lib/python3.12/site-packages/oslo_config/cfg.py:3560}}
Aug 26 20:41:03.369892 np0000191222 devstack@g-api.service[114039]: DEBUG glance.common.config [None req-ee976d14-7133-43ca-8134-48ebb4e4a82d None None] wsgi.python_interpreter = /opt/stack/data/venv/bin/python3 {{(pid=114039) log_opt_values /opt/stack/data/venv/lib/python3.12/site-packages/oslo_config/cfg.py:3560}}
Aug 26 20:41:03.369966 np0000191222 devstack@g-api.service[114038]: INFO glance.api.middleware.cache_manage [None req-904c875e-3175-4376-9c94-5386f592a3f9 None None] Initialized image cache management middleware
Aug 26 20:41:03.370047 np0000191222 devstack@g-api.service[114039]: DEBUG glance.common.config [None req-ee976d14-7133-43ca-8134-48ebb4e4a82d None None] wsgi.task_pool_threads = 16 {{(pid=114039) log_opt_values /opt/stack/data/venv/lib/python3.12/site-packages/oslo_config/cfg.py:3560}}
Aug 26 20:41:03.370119 np0000191222 devstack@g-api.service[114038]: INFO glance.image_cache [None req-904c875e-3175-4376-9c94-5386f592a3f9 None None] Image cache loaded driver 'centralized_db'.
Aug 26 20:41:03.370185 np0000191222 devstack@g-api.service[114039]: DEBUG glance.common.config [None req-ee976d14-7133-43ca-8134-48ebb4e4a82d None None] import_filtering_opts.allowed_hosts = [] {{(pid=114039) log_opt_values /opt/stack/data/venv/lib/python3.12/site-packages/oslo_config/cfg.py:3560}}
Aug 26 20:41:03.370185 np0000191222 devstack@g-api.service[114039]: DEBUG glance.common.config [None req-ee976d14-7133-43ca-8134-48ebb4e4a82d None None] import_filtering_opts.allowed_ports = [80, 443] {{(pid=114039) log_opt_values /opt/stack/data/venv/lib/python3.12/site-packages/oslo_config/cfg.py:3560}}
Aug 26 20:41:03.370317 np0000191222 devstack@g-api.service[114039]: DEBUG glance.common.config [None req-ee976d14-7133-43ca-8134-48ebb4e4a82d None None] import_filtering_opts.allowed_schemes = ['http', 'https'] {{(pid=114039) log_opt_values /opt/stack/data/venv/lib/python3.12/site-packages/oslo_config/cfg.py:3560}}
Aug 26 20:41:03.370392 np0000191222 devstack@g-api.service[114039]: DEBUG glance.common.config [None req-ee976d14-7133-43ca-8134-48ebb4e4a82d None None] import_filtering_opts.disallowed_hosts = [] {{(pid=114039) log_opt_values /opt/stack/data/venv/lib/python3.12/site-packages/oslo_config/cfg.py:3560}}
Aug 26 20:41:03.370490 np0000191222 devstack@g-api.service[114039]: DEBUG glance.common.config [None req-ee976d14-7133-43ca-8134-48ebb4e4a82d None None] import_filtering_opts.disallowed_ports = [] {{(pid=114039) log_opt_values /opt/stack/data/venv/lib/python3.12/site-packages/oslo_config/cfg.py:3560}}
Aug 26 20:41:03.370585 np0000191222 devstack@g-api.service[114039]: DEBUG glance.common.config [None req-ee976d14-7133-43ca-8134-48ebb4e4a82d None None] import_filtering_opts.disallowed_schemes = [] {{(pid=114039) log_opt_values /opt/stack/data/venv/lib/python3.12/site-packages/oslo_config/cfg.py:3560}}
Aug 26 20:41:03.370705 np0000191222 devstack@g-api.service[114039]: DEBUG glance.common.config [None req-ee976d14-7133-43ca-8134-48ebb4e4a82d None None] oslo_messaging_metrics.metrics_buffer_size = 1000 {{(pid=114039) log_opt_values /opt/stack/data/venv/lib/python3.12/site-packages/oslo_config/cfg.py:3560}}
Aug 26 20:41:03.370834 np0000191222 devstack@g-api.service[114039]: DEBUG glance.common.config [None req-ee976d14-7133-43ca-8134-48ebb4e4a82d None None] oslo_messaging_metrics.metrics_enabled = False {{(pid=114039) log_opt_values /opt/stack/data/venv/lib/python3.12/site-packages/oslo_config/cfg.py:3560}}
Aug 26 20:41:03.370945 np0000191222 devstack@g-api.service[114039]: DEBUG glance.common.config [None req-ee976d14-7133-43ca-8134-48ebb4e4a82d None None] oslo_messaging_metrics.metrics_process_name = {{(pid=114039) log_opt_values /opt/stack/data/venv/lib/python3.12/site-packages/oslo_config/cfg.py:3560}}
Aug 26 20:41:03.371014 np0000191222 devstack@g-api.service[114039]: DEBUG glance.common.config [None req-ee976d14-7133-43ca-8134-48ebb4e4a82d None None] oslo_messaging_metrics.metrics_socket_file = /var/tmp/metrics_collector.sock {{(pid=114039) log_opt_values /opt/stack/data/venv/lib/python3.12/site-packages/oslo_config/cfg.py:3560}}
Aug 26 20:41:03.371127 np0000191222 devstack@g-api.service[114039]: DEBUG glance.common.config [None req-ee976d14-7133-43ca-8134-48ebb4e4a82d None None] oslo_messaging_metrics.metrics_thread_stop_timeout = 10 {{(pid=114039) log_opt_values /opt/stack/data/venv/lib/python3.12/site-packages/oslo_config/cfg.py:3560}}
Aug 26 20:41:03.371233 np0000191222 devstack@g-api.service[114039]: DEBUG glance.common.config [None req-ee976d14-7133-43ca-8134-48ebb4e4a82d None None] profiler.connection_string = messaging:// {{(pid=114039) log_opt_values /opt/stack/data/venv/lib/python3.12/site-packages/oslo_config/cfg.py:3560}}
Aug 26 20:41:03.371335 np0000191222 devstack@g-api.service[114039]: DEBUG glance.common.config [None req-ee976d14-7133-43ca-8134-48ebb4e4a82d None None] profiler.enabled = False {{(pid=114039) log_opt_values /opt/stack/data/venv/lib/python3.12/site-packages/oslo_config/cfg.py:3560}}
Aug 26 20:41:03.371440 np0000191222 devstack@g-api.service[114039]: DEBUG glance.common.config [None req-ee976d14-7133-43ca-8134-48ebb4e4a82d None None] profiler.es_doc_type = notification {{(pid=114039) log_opt_values /opt/stack/data/venv/lib/python3.12/site-packages/oslo_config/cfg.py:3560}}
Aug 26 20:41:03.371543 np0000191222 devstack@g-api.service[114039]: DEBUG glance.common.config [None req-ee976d14-7133-43ca-8134-48ebb4e4a82d None None] profiler.es_scroll_size = 10000 {{(pid=114039) log_opt_values /opt/stack/data/venv/lib/python3.12/site-packages/oslo_config/cfg.py:3560}}
Aug 26 20:41:03.371660 np0000191222 devstack@g-api.service[114039]: DEBUG glance.common.config [None req-ee976d14-7133-43ca-8134-48ebb4e4a82d None None] profiler.es_scroll_time = 2m {{(pid=114039) log_opt_values /opt/stack/data/venv/lib/python3.12/site-packages/oslo_config/cfg.py:3560}}
Aug 26 20:41:03.371762 np0000191222 devstack@g-api.service[114039]: DEBUG glance.common.config [None req-ee976d14-7133-43ca-8134-48ebb4e4a82d None None] profiler.filter_error_trace = False {{(pid=114039) log_opt_values /opt/stack/data/venv/lib/python3.12/site-packages/oslo_config/cfg.py:3560}}
Aug 26 20:41:03.371890 np0000191222 devstack@g-api.service[114039]: DEBUG glance.common.config [None req-ee976d14-7133-43ca-8134-48ebb4e4a82d None None] profiler.hmac_keys = **** {{(pid=114039) log_opt_values /opt/stack/data/venv/lib/python3.12/site-packages/oslo_config/cfg.py:3560}}
Aug 26 20:41:03.371995 np0000191222 devstack@g-api.service[114039]: DEBUG glance.common.config [None req-ee976d14-7133-43ca-8134-48ebb4e4a82d None None] profiler.sentinel_service_name = mymaster {{(pid=114039) log_opt_values /opt/stack/data/venv/lib/python3.12/site-packages/oslo_config/cfg.py:3560}}
Aug 26 20:41:03.372110 np0000191222 devstack@g-api.service[114039]: DEBUG glance.common.config [None req-ee976d14-7133-43ca-8134-48ebb4e4a82d None None] profiler.socket_timeout = 0.1 {{(pid=114039) log_opt_values /opt/stack/data/venv/lib/python3.12/site-packages/oslo_config/cfg.py:3560}}
Aug 26 20:41:03.372195 np0000191222 devstack@g-api.service[114039]: DEBUG glance.common.config [None req-ee976d14-7133-43ca-8134-48ebb4e4a82d None None] profiler.trace_requests = False {{(pid=114039) log_opt_values /opt/stack/data/venv/lib/python3.12/site-packages/oslo_config/cfg.py:3560}}
Aug 26 20:41:03.372305 np0000191222 devstack@g-api.service[114039]: DEBUG glance.common.config [None req-ee976d14-7133-43ca-8134-48ebb4e4a82d None None] profiler.trace_sqlalchemy = False {{(pid=114039) log_opt_values /opt/stack/data/venv/lib/python3.12/site-packages/oslo_config/cfg.py:3560}}
Aug 26 20:41:03.372411 np0000191222 devstack@g-api.service[114039]: DEBUG glance.common.config [None req-ee976d14-7133-43ca-8134-48ebb4e4a82d None None] profiler_jaeger.process_tags = {} {{(pid=114039) log_opt_values /opt/stack/data/venv/lib/python3.12/site-packages/oslo_config/cfg.py:3560}}
Aug 26 20:41:03.372518 np0000191222 devstack@g-api.service[114039]: DEBUG glance.common.config [None req-ee976d14-7133-43ca-8134-48ebb4e4a82d None None] profiler_jaeger.service_name_prefix = None {{(pid=114039) log_opt_values /opt/stack/data/venv/lib/python3.12/site-packages/oslo_config/cfg.py:3560}}
Aug 26 20:41:03.372596 np0000191222 devstack@g-api.service[114039]: DEBUG glance.common.config [None req-ee976d14-7133-43ca-8134-48ebb4e4a82d None None] profiler_otlp.service_name_prefix = None {{(pid=114039) log_opt_values /opt/stack/data/venv/lib/python3.12/site-packages/oslo_config/cfg.py:3560}}
Aug 26 20:41:03.372725 np0000191222 devstack@g-api.service[114039]: DEBUG glance.common.config [None req-ee976d14-7133-43ca-8134-48ebb4e4a82d None None] oslo_reports.file_event_handler = None {{(pid=114039) log_opt_values /opt/stack/data/venv/lib/python3.12/site-packages/oslo_config/cfg.py:3560}}
Aug 26 20:41:03.372815 np0000191222 devstack@g-api.service[114039]: DEBUG glance.common.config [None req-ee976d14-7133-43ca-8134-48ebb4e4a82d None None] oslo_reports.file_event_handler_interval = 1 {{(pid=114039) log_opt_values /opt/stack/data/venv/lib/python3.12/site-packages/oslo_config/cfg.py:3560}}
Aug 26 20:41:03.372928 np0000191222 devstack@g-api.service[114039]: DEBUG glance.common.config [None req-ee976d14-7133-43ca-8134-48ebb4e4a82d None None] oslo_reports.log_dir = None {{(pid=114039) log_opt_values /opt/stack/data/venv/lib/python3.12/site-packages/oslo_config/cfg.py:3560}}
Aug 26 20:41:03.373094 np0000191222 devstack@g-api.service[114039]: DEBUG glance.common.config [None req-ee976d14-7133-43ca-8134-48ebb4e4a82d None None] os_brick.lightos_discovery_client_address = localhost {{(pid=114039) log_opt_values /opt/stack/data/venv/lib/python3.12/site-packages/oslo_config/cfg.py:3560}}
Aug 26 20:41:03.373203 np0000191222 devstack@g-api.service[114039]: DEBUG glance.common.config [None req-ee976d14-7133-43ca-8134-48ebb4e4a82d None None] os_brick.lightos_discovery_client_dir_path = /etc/discovery-client/discovery.d/ {{(pid=114039) log_opt_values /opt/stack/data/venv/lib/python3.12/site-packages/oslo_config/cfg.py:3560}}
Aug 26 20:41:03.373306 np0000191222 devstack@g-api.service[114039]: DEBUG glance.common.config [None req-ee976d14-7133-43ca-8134-48ebb4e4a82d None None] os_brick.lightos_discovery_client_port = 6060 {{(pid=114039) log_opt_values /opt/stack/data/venv/lib/python3.12/site-packages/oslo_config/cfg.py:3560}}
Aug 26 20:41:03.373410 np0000191222 devstack@g-api.service[114039]: DEBUG glance.common.config [None req-ee976d14-7133-43ca-8134-48ebb4e4a82d None None] os_brick.lock_path = /opt/stack/data/os_brick {{(pid=114039) log_opt_values /opt/stack/data/venv/lib/python3.12/site-packages/oslo_config/cfg.py:3560}}
Aug 26 20:41:03.373533 np0000191222 devstack@g-api.service[114039]: DEBUG glance.common.config [None req-ee976d14-7133-43ca-8134-48ebb4e4a82d None None] os_brick.wait_mpath_device_attempts = 4 {{(pid=114039) log_opt_values /opt/stack/data/venv/lib/python3.12/site-packages/oslo_config/cfg.py:3560}}
Aug 26 20:41:03.373606 np0000191222 devstack@g-api.service[114040]: DEBUG glance.common.config [None req-eed8ddc0-0b70-4850-b2c5-7af852f549c3 None None] ******************************************************************************** {{(pid=114040) log_opt_values /opt/stack/data/venv/lib/python3.12/site-packages/oslo_config/cfg.py:3533}}
Aug 26 20:41:03.373686 np0000191222 devstack@g-api.service[114039]: DEBUG glance.common.config [None req-ee976d14-7133-43ca-8134-48ebb4e4a82d None None] os_brick.wait_mpath_device_interval = 1 {{(pid=114039) log_opt_values /opt/stack/data/venv/lib/python3.12/site-packages/oslo_config/cfg.py:3560}}
Aug 26 20:41:03.373756 np0000191222 devstack@g-api.service[114040]: DEBUG glance.common.config [None req-eed8ddc0-0b70-4850-b2c5-7af852f549c3 None None] Configuration options gathered from: {{(pid=114040) log_opt_values /opt/stack/data/venv/lib/python3.12/site-packages/oslo_config/cfg.py:3534}}
Aug 26 20:41:03.373820 np0000191222 devstack@g-api.service[114039]: DEBUG glance.common.config [None req-ee976d14-7133-43ca-8134-48ebb4e4a82d None None] privsep_osbrick.capabilities = [21, 2] {{(pid=114039) log_opt_values /opt/stack/data/venv/lib/python3.12/site-packages/oslo_config/cfg.py:3560}}
Aug 26 20:41:03.373894 np0000191222 devstack@g-api.service[114039]: DEBUG glance.common.config [None req-ee976d14-7133-43ca-8134-48ebb4e4a82d None None] privsep_osbrick.group = None {{(pid=114039) log_opt_values /opt/stack/data/venv/lib/python3.12/site-packages/oslo_config/cfg.py:3560}}
Aug 26 20:41:03.374007 np0000191222 devstack@g-api.service[114039]: DEBUG glance.common.config [None req-ee976d14-7133-43ca-8134-48ebb4e4a82d None None] privsep_osbrick.helper_command = None {{(pid=114039) log_opt_values /opt/stack/data/venv/lib/python3.12/site-packages/oslo_config/cfg.py:3560}}
Aug 26 20:41:03.374113 np0000191222 devstack@g-api.service[114039]: DEBUG glance.common.config [None req-ee976d14-7133-43ca-8134-48ebb4e4a82d None None] privsep_osbrick.log_daemon_traceback = False {{(pid=114039) log_opt_values /opt/stack/data/venv/lib/python3.12/site-packages/oslo_config/cfg.py:3560}}
Aug 26 20:41:03.374180 np0000191222 devstack@g-api.service[114040]: DEBUG glance.common.config [None req-eed8ddc0-0b70-4850-b2c5-7af852f549c3 None None] command line args: [] {{(pid=114040) log_opt_values /opt/stack/data/venv/lib/python3.12/site-packages/oslo_config/cfg.py:3535}}
Aug 26 20:41:03.374249 np0000191222 devstack@g-api.service[114039]: DEBUG glance.common.config [None req-ee976d14-7133-43ca-8134-48ebb4e4a82d None None] privsep_osbrick.logger_name = brick_privsep_hide_output {{(pid=114039) log_opt_values /opt/stack/data/venv/lib/python3.12/site-packages/oslo_config/cfg.py:3560}}
Aug 26 20:41:03.374305 np0000191222 devstack@g-api.service[114040]: DEBUG glance.common.config [None req-eed8ddc0-0b70-4850-b2c5-7af852f549c3 None None] config files: ['/etc/glance/glance-image-import.conf', '/etc/glance/glance-api.conf'] {{(pid=114040) log_opt_values /opt/stack/data/venv/lib/python3.12/site-packages/oslo_config/cfg.py:3536}}
Aug 26 20:41:03.374363 np0000191222 devstack@g-api.service[114039]: DEBUG glance.common.config [None req-ee976d14-7133-43ca-8134-48ebb4e4a82d None None] privsep_osbrick.thread_pool_size = 16 {{(pid=114039) log_opt_values /opt/stack/data/venv/lib/python3.12/site-packages/oslo_config/cfg.py:3560}}
