2026-07-09 15:49:40.844 8 INFO placement.requestlog [None req-3a2b1a33-8352-4ebb-8ce2-4ac9226e183d 4fa8551a644147d99b93b39b44f42b94 d0da0e4300764d73a33cdca184b951ba - - 67caf0e84d7b40b491e76de9cc81c1b8 67caf0e84d7b40b491e76de9cc81c1b8] 10.0.0.46 "GET /resource_providers/0fa20191-dd2d-4f1b-8e5c-31e6509b2232/aggregates" status: 404 len: 235 microversion: 1.1 [pid: 8|app: 0|req: 509/1013] 10.0.0.46 () {32 vars in 815 bytes} [Thu Jul 9 15:49:40 2026] GET /resource_providers/0fa20191-dd2d-4f1b-8e5c-31e6509b2232/aggregates => generated 235 bytes in 7 msecs (HTTP/1.1 404) 5 headers in 202 bytes (1 switches on core 0)
2026-07-09 15:49:40.853 7 INFO placement.requestlog [None req-13236118-eec3-4676-9863-5813e47572dd 4fa8551a644147d99b93b39b44f42b94 d0da0e4300764d73a33cdca184b951ba - - 67caf0e84d7b40b491e76de9cc81c1b8 67caf0e84d7b40b491e76de9cc81c1b8] 10.0.0.46 "GET /resource_providers/0fa20191-dd2d-4f1b-8e5c-31e6509b2232/aggregates" status: 404 len: 235 microversion: 1.1 [pid: 7|app: 0|req: 505/1014] 10.0.0.46 () {32 vars in 815 bytes} [Thu Jul 9 15:49:40 2026] GET /resource_providers/0fa20191-dd2d-4f1b-8e5c-31e6509b2232/aggregates => generated 235 bytes in 17 msecs (HTTP/1.1 404) 5 headers in 202 bytes (1 switches on core 0)
2026-07-09 15:49:40.859 8 INFO placement.requestlog [None req-35e9a359-8570-4f8a-8e1c-bb338d58819c 4fa8551a644147d99b93b39b44f42b94 d0da0e4300764d73a33cdca184b951ba - - 67caf0e84d7b40b491e76de9cc81c1b8 67caf0e84d7b40b491e76de9cc81c1b8] 10.0.0.46 "DELETE /resource_providers/0fa20191-dd2d-4f1b-8e5c-31e6509b2232" status: 404 len: 246 microversion: 1.1 [pid: 8|app: 0|req: 510/1015] 10.0.0.46 () {34 vars in 815 bytes} [Thu Jul 9 15:49:40 2026] DELETE /resource_providers/0fa20191-dd2d-4f1b-8e5c-31e6509b2232 => generated 246 bytes in 6 msecs (HTTP/1.1 404) 6 headers in 231 bytes (1 switches on core 0)
2026-07-09 15:49:40.870 7 INFO placement.requestlog [None req-137a3e98-dcfc-4084-803b-53cbc796c8f0 4fa8551a644147d99b93b39b44f42b94 d0da0e4300764d73a33cdca184b951ba - - 67caf0e84d7b40b491e76de9cc81c1b8 67caf0e84d7b40b491e76de9cc81c1b8] 10.0.0.46 "DELETE /resource_providers/0fa20191-dd2d-4f1b-8e5c-31e6509b2232" status: 404 len: 246 microversion: 1.1 [pid: 7|app: 0|req: 506/1016] 10.0.0.46 () {34 vars in 815 bytes} [Thu Jul 9 15:49:40 2026] DELETE /resource_providers/0fa20191-dd2d-4f1b-8e5c-31e6509b2232 => generated 246 bytes in 9 msecs (HTTP/1.1 404) 6 headers in 231 bytes (1 switches on core 0)
2026-07-09 15:49:42.521 8 INFO placement.requestlog [req-97102ba6-2b6d-41a5-8ca8-3feb933a85b0 req-665ba410-8cb7-458e-9548-4f037e7d4026 c25159a63b314ab582e7adfb726820cc d0da0e4300764d73a33cdca184b951ba - - 67caf0e84d7b40b491e76de9cc81c1b8 67caf0e84d7b40b491e76de9cc81c1b8] 199.19.213.203 "GET /resource_providers/97d2fe88-ebcd-49cf-b367-97e0d5910c10/allocations" status: 200 len: 153 microversion: 1.0 [pid: 8|app: 0|req: 511/1017] 199.19.213.203 () {32 vars in 857 bytes} [Thu Jul 9 15:49:42 2026] GET /resource_providers/97d2fe88-ebcd-49cf-b367-97e0d5910c10/allocations => generated 153 bytes in 32 msecs (HTTP/1.1 200) 6 headers in 224 bytes (1 switches on core 0)
2026-07-09 15:49:42.543 7 INFO placement.requestlog [req-97102ba6-2b6d-41a5-8ca8-3feb933a85b0 req-8929a639-afd6-4abd-8829-880ddc631bd8 c25159a63b314ab582e7adfb726820cc d0da0e4300764d73a33cdca184b951ba - - 67caf0e84d7b40b491e76de9cc81c1b8 67caf0e84d7b40b491e76de9cc81c1b8] 199.19.213.203 "GET /allocations/d761f1d6-953d-488a-84c7-515b1ddbcb08" status: 200 len: 258 microversion: 1.28 [pid: 7|app: 0|req: 507/1018] 199.19.213.203 () {34 vars in 863 bytes} [Thu Jul 9 15:49:42 2026] GET /allocations/d761f1d6-953d-488a-84c7-515b1ddbcb08 => generated 258 bytes in 16 msecs (HTTP/1.1 200) 8 headers in 296 bytes (1 switches on core 0)
2026-07-09 15:49:42.619 8 INFO placement.requestlog [req-97102ba6-2b6d-41a5-8ca8-3feb933a85b0 req-500d0334-c532-488c-8bab-82cb5335c46d c25159a63b314ab582e7adfb726820cc d0da0e4300764d73a33cdca184b951ba - - 67caf0e84d7b40b491e76de9cc81c1b8 67caf0e84d7b40b491e76de9cc81c1b8] 199.19.213.203 "DELETE /allocations/d761f1d6-953d-488a-84c7-515b1ddbcb08" status: 204 len: 0 microversion: 1.0 [pid: 8|app: 0|req: 512/1019] 199.19.213.203 () {34 vars in 841 bytes} [Thu Jul 9 15:49:42 2026] DELETE /allocations/d761f1d6-953d-488a-84c7-515b1ddbcb08 => generated 0 bytes in 30 msecs (HTTP/1.1 204) 5 headers in 198 bytes (1 switches on core 0)
2026-07-09 15:49:42.728 7 INFO placement.requestlog [None req-14137435-5984-4469-b598-c9844d6b84ab 4fa8551a644147d99b93b39b44f42b94 d0da0e4300764d73a33cdca184b951ba - - 67caf0e84d7b40b491e76de9cc81c1b8 67caf0e84d7b40b491e76de9cc81c1b8] 10.0.0.46 "GET /resource_providers/30ea87a3-af8c-4a86-8f11-3bd5e33bb1c3/aggregates" status: 404 len: 235 microversion: 1.1 [pid: 7|app: 0|req: 508/1020] 10.0.0.46 () {32 vars in 815 bytes} [Thu Jul 9 15:49:42 2026] GET /resource_providers/30ea87a3-af8c-4a86-8f11-3bd5e33bb1c3/aggregates => generated 235 bytes in 11 msecs (HTTP/1.1 404) 5 headers in 202 bytes (1 switches on core 0)
2026-07-09 15:49:42.738 8 INFO placement.requestlog [None req-d6c0c65b-9e1d-4dbf-b141-e8c3f958be1b 4fa8551a644147d99b93b39b44f42b94 d0da0e4300764d73a33cdca184b951ba - - 67caf0e84d7b40b491e76de9cc81c1b8 67caf0e84d7b40b491e76de9cc81c1b8] 10.0.0.46 "GET /resource_providers/30ea87a3-af8c-4a86-8f11-3bd5e33bb1c3/aggregates" status: 404 len: 235 microversion: 1.1 [pid: 8|app: 0|req: 513/1021] 10.0.0.46 () {32 vars in 815 bytes} [Thu Jul 9 15:49:42 2026] GET /resource_providers/30ea87a3-af8c-4a86-8f11-3bd5e33bb1c3/aggregates => generated 235 bytes in 15 msecs (HTTP/1.1 404) 5 headers in 202 bytes (1 switches on core 0)
2026-07-09 15:49:42.749 7 INFO placement.requestlog [None req-e76d20aa-8287-40f9-a05e-c0ca0c2b655c 4fa8551a644147d99b93b39b44f42b94 d0da0e4300764d73a33cdca184b951ba - - 67caf0e84d7b40b491e76de9cc81c1b8 67caf0e84d7b40b491e76de9cc81c1b8] 10.0.0.46 "DELETE /resource_providers/30ea87a3-af8c-4a86-8f11-3bd5e33bb1c3" status: 404 len: 246 microversion: 1.1 [pid: 7|app: 0|req: 509/1022] 10.0.0.46 () {34 vars in 815 bytes} [Thu Jul 9 15:49:42 2026] DELETE /resource_providers/30ea87a3-af8c-4a86-8f11-3bd5e33bb1c3 => generated 246 bytes in 12 msecs (HTTP/1.1 404) 6 headers in 231 bytes (1 switches on core 0)
2026-07-09 15:49:42.756 8 INFO placement.requestlog [None req-6b765c72-1377-4b98-8b42-659feb40fc12 4fa8551a644147d99b93b39b44f42b94 d0da0e4300764d73a33cdca184b951ba - - 67caf0e84d7b40b491e76de9cc81c1b8 67caf0e84d7b40b491e76de9cc81c1b8] 10.0.0.46 "DELETE /resource_providers/30ea87a3-af8c-4a86-8f11-3bd5e33bb1c3" status: 404 len: 246 microversion: 1.1 [pid: 8|app: 0|req: 514/1023] 10.0.0.46 () {34 vars in 815 bytes} [Thu Jul 9 15:49:42 2026] DELETE /resource_providers/30ea87a3-af8c-4a86-8f11-3bd5e33bb1c3 => generated 246 bytes in 10 msecs (HTTP/1.1 404) 6 headers in 231 bytes (1 switches on core 0)
2026-07-09 15:49:42.879 7 INFO placement.requestlog [None req-2709c67f-2a4c-412d-83f4-d43bfc93a31f 4fa8551a644147d99b93b39b44f42b94 d0da0e4300764d73a33cdca184b951ba - - 67caf0e84d7b40b491e76de9cc81c1b8 67caf0e84d7b40b491e76de9cc81c1b8] 10.0.0.46 "GET /resource_providers/1459261a-ea3f-4aaa-b5fb-49719d31498c/aggregates" status: 404 len: 235 microversion: 1.1 [pid: 7|app: 0|req: 510/1024] 10.0.0.46 () {32 vars in 815 bytes} [Thu Jul 9 15:49:42 2026] GET /resource_providers/1459261a-ea3f-4aaa-b5fb-49719d31498c/aggregates => generated 235 bytes in 14 msecs (HTTP/1.1 404) 5 headers in 202 bytes (1 switches on core 0)
2026-07-09 15:49:42.896 7 INFO placement.requestlog [None req-72e17634-96ad-488f-9803-90ed9d37f2bc 4fa8551a644147d99b93b39b44f42b94 d0da0e4300764d73a33cdca184b951ba - - 67caf0e84d7b40b491e76de9cc81c1b8 67caf0e84d7b40b491e76de9cc81c1b8] 10.0.0.46 "GET /resource_providers/1459261a-ea3f-4aaa-b5fb-49719d31498c/aggregates" status: 404 len: 235 microversion: 1.1 [pid: 7|app: 0|req: 511/1025] 10.0.0.46 () {32 vars in 815 bytes} [Thu Jul 9 15:49:42 2026] GET /resource_providers/1459261a-ea3f-4aaa-b5fb-49719d31498c/aggregates => generated 235 bytes in 9 msecs (HTTP/1.1 404) 5 headers in 202 bytes (1 switches on core 0)
2026-07-09 15:49:42.899 8 INFO placement.requestlog [None req-47ff2733-aa4f-4771-a651-93a0621e163b 4fa8551a644147d99b93b39b44f42b94 d0da0e4300764d73a33cdca184b951ba - - 67caf0e84d7b40b491e76de9cc81c1b8 67caf0e84d7b40b491e76de9cc81c1b8] 10.0.0.46 "DELETE /resource_providers/1459261a-ea3f-4aaa-b5fb-49719d31498c" status: 404 len: 246 microversion: 1.1 [pid: 8|app: 0|req: 515/1026] 10.0.0.46 () {34 vars in 815 bytes} [Thu Jul 9 15:49:42 2026] DELETE /resource_providers/1459261a-ea3f-4aaa-b5fb-49719d31498c => generated 246 bytes in 13 msecs (HTTP/1.1 404) 6 headers in 231 bytes (1 switches on core 0)
2026-07-09 15:49:42.919 7 INFO placement.requestlog [None req-c0f2aaaa-50ce-4d5c-9621-17084982f31d 4fa8551a644147d99b93b39b44f42b94 d0da0e4300764d73a33cdca184b951ba - - 67caf0e84d7b40b491e76de9cc81c1b8 67caf0e84d7b40b491e76de9cc81c1b8] 10.0.0.46 "DELETE /resource_providers/1459261a-ea3f-4aaa-b5fb-49719d31498c" status: 404 len: 246 microversion: 1.1 [pid: 7|app: 0|req: 512/1027] 10.0.0.46 () {34 vars in 815 bytes} [Thu Jul 9 15:49:42 2026] DELETE /resource_providers/1459261a-ea3f-4aaa-b5fb-49719d31498c => generated 246 bytes in 14 msecs (HTTP/1.1 404) 6 headers in 231 bytes (1 switches on core 0)
2026-07-09 15:49:42.926 8 INFO placement.requestlog [None req-4b5d1dd3-57d0-44d1-9362-efd10f8487a2 4fa8551a644147d99b93b39b44f42b94 d0da0e4300764d73a33cdca184b951ba - - 67caf0e84d7b40b491e76de9cc81c1b8 67caf0e84d7b40b491e76de9cc81c1b8] 10.0.0.46 "GET /resource_providers/f9dcec99-2293-419f-a753-1bc02b83042f/aggregates" status: 404 len: 235 microversion: 1.1 [pid: 8|app: 0|req: 516/1028] 10.0.0.46 () {32 vars in 815 bytes} [Thu Jul 9 15:49:42 2026] GET /resource_providers/f9dcec99-2293-419f-a753-1bc02b83042f/aggregates => generated 235 bytes in 18 msecs (HTTP/1.1 404) 5 headers in 202 bytes (1 switches on core 0)
2026-07-09 15:49:42.939 7 INFO placement.requestlog [None req-4f6598f9-cefc-40c9-aab4-3d71133ef9f8 4fa8551a644147d99b93b39b44f42b94 d0da0e4300764d73a33cdca184b951ba - - 67caf0e84d7b40b491e76de9cc81c1b8 67caf0e84d7b40b491e76de9cc81c1b8] 10.0.0.46 "GET /resource_providers/f9dcec99-2293-419f-a753-1bc02b83042f/aggregates" status: 404 len: 235 microversion: 1.1 [pid: 7|app: 0|req: 513/1029] 10.0.0.46 () {32 vars in 815 bytes} [Thu Jul 9 15:49:42 2026] GET /resource_providers/f9dcec99-2293-419f-a753-1bc02b83042f/aggregates => generated 235 bytes in 12 msecs (HTTP/1.1 404) 5 headers in 202 bytes (1 switches on core 0)
2026-07-09 15:49:42.947 8 INFO placement.requestlog [None req-e26a442d-bc52-421d-a1a8-1006f18deeaf 4fa8551a644147d99b93b39b44f42b94 d0da0e4300764d73a33cdca184b951ba - - 67caf0e84d7b40b491e76de9cc81c1b8 67caf0e84d7b40b491e76de9cc81c1b8] 10.0.0.46 "DELETE /resource_providers/f9dcec99-2293-419f-a753-1bc02b83042f" status: 404 len: 246 microversion: 1.1 [pid: 8|app: 0|req: 517/1030] 10.0.0.46 () {34 vars in 815 bytes} [Thu Jul 9 15:49:42 2026] DELETE /resource_providers/f9dcec99-2293-419f-a753-1bc02b83042f => generated 246 bytes in 12 msecs (HTTP/1.1 404) 6 headers in 231 bytes (1 switches on core 0)
2026-07-09 15:49:42.960 7 INFO placement.requestlog [None req-2a649d1b-2439-4caa-a08b-36c09b025f36 4fa8551a644147d99b93b39b44f42b94 d0da0e4300764d73a33cdca184b951ba - - 67caf0e84d7b40b491e76de9cc81c1b8 67caf0e84d7b40b491e76de9cc81c1b8] 10.0.0.46 "DELETE /resource_providers/f9dcec99-2293-419f-a753-1bc02b83042f" status: 404 len: 246 microversion: 1.1 [pid: 7|app: 0|req: 514/1031] 10.0.0.46 () {34 vars in 815 bytes} [Thu Jul 9 15:49:42 2026] DELETE /resource_providers/f9dcec99-2293-419f-a753-1bc02b83042f => generated 246 bytes in 15 msecs (HTTP/1.1 404) 6 headers in 231 bytes (1 switches on core 0)
2026-07-09 15:49:44.361 8 INFO placement.requestlog [None req-363f18e1-77c8-4a30-b097-9998337baaea - - - - - -] 10.0.0.224 "GET /" status: 200 len: 136 microversion: 1.0
2026-07-09 15:49:44.362 7 INFO placement.requestlog [None req-2f4cdd75-bdfb-474d-9114-e101d42b9c5d - - - - - -] 10.0.0.224 "GET /" status: 200 len: 136 microversion: 1.0
2026-07-09 15:49:46.049 8 INFO placement.requestlog [None req-03b40b3e-814b-4278-a758-93468e751900 4fa8551a644147d99b93b39b44f42b94 d0da0e4300764d73a33cdca184b951ba - - 67caf0e84d7b40b491e76de9cc81c1b8 67caf0e84d7b40b491e76de9cc81c1b8] 10.0.0.46 "GET /resource_providers/652f0078-97cc-45dc-9dfe-e4f8a9c69a12/aggregates" status: 404 len: 235 microversion: 1.1 [pid: 8|app: 0|req: 519/1034] 10.0.0.46 () {32 vars in 815 bytes} [Thu Jul 9 15:49:46 2026] GET /resource_providers/652f0078-97cc-45dc-9dfe-e4f8a9c69a12/aggregates => generated 235 bytes in 14 msecs (HTTP/1.1 404) 5 headers in 202 bytes (1 switches on core 0)
2026-07-09 15:49:46.054 7 INFO placement.requestlog [None req-bd117660-6adb-46d0-a120-99ea8c07dd8d 4fa8551a644147d99b93b39b44f42b94 d0da0e4300764d73a33cdca184b951ba - - 67caf0e84d7b40b491e76de9cc81c1b8 67caf0e84d7b40b491e76de9cc81c1b8] 10.0.0.46 "GET /resource_providers/652f0078-97cc-45dc-9dfe-e4f8a9c69a12/aggregates" status: 404 len: 235 microversion: 1.1 [pid: 7|app: 0|req: 516/1035] 10.0.0.46 () {32 vars in 815 bytes} [Thu Jul 9 15:49:46 2026] GET /resource_providers/652f0078-97cc-45dc-9dfe-e4f8a9c69a12/aggregates => generated 235 bytes in 11 msecs (HTTP/1.1 404) 5 headers in 202 bytes (1 switches on core 0)
2026-07-09 15:49:46.070 8 INFO placement.requestlog [None req-247004ee-3909-4d14-9804-333d07ae9795 4fa8551a644147d99b93b39b44f42b94 d0da0e4300764d73a33cdca184b951ba - - 67caf0e84d7b40b491e76de9cc81c1b8 67caf0e84d7b40b491e76de9cc81c1b8] 10.0.0.46 "DELETE /resource_providers/652f0078-97cc-45dc-9dfe-e4f8a9c69a12" status: 404 len: 246 microversion: 1.1 [pid: 8|app: 0|req: 520/1036] 10.0.0.46 () {34 vars in 815 bytes} [Thu Jul 9 15:49:46 2026] DELETE /resource_providers/652f0078-97cc-45dc-9dfe-e4f8a9c69a12 => generated 246 bytes in 8 msecs (HTTP/1.1 404) 6 headers in 231 bytes (1 switches on core 0)
2026-07-09 15:49:46.083 7 INFO placement.requestlog [None req-b06423be-bded-4938-9cef-fa78bd447f17 4fa8551a644147d99b93b39b44f42b94 d0da0e4300764d73a33cdca184b951ba - - 67caf0e84d7b40b491e76de9cc81c1b8 67caf0e84d7b40b491e76de9cc81c1b8] 10.0.0.46 "DELETE /resource_providers/652f0078-97cc-45dc-9dfe-e4f8a9c69a12" status: 404 len: 246 microversion: 1.1 [pid: 7|app: 0|req: 517/1037] 10.0.0.46 () {34 vars in 815 bytes} [Thu Jul 9 15:49:46 2026] DELETE /resource_providers/652f0078-97cc-45dc-9dfe-e4f8a9c69a12 => generated 246 bytes in 11 msecs (HTTP/1.1 404) 6 headers in 231 bytes (1 switches on core 0)
2026-07-09 15:49:46.202 8 INFO placement.requestlog [None req-35a00b3c-cf44-4025-9a56-297d3eeb803d 4fa8551a644147d99b93b39b44f42b94 d0da0e4300764d73a33cdca184b951ba - - 67caf0e84d7b40b491e76de9cc81c1b8 67caf0e84d7b40b491e76de9cc81c1b8] 10.0.0.46 "GET /resource_providers/2d72b539-b70e-4872-890c-f8ce98a07881/aggregates" status: 404 len: 235 microversion: 1.1 [pid: 8|app: 0|req: 521/1038] 10.0.0.46 () {32 vars in 815 bytes} [Thu Jul 9 15:49:46 2026] GET /resource_providers/2d72b539-b70e-4872-890c-f8ce98a07881/aggregates => generated 235 bytes in 8 msecs (HTTP/1.1 404) 5 headers in 202 bytes (1 switches on core 0)
2026-07-09 15:49:46.205 7 INFO placement.requestlog [None req-56336a5f-adf6-4c8a-b027-03193b578a30 4fa8551a644147d99b93b39b44f42b94 d0da0e4300764d73a33cdca184b951ba - - 67caf0e84d7b40b491e76de9cc81c1b8 67caf0e84d7b40b491e76de9cc81c1b8] 10.0.0.46 "GET /resource_providers/2d72b539-b70e-4872-890c-f8ce98a07881/aggregates" status: 404 len: 235 microversion: 1.1 [pid: 7|app: 0|req: 518/1039] 10.0.0.46 () {32 vars in 815 bytes} [Thu Jul 9 15:49:46 2026] GET /resource_providers/2d72b539-b70e-4872-890c-f8ce98a07881/aggregates => generated 235 bytes in 11 msecs (HTTP/1.1 404) 5 headers in 202 bytes (1 switches on core 0)
2026-07-09 15:49:46.218 8 INFO placement.requestlog [None req-05220a4d-8459-4586-8365-d02f88c80ea3 4fa8551a644147d99b93b39b44f42b94 d0da0e4300764d73a33cdca184b951ba - - 67caf0e84d7b40b491e76de9cc81c1b8 67caf0e84d7b40b491e76de9cc81c1b8] 10.0.0.46 "DELETE /resource_providers/2d72b539-b70e-4872-890c-f8ce98a07881" status: 404 len: 246 microversion: 1.1 [pid: 8|app: 0|req: 522/1040] 10.0.0.46 () {34 vars in 815 bytes} [Thu Jul 9 15:49:46 2026] DELETE /resource_providers/2d72b539-b70e-4872-890c-f8ce98a07881 => generated 246 bytes in 8 msecs (HTTP/1.1 404) 6 headers in 231 bytes (1 switches on core 0)
2026-07-09 15:49:46.232 7 INFO placement.requestlog [None req-d2bd9bfd-8a85-4f4b-8b3a-52fb36c49ae1 4fa8551a644147d99b93b39b44f42b94 d0da0e4300764d73a33cdca184b951ba - - 67caf0e84d7b40b491e76de9cc81c1b8 67caf0e84d7b40b491e76de9cc81c1b8] 10.0.0.46 "DELETE /resource_providers/2d72b539-b70e-4872-890c-f8ce98a07881" status: 404 len: 246 microversion: 1.1 [pid: 7|app: 0|req: 519/1041] 10.0.0.46 () {34 vars in 815 bytes} [Thu Jul 9 15:49:46 2026] DELETE /resource_providers/2d72b539-b70e-4872-890c-f8ce98a07881 => generated 246 bytes in 13 msecs (HTTP/1.1 404) 6 headers in 231 bytes (1 switches on core 0)
2026-07-09 15:49:48.432 8 INFO placement.requestlog [None req-5fa564e5-e017-4716-93b7-299e0f87afef 4fa8551a644147d99b93b39b44f42b94 d0da0e4300764d73a33cdca184b951ba - - 67caf0e84d7b40b491e76de9cc81c1b8 67caf0e84d7b40b491e76de9cc81c1b8] 10.0.0.46 "GET /resource_providers/1eb5df07-9ecc-4143-9a7e-566afeb97321/aggregates" status: 404 len: 235 microversion: 1.1 [pid: 8|app: 0|req: 523/1042] 10.0.0.46 () {32 vars in 815 bytes} [Thu Jul 9 15:49:48 2026] GET /resource_providers/1eb5df07-9ecc-4143-9a7e-566afeb97321/aggregates => generated 235 bytes in 12 msecs (HTTP/1.1 404) 5 headers in 202 bytes (1 switches on core 0)
2026-07-09 15:49:48.436 7 INFO placement.requestlog [None req-176f208e-3617-4a49-b32e-4638a573ed7d 4fa8551a644147d99b93b39b44f42b94 d0da0e4300764d73a33cdca184b951ba - - 67caf0e84d7b40b491e76de9cc81c1b8 67caf0e84d7b40b491e76de9cc81c1b8] 10.0.0.46 "GET /resource_providers/1eb5df07-9ecc-4143-9a7e-566afeb97321/aggregates" status: 404 len: 235 microversion: 1.1 [pid: 7|app: 0|req: 520/1043] 10.0.0.46 () {32 vars in 815 bytes} [Thu Jul 9 15:49:48 2026] GET /resource_providers/1eb5df07-9ecc-4143-9a7e-566afeb97321/aggregates => generated 235 bytes in 17 msecs (HTTP/1.1 404) 5 headers in 202 bytes (1 switches on core 0)
2026-07-09 15:49:48.456 8 INFO placement.requestlog [None req-1239d4f2-4ab9-4194-adac-c784fa98693e 4fa8551a644147d99b93b39b44f42b94 d0da0e4300764d73a33cdca184b951ba - - 67caf0e84d7b40b491e76de9cc81c1b8 67caf0e84d7b40b491e76de9cc81c1b8] 10.0.0.46 "DELETE /resource_providers/1eb5df07-9ecc-4143-9a7e-566afeb97321" status: 404 len: 246 microversion: 1.1 [pid: 8|app: 0|req: 524/1044] 10.0.0.46 () {34 vars in 815 bytes} [Thu Jul 9 15:49:48 2026] DELETE /resource_providers/1eb5df07-9ecc-4143-9a7e-566afeb97321 => generated 246 bytes in 10 msecs (HTTP/1.1 404) 6 headers in 231 bytes (1 switches on core 0)
2026-07-09 15:49:48.465 7 INFO placement.requestlog [None req-54260860-773e-4dce-a377-559a8873d846 4fa8551a644147d99b93b39b44f42b94 d0da0e4300764d73a33cdca184b951ba - - 67caf0e84d7b40b491e76de9cc81c1b8 67caf0e84d7b40b491e76de9cc81c1b8] 10.0.0.46 "DELETE /resource_providers/1eb5df07-9ecc-4143-9a7e-566afeb97321" status: 404 len: 246 microversion: 1.1 [pid: 7|app: 0|req: 521/1045] 10.0.0.46 () {34 vars in 815 bytes} [Thu Jul 9 15:49:48 2026] DELETE /resource_providers/1eb5df07-9ecc-4143-9a7e-566afeb97321 => generated 246 bytes in 19 msecs (HTTP/1.1 404) 6 headers in 231 bytes (1 switches on core 0)
2026-07-09 15:49:54.361 8 INFO placement.requestlog [None req-bc1c1e97-1b85-43f7-a13a-0f91d01cac76 - - - - - -] 10.0.0.224 "GET /" status: 200 len: 136 microversion: 1.0
2026-07-09 15:49:54.362 7 INFO placement.requestlog [None req-dd5b0b09-5ed4-46c6-b474-ddc7d19afa67 - - - - - -] 10.0.0.224 "GET /" status: 200 len: 136 microversion: 1.0
2026-07-09 15:50:02.721 7 INFO placement.requestlog [None req-ffa240d0-add7-45e2-8ecd-cbe43fd7cfb0 4fa8551a644147d99b93b39b44f42b94 d0da0e4300764d73a33cdca184b951ba - - 67caf0e84d7b40b491e76de9cc81c1b8 67caf0e84d7b40b491e76de9cc81c1b8] 10.0.0.46 "GET /resource_providers/a644b01b-22c6-4ce2-bf30-a74003bc4bc6/aggregates" status: 404 len: 235 microversion: 1.1 [pid: 7|app: 0|req: 523/1048] 10.0.0.46 () {32 vars in 815 bytes} [Thu Jul 9 15:50:02 2026] GET /resource_providers/a644b01b-22c6-4ce2-bf30-a74003bc4bc6/aggregates => generated 235 bytes in 9 msecs (HTTP/1.1 404) 5 headers in 202 bytes (1 switches on core 0)
2026-07-09 15:50:02.722 8 INFO placement.requestlog [None req-49e868db-ee51-492f-9546-617a45bb8e4c 4fa8551a644147d99b93b39b44f42b94 d0da0e4300764d73a33cdca184b951ba - - 67caf0e84d7b40b491e76de9cc81c1b8 67caf0e84d7b40b491e76de9cc81c1b8] 10.0.0.46 "GET /resource_providers/a644b01b-22c6-4ce2-bf30-a74003bc4bc6/aggregates" status: 404 len: 235 microversion: 1.1 [pid: 8|app: 0|req: 526/1049] 10.0.0.46 () {32 vars in 815 bytes} [Thu Jul 9 15:50:02 2026] GET /resource_providers/a644b01b-22c6-4ce2-bf30-a74003bc4bc6/aggregates => generated 235 bytes in 10 msecs (HTTP/1.1 404) 5 headers in 202 bytes (1 switches on core 0)
2026-07-09 15:50:02.754 8 INFO placement.requestlog [None req-5737253b-af7a-4e3e-a738-a8713b2934f8 4fa8551a644147d99b93b39b44f42b94 d0da0e4300764d73a33cdca184b951ba - - 67caf0e84d7b40b491e76de9cc81c1b8 67caf0e84d7b40b491e76de9cc81c1b8] 10.0.0.46 "DELETE /resource_providers/a644b01b-22c6-4ce2-bf30-a74003bc4bc6" status: 404 len: 246 microversion: 1.1 [pid: 8|app: 0|req: 527/1050] 10.0.0.46 () {34 vars in 815 bytes} [Thu Jul 9 15:50:02 2026] DELETE /resource_providers/a644b01b-22c6-4ce2-bf30-a74003bc4bc6 => generated 246 bytes in 10 msecs (HTTP/1.1 404) 6 headers in 231 bytes (1 switches on core 0)
2026-07-09 15:50:02.756 7 INFO placement.requestlog [None req-5597e7d8-b16d-4575-bd79-d18b97845197 4fa8551a644147d99b93b39b44f42b94 d0da0e4300764d73a33cdca184b951ba - - 67caf0e84d7b40b491e76de9cc81c1b8 67caf0e84d7b40b491e76de9cc81c1b8] 10.0.0.46 "DELETE /resource_providers/a644b01b-22c6-4ce2-bf30-a74003bc4bc6" status: 404 len: 246 microversion: 1.1 [pid: 7|app: 0|req: 524/1051] 10.0.0.46 () {34 vars in 815 bytes} [Thu Jul 9 15:50:02 2026] DELETE /resource_providers/a644b01b-22c6-4ce2-bf30-a74003bc4bc6 => generated 246 bytes in 12 msecs (HTTP/1.1 404) 6 headers in 231 bytes (1 switches on core 0)
2026-07-09 15:50:04.363 7 INFO placement.requestlog [None req-1195999b-ef73-4e64-a2b8-12506bc2b3e7 - - - - - -] 10.0.0.224 "GET /" status: 200 len: 136 microversion: 1.0
2026-07-09 15:50:04.364 8 INFO placement.requestlog [None req-eda10aab-ad08-48b2-a926-9fc209cb1263 - - - - - -] 10.0.0.224 "GET /" status: 200 len: 136 microversion: 1.0
2026-07-09 15:50:05.990 7 INFO placement.requestlog [req-6f050098-cbfd-491e-88a9-4961b06de3ac req-98cbbfae-f872-4317-884e-ebf1f7cc3d55 c25159a63b314ab582e7adfb726820cc d0da0e4300764d73a33cdca184b951ba - - 67caf0e84d7b40b491e76de9cc81c1b8 67caf0e84d7b40b491e76de9cc81c1b8] 10.0.0.44 "GET /allocation_candidates?limit=1000&resources=DISK_GB%3A1%2CMEMORY_MB%3A512%2CVCPU%3A1&root_required=%21COMPUTE_STATUS_DISABLED" status: 200 len: 2217 microversion: 1.36 [pid: 7|app: 0|req: 526/1054] 10.0.0.44 () {34 vars in 1011 bytes} [Thu Jul 9 15:50:05 2026] GET /allocation_candidates?limit=1000&resources=DISK_GB%3A1%2CMEMORY_MB%3A512%2CVCPU%3A1&root_required=%21COMPUTE_STATUS_DISABLED => generated 2217 bytes in 45 msecs (HTTP/1.1 200) 8 headers in 297 bytes (1 switches on core 0)
2026-07-09 15:50:06.027 8 INFO placement.requestlog [req-6f050098-cbfd-491e-88a9-4961b06de3ac req-e5c1425d-e150-4603-8053-08eedd9e9fba c25159a63b314ab582e7adfb726820cc d0da0e4300764d73a33cdca184b951ba - - 67caf0e84d7b40b491e76de9cc81c1b8 67caf0e84d7b40b491e76de9cc81c1b8] 10.0.0.44 "GET /allocations/0a65d953-65ac-42b1-9da4-f4c03534cbd7" status: 200 len: 19 microversion: 1.28 [pid: 8|app: 0|req: 529/1055] 10.0.0.44 () {34 vars in 860 bytes} [Thu Jul 9 15:50:06 2026] GET /allocations/0a65d953-65ac-42b1-9da4-f4c03534cbd7 => generated 19 bytes in 15 msecs (HTTP/1.1 200) 8 headers in 295 bytes (1 switches on core 0)
2026-07-09 15:50:06.102 7 INFO placement.requestlog [req-6f050098-cbfd-491e-88a9-4961b06de3ac req-b8f3f46f-73b7-4789-8e93-b6259d5616bd c25159a63b314ab582e7adfb726820cc d0da0e4300764d73a33cdca184b951ba - - 67caf0e84d7b40b491e76de9cc81c1b8 67caf0e84d7b40b491e76de9cc81c1b8] 10.0.0.44 "PUT /allocations/0a65d953-65ac-42b1-9da4-f4c03534cbd7" status: 204 len: 0 microversion: 1.36 [pid: 7|app: 0|req: 527/1056] 10.0.0.44 () {38 vars in 913 bytes} [Thu Jul 9 15:50:06 2026] PUT /allocations/0a65d953-65ac-42b1-9da4-f4c03534cbd7 => generated 0 bytes in 64 msecs (HTTP/1.1 204) 5 headers in 199 bytes (1 switches on core 0)
2026-07-09 15:50:06.596 8 INFO placement.requestlog [req-6f050098-cbfd-491e-88a9-4961b06de3ac req-2115522b-5b51-43f5-a64f-8001a12901df c25159a63b314ab582e7adfb726820cc d0da0e4300764d73a33cdca184b951ba - - 67caf0e84d7b40b491e76de9cc81c1b8 67caf0e84d7b40b491e76de9cc81c1b8] 199.19.213.203 "GET /allocations/0a65d953-65ac-42b1-9da4-f4c03534cbd7" status: 200 len: 258 microversion: 1.28 [pid: 8|app: 0|req: 530/1057] 199.19.213.203 () {34 vars in 863 bytes} [Thu Jul 9 15:50:06 2026] GET /allocations/0a65d953-65ac-42b1-9da4-f4c03534cbd7 => generated 258 bytes in 221 msecs (HTTP/1.1 200) 8 headers in 296 bytes (1 switches on core 0)
2026-07-09 15:50:06.697 7 INFO placement.requestlog [req-6f050098-cbfd-491e-88a9-4961b06de3ac req-1b705467-3ea8-4669-98c0-27595335466c c25159a63b314ab582e7adfb726820cc d0da0e4300764d73a33cdca184b951ba - - 67caf0e84d7b40b491e76de9cc81c1b8 67caf0e84d7b40b491e76de9cc81c1b8] 199.19.213.203 "GET /resource_providers?in_tree=97d2fe88-ebcd-49cf-b367-97e0d5910c10" status: 200 len: 798 microversion: 1.14 [pid: 7|app: 0|req: 528/1058] 199.19.213.203 () {34 vars in 892 bytes} [Thu Jul 9 15:50:06 2026] GET /resource_providers?in_tree=97d2fe88-ebcd-49cf-b367-97e0d5910c10 => generated 798 bytes in 21 msecs (HTTP/1.1 200) 6 headers in 225 bytes (1 switches on core 0)
2026-07-09 15:50:06.719 8 INFO placement.requestlog [req-6f050098-cbfd-491e-88a9-4961b06de3ac req-20ab1e70-b3cb-461b-a85e-766b2069a608 c25159a63b314ab582e7adfb726820cc d0da0e4300764d73a33cdca184b951ba - - 67caf0e84d7b40b491e76de9cc81c1b8 67caf0e84d7b40b491e76de9cc81c1b8] 199.19.213.203 "GET /resource_providers/97d2fe88-ebcd-49cf-b367-97e0d5910c10/inventories" status: 200 len: 401 microversion: 1.0 [pid: 8|app: 0|req: 531/1059] 199.19.213.203 () {32 vars in 857 bytes} [Thu Jul 9 15:50:06 2026] GET /resource_providers/97d2fe88-ebcd-49cf-b367-97e0d5910c10/inventories => generated 401 bytes in 13 msecs (HTTP/1.1 200) 6 headers in 224 bytes (1 switches on core 0)
2026-07-09 15:50:06.741 7 INFO placement.requestlog [req-6f050098-cbfd-491e-88a9-4961b06de3ac req-d48d4429-8f24-469b-8290-74d83bcf7130 c25159a63b314ab582e7adfb726820cc d0da0e4300764d73a33cdca184b951ba - - 67caf0e84d7b40b491e76de9cc81c1b8 67caf0e84d7b40b491e76de9cc81c1b8] 199.19.213.203 "GET /resource_providers/97d2fe88-ebcd-49cf-b367-97e0d5910c10/aggregates" status: 200 len: 54 microversion: 1.19 [pid: 7|app: 0|req: 529/1060] 199.19.213.203 () {34 vars in 899 bytes} [Thu Jul 9 15:50:06 2026] GET /resource_providers/97d2fe88-ebcd-49cf-b367-97e0d5910c10/aggregates => generated 54 bytes in 13 msecs (HTTP/1.1 200) 8 headers in 295 bytes (1 switches on core 0)
2026-07-09 15:50:06.768 8 INFO placement.requestlog [req-6f050098-cbfd-491e-88a9-4961b06de3ac req-68b3f9e9-3b85-47b7-9654-17a234cf80ee c25159a63b314ab582e7adfb726820cc d0da0e4300764d73a33cdca184b951ba - - 67caf0e84d7b40b491e76de9cc81c1b8 67caf0e84d7b40b491e76de9cc81c1b8] 199.19.213.203 "GET /resource_providers/97d2fe88-ebcd-49cf-b367-97e0d5910c10/traits" status: 200 len: 1753 microversion: 1.6 [pid: 8|app: 0|req: 532/1061] 199.19.213.203 () {34 vars in 890 bytes} [Thu Jul 9 15:50:06 2026] GET /resource_providers/97d2fe88-ebcd-49cf-b367-97e0d5910c10/traits => generated 1753 bytes in 18 msecs (HTTP/1.1 200) 6 headers in 225 bytes (1 switches on core 0)
2026-07-09 15:50:06.842 7 INFO placement.requestlog [req-6f050098-cbfd-491e-88a9-4961b06de3ac req-f8b97788-95d6-480b-a03a-2d4ff1bb7a90 c25159a63b314ab582e7adfb726820cc d0da0e4300764d73a33cdca184b951ba - - 67caf0e84d7b40b491e76de9cc81c1b8 67caf0e84d7b40b491e76de9cc81c1b8] 199.19.213.203 "GET /resource_providers/97d2fe88-ebcd-49cf-b367-97e0d5910c10/allocations" status: 200 len: 153 microversion: 1.0 [pid: 7|app: 0|req: 530/1062] 199.19.213.203 () {32 vars in 857 bytes} [Thu Jul 9 15:50:06 2026] GET /resource_providers/97d2fe88-ebcd-49cf-b367-97e0d5910c10/allocations => generated 153 bytes in 65 msecs (HTTP/1.1 200) 6 headers in 224 bytes (1 switches on core 0)
2026-07-09 15:50:06.867 8 INFO placement.requestlog [req-6f050098-cbfd-491e-88a9-4961b06de3ac req-301f20ea-28e6-4d7a-bf6f-cae29ad2e251 c25159a63b314ab582e7adfb726820cc d0da0e4300764d73a33cdca184b951ba - - 67caf0e84d7b40b491e76de9cc81c1b8 67caf0e84d7b40b491e76de9cc81c1b8] 199.19.213.203 "GET /allocations/0a65d953-65ac-42b1-9da4-f4c03534cbd7" status: 200 len: 258 microversion: 1.28 [pid: 8|app: 0|req: 533/1063] 199.19.213.203 () {34 vars in 863 bytes} [Thu Jul 9 15:50:06 2026] GET /allocations/0a65d953-65ac-42b1-9da4-f4c03534cbd7 => generated 258 bytes in 16 msecs (HTTP/1.1 200) 8 headers in 296 bytes (1 switches on core 0)
2026-07-09 15:50:07.962 7 INFO placement.requestlog [req-dec06490-7437-4f12-8d26-f958b0e02481 req-f37db577-5adb-4185-9963-8952df9d554b c25159a63b314ab582e7adfb726820cc d0da0e4300764d73a33cdca184b951ba - - 67caf0e84d7b40b491e76de9cc81c1b8 67caf0e84d7b40b491e76de9cc81c1b8] 10.0.0.44 "GET /allocation_candidates?limit=1000&resources=DISK_GB%3A1%2CMEMORY_MB%3A512%2CVCPU%3A1&root_required=%21COMPUTE_STATUS_DISABLED" status: 200 len: 2219 microversion: 1.36 [pid: 7|app: 0|req: 531/1064] 10.0.0.44 () {34 vars in 1011 bytes} [Thu Jul 9 15:50:07 2026] GET /allocation_candidates?limit=1000&resources=DISK_GB%3A1%2CMEMORY_MB%3A512%2CVCPU%3A1&root_required=%21COMPUTE_STATUS_DISABLED => generated 2219 bytes in 70 msecs (HTTP/1.1 200) 8 headers in 297 bytes (1 switches on core 0)
2026-07-09 15:50:08.005 8 INFO placement.requestlog [req-dec06490-7437-4f12-8d26-f958b0e02481 req-f6c00945-0590-492a-9eaa-3026178375e3 c25159a63b314ab582e7adfb726820cc d0da0e4300764d73a33cdca184b951ba - - 67caf0e84d7b40b491e76de9cc81c1b8 67caf0e84d7b40b491e76de9cc81c1b8] 10.0.0.44 "GET /allocations/fc6c82c9-87e1-463b-9576-30b38fd25a70" status: 200 len: 19 microversion: 1.28 [pid: 8|app: 0|req: 534/1065] 10.0.0.44 () {34 vars in 860 bytes} [Thu Jul 9 15:50:07 2026] GET /allocations/fc6c82c9-87e1-463b-9576-30b38fd25a70 => generated 19 bytes in 25 msecs (HTTP/1.1 200) 8 headers in 295 bytes (1 switches on core 0)
2026-07-09 15:50:08.098 7 INFO placement.requestlog [req-dec06490-7437-4f12-8d26-f958b0e02481 req-374c7a00-27a1-43e6-adea-27afe50efb74 c25159a63b314ab582e7adfb726820cc d0da0e4300764d73a33cdca184b951ba - - 67caf0e84d7b40b491e76de9cc81c1b8 67caf0e84d7b40b491e76de9cc81c1b8] 10.0.0.44 "PUT /allocations/fc6c82c9-87e1-463b-9576-30b38fd25a70" status: 204 len: 0 microversion: 1.36 [pid: 7|app: 0|req: 532/1066] 10.0.0.44 () {38 vars in 913 bytes} [Thu Jul 9 15:50:08 2026] PUT /allocations/fc6c82c9-87e1-463b-9576-30b38fd25a70 => generated 0 bytes in 87 msecs (HTTP/1.1 204) 5 headers in 199 bytes (1 switches on core 0)
2026-07-09 15:50:08.384 8 INFO placement.requestlog [req-dec06490-7437-4f12-8d26-f958b0e02481 req-768193ca-5f34-414c-a63a-4d6389b71d5a c25159a63b314ab582e7adfb726820cc d0da0e4300764d73a33cdca184b951ba - - 67caf0e84d7b40b491e76de9cc81c1b8 67caf0e84d7b40b491e76de9cc81c1b8] 199.19.213.203 "GET /allocations/fc6c82c9-87e1-463b-9576-30b38fd25a70" status: 200 len: 258 microversion: 1.28 [pid: 8|app: 0|req: 535/1067] 199.19.213.203 () {34 vars in 863 bytes} [Thu Jul 9 15:50:08 2026] GET /allocations/fc6c82c9-87e1-463b-9576-30b38fd25a70 => generated 258 bytes in 20 msecs (HTTP/1.1 200) 8 headers in 296 bytes (1 switches on core 0)
2026-07-09 15:50:08.484 7 INFO placement.requestlog [req-dec06490-7437-4f12-8d26-f958b0e02481 req-03c5fcda-68ba-48d4-bf25-f9218b62c86f c25159a63b314ab582e7adfb726820cc d0da0e4300764d73a33cdca184b951ba - - 67caf0e84d7b40b491e76de9cc81c1b8 67caf0e84d7b40b491e76de9cc81c1b8] 199.19.213.203 "GET /resource_providers/97d2fe88-ebcd-49cf-b367-97e0d5910c10/allocations" status: 200 len: 253 microversion: 1.0 [pid: 7|app: 0|req: 533/1068] 199.19.213.203 () {32 vars in 857 bytes} [Thu Jul 9 15:50:08 2026] GET /resource_providers/97d2fe88-ebcd-49cf-b367-97e0d5910c10/allocations => generated 253 bytes in 14 msecs (HTTP/1.1 200) 6 headers in 224 bytes (1 switches on core 0)
2026-07-09 15:50:08.505 8 INFO placement.requestlog [req-dec06490-7437-4f12-8d26-f958b0e02481 req-9f3d58f9-b0e5-4b2b-a3e0-f9be66a4878c c25159a63b314ab582e7adfb726820cc d0da0e4300764d73a33cdca184b951ba - - 67caf0e84d7b40b491e76de9cc81c1b8 67caf0e84d7b40b491e76de9cc81c1b8] 199.19.213.203 "GET /allocations/0a65d953-65ac-42b1-9da4-f4c03534cbd7" status: 200 len: 258 microversion: 1.28 [pid: 8|app: 0|req: 536/1069] 199.19.213.203 () {34 vars in 863 bytes} [Thu Jul 9 15:50:08 2026] GET /allocations/0a65d953-65ac-42b1-9da4-f4c03534cbd7 => generated 258 bytes in 15 msecs (HTTP/1.1 200) 8 headers in 296 bytes (1 switches on core 0)
2026-07-09 15:50:08.534 7 INFO placement.requestlog [req-dec06490-7437-4f12-8d26-f958b0e02481 req-9f21b0d3-3b6e-494c-8570-0cef75dcb9aa c25159a63b314ab582e7adfb726820cc d0da0e4300764d73a33cdca184b951ba - - 67caf0e84d7b40b491e76de9cc81c1b8 67caf0e84d7b40b491e76de9cc81c1b8] 199.19.213.203 "GET /allocations/fc6c82c9-87e1-463b-9576-30b38fd25a70" status: 200 len: 258 microversion: 1.28 [pid: 7|app: 0|req: 534/1070] 199.19.213.203 () {34 vars in 863 bytes} [Thu Jul 9 15:50:08 2026] GET /allocations/fc6c82c9-87e1-463b-9576-30b38fd25a70 => generated 258 bytes in 21 msecs (HTTP/1.1 200) 8 headers in 296 bytes (1 switches on core 0)
2026-07-09 15:50:09.177 8 INFO placement.requestlog [req-f37e8902-fe20-436c-98e3-4c1e63827a80 req-9d0e0f34-cb93-4e14-98c8-35372e9c5c31 c25159a63b314ab582e7adfb726820cc d0da0e4300764d73a33cdca184b951ba - - 67caf0e84d7b40b491e76de9cc81c1b8 67caf0e84d7b40b491e76de9cc81c1b8] 199.19.213.203 "GET /resource_providers/97d2fe88-ebcd-49cf-b367-97e0d5910c10/allocations" status: 200 len: 253 microversion: 1.0 [pid: 8|app: 0|req: 537/1071] 199.19.213.203 () {32 vars in 857 bytes} [Thu Jul 9 15:50:09 2026] GET /resource_providers/97d2fe88-ebcd-49cf-b367-97e0d5910c10/allocations => generated 253 bytes in 19 msecs (HTTP/1.1 200) 6 headers in 224 bytes (1 switches on core 0)
2026-07-09 15:50:09.200 7 INFO placement.requestlog [req-f37e8902-fe20-436c-98e3-4c1e63827a80 req-15ee7d30-899f-41cc-8b10-ca43e6e9c1f8 c25159a63b314ab582e7adfb726820cc d0da0e4300764d73a33cdca184b951ba - - 67caf0e84d7b40b491e76de9cc81c1b8 67caf0e84d7b40b491e76de9cc81c1b8] 199.19.213.203 "GET /resource_providers/97d2fe88-ebcd-49cf-b367-97e0d5910c10/allocations" status: 200 len: 253 microversion: 1.0 [pid: 7|app: 0|req: 535/1072] 199.19.213.203 () {32 vars in 857 bytes} [Thu Jul 9 15:50:09 2026] GET /resource_providers/97d2fe88-ebcd-49cf-b367-97e0d5910c10/allocations => generated 253 bytes in 15 msecs (HTTP/1.1 200) 6 headers in 224 bytes (1 switches on core 0)
2026-07-09 15:50:09.220 8 INFO placement.requestlog [req-f37e8902-fe20-436c-98e3-4c1e63827a80 req-5728c078-b83b-4f3b-a020-3e463eb8b895 c25159a63b314ab582e7adfb726820cc d0da0e4300764d73a33cdca184b951ba - - 67caf0e84d7b40b491e76de9cc81c1b8 67caf0e84d7b40b491e76de9cc81c1b8] 199.19.213.203 "GET /allocations/0a65d953-65ac-42b1-9da4-f4c03534cbd7" status: 200 len: 258 microversion: 1.28 [pid: 8|app: 0|req: 538/1073] 199.19.213.203 () {34 vars in 863 bytes} [Thu Jul 9 15:50:09 2026] GET /allocations/0a65d953-65ac-42b1-9da4-f4c03534cbd7 => generated 258 bytes in 11 msecs (HTTP/1.1 200) 8 headers in 296 bytes (1 switches on core 0)
2026-07-09 15:50:09.239 7 INFO placement.requestlog [req-f37e8902-fe20-436c-98e3-4c1e63827a80 req-8465683f-d4dd-499b-8147-b30f2379115d c25159a63b314ab582e7adfb726820cc d0da0e4300764d73a33cdca184b951ba - - 67caf0e84d7b40b491e76de9cc81c1b8 67caf0e84d7b40b491e76de9cc81c1b8] 199.19.213.203 "GET /allocations/fc6c82c9-87e1-463b-9576-30b38fd25a70" status: 200 len: 258 microversion: 1.28 [pid: 7|app: 0|req: 536/1074] 199.19.213.203 () {34 vars in 863 bytes} [Thu Jul 9 15:50:09 2026] GET /allocations/fc6c82c9-87e1-463b-9576-30b38fd25a70 => generated 258 bytes in 15 msecs (HTTP/1.1 200) 8 headers in 296 bytes (1 switches on core 0)
2026-07-09 15:50:14.362 8 INFO placement.requestlog [None req-b181ee20-17fa-470d-9e0a-d348e7305310 - - - - - -] 10.0.0.224 "GET /" status: 200 len: 136 microversion: 1.0
2026-07-09 15:50:14.362 7 INFO placement.requestlog [None req-a510fe73-a985-4b28-a7a8-d0ca7118a0f1 - - - - - -] 10.0.0.224 "GET /" status: 200 len: 136 microversion: 1.0
2026-07-09 15:50:14.732 8 INFO placement.requestlog [req-d46d6e37-d4aa-4b8f-a96f-fa88c0efa213 req-9c18182c-11ce-42fb-a633-99a3b7a7377c c25159a63b314ab582e7adfb726820cc d0da0e4300764d73a33cdca184b951ba - - 67caf0e84d7b40b491e76de9cc81c1b8 67caf0e84d7b40b491e76de9cc81c1b8] 10.0.0.44 "GET /allocation_candidates?limit=1000&resources=DISK_GB%3A1%2CMEMORY_MB%3A512%2CVCPU%3A1&root_required=%21COMPUTE_STATUS_DISABLED" status: 200 len: 2220 microversion: 1.36 [pid: 8|app: 0|req: 540/1077] 10.0.0.44 () {34 vars in 1011 bytes} [Thu Jul 9 15:50:14 2026] GET /allocation_candidates?limit=1000&resources=DISK_GB%3A1%2CMEMORY_MB%3A512%2CVCPU%3A1&root_required=%21COMPUTE_STATUS_DISABLED => generated 2220 bytes in 98 msecs (HTTP/1.1 200) 8 headers in 297 bytes (1 switches on core 0)
2026-07-09 15:50:14.764 7 INFO placement.requestlog [req-d46d6e37-d4aa-4b8f-a96f-fa88c0efa213 req-aab8221c-8626-4017-9e36-b107e635024d c25159a63b314ab582e7adfb726820cc d0da0e4300764d73a33cdca184b951ba - - 67caf0e84d7b40b491e76de9cc81c1b8 67caf0e84d7b40b491e76de9cc81c1b8] 10.0.0.44 "GET /allocations/cc367d09-bc90-4229-8b49-12634c4769a1" status: 200 len: 19 microversion: 1.28 [pid: 7|app: 0|req: 538/1078] 10.0.0.44 () {34 vars in 860 bytes} [Thu Jul 9 15:50:14 2026] GET /allocations/cc367d09-bc90-4229-8b49-12634c4769a1 => generated 19 bytes in 14 msecs (HTTP/1.1 200) 8 headers in 295 bytes (1 switches on core 0)
2026-07-09 15:50:14.822 8 INFO placement.requestlog [req-d46d6e37-d4aa-4b8f-a96f-fa88c0efa213 req-c162b3da-6aa9-4f48-b1d6-3187567d5973 c25159a63b314ab582e7adfb726820cc d0da0e4300764d73a33cdca184b951ba - - 67caf0e84d7b40b491e76de9cc81c1b8 67caf0e84d7b40b491e76de9cc81c1b8] 10.0.0.44 "PUT /allocations/cc367d09-bc90-4229-8b49-12634c4769a1" status: 204 len: 0 microversion: 1.36 [pid: 8|app: 0|req: 541/1079] 10.0.0.44 () {38 vars in 913 bytes} [Thu Jul 9 15:50:14 2026] PUT /allocations/cc367d09-bc90-4229-8b49-12634c4769a1 => generated 0 bytes in 51 msecs (HTTP/1.1 204) 5 headers in 199 bytes (1 switches on core 0)
2026-07-09 15:50:15.120 7 INFO placement.requestlog [req-d46d6e37-d4aa-4b8f-a96f-fa88c0efa213 req-fab0ae54-e0dd-4957-812b-9da880be2996 c25159a63b314ab582e7adfb726820cc d0da0e4300764d73a33cdca184b951ba - - 67caf0e84d7b40b491e76de9cc81c1b8 67caf0e84d7b40b491e76de9cc81c1b8] 199.19.213.203 "GET /allocations/cc367d09-bc90-4229-8b49-12634c4769a1" status: 200 len: 258 microversion: 1.28 [pid: 7|app: 0|req: 539/1080] 199.19.213.203 () {34 vars in 863 bytes} [Thu Jul 9 15:50:15 2026] GET /allocations/cc367d09-bc90-4229-8b49-12634c4769a1 => generated 258 bytes in 24 msecs (HTTP/1.1 200) 8 headers in 296 bytes (1 switches on core 0)
2026-07-09 15:50:15.220 8 INFO placement.requestlog [req-d46d6e37-d4aa-4b8f-a96f-fa88c0efa213 req-f08474f2-a4ff-4738-9a8f-7467645d8daf c25159a63b314ab582e7adfb726820cc d0da0e4300764d73a33cdca184b951ba - - 67caf0e84d7b40b491e76de9cc81c1b8 67caf0e84d7b40b491e76de9cc81c1b8] 199.19.213.203 "GET /resource_providers/97d2fe88-ebcd-49cf-b367-97e0d5910c10/allocations" status: 200 len: 353 microversion: 1.0 [pid: 8|app: 0|req: 542/1081] 199.19.213.203 () {32 vars in 857 bytes} [Thu Jul 9 15:50:15 2026] GET /resource_providers/97d2fe88-ebcd-49cf-b367-97e0d5910c10/allocations => generated 353 bytes in 18 msecs (HTTP/1.1 200) 6 headers in 224 bytes (1 switches on core 0)
2026-07-09 15:50:15.248 7 INFO placement.requestlog [req-d46d6e37-d4aa-4b8f-a96f-fa88c0efa213 req-d7515a5e-081a-4b73-a320-c33a974214f1 c25159a63b314ab582e7adfb726820cc d0da0e4300764d73a33cdca184b951ba - - 67caf0e84d7b40b491e76de9cc81c1b8 67caf0e84d7b40b491e76de9cc81c1b8] 199.19.213.203 "GET /allocations/0a65d953-65ac-42b1-9da4-f4c03534cbd7" status: 200 len: 258 microversion: 1.28 [pid: 7|app: 0|req: 540/1082] 199.19.213.203 () {34 vars in 863 bytes} [Thu Jul 9 15:50:15 2026] GET /allocations/0a65d953-65ac-42b1-9da4-f4c03534cbd7 => generated 258 bytes in 19 msecs (HTTP/1.1 200) 8 headers in 296 bytes (1 switches on core 0)
2026-07-09 15:50:15.272 8 INFO placement.requestlog [req-d46d6e37-d4aa-4b8f-a96f-fa88c0efa213 req-45313e30-b04b-4f9d-9722-07e1b3141b54 c25159a63b314ab582e7adfb726820cc d0da0e4300764d73a33cdca184b951ba - - 67caf0e84d7b40b491e76de9cc81c1b8 67caf0e84d7b40b491e76de9cc81c1b8] 199.19.213.203 "GET /allocations/cc367d09-bc90-4229-8b49-12634c4769a1" status: 200 len: 258 microversion: 1.28 [pid: 8|app: 0|req: 543/1083] 199.19.213.203 () {34 vars in 863 bytes} [Thu Jul 9 15:50:15 2026] GET /allocations/cc367d09-bc90-4229-8b49-12634c4769a1 => generated 258 bytes in 18 msecs (HTTP/1.1 200) 8 headers in 296 bytes (1 switches on core 0)
2026-07-09 15:50:15.296 7 INFO placement.requestlog [req-d46d6e37-d4aa-4b8f-a96f-fa88c0efa213 req-fa1bd620-6220-4fca-9c57-291ef8af195f c25159a63b314ab582e7adfb726820cc d0da0e4300764d73a33cdca184b951ba - - 67caf0e84d7b40b491e76de9cc81c1b8 67caf0e84d7b40b491e76de9cc81c1b8] 199.19.213.203 "GET /allocations/fc6c82c9-87e1-463b-9576-30b38fd25a70" status: 200 len: 258 microversion: 1.28 [pid: 7|app: 0|req: 541/1084] 199.19.213.203 () {34 vars in 863 bytes} [Thu Jul 9 15:50:15 2026] GET /allocations/fc6c82c9-87e1-463b-9576-30b38fd25a70 => generated 258 bytes in 12 msecs (HTTP/1.1 200) 8 headers in 296 bytes (1 switches on core 0)
2026-07-09 15:50:17.354 7 INFO placement.requestlog [None req-dfe91f12-293e-4f43-a426-2308c7b24689 4fa8551a644147d99b93b39b44f42b94 d0da0e4300764d73a33cdca184b951ba - - 67caf0e84d7b40b491e76de9cc81c1b8 67caf0e84d7b40b491e76de9cc81c1b8] 10.0.0.46 "GET /resource_providers/79b6895f-920f-4c79-b5f6-9ddb88dc160b/aggregates" status: 404 len: 235 microversion: 1.1 [pid: 7|app: 0|req: 542/1085] 10.0.0.46 () {32 vars in 815 bytes} [Thu Jul 9 15:50:17 2026] GET /resource_providers/79b6895f-920f-4c79-b5f6-9ddb88dc160b/aggregates => generated 235 bytes in 9 msecs (HTTP/1.1 404) 5 headers in 202 bytes (1 switches on core 0)
2026-07-09 15:50:17.361 8 INFO placement.requestlog [None req-56a19d83-f3e8-49d9-8c8c-9c39e55ce104 4fa8551a644147d99b93b39b44f42b94 d0da0e4300764d73a33cdca184b951ba - - 67caf0e84d7b40b491e76de9cc81c1b8 67caf0e84d7b40b491e76de9cc81c1b8] 10.0.0.46 "GET /resource_providers/79b6895f-920f-4c79-b5f6-9ddb88dc160b/aggregates" status: 404 len: 235 microversion: 1.1 [pid: 8|app: 0|req: 544/1086] 10.0.0.46 () {32 vars in 815 bytes} [Thu Jul 9 15:50:17 2026] GET /resource_providers/79b6895f-920f-4c79-b5f6-9ddb88dc160b/aggregates => generated 235 bytes in 17 msecs (HTTP/1.1 404) 5 headers in 202 bytes (1 switches on core 0)
2026-07-09 15:50:17.373 7 INFO placement.requestlog [None req-5c5d155a-5d12-423f-96bc-1943e35c0601 4fa8551a644147d99b93b39b44f42b94 d0da0e4300764d73a33cdca184b951ba - - 67caf0e84d7b40b491e76de9cc81c1b8 67caf0e84d7b40b491e76de9cc81c1b8] 10.0.0.46 "DELETE /resource_providers/79b6895f-920f-4c79-b5f6-9ddb88dc160b" status: 404 len: 246 microversion: 1.1 [pid: 7|app: 0|req: 543/1087] 10.0.0.46 () {34 vars in 815 bytes} [Thu Jul 9 15:50:17 2026] DELETE /resource_providers/79b6895f-920f-4c79-b5f6-9ddb88dc160b => generated 246 bytes in 11 msecs (HTTP/1.1 404) 6 headers in 231 bytes (1 switches on core 0)
2026-07-09 15:50:17.382 8 INFO placement.requestlog [None req-e493fcb6-0c7b-482f-a482-bb212c4d5e69 4fa8551a644147d99b93b39b44f42b94 d0da0e4300764d73a33cdca184b951ba - - 67caf0e84d7b40b491e76de9cc81c1b8 67caf0e84d7b40b491e76de9cc81c1b8] 10.0.0.46 "DELETE /resource_providers/79b6895f-920f-4c79-b5f6-9ddb88dc160b" status: 404 len: 246 microversion: 1.1 [pid: 8|app: 0|req: 545/1088] 10.0.0.46 () {34 vars in 815 bytes} [Thu Jul 9 15:50:17 2026] DELETE /resource_providers/79b6895f-920f-4c79-b5f6-9ddb88dc160b => generated 246 bytes in 14 msecs (HTTP/1.1 404) 6 headers in 231 bytes (1 switches on core 0)
2026-07-09 15:50:17.662 7 INFO placement.requestlog [None req-5025be76-6406-445d-bfc1-9c83bd2e00b3 4fa8551a644147d99b93b39b44f42b94 d0da0e4300764d73a33cdca184b951ba - - 67caf0e84d7b40b491e76de9cc81c1b8 67caf0e84d7b40b491e76de9cc81c1b8] 10.0.0.46 "GET /resource_providers/8c2c1870-4ee7-4373-b65f-bf5d4471d4f3/aggregates" status: 404 len: 235 microversion: 1.1 [pid: 7|app: 0|req: 544/1089] 10.0.0.46 () {32 vars in 815 bytes} [Thu Jul 9 15:50:17 2026] GET /resource_providers/8c2c1870-4ee7-4373-b65f-bf5d4471d4f3/aggregates => generated 235 bytes in 10 msecs (HTTP/1.1 404) 5 headers in 202 bytes (1 switches on core 0)
2026-07-09 15:50:17.683 7 INFO placement.requestlog [None req-9a4e6db0-925c-4f3a-b949-aef2232e3b1c 4fa8551a644147d99b93b39b44f42b94 d0da0e4300764d73a33cdca184b951ba - - 67caf0e84d7b40b491e76de9cc81c1b8 67caf0e84d7b40b491e76de9cc81c1b8] 10.0.0.46 "DELETE /resource_providers/8c2c1870-4ee7-4373-b65f-bf5d4471d4f3" status: 404 len: 246 microversion: 1.1 [pid: 7|app: 0|req: 545/1090] 10.0.0.46 () {34 vars in 815 bytes} [Thu Jul 9 15:50:17 2026] DELETE /resource_providers/8c2c1870-4ee7-4373-b65f-bf5d4471d4f3 => generated 246 bytes in 11 msecs (HTTP/1.1 404) 6 headers in 231 bytes (1 switches on core 0)
2026-07-09 15:50:17.689 8 INFO placement.requestlog [None req-aa5d787b-0551-4ce8-bb2b-059e61b29d5a 4fa8551a644147d99b93b39b44f42b94 d0da0e4300764d73a33cdca184b951ba - - 67caf0e84d7b40b491e76de9cc81c1b8 67caf0e84d7b40b491e76de9cc81c1b8] 10.0.0.46 "GET /resource_providers/8c2c1870-4ee7-4373-b65f-bf5d4471d4f3/aggregates" status: 404 len: 235 microversion: 1.1 [pid: 8|app: 0|req: 546/1091] 10.0.0.46 () {32 vars in 815 bytes} [Thu Jul 9 15:50:17 2026] GET /resource_providers/8c2c1870-4ee7-4373-b65f-bf5d4471d4f3/aggregates => generated 235 bytes in 22 msecs (HTTP/1.1 404) 5 headers in 202 bytes (1 switches on core 0)
2026-07-09 15:50:17.707 7 INFO placement.requestlog [None req-6f408f5c-b8f6-43f9-8175-141dbef1ae76 4fa8551a644147d99b93b39b44f42b94 d0da0e4300764d73a33cdca184b951ba - - 67caf0e84d7b40b491e76de9cc81c1b8 67caf0e84d7b40b491e76de9cc81c1b8] 10.0.0.46 "DELETE /resource_providers/8c2c1870-4ee7-4373-b65f-bf5d4471d4f3" status: 404 len: 246 microversion: 1.1 [pid: 7|app: 0|req: 546/1092] 10.0.0.46 () {34 vars in 815 bytes} [Thu Jul 9 15:50:17 2026] DELETE /resource_providers/8c2c1870-4ee7-4373-b65f-bf5d4471d4f3 => generated 246 bytes in 11 msecs (HTTP/1.1 404) 6 headers in 231 bytes (1 switches on core 0)
2026-07-09 15:50:19.798 7 INFO placement.requestlog [None req-728d3a3b-a9f3-4712-bcee-f43da69f38c6 4fa8551a644147d99b93b39b44f42b94 d0da0e4300764d73a33cdca184b951ba - - 67caf0e84d7b40b491e76de9cc81c1b8 67caf0e84d7b40b491e76de9cc81c1b8] 10.0.0.46 "GET /resource_providers/c78a6f82-ba55-4f9f-8ecb-795a2eb4cd76/aggregates" status: 404 len: 235 microversion: 1.1 [pid: 7|app: 0|req: 547/1093] 10.0.0.46 () {32 vars in 815 bytes} [Thu Jul 9 15:50:19 2026] GET /resource_providers/c78a6f82-ba55-4f9f-8ecb-795a2eb4cd76/aggregates => generated 235 bytes in 13 msecs (HTTP/1.1 404) 5 headers in 202 bytes (1 switches on core 0)
2026-07-09 15:50:19.803 8 INFO placement.requestlog [None req-42e52870-8f7b-49e5-8f07-168bc8049a40 4fa8551a644147d99b93b39b44f42b94 d0da0e4300764d73a33cdca184b951ba - - 67caf0e84d7b40b491e76de9cc81c1b8 67caf0e84d7b40b491e76de9cc81c1b8] 10.0.0.46 "GET /resource_providers/c78a6f82-ba55-4f9f-8ecb-795a2eb4cd76/aggregates" status: 404 len: 235 microversion: 1.1 [pid: 8|app: 0|req: 547/1094] 10.0.0.46 () {32 vars in 815 bytes} [Thu Jul 9 15:50:19 2026] GET /resource_providers/c78a6f82-ba55-4f9f-8ecb-795a2eb4cd76/aggregates => generated 235 bytes in 18 msecs (HTTP/1.1 404) 5 headers in 202 bytes (1 switches on core 0)
2026-07-09 15:50:19.824 8 INFO placement.requestlog [None req-d2e1b89f-45f5-48f4-8d46-a273a2837fa6 4fa8551a644147d99b93b39b44f42b94 d0da0e4300764d73a33cdca184b951ba - - 67caf0e84d7b40b491e76de9cc81c1b8 67caf0e84d7b40b491e76de9cc81c1b8] 10.0.0.46 "DELETE /resource_providers/c78a6f82-ba55-4f9f-8ecb-795a2eb4cd76" status: 404 len: 246 microversion: 1.1 [pid: 8|app: 0|req: 548/1095] 10.0.0.46 () {34 vars in 815 bytes} [Thu Jul 9 15:50:19 2026] DELETE /resource_providers/c78a6f82-ba55-4f9f-8ecb-795a2eb4cd76 => generated 246 bytes in 10 msecs (HTTP/1.1 404) 6 headers in 231 bytes (1 switches on core 0)
2026-07-09 15:50:19.826 7 INFO placement.requestlog [None req-dea531d6-b687-4bb5-a851-00e2d024908c 4fa8551a644147d99b93b39b44f42b94 d0da0e4300764d73a33cdca184b951ba - - 67caf0e84d7b40b491e76de9cc81c1b8 67caf0e84d7b40b491e76de9cc81c1b8] 10.0.0.46 "DELETE /resource_providers/c78a6f82-ba55-4f9f-8ecb-795a2eb4cd76" status: 404 len: 246 microversion: 1.1 [pid: 7|app: 0|req: 548/1096] 10.0.0.46 () {34 vars in 815 bytes} [Thu Jul 9 15:50:19 2026] DELETE /resource_providers/c78a6f82-ba55-4f9f-8ecb-795a2eb4cd76 => generated 246 bytes in 12 msecs (HTTP/1.1 404) 6 headers in 231 bytes (1 switches on core 0)
2026-07-09 15:50:19.839 8 INFO placement.requestlog [None req-c29fd6a3-0c6a-4ed3-a3eb-0d639791e41b 4fa8551a644147d99b93b39b44f42b94 d0da0e4300764d73a33cdca184b951ba - - 67caf0e84d7b40b491e76de9cc81c1b8 67caf0e84d7b40b491e76de9cc81c1b8] 10.0.0.46 "GET /resource_providers/be73838b-1223-49d7-b2b1-15d7b38fc99c/aggregates" status: 404 len: 235 microversion: 1.1 [pid: 8|app: 0|req: 549/1097] 10.0.0.46 () {32 vars in 815 bytes} [Thu Jul 9 15:50:19 2026] GET /resource_providers/be73838b-1223-49d7-b2b1-15d7b38fc99c/aggregates => generated 235 bytes in 11 msecs (HTTP/1.1 404) 5 headers in 202 bytes (1 switches on core 0)
