Feb 16 18:13:31.768241 np0000155642 devstack@neutron-api.service[103676]: DEBUG ovsdbapp.backend.ovs_idl.transaction [-] Running txn n=1 command(idx=0): CheckRevisionNumberCommand(_result=None, name=6e3cd397-1ae9-40e4-9ddf-2c310aea1890, resource={'id': '6e3cd397-1ae9-40e4-9ddf-2c310aea1890', 'name': '', 'network_id': 'b7476cfc-a16a-4676-ba35-78cfe0eeafc1', 'project_id': '2861c6134bc24505a4953890201a6426', 'mac_address': 'fa:16:3e:40:c3:b4', 'admin_state_up': True, 'status': 'DOWN', 'device_id': 'ovnmeta-b7476cfc-a16a-4676-ba35-78cfe0eeafc1', 'device_owner': 'network:distributed', 'standard_attr_id': 14, 'fixed_ips': [{'subnet_id': 'e88c0dbb-d60a-4f8e-9ef4-c59f6cea3820', 'ip_address': '10.1.0.2'}], 'allowed_address_pairs': [], 'extra_dhcp_opts': [], 'security_groups': [], 'description': '', 'binding:vnic_type': 'normal', 'binding:profile': {}, 'binding:host_id': '', 'binding:vif_type': 'unbound', 'binding:vif_details': {}, 'port_security_enabled': False, 'tags': [], 'created_at': '2026-02-16T18:13:29Z', 'updated_at': '2026-02-16T18:13:31Z', 'revision_number': 2, 'tenant_id': '2861c6134bc24505a4953890201a6426', 'network': {'id': 'b7476cfc-a16a-4676-ba35-78cfe0eeafc1', 'name': 'private', 'tenant_id': '2861c6134bc24505a4953890201a6426', 'project_id': '2861c6134bc24505a4953890201a6426', 'admin_state_up': True, 'mtu': 1372, 'status': 'ACTIVE', 'subnets': ['e88c0dbb-d60a-4f8e-9ef4-c59f6cea3820'], 'standard_attr_id': 12, 'shared': False, 'availability_zone_hints': [], 'availability_zones': [], 'ipv4_address_scope': None, 'ipv6_address_scope': None, 'router:external': False, 'qinq': False, 'vlan_transparent': False, 'description': '', 'port_security_enabled': True, 'tags': [], 'created_at': '2026-02-16T18:13:29Z', 'updated_at': '2026-02-16T18:13:30Z', 'revision_number': 2, 'provider:network_type': 'geneve', 'provider:physical_network': None, 'provider:segmentation_id': 55454}}, resource_type=ports, if_exists=True) {{(pid=103676) do_commit /opt/stack/data/venv/lib/python3.12/site-packages/ovsdbapp/backend/ovs_idl/transaction.py:89}}
Feb 16 18:13:31.769502 np0000155642 devstack@neutron-api.service[103676]: DEBUG ovsdbapp.backend.ovs_idl.transaction [-] Running txn n=1 command(idx=1): AddDHCPOptionsCommand(_result=None, columns={'cidr': '10.1.0.0/26', 'options': {'server_id': '10.1.0.1', 'lease_time': '43200', 'mtu': '1372', 'router': '10.1.0.1', 'server_mac': 'fa:16:3e:ab:2c:4d', 'dns_server': '{127.0.0.53}', 'classless_static_route': '{169.254.169.254/32,10.1.0.2, 0.0.0.0/0,10.1.0.1}'}, 'external_ids': {'subnet_id': 'e88c0dbb-d60a-4f8e-9ef4-c59f6cea3820', 'neutron:revision_number': '0'}}, may_exist=True, subnet_id=e88c0dbb-d60a-4f8e-9ef4-c59f6cea3820, port_id=None, new_insert=False) {{(pid=103676) do_commit /opt/stack/data/venv/lib/python3.12/site-packages/ovsdbapp/backend/ovs_idl/transaction.py:89}}
Feb 16 18:13:31.769502 np0000155642 devstack@neutron-api.service[103676]: DEBUG ovsdbapp.backend.ovs_idl.transaction [-] Running txn n=1 command(idx=2): SetLSwitchPortCommand(_result=None, lport=6e3cd397-1ae9-40e4-9ddf-2c310aea1890, external_ids_update=None, columns={'external_ids': {'neutron:port_name': '', 'neutron:device_id': 'ovnmeta-b7476cfc-a16a-4676-ba35-78cfe0eeafc1', 'neutron:project_id': '2861c6134bc24505a4953890201a6426', 'neutron:cidrs': '10.1.0.2/26', 'neutron:device_owner': 'network:distributed', 'neutron:subnet_pool_addr_scope4': '', 'neutron:subnet_pool_addr_scope6': '', 'neutron:network_name': 'neutron-b7476cfc-a16a-4676-ba35-78cfe0eeafc1', 'neutron:security_group_ids': '', 'neutron:revision_number': '2', 'neutron:vnic_type': 'normal', 'neutron:port_capabilities': '', 'neutron:mtu': ''}, 'parent_name': [], 'tag': [], 'options': {}, 'enabled': True, 'port_security': [], 'dhcpv4_options': [], 'dhcpv6_options': [], 'type': 'localport', 'addresses': ['fa:16:3e:40:c3:b4 10.1.0.2'], 'ha_chassis_group': []}, if_exists=False) {{(pid=103676) do_commit /opt/stack/data/venv/lib/python3.12/site-packages/ovsdbapp/backend/ovs_idl/transaction.py:89}}
Feb 16 18:13:31.770617 np0000155642 devstack@neutron-api.service[103676]: DEBUG ovsdbapp.backend.ovs_idl.transaction [-] Running txn n=1 command(idx=3): PgDelPortCommand(_result=None, port_group=neutron_pg_drop, lsp=['6e3cd397-1ae9-40e4-9ddf-2c310aea1890'], if_exists=False) {{(pid=103676) do_commit /opt/stack/data/venv/lib/python3.12/site-packages/ovsdbapp/backend/ovs_idl/transaction.py:89}}
Feb 16 18:13:31.776462 np0000155642 devstack@neutron-api.service[103675]: DEBUG neutron.plugins.ml2.drivers.ovn.mech_driver.ovsdb.ovsdb_monitor [-] Hash Ring: Node 588db0c22321561290643abc1524249b (host: np0000155642) handling event "update" for row 99c49f70-3c50-48ac-9b74-7a13df288707 (table: Logical_Switch_Port) {{(pid=103675) notify /opt/stack/neutron/neutron/plugins/ml2/drivers/ovn/mech_driver/ovsdb/ovsdb_monitor.py:920}}
Feb 16 18:13:31.777505 np0000155642 devstack@neutron-api.service[103677]: DEBUG neutron.plugins.ml2.drivers.ovn.mech_driver.ovsdb.ovsdb_monitor [-] Hash Ring: Node 59c78beebf215165ac16e583620859b5 (host: np0000155642) handling event "update" for row 3ce59206-7642-40a9-9d4f-d78bfd448035 (table: Port_Binding) {{(pid=103677) notify /opt/stack/neutron/neutron/plugins/ml2/drivers/ovn/mech_driver/ovsdb/ovsdb_monitor.py:920}}
Feb 16 18:13:31.778517 np0000155642 devstack@neutron-api.service[103677]: DEBUG neutron.plugins.ml2.drivers.ovn.mech_driver.ovsdb.ovsdb_monitor [-] Hash Ring: Node 59c78beebf215165ac16e583620859b5 (host: np0000155642) handling event "update" for row 99c49f70-3c50-48ac-9b74-7a13df288707 (table: Logical_Switch_Port) {{(pid=103677) notify /opt/stack/neutron/neutron/plugins/ml2/drivers/ovn/mech_driver/ovsdb/ovsdb_monitor.py:920}}
Feb 16 18:13:31.778789 np0000155642 devstack@neutron-api.service[103678]: DEBUG neutron.plugins.ml2.drivers.ovn.mech_driver.ovsdb.ovsdb_monitor [-] Hash Ring: Node cbe1c7c83b875a009faa5221f1bb3da8 (host: np0000155642) handling event "update" for row 3ce59206-7642-40a9-9d4f-d78bfd448035 (table: Port_Binding) {{(pid=103678) notify /opt/stack/neutron/neutron/plugins/ml2/drivers/ovn/mech_driver/ovsdb/ovsdb_monitor.py:920}}
Feb 16 18:13:31.780345 np0000155642 devstack@neutron-api.service[103678]: DEBUG neutron.plugins.ml2.drivers.ovn.mech_driver.ovsdb.ovsdb_monitor [-] Hash Ring: Node cbe1c7c83b875a009faa5221f1bb3da8 (host: np0000155642) handling event "create" for row ada3574b-9977-4d76-bc89-82eeb7834f3b (table: DHCP_Options) {{(pid=103678) notify /opt/stack/neutron/neutron/plugins/ml2/drivers/ovn/mech_driver/ovsdb/ovsdb_monitor.py:920}}
Feb 16 18:13:31.780345 np0000155642 devstack@neutron-api.service[103678]: DEBUG neutron.plugins.ml2.drivers.ovn.mech_driver.ovsdb.ovsdb_monitor [-] Hash Ring: Node cbe1c7c83b875a009faa5221f1bb3da8 (host: np0000155642) handling event "update" for row 99c49f70-3c50-48ac-9b74-7a13df288707 (table: Logical_Switch_Port) {{(pid=103678) notify /opt/stack/neutron/neutron/plugins/ml2/drivers/ovn/mech_driver/ovsdb/ovsdb_monitor.py:920}}
Feb 16 18:13:31.821327 np0000155642 devstack@neutron-api.service[103676]: INFO neutron.db.ovn_revision_numbers_db [None req-008f2262-5261-4f1b-9803-71eafc73ee49 admin admin] Successfully bumped revision number for resource 6e3cd397-1ae9-40e4-9ddf-2c310aea1890 (type: ports) to 2
Feb 16 18:13:31.832414 np0000155642 devstack@neutron-api.service[103676]: DEBUG neutron.plugins.ml2.plugin [None req-008f2262-5261-4f1b-9803-71eafc73ee49 admin admin] In _notify_port_updated(), no bound segment for port 6e3cd397-1ae9-40e4-9ddf-2c310aea1890 on network b7476cfc-a16a-4676-ba35-78cfe0eeafc1 {{(pid=103676) _notify_port_updated /opt/stack/neutron/neutron/plugins/ml2/plugin.py:1036}}
Feb 16 18:13:31.862650 np0000155642 devstack@neutron-api.service[103676]: INFO neutron.db.ovn_revision_numbers_db [None req-008f2262-5261-4f1b-9803-71eafc73ee49 admin admin] Successfully bumped revision number for resource e88c0dbb-d60a-4f8e-9ef4-c59f6cea3820 (type: subnets) to 0
Feb 16 18:13:31.864013 np0000155642 devstack@neutron-api.service[103676]: DEBUG neutron.pecan_wsgi.hooks.policy_enforcement [None req-008f2262-5261-4f1b-9803-71eafc73ee49 admin admin] Attributes excluded by policy engine: ['standard_attr_id', 'shared', 'network'] {{(pid=103676) _exclude_attributes_by_policy /opt/stack/neutron/neutron/pecan_wsgi/hooks/policy_enforcement.py:258}}
Feb 16 18:13:31.864355 np0000155642 devstack@neutron-api.service[103676]: DEBUG neutron_lib.callbacks.manager [None req-008f2262-5261-4f1b-9803-71eafc73ee49 admin admin] Publish callbacks [] for subnet (None), before_response {{(pid=103676) _notify_loop /opt/stack/data/venv/lib/python3.12/site-packages/neutron_lib/callbacks/manager.py:184}}
Feb 16 18:13:31.876075 np0000155642 devstack@neutron-api.service[103676]: [pid: 103676|app: 0|req: 2/8] 199.204.45.240 () {68 vars in 1354 bytes} [Mon Feb 16 18:13:30 2026] POST /networking/v2.0/subnets => generated 666 bytes in 1167 msecs (HTTP/1.1 201) 4 headers in 162 bytes (1 switches on core 0)
Feb 16 18:13:32.366357 np0000155642 devstack@neutron-api.service[103675]: DEBUG neutron.pecan_wsgi.hooks.policy_enforcement [None req-24a343f3-f0e6-4fd5-9267-b2407e090fd8 admin admin] Attributes excluded by policy engine: ['standard_attr_id'] {{(pid=103675) _exclude_attributes_by_policy /opt/stack/neutron/neutron/pecan_wsgi/hooks/policy_enforcement.py:258}}
Feb 16 18:13:32.367064 np0000155642 devstack@neutron-api.service[103675]: [pid: 103675|app: 0|req: 2/9] 199.204.45.240 () {64 vars in 1414 bytes} [Mon Feb 16 18:13:32 2026] GET /networking/v2.0/networks/b7476cfc-a16a-4676-ba35-78cfe0eeafc1 => generated 700 bytes in 50 msecs (HTTP/1.1 200) 4 headers in 157 bytes (1 switches on core 0)
Feb 16 18:13:32.396339 np0000155642 devstack@neutron-api.service[103678]: DEBUG neutron.api.wsgi [None req-74556bea-9c90-4c03-8a71-693cf79a49ec admin admin] Missing Content-Type {{(pid=103678) get_content_type /opt/stack/neutron/neutron/api/wsgi.py:85}}
Feb 16 18:13:32.410955 np0000155642 devstack@neutron-api.service[103678]: [pid: 103678|app: 0|req: 4/10] 199.204.45.240 () {64 vars in 1423 bytes} [Mon Feb 16 18:13:32 2026] GET /networking/v2.0/subnetpools/7c119747-f4f1-44d8-a96d-e9ffbd7fd02d => generated 531 bytes in 20 msecs (HTTP/1.1 200) 4 headers in 157 bytes (1 switches on core 0)
Feb 16 18:13:32.438804 np0000155642 devstack@neutron-api.service[103677]: DEBUG neutron.api.v2.base [None req-5dc2ee70-548d-4d00-b9e1-e404eb391d3e admin admin] Request body: {'subnet': {'network_id': 'b7476cfc-a16a-4676-ba35-78cfe0eeafc1', 'ip_version': 6, 'name': 'ipv6-private-subnet', 'ipv6_address_mode': 'slaac', 'ipv6_ra_mode': 'slaac', 'subnetpool_id': '7c119747-f4f1-44d8-a96d-e9ffbd7fd02d'}} {{(pid=103677) prepare_request_body /opt/stack/neutron/neutron/api/v2/base.py:729}}
Feb 16 18:13:32.469131 np0000155642 devstack@neutron-api.service[103677]: DEBUG neutron.pecan_wsgi.hooks.quota_enforcement [None req-5dc2ee70-548d-4d00-b9e1-e404eb391d3e admin admin] Made reservation on behalf of 2861c6134bc24505a4953890201a6426 for: {'subnet': 1} {{(pid=103677) before /opt/stack/neutron/neutron/pecan_wsgi/hooks/quota_enforcement.py:66}}
Feb 16 18:13:32.473017 np0000155642 devstack@neutron-api.service[103677]: DEBUG neutron_lib.callbacks.manager [None req-5dc2ee70-548d-4d00-b9e1-e404eb391d3e admin admin] Publish callbacks [] for subnet (None), before_create {{(pid=103677) _notify_loop /opt/stack/data/venv/lib/python3.12/site-packages/neutron_lib/callbacks/manager.py:184}}
Feb 16 18:13:32.842276 np0000155642 devstack@neutron-api.service[103677]: DEBUG neutron.db.ovn_revision_numbers_db [None req-5dc2ee70-548d-4d00-b9e1-e404eb391d3e admin admin] create_initial_revision uuid=ff421cf0-9f61-4e93-8b2f-2c116f7b7e9c, type=subnets, rev=-1 {{(pid=103677) create_initial_revision /opt/stack/neutron/neutron/db/ovn_revision_numbers_db.py:98}}
Feb 16 18:13:32.917648 np0000155642 devstack@neutron-api.service[103677]: DEBUG neutron.objects.ports [None req-5dc2ee70-548d-4d00-b9e1-e404eb391d3e admin admin] Time-cost: Fetching 1 ports in 0 security groups {{(pid=103677) get_objects /opt/stack/neutron/neutron/objects/ports.py:499}}
Feb 16 18:13:33.087820 np0000155642 devstack@neutron-api.service[103677]: DEBUG neutron_lib.callbacks.manager [None req-5dc2ee70-548d-4d00-b9e1-e404eb391d3e admin admin] Publish callbacks ['neutron.plugins.ml2.plugin.SecurityGroupDbMixin._ensure_default_security_group_handler-514805', 'neutron.services.ovn_l3.plugin.OVNL3RouterPlugin._port_update-7933364738762', 'neutron.db.l3_db.L3_NAT_dbonly_mixin._prevent_internal_ip_change_for_fip-7933366264612'] for port (6e3cd397-1ae9-40e4-9ddf-2c310aea1890), before_update {{(pid=103677) _notify_loop /opt/stack/data/venv/lib/python3.12/site-packages/neutron_lib/callbacks/manager.py:184}}
Feb 16 18:13:33.249372 np0000155642 devstack@neutron-api.service[103677]: DEBUG neutron_lib.callbacks.manager [None req-5dc2ee70-548d-4d00-b9e1-e404eb391d3e admin admin] Publish callbacks [] for port (6e3cd397-1ae9-40e4-9ddf-2c310aea1890), precommit_update {{(pid=103677) _notify_loop /opt/stack/data/venv/lib/python3.12/site-packages/neutron_lib/callbacks/manager.py:184}}
Feb 16 18:13:33.249699 np0000155642 devstack@neutron-api.service[103677]: DEBUG neutron.plugins.ml2.drivers.ovn.mech_driver.mech_driver [None req-5dc2ee70-548d-4d00-b9e1-e404eb391d3e admin admin] No provisioning block for port 6e3cd397-1ae9-40e4-9ddf-2c310aea1890 since it does not have a host {{(pid=103677) _is_port_provisioning_required /opt/stack/neutron/neutron/plugins/ml2/drivers/ovn/mech_driver/mech_driver.py:883}}
Feb 16 18:13:33.250827 np0000155642 devstack@neutron-api.service[103677]: DEBUG neutron_lib.callbacks.manager [None req-5dc2ee70-548d-4d00-b9e1-e404eb391d3e admin admin] Publish callbacks ['neutron.plugins.ml2.ovo_rpc._ObjectChangeHandler.handle_event-1673481', 'neutron.db.l3_db.L3RpcNotifierMixin._notify_gateway_port_ip_changed-7933366141986', 'neutron.services.ovn_l3.plugin.OVNL3RouterPlugin._port_update-7933364738762'] for port (6e3cd397-1ae9-40e4-9ddf-2c310aea1890), after_update {{(pid=103677) _notify_loop /opt/stack/data/venv/lib/python3.12/site-packages/neutron_lib/callbacks/manager.py:184}}
Feb 16 18:13:33.325434 np0000155642 devstack@neutron-api.service[103677]: DEBUG neutron.api.rpc.handlers.resources_rpc [None req-5dc2ee70-548d-4d00-b9e1-e404eb391d3e admin admin] Pushing event updated for resources: {'Port': ['ID=6e3cd397-1ae9-40e4-9ddf-2c310aea1890,revision_number=3']} {{(pid=103677) push /opt/stack/neutron/neutron/api/rpc/handlers/resources_rpc.py:237}}
Feb 16 18:13:33.331691 np0000155642 devstack@neutron-api.service[103677]: DEBUG neutron.api.rpc.callbacks.version_manager [None req-5dc2ee70-548d-4d00-b9e1-e404eb391d3e admin admin] Tracked resource versions report:
Feb 16 18:13:33.331691 np0000155642 devstack@neutron-api.service[103677]: pushed versions:
Feb 16 18:13:33.331691 np0000155642 devstack@neutron-api.service[103677]: { 'AddressGroup': {'1.2'},
Feb 16 18:13:33.331691 np0000155642 devstack@neutron-api.service[103677]: 'Agent': {'1.1'},
Feb 16 18:13:33.331691 np0000155642 devstack@neutron-api.service[103677]: 'ConntrackHelper': {'1.0'},
Feb 16 18:13:33.331691 np0000155642 devstack@neutron-api.service[103677]: 'LocalIPAssociation': {'1.0'},
Feb 16 18:13:33.331691 np0000155642 devstack@neutron-api.service[103677]: 'Log': {'1.0'},
Feb 16 18:13:33.331691 np0000155642 devstack@neutron-api.service[103677]: 'NDPProxy': {'1.0'},
Feb 16 18:13:33.331691 np0000155642 devstack@neutron-api.service[103677]: 'Network': {'1.2'},
Feb 16 18:13:33.331691 np0000155642 devstack@neutron-api.service[103677]: 'Port': {'1.10'},
Feb 16 18:13:33.331691 np0000155642 devstack@neutron-api.service[103677]: 'PortForwarding': {'1.3'},
Feb 16 18:13:33.331691 np0000155642 devstack@neutron-api.service[103677]: 'QosPolicy': {'1.10'},
Feb 16 18:13:33.331691 np0000155642 devstack@neutron-api.service[103677]: 'SecurityGroup': {'1.6'},
Feb 16 18:13:33.331691 np0000155642 devstack@neutron-api.service[103677]: 'SecurityGroupRule': {'1.3'},
Feb 16 18:13:33.331691 np0000155642 devstack@neutron-api.service[103677]: 'SubPort': {'1.0'},
Feb 16 18:13:33.331691 np0000155642 devstack@neutron-api.service[103677]: 'Subnet': {'1.2'},
Feb 16 18:13:33.331691 np0000155642 devstack@neutron-api.service[103677]: 'Trunk': {'1.1'}}
Feb 16 18:13:33.331691 np0000155642 devstack@neutron-api.service[103677]: consumer versions:
Feb 16 18:13:33.331691 np0000155642 devstack@neutron-api.service[103677]: { OVN Neutron agent@np0000155642: {},
Feb 16 18:13:33.331691 np0000155642 devstack@neutron-api.service[103677]: OVN Controller Gateway agent@np0000155642: {}}
Feb 16 18:13:33.331691 np0000155642 devstack@neutron-api.service[103677]: {{(pid=103677) report /opt/stack/neutron/neutron/api/rpc/callbacks/version_manager.py:183}}
Feb 16 18:13:33.547842 np0000155642 devstack@neutron-api.service[103677]: DEBUG ovsdbapp.backend.ovs_idl.transaction [-] Running txn n=1 command(idx=0): CheckRevisionNumberCommand(_result=None, name=6e3cd397-1ae9-40e4-9ddf-2c310aea1890, resource={'id': '6e3cd397-1ae9-40e4-9ddf-2c310aea1890', 'name': '', 'network_id': 'b7476cfc-a16a-4676-ba35-78cfe0eeafc1', 'project_id': '2861c6134bc24505a4953890201a6426', 'mac_address': 'fa:16:3e:40:c3:b4', 'admin_state_up': True, 'status': 'DOWN', 'device_id': 'ovnmeta-b7476cfc-a16a-4676-ba35-78cfe0eeafc1', 'device_owner': 'network:distributed', 'standard_attr_id': 14, 'fixed_ips': [{'subnet_id': 'e88c0dbb-d60a-4f8e-9ef4-c59f6cea3820', 'ip_address': '10.1.0.2'}, {'subnet_id': 'ff421cf0-9f61-4e93-8b2f-2c116f7b7e9c', 'ip_address': 'fd::f816:3eff:fe40:c3b4'}], 'allowed_address_pairs': [], 'extra_dhcp_opts': [], 'security_groups': [], 'description': '', 'binding:vnic_type': 'normal', 'binding:profile': {}, 'binding:host_id': '', 'binding:vif_type': 'unbound', 'binding:vif_details': {}, 'port_security_enabled': False, 'tags': [], 'created_at': '2026-02-16T18:13:29Z', 'updated_at': '2026-02-16T18:13:33Z', 'revision_number': 3, 'tenant_id': '2861c6134bc24505a4953890201a6426', 'network': {'id': 'b7476cfc-a16a-4676-ba35-78cfe0eeafc1', 'name': 'private', 'tenant_id': '2861c6134bc24505a4953890201a6426', 'project_id': '2861c6134bc24505a4953890201a6426', 'admin_state_up': True, 'mtu': 1372, 'status': 'ACTIVE', 'subnets': ['e88c0dbb-d60a-4f8e-9ef4-c59f6cea3820', 'ff421cf0-9f61-4e93-8b2f-2c116f7b7e9c'], 'standard_attr_id': 12, 'shared': False, 'availability_zone_hints': [], 'availability_zones': [], 'ipv4_address_scope': None, 'ipv6_address_scope': None, 'router:external': False, 'qinq': False, 'vlan_transparent': False, 'description': '', 'port_security_enabled': True, 'tags': [], 'created_at': '2026-02-16T18:13:29Z', 'updated_at': '2026-02-16T18:13:32Z', 'revision_number': 3, 'provider:network_type': 'geneve', 'provider:physical_network': None, 'provider:segmentation_id': 55454}}, resource_type=ports, if_exists=True) {{(pid=103677) do_commit /opt/stack/data/venv/lib/python3.12/site-packages/ovsdbapp/backend/ovs_idl/transaction.py:89}}
Feb 16 18:13:33.548379 np0000155642 devstack@neutron-api.service[103677]: DEBUG ovsdbapp.backend.ovs_idl.transaction [-] Running txn n=1 command(idx=1): SetLSwitchPortCommand(_result=None, lport=6e3cd397-1ae9-40e4-9ddf-2c310aea1890, external_ids_update=None, columns={'external_ids': {'neutron:port_name': '', 'neutron:device_id': 'ovnmeta-b7476cfc-a16a-4676-ba35-78cfe0eeafc1', 'neutron:project_id': '2861c6134bc24505a4953890201a6426', 'neutron:cidrs': '10.1.0.2/26 fd::f816:3eff:fe40:c3b4/64', 'neutron:device_owner': 'network:distributed', 'neutron:subnet_pool_addr_scope4': '', 'neutron:subnet_pool_addr_scope6': '', 'neutron:network_name': 'neutron-b7476cfc-a16a-4676-ba35-78cfe0eeafc1', 'neutron:security_group_ids': '', 'neutron:revision_number': '3', 'neutron:vnic_type': 'normal', 'neutron:port_capabilities': '', 'neutron:mtu': ''}, 'parent_name': [], 'tag': [], 'options': {}, 'enabled': True, 'port_security': [], 'dhcpv4_options': [], 'dhcpv6_options': [], 'type': 'localport', 'addresses': ['fa:16:3e:40:c3:b4 10.1.0.2 fd::f816:3eff:fe40:c3b4'], 'ha_chassis_group': []}, if_exists=False) {{(pid=103677) do_commit /opt/stack/data/venv/lib/python3.12/site-packages/ovsdbapp/backend/ovs_idl/transaction.py:89}}
Feb 16 18:13:33.549686 np0000155642 devstack@neutron-api.service[103677]: DEBUG ovsdbapp.backend.ovs_idl.transaction [-] Running txn n=1 command(idx=2): PgDelPortCommand(_result=None, port_group=neutron_pg_drop, lsp=['6e3cd397-1ae9-40e4-9ddf-2c310aea1890'], if_exists=False) {{(pid=103677) do_commit /opt/stack/data/venv/lib/python3.12/site-packages/ovsdbapp/backend/ovs_idl/transaction.py:89}}
Feb 16 18:13:33.553870 np0000155642 devstack@neutron-api.service[103678]: DEBUG neutron.plugins.ml2.drivers.ovn.mech_driver.ovsdb.ovsdb_monitor [-] Hash Ring: Node cbe1c7c83b875a009faa5221f1bb3da8 (host: np0000155642) handling event "update" for row 99c49f70-3c50-48ac-9b74-7a13df288707 (table: Logical_Switch_Port) {{(pid=103678) notify /opt/stack/neutron/neutron/plugins/ml2/drivers/ovn/mech_driver/ovsdb/ovsdb_monitor.py:920}}
Feb 16 18:13:33.554700 np0000155642 devstack@neutron-api.service[103677]: DEBUG neutron.plugins.ml2.drivers.ovn.mech_driver.ovsdb.ovsdb_monitor [-] Hash Ring: Node 59c78beebf215165ac16e583620859b5 (host: np0000155642) handling event "update" for row 99c49f70-3c50-48ac-9b74-7a13df288707 (table: Logical_Switch_Port) {{(pid=103677) notify /opt/stack/neutron/neutron/plugins/ml2/drivers/ovn/mech_driver/ovsdb/ovsdb_monitor.py:920}}
Feb 16 18:13:33.555263 np0000155642 devstack@neutron-api.service[103675]: DEBUG neutron.plugins.ml2.drivers.ovn.mech_driver.ovsdb.ovsdb_monitor [-] Hash Ring: Node 588db0c22321561290643abc1524249b (host: np0000155642) handling event "update" for row 99c49f70-3c50-48ac-9b74-7a13df288707 (table: Logical_Switch_Port) {{(pid=103675) notify /opt/stack/neutron/neutron/plugins/ml2/drivers/ovn/mech_driver/ovsdb/ovsdb_monitor.py:920}}
Feb 16 18:13:33.557464 np0000155642 devstack@neutron-api.service[103678]: DEBUG neutron.plugins.ml2.drivers.ovn.mech_driver.ovsdb.ovsdb_monitor [-] Hash Ring: Node cbe1c7c83b875a009faa5221f1bb3da8 (host: np0000155642) handling event "update" for row 3ce59206-7642-40a9-9d4f-d78bfd448035 (table: Port_Binding) {{(pid=103678) notify /opt/stack/neutron/neutron/plugins/ml2/drivers/ovn/mech_driver/ovsdb/ovsdb_monitor.py:920}}
Feb 16 18:13:33.560487 np0000155642 devstack@neutron-api.service[103677]: DEBUG neutron.plugins.ml2.drivers.ovn.mech_driver.ovsdb.ovsdb_monitor [-] Hash Ring: Node 59c78beebf215165ac16e583620859b5 (host: np0000155642) handling event "update" for row 3ce59206-7642-40a9-9d4f-d78bfd448035 (table: Port_Binding) {{(pid=103677) notify /opt/stack/neutron/neutron/plugins/ml2/drivers/ovn/mech_driver/ovsdb/ovsdb_monitor.py:920}}
Feb 16 18:13:33.591347 np0000155642 devstack@neutron-api.service[103677]: INFO neutron.db.ovn_revision_numbers_db [None req-5dc2ee70-548d-4d00-b9e1-e404eb391d3e admin admin] Successfully bumped revision number for resource 6e3cd397-1ae9-40e4-9ddf-2c310aea1890 (type: ports) to 3
Feb 16 18:13:33.603467 np0000155642 devstack@neutron-api.service[103677]: DEBUG neutron_lib.callbacks.manager [None req-5dc2ee70-548d-4d00-b9e1-e404eb391d3e admin admin] Publish callbacks ['neutron.plugins.ml2.ovo_rpc._ObjectChangeHandler.handle_event-1673472'] for subnet (ff421cf0-9f61-4e93-8b2f-2c116f7b7e9c), after_create {{(pid=103677) _notify_loop /opt/stack/data/venv/lib/python3.12/site-packages/neutron_lib/callbacks/manager.py:184}}
Feb 16 18:13:33.616928 np0000155642 devstack@neutron-api.service[103677]: DEBUG neutron.api.rpc.handlers.resources_rpc [None req-5dc2ee70-548d-4d00-b9e1-e404eb391d3e admin admin] Pushing event updated for resources: {'Subnet': ['ID=ff421cf0-9f61-4e93-8b2f-2c116f7b7e9c,revision_number=0']} {{(pid=103677) push /opt/stack/neutron/neutron/api/rpc/handlers/resources_rpc.py:237}}
Feb 16 18:13:33.651479 np0000155642 devstack@neutron-api.service[103677]: INFO neutron.db.ovn_revision_numbers_db [None req-5dc2ee70-548d-4d00-b9e1-e404eb391d3e admin admin] Successfully bumped revision number for resource ff421cf0-9f61-4e93-8b2f-2c116f7b7e9c (type: subnets) to 0
Feb 16 18:13:33.652631 np0000155642 devstack@neutron-api.service[103677]: DEBUG neutron.pecan_wsgi.hooks.policy_enforcement [None req-5dc2ee70-548d-4d00-b9e1-e404eb391d3e admin admin] Attributes excluded by policy engine: ['standard_attr_id', 'shared', 'network'] {{(pid=103677) _exclude_attributes_by_policy /opt/stack/neutron/neutron/pecan_wsgi/hooks/policy_enforcement.py:258}}
Feb 16 18:13:33.652894 np0000155642 devstack@neutron-api.service[103677]: DEBUG neutron_lib.callbacks.manager [None req-5dc2ee70-548d-4d00-b9e1-e404eb391d3e admin admin] Publish callbacks [] for subnet (None), before_response {{(pid=103677) _notify_loop /opt/stack/data/venv/lib/python3.12/site-packages/neutron_lib/callbacks/manager.py:184}}
Feb 16 18:13:33.665127 np0000155642 devstack@neutron-api.service[103677]: [pid: 103677|app: 0|req: 3/11] 199.204.45.240 () {68 vars in 1354 bytes} [Mon Feb 16 18:13:32 2026] POST /networking/v2.0/subnets => generated 681 bytes in 1233 msecs (HTTP/1.1 201) 4 headers in 162 bytes (1 switches on core 0)
Feb 16 18:13:34.036692 np0000155642 devstack@neutron-api.service[103676]: DEBUG neutron.api.wsgi [None req-126dc1b5-d55e-4c97-ae3b-63535515e140 admin admin] Missing Content-Type {{(pid=103676) get_content_type /opt/stack/neutron/neutron/api/wsgi.py:85}}
Feb 16 18:13:34.037605 np0000155642 devstack@neutron-api.service[103676]: DEBUG neutron.api.wsgi [None req-126dc1b5-d55e-4c97-ae3b-63535515e140 admin admin] https://199.204.45.240/networking/v2.0/extensions returned with HTTP 200 {{(pid=103676) __call__ /opt/stack/neutron/neutron/api/wsgi.py:545}}
Feb 16 18:13:34.038324 np0000155642 devstack@neutron-api.service[103676]: [pid: 103676|app: 0|req: 3/12] 199.204.45.240 () {64 vars in 1322 bytes} [Mon Feb 16 18:13:34 2026] GET /networking/v2.0/extensions => generated 15208 bytes in 7 msecs (HTTP/1.1 200) 4 headers in 159 bytes (1 switches on core 0)
Feb 16 18:13:34.318701 np0000155642 devstack@neutron-api.service[103675]: DEBUG neutron.api.wsgi [None req-69ce7d0f-5d92-49dc-99e9-de95053c3761 admin admin] Missing Content-Type {{(pid=103675) get_content_type /opt/stack/neutron/neutron/api/wsgi.py:85}}
Feb 16 18:13:34.319303 np0000155642 devstack@neutron-api.service[103675]: DEBUG neutron.api.wsgi [None req-69ce7d0f-5d92-49dc-99e9-de95053c3761 admin admin] https://199.204.45.240/networking/v2.0/extensions returned with HTTP 200 {{(pid=103675) __call__ /opt/stack/neutron/neutron/api/wsgi.py:545}}
Feb 16 18:13:34.319722 np0000155642 devstack@neutron-api.service[103675]: [pid: 103675|app: 0|req: 3/13] 199.204.45.240 () {64 vars in 1322 bytes} [Mon Feb 16 18:13:34 2026] GET /networking/v2.0/extensions => generated 15208 bytes in 6 msecs (HTTP/1.1 200) 4 headers in 159 bytes (1 switches on core 0)
Feb 16 18:13:34.604604 np0000155642 devstack@neutron-api.service[103678]: DEBUG neutron.api.v2.base [None req-964a97cf-4102-4a34-b86c-50274c0d4cde admin admin] Request body: {'router': {'name': 'router1', 'admin_state_up': True}} {{(pid=103678) prepare_request_body /opt/stack/neutron/neutron/api/v2/base.py:729}}
Feb 16 18:13:34.623512 np0000155642 devstack@neutron-api.service[103678]: DEBUG futurist.periodics [-] Submitting periodic callback 'neutron.plugins.ml2.drivers.ovn.mech_driver.ovsdb.maintenance.HashRingHealthCheckPeriodics.touch_hash_ring_node' {{(pid=103678) _process_scheduled /opt/stack/data/venv/lib/python3.12/site-packages/futurist/periodics.py:638}}
Feb 16 18:13:34.626281 np0000155642 devstack@neutron-api.service[103678]: DEBUG neutron.plugins.ml2.drivers.ovn.mech_driver.ovsdb.maintenance [-] Touching Hash Ring node "cbe1c7c83b875a009faa5221f1bb3da8" from periodic health check thread {{(pid=103678) touch_hash_ring_node /opt/stack/neutron/neutron/plugins/ml2/drivers/ovn/mech_driver/ovsdb/maintenance.py:1135}}
Feb 16 18:13:34.635592 np0000155642 devstack@neutron-api.service[103678]: DEBUG neutron_lib.callbacks.manager [None req-964a97cf-4102-4a34-b86c-50274c0d4cde admin admin] Publish callbacks ['neutron.services.ovn_l3.service_providers.driver_controller.DriverController._check_router_request-632748'] for router (1dc8107c-8f98-4582-b777-b45d72985a22), before_create {{(pid=103678) _notify_loop /opt/stack/data/venv/lib/python3.12/site-packages/neutron_lib/callbacks/manager.py:184}}
Feb 16 18:13:34.637188 np0000155642 devstack@neutron-api.service[103678]: DEBUG neutron_lib.callbacks.manager [None req-964a97cf-4102-4a34-b86c-50274c0d4cde admin admin] Publish callbacks ['neutron.services.ovn_l3.service_providers.ovn.OVN_L3_HA_db_mixin._precommit_router_create-105916', 'neutron.services.ovn_l3.plugin.RouterAvailabilityZoneMixin._process_az_request-1147738', 'neutron.services.ovn_l3.plugin.ExtraGatewaysDbOnlyMixin._process_bfd_ecmp_create-632370', 'neutron.services.ovn_l3.service_providers.ovn.OvnDriver._process_router_create_precommit-106180', 'neutron.services.ovn_l3.service_providers.driver_controller.DriverController._set_router_provider-636620'] for router (1dc8107c-8f98-4582-b777-b45d72985a22), precommit_create {{(pid=103678) _notify_loop /opt/stack/data/venv/lib/python3.12/site-packages/neutron_lib/callbacks/manager.py:184}}
Feb 16 18:13:34.661332 np0000155642 devstack@neutron-api.service[103678]: DEBUG neutron.db.ovn_revision_numbers_db [None req-964a97cf-4102-4a34-b86c-50274c0d4cde admin admin] create_initial_revision uuid=1dc8107c-8f98-4582-b777-b45d72985a22, type=routers, rev=-1 {{(pid=103678) create_initial_revision /opt/stack/neutron/neutron/db/ovn_revision_numbers_db.py:98}}
Feb 16 18:13:34.741094 np0000155642 devstack@neutron-api.service[103678]: DEBUG neutron_lib.callbacks.manager [None req-964a97cf-4102-4a34-b86c-50274c0d4cde admin admin] Publish callbacks [] for router_controller (1dc8107c-8f98-4582-b777-b45d72985a22), precommit_add_association {{(pid=103678) _notify_loop /opt/stack/data/venv/lib/python3.12/site-packages/neutron_lib/callbacks/manager.py:184}}
Feb 16 18:13:34.747233 np0000155642 devstack@neutron-api.service[103678]: DEBUG neutron_lib.callbacks.manager [None req-964a97cf-4102-4a34-b86c-50274c0d4cde admin admin] Publish callbacks ['neutron.services.ovn_l3.service_providers.ovn.OvnDriver._process_router_create-106294'] for router (1dc8107c-8f98-4582-b777-b45d72985a22), after_create {{(pid=103678) _notify_loop /opt/stack/data/venv/lib/python3.12/site-packages/neutron_lib/callbacks/manager.py:184}}
Feb 16 18:13:34.747447 np0000155642 devstack@neutron-api.service[103678]: INFO neutron.plugins.ml2.drivers.ovn.mech_driver.ovsdb.extensions.qos [None req-964a97cf-4102-4a34-b86c-50274c0d4cde admin admin] Starting OVNClientQosExtension
Feb 16 18:13:34.747856 np0000155642 devstack@neutron-api.service[103678]: DEBUG neutron.plugins.ml2.drivers.ovn.mech_driver.ovsdb.extensions.qos [None req-964a97cf-4102-4a34-b86c-50274c0d4cde admin admin] Router 1dc8107c-8f98-4582-b777-b45d72985a22 does not have ID or gateway assigned {{(pid=103678) update_router /opt/stack/neutron/neutron/plugins/ml2/drivers/ovn/mech_driver/ovsdb/extensions/qos.py:529}}
Feb 16 18:13:34.748968 np0000155642 devstack@neutron-api.service[103678]: DEBUG ovsdbapp.backend.ovs_idl.transaction [-] Running txn n=1 command(idx=0): LrAddCommand(_result=None, router=neutron-1dc8107c-8f98-4582-b777-b45d72985a22, may_exist=True, columns={'external_ids': {'neutron:router_name': 'router1', 'neutron:revision_number': '1', 'neutron:availability_zone_hints': ''}, 'enabled': True, 'options': {'always_learn_from_arp_request': 'false', 'dynamic_neigh_routers': 'true', 'mac_binding_age_threshold': '0'}}) {{(pid=103678) do_commit /opt/stack/data/venv/lib/python3.12/site-packages/ovsdbapp/backend/ovs_idl/transaction.py:89}}
Feb 16 18:13:34.755149 np0000155642 devstack@neutron-api.service[103678]: DEBUG neutron.plugins.ml2.drivers.ovn.mech_driver.ovsdb.ovsdb_monitor [-] Hash Ring: Node cbe1c7c83b875a009faa5221f1bb3da8 (host: np0000155642) handling event "create" for row 301e1078-8ac6-43a6-b1a7-162aeb41aac7 (table: Logical_Router) {{(pid=103678) notify /opt/stack/neutron/neutron/plugins/ml2/drivers/ovn/mech_driver/ovsdb/ovsdb_monitor.py:920}}
Feb 16 18:13:34.755467 np0000155642 devstack@neutron-api.service[103677]: DEBUG neutron.plugins.ml2.drivers.ovn.mech_driver.ovsdb.ovsdb_monitor [-] Hash Ring: Node 59c78beebf215165ac16e583620859b5 (host: np0000155642) handling event "create" for row 301e1078-8ac6-43a6-b1a7-162aeb41aac7 (table: Logical_Router) {{(pid=103677) notify /opt/stack/neutron/neutron/plugins/ml2/drivers/ovn/mech_driver/ovsdb/ovsdb_monitor.py:920}}
Feb 16 18:13:34.765307 np0000155642 devstack@neutron-api.service[103677]: DEBUG neutron.plugins.ml2.drivers.ovn.mech_driver.ovsdb.ovsdb_monitor [-] Hash Ring: Node 59c78beebf215165ac16e583620859b5 (host: np0000155642) handling event "create" for row 16950ec9-fc60-4db4-817e-4d9eb190ade2 (table: Datapath_Binding) {{(pid=103677) notify /opt/stack/neutron/neutron/plugins/ml2/drivers/ovn/mech_driver/ovsdb/ovsdb_monitor.py:920}}
Feb 16 18:13:34.780692 np0000155642 devstack@neutron-api.service[103678]: DEBUG neutron.plugins.ml2.drivers.ovn.mech_driver.ovsdb.ovsdb_monitor [-] Hash Ring: Node cbe1c7c83b875a009faa5221f1bb3da8 (host: np0000155642) handling event "create" for row 16950ec9-fc60-4db4-817e-4d9eb190ade2 (table: Datapath_Binding) {{(pid=103678) notify /opt/stack/neutron/neutron/plugins/ml2/drivers/ovn/mech_driver/ovsdb/ovsdb_monitor.py:920}}
Feb 16 18:13:34.858655 np0000155642 devstack@neutron-api.service[103678]: INFO neutron.db.ovn_revision_numbers_db [None req-964a97cf-4102-4a34-b86c-50274c0d4cde admin admin] Successfully bumped revision number for resource 1dc8107c-8f98-4582-b777-b45d72985a22 (type: routers) to 1
Feb 16 18:13:34.878542 np0000155642 devstack@neutron-api.service[103678]: DEBUG neutron_lib.callbacks.manager [None req-964a97cf-4102-4a34-b86c-50274c0d4cde admin admin] Publish callbacks [] for router (None), before_response {{(pid=103678) _notify_loop /opt/stack/data/venv/lib/python3.12/site-packages/neutron_lib/callbacks/manager.py:184}}
Feb 16 18:13:34.879269 np0000155642 devstack@neutron-api.service[103678]: [pid: 103678|app: 0|req: 5/14] 199.204.45.240 () {68 vars in 1353 bytes} [Mon Feb 16 18:13:34 2026] POST /networking/v2.0/routers => generated 599 bytes in 280 msecs (HTTP/1.1 201) 4 headers in 162 bytes (1 switches on core 0)
Feb 16 18:13:35.166029 np0000155642 devstack@neutron-api.service[103677]: DEBUG neutron.api.wsgi [None req-f15d5758-df8c-43b6-8aae-0973d5b0d6de admin admin] Missing Content-Type {{(pid=103677) get_content_type /opt/stack/neutron/neutron/api/wsgi.py:85}}
Feb 16 18:13:35.166965 np0000155642 devstack@neutron-api.service[103677]: DEBUG neutron.api.wsgi [None req-f15d5758-df8c-43b6-8aae-0973d5b0d6de admin admin] https://199.204.45.240/networking/v2.0/extensions returned with HTTP 200 {{(pid=103677) __call__ /opt/stack/neutron/neutron/api/wsgi.py:545}}
Feb 16 18:13:35.167511 np0000155642 devstack@neutron-api.service[103677]: [pid: 103677|app: 0|req: 4/15] 199.204.45.240 () {64 vars in 1322 bytes} [Mon Feb 16 18:13:35 2026] GET /networking/v2.0/extensions => generated 15208 bytes in 7 msecs (HTTP/1.1 200) 4 headers in 159 bytes (1 switches on core 0)
Feb 16 18:13:35.450215 np0000155642 devstack@neutron-api.service[103677]: DEBUG futurist.periodics [-] Submitting periodic callback 'neutron.plugins.ml2.drivers.ovn.mech_driver.ovsdb.maintenance.HashRingHealthCheckPeriodics.touch_hash_ring_node' {{(pid=103677) _process_scheduled /opt/stack/data/venv/lib/python3.12/site-packages/futurist/periodics.py:638}}
Feb 16 18:13:35.451402 np0000155642 devstack@neutron-api.service[103677]: DEBUG neutron.plugins.ml2.drivers.ovn.mech_driver.ovsdb.maintenance [-] Touching Hash Ring node "59c78beebf215165ac16e583620859b5" from periodic health check thread {{(pid=103677) touch_hash_ring_node /opt/stack/neutron/neutron/plugins/ml2/drivers/ovn/mech_driver/ovsdb/maintenance.py:1135}}
Feb 16 18:13:35.463191 np0000155642 devstack@neutron-api.service[103676]: DEBUG neutron.api.v2.base [None req-f438d075-197e-49a7-bcb0-739adb4b753c admin admin] Request body: {'network': {'is_default': True, 'admin_state_up': True, 'provider:physical_network': 'public', 'name': 'public', 'router:external': True, 'provider:network_type': 'flat'}} {{(pid=103676) prepare_request_body /opt/stack/neutron/neutron/api/v2/base.py:729}}
Feb 16 18:13:35.482009 np0000155642 devstack@neutron-api.service[103676]: DEBUG neutron.pecan_wsgi.hooks.quota_enforcement [None req-f438d075-197e-49a7-bcb0-739adb4b753c admin admin] Made reservation on behalf of 2861c6134bc24505a4953890201a6426 for: {'network': 1} {{(pid=103676) before /opt/stack/neutron/neutron/pecan_wsgi/hooks/quota_enforcement.py:66}}
Feb 16 18:13:35.486012 np0000155642 devstack@neutron-api.service[103676]: DEBUG neutron_lib.callbacks.manager [None req-f438d075-197e-49a7-bcb0-739adb4b753c admin admin] Publish callbacks ['neutron.plugins.ml2.plugin.SecurityGroupDbMixin._ensure_default_security_group_handler-207406'] for network (None), before_create {{(pid=103676) _notify_loop /opt/stack/data/venv/lib/python3.12/site-packages/neutron_lib/callbacks/manager.py:184}}
Feb 16 18:13:35.501315 np0000155642 devstack@neutron-api.service[103676]: DEBUG neutron.plugins.ml2.drivers.type_flat [None req-f438d075-197e-49a7-bcb0-739adb4b753c admin admin] Reserving flat network on physical network public {{(pid=103676) reserve_provider_segment /opt/stack/neutron/neutron/plugins/ml2/drivers/type_flat.py:100}}
Feb 16 18:13:35.512699 np0000155642 devstack@neutron-api.service[103676]: DEBUG futurist.periodics [-] Submitting periodic callback 'neutron.plugins.ml2.drivers.ovn.mech_driver.ovsdb.maintenance.HashRingHealthCheckPeriodics.touch_hash_ring_node' {{(pid=103676) _process_scheduled /opt/stack/data/venv/lib/python3.12/site-packages/futurist/periodics.py:638}}
Feb 16 18:13:35.516420 np0000155642 devstack@neutron-api.service[103676]: DEBUG neutron.plugins.ml2.drivers.ovn.mech_driver.ovsdb.maintenance [-] Touching Hash Ring node "288150c4d55b568c91ee8fca589af316" from periodic health check thread {{(pid=103676) touch_hash_ring_node /opt/stack/neutron/neutron/plugins/ml2/drivers/ovn/mech_driver/ovsdb/maintenance.py:1135}}
Feb 16 18:13:35.522214 np0000155642 devstack@neutron-api.service[103676]: DEBUG neutron_lib.callbacks.manager [None req-f438d075-197e-49a7-bcb0-739adb4b753c admin admin] Publish callbacks ['neutron.services.segments.db._add_segment_host_mapping_for_segment-7933366396648', 'neutron.plugins.ml2.plugin.Ml2Plugin._handle_segment_change-103642'] for segment (25887b3d-71db-4ed0-b6d5-fc35b664cb72), precommit_create {{(pid=103676) _notify_loop /opt/stack/data/venv/lib/python3.12/site-packages/neutron_lib/callbacks/manager.py:184}}
Feb 16 18:13:35.522860 np0000155642 devstack@neutron-api.service[103676]: DEBUG neutron_lib.callbacks.manager [None req-f438d075-197e-49a7-bcb0-739adb4b753c admin admin] Unsubscribe: segment precommit_create {{(pid=103676) unsubscribe /opt/stack/data/venv/lib/python3.12/site-packages/neutron_lib/callbacks/manager.py:90}}
Feb 16 18:13:35.522974 np0000155642 devstack@neutron-api.service[103676]: INFO neutron.db.segments_db [None req-f438d075-197e-49a7-bcb0-739adb4b753c admin admin] Added segment 25887b3d-71db-4ed0-b6d5-fc35b664cb72 of type flat for network 137fd854-d4c1-4b10-b82a-19a73ca65742
Feb 16 18:13:35.555615 np0000155642 devstack@neutron-api.service[103676]: DEBUG neutron_lib.callbacks.manager [None req-f438d075-197e-49a7-bcb0-739adb4b753c admin admin] Publish callbacks ['neutron.services.auto_allocate.db._ensure_external_network_default_value_callback-7933364744606'] for network (137fd854-d4c1-4b10-b82a-19a73ca65742), precommit_create {{(pid=103676) _notify_loop /opt/stack/data/venv/lib/python3.12/site-packages/neutron_lib/callbacks/manager.py:184}}
Feb 16 18:13:35.573909 np0000155642 devstack@neutron-api.service[103676]: DEBUG neutron.plugins.ml2.drivers.ovn.mech_driver.mech_driver [None req-f438d075-197e-49a7-bcb0-739adb4b753c admin admin] Validating network segment with type flat, segmentation ID None, physical network public {{(pid=103676) _validate_network_segments /opt/stack/neutron/neutron/plugins/ml2/drivers/ovn/mech_driver/mech_driver.py:630}}
Feb 16 18:13:35.574079 np0000155642 devstack@neutron-api.service[103676]: DEBUG neutron.db.ovn_revision_numbers_db [None req-f438d075-197e-49a7-bcb0-739adb4b753c admin admin] create_initial_revision uuid=137fd854-d4c1-4b10-b82a-19a73ca65742, type=networks, rev=-1 {{(pid=103676) create_initial_revision /opt/stack/neutron/neutron/db/ovn_revision_numbers_db.py:98}}
Feb 16 18:13:35.575018 np0000155642 devstack@neutron-api.service[103675]: DEBUG futurist.periodics [-] Submitting periodic callback 'neutron.plugins.ml2.drivers.ovn.mech_driver.ovsdb.maintenance.HashRingHealthCheckPeriodics.touch_hash_ring_node' {{(pid=103675) _process_scheduled /opt/stack/data/venv/lib/python3.12/site-packages/futurist/periodics.py:638}}
Feb 16 18:13:35.576040 np0000155642 devstack@neutron-api.service[103675]: DEBUG neutron.plugins.ml2.drivers.ovn.mech_driver.ovsdb.maintenance [-] Touching Hash Ring node "588db0c22321561290643abc1524249b" from periodic health check thread {{(pid=103675) touch_hash_ring_node /opt/stack/neutron/neutron/plugins/ml2/drivers/ovn/mech_driver/ovsdb/maintenance.py:1135}}
Feb 16 18:13:35.590177 np0000155642 devstack@neutron-api.service[103676]: DEBUG neutron_lib.callbacks.manager [None req-f438d075-197e-49a7-bcb0-739adb4b753c admin admin] Publish callbacks ['neutron.plugins.ml2.ovo_rpc._ObjectChangeHandler.handle_event-1677636'] for network (137fd854-d4c1-4b10-b82a-19a73ca65742), after_create {{(pid=103676) _notify_loop /opt/stack/data/venv/lib/python3.12/site-packages/neutron_lib/callbacks/manager.py:184}}
Feb 16 18:13:35.619701 np0000155642 devstack@neutron-api.service[103676]: DEBUG neutron.api.rpc.handlers.resources_rpc [None req-f438d075-197e-49a7-bcb0-739adb4b753c admin admin] Pushing event updated for resources: {'Network': ['ID=137fd854-d4c1-4b10-b82a-19a73ca65742,revision_number=1']} {{(pid=103676) push /opt/stack/neutron/neutron/api/rpc/handlers/resources_rpc.py:237}}
Feb 16 18:13:35.627791 np0000155642 devstack@neutron-api.service[103676]: DEBUG ovsdbapp.backend.ovs_idl.transaction [-] Running txn n=1 command(idx=0): AddNetworkCommand(_result=None, network_uuid=137fd854-d4c1-4b10-b82a-19a73ca65742, may_exist=True, columns={'external_ids': {'neutron:network_name': 'public', 'neutron:mtu': '1430', 'neutron:revision_number': '1', 'neutron:availability_zone_hints': '', 'neutron:provnet-network-type': 'flat', 'neutron:provnet-physical-network': 'public'}, 'other_config': {'mcast_snoop': 'false', 'mcast_flood_unregistered': 'false', 'vlan-passthru': 'false', 'fdb_age_threshold': '0', 'broadcast-arps-to-all-routers': 'true'}}) {{(pid=103676) do_commit /opt/stack/data/venv/lib/python3.12/site-packages/ovsdbapp/backend/ovs_idl/transaction.py:89}}
Feb 16 18:13:35.628044 np0000155642 devstack@neutron-api.service[103676]: DEBUG neutron.common.ovn.utils [-] OVS persist_uuid supported=True {{(pid=103676) ovs_persist_uuid_supported /opt/stack/neutron/neutron/common/ovn/utils.py:1504}}
Feb 16 18:13:35.628614 np0000155642 devstack@neutron-api.service[103676]: DEBUG ovsdbapp.backend.ovs_idl.transaction [-] Running txn n=1 command(idx=1): AddLSwitchPortCommand(_result=None, lport=provnet-25887b3d-71db-4ed0-b6d5-fc35b664cb72, lswitch=neutron-137fd854-d4c1-4b10-b82a-19a73ca65742, may_exist=True, network_uuid=137fd854-d4c1-4b10-b82a-19a73ca65742, columns={'addresses': ['unknown'], 'external_ids': {}, 'type': 'localnet', 'tag': None, 'options': {'network_name': 'public', 'mcast_flood_reports': 'true', 'mcast_flood': 'false', 'localnet_learn_fdb': 'false'}}) {{(pid=103676) do_commit /opt/stack/data/venv/lib/python3.12/site-packages/ovsdbapp/backend/ovs_idl/transaction.py:89}}
Feb 16 18:13:35.633996 np0000155642 devstack@neutron-api.service[103676]: DEBUG neutron.plugins.ml2.drivers.ovn.mech_driver.ovsdb.ovsdb_monitor [None req-9686339f-8aee-4479-84d9-7e45af627430 None None] Touching Hash Ring node "288150c4d55b568c91ee8fca589af316" from IDL notify handler {{(pid=103676) notify /opt/stack/neutron/neutron/plugins/ml2/drivers/ovn/mech_driver/ovsdb/ovsdb_monitor.py:912}}
Feb 16 18:13:35.636001 np0000155642 devstack@neutron-api.service[103678]: DEBUG neutron.plugins.ml2.drivers.ovn.mech_driver.ovsdb.ovsdb_monitor [None req-765ac802-123a-4b1f-8275-b16349eb49a9 None None] Touching Hash Ring node "cbe1c7c83b875a009faa5221f1bb3da8" from IDL notify handler {{(pid=103678) notify /opt/stack/neutron/neutron/plugins/ml2/drivers/ovn/mech_driver/ovsdb/ovsdb_monitor.py:912}}
Feb 16 18:13:35.637619 np0000155642 devstack@neutron-api.service[103676]: DEBUG neutron.plugins.ml2.drivers.ovn.mech_driver.ovsdb.ovsdb_monitor [None req-9686339f-8aee-4479-84d9-7e45af627430 None None] Hash Ring: Node 288150c4d55b568c91ee8fca589af316 (host: np0000155642) handling event "create" for row 5207b3f4-edc4-4caf-9866-287f128178b0 (table: Logical_Switch_Port) {{(pid=103676) notify /opt/stack/neutron/neutron/plugins/ml2/drivers/ovn/mech_driver/ovsdb/ovsdb_monitor.py:920}}
Feb 16 18:13:35.638269 np0000155642 devstack@neutron-api.service[103676]: DEBUG ovsdbapp.backend.ovs_idl.event [None req-9686339f-8aee-4479-84d9-7e45af627430 None None] Matched CREATE: LogicalSwitchPortCreateEvent(events=('create',), table='Logical_Switch_Port', conditions=[], old_conditions=None), priority=20 to row=Logical_Switch_Port(name=provnet-25887b3d-71db-4ed0-b6d5-fc35b664cb72, ha_chassis_group=[], options={'localnet_learn_fdb': 'false', 'mcast_flood': 'false', 'mcast_flood_reports': 'true', 'network_name': 'public'}, parent_name=[], enabled=[], type=localnet, dhcpv6_options=[], addresses=['unknown'], tag=[], up=[], external_ids={}, tag_request=[], port_security=[], dynamic_addresses=[], dhcpv4_options=[], mirror_rules=[]) old= {{(pid=103676) matches /opt/stack/data/venv/lib/python3.12/site-packages/ovsdbapp/backend/ovs_idl/event.py:55}}
Feb 16 18:13:35.639277 np0000155642 devstack@neutron-api.service[103676]: INFO neutron.plugins.ml2.drivers.ovn.mech_driver.mech_driver [-] OVN reports status down for port: provnet-25887b3d-71db-4ed0-b6d5-fc35b664cb72
Feb 16 18:13:35.642619 np0000155642 devstack@neutron-api.service[103676]: DEBUG neutron.plugins.ml2.drivers.ovn.mech_driver.ovsdb.ovsdb_monitor [None req-9686339f-8aee-4479-84d9-7e45af627430 None None] Touching Hash Ring node "288150c4d55b568c91ee8fca589af316" from IDL notify handler {{(pid=103676) notify /opt/stack/neutron/neutron/plugins/ml2/drivers/ovn/mech_driver/ovsdb/ovsdb_monitor.py:912}}
Feb 16 18:13:35.644838 np0000155642 devstack@neutron-api.service[103677]: DEBUG neutron.plugins.ml2.drivers.ovn.mech_driver.ovsdb.ovsdb_monitor [None req-b37331bd-cdf1-4593-a6b0-9d17fd8ea355 None None] Touching Hash Ring node "59c78beebf215165ac16e583620859b5" from IDL notify handler {{(pid=103677) notify /opt/stack/neutron/neutron/plugins/ml2/drivers/ovn/mech_driver/ovsdb/ovsdb_monitor.py:912}}
Feb 16 18:13:35.645218 np0000155642 devstack@neutron-api.service[103678]: DEBUG neutron.plugins.ml2.drivers.ovn.mech_driver.ovsdb.ovsdb_monitor [None req-c5600837-2043-47cc-a1ca-ada5c89781d5 None None] Touching Hash Ring node "cbe1c7c83b875a009faa5221f1bb3da8" from IDL notify handler {{(pid=103678) notify /opt/stack/neutron/neutron/plugins/ml2/drivers/ovn/mech_driver/ovsdb/ovsdb_monitor.py:912}}
Feb 16 18:13:35.647453 np0000155642 devstack@neutron-api.service[103678]: DEBUG neutron.plugins.ml2.drivers.ovn.mech_driver.ovsdb.ovsdb_monitor [None req-765ac802-123a-4b1f-8275-b16349eb49a9 None None] Hash Ring: Node cbe1c7c83b875a009faa5221f1bb3da8 (host: np0000155642) handling event "create" for row 137fd854-d4c1-4b10-b82a-19a73ca65742 (table: Logical_Switch) {{(pid=103678) notify /opt/stack/neutron/neutron/plugins/ml2/drivers/ovn/mech_driver/ovsdb/ovsdb_monitor.py:920}}
Feb 16 18:13:35.649273 np0000155642 devstack@neutron-api.service[103676]: DEBUG neutron.plugins.ml2.drivers.ovn.mech_driver.ovsdb.ovsdb_monitor [None req-9c6cea8e-463e-43e6-a99e-90cae162655d None None] Touching Hash Ring node "288150c4d55b568c91ee8fca589af316" from IDL notify handler {{(pid=103676) notify /opt/stack/neutron/neutron/plugins/ml2/drivers/ovn/mech_driver/ovsdb/ovsdb_monitor.py:912}}
Feb 16 18:13:35.649779 np0000155642 devstack@neutron-api.service[103678]: DEBUG neutron.plugins.ml2.drivers.ovn.mech_driver.ovsdb.ovsdb_monitor [None req-765ac802-123a-4b1f-8275-b16349eb49a9 None None] Touching Hash Ring node "cbe1c7c83b875a009faa5221f1bb3da8" from IDL notify handler {{(pid=103678) notify /opt/stack/neutron/neutron/plugins/ml2/drivers/ovn/mech_driver/ovsdb/ovsdb_monitor.py:912}}
Feb 16 18:13:35.651467 np0000155642 devstack@neutron-api.service[103676]: DEBUG neutron.plugins.ml2.drivers.ovn.mech_driver.ovsdb.ovsdb_monitor [None req-9686339f-8aee-4479-84d9-7e45af627430 None None] Hash Ring: Node 288150c4d55b568c91ee8fca589af316 (host: np0000155642) handling event "update" for row 5207b3f4-edc4-4caf-9866-287f128178b0 (table: Logical_Switch_Port) {{(pid=103676) notify /opt/stack/neutron/neutron/plugins/ml2/drivers/ovn/mech_driver/ovsdb/ovsdb_monitor.py:920}}
Feb 16 18:13:35.652606 np0000155642 devstack@neutron-api.service[103678]: DEBUG neutron.plugins.ml2.drivers.ovn.mech_driver.ovsdb.ovsdb_monitor [None req-c5600837-2043-47cc-a1ca-ada5c89781d5 None None] Hash Ring: Node cbe1c7c83b875a009faa5221f1bb3da8 (host: np0000155642) handling event "create" for row 79cd455a-bd1e-40ff-be3a-3e98ba65ffe5 (table: Datapath_Binding) {{(pid=103678) notify /opt/stack/neutron/neutron/plugins/ml2/drivers/ovn/mech_driver/ovsdb/ovsdb_monitor.py:920}}
