Jun 18 01:08:12.776863 np0000181735 devstack@neutron-api.service[107299]: DEBUG neutron.policy [None req-fdc78f2b-8bb7-40f4-b0e4-570832b30314 admin admin] Loaded default policies from ['neutron'] under neutron.policies entry points {{(pid=107299) register_rules /opt/stack/neutron/neutron/policy.py:65}}
Jun 18 01:08:12.941452 np0000181735 devstack@neutron-api.service[107299]: DEBUG neutron_lib.callbacks.manager [None req-fdc78f2b-8bb7-40f4-b0e4-570832b30314 admin admin] Publish callbacks ['neutron.objects.securitygroup.RbacNeutronDbObjectMixin.validate_rbac_policy_change-2844118382772', 'neutron.objects.address_group.RbacNeutronDbObjectMixin.validate_rbac_policy_change-2844118471342', 'neutron.objects.network.RbacNeutronDbObjectMixin.validate_rbac_policy_change-2844118345612', 'neutron.objects.qos.policy.RbacNeutronDbObjectMixin.validate_rbac_policy_change-2844118348439', 'neutron.objects.subnetpool.RbacNeutronDbObjectMixin.validate_rbac_policy_change-2844118300070', 'neutron.objects.address_scope.RbacNeutronDbObjectMixin.validate_rbac_policy_change-2844118299859', 'neutron.plugins.ml2.plugin.External_net_db_mixin._process_ext_policy_create-2718106', 'neutron.plugins.ml2.plugin.NeutronDbPluginV2.validate_network_rbac_policy_change-2691138'] for rbac-policy (None), before_create {{(pid=107299) _notify_loop /opt/stack/data/venv/lib/python3.12/site-packages/neutron_lib/callbacks/manager.py:184}}
Jun 18 01:08:12.998320 np0000181735 devstack@neutron-api.service[107299]: DEBUG neutron_lib.callbacks.manager [None req-fdc78f2b-8bb7-40f4-b0e4-570832b30314 admin admin] Publish callbacks [] for subnetpool (None), before_response {{(pid=107299) _notify_loop /opt/stack/data/venv/lib/python3.12/site-packages/neutron_lib/callbacks/manager.py:184}}
Jun 18 01:08:12.998867 np0000181735 devstack@neutron-api.service[107299]: [pid: 107299|app: 0|req: 1/3] 199.19.213.96 () {68 vars in 1360 bytes} [Thu Jun 18 01:08:12 2026] POST /networking/v2.0/subnetpools => generated 533 bytes in 558 msecs (HTTP/1.1 201) 4 headers in 162 bytes (1 switches on core 0)
Jun 18 01:08:13.354869 np0000181735 devstack@neutron-api.service[107297]: DEBUG neutron.api.v2.base [None req-90caf4a7-c0c7-4f86-87e9-68215d960f2c admin admin] Request body: {'subnetpool': {'is_default': True, 'default_prefixlen': 64, 'shared': True, 'name': 'shared-default-subnetpool-v6', 'prefixes': ['fd99:d5bf:6a0a::/56']}} {{(pid=107297) prepare_request_body /opt/stack/neutron/neutron/api/v2/base.py:727}}
Jun 18 01:08:13.548608 np0000181735 devstack@neutron-api.service[107297]: DEBUG neutron.policy [None req-90caf4a7-c0c7-4f86-87e9-68215d960f2c admin admin] Loaded default policies from ['neutron'] under neutron.policies entry points {{(pid=107297) register_rules /opt/stack/neutron/neutron/policy.py:65}}
Jun 18 01:08:13.711554 np0000181735 devstack@neutron-api.service[107297]: DEBUG neutron_lib.callbacks.manager [None req-90caf4a7-c0c7-4f86-87e9-68215d960f2c admin admin] Publish callbacks ['neutron.objects.securitygroup.RbacNeutronDbObjectMixin.validate_rbac_policy_change-2844118425790', 'neutron.objects.address_group.RbacNeutronDbObjectMixin.validate_rbac_policy_change-2844118272508', 'neutron.objects.network.RbacNeutronDbObjectMixin.validate_rbac_policy_change-2844118267472', 'neutron.objects.qos.policy.RbacNeutronDbObjectMixin.validate_rbac_policy_change-2844118254431', 'neutron.objects.subnetpool.RbacNeutronDbObjectMixin.validate_rbac_policy_change-2844118235738', 'neutron.objects.address_scope.RbacNeutronDbObjectMixin.validate_rbac_policy_change-2844118235927', 'neutron.plugins.ml2.plugin.External_net_db_mixin._process_ext_policy_create-121594', 'neutron.plugins.ml2.plugin.NeutronDbPluginV2.validate_network_rbac_policy_change-115670'] for rbac-policy (None), before_create {{(pid=107297) _notify_loop /opt/stack/data/venv/lib/python3.12/site-packages/neutron_lib/callbacks/manager.py:184}}
Jun 18 01:08:13.764287 np0000181735 devstack@neutron-api.service[107297]: DEBUG neutron_lib.callbacks.manager [None req-90caf4a7-c0c7-4f86-87e9-68215d960f2c admin admin] Publish callbacks [] for subnetpool (None), before_response {{(pid=107297) _notify_loop /opt/stack/data/venv/lib/python3.12/site-packages/neutron_lib/callbacks/manager.py:184}}
Jun 18 01:08:13.765393 np0000181735 devstack@neutron-api.service[107297]: [pid: 107297|app: 0|req: 1/4] 199.19.213.96 () {68 vars in 1360 bytes} [Thu Jun 18 01:08:13 2026] POST /networking/v2.0/subnetpools => generated 543 bytes in 533 msecs (HTTP/1.1 201) 4 headers in 162 bytes (1 switches on core 0)
Jun 18 01:08:14.225049 np0000181735 devstack@neutron-api.service[107296]: DEBUG neutron.api.v2.base [None req-8ff30de1-0900-4ece-882c-f585fb06bf67 admin admin] Request body: {'network': {'admin_state_up': True, 'name': 'private'}} {{(pid=107296) prepare_request_body /opt/stack/neutron/neutron/api/v2/base.py:727}}
Jun 18 01:08:14.270311 np0000181735 devstack@neutron-api.service[107296]: DEBUG neutron.pecan_wsgi.hooks.quota_enforcement [None req-8ff30de1-0900-4ece-882c-f585fb06bf67 admin admin] Made reservation on behalf of 00a252bf5dc84795be32eb3f56ca958a for: {'network': 1} {{(pid=107296) before /opt/stack/neutron/neutron/pecan_wsgi/hooks/quota_enforcement.py:66}}
Jun 18 01:08:14.448985 np0000181735 devstack@neutron-api.service[107296]: DEBUG neutron.policy [None req-8ff30de1-0900-4ece-882c-f585fb06bf67 admin admin] Loaded default policies from ['neutron'] under neutron.policies entry points {{(pid=107296) register_rules /opt/stack/neutron/neutron/policy.py:65}}
Jun 18 01:08:14.552543 np0000181735 devstack@neutron-api.service[107296]: DEBUG neutron_lib.callbacks.manager [None req-8ff30de1-0900-4ece-882c-f585fb06bf67 admin admin] Publish callbacks ['neutron.plugins.ml2.plugin.SecurityGroupDbMixin._ensure_default_security_group_handler-224556'] for network (None), before_create {{(pid=107296) _notify_loop /opt/stack/data/venv/lib/python3.12/site-packages/neutron_lib/callbacks/manager.py:184}}
Jun 18 01:08:14.574026 np0000181735 devstack@neutron-api.service[107296]: DEBUG neutron_lib.callbacks.manager [None req-8ff30de1-0900-4ece-882c-f585fb06bf67 admin admin] Publish callbacks [] for security_group (None), before_create {{(pid=107296) _notify_loop /opt/stack/data/venv/lib/python3.12/site-packages/neutron_lib/callbacks/manager.py:184}}
Jun 18 01:08:14.675048 np0000181735 devstack@neutron-api.service[107296]: DEBUG neutron_lib.callbacks.manager [None req-8ff30de1-0900-4ece-882c-f585fb06bf67 admin admin] Publish callbacks ['neutron.plugins.ml2.drivers.ovn.mech_driver.mech_driver.OVNMechanismDriver._create_security_group_precommit-995351'] for security_group (d4262b3e-6394-456e-8603-4ba713aa55ff), precommit_create {{(pid=107296) _notify_loop /opt/stack/data/venv/lib/python3.12/site-packages/neutron_lib/callbacks/manager.py:184}}
Jun 18 01:08:14.675357 np0000181735 devstack@neutron-api.service[107296]: DEBUG neutron.db.ovn_revision_numbers_db [None req-8ff30de1-0900-4ece-882c-f585fb06bf67 admin admin] create_initial_revision uuid=d4262b3e-6394-456e-8603-4ba713aa55ff, type=security_groups, rev=-1 {{(pid=107296) create_initial_revision /opt/stack/neutron/neutron/db/ovn_revision_numbers_db.py:98}}
Jun 18 01:08:14.677926 np0000181735 devstack@neutron-api.service[107296]: DEBUG neutron.db.ovn_revision_numbers_db [None req-8ff30de1-0900-4ece-882c-f585fb06bf67 admin admin] create_initial_revision uuid=0d66c8fd-af02-4161-adf0-e8aad1349cb9, type=security_group_rules, rev=-1 {{(pid=107296) create_initial_revision /opt/stack/neutron/neutron/db/ovn_revision_numbers_db.py:98}}
Jun 18 01:08:14.678987 np0000181735 devstack@neutron-api.service[107296]: DEBUG neutron.db.ovn_revision_numbers_db [None req-8ff30de1-0900-4ece-882c-f585fb06bf67 admin admin] create_initial_revision uuid=afcdbbf4-3c18-4611-a671-e18be084815b, type=security_group_rules, rev=-1 {{(pid=107296) create_initial_revision /opt/stack/neutron/neutron/db/ovn_revision_numbers_db.py:98}}
Jun 18 01:08:14.680225 np0000181735 devstack@neutron-api.service[107296]: DEBUG neutron.db.ovn_revision_numbers_db [None req-8ff30de1-0900-4ece-882c-f585fb06bf67 admin admin] create_initial_revision uuid=d3962102-8c0f-4d38-9655-22884eec15dd, type=security_group_rules, rev=-1 {{(pid=107296) create_initial_revision /opt/stack/neutron/neutron/db/ovn_revision_numbers_db.py:98}}
Jun 18 01:08:14.681330 np0000181735 devstack@neutron-api.service[107296]: DEBUG neutron.db.ovn_revision_numbers_db [None req-8ff30de1-0900-4ece-882c-f585fb06bf67 admin admin] create_initial_revision uuid=eccf01fa-f20f-4cc9-89c3-ac0bd9ca35cd, type=security_group_rules, rev=-1 {{(pid=107296) create_initial_revision /opt/stack/neutron/neutron/db/ovn_revision_numbers_db.py:98}}
Jun 18 01:08:14.687686 np0000181735 devstack@neutron-api.service[107296]: DEBUG neutron_lib.callbacks.manager [None req-8ff30de1-0900-4ece-882c-f585fb06bf67 admin admin] Publish callbacks ['neutron.plugins.ml2.drivers.ovn.mech_driver.mech_driver.OVNMechanismDriver._create_security_group-995357', 'neutron.plugins.ml2.ovo_rpc._ObjectChangeHandler.handle_event-7831874'] for security_group (d4262b3e-6394-456e-8603-4ba713aa55ff), after_create {{(pid=107296) _notify_loop /opt/stack/data/venv/lib/python3.12/site-packages/neutron_lib/callbacks/manager.py:184}}
Jun 18 01:08:14.687943 np0000181735 devstack@neutron-api.service[107296]: INFO neutron.plugins.ml2.drivers.ovn.mech_driver.ovsdb.extensions.qos [None req-8ff30de1-0900-4ece-882c-f585fb06bf67 admin admin] Starting OVNClientQosExtension
Jun 18 01:08:14.688093 np0000181735 devstack@neutron-api.service[107296]: INFO neutron.plugins.ml2.drivers.ovn.mech_driver.ovsdb.extensions.placement [None req-8ff30de1-0900-4ece-882c-f585fb06bf67 admin admin] Starting OVNClientPlacementExtension
Jun 18 01:08:14.689838 np0000181735 devstack@neutron-api.service[107296]: DEBUG ovsdbapp.backend.ovs_idl.transaction [-] Running txn n=1 command(idx=0): PgAddCommand(_result=None, name=pg_d4262b3e_6394_456e_8603_4ba713aa55ff, may_exist=False, columns={'acls': [], 'external_ids': {'neutron:security_group_id': 'd4262b3e-6394-456e-8603-4ba713aa55ff'}}) {{(pid=107296) do_commit /opt/stack/data/venv/lib/python3.12/site-packages/ovsdbapp/backend/ovs_idl/transaction.py:89}}
Jun 18 01:08:14.693181 np0000181735 devstack@neutron-api.service[107296]: DEBUG ovsdbapp.backend.ovs_idl.transaction [-] Running txn n=1 command(idx=1): PgAclAddCommand(_result=None, entity=pg_d4262b3e_6394_456e_8603_4ba713aa55ff, direction=from-lport, priority=1002, match=inport == @pg_d4262b3e_6394_456e_8603_4ba713aa55ff && ip4, action=allow-related, log=False, may_exist=True, severity=[], name=[], meter=[], external_ids={'neutron:security_group_rule_id': '0d66c8fd-af02-4161-adf0-e8aad1349cb9'}) {{(pid=107296) do_commit /opt/stack/data/venv/lib/python3.12/site-packages/ovsdbapp/backend/ovs_idl/transaction.py:89}}
Jun 18 01:08:14.694138 np0000181735 devstack@neutron-api.service[107296]: DEBUG ovsdbapp.backend.ovs_idl.transaction [-] Running txn n=1 command(idx=2): PgAclAddCommand(_result=None, entity=pg_d4262b3e_6394_456e_8603_4ba713aa55ff, direction=to-lport, priority=1002, match=outport == @pg_d4262b3e_6394_456e_8603_4ba713aa55ff && ip6 && ip6.src == $pg_d4262b3e_6394_456e_8603_4ba713aa55ff_ip6, action=allow-related, log=False, may_exist=True, severity=[], name=[], meter=[], external_ids={'neutron:security_group_rule_id': 'afcdbbf4-3c18-4611-a671-e18be084815b'}) {{(pid=107296) do_commit /opt/stack/data/venv/lib/python3.12/site-packages/ovsdbapp/backend/ovs_idl/transaction.py:89}}
Jun 18 01:08:14.694854 np0000181735 devstack@neutron-api.service[107296]: DEBUG ovsdbapp.backend.ovs_idl.transaction [-] Running txn n=1 command(idx=3): PgAclAddCommand(_result=None, entity=pg_d4262b3e_6394_456e_8603_4ba713aa55ff, direction=to-lport, priority=1002, match=outport == @pg_d4262b3e_6394_456e_8603_4ba713aa55ff && ip4 && ip4.src == $pg_d4262b3e_6394_456e_8603_4ba713aa55ff_ip4, action=allow-related, log=False, may_exist=True, severity=[], name=[], meter=[], external_ids={'neutron:security_group_rule_id': 'd3962102-8c0f-4d38-9655-22884eec15dd'}) {{(pid=107296) do_commit /opt/stack/data/venv/lib/python3.12/site-packages/ovsdbapp/backend/ovs_idl/transaction.py:89}}
Jun 18 01:08:14.695551 np0000181735 devstack@neutron-api.service[107296]: DEBUG ovsdbapp.backend.ovs_idl.transaction [-] Running txn n=1 command(idx=4): PgAclAddCommand(_result=None, entity=pg_d4262b3e_6394_456e_8603_4ba713aa55ff, direction=from-lport, priority=1002, match=inport == @pg_d4262b3e_6394_456e_8603_4ba713aa55ff && ip6, action=allow-related, log=False, may_exist=True, severity=[], name=[], meter=[], external_ids={'neutron:security_group_rule_id': 'eccf01fa-f20f-4cc9-89c3-ac0bd9ca35cd'}) {{(pid=107296) do_commit /opt/stack/data/venv/lib/python3.12/site-packages/ovsdbapp/backend/ovs_idl/transaction.py:89}}
Jun 18 01:08:14.704653 np0000181735 devstack@neutron-api.service[107298]: DEBUG neutron.plugins.ml2.drivers.ovn.mech_driver.ovsdb.ovsdb_monitor [-] Hash Ring: Node 70701576a67b53e9a0e72ede6fb2fcb9 (host: np0000181735) handling event "create" for row 2e8e2837-4fc5-4c0e-a25c-d1e7e16aed9f (table: ACL) {{(pid=107298) notify /opt/stack/neutron/neutron/plugins/ml2/drivers/ovn/mech_driver/ovsdb/ovsdb_monitor.py:1015}}
Jun 18 01:08:14.705689 np0000181735 devstack@neutron-api.service[107298]: DEBUG neutron.plugins.ml2.drivers.ovn.mech_driver.ovsdb.ovsdb_monitor [-] Hash Ring: Node 70701576a67b53e9a0e72ede6fb2fcb9 (host: np0000181735) handling event "create" for row 5afd20ba-f9be-4f6d-b91e-8132e57603ae (table: ACL) {{(pid=107298) notify /opt/stack/neutron/neutron/plugins/ml2/drivers/ovn/mech_driver/ovsdb/ovsdb_monitor.py:1015}}
Jun 18 01:08:14.705689 np0000181735 devstack@neutron-api.service[107298]: DEBUG neutron.plugins.ml2.drivers.ovn.mech_driver.ovsdb.ovsdb_monitor [-] Hash Ring: Node 70701576a67b53e9a0e72ede6fb2fcb9 (host: np0000181735) handling event "create" for row 5bd85985-b5b9-4caa-a6a8-dbb3200af346 (table: ACL) {{(pid=107298) notify /opt/stack/neutron/neutron/plugins/ml2/drivers/ovn/mech_driver/ovsdb/ovsdb_monitor.py:1015}}
Jun 18 01:08:14.705689 np0000181735 devstack@neutron-api.service[107298]: DEBUG neutron.plugins.ml2.drivers.ovn.mech_driver.ovsdb.ovsdb_monitor [-] Hash Ring: Node 70701576a67b53e9a0e72ede6fb2fcb9 (host: np0000181735) handling event "create" for row b97f4f7d-7ccb-4eb7-ba67-fe9368a5408c (table: ACL) {{(pid=107298) notify /opt/stack/neutron/neutron/plugins/ml2/drivers/ovn/mech_driver/ovsdb/ovsdb_monitor.py:1015}}
Jun 18 01:08:14.705689 np0000181735 devstack@neutron-api.service[107298]: DEBUG neutron.plugins.ml2.drivers.ovn.mech_driver.ovsdb.ovsdb_monitor [-] Hash Ring: Node 70701576a67b53e9a0e72ede6fb2fcb9 (host: np0000181735) handling event "create" for row fda96be5-120c-43f2-a8c3-8f8c4851dffb (table: Port_Group) {{(pid=107298) notify /opt/stack/neutron/neutron/plugins/ml2/drivers/ovn/mech_driver/ovsdb/ovsdb_monitor.py:1015}}
Jun 18 01:08:14.706557 np0000181735 devstack@neutron-api.service[107297]: DEBUG neutron.plugins.ml2.drivers.ovn.mech_driver.ovsdb.ovsdb_monitor [-] Hash Ring: Node 453db0419ac05b049f566cb7f3b02a58 (host: np0000181735) handling event "create" for row 2e8e2837-4fc5-4c0e-a25c-d1e7e16aed9f (table: ACL) {{(pid=107297) notify /opt/stack/neutron/neutron/plugins/ml2/drivers/ovn/mech_driver/ovsdb/ovsdb_monitor.py:1015}}
Jun 18 01:08:14.706557 np0000181735 devstack@neutron-api.service[107297]: DEBUG neutron.plugins.ml2.drivers.ovn.mech_driver.ovsdb.ovsdb_monitor [-] Hash Ring: Node 453db0419ac05b049f566cb7f3b02a58 (host: np0000181735) handling event "create" for row 5bd85985-b5b9-4caa-a6a8-dbb3200af346 (table: ACL) {{(pid=107297) notify /opt/stack/neutron/neutron/plugins/ml2/drivers/ovn/mech_driver/ovsdb/ovsdb_monitor.py:1015}}
Jun 18 01:08:14.707061 np0000181735 devstack@neutron-api.service[107299]: DEBUG neutron.plugins.ml2.drivers.ovn.mech_driver.ovsdb.ovsdb_monitor [-] Hash Ring: Node 4c99e00a8a4d534889712e5a93d30558 (host: np0000181735) handling event "create" for row b97f4f7d-7ccb-4eb7-ba67-fe9368a5408c (table: ACL) {{(pid=107299) notify /opt/stack/neutron/neutron/plugins/ml2/drivers/ovn/mech_driver/ovsdb/ovsdb_monitor.py:1015}}
Jun 18 01:08:14.707677 np0000181735 devstack@neutron-api.service[107296]: DEBUG neutron.plugins.ml2.drivers.ovn.mech_driver.ovsdb.ovsdb_monitor [-] Hash Ring: Node 0590453dd5bf5cce84efad60848ad711 (host: np0000181735) handling event "create" for row 5afd20ba-f9be-4f6d-b91e-8132e57603ae (table: ACL) {{(pid=107296) notify /opt/stack/neutron/neutron/plugins/ml2/drivers/ovn/mech_driver/ovsdb/ovsdb_monitor.py:1015}}
Jun 18 01:08:14.738180 np0000181735 devstack@neutron-api.service[107296]: INFO neutron.db.ovn_revision_numbers_db [None req-8ff30de1-0900-4ece-882c-f585fb06bf67 admin admin] Successfully bumped revision number for resource d4262b3e-6394-456e-8603-4ba713aa55ff (type: security_groups) to 1
Jun 18 01:08:14.753119 np0000181735 devstack@neutron-api.service[107296]: INFO neutron.db.ovn_revision_numbers_db [None req-8ff30de1-0900-4ece-882c-f585fb06bf67 admin admin] Successfully bumped revision number for resource 0d66c8fd-af02-4161-adf0-e8aad1349cb9 (type: security_group_rules) to 0
Jun 18 01:08:14.766649 np0000181735 devstack@neutron-api.service[107296]: INFO neutron.db.ovn_revision_numbers_db [None req-8ff30de1-0900-4ece-882c-f585fb06bf67 admin admin] Successfully bumped revision number for resource afcdbbf4-3c18-4611-a671-e18be084815b (type: security_group_rules) to 0
Jun 18 01:08:14.789334 np0000181735 devstack@neutron-api.service[107296]: INFO neutron.db.ovn_revision_numbers_db [None req-8ff30de1-0900-4ece-882c-f585fb06bf67 admin admin] Successfully bumped revision number for resource d3962102-8c0f-4d38-9655-22884eec15dd (type: security_group_rules) to 0
Jun 18 01:08:14.805808 np0000181735 devstack@neutron-api.service[107296]: INFO neutron.db.ovn_revision_numbers_db [None req-8ff30de1-0900-4ece-882c-f585fb06bf67 admin admin] Successfully bumped revision number for resource eccf01fa-f20f-4cc9-89c3-ac0bd9ca35cd (type: security_group_rules) to 0
Jun 18 01:08:14.836463 np0000181735 devstack@neutron-api.service[107296]: DEBUG neutron.api.rpc.handlers.resources_rpc [None req-8ff30de1-0900-4ece-882c-f585fb06bf67 admin admin] Pushing event updated for resources: {'SecurityGroup': ['ID=d4262b3e-6394-456e-8603-4ba713aa55ff,revision_number=1']} {{(pid=107296) push /opt/stack/neutron/neutron/api/rpc/handlers/resources_rpc.py:237}}
Jun 18 01:08:14.846119 np0000181735 devstack@neutron-api.service[107296]: DEBUG ovsdbapp.backend.ovs_idl.transaction [-] Running txn n=1 command(idx=0): CheckLivenessCommand(_result=None) {{(pid=107296) do_commit /opt/stack/data/venv/lib/python3.12/site-packages/ovsdbapp/backend/ovs_idl/transaction.py:89}}
Jun 18 01:08:14.850770 np0000181735 devstack@neutron-api.service[107298]: DEBUG neutron.plugins.ml2.drivers.ovn.mech_driver.ovsdb.ovsdb_monitor [-] Hash Ring: Node 70701576a67b53e9a0e72ede6fb2fcb9 (host: np0000181735) handling event "update" for row 4d692f52-ea83-4ed3-a3b2-cf0f73230343 (table: NB_Global) {{(pid=107298) notify /opt/stack/neutron/neutron/plugins/ml2/drivers/ovn/mech_driver/ovsdb/ovsdb_monitor.py:1015}}
Jun 18 01:08:14.852483 np0000181735 devstack@neutron-api.service[107298]: DEBUG neutron.plugins.ml2.drivers.ovn.mech_driver.ovsdb.ovsdb_monitor [-] Hash Ring: Node 70701576a67b53e9a0e72ede6fb2fcb9 (host: np0000181735) handling event "update" for row 4d692f52-ea83-4ed3-a3b2-cf0f73230343 (table: NB_Global) {{(pid=107298) notify /opt/stack/neutron/neutron/plugins/ml2/drivers/ovn/mech_driver/ovsdb/ovsdb_monitor.py:1015}}
Jun 18 01:08:14.853000 np0000181735 devstack@neutron-api.service[107296]: DEBUG neutron.api.rpc.callbacks.version_manager [None req-8ff30de1-0900-4ece-882c-f585fb06bf67 admin admin] Tracked resource versions report:
Jun 18 01:08:14.853000 np0000181735 devstack@neutron-api.service[107296]: pushed versions:
Jun 18 01:08:14.853000 np0000181735 devstack@neutron-api.service[107296]: { 'AddressGroup': {'1.2'},
Jun 18 01:08:14.853000 np0000181735 devstack@neutron-api.service[107296]: 'Agent': {'1.1'},
Jun 18 01:08:14.853000 np0000181735 devstack@neutron-api.service[107296]: 'ConntrackHelper': {'1.0'},
Jun 18 01:08:14.853000 np0000181735 devstack@neutron-api.service[107296]: 'LocalIPAssociation': {'1.0'},
Jun 18 01:08:14.853000 np0000181735 devstack@neutron-api.service[107296]: 'Log': {'1.0'},
Jun 18 01:08:14.853000 np0000181735 devstack@neutron-api.service[107296]: 'NDPProxy': {'1.0'},
Jun 18 01:08:14.853000 np0000181735 devstack@neutron-api.service[107296]: 'Network': {'1.3'},
Jun 18 01:08:14.853000 np0000181735 devstack@neutron-api.service[107296]: 'Port': {'1.11'},
Jun 18 01:08:14.853000 np0000181735 devstack@neutron-api.service[107296]: 'PortForwarding': {'1.3'},
Jun 18 01:08:14.853000 np0000181735 devstack@neutron-api.service[107296]: 'QosPolicy': {'1.10'},
Jun 18 01:08:14.853000 np0000181735 devstack@neutron-api.service[107296]: 'SecurityGroup': {'1.6'},
Jun 18 01:08:14.853000 np0000181735 devstack@neutron-api.service[107296]: 'SecurityGroupRule': {'1.3'},
Jun 18 01:08:14.853000 np0000181735 devstack@neutron-api.service[107296]: 'SubPort': {'1.0'},
Jun 18 01:08:14.853000 np0000181735 devstack@neutron-api.service[107296]: 'Subnet': {'1.2'},
Jun 18 01:08:14.853000 np0000181735 devstack@neutron-api.service[107296]: 'Trunk': {'1.1'}}
Jun 18 01:08:14.853000 np0000181735 devstack@neutron-api.service[107296]: consumer versions:
Jun 18 01:08:14.853000 np0000181735 devstack@neutron-api.service[107296]: {}
Jun 18 01:08:14.853000 np0000181735 devstack@neutron-api.service[107296]: {{(pid=107296) report /opt/stack/neutron/neutron/api/rpc/callbacks/version_manager.py:183}}
Jun 18 01:08:14.854031 np0000181735 devstack@neutron-api.service[107299]: DEBUG neutron.plugins.ml2.drivers.ovn.mech_driver.ovsdb.ovsdb_monitor [-] Hash Ring: Node 4c99e00a8a4d534889712e5a93d30558 (host: np0000181735) handling event "update" for row 4d692f52-ea83-4ed3-a3b2-cf0f73230343 (table: NB_Global) {{(pid=107299) notify /opt/stack/neutron/neutron/plugins/ml2/drivers/ovn/mech_driver/ovsdb/ovsdb_monitor.py:1015}}
Jun 18 01:08:14.861348 np0000181735 devstack@neutron-api.service[107298]: DEBUG neutron.plugins.ml2.drivers.ovn.mech_driver.ovsdb.ovsdb_monitor [-] ChassisAgentWriteEvent : Matched Chassis_Private, update, None None {{(pid=107298) matches /opt/stack/neutron/neutron/plugins/ml2/drivers/ovn/mech_driver/ovsdb/ovsdb_monitor.py:64}}
Jun 18 01:08:14.863784 np0000181735 devstack@neutron-api.service[107297]: DEBUG neutron.plugins.ml2.drivers.ovn.mech_driver.ovsdb.ovsdb_monitor [-] ChassisAgentWriteEvent : Matched Chassis_Private, update, None None {{(pid=107297) matches /opt/stack/neutron/neutron/plugins/ml2/drivers/ovn/mech_driver/ovsdb/ovsdb_monitor.py:64}}
Jun 18 01:08:14.864005 np0000181735 devstack@neutron-api.service[107296]: DEBUG neutron.plugins.ml2.drivers.ovn.mech_driver.ovsdb.ovsdb_monitor [-] ChassisAgentWriteEvent : Matched Chassis_Private, update, None None {{(pid=107296) matches /opt/stack/neutron/neutron/plugins/ml2/drivers/ovn/mech_driver/ovsdb/ovsdb_monitor.py:64}}
Jun 18 01:08:14.864494 np0000181735 devstack@neutron-api.service[107299]: DEBUG neutron.plugins.ml2.drivers.ovn.mech_driver.ovsdb.ovsdb_monitor [-] Hash Ring: Node 4c99e00a8a4d534889712e5a93d30558 (host: np0000181735) handling event "update" for row 4d692f52-ea83-4ed3-a3b2-cf0f73230343 (table: NB_Global) {{(pid=107299) notify /opt/stack/neutron/neutron/plugins/ml2/drivers/ovn/mech_driver/ovsdb/ovsdb_monitor.py:1015}}
Jun 18 01:08:14.865360 np0000181735 devstack@neutron-api.service[107299]: DEBUG neutron.plugins.ml2.drivers.ovn.mech_driver.ovsdb.ovsdb_monitor [-] ChassisAgentWriteEvent : Matched Chassis_Private, update, None None {{(pid=107299) matches /opt/stack/neutron/neutron/plugins/ml2/drivers/ovn/mech_driver/ovsdb/ovsdb_monitor.py:64}}
Jun 18 01:08:14.866147 np0000181735 devstack@neutron-api.service[107298]: DEBUG neutron.plugins.ml2.drivers.ovn.mech_driver.ovsdb.ovsdb_monitor [-] Hash Ring: Node 70701576a67b53e9a0e72ede6fb2fcb9 (host: np0000181735) handling event "update" for row 4d692f52-ea83-4ed3-a3b2-cf0f73230343 (table: NB_Global) {{(pid=107298) notify /opt/stack/neutron/neutron/plugins/ml2/drivers/ovn/mech_driver/ovsdb/ovsdb_monitor.py:1015}}
Jun 18 01:08:14.866618 np0000181735 devstack@neutron-api.service[107299]: DEBUG neutron.plugins.ml2.drivers.ovn.mech_driver.ovsdb.ovsdb_monitor [-] Hash Ring: Node 4c99e00a8a4d534889712e5a93d30558 (host: np0000181735) handling event "update" for row e7ae9f57-b3c1-4b29-af65-a8441b718d5e (table: Chassis_Private) {{(pid=107299) notify /opt/stack/neutron/neutron/plugins/ml2/drivers/ovn/mech_driver/ovsdb/ovsdb_monitor.py:1015}}
Jun 18 01:08:14.867754 np0000181735 devstack@neutron-api.service[107298]: DEBUG neutron.plugins.ml2.drivers.ovn.mech_driver.ovsdb.ovsdb_monitor [-] Hash Ring: Node 70701576a67b53e9a0e72ede6fb2fcb9 (host: np0000181735) handling event "update" for row 4d692f52-ea83-4ed3-a3b2-cf0f73230343 (table: NB_Global) {{(pid=107298) notify /opt/stack/neutron/neutron/plugins/ml2/drivers/ovn/mech_driver/ovsdb/ovsdb_monitor.py:1015}}
Jun 18 01:08:14.868864 np0000181735 devstack@neutron-api.service[107296]: DEBUG neutron.plugins.ml2.drivers.ovn.mech_driver.ovsdb.ovsdb_monitor [-] ChassisOVNAgentWriteEvent : Matched Chassis_Private, update, None None {{(pid=107296) matches /opt/stack/neutron/neutron/plugins/ml2/drivers/ovn/mech_driver/ovsdb/ovsdb_monitor.py:64}}
Jun 18 01:08:14.870837 np0000181735 devstack@neutron-api.service[107299]: DEBUG neutron.plugins.ml2.drivers.ovn.mech_driver.ovsdb.ovsdb_monitor [-] ChassisOVNAgentWriteEvent : Matched Chassis_Private, update, None None {{(pid=107299) matches /opt/stack/neutron/neutron/plugins/ml2/drivers/ovn/mech_driver/ovsdb/ovsdb_monitor.py:64}}
Jun 18 01:08:14.871307 np0000181735 devstack@neutron-api.service[107299]: DEBUG neutron.plugins.ml2.drivers.ovn.mech_driver.ovsdb.ovsdb_monitor [-] Hash Ring: Node 4c99e00a8a4d534889712e5a93d30558 (host: np0000181735) handling event "update" for row e7ae9f57-b3c1-4b29-af65-a8441b718d5e (table: Chassis_Private) {{(pid=107299) notify /opt/stack/neutron/neutron/plugins/ml2/drivers/ovn/mech_driver/ovsdb/ovsdb_monitor.py:1015}}
Jun 18 01:08:14.871748 np0000181735 devstack@neutron-api.service[107298]: DEBUG neutron.common.ovn.hash_ring_manager [-] Allow caching, nodes 4>=4 {{(pid=107298) _wait_startup_before_caching /opt/stack/neutron/neutron/common/ovn/hash_ring_manager.py:71}}
Jun 18 01:08:14.871748 np0000181735 devstack@neutron-api.service[107298]: DEBUG neutron.plugins.ml2.drivers.ovn.mech_driver.ovsdb.ovsdb_monitor [-] Hash Ring: Node 70701576a67b53e9a0e72ede6fb2fcb9 (host: np0000181735) handling event "update" for row e7ae9f57-b3c1-4b29-af65-a8441b718d5e (table: Chassis_Private) {{(pid=107298) notify /opt/stack/neutron/neutron/plugins/ml2/drivers/ovn/mech_driver/ovsdb/ovsdb_monitor.py:1015}}
Jun 18 01:08:14.872145 np0000181735 devstack@neutron-api.service[107297]: DEBUG neutron.plugins.ml2.drivers.ovn.mech_driver.ovsdb.ovsdb_monitor [-] ChassisOVNAgentWriteEvent : Matched Chassis_Private, update, None None {{(pid=107297) matches /opt/stack/neutron/neutron/plugins/ml2/drivers/ovn/mech_driver/ovsdb/ovsdb_monitor.py:64}}
Jun 18 01:08:14.872289 np0000181735 devstack@neutron-api.service[107299]: DEBUG neutron.plugins.ml2.drivers.ovn.mech_driver.ovsdb.ovsdb_monitor [-] Hash Ring: Node 4c99e00a8a4d534889712e5a93d30558 (host: np0000181735) handling event "update" for row 4d692f52-ea83-4ed3-a3b2-cf0f73230343 (table: NB_Global) {{(pid=107299) notify /opt/stack/neutron/neutron/plugins/ml2/drivers/ovn/mech_driver/ovsdb/ovsdb_monitor.py:1015}}
Jun 18 01:08:14.873143 np0000181735 devstack@neutron-api.service[107298]: DEBUG neutron.plugins.ml2.drivers.ovn.mech_driver.ovsdb.ovsdb_monitor [-] ChassisOVNAgentWriteEvent : Matched Chassis_Private, update, None None {{(pid=107298) matches /opt/stack/neutron/neutron/plugins/ml2/drivers/ovn/mech_driver/ovsdb/ovsdb_monitor.py:64}}
Jun 18 01:08:14.873603 np0000181735 devstack@neutron-api.service[107299]: DEBUG neutron.plugins.ml2.drivers.ovn.mech_driver.ovsdb.ovsdb_monitor [-] Hash Ring: Node 4c99e00a8a4d534889712e5a93d30558 (host: np0000181735) handling event "update" for row 4d692f52-ea83-4ed3-a3b2-cf0f73230343 (table: NB_Global) {{(pid=107299) notify /opt/stack/neutron/neutron/plugins/ml2/drivers/ovn/mech_driver/ovsdb/ovsdb_monitor.py:1015}}
Jun 18 01:08:14.874063 np0000181735 devstack@neutron-api.service[107298]: DEBUG neutron.plugins.ml2.drivers.ovn.mech_driver.ovsdb.ovsdb_monitor [-] Hash Ring: Node 70701576a67b53e9a0e72ede6fb2fcb9 (host: np0000181735) handling event "update" for row e7ae9f57-b3c1-4b29-af65-a8441b718d5e (table: Chassis_Private) {{(pid=107298) notify /opt/stack/neutron/neutron/plugins/ml2/drivers/ovn/mech_driver/ovsdb/ovsdb_monitor.py:1015}}
Jun 18 01:08:14.922978 np0000181735 devstack@neutron-api.service[107296]: DEBUG neutron.plugins.ml2.drivers.helpers [None req-8ff30de1-0900-4ece-882c-f585fb06bf67 admin admin] geneve segment allocate from pool success with {'geneve_vni': 688} {{(pid=107296) allocate_partially_specified_segment /opt/stack/neutron/neutron/plugins/ml2/drivers/helpers.py:142}}
Jun 18 01:08:14.935689 np0000181735 devstack@neutron-api.service[107296]: DEBUG neutron_lib.callbacks.manager [None req-8ff30de1-0900-4ece-882c-f585fb06bf67 admin admin] Publish callbacks ['neutron.services.segments.db._add_segment_host_mapping_for_segment-8587548846134', 'neutron.plugins.ml2.plugin.Ml2Plugin._handle_segment_change-492526'] for segment (d20553dc-fb75-4710-9de4-240e2eebc2ce), precommit_create {{(pid=107296) _notify_loop /opt/stack/data/venv/lib/python3.12/site-packages/neutron_lib/callbacks/manager.py:184}}
Jun 18 01:08:14.935837 np0000181735 devstack@neutron-api.service[107296]: INFO neutron.db.segments_db [None req-8ff30de1-0900-4ece-882c-f585fb06bf67 admin admin] Added segment d20553dc-fb75-4710-9de4-240e2eebc2ce of type geneve for network 4ffe451a-cdb3-4e66-9c64-d4832e3f0bf3
Jun 18 01:08:14.984420 np0000181735 devstack@neutron-api.service[107296]: DEBUG neutron_lib.callbacks.manager [None req-8ff30de1-0900-4ece-882c-f585fb06bf67 admin admin] Publish callbacks ['neutron.services.auto_allocate.db._ensure_external_network_default_value_callback-8587547715224'] for network (4ffe451a-cdb3-4e66-9c64-d4832e3f0bf3), precommit_create {{(pid=107296) _notify_loop /opt/stack/data/venv/lib/python3.12/site-packages/neutron_lib/callbacks/manager.py:184}}
Jun 18 01:08:15.000460 np0000181735 devstack@neutron-api.service[107296]: DEBUG neutron.plugins.ml2.drivers.ovn.mech_driver.mech_driver [None req-8ff30de1-0900-4ece-882c-f585fb06bf67 admin admin] Validating network segment with type geneve, segmentation ID 688, physical network None {{(pid=107296) _validate_network_segments /opt/stack/neutron/neutron/plugins/ml2/drivers/ovn/mech_driver/mech_driver.py:643}}
Jun 18 01:08:15.000586 np0000181735 devstack@neutron-api.service[107296]: DEBUG neutron.db.ovn_revision_numbers_db [None req-8ff30de1-0900-4ece-882c-f585fb06bf67 admin admin] create_initial_revision uuid=4ffe451a-cdb3-4e66-9c64-d4832e3f0bf3, type=networks, rev=-1 {{(pid=107296) create_initial_revision /opt/stack/neutron/neutron/db/ovn_revision_numbers_db.py:98}}
Jun 18 01:08:15.021206 np0000181735 devstack@neutron-api.service[107296]: DEBUG neutron_lib.callbacks.manager [None req-8ff30de1-0900-4ece-882c-f585fb06bf67 admin admin] Publish callbacks ['neutron.plugins.ml2.ovo_rpc._ObjectChangeHandler.handle_event-7831879'] for network (4ffe451a-cdb3-4e66-9c64-d4832e3f0bf3), after_create {{(pid=107296) _notify_loop /opt/stack/data/venv/lib/python3.12/site-packages/neutron_lib/callbacks/manager.py:184}}
Jun 18 01:08:15.088556 np0000181735 devstack@neutron-api.service[107296]: DEBUG neutron.api.rpc.handlers.resources_rpc [None req-8ff30de1-0900-4ece-882c-f585fb06bf67 admin admin] Pushing event updated for resources: {'Network': ['ID=4ffe451a-cdb3-4e66-9c64-d4832e3f0bf3,revision_number=1']} {{(pid=107296) push /opt/stack/neutron/neutron/api/rpc/handlers/resources_rpc.py:237}}
Jun 18 01:08:15.097477 np0000181735 devstack@neutron-api.service[107296]: DEBUG ovsdbapp.backend.ovs_idl.transaction [-] Running txn n=1 command(idx=0): AddNetworkCommand(_result=None, network_uuid=4ffe451a-cdb3-4e66-9c64-d4832e3f0bf3, may_exist=True, columns={'external_ids': {'neutron:network_name': 'private', 'neutron:mtu': '1372', 'neutron:revision_number': '1', 'neutron:availability_zone_hints': '', 'neutron:provnet-network-type': 'geneve'}, 'other_config': {'mcast_snoop': 'false', 'mcast_flood_unregistered': 'false', 'vlan-passthru': 'false'}}) {{(pid=107296) do_commit /opt/stack/data/venv/lib/python3.12/site-packages/ovsdbapp/backend/ovs_idl/transaction.py:89}}
Jun 18 01:08:15.098265 np0000181735 devstack@neutron-api.service[107296]: DEBUG neutron.common.ovn.utils [-] OVS persist_uuid supported=True {{(pid=107296) ovs_persist_uuid_supported /opt/stack/neutron/neutron/common/ovn/utils.py:1544}}
Jun 18 01:08:15.106617 np0000181735 devstack@neutron-api.service[107298]: DEBUG neutron.plugins.ml2.drivers.ovn.mech_driver.ovsdb.ovsdb_monitor [-] Hash Ring: Node 70701576a67b53e9a0e72ede6fb2fcb9 (host: np0000181735) handling event "create" for row 4ffe451a-cdb3-4e66-9c64-d4832e3f0bf3 (table: Logical_Switch) {{(pid=107298) notify /opt/stack/neutron/neutron/plugins/ml2/drivers/ovn/mech_driver/ovsdb/ovsdb_monitor.py:1015}}
Jun 18 01:08:15.116340 np0000181735 devstack@neutron-api.service[107298]: DEBUG neutron.plugins.ml2.drivers.ovn.mech_driver.ovsdb.ovsdb_monitor [-] Hash Ring: Node 70701576a67b53e9a0e72ede6fb2fcb9 (host: np0000181735) handling event "create" for row 49a6e074-a113-4e08-b181-a8eaa61bcdec (table: Datapath_Binding) {{(pid=107298) notify /opt/stack/neutron/neutron/plugins/ml2/drivers/ovn/mech_driver/ovsdb/ovsdb_monitor.py:1015}}
Jun 18 01:08:15.118364 np0000181735 devstack@neutron-api.service[107299]: DEBUG neutron.plugins.ml2.drivers.ovn.mech_driver.ovsdb.ovsdb_monitor [-] Hash Ring: Node 4c99e00a8a4d534889712e5a93d30558 (host: np0000181735) handling event "create" for row 49a6e074-a113-4e08-b181-a8eaa61bcdec (table: Datapath_Binding) {{(pid=107299) notify /opt/stack/neutron/neutron/plugins/ml2/drivers/ovn/mech_driver/ovsdb/ovsdb_monitor.py:1015}}
Jun 18 01:08:15.151557 np0000181735 devstack@neutron-api.service[107296]: INFO neutron.db.ovn_revision_numbers_db [None req-8ff30de1-0900-4ece-882c-f585fb06bf67 admin admin] Successfully bumped revision number for resource 4ffe451a-cdb3-4e66-9c64-d4832e3f0bf3 (type: networks) to 1
Jun 18 01:08:15.223153 np0000181735 devstack@neutron-api.service[107296]: DEBUG neutron_lib.callbacks.manager [None req-8ff30de1-0900-4ece-882c-f585fb06bf67 admin admin] Publish callbacks ['neutron.plugins.ml2.plugin.SecurityGroupDbMixin._ensure_default_security_group_handler-224556'] for port (None), before_create {{(pid=107296) _notify_loop /opt/stack/data/venv/lib/python3.12/site-packages/neutron_lib/callbacks/manager.py:184}}
Jun 18 01:08:15.665208 np0000181735 devstack@neutron-api.service[107296]: DEBUG neutron_lib.callbacks.manager [None req-8ff30de1-0900-4ece-882c-f585fb06bf67 admin admin] Publish callbacks ['neutron.plugins.ml2.drivers.ovn.mech_driver.mech_driver.OVNMechanismDriver._validate_allowed_address_pairs-995439'] for allowed_address_pair (94bdc12d-d92b-4358-9281-acc881d67336), before_create {{(pid=107296) _notify_loop /opt/stack/data/venv/lib/python3.12/site-packages/neutron_lib/callbacks/manager.py:184}}
Jun 18 01:08:15.665838 np0000181735 devstack@neutron-api.service[107296]: DEBUG neutron_lib.callbacks.manager [None req-8ff30de1-0900-4ece-882c-f585fb06bf67 admin admin] Publish callbacks [] for port (94bdc12d-d92b-4358-9281-acc881d67336), precommit_create {{(pid=107296) _notify_loop /opt/stack/data/venv/lib/python3.12/site-packages/neutron_lib/callbacks/manager.py:184}}
Jun 18 01:08:15.665887 np0000181735 devstack@neutron-api.service[107296]: DEBUG neutron.plugins.ml2.drivers.ovn.mech_driver.mech_driver [None req-8ff30de1-0900-4ece-882c-f585fb06bf67 admin admin] No provisioning block for port 94bdc12d-d92b-4358-9281-acc881d67336 since it does not have a host {{(pid=107296) _is_port_provisioning_required /opt/stack/neutron/neutron/plugins/ml2/drivers/ovn/mech_driver/mech_driver.py:896}}
Jun 18 01:08:15.665970 np0000181735 devstack@neutron-api.service[107296]: DEBUG neutron.db.ovn_revision_numbers_db [None req-8ff30de1-0900-4ece-882c-f585fb06bf67 admin admin] create_initial_revision uuid=94bdc12d-d92b-4358-9281-acc881d67336, type=ports, rev=-1 {{(pid=107296) create_initial_revision /opt/stack/neutron/neutron/db/ovn_revision_numbers_db.py:98}}
Jun 18 01:08:15.730243 np0000181735 devstack@neutron-api.service[107296]: DEBUG neutron_lib.callbacks.manager [None req-8ff30de1-0900-4ece-882c-f585fb06bf67 admin admin] Publish callbacks ['neutron.plugins.ml2.ovo_rpc._ObjectChangeHandler.handle_event-7831734'] for port (94bdc12d-d92b-4358-9281-acc881d67336), after_create {{(pid=107296) _notify_loop /opt/stack/data/venv/lib/python3.12/site-packages/neutron_lib/callbacks/manager.py:184}}
Jun 18 01:08:15.792624 np0000181735 devstack@neutron-api.service[107296]: DEBUG neutron.api.rpc.handlers.resources_rpc [None req-8ff30de1-0900-4ece-882c-f585fb06bf67 admin admin] Pushing event updated for resources: {'Port': ['ID=94bdc12d-d92b-4358-9281-acc881d67336,revision_number=1']} {{(pid=107296) push /opt/stack/neutron/neutron/api/rpc/handlers/resources_rpc.py:237}}
Jun 18 01:08:15.868102 np0000181735 devstack@neutron-api.service[107296]: DEBUG neutron.plugins.ml2.drivers.ovn.mech_driver.ovsdb.commands [None req-8ff30de1-0900-4ece-882c-f585fb06bf67 admin admin] Converting tag [] to a tag_request {{(pid=107296) _tag_column_to_tag_request /opt/stack/neutron/neutron/plugins/ml2/drivers/ovn/mech_driver/ovsdb/commands.py:205}}
Jun 18 01:08:15.869299 np0000181735 devstack@neutron-api.service[107296]: DEBUG ovsdbapp.backend.ovs_idl.transaction [-] Running txn n=1 command(idx=0): AddLSwitchPortCommand(_result=None, lport=94bdc12d-d92b-4358-9281-acc881d67336, lswitch=neutron-4ffe451a-cdb3-4e66-9c64-d4832e3f0bf3, may_exist=True, network_uuid=4ffe451a-cdb3-4e66-9c64-d4832e3f0bf3, columns={'addresses': ['fa:16:3e:13:7f:58'], 'external_ids': {'neutron:port_name': '', 'neutron:device_id': 'ovnmeta-4ffe451a-cdb3-4e66-9c64-d4832e3f0bf3', 'neutron:project_id': '00a252bf5dc84795be32eb3f56ca958a', 'neutron:cidrs': '', 'neutron:device_owner': 'network:distributed', 'neutron:subnet_pool_addr_scope4': '', 'neutron:subnet_pool_addr_scope6': '', 'neutron:network_name': 'neutron-4ffe451a-cdb3-4e66-9c64-d4832e3f0bf3', 'neutron:security_group_ids': '', 'neutron:revision_number': '1', 'neutron:vnic_type': 'normal', 'neutron:port_capabilities': '', 'neutron:mtu': '1372'}, 'parent_name': [], 'enabled': True, 'options': {}, 'type': 'localport', 'port_security': [], 'dhcpv4_options': [], 'dhcpv6_options': [], 'tag_request': []}) {{(pid=107296) do_commit /opt/stack/data/venv/lib/python3.12/site-packages/ovsdbapp/backend/ovs_idl/transaction.py:89}}
Jun 18 01:08:15.870438 np0000181735 devstack@neutron-api.service[107296]: DEBUG ovsdbapp.backend.ovs_idl.transaction [-] Running txn n=1 command(idx=1): QoSDelCommand(_result=None, switch=neutron-4ffe451a-cdb3-4e66-9c64-d4832e3f0bf3, conditions=[('direction', '=', 'to-lport'), ('priority', '=', 2002), ('match', '=', 'outport == "94bdc12d-d92b-4358-9281-acc881d67336"')], if_exists=True) {{(pid=107296) do_commit /opt/stack/data/venv/lib/python3.12/site-packages/ovsdbapp/backend/ovs_idl/transaction.py:89}}
Jun 18 01:08:15.870884 np0000181735 devstack@neutron-api.service[107296]: DEBUG ovsdbapp.backend.ovs_idl.transaction [-] Running txn n=1 command(idx=2): QoSDelCommand(_result=None, switch=neutron-4ffe451a-cdb3-4e66-9c64-d4832e3f0bf3, conditions=[('direction', '=', 'from-lport'), ('priority', '=', 2002), ('match', '=', 'inport == "94bdc12d-d92b-4358-9281-acc881d67336"')], if_exists=True) {{(pid=107296) do_commit /opt/stack/data/venv/lib/python3.12/site-packages/ovsdbapp/backend/ovs_idl/transaction.py:89}}
Jun 18 01:08:15.877298 np0000181735 devstack@neutron-api.service[107298]: DEBUG neutron.plugins.ml2.drivers.ovn.mech_driver.ovsdb.ovsdb_monitor [-] Hash Ring: Node 70701576a67b53e9a0e72ede6fb2fcb9 (host: np0000181735) handling event "update" for row 4ffe451a-cdb3-4e66-9c64-d4832e3f0bf3 (table: Logical_Switch) {{(pid=107298) notify /opt/stack/neutron/neutron/plugins/ml2/drivers/ovn/mech_driver/ovsdb/ovsdb_monitor.py:1015}}
Jun 18 01:08:15.877298 np0000181735 devstack@neutron-api.service[107298]: DEBUG neutron.plugins.ml2.drivers.ovn.mech_driver.ovsdb.ovsdb_monitor [-] Hash Ring: Node 70701576a67b53e9a0e72ede6fb2fcb9 (host: np0000181735) handling event "create" for row c4c6b1e5-d90f-446e-825b-5d17e5891e5b (table: Logical_Switch_Port) {{(pid=107298) notify /opt/stack/neutron/neutron/plugins/ml2/drivers/ovn/mech_driver/ovsdb/ovsdb_monitor.py:1015}}
Jun 18 01:08:15.879497 np0000181735 devstack@neutron-api.service[107298]: DEBUG ovsdbapp.backend.ovs_idl.event [-] Matched CREATE: LogicalSwitchPortCreateEvent(events=('create',), table='Logical_Switch_Port', conditions=[], old_conditions=None), priority=20 to row=Logical_Switch_Port(uuid=c4c6b1e5-d90f-446e-825b-5d17e5891e5b, addresses=['fa:16:3e:13:7f:58'], dhcpv4_options=[], dhcpv6_options=[], dynamic_addresses=[], enabled=True, external_ids={'neutron:cidrs': '', 'neutron:device_id': 'ovnmeta-4ffe451a-cdb3-4e66-9c64-d4832e3f0bf3', 'neutron:device_owner': 'network:distributed', 'neutron:mtu': '1372', 'neutron:network_name': 'neutron-4ffe451a-cdb3-4e66-9c64-d4832e3f0bf3', 'neutron:port_capabilities': '', 'neutron:port_name': '', 'neutron:project_id': '00a252bf5dc84795be32eb3f56ca958a', 'neutron:revision_number': '1', 'neutron:security_group_ids': '', 'neutron:subnet_pool_addr_scope4': '', 'neutron:subnet_pool_addr_scope6': '', 'neutron:vnic_type': 'normal'}, ha_chassis_group=[], mirror_rules=[], name='94bdc12d-d92b-4358-9281-acc881d67336', options={}, parent_name=[], port_security=[], tag=[], tag_request=[], type='localport', up=[]) old= {{(pid=107298) matches /opt/stack/data/venv/lib/python3.12/site-packages/ovsdbapp/backend/ovs_idl/event.py:55}}
Jun 18 01:08:15.880463 np0000181735 devstack@neutron-api.service[107298]: DEBUG neutron.plugins.ml2.drivers.ovn.mech_driver.ovsdb.ovsdb_monitor [-] Hash Ring: Node 70701576a67b53e9a0e72ede6fb2fcb9 (host: np0000181735) handling event "update" for row c4c6b1e5-d90f-446e-825b-5d17e5891e5b (table: Logical_Switch_Port) {{(pid=107298) notify /opt/stack/neutron/neutron/plugins/ml2/drivers/ovn/mech_driver/ovsdb/ovsdb_monitor.py:1015}}
Jun 18 01:08:15.881640 np0000181735 devstack@neutron-api.service[107298]: INFO neutron.plugins.ml2.drivers.ovn.mech_driver.mech_driver [-] OVN reports status down for port: 94bdc12d-d92b-4358-9281-acc881d67336
Jun 18 01:08:15.885753 np0000181735 devstack@neutron-api.service[107299]: DEBUG neutron.plugins.ml2.drivers.ovn.mech_driver.ovsdb.ovsdb_monitor [-] Hash Ring: Node 4c99e00a8a4d534889712e5a93d30558 (host: np0000181735) handling event "create" for row c4c6b1e5-d90f-446e-825b-5d17e5891e5b (table: Logical_Switch_Port) {{(pid=107299) notify /opt/stack/neutron/neutron/plugins/ml2/drivers/ovn/mech_driver/ovsdb/ovsdb_monitor.py:1015}}
Jun 18 01:08:15.887927 np0000181735 devstack@neutron-api.service[107298]: DEBUG neutron.plugins.ml2.drivers.ovn.mech_driver.ovsdb.ovsdb_monitor [-] Hash Ring: Node 70701576a67b53e9a0e72ede6fb2fcb9 (host: np0000181735) handling event "create" for row c0365423-6bfe-42d7-afca-b6a8443af831 (table: Port_Binding) {{(pid=107298) notify /opt/stack/neutron/neutron/plugins/ml2/drivers/ovn/mech_driver/ovsdb/ovsdb_monitor.py:1015}}
Jun 18 01:08:15.888514 np0000181735 devstack@neutron-api.service[107297]: DEBUG neutron.plugins.ml2.drivers.ovn.mech_driver.ovsdb.ovsdb_monitor [-] Hash Ring: Node 453db0419ac05b049f566cb7f3b02a58 (host: np0000181735) handling event "create" for row c0365423-6bfe-42d7-afca-b6a8443af831 (table: Port_Binding) {{(pid=107297) notify /opt/stack/neutron/neutron/plugins/ml2/drivers/ovn/mech_driver/ovsdb/ovsdb_monitor.py:1015}}
Jun 18 01:08:15.889648 np0000181735 devstack@neutron-api.service[107299]: DEBUG ovsdbapp.backend.ovs_idl.event [-] Matched CREATE: LogicalSwitchPortCreateEvent(events=('create',), table='Logical_Switch_Port', conditions=[], old_conditions=None), priority=20 to row=Logical_Switch_Port(uuid=c4c6b1e5-d90f-446e-825b-5d17e5891e5b, addresses=['fa:16:3e:13:7f:58'], dhcpv4_options=[], dhcpv6_options=[], dynamic_addresses=[], enabled=True, external_ids={'neutron:cidrs': '', 'neutron:device_id': 'ovnmeta-4ffe451a-cdb3-4e66-9c64-d4832e3f0bf3', 'neutron:device_owner': 'network:distributed', 'neutron:mtu': '1372', 'neutron:network_name': 'neutron-4ffe451a-cdb3-4e66-9c64-d4832e3f0bf3', 'neutron:port_capabilities': '', 'neutron:port_name': '', 'neutron:project_id': '00a252bf5dc84795be32eb3f56ca958a', 'neutron:revision_number': '1', 'neutron:security_group_ids': '', 'neutron:subnet_pool_addr_scope4': '', 'neutron:subnet_pool_addr_scope6': '', 'neutron:vnic_type': 'normal'}, ha_chassis_group=[], mirror_rules=[], name='94bdc12d-d92b-4358-9281-acc881d67336', options={}, parent_name=[], port_security=[], tag=[], tag_request=[], type='localport', up=[]) old= {{(pid=107299) matches /opt/stack/data/venv/lib/python3.12/site-packages/ovsdbapp/backend/ovs_idl/event.py:55}}
Jun 18 01:08:15.892819 np0000181735 devstack@neutron-api.service[107299]: INFO neutron.plugins.ml2.drivers.ovn.mech_driver.mech_driver [-] OVN reports status down for port: 94bdc12d-d92b-4358-9281-acc881d67336
Jun 18 01:08:15.893315 np0000181735 devstack@neutron-api.service[107299]: DEBUG neutron.plugins.ml2.drivers.ovn.mech_driver.ovsdb.ovsdb_monitor [-] Hash Ring: Node 4c99e00a8a4d534889712e5a93d30558 (host: np0000181735) handling event "update" for row c4c6b1e5-d90f-446e-825b-5d17e5891e5b (table: Logical_Switch_Port) {{(pid=107299) notify /opt/stack/neutron/neutron/plugins/ml2/drivers/ovn/mech_driver/ovsdb/ovsdb_monitor.py:1015}}
Jun 18 01:08:15.936488 np0000181735 devstack@neutron-api.service[107296]: INFO neutron.db.ovn_revision_numbers_db [None req-8ff30de1-0900-4ece-882c-f585fb06bf67 admin admin] Successfully bumped revision number for resource 94bdc12d-d92b-4358-9281-acc881d67336 (type: ports) to 1
Jun 18 01:08:15.951239 np0000181735 devstack@neutron-api.service[107296]: DEBUG neutron.pecan_wsgi.hooks.policy_enforcement [None req-8ff30de1-0900-4ece-882c-f585fb06bf67 admin admin] Attributes excluded by policy engine: ['standard_attr_id'] {{(pid=107296) _exclude_attributes_by_policy /opt/stack/neutron/neutron/pecan_wsgi/hooks/policy_enforcement.py:259}}
Jun 18 01:08:15.951934 np0000181735 devstack@neutron-api.service[107296]: DEBUG neutron_lib.callbacks.manager [None req-8ff30de1-0900-4ece-882c-f585fb06bf67 admin admin] Publish callbacks [] for network (None), before_response {{(pid=107296) _notify_loop /opt/stack/data/venv/lib/python3.12/site-packages/neutron_lib/callbacks/manager.py:184}}
Jun 18 01:08:15.955282 np0000181735 devstack@neutron-api.service[107298]: DEBUG neutron.db.provisioning_blocks [None req-e5f08382-074a-48fc-ba22-c3e3b57b60c9 None None] Transition to ACTIVE for port object 94bdc12d-d92b-4358-9281-acc881d67336 will not be triggered until provisioned by entity L2. {{(pid=107298) add_provisioning_component /opt/stack/neutron/neutron/db/provisioning_blocks.py:74}}
Jun 18 01:08:15.964847 np0000181735 devstack@neutron-api.service[107299]: DEBUG neutron_lib.db.api [None req-f1926326-7dc2-483a-951f-d8c9cf36e6c2 None None] Retry wrapper got retriable exception: Failed to create a duplicate ProvisioningBlock: for attribute(s) ['provisioningblocks.PRIMARY'] with value(s) 14-L2 {{(pid=107299) wrapped /opt/stack/data/venv/lib/python3.12/site-packages/neutron_lib/db/api.py:185}}
Jun 18 01:08:15.965070 np0000181735 devstack@neutron-api.service[107299]: DEBUG oslo_db.api [None req-f1926326-7dc2-483a-951f-d8c9cf36e6c2 None None] Performing DB retry for function neutron.db.provisioning_blocks.add_provisioning_component {{(pid=107299) wrapper /opt/stack/data/venv/lib/python3.12/site-packages/oslo_db/api.py:155}}
Jun 18 01:08:15.969558 np0000181735 devstack@neutron-api.service[107296]: [pid: 107296|app: 0|req: 1/5] 199.19.213.96 () {68 vars in 1350 bytes} [Thu Jun 18 01:08:14 2026] POST /networking/v2.0/networks => generated 679 bytes in 1866 msecs (HTTP/1.1 201) 4 headers in 162 bytes (1 switches on core 0)
Jun 18 01:08:16.000759 np0000181735 devstack@neutron-api.service[107298]: DEBUG neutron.plugins.ml2.plugin [None req-e5f08382-074a-48fc-ba22-c3e3b57b60c9 None None] Current status of the port 94bdc12d-d92b-4358-9281-acc881d67336 is: DOWN; New status is: DOWN {{(pid=107298) _update_individual_port_db_status /opt/stack/neutron/neutron/plugins/ml2/plugin.py:2470}}
Jun 18 01:08:16.003608 np0000181735 devstack@neutron-api.service[107298]: DEBUG ovsdbapp.backend.ovs_idl.transaction [-] Running txn n=1 command(idx=0): DbRemoveCommand(_result=None, table=Logical_Switch_Port, record=94bdc12d-d92b-4358-9281-acc881d67336, column=external_ids, values=('neutron:host_id',), keyvalues={}, if_exists=True) {{(pid=107298) do_commit /opt/stack/data/venv/lib/python3.12/site-packages/ovsdbapp/backend/ovs_idl/transaction.py:89}}
Jun 18 01:08:16.474927 np0000181735 devstack@neutron-api.service[107299]: DEBUG neutron.db.provisioning_blocks [None req-f1926326-7dc2-483a-951f-d8c9cf36e6c2 None None] Ignored duplicate provisioning block setup for port 94bdc12d-d92b-4358-9281-acc881d67336 by entity L2. {{(pid=107299) add_provisioning_component /opt/stack/neutron/neutron/db/provisioning_blocks.py:69}}
Jun 18 01:08:16.514308 np0000181735 devstack@neutron-api.service[107299]: DEBUG neutron.plugins.ml2.plugin [None req-f1926326-7dc2-483a-951f-d8c9cf36e6c2 None None] Current status of the port 94bdc12d-d92b-4358-9281-acc881d67336 is: DOWN; New status is: DOWN {{(pid=107299) _update_individual_port_db_status /opt/stack/neutron/neutron/plugins/ml2/plugin.py:2470}}
