Apr 02 14:42:10.179285 np0000163016 devstack@neutron-api.service[102189]: DEBUG neutron_lib.callbacks.manager [None req-9c631080-68dc-488e-9e7c-983fd956c8c3 None None] Subscribe: > network after_update 55550000, False {{(pid=102189) subscribe /opt/stack/data/venv/lib/python3.12/site-packages/neutron_lib/callbacks/manager.py:52}}
Apr 02 14:42:10.179346 np0000163016 devstack@neutron-api.service[102189]: DEBUG neutron_lib.callbacks.manager [None req-9c631080-68dc-488e-9e7c-983fd956c8c3 None None] Subscribe: > network after_delete 55550000, False {{(pid=102189) subscribe /opt/stack/data/venv/lib/python3.12/site-packages/neutron_lib/callbacks/manager.py:52}}
Apr 02 14:42:10.179502 np0000163016 devstack@neutron-api.service[102189]: DEBUG neutron_lib.callbacks.manager [None req-9c631080-68dc-488e-9e7c-983fd956c8c3 None None] Subscribe: > security_group after_create 55550000, False {{(pid=102189) subscribe /opt/stack/data/venv/lib/python3.12/site-packages/neutron_lib/callbacks/manager.py:52}}
Apr 02 14:42:10.179583 np0000163016 devstack@neutron-api.service[102189]: DEBUG neutron_lib.callbacks.manager [None req-9c631080-68dc-488e-9e7c-983fd956c8c3 None None] Subscribe: > security_group after_update 55550000, False {{(pid=102189) subscribe /opt/stack/data/venv/lib/python3.12/site-packages/neutron_lib/callbacks/manager.py:52}}
Apr 02 14:42:10.179699 np0000163016 devstack@neutron-api.service[102189]: DEBUG neutron_lib.callbacks.manager [None req-9c631080-68dc-488e-9e7c-983fd956c8c3 None None] Subscribe: > security_group after_delete 55550000, False {{(pid=102189) subscribe /opt/stack/data/venv/lib/python3.12/site-packages/neutron_lib/callbacks/manager.py:52}}
Apr 02 14:42:10.179889 np0000163016 devstack@neutron-api.service[102189]: DEBUG neutron_lib.callbacks.manager [None req-9c631080-68dc-488e-9e7c-983fd956c8c3 None None] Subscribe: > security_group_rule after_create 55550000, False {{(pid=102189) subscribe /opt/stack/data/venv/lib/python3.12/site-packages/neutron_lib/callbacks/manager.py:52}}
Apr 02 14:42:10.179993 np0000163016 devstack@neutron-api.service[102189]: DEBUG neutron_lib.callbacks.manager [None req-9c631080-68dc-488e-9e7c-983fd956c8c3 None None] Subscribe: > security_group_rule after_update 55550000, False {{(pid=102189) subscribe /opt/stack/data/venv/lib/python3.12/site-packages/neutron_lib/callbacks/manager.py:52}}
Apr 02 14:42:10.180205 np0000163016 devstack@neutron-api.service[102189]: DEBUG neutron_lib.callbacks.manager [None req-9c631080-68dc-488e-9e7c-983fd956c8c3 None None] Subscribe: > security_group_rule after_delete 55550000, False {{(pid=102189) subscribe /opt/stack/data/venv/lib/python3.12/site-packages/neutron_lib/callbacks/manager.py:52}}
Apr 02 14:42:10.180356 np0000163016 devstack@neutron-api.service[102189]: DEBUG neutron_lib.callbacks.manager [None req-9c631080-68dc-488e-9e7c-983fd956c8c3 None None] Subscribe: > address_group after_create 55550000, False {{(pid=102189) subscribe /opt/stack/data/venv/lib/python3.12/site-packages/neutron_lib/callbacks/manager.py:52}}
Apr 02 14:42:10.180481 np0000163016 devstack@neutron-api.service[102189]: DEBUG neutron_lib.callbacks.manager [None req-9c631080-68dc-488e-9e7c-983fd956c8c3 None None] Subscribe: > address_group after_update 55550000, False {{(pid=102189) subscribe /opt/stack/data/venv/lib/python3.12/site-packages/neutron_lib/callbacks/manager.py:52}}
Apr 02 14:42:10.180521 np0000163016 devstack@neutron-api.service[102191]: DEBUG neutron.services.provider_configuration [None req-6e745660-ceb9-403d-9bfc-42225b9d8266 None None] Service providers = [] {{(pid=102191) parse_service_provider_opt /opt/stack/neutron/neutron/services/provider_configuration.py:170}}
Apr 02 14:42:10.180606 np0000163016 devstack@neutron-api.service[102189]: DEBUG neutron_lib.callbacks.manager [None req-9c631080-68dc-488e-9e7c-983fd956c8c3 None None] Subscribe: > address_group after_delete 55550000, False {{(pid=102189) subscribe /opt/stack/data/venv/lib/python3.12/site-packages/neutron_lib/callbacks/manager.py:52}}
Apr 02 14:42:10.180646 np0000163016 devstack@neutron-api.service[102191]: DEBUG neutron.db.servicetype_db [None req-6e745660-ceb9-403d-9bfc-42225b9d8266 None None] Adding provider configuration for service L3_ROUTER_NAT {{(pid=102191) add_provider_configuration /opt/stack/neutron/neutron/db/servicetype_db.py:42}}
Apr 02 14:42:10.180762 np0000163016 devstack@neutron-api.service[102189]: DEBUG neutron.plugins.ml2.ovo_rpc [None req-9c631080-68dc-488e-9e7c-983fd956c8c3 None None] ML2 OVO RPC backend initialized. {{(pid=102189) __init__ /opt/stack/neutron/neutron/plugins/ml2/ovo_rpc.py:117}}
Apr 02 14:42:10.181545 np0000163016 devstack@neutron-api.service[102189]: INFO neutron.quota [None req-9c631080-68dc-488e-9e7c-983fd956c8c3 None None] Loaded quota_driver: .
Apr 02 14:42:10.182255 np0000163016 devstack@neutron-api.service[102189]: INFO neutron.plugins.ml2.plugin [None req-9c631080-68dc-488e-9e7c-983fd956c8c3 None None] Modular L2 Plugin initialization complete
Apr 02 14:42:10.182255 np0000163016 devstack@neutron-api.service[102189]: DEBUG neutron.manager [None req-9c631080-68dc-488e-9e7c-983fd956c8c3 None None] Loading services supported by the core plugin {{(pid=102189) _load_services_from_core_plugin /opt/stack/neutron/neutron/manager.py:170}}
Apr 02 14:42:10.182255 np0000163016 devstack@neutron-api.service[102189]: INFO neutron.plugins.ml2.managers [None req-9c631080-68dc-488e-9e7c-983fd956c8c3 None None] Got port-security extension from driver 'port_security'
Apr 02 14:42:10.182624 np0000163016 devstack@neutron-api.service[102191]: DEBUG neutron_lib.callbacks.manager [None req-6e745660-ceb9-403d-9bfc-42225b9d8266 None None] Subscribe: > router precommit_create 55549900, False {{(pid=102191) subscribe /opt/stack/data/venv/lib/python3.12/site-packages/neutron_lib/callbacks/manager.py:52}}
Apr 02 14:42:10.182776 np0000163016 devstack@neutron-api.service[102189]: DEBUG neutron.manager [None req-9c631080-68dc-488e-9e7c-983fd956c8c3 None None] Loading service plugins: ['ovn-router', 'auto_allocate', 'tag', 'timestamp', 'network_ip_availability', 'flavors', 'revisions'] {{(pid=102189) _load_service_plugins /opt/stack/neutron/neutron/manager.py:195}}
Apr 02 14:42:10.182814 np0000163016 devstack@neutron-api.service[102191]: DEBUG neutron_lib.callbacks.manager [None req-6e745660-ceb9-403d-9bfc-42225b9d8266 None None] Subscribe: > router_interface after_create 55550000, False {{(pid=102191) subscribe /opt/stack/data/venv/lib/python3.12/site-packages/neutron_lib/callbacks/manager.py:52}}
Apr 02 14:42:10.182902 np0000163016 devstack@neutron-api.service[102189]: INFO neutron.manager [None req-9c631080-68dc-488e-9e7c-983fd956c8c3 None None] Loading Plugin: ovn-router
Apr 02 14:42:10.182935 np0000163016 devstack@neutron-api.service[102191]: DEBUG neutron_lib.callbacks.manager [None req-6e745660-ceb9-403d-9bfc-42225b9d8266 None None] Subscribe: > floatingip after_create 55550000, False {{(pid=102191) subscribe /opt/stack/data/venv/lib/python3.12/site-packages/neutron_lib/callbacks/manager.py:52}}
Apr 02 14:42:10.182935 np0000163016 devstack@neutron-api.service[102191]: DEBUG neutron_lib.callbacks.manager [None req-6e745660-ceb9-403d-9bfc-42225b9d8266 None None] Subscribe: > floatingip precommit_create 55550000, False {{(pid=102191) subscribe /opt/stack/data/venv/lib/python3.12/site-packages/neutron_lib/callbacks/manager.py:52}}
Apr 02 14:42:10.182935 np0000163016 devstack@neutron-api.service[102191]: DEBUG neutron_lib.callbacks.manager [None req-6e745660-ceb9-403d-9bfc-42225b9d8266 None None] Subscribe: > floatingip precommit_update 55550000, False {{(pid=102191) subscribe /opt/stack/data/venv/lib/python3.12/site-packages/neutron_lib/callbacks/manager.py:52}}
Apr 02 14:42:10.182935 np0000163016 devstack@neutron-api.service[102191]: DEBUG neutron_lib.callbacks.manager [None req-6e745660-ceb9-403d-9bfc-42225b9d8266 None None] Subscribe: > floatingip after_delete 55550000, False {{(pid=102191) subscribe /opt/stack/data/venv/lib/python3.12/site-packages/neutron_lib/callbacks/manager.py:52}}
Apr 02 14:42:10.183075 np0000163016 devstack@neutron-api.service[102191]: DEBUG neutron_lib.callbacks.manager [None req-6e745660-ceb9-403d-9bfc-42225b9d8266 None None] Subscribe: > floatingip after_status_update 55550000, False {{(pid=102191) subscribe /opt/stack/data/venv/lib/python3.12/site-packages/neutron_lib/callbacks/manager.py:52}}
Apr 02 14:42:10.183075 np0000163016 devstack@neutron-api.service[102191]: DEBUG neutron_lib.callbacks.manager [None req-6e745660-ceb9-403d-9bfc-42225b9d8266 None None] Subscribe: > floatingip after_update 55550000, False {{(pid=102191) subscribe /opt/stack/data/venv/lib/python3.12/site-packages/neutron_lib/callbacks/manager.py:52}}
Apr 02 14:42:10.183075 np0000163016 devstack@neutron-api.service[102191]: DEBUG neutron_lib.callbacks.manager [None req-6e745660-ceb9-403d-9bfc-42225b9d8266 None None] Subscribe: > port_forwarding after_create 55550000, False {{(pid=102191) subscribe /opt/stack/data/venv/lib/python3.12/site-packages/neutron_lib/callbacks/manager.py:52}}
Apr 02 14:42:10.183075 np0000163016 devstack@neutron-api.service[102191]: DEBUG neutron_lib.callbacks.manager [None req-6e745660-ceb9-403d-9bfc-42225b9d8266 None None] Subscribe: > router_interface after_delete 55550000, False {{(pid=102191) subscribe /opt/stack/data/venv/lib/python3.12/site-packages/neutron_lib/callbacks/manager.py:52}}
Apr 02 14:42:10.183310 np0000163016 devstack@neutron-api.service[102191]: DEBUG neutron_lib.callbacks.manager [None req-6e745660-ceb9-403d-9bfc-42225b9d8266 None None] Subscribe: > router after_create 55550000, False {{(pid=102191) subscribe /opt/stack/data/venv/lib/python3.12/site-packages/neutron_lib/callbacks/manager.py:52}}
Apr 02 14:42:10.183310 np0000163016 devstack@neutron-api.service[102191]: DEBUG neutron_lib.callbacks.manager [None req-6e745660-ceb9-403d-9bfc-42225b9d8266 None None] Subscribe: > router precommit_create 55550000, False {{(pid=102191) subscribe /opt/stack/data/venv/lib/python3.12/site-packages/neutron_lib/callbacks/manager.py:52}}
Apr 02 14:42:10.183469 np0000163016 devstack@neutron-api.service[102191]: DEBUG neutron_lib.callbacks.manager [None req-6e745660-ceb9-403d-9bfc-42225b9d8266 None None] Subscribe: > router after_delete 55550000, False {{(pid=102191) subscribe /opt/stack/data/venv/lib/python3.12/site-packages/neutron_lib/callbacks/manager.py:52}}
Apr 02 14:42:10.183508 np0000163016 devstack@neutron-api.service[102191]: DEBUG neutron_lib.callbacks.manager [None req-6e745660-ceb9-403d-9bfc-42225b9d8266 None None] Subscribe: > router after_update 55550000, False {{(pid=102191) subscribe /opt/stack/data/venv/lib/python3.12/site-packages/neutron_lib/callbacks/manager.py:52}}
Apr 02 14:42:10.183640 np0000163016 devstack@neutron-api.service[102191]: DEBUG neutron.services.service_base [None req-6e745660-ceb9-403d-9bfc-42225b9d8266 None None] Loaded 'neutron.services.ovn_l3.service_providers.ovn.OvnDriver' provider for service L3_ROUTER_NAT {{(pid=102191) load_drivers /opt/stack/neutron/neutron/services/service_base.py:49}}
Apr 02 14:42:10.183725 np0000163016 devstack@neutron-api.service[102191]: DEBUG neutron_lib.callbacks.manager [None req-6e745660-ceb9-403d-9bfc-42225b9d8266 None None] Subscribe: > process after_init 55550001, True {{(pid=102191) subscribe /opt/stack/data/venv/lib/python3.12/site-packages/neutron_lib/callbacks/manager.py:52}}
Apr 02 14:42:10.183849 np0000163016 devstack@neutron-api.service[102191]: DEBUG neutron.manager [None req-6e745660-ceb9-403d-9bfc-42225b9d8266 None None] Successfully loaded L3_ROUTER_NAT plugin. Description: L3 Router Service Plugin for basic L3 forwarding using OVN {{(pid=102191) _create_and_add_service_plugin /opt/stack/neutron/neutron/manager.py:239}}
Apr 02 14:42:10.183946 np0000163016 devstack@neutron-api.service[102191]: INFO neutron.manager [None req-6e745660-ceb9-403d-9bfc-42225b9d8266 None None] Loading Plugin: auto_allocate
Apr 02 14:42:10.184950 np0000163016 devstack@neutron-api.service[102191]: DEBUG neutron_lib.callbacks.manager [None req-6e745660-ceb9-403d-9bfc-42225b9d8266 None None] Subscribe: network precommit_update 55550000, False {{(pid=102191) subscribe /opt/stack/data/venv/lib/python3.12/site-packages/neutron_lib/callbacks/manager.py:52}}
Apr 02 14:42:10.185033 np0000163016 devstack@neutron-api.service[102191]: DEBUG neutron_lib.callbacks.manager [None req-6e745660-ceb9-403d-9bfc-42225b9d8266 None None] Subscribe: network precommit_create 55550000, False {{(pid=102191) subscribe /opt/stack/data/venv/lib/python3.12/site-packages/neutron_lib/callbacks/manager.py:52}}
Apr 02 14:42:10.185245 np0000163016 devstack@neutron-api.service[102191]: DEBUG neutron.manager [None req-6e745660-ceb9-403d-9bfc-42225b9d8266 None None] Successfully loaded auto-allocated-topology plugin. Description: Auto Allocated Topology - aka get me a network. {{(pid=102191) _create_and_add_service_plugin /opt/stack/neutron/neutron/manager.py:239}}
Apr 02 14:42:10.185326 np0000163016 devstack@neutron-api.service[102191]: INFO neutron.manager [None req-6e745660-ceb9-403d-9bfc-42225b9d8266 None None] Loading Plugin: tag
Apr 02 14:42:10.188080 np0000163016 devstack@neutron-api.service[102191]: DEBUG neutron.manager [None req-6e745660-ceb9-403d-9bfc-42225b9d8266 None None] Successfully loaded TAG plugin. Description: Tag support {{(pid=102191) _create_and_add_service_plugin /opt/stack/neutron/neutron/manager.py:239}}
Apr 02 14:42:10.188179 np0000163016 devstack@neutron-api.service[102191]: INFO neutron.manager [None req-6e745660-ceb9-403d-9bfc-42225b9d8266 None None] Loading Plugin: timestamp
Apr 02 14:42:10.189576 np0000163016 devstack@neutron-api.service[102191]: DEBUG neutron.manager [None req-6e745660-ceb9-403d-9bfc-42225b9d8266 None None] Successfully loaded timestamp plugin. Description: Adds timestamps to Neutron resources with standard attributes {{(pid=102191) _create_and_add_service_plugin /opt/stack/neutron/neutron/manager.py:239}}
Apr 02 14:42:10.189692 np0000163016 devstack@neutron-api.service[102191]: INFO neutron.manager [None req-6e745660-ceb9-403d-9bfc-42225b9d8266 None None] Loading Plugin: network_ip_availability
Apr 02 14:42:10.191223 np0000163016 devstack@neutron-api.service[102191]: DEBUG neutron.manager [None req-6e745660-ceb9-403d-9bfc-42225b9d8266 None None] Successfully loaded network-ip-availability plugin. Description: Provides IP availability data for each network and subnet. {{(pid=102191) _create_and_add_service_plugin /opt/stack/neutron/neutron/manager.py:239}}
Apr 02 14:42:10.191305 np0000163016 devstack@neutron-api.service[102191]: INFO neutron.manager [None req-6e745660-ceb9-403d-9bfc-42225b9d8266 None None] Loading Plugin: flavors
Apr 02 14:42:10.191498 np0000163016 devstack@neutron-api.service[102189]: DEBUG neutron_lib.callbacks.manager [None req-9c631080-68dc-488e-9e7c-983fd956c8c3 None None] Subscribe: > router before_delete 55550000, False {{(pid=102189) subscribe /opt/stack/data/venv/lib/python3.12/site-packages/neutron_lib/callbacks/manager.py:52}}
Apr 02 14:42:10.191648 np0000163016 devstack@neutron-api.service[102189]: DEBUG neutron_lib.callbacks.manager [None req-9c631080-68dc-488e-9e7c-983fd956c8c3 None None] Subscribe: port after_update 55550000, False {{(pid=102189) subscribe /opt/stack/data/venv/lib/python3.12/site-packages/neutron_lib/callbacks/manager.py:52}}
Apr 02 14:42:10.191761 np0000163016 devstack@neutron-api.service[102189]: DEBUG neutron_lib.callbacks.manager [None req-9c631080-68dc-488e-9e7c-983fd956c8c3 None None] Subscribe: port after_delete 55550000, False {{(pid=102189) subscribe /opt/stack/data/venv/lib/python3.12/site-packages/neutron_lib/callbacks/manager.py:52}}
Apr 02 14:42:10.191851 np0000163016 devstack@neutron-api.service[102189]: DEBUG neutron_lib.callbacks.manager [None req-9c631080-68dc-488e-9e7c-983fd956c8c3 None None] Subscribe: subnet after_update 55550000, False {{(pid=102189) subscribe /opt/stack/data/venv/lib/python3.12/site-packages/neutron_lib/callbacks/manager.py:52}}
Apr 02 14:42:10.191952 np0000163016 devstack@neutron-api.service[102189]: DEBUG neutron_lib.callbacks.manager [None req-9c631080-68dc-488e-9e7c-983fd956c8c3 None None] Subscribe: subnetpool_address_scope after_update 55550000, False {{(pid=102189) subscribe /opt/stack/data/venv/lib/python3.12/site-packages/neutron_lib/callbacks/manager.py:52}}
Apr 02 14:42:10.192056 np0000163016 devstack@neutron-api.service[102189]: DEBUG neutron_lib.callbacks.manager [None req-9c631080-68dc-488e-9e7c-983fd956c8c3 None None] Subscribe: port before_update 55550000, False {{(pid=102189) subscribe /opt/stack/data/venv/lib/python3.12/site-packages/neutron_lib/callbacks/manager.py:52}}
Apr 02 14:42:10.192153 np0000163016 devstack@neutron-api.service[102189]: DEBUG neutron_lib.callbacks.manager [None req-9c631080-68dc-488e-9e7c-983fd956c8c3 None None] Subscribe: port after_update 55550000, False {{(pid=102189) subscribe /opt/stack/data/venv/lib/python3.12/site-packages/neutron_lib/callbacks/manager.py:52}}
Apr 02 14:42:10.192183 np0000163016 devstack@neutron-api.service[102191]: DEBUG neutron.manager [None req-6e745660-ceb9-403d-9bfc-42225b9d8266 None None] Successfully loaded FLAVORS plugin. Description: Neutron Flavors and Service Profiles manager plugin {{(pid=102191) _create_and_add_service_plugin /opt/stack/neutron/neutron/manager.py:239}}
Apr 02 14:42:10.192305 np0000163016 devstack@neutron-api.service[102189]: DEBUG neutron_lib.callbacks.manager [None req-9c631080-68dc-488e-9e7c-983fd956c8c3 None None] Subscribe: > port precommit_delete 55550000, False {{(pid=102189) subscribe /opt/stack/data/venv/lib/python3.12/site-packages/neutron_lib/callbacks/manager.py:52}}
Apr 02 14:42:10.192344 np0000163016 devstack@neutron-api.service[102191]: INFO neutron.manager [None req-6e745660-ceb9-403d-9bfc-42225b9d8266 None None] Loading Plugin: revisions
Apr 02 14:42:10.192449 np0000163016 devstack@neutron-api.service[102189]: DEBUG neutron_lib.callbacks.manager [None req-9c631080-68dc-488e-9e7c-983fd956c8c3 None None] Subscribe: port before_update 55550000, False {{(pid=102189) subscribe /opt/stack/data/venv/lib/python3.12/site-packages/neutron_lib/callbacks/manager.py:52}}
Apr 02 14:42:10.192518 np0000163016 devstack@neutron-api.service[102189]: DEBUG neutron_lib.callbacks.manager [None req-9c631080-68dc-488e-9e7c-983fd956c8c3 None None] Subscribe: port before_delete 55550000, False {{(pid=102189) subscribe /opt/stack/data/venv/lib/python3.12/site-packages/neutron_lib/callbacks/manager.py:52}}
Apr 02 14:42:10.192610 np0000163016 devstack@neutron-api.service[102189]: DEBUG neutron_lib.callbacks.manager [None req-9c631080-68dc-488e-9e7c-983fd956c8c3 None None] Subscribe: > router precommit_create 55550000, False {{(pid=102189) subscribe /opt/stack/data/venv/lib/python3.12/site-packages/neutron_lib/callbacks/manager.py:52}}
Apr 02 14:42:10.192714 np0000163016 devstack@neutron-api.service[102189]: DEBUG neutron_lib.callbacks.manager [None req-9c631080-68dc-488e-9e7c-983fd956c8c3 None None] Subscribe: > router precommit_create 55550000, False {{(pid=102189) subscribe /opt/stack/data/venv/lib/python3.12/site-packages/neutron_lib/callbacks/manager.py:52}}
Apr 02 14:42:10.192814 np0000163016 devstack@neutron-api.service[102189]: DEBUG neutron_lib.callbacks.manager [None req-9c631080-68dc-488e-9e7c-983fd956c8c3 None None] Subscribe: > router precommit_update 55550000, False {{(pid=102189) subscribe /opt/stack/data/venv/lib/python3.12/site-packages/neutron_lib/callbacks/manager.py:52}}
Apr 02 14:42:10.192937 np0000163016 devstack@neutron-api.service[102189]: DEBUG neutron_lib.callbacks.manager [None req-9c631080-68dc-488e-9e7c-983fd956c8c3 None None] Subscribe: subnet after_update 55550000, False {{(pid=102189) subscribe /opt/stack/data/venv/lib/python3.12/site-packages/neutron_lib/callbacks/manager.py:52}}
Apr 02 14:42:10.193289 np0000163016 devstack@neutron-api.service[102191]: DEBUG neutron.manager [None req-6e745660-ceb9-403d-9bfc-42225b9d8266 None None] Successfully loaded revision_plugin plugin. Description: Adds revision numbers to resources. {{(pid=102191) _create_and_add_service_plugin /opt/stack/neutron/neutron/manager.py:239}}
Apr 02 14:42:10.193463 np0000163016 devstack@neutron-api.service[102191]: DEBUG oslo_concurrency.lockutils [None req-6e745660-ceb9-403d-9bfc-42225b9d8266 None None] Lock "manager" "released" by "neutron.manager.NeutronManager._create_instance" :: held 4.625s {{(pid=102191) inner /opt/stack/data/venv/lib/python3.12/site-packages/oslo_concurrency/lockutils.py:538}}
Apr 02 14:42:10.193661 np0000163016 devstack@neutron-api.service[102189]: DEBUG neutron.quota.resource_registry [None req-9c631080-68dc-488e-9e7c-983fd956c8c3 None None] Tracking information for resource: router configured {{(pid=102189) set_tracked_resource /opt/stack/neutron/neutron/quota/resource_registry.py:203}}
Apr 02 14:42:10.193699 np0000163016 devstack@neutron-api.service[102191]: DEBUG neutron.api.extensions [None req-6e745660-ceb9-403d-9bfc-42225b9d8266 None None] get_extension_paths = OrderedDict({'/opt/stack/neutron/neutron/extensions': 1}) {{(pid=102191) get_extensions_path /opt/stack/neutron/neutron/api/extensions.py:640}}
Apr 02 14:42:10.193737 np0000163016 devstack@neutron-api.service[102189]: DEBUG neutron.quota.resource_registry [None req-9c631080-68dc-488e-9e7c-983fd956c8c3 None None] Tracking information for resource: floatingip configured {{(pid=102189) set_tracked_resource /opt/stack/neutron/neutron/quota/resource_registry.py:203}}
Apr 02 14:42:10.193810 np0000163016 devstack@neutron-api.service[102191]: INFO neutron.api.extensions [None req-6e745660-ceb9-403d-9bfc-42225b9d8266 None None] Initializing extension manager.
Apr 02 14:42:10.193889 np0000163016 devstack@neutron-api.service[102189]: INFO neutron.services.ovn_l3.plugin [None req-9c631080-68dc-488e-9e7c-983fd956c8c3 None None] Starting OVNL3RouterPlugin
Apr 02 14:42:10.193970 np0000163016 devstack@neutron-api.service[102191]: DEBUG neutron.api.extensions [None req-6e745660-ceb9-403d-9bfc-42225b9d8266 None None] Loading extension file: __init__.py {{(pid=102191) _load_all_extensions_from_path /opt/stack/neutron/neutron/api/extensions.py:449}}
Apr 02 14:42:10.194017 np0000163016 devstack@neutron-api.service[102189]: DEBUG neutron_lib.callbacks.manager [None req-9c631080-68dc-488e-9e7c-983fd956c8c3 None None] Subscribe: > port_forwarding_plugin after_init 55550000, False {{(pid=102189) subscribe /opt/stack/data/venv/lib/python3.12/site-packages/neutron_lib/callbacks/manager.py:52}}
Apr 02 14:42:10.194111 np0000163016 devstack@neutron-api.service[102191]: DEBUG neutron.api.extensions [None req-6e745660-ceb9-403d-9bfc-42225b9d8266 None None] Loading extension file: __pycache__ {{(pid=102191) _load_all_extensions_from_path /opt/stack/neutron/neutron/api/extensions.py:449}}
Apr 02 14:42:10.194223 np0000163016 devstack@neutron-api.service[102191]: DEBUG neutron.api.extensions [None req-6e745660-ceb9-403d-9bfc-42225b9d8266 None None] Loading extension file: address_group.py {{(pid=102191) _load_all_extensions_from_path /opt/stack/neutron/neutron/api/extensions.py:449}}
Apr 02 14:42:10.194284 np0000163016 devstack@neutron-api.service[102189]: DEBUG neutron_lib.callbacks.manager [None req-9c631080-68dc-488e-9e7c-983fd956c8c3 None None] Subscribe: > router before_create 55550100, False {{(pid=102189) subscribe /opt/stack/data/venv/lib/python3.12/site-packages/neutron_lib/callbacks/manager.py:52}}
Apr 02 14:42:10.194345 np0000163016 devstack@neutron-api.service[102189]: DEBUG neutron_lib.callbacks.manager [None req-9c631080-68dc-488e-9e7c-983fd956c8c3 None None] Subscribe: > router precommit_delete 55550100, False {{(pid=102189) subscribe /opt/stack/data/venv/lib/python3.12/site-packages/neutron_lib/callbacks/manager.py:52}}
Apr 02 14:42:10.194435 np0000163016 devstack@neutron-api.service[102189]: DEBUG neutron_lib.callbacks.manager [None req-9c631080-68dc-488e-9e7c-983fd956c8c3 None None] Subscribe: > router precommit_create 55550100, False {{(pid=102189) subscribe /opt/stack/data/venv/lib/python3.12/site-packages/neutron_lib/callbacks/manager.py:52}}
Apr 02 14:42:10.194486 np0000163016 devstack@neutron-api.service[102191]: DEBUG neutron.api.extensions [None req-6e745660-ceb9-403d-9bfc-42225b9d8266 None None] Ext name="Address group" alias="address-group" description="Support address group" updated="2020-07-15T10:00:00-00:00" {{(pid=102191) _check_extension /opt/stack/neutron/neutron/api/extensions.py:415}}
Apr 02 14:42:10.194525 np0000163016 devstack@neutron-api.service[102189]: DEBUG neutron_lib.callbacks.manager [None req-9c631080-68dc-488e-9e7c-983fd956c8c3 None None] Subscribe: > router precommit_update 55550100, False {{(pid=102189) subscribe /opt/stack/data/venv/lib/python3.12/site-packages/neutron_lib/callbacks/manager.py:52}}
Apr 02 14:42:10.194732 np0000163016 devstack@neutron-api.service[102191]: INFO neutron.api.extensions [None req-6e745660-ceb9-403d-9bfc-42225b9d8266 None None] Loaded extension: address-group
Apr 02 14:42:10.194846 np0000163016 devstack@neutron-api.service[102191]: DEBUG neutron.api.extensions [None req-6e745660-ceb9-403d-9bfc-42225b9d8266 None None] Loading extension file: address_scope.py {{(pid=102191) _load_all_extensions_from_path /opt/stack/neutron/neutron/api/extensions.py:449}}
Apr 02 14:42:10.195128 np0000163016 devstack@neutron-api.service[102191]: DEBUG neutron.api.extensions [None req-6e745660-ceb9-403d-9bfc-42225b9d8266 None None] Ext name="Address scope" alias="address-scope" description="Address scopes extension." updated="2015-07-26T10:00:00-00:00" {{(pid=102191) _check_extension /opt/stack/neutron/neutron/api/extensions.py:415}}
Apr 02 14:42:10.195544 np0000163016 devstack@neutron-api.service[102191]: INFO neutron.api.extensions [None req-6e745660-ceb9-403d-9bfc-42225b9d8266 None None] Loaded extension: address-scope
Apr 02 14:42:10.195544 np0000163016 devstack@neutron-api.service[102191]: DEBUG neutron.api.extensions [None req-6e745660-ceb9-403d-9bfc-42225b9d8266 None None] Loading extension file: admin_state_down_before_update.py {{(pid=102191) _load_all_extensions_from_path /opt/stack/neutron/neutron/api/extensions.py:449}}
Apr 02 14:42:10.195642 np0000163016 devstack@neutron-api.service[102191]: DEBUG neutron.api.extensions [None req-6e745660-ceb9-403d-9bfc-42225b9d8266 None None] Ext name="Enforce Router's Admin State Down Before Update Extension" alias="router-admin-state-down-before-update" description="Ensure that the admin state of a router is DOWN (admin_state_up=False) before updating the distributed attribute" updated="2019-07-02T15:56:00" {{(pid=102191) _check_extension /opt/stack/neutron/neutron/api/extensions.py:415}}
Apr 02 14:42:10.196968 np0000163016 devstack@neutron-api.service[102191]: INFO neutron.api.extensions [None req-6e745660-ceb9-403d-9bfc-42225b9d8266 None None] Extension router-admin-state-down-before-update not supported by any of loaded plugins
Apr 02 14:42:10.196968 np0000163016 devstack@neutron-api.service[102191]: DEBUG neutron.api.extensions [None req-6e745660-ceb9-403d-9bfc-42225b9d8266 None None] Loading extension file: agent.py {{(pid=102191) _load_all_extensions_from_path /opt/stack/neutron/neutron/api/extensions.py:449}}
Apr 02 14:42:10.196968 np0000163016 devstack@neutron-api.service[102191]: DEBUG neutron.api.extensions [None req-6e745660-ceb9-403d-9bfc-42225b9d8266 None None] Ext name="agent" alias="agent" description="The agent management extension." updated="2013-02-03T10:00:00-00:00" {{(pid=102191) _check_extension /opt/stack/neutron/neutron/api/extensions.py:415}}
Apr 02 14:42:10.196968 np0000163016 devstack@neutron-api.service[102191]: INFO neutron.api.extensions [None req-6e745660-ceb9-403d-9bfc-42225b9d8266 None None] Loaded extension: agent
Apr 02 14:42:10.196968 np0000163016 devstack@neutron-api.service[102191]: DEBUG neutron.api.extensions [None req-6e745660-ceb9-403d-9bfc-42225b9d8266 None None] Loading extension file: agent_resources_synced.py {{(pid=102191) _load_all_extensions_from_path /opt/stack/neutron/neutron/api/extensions.py:449}}
Apr 02 14:42:10.196968 np0000163016 devstack@neutron-api.service[102191]: DEBUG neutron.api.extensions [None req-6e745660-ceb9-403d-9bfc-42225b9d8266 None None] Ext name="Agent's Resource View Synced to Placement" alias="agent-resources-synced" description="Stores success/failure of last sync to Placement" updated="2018-12-19T00:00:00-00:00" {{(pid=102191) _check_extension /opt/stack/neutron/neutron/api/extensions.py:415}}
Apr 02 14:42:10.197477 np0000163016 devstack@neutron-api.service[102191]: INFO neutron.api.extensions [None req-6e745660-ceb9-403d-9bfc-42225b9d8266 None None] Extension agent-resources-synced not supported by any of loaded plugins
Apr 02 14:42:10.197477 np0000163016 devstack@neutron-api.service[102191]: DEBUG neutron.api.extensions [None req-6e745660-ceb9-403d-9bfc-42225b9d8266 None None] Loading extension file: allowedaddresspairs.py {{(pid=102191) _load_all_extensions_from_path /opt/stack/neutron/neutron/api/extensions.py:449}}
Apr 02 14:42:10.197721 np0000163016 devstack@neutron-api.service[102190]: INFO neutron.plugins.ml2.drivers.type_vlan [None req-0fdb0b13-efaf-43bf-8ccd-b30b838ad0e9 None None] VlanTypeDriver initialization complete
Apr 02 14:42:10.197721 np0000163016 devstack@neutron-api.service[102190]: INFO neutron.plugins.ml2.managers [None req-0fdb0b13-efaf-43bf-8ccd-b30b838ad0e9 None None] Initializing extension driver 'port_security'
Apr 02 14:42:10.197721 np0000163016 devstack@neutron-api.service[102190]: INFO neutron.plugins.ml2.extensions.port_security [None req-0fdb0b13-efaf-43bf-8ccd-b30b838ad0e9 None None] PortSecurityExtensionDriver initialization complete
Apr 02 14:42:10.197721 np0000163016 devstack@neutron-api.service[102190]: INFO neutron.plugins.ml2.managers [None req-0fdb0b13-efaf-43bf-8ccd-b30b838ad0e9 None None] Initializing extension driver 'qos'
Apr 02 14:42:10.197721 np0000163016 devstack@neutron-api.service[102190]: DEBUG neutron.plugins.ml2.extensions.qos [None req-0fdb0b13-efaf-43bf-8ccd-b30b838ad0e9 None None] QosExtensionDriver initialization complete {{(pid=102190) initialize /opt/stack/neutron/neutron/plugins/ml2/extensions/qos.py:31}}
Apr 02 14:42:10.197721 np0000163016 devstack@neutron-api.service[102190]: INFO neutron.plugins.ml2.managers [None req-0fdb0b13-efaf-43bf-8ccd-b30b838ad0e9 None None] Initializing mechanism driver 'ovn'
Apr 02 14:42:10.198521 np0000163016 devstack@neutron-api.service[102191]: DEBUG neutron.api.extensions [None req-6e745660-ceb9-403d-9bfc-42225b9d8266 None None] Ext name="Allowed Address Pairs" alias="allowed-address-pairs" description="Provides allowed address pairs" updated="2013-07-23T10:00:00-00:00" {{(pid=102191) _check_extension /opt/stack/neutron/neutron/api/extensions.py:415}}
Apr 02 14:42:10.198666 np0000163016 devstack@neutron-api.service[102190]: INFO neutron.plugins.ml2.drivers.ovn.mech_driver.mech_driver [None req-0fdb0b13-efaf-43bf-8ccd-b30b838ad0e9 None None] Starting OVNMechanismDriver
Apr 02 14:42:10.198719 np0000163016 devstack@neutron-api.service[102189]: DEBUG neutron.services.provider_configuration [None req-9c631080-68dc-488e-9e7c-983fd956c8c3 None None] Service providers = [] {{(pid=102189) parse_service_provider_opt /opt/stack/neutron/neutron/services/provider_configuration.py:170}}
Apr 02 14:42:10.198758 np0000163016 devstack@neutron-api.service[102191]: INFO neutron.api.extensions [None req-6e745660-ceb9-403d-9bfc-42225b9d8266 None None] Loaded extension: allowed-address-pairs
Apr 02 14:42:10.198758 np0000163016 devstack@neutron-api.service[102191]: DEBUG neutron.api.extensions [None req-6e745660-ceb9-403d-9bfc-42225b9d8266 None None] Loading extension file: auto_allocated_topology.py {{(pid=102191) _load_all_extensions_from_path /opt/stack/neutron/neutron/api/extensions.py:449}}
Apr 02 14:42:10.198872 np0000163016 devstack@neutron-api.service[102189]: DEBUG neutron.db.servicetype_db [None req-9c631080-68dc-488e-9e7c-983fd956c8c3 None None] Adding provider configuration for service L3_ROUTER_NAT {{(pid=102189) add_provider_configuration /opt/stack/neutron/neutron/db/servicetype_db.py:42}}
Apr 02 14:42:10.198941 np0000163016 devstack@neutron-api.service[102191]: DEBUG neutron.api.extensions [None req-6e745660-ceb9-403d-9bfc-42225b9d8266 None None] Ext name="Auto Allocated Topology Services" alias="auto-allocated-topology" description="Auto Allocated Topology Services." updated="2016-01-01T00:00:00-00:00" {{(pid=102191) _check_extension /opt/stack/neutron/neutron/api/extensions.py:415}}
Apr 02 14:42:10.198941 np0000163016 devstack@neutron-api.service[102191]: INFO neutron.api.extensions [None req-6e745660-ceb9-403d-9bfc-42225b9d8266 None None] Loaded extension: auto-allocated-topology
Apr 02 14:42:10.198941 np0000163016 devstack@neutron-api.service[102191]: DEBUG neutron.api.extensions [None req-6e745660-ceb9-403d-9bfc-42225b9d8266 None None] Loading extension file: availability_zone.py {{(pid=102191) _load_all_extensions_from_path /opt/stack/neutron/neutron/api/extensions.py:449}}
Apr 02 14:42:10.198941 np0000163016 devstack@neutron-api.service[102191]: DEBUG neutron.api.extensions [None req-6e745660-ceb9-403d-9bfc-42225b9d8266 None None] Ext name="Availability Zone" alias="availability_zone" description="The availability zone extension." updated="2015-01-01T10:00:00-00:00" {{(pid=102191) _check_extension /opt/stack/neutron/neutron/api/extensions.py:415}}
Apr 02 14:42:10.199121 np0000163016 devstack@neutron-api.service[102191]: INFO neutron.api.extensions [None req-6e745660-ceb9-403d-9bfc-42225b9d8266 None None] Loaded extension: availability_zone
Apr 02 14:42:10.199121 np0000163016 devstack@neutron-api.service[102191]: DEBUG neutron.api.extensions [None req-6e745660-ceb9-403d-9bfc-42225b9d8266 None None] Loading extension file: availability_zone_filter.py {{(pid=102191) _load_all_extensions_from_path /opt/stack/neutron/neutron/api/extensions.py:449}}
Apr 02 14:42:10.199403 np0000163016 devstack@neutron-api.service[102191]: DEBUG neutron.api.extensions [None req-6e745660-ceb9-403d-9bfc-42225b9d8266 None None] Ext name="Availability Zone Filter Extension" alias="availability_zone_filter" description="Add filter parameters to AvailabilityZone resource" updated="2018-06-22T10:00:00-00:00" {{(pid=102191) _check_extension /opt/stack/neutron/neutron/api/extensions.py:415}}
Apr 02 14:42:10.199444 np0000163016 devstack@neutron-api.service[102190]: DEBUG neutron_lib.callbacks.manager [None req-0fdb0b13-efaf-43bf-8ccd-b30b838ad0e9 None None] Subscribe: > process before_spawn 55550000, False {{(pid=102190) subscribe /opt/stack/data/venv/lib/python3.12/site-packages/neutron_lib/callbacks/manager.py:52}}
Apr 02 14:42:10.199500 np0000163016 devstack@neutron-api.service[102189]: DEBUG neutron_lib.callbacks.manager [None req-9c631080-68dc-488e-9e7c-983fd956c8c3 None None] Subscribe: > router precommit_create 55549900, False {{(pid=102189) subscribe /opt/stack/data/venv/lib/python3.12/site-packages/neutron_lib/callbacks/manager.py:52}}
Apr 02 14:42:10.199540 np0000163016 devstack@neutron-api.service[102191]: INFO neutron.api.extensions [None req-6e745660-ceb9-403d-9bfc-42225b9d8266 None None] Extension availability_zone_filter not supported by any of loaded plugins
Apr 02 14:42:10.199573 np0000163016 devstack@neutron-api.service[102190]: DEBUG neutron_lib.callbacks.manager [None req-0fdb0b13-efaf-43bf-8ccd-b30b838ad0e9 None None] Subscribe: > process after_init 55550000, True {{(pid=102190) subscribe /opt/stack/data/venv/lib/python3.12/site-packages/neutron_lib/callbacks/manager.py:52}}
Apr 02 14:42:10.199653 np0000163016 devstack@neutron-api.service[102189]: DEBUG neutron_lib.callbacks.manager [None req-9c631080-68dc-488e-9e7c-983fd956c8c3 None None] Subscribe: > router_interface after_create 55550000, False {{(pid=102189) subscribe /opt/stack/data/venv/lib/python3.12/site-packages/neutron_lib/callbacks/manager.py:52}}
Apr 02 14:42:10.199692 np0000163016 devstack@neutron-api.service[102191]: DEBUG neutron.api.extensions [None req-6e745660-ceb9-403d-9bfc-42225b9d8266 None None] Loading extension file: data_plane_status.py {{(pid=102191) _load_all_extensions_from_path /opt/stack/neutron/neutron/api/extensions.py:449}}
Apr 02 14:42:10.199766 np0000163016 devstack@neutron-api.service[102190]: DEBUG neutron_lib.callbacks.manager [None req-0fdb0b13-efaf-43bf-8ccd-b30b838ad0e9 None None] Subscribe: > segment after_create 55550000, False {{(pid=102190) subscribe /opt/stack/data/venv/lib/python3.12/site-packages/neutron_lib/callbacks/manager.py:52}}
Apr 02 14:42:10.199853 np0000163016 devstack@neutron-api.service[102189]: DEBUG neutron_lib.callbacks.manager [None req-9c631080-68dc-488e-9e7c-983fd956c8c3 None None] Subscribe: > floatingip after_create 55550000, False {{(pid=102189) subscribe /opt/stack/data/venv/lib/python3.12/site-packages/neutron_lib/callbacks/manager.py:52}}
Apr 02 14:42:10.199853 np0000163016 devstack@neutron-api.service[102189]: DEBUG neutron_lib.callbacks.manager [None req-9c631080-68dc-488e-9e7c-983fd956c8c3 None None] Subscribe: > floatingip precommit_create 55550000, False {{(pid=102189) subscribe /opt/stack/data/venv/lib/python3.12/site-packages/neutron_lib/callbacks/manager.py:52}}
Apr 02 14:42:10.199925 np0000163016 devstack@neutron-api.service[102190]: DEBUG neutron_lib.callbacks.manager [None req-0fdb0b13-efaf-43bf-8ccd-b30b838ad0e9 None None] Subscribe: > segment after_create 55550000, False {{(pid=102190) subscribe /opt/stack/data/venv/lib/python3.12/site-packages/neutron_lib/callbacks/manager.py:52}}
Apr 02 14:42:10.199963 np0000163016 devstack@neutron-api.service[102191]: DEBUG neutron.api.extensions [None req-6e745660-ceb9-403d-9bfc-42225b9d8266 None None] Ext name="Port data plane status extension" alias="data-plane-status" description="Expose status of underlying data plane" updated="2017-01-24T10:00:00-00:00" {{(pid=102191) _check_extension /opt/stack/neutron/neutron/api/extensions.py:415}}
Apr 02 14:42:10.200000 np0000163016 devstack@neutron-api.service[102189]: DEBUG neutron_lib.callbacks.manager [None req-9c631080-68dc-488e-9e7c-983fd956c8c3 None None] Subscribe: > floatingip precommit_update 55550000, False {{(pid=102189) subscribe /opt/stack/data/venv/lib/python3.12/site-packages/neutron_lib/callbacks/manager.py:52}}
Apr 02 14:42:10.200086 np0000163016 devstack@neutron-api.service[102190]: DEBUG neutron_lib.callbacks.manager [None req-0fdb0b13-efaf-43bf-8ccd-b30b838ad0e9 None None] Subscribe: > segment after_delete 55550000, False {{(pid=102190) subscribe /opt/stack/data/venv/lib/python3.12/site-packages/neutron_lib/callbacks/manager.py:52}}
Apr 02 14:42:10.200129 np0000163016 devstack@neutron-api.service[102189]: DEBUG neutron_lib.callbacks.manager [None req-9c631080-68dc-488e-9e7c-983fd956c8c3 None None] Subscribe: > floatingip after_delete 55550000, False {{(pid=102189) subscribe /opt/stack/data/venv/lib/python3.12/site-packages/neutron_lib/callbacks/manager.py:52}}
Apr 02 14:42:10.200342 np0000163016 devstack@neutron-api.service[102190]: DEBUG neutron_lib.callbacks.manager [None req-0fdb0b13-efaf-43bf-8ccd-b30b838ad0e9 None None] Subscribe: > allowed_address_pair before_create 55550000, False {{(pid=102190) subscribe /opt/stack/data/venv/lib/python3.12/site-packages/neutron_lib/callbacks/manager.py:52}}
Apr 02 14:42:10.200433 np0000163016 devstack@neutron-api.service[102191]: INFO neutron.api.extensions [None req-6e745660-ceb9-403d-9bfc-42225b9d8266 None None] Extension data-plane-status not supported by any of loaded plugins
Apr 02 14:42:10.200433 np0000163016 devstack@neutron-api.service[102191]: DEBUG neutron.api.extensions [None req-6e745660-ceb9-403d-9bfc-42225b9d8266 None None] Loading extension file: default_subnetpools.py {{(pid=102191) _load_all_extensions_from_path /opt/stack/neutron/neutron/api/extensions.py:449}}
Apr 02 14:42:10.200702 np0000163016 devstack@neutron-api.service[102190]: DEBUG neutron_lib.callbacks.manager [None req-0fdb0b13-efaf-43bf-8ccd-b30b838ad0e9 None None] Subscribe: > security_group precommit_create 55550000, False {{(pid=102190) subscribe /opt/stack/data/venv/lib/python3.12/site-packages/neutron_lib/callbacks/manager.py:52}}
Apr 02 14:42:10.200754 np0000163016 devstack@neutron-api.service[102189]: DEBUG neutron_lib.callbacks.manager [None req-9c631080-68dc-488e-9e7c-983fd956c8c3 None None] Subscribe: > floatingip after_status_update 55550000, False {{(pid=102189) subscribe /opt/stack/data/venv/lib/python3.12/site-packages/neutron_lib/callbacks/manager.py:52}}
Apr 02 14:42:10.200862 np0000163016 devstack@neutron-api.service[102190]: DEBUG neutron_lib.callbacks.manager [None req-0fdb0b13-efaf-43bf-8ccd-b30b838ad0e9 None None] Subscribe: > security_group after_update 55550000, False {{(pid=102190) subscribe /opt/stack/data/venv/lib/python3.12/site-packages/neutron_lib/callbacks/manager.py:52}}
Apr 02 14:42:10.200918 np0000163016 devstack@neutron-api.service[102189]: DEBUG neutron_lib.callbacks.manager [None req-9c631080-68dc-488e-9e7c-983fd956c8c3 None None] Subscribe: > floatingip after_update 55550000, False {{(pid=102189) subscribe /opt/stack/data/venv/lib/python3.12/site-packages/neutron_lib/callbacks/manager.py:52}}
Apr 02 14:42:10.201061 np0000163016 devstack@neutron-api.service[102190]: DEBUG neutron_lib.callbacks.manager [None req-0fdb0b13-efaf-43bf-8ccd-b30b838ad0e9 None None] Subscribe: > security_group after_create 55550000, False {{(pid=102190) subscribe /opt/stack/data/venv/lib/python3.12/site-packages/neutron_lib/callbacks/manager.py:52}}
Apr 02 14:42:10.201112 np0000163016 devstack@neutron-api.service[102189]: DEBUG neutron_lib.callbacks.manager [None req-9c631080-68dc-488e-9e7c-983fd956c8c3 None None] Subscribe: > port_forwarding after_create 55550000, False {{(pid=102189) subscribe /opt/stack/data/venv/lib/python3.12/site-packages/neutron_lib/callbacks/manager.py:52}}
Apr 02 14:42:10.201163 np0000163016 devstack@neutron-api.service[102191]: DEBUG neutron.api.extensions [None req-6e745660-ceb9-403d-9bfc-42225b9d8266 None None] Ext name="Default Subnetpools" alias="default-subnetpools" description="Provides ability to mark and use a subnetpool as the default." updated="2016-02-18T18:00:00-00:00" {{(pid=102191) _check_extension /opt/stack/neutron/neutron/api/extensions.py:415}}
Apr 02 14:42:10.201273 np0000163016 devstack@neutron-api.service[102190]: DEBUG neutron_lib.callbacks.manager [None req-0fdb0b13-efaf-43bf-8ccd-b30b838ad0e9 None None] Subscribe: > security_group precommit_delete 55550000, False {{(pid=102190) subscribe /opt/stack/data/venv/lib/python3.12/site-packages/neutron_lib/callbacks/manager.py:52}}
Apr 02 14:42:10.201419 np0000163016 devstack@neutron-api.service[102189]: DEBUG neutron_lib.callbacks.manager [None req-9c631080-68dc-488e-9e7c-983fd956c8c3 None None] Subscribe: > router_interface after_delete 55550000, False {{(pid=102189) subscribe /opt/stack/data/venv/lib/python3.12/site-packages/neutron_lib/callbacks/manager.py:52}}
Apr 02 14:42:10.201450 np0000163016 devstack@neutron-api.service[102190]: DEBUG neutron_lib.callbacks.manager [None req-0fdb0b13-efaf-43bf-8ccd-b30b838ad0e9 None None] Subscribe: > security_group after_delete 55550000, False {{(pid=102190) subscribe /opt/stack/data/venv/lib/python3.12/site-packages/neutron_lib/callbacks/manager.py:52}}
Apr 02 14:42:10.201488 np0000163016 devstack@neutron-api.service[102191]: INFO neutron.api.extensions [None req-6e745660-ceb9-403d-9bfc-42225b9d8266 None None] Loaded extension: default-subnetpools
Apr 02 14:42:10.201516 np0000163016 devstack@neutron-api.service[102189]: DEBUG neutron_lib.callbacks.manager [None req-9c631080-68dc-488e-9e7c-983fd956c8c3 None None] Subscribe: > router after_create 55550000, False {{(pid=102189) subscribe /opt/stack/data/venv/lib/python3.12/site-packages/neutron_lib/callbacks/manager.py:52}}
Apr 02 14:42:10.201579 np0000163016 devstack@neutron-api.service[102190]: DEBUG neutron_lib.callbacks.manager [None req-0fdb0b13-efaf-43bf-8ccd-b30b838ad0e9 None None] Subscribe: > security_group_rule precommit_create 55550000, False {{(pid=102190) subscribe /opt/stack/data/venv/lib/python3.12/site-packages/neutron_lib/callbacks/manager.py:52}}
Apr 02 14:42:10.201605 np0000163016 devstack@neutron-api.service[102191]: DEBUG neutron.api.extensions [None req-6e745660-ceb9-403d-9bfc-42225b9d8266 None None] Loading extension file: dhcpagentscheduler.py {{(pid=102191) _load_all_extensions_from_path /opt/stack/neutron/neutron/api/extensions.py:449}}
Apr 02 14:42:10.201632 np0000163016 devstack@neutron-api.service[102189]: DEBUG neutron_lib.callbacks.manager [None req-9c631080-68dc-488e-9e7c-983fd956c8c3 None None] Subscribe: > router precommit_create 55550000, False {{(pid=102189) subscribe /opt/stack/data/venv/lib/python3.12/site-packages/neutron_lib/callbacks/manager.py:52}}
Apr 02 14:42:10.201685 np0000163016 devstack@neutron-api.service[102190]: DEBUG neutron_lib.callbacks.manager [None req-0fdb0b13-efaf-43bf-8ccd-b30b838ad0e9 None None] Subscribe: > security_group_rule after_create 55550000, False {{(pid=102190) subscribe /opt/stack/data/venv/lib/python3.12/site-packages/neutron_lib/callbacks/manager.py:52}}
Apr 02 14:42:10.201716 np0000163016 devstack@neutron-api.service[102189]: DEBUG neutron_lib.callbacks.manager [None req-9c631080-68dc-488e-9e7c-983fd956c8c3 None None] Subscribe: > router after_delete 55550000, False {{(pid=102189) subscribe /opt/stack/data/venv/lib/python3.12/site-packages/neutron_lib/callbacks/manager.py:52}}
Apr 02 14:42:10.201773 np0000163016 devstack@neutron-api.service[102190]: DEBUG neutron_lib.callbacks.manager [None req-0fdb0b13-efaf-43bf-8ccd-b30b838ad0e9 None None] Subscribe: > security_group_rule before_delete 55550000, False {{(pid=102190) subscribe /opt/stack/data/venv/lib/python3.12/site-packages/neutron_lib/callbacks/manager.py:52}}
Apr 02 14:42:10.201773 np0000163016 devstack@neutron-api.service[102190]: DEBUG neutron_lib.callbacks.manager [None req-0fdb0b13-efaf-43bf-8ccd-b30b838ad0e9 None None] Subscribe: > address_group after_create 55550000, False {{(pid=102190) subscribe /opt/stack/data/venv/lib/python3.12/site-packages/neutron_lib/callbacks/manager.py:52}}
Apr 02 14:42:10.201830 np0000163016 devstack@neutron-api.service[102189]: DEBUG neutron_lib.callbacks.manager [None req-9c631080-68dc-488e-9e7c-983fd956c8c3 None None] Subscribe: > router after_update 55550000, False {{(pid=102189) subscribe /opt/stack/data/venv/lib/python3.12/site-packages/neutron_lib/callbacks/manager.py:52}}
Apr 02 14:42:10.201858 np0000163016 devstack@neutron-api.service[102191]: DEBUG neutron.api.extensions [None req-6e745660-ceb9-403d-9bfc-42225b9d8266 None None] Ext name="DHCP Agent Scheduler" alias="dhcp_agent_scheduler" description="Schedule networks among dhcp agents" updated="2013-02-07T10:00:00-00:00" {{(pid=102191) _check_extension /opt/stack/neutron/neutron/api/extensions.py:415}}
Apr 02 14:42:10.201891 np0000163016 devstack@neutron-api.service[102190]: DEBUG neutron_lib.callbacks.manager [None req-0fdb0b13-efaf-43bf-8ccd-b30b838ad0e9 None None] Subscribe: > address_group after_update 55550000, False {{(pid=102190) subscribe /opt/stack/data/venv/lib/python3.12/site-packages/neutron_lib/callbacks/manager.py:52}}
Apr 02 14:42:10.201891 np0000163016 devstack@neutron-api.service[102190]: DEBUG neutron_lib.callbacks.manager [None req-0fdb0b13-efaf-43bf-8ccd-b30b838ad0e9 None None] Subscribe: > address_group after_delete 55550000, False {{(pid=102190) subscribe /opt/stack/data/venv/lib/python3.12/site-packages/neutron_lib/callbacks/manager.py:52}}
Apr 02 14:42:10.201974 np0000163016 devstack@neutron-api.service[102189]: DEBUG neutron.services.service_base [None req-9c631080-68dc-488e-9e7c-983fd956c8c3 None None] Loaded 'neutron.services.ovn_l3.service_providers.ovn.OvnDriver' provider for service L3_ROUTER_NAT {{(pid=102189) load_drivers /opt/stack/neutron/neutron/services/service_base.py:49}}
Apr 02 14:42:10.202002 np0000163016 devstack@neutron-api.service[102191]: INFO neutron.api.extensions [None req-6e745660-ceb9-403d-9bfc-42225b9d8266 None None] Loaded extension: dhcp_agent_scheduler
Apr 02 14:42:10.202002 np0000163016 devstack@neutron-api.service[102191]: DEBUG neutron.api.extensions [None req-6e745660-ceb9-403d-9bfc-42225b9d8266 None None] Loading extension file: dns.py {{(pid=102191) _load_all_extensions_from_path /opt/stack/neutron/neutron/api/extensions.py:449}}
Apr 02 14:42:10.202081 np0000163016 devstack@neutron-api.service[102190]: DEBUG neutron_lib.callbacks.manager [None req-0fdb0b13-efaf-43bf-8ccd-b30b838ad0e9 None None] Subscribe: > qos_plugin after_init 55550000, False {{(pid=102190) subscribe /opt/stack/data/venv/lib/python3.12/site-packages/neutron_lib/callbacks/manager.py:52}}
Apr 02 14:42:10.202144 np0000163016 devstack@neutron-api.service[102189]: DEBUG neutron_lib.callbacks.manager [None req-9c631080-68dc-488e-9e7c-983fd956c8c3 None None] Subscribe: > process after_init 55550001, True {{(pid=102189) subscribe /opt/stack/data/venv/lib/python3.12/site-packages/neutron_lib/callbacks/manager.py:52}}
Apr 02 14:42:10.202172 np0000163016 devstack@neutron-api.service[102191]: DEBUG neutron.api.extensions [None req-6e745660-ceb9-403d-9bfc-42225b9d8266 None None] Ext name="DNS Integration" alias="dns-integration" description="Provides integration with DNS." updated="2015-08-15T18:00:00-00:00" {{(pid=102191) _check_extension /opt/stack/neutron/neutron/api/extensions.py:415}}
Apr 02 14:42:10.202204 np0000163016 devstack@neutron-api.service[102189]: DEBUG neutron.manager [None req-9c631080-68dc-488e-9e7c-983fd956c8c3 None None] Successfully loaded L3_ROUTER_NAT plugin. Description: L3 Router Service Plugin for basic L3 forwarding using OVN {{(pid=102189) _create_and_add_service_plugin /opt/stack/neutron/neutron/manager.py:239}}
