Jun 17 02:57:10.970164 np0000180917 nova-scheduler[112643]: DEBUG cotyledon.oslo_config_glue [-] vnc.novncproxy_host = 0.0.0.0 {{(pid=112643) log_opt_values /opt/stack/data/venv/lib/python3.12/site-packages/oslo_config/cfg.py:3253}}
Jun 17 02:57:10.970189 np0000180917 nova-scheduler[112643]: DEBUG cotyledon.oslo_config_glue [-] vnc.novncproxy_port = 6080 {{(pid=112643) log_opt_values /opt/stack/data/venv/lib/python3.12/site-packages/oslo_config/cfg.py:3253}}
Jun 17 02:57:10.970243 np0000180917 nova-scheduler[112643]: DEBUG cotyledon.oslo_config_glue [-] vnc.server_listen = 127.0.0.1 {{(pid=112643) log_opt_values /opt/stack/data/venv/lib/python3.12/site-packages/oslo_config/cfg.py:3253}}
Jun 17 02:57:10.970355 np0000180917 nova-scheduler[112643]: DEBUG cotyledon.oslo_config_glue [-] vnc.server_proxyclient_address = 127.0.0.1 {{(pid=112643) log_opt_values /opt/stack/data/venv/lib/python3.12/site-packages/oslo_config/cfg.py:3253}}
Jun 17 02:57:10.970405 np0000180917 nova-scheduler[112643]: DEBUG cotyledon.oslo_config_glue [-] vnc.vencrypt_ca_certs = None {{(pid=112643) log_opt_values /opt/stack/data/venv/lib/python3.12/site-packages/oslo_config/cfg.py:3253}}
Jun 17 02:57:10.970522 np0000180917 nova-scheduler[112643]: DEBUG cotyledon.oslo_config_glue [-] vnc.vencrypt_client_cert = None {{(pid=112643) log_opt_values /opt/stack/data/venv/lib/python3.12/site-packages/oslo_config/cfg.py:3253}}
Jun 17 02:57:10.970565 np0000180917 nova-scheduler[112643]: DEBUG cotyledon.oslo_config_glue [-] vnc.vencrypt_client_key = None {{(pid=112643) log_opt_values /opt/stack/data/venv/lib/python3.12/site-packages/oslo_config/cfg.py:3253}}
Jun 17 02:57:10.970676 np0000180917 nova-scheduler[112643]: DEBUG cotyledon.oslo_config_glue [-] workarounds.disable_compute_service_check_for_ffu = False {{(pid=112643) log_opt_values /opt/stack/data/venv/lib/python3.12/site-packages/oslo_config/cfg.py:3253}}
Jun 17 02:57:10.970720 np0000180917 nova-scheduler[112643]: DEBUG cotyledon.oslo_config_glue [-] workarounds.disable_deep_image_inspection = False {{(pid=112643) log_opt_values /opt/stack/data/venv/lib/python3.12/site-packages/oslo_config/cfg.py:3253}}
Jun 17 02:57:10.970792 np0000180917 nova-scheduler[112643]: DEBUG cotyledon.oslo_config_glue [-] workarounds.disable_fallback_pcpu_query = False {{(pid=112643) log_opt_values /opt/stack/data/venv/lib/python3.12/site-packages/oslo_config/cfg.py:3253}}
Jun 17 02:57:10.970873 np0000180917 nova-scheduler[112643]: DEBUG cotyledon.oslo_config_glue [-] workarounds.disable_group_policy_check_upcall = False {{(pid=112643) log_opt_values /opt/stack/data/venv/lib/python3.12/site-packages/oslo_config/cfg.py:3253}}
Jun 17 02:57:10.970948 np0000180917 nova-scheduler[112643]: DEBUG cotyledon.oslo_config_glue [-] workarounds.disable_libvirt_livesnapshot = False {{(pid=112643) log_opt_values /opt/stack/data/venv/lib/python3.12/site-packages/oslo_config/cfg.py:3253}}
Jun 17 02:57:10.971007 np0000180917 nova-scheduler[112643]: DEBUG cotyledon.oslo_config_glue [-] workarounds.disable_rootwrap = False {{(pid=112643) log_opt_values /opt/stack/data/venv/lib/python3.12/site-packages/oslo_config/cfg.py:3253}}
Jun 17 02:57:10.971097 np0000180917 nova-scheduler[112643]: DEBUG cotyledon.oslo_config_glue [-] workarounds.enable_numa_live_migration = False {{(pid=112643) log_opt_values /opt/stack/data/venv/lib/python3.12/site-packages/oslo_config/cfg.py:3253}}
Jun 17 02:57:10.971146 np0000180917 nova-scheduler[112643]: DEBUG cotyledon.oslo_config_glue [-] workarounds.enable_qemu_monitor_announce_self = False {{(pid=112643) log_opt_values /opt/stack/data/venv/lib/python3.12/site-packages/oslo_config/cfg.py:3253}}
Jun 17 02:57:10.971252 np0000180917 nova-scheduler[112643]: DEBUG cotyledon.oslo_config_glue [-] workarounds.ensure_libvirt_rbd_instance_dir_cleanup = False {{(pid=112643) log_opt_values /opt/stack/data/venv/lib/python3.12/site-packages/oslo_config/cfg.py:3253}}
Jun 17 02:57:10.971301 np0000180917 nova-scheduler[112643]: DEBUG cotyledon.oslo_config_glue [-] workarounds.handle_virt_lifecycle_events = True {{(pid=112643) log_opt_values /opt/stack/data/venv/lib/python3.12/site-packages/oslo_config/cfg.py:3253}}
Jun 17 02:57:10.971397 np0000180917 nova-scheduler[112643]: DEBUG cotyledon.oslo_config_glue [-] workarounds.libvirt_disable_apic = False {{(pid=112643) log_opt_values /opt/stack/data/venv/lib/python3.12/site-packages/oslo_config/cfg.py:3253}}
Jun 17 02:57:10.971434 np0000180917 nova-scheduler[112643]: DEBUG cotyledon.oslo_config_glue [-] workarounds.never_download_image_if_on_rbd = False {{(pid=112643) log_opt_values /opt/stack/data/venv/lib/python3.12/site-packages/oslo_config/cfg.py:3253}}
Jun 17 02:57:10.971560 np0000180917 nova-scheduler[112643]: DEBUG cotyledon.oslo_config_glue [-] workarounds.qemu_monitor_announce_self_count = 3 {{(pid=112643) log_opt_values /opt/stack/data/venv/lib/python3.12/site-packages/oslo_config/cfg.py:3253}}
Jun 17 02:57:10.971602 np0000180917 nova-scheduler[112643]: DEBUG cotyledon.oslo_config_glue [-] workarounds.qemu_monitor_announce_self_interval = 1 {{(pid=112643) log_opt_values /opt/stack/data/venv/lib/python3.12/site-packages/oslo_config/cfg.py:3253}}
Jun 17 02:57:10.971712 np0000180917 nova-scheduler[112643]: DEBUG cotyledon.oslo_config_glue [-] workarounds.reserve_disk_resource_for_image_cache = False {{(pid=112643) log_opt_values /opt/stack/data/venv/lib/python3.12/site-packages/oslo_config/cfg.py:3253}}
Jun 17 02:57:10.971755 np0000180917 nova-scheduler[112643]: DEBUG cotyledon.oslo_config_glue [-] workarounds.skip_cpu_compare_at_startup = False {{(pid=112643) log_opt_values /opt/stack/data/venv/lib/python3.12/site-packages/oslo_config/cfg.py:3253}}
Jun 17 02:57:10.971863 np0000180917 nova-scheduler[112643]: DEBUG cotyledon.oslo_config_glue [-] workarounds.skip_cpu_compare_on_dest = False {{(pid=112643) log_opt_values /opt/stack/data/venv/lib/python3.12/site-packages/oslo_config/cfg.py:3253}}
Jun 17 02:57:10.971910 np0000180917 nova-scheduler[112643]: DEBUG cotyledon.oslo_config_glue [-] workarounds.skip_hypervisor_version_check_on_lm = False {{(pid=112643) log_opt_values /opt/stack/data/venv/lib/python3.12/site-packages/oslo_config/cfg.py:3253}}
Jun 17 02:57:10.971979 np0000180917 nova-scheduler[112643]: DEBUG cotyledon.oslo_config_glue [-] workarounds.skip_reserve_in_use_ironic_nodes = False {{(pid=112643) log_opt_values /opt/stack/data/venv/lib/python3.12/site-packages/oslo_config/cfg.py:3253}}
Jun 17 02:57:10.972053 np0000180917 nova-scheduler[112643]: DEBUG cotyledon.oslo_config_glue [-] workarounds.unified_limits_count_pcpu_as_vcpu = False {{(pid=112643) log_opt_values /opt/stack/data/venv/lib/python3.12/site-packages/oslo_config/cfg.py:3253}}
Jun 17 02:57:10.972103 np0000180917 nova-scheduler[112643]: DEBUG cotyledon.oslo_config_glue [-] workarounds.wait_for_vif_plugged_event_during_hard_reboot = [] {{(pid=112643) log_opt_values /opt/stack/data/venv/lib/python3.12/site-packages/oslo_config/cfg.py:3253}}
Jun 17 02:57:10.972215 np0000180917 nova-scheduler[112643]: DEBUG cotyledon.oslo_config_glue [-] wsgi.api_paste_config = /etc/nova/api-paste.ini {{(pid=112643) log_opt_values /opt/stack/data/venv/lib/python3.12/site-packages/oslo_config/cfg.py:3253}}
Jun 17 02:57:10.972262 np0000180917 nova-scheduler[112643]: DEBUG cotyledon.oslo_config_glue [-] wsgi.secure_proxy_ssl_header = None {{(pid=112643) log_opt_values /opt/stack/data/venv/lib/python3.12/site-packages/oslo_config/cfg.py:3253}}
Jun 17 02:57:10.972365 np0000180917 nova-scheduler[112643]: DEBUG cotyledon.oslo_config_glue [-] zvm.ca_file = None {{(pid=112643) log_opt_values /opt/stack/data/venv/lib/python3.12/site-packages/oslo_config/cfg.py:3253}}
Jun 17 02:57:10.972412 np0000180917 nova-scheduler[112643]: DEBUG cotyledon.oslo_config_glue [-] zvm.cloud_connector_url = None {{(pid=112643) log_opt_values /opt/stack/data/venv/lib/python3.12/site-packages/oslo_config/cfg.py:3253}}
Jun 17 02:57:10.972504 np0000180917 nova-scheduler[112643]: DEBUG cotyledon.oslo_config_glue [-] zvm.image_tmp_path = /opt/stack/data/nova/images {{(pid=112643) log_opt_values /opt/stack/data/venv/lib/python3.12/site-packages/oslo_config/cfg.py:3253}}
Jun 17 02:57:10.972595 np0000180917 nova-scheduler[112643]: DEBUG cotyledon.oslo_config_glue [-] zvm.reachable_timeout = 300 {{(pid=112643) log_opt_values /opt/stack/data/venv/lib/python3.12/site-packages/oslo_config/cfg.py:3253}}
Jun 17 02:57:10.972664 np0000180917 nova-scheduler[112643]: DEBUG cotyledon.oslo_config_glue [-] oslo_versionedobjects.fatal_exception_format_errors = False {{(pid=112643) log_opt_values /opt/stack/data/venv/lib/python3.12/site-packages/oslo_config/cfg.py:3253}}
Jun 17 02:57:10.972734 np0000180917 nova-scheduler[112643]: DEBUG cotyledon.oslo_config_glue [-] oslo_middleware.http_basic_auth_user_file = /etc/htpasswd {{(pid=112643) log_opt_values /opt/stack/data/venv/lib/python3.12/site-packages/oslo_config/cfg.py:3253}}
Jun 17 02:57:10.972830 np0000180917 nova-scheduler[112643]: DEBUG cotyledon.oslo_config_glue [-] oslo_messaging_metrics.metrics_buffer_size = 1000 {{(pid=112643) log_opt_values /opt/stack/data/venv/lib/python3.12/site-packages/oslo_config/cfg.py:3253}}
Jun 17 02:57:10.972888 np0000180917 nova-scheduler[112643]: DEBUG cotyledon.oslo_config_glue [-] oslo_messaging_metrics.metrics_enabled = False {{(pid=112643) log_opt_values /opt/stack/data/venv/lib/python3.12/site-packages/oslo_config/cfg.py:3253}}
Jun 17 02:57:10.973019 np0000180917 nova-scheduler[112643]: DEBUG cotyledon.oslo_config_glue [-] oslo_messaging_metrics.metrics_process_name = {{(pid=112643) log_opt_values /opt/stack/data/venv/lib/python3.12/site-packages/oslo_config/cfg.py:3253}}
Jun 17 02:57:10.973081 np0000180917 nova-scheduler[112643]: DEBUG cotyledon.oslo_config_glue [-] oslo_messaging_metrics.metrics_socket_file = /var/tmp/metrics_collector.sock {{(pid=112643) log_opt_values /opt/stack/data/venv/lib/python3.12/site-packages/oslo_config/cfg.py:3253}}
Jun 17 02:57:10.973173 np0000180917 nova-scheduler[112643]: DEBUG cotyledon.oslo_config_glue [-] oslo_messaging_metrics.metrics_thread_stop_timeout = 10 {{(pid=112643) log_opt_values /opt/stack/data/venv/lib/python3.12/site-packages/oslo_config/cfg.py:3253}}
Jun 17 02:57:10.973285 np0000180917 nova-scheduler[112643]: DEBUG cotyledon.oslo_config_glue [-] profiler.connection_string = messaging:// {{(pid=112643) log_opt_values /opt/stack/data/venv/lib/python3.12/site-packages/oslo_config/cfg.py:3253}}
Jun 17 02:57:10.973361 np0000180917 nova-scheduler[112643]: DEBUG cotyledon.oslo_config_glue [-] profiler.enabled = False {{(pid=112643) log_opt_values /opt/stack/data/venv/lib/python3.12/site-packages/oslo_config/cfg.py:3253}}
Jun 17 02:57:10.973410 np0000180917 nova-scheduler[112643]: DEBUG cotyledon.oslo_config_glue [-] profiler.es_doc_type = notification {{(pid=112643) log_opt_values /opt/stack/data/venv/lib/python3.12/site-packages/oslo_config/cfg.py:3253}}
Jun 17 02:57:10.973459 np0000180917 nova-scheduler[112643]: DEBUG cotyledon.oslo_config_glue [-] profiler.es_scroll_size = 10000 {{(pid=112643) log_opt_values /opt/stack/data/venv/lib/python3.12/site-packages/oslo_config/cfg.py:3253}}
Jun 17 02:57:10.973607 np0000180917 nova-scheduler[112643]: DEBUG cotyledon.oslo_config_glue [-] profiler.es_scroll_time = 2m {{(pid=112643) log_opt_values /opt/stack/data/venv/lib/python3.12/site-packages/oslo_config/cfg.py:3253}}
Jun 17 02:57:10.973654 np0000180917 nova-scheduler[112643]: DEBUG cotyledon.oslo_config_glue [-] profiler.filter_error_trace = False {{(pid=112643) log_opt_values /opt/stack/data/venv/lib/python3.12/site-packages/oslo_config/cfg.py:3253}}
Jun 17 02:57:10.973696 np0000180917 nova-scheduler[112643]: DEBUG cotyledon.oslo_config_glue [-] profiler.hmac_keys = **** {{(pid=112643) log_opt_values /opt/stack/data/venv/lib/python3.12/site-packages/oslo_config/cfg.py:3253}}
Jun 17 02:57:10.973746 np0000180917 nova-scheduler[112643]: DEBUG cotyledon.oslo_config_glue [-] profiler.sentinel_service_name = mymaster {{(pid=112643) log_opt_values /opt/stack/data/venv/lib/python3.12/site-packages/oslo_config/cfg.py:3253}}
Jun 17 02:57:10.973847 np0000180917 nova-scheduler[112643]: DEBUG cotyledon.oslo_config_glue [-] profiler.socket_timeout = 0.1 {{(pid=112643) log_opt_values /opt/stack/data/venv/lib/python3.12/site-packages/oslo_config/cfg.py:3253}}
Jun 17 02:57:10.973892 np0000180917 nova-scheduler[112643]: DEBUG cotyledon.oslo_config_glue [-] profiler.trace_requests = False {{(pid=112643) log_opt_values /opt/stack/data/venv/lib/python3.12/site-packages/oslo_config/cfg.py:3253}}
Jun 17 02:57:10.973988 np0000180917 nova-scheduler[112643]: DEBUG cotyledon.oslo_config_glue [-] profiler.trace_sqlalchemy = False {{(pid=112643) log_opt_values /opt/stack/data/venv/lib/python3.12/site-packages/oslo_config/cfg.py:3253}}
Jun 17 02:57:10.974064 np0000180917 nova-scheduler[112643]: DEBUG cotyledon.oslo_config_glue [-] profiler_jaeger.process_tags = {} {{(pid=112643) log_opt_values /opt/stack/data/venv/lib/python3.12/site-packages/oslo_config/cfg.py:3253}}
Jun 17 02:57:10.974122 np0000180917 nova-scheduler[112643]: DEBUG cotyledon.oslo_config_glue [-] profiler_jaeger.service_name_prefix = None {{(pid=112643) log_opt_values /opt/stack/data/venv/lib/python3.12/site-packages/oslo_config/cfg.py:3253}}
Jun 17 02:57:10.974222 np0000180917 nova-scheduler[112643]: DEBUG cotyledon.oslo_config_glue [-] profiler_otlp.service_name_prefix = None {{(pid=112643) log_opt_values /opt/stack/data/venv/lib/python3.12/site-packages/oslo_config/cfg.py:3253}}
Jun 17 02:57:10.974392 np0000180917 nova-scheduler[112643]: DEBUG cotyledon.oslo_config_glue [-] oslo_messaging_rabbit.amqp_auto_delete = False {{(pid=112643) log_opt_values /opt/stack/data/venv/lib/python3.12/site-packages/oslo_config/cfg.py:3253}}
Jun 17 02:57:10.974445 np0000180917 nova-scheduler[112643]: DEBUG cotyledon.oslo_config_glue [-] oslo_messaging_rabbit.amqp_durable_queues = False {{(pid=112643) log_opt_values /opt/stack/data/venv/lib/python3.12/site-packages/oslo_config/cfg.py:3253}}
Jun 17 02:57:10.974574 np0000180917 nova-scheduler[112630]: DEBUG nova.service [None req-31ff4779-6aaf-4fa0-90fb-03dd992fce89 None None] Creating RPC server for service: nova-scheduler on topic: scheduler {{(pid=112630) start /opt/stack/nova/nova/service.py:196}}
Jun 17 02:57:10.974609 np0000180917 nova-scheduler[112643]: DEBUG cotyledon.oslo_config_glue [-] oslo_messaging_rabbit.conn_pool_min_size = 2 {{(pid=112643) log_opt_values /opt/stack/data/venv/lib/python3.12/site-packages/oslo_config/cfg.py:3253}}
Jun 17 02:57:10.974637 np0000180917 nova-scheduler[112643]: DEBUG cotyledon.oslo_config_glue [-] oslo_messaging_rabbit.conn_pool_ttl = 1200 {{(pid=112643) log_opt_values /opt/stack/data/venv/lib/python3.12/site-packages/oslo_config/cfg.py:3253}}
Jun 17 02:57:10.974743 np0000180917 nova-scheduler[112643]: DEBUG cotyledon.oslo_config_glue [-] oslo_messaging_rabbit.direct_mandatory_flag = True {{(pid=112643) log_opt_values /opt/stack/data/venv/lib/python3.12/site-packages/oslo_config/cfg.py:3253}}
Jun 17 02:57:10.974780 np0000180917 nova-scheduler[112643]: DEBUG cotyledon.oslo_config_glue [-] oslo_messaging_rabbit.enable_cancel_on_failover = False {{(pid=112643) log_opt_values /opt/stack/data/venv/lib/python3.12/site-packages/oslo_config/cfg.py:3253}}
Jun 17 02:57:10.974881 np0000180917 nova-scheduler[112643]: DEBUG cotyledon.oslo_config_glue [-] oslo_messaging_rabbit.heartbeat_rate = 3 {{(pid=112643) log_opt_values /opt/stack/data/venv/lib/python3.12/site-packages/oslo_config/cfg.py:3253}}
Jun 17 02:57:10.974926 np0000180917 nova-scheduler[112643]: DEBUG cotyledon.oslo_config_glue [-] oslo_messaging_rabbit.heartbeat_timeout_threshold = 60 {{(pid=112643) log_opt_values /opt/stack/data/venv/lib/python3.12/site-packages/oslo_config/cfg.py:3253}}
Jun 17 02:57:10.975029 np0000180917 nova-scheduler[112643]: DEBUG cotyledon.oslo_config_glue [-] oslo_messaging_rabbit.hostname = np0000180917 {{(pid=112643) log_opt_values /opt/stack/data/venv/lib/python3.12/site-packages/oslo_config/cfg.py:3253}}
Jun 17 02:57:10.975079 np0000180917 nova-scheduler[112643]: DEBUG cotyledon.oslo_config_glue [-] oslo_messaging_rabbit.kombu_compression = None {{(pid=112643) log_opt_values /opt/stack/data/venv/lib/python3.12/site-packages/oslo_config/cfg.py:3253}}
Jun 17 02:57:10.975170 np0000180917 nova-scheduler[112643]: DEBUG cotyledon.oslo_config_glue [-] oslo_messaging_rabbit.kombu_failover_strategy = round-robin {{(pid=112643) log_opt_values /opt/stack/data/venv/lib/python3.12/site-packages/oslo_config/cfg.py:3253}}
Jun 17 02:57:10.975218 np0000180917 nova-scheduler[112643]: DEBUG cotyledon.oslo_config_glue [-] oslo_messaging_rabbit.kombu_missing_consumer_retry_timeout = 60 {{(pid=112643) log_opt_values /opt/stack/data/venv/lib/python3.12/site-packages/oslo_config/cfg.py:3253}}
Jun 17 02:57:10.975331 np0000180917 nova-scheduler[112643]: DEBUG cotyledon.oslo_config_glue [-] oslo_messaging_rabbit.kombu_reconnect_delay = 1.0 {{(pid=112643) log_opt_values /opt/stack/data/venv/lib/python3.12/site-packages/oslo_config/cfg.py:3253}}
Jun 17 02:57:10.975377 np0000180917 nova-scheduler[112643]: DEBUG cotyledon.oslo_config_glue [-] oslo_messaging_rabbit.kombu_reconnect_splay = 0.0 {{(pid=112643) log_opt_values /opt/stack/data/venv/lib/python3.12/site-packages/oslo_config/cfg.py:3253}}
Jun 17 02:57:10.975478 np0000180917 nova-scheduler[112643]: DEBUG cotyledon.oslo_config_glue [-] oslo_messaging_rabbit.processname = nova-scheduler {{(pid=112643) log_opt_values /opt/stack/data/venv/lib/python3.12/site-packages/oslo_config/cfg.py:3253}}
Jun 17 02:57:10.975562 np0000180917 nova-scheduler[112643]: DEBUG cotyledon.oslo_config_glue [-] oslo_messaging_rabbit.rabbit_ha_queues = False {{(pid=112643) log_opt_values /opt/stack/data/venv/lib/python3.12/site-packages/oslo_config/cfg.py:3253}}
Jun 17 02:57:10.975619 np0000180917 nova-scheduler[112643]: DEBUG cotyledon.oslo_config_glue [-] oslo_messaging_rabbit.rabbit_interval_max = 30 {{(pid=112643) log_opt_values /opt/stack/data/venv/lib/python3.12/site-packages/oslo_config/cfg.py:3253}}
Jun 17 02:57:10.975752 np0000180917 nova-scheduler[112643]: DEBUG cotyledon.oslo_config_glue [-] oslo_messaging_rabbit.rabbit_login_method = AMQPLAIN {{(pid=112643) log_opt_values /opt/stack/data/venv/lib/python3.12/site-packages/oslo_config/cfg.py:3253}}
Jun 17 02:57:10.975794 np0000180917 nova-scheduler[112643]: DEBUG cotyledon.oslo_config_glue [-] oslo_messaging_rabbit.rabbit_qos_prefetch_count = 0 {{(pid=112643) log_opt_values /opt/stack/data/venv/lib/python3.12/site-packages/oslo_config/cfg.py:3253}}
Jun 17 02:57:10.975894 np0000180917 nova-scheduler[112643]: DEBUG cotyledon.oslo_config_glue [-] oslo_messaging_rabbit.rabbit_quorum_delivery_limit = 0 {{(pid=112643) log_opt_values /opt/stack/data/venv/lib/python3.12/site-packages/oslo_config/cfg.py:3253}}
Jun 17 02:57:10.975937 np0000180917 nova-scheduler[112643]: DEBUG cotyledon.oslo_config_glue [-] oslo_messaging_rabbit.rabbit_quorum_max_memory_bytes = 0 {{(pid=112643) log_opt_values /opt/stack/data/venv/lib/python3.12/site-packages/oslo_config/cfg.py:3253}}
Jun 17 02:57:10.976030 np0000180917 nova-scheduler[112643]: DEBUG cotyledon.oslo_config_glue [-] oslo_messaging_rabbit.rabbit_quorum_max_memory_length = 0 {{(pid=112643) log_opt_values /opt/stack/data/venv/lib/python3.12/site-packages/oslo_config/cfg.py:3253}}
Jun 17 02:57:10.976073 np0000180917 nova-scheduler[112643]: DEBUG cotyledon.oslo_config_glue [-] oslo_messaging_rabbit.rabbit_quorum_queue = False {{(pid=112643) log_opt_values /opt/stack/data/venv/lib/python3.12/site-packages/oslo_config/cfg.py:3253}}
Jun 17 02:57:10.976171 np0000180917 nova-scheduler[112643]: DEBUG cotyledon.oslo_config_glue [-] oslo_messaging_rabbit.rabbit_retry_backoff = 2 {{(pid=112643) log_opt_values /opt/stack/data/venv/lib/python3.12/site-packages/oslo_config/cfg.py:3253}}
Jun 17 02:57:10.976229 np0000180917 nova-scheduler[112643]: DEBUG cotyledon.oslo_config_glue [-] oslo_messaging_rabbit.rabbit_retry_interval = 1 {{(pid=112643) log_opt_values /opt/stack/data/venv/lib/python3.12/site-packages/oslo_config/cfg.py:3253}}
Jun 17 02:57:10.976337 np0000180917 nova-scheduler[112643]: DEBUG cotyledon.oslo_config_glue [-] oslo_messaging_rabbit.rabbit_stream_fanout = False {{(pid=112643) log_opt_values /opt/stack/data/venv/lib/python3.12/site-packages/oslo_config/cfg.py:3253}}
Jun 17 02:57:10.976381 np0000180917 nova-scheduler[112643]: DEBUG cotyledon.oslo_config_glue [-] oslo_messaging_rabbit.rabbit_transient_queues_ttl = 1800 {{(pid=112643) log_opt_values /opt/stack/data/venv/lib/python3.12/site-packages/oslo_config/cfg.py:3253}}
Jun 17 02:57:10.976495 np0000180917 nova-scheduler[112643]: DEBUG cotyledon.oslo_config_glue [-] oslo_messaging_rabbit.rabbit_transient_quorum_queue = False {{(pid=112643) log_opt_values /opt/stack/data/venv/lib/python3.12/site-packages/oslo_config/cfg.py:3253}}
Jun 17 02:57:10.976551 np0000180917 nova-scheduler[112643]: DEBUG cotyledon.oslo_config_glue [-] oslo_messaging_rabbit.rpc_conn_pool_size = 30 {{(pid=112643) log_opt_values /opt/stack/data/venv/lib/python3.12/site-packages/oslo_config/cfg.py:3253}}
Jun 17 02:57:10.976653 np0000180917 nova-scheduler[112643]: DEBUG cotyledon.oslo_config_glue [-] oslo_messaging_rabbit.ssl = False {{(pid=112643) log_opt_values /opt/stack/data/venv/lib/python3.12/site-packages/oslo_config/cfg.py:3253}}
Jun 17 02:57:10.976787 np0000180917 nova-scheduler[112643]: DEBUG cotyledon.oslo_config_glue [-] oslo_messaging_rabbit.ssl_ca_file = {{(pid=112643) log_opt_values /opt/stack/data/venv/lib/python3.12/site-packages/oslo_config/cfg.py:3253}}
Jun 17 02:57:10.976887 np0000180917 nova-scheduler[112643]: DEBUG cotyledon.oslo_config_glue [-] oslo_messaging_rabbit.ssl_cert_file = {{(pid=112643) log_opt_values /opt/stack/data/venv/lib/python3.12/site-packages/oslo_config/cfg.py:3253}}
Jun 17 02:57:10.976887 np0000180917 nova-scheduler[112643]: DEBUG cotyledon.oslo_config_glue [-] oslo_messaging_rabbit.ssl_enforce_fips_mode = False {{(pid=112643) log_opt_values /opt/stack/data/venv/lib/python3.12/site-packages/oslo_config/cfg.py:3253}}
Jun 17 02:57:10.976940 np0000180917 nova-scheduler[112643]: DEBUG cotyledon.oslo_config_glue [-] oslo_messaging_rabbit.ssl_enforce_hostname_verification = True {{(pid=112643) log_opt_values /opt/stack/data/venv/lib/python3.12/site-packages/oslo_config/cfg.py:3253}}
Jun 17 02:57:10.976978 np0000180917 nova-scheduler[112636]: DEBUG dbcounter [-] [112636] Writer thread running {{(pid=112636) stat_writer /opt/stack/data/venv/lib/python3.12/site-packages/dbcounter.py:102}}
Jun 17 02:57:10.977105 np0000180917 nova-scheduler[112643]: DEBUG cotyledon.oslo_config_glue [-] oslo_messaging_rabbit.ssl_key_file = {{(pid=112643) log_opt_values /opt/stack/data/venv/lib/python3.12/site-packages/oslo_config/cfg.py:3253}}
Jun 17 02:57:10.977289 np0000180917 nova-scheduler[112643]: DEBUG cotyledon.oslo_config_glue [-] oslo_messaging_rabbit.ssl_version = {{(pid=112643) log_opt_values /opt/stack/data/venv/lib/python3.12/site-packages/oslo_config/cfg.py:3253}}
Jun 17 02:57:10.977289 np0000180917 nova-scheduler[112643]: DEBUG cotyledon.oslo_config_glue [-] oslo_messaging_rabbit.use_queue_manager = False {{(pid=112643) log_opt_values /opt/stack/data/venv/lib/python3.12/site-packages/oslo_config/cfg.py:3253}}
Jun 17 02:57:10.977546 np0000180917 nova-scheduler[112643]: DEBUG cotyledon.oslo_config_glue [-] oslo_messaging_notifications.driver = ['messagingv2'] {{(pid=112643) log_opt_values /opt/stack/data/venv/lib/python3.12/site-packages/oslo_config/cfg.py:3253}}
Jun 17 02:57:10.977596 np0000180917 nova-scheduler[112643]: DEBUG cotyledon.oslo_config_glue [-] oslo_messaging_notifications.retry = -1 {{(pid=112643) log_opt_values /opt/stack/data/venv/lib/python3.12/site-packages/oslo_config/cfg.py:3253}}
Jun 17 02:57:10.977695 np0000180917 nova-scheduler[112643]: DEBUG cotyledon.oslo_config_glue [-] oslo_messaging_notifications.topics = ['notifications'] {{(pid=112643) log_opt_values /opt/stack/data/venv/lib/python3.12/site-packages/oslo_config/cfg.py:3253}}
Jun 17 02:57:10.977772 np0000180917 nova-scheduler[112643]: DEBUG cotyledon.oslo_config_glue [-] oslo_messaging_notifications.transport_url = **** {{(pid=112643) log_opt_values /opt/stack/data/venv/lib/python3.12/site-packages/oslo_config/cfg.py:3253}}
Jun 17 02:57:10.977872 np0000180917 nova-scheduler[112643]: DEBUG cotyledon.oslo_config_glue [-] oslo_limit.auth_section = None {{(pid=112643) log_opt_values /opt/stack/data/venv/lib/python3.12/site-packages/oslo_config/cfg.py:3253}}
Jun 17 02:57:10.977931 np0000180917 nova-scheduler[112643]: DEBUG cotyledon.oslo_config_glue [-] oslo_limit.auth_type = None {{(pid=112643) log_opt_values /opt/stack/data/venv/lib/python3.12/site-packages/oslo_config/cfg.py:3253}}
Jun 17 02:57:10.978024 np0000180917 nova-scheduler[112643]: DEBUG cotyledon.oslo_config_glue [-] oslo_limit.cafile = None {{(pid=112643) log_opt_values /opt/stack/data/venv/lib/python3.12/site-packages/oslo_config/cfg.py:3253}}
Jun 17 02:57:10.978070 np0000180917 nova-scheduler[112643]: DEBUG cotyledon.oslo_config_glue [-] oslo_limit.certfile = None {{(pid=112643) log_opt_values /opt/stack/data/venv/lib/python3.12/site-packages/oslo_config/cfg.py:3253}}
Jun 17 02:57:10.978170 np0000180917 nova-scheduler[112643]: DEBUG cotyledon.oslo_config_glue [-] oslo_limit.collect_timing = False {{(pid=112643) log_opt_values /opt/stack/data/venv/lib/python3.12/site-packages/oslo_config/cfg.py:3253}}
Jun 17 02:57:10.978218 np0000180917 nova-scheduler[112643]: DEBUG cotyledon.oslo_config_glue [-] oslo_limit.connect_retries = None {{(pid=112643) log_opt_values /opt/stack/data/venv/lib/python3.12/site-packages/oslo_config/cfg.py:3253}}
Jun 17 02:57:10.978314 np0000180917 nova-scheduler[112643]: DEBUG cotyledon.oslo_config_glue [-] oslo_limit.connect_retry_delay = None {{(pid=112643) log_opt_values /opt/stack/data/venv/lib/python3.12/site-packages/oslo_config/cfg.py:3253}}
Jun 17 02:57:10.978360 np0000180917 nova-scheduler[112643]: DEBUG cotyledon.oslo_config_glue [-] oslo_limit.endpoint_id = None {{(pid=112643) log_opt_values /opt/stack/data/venv/lib/python3.12/site-packages/oslo_config/cfg.py:3253}}
Jun 17 02:57:10.978458 np0000180917 nova-scheduler[112643]: DEBUG cotyledon.oslo_config_glue [-] oslo_limit.endpoint_interface = public {{(pid=112643) log_opt_values /opt/stack/data/venv/lib/python3.12/site-packages/oslo_config/cfg.py:3253}}
Jun 17 02:57:10.978581 np0000180917 nova-scheduler[112643]: DEBUG cotyledon.oslo_config_glue [-] oslo_limit.endpoint_override = None {{(pid=112643) log_opt_values /opt/stack/data/venv/lib/python3.12/site-packages/oslo_config/cfg.py:3253}}
Jun 17 02:57:10.978634 np0000180917 nova-scheduler[112643]: DEBUG cotyledon.oslo_config_glue [-] oslo_limit.endpoint_region_name = None {{(pid=112643) log_opt_values /opt/stack/data/venv/lib/python3.12/site-packages/oslo_config/cfg.py:3253}}
Jun 17 02:57:10.978780 np0000180917 nova-scheduler[112643]: DEBUG cotyledon.oslo_config_glue [-] oslo_limit.endpoint_service_name = None {{(pid=112643) log_opt_values /opt/stack/data/venv/lib/python3.12/site-packages/oslo_config/cfg.py:3253}}
Jun 17 02:57:10.978833 np0000180917 nova-scheduler[112643]: DEBUG cotyledon.oslo_config_glue [-] oslo_limit.endpoint_service_type = None {{(pid=112643) log_opt_values /opt/stack/data/venv/lib/python3.12/site-packages/oslo_config/cfg.py:3253}}
Jun 17 02:57:10.978882 np0000180917 nova-scheduler[112643]: DEBUG cotyledon.oslo_config_glue [-] oslo_limit.insecure = False {{(pid=112643) log_opt_values /opt/stack/data/venv/lib/python3.12/site-packages/oslo_config/cfg.py:3253}}
Jun 17 02:57:10.978929 np0000180917 nova-scheduler[112643]: DEBUG cotyledon.oslo_config_glue [-] oslo_limit.keyfile = None {{(pid=112643) log_opt_values /opt/stack/data/venv/lib/python3.12/site-packages/oslo_config/cfg.py:3253}}
Jun 17 02:57:10.978961 np0000180917 nova-scheduler[112643]: DEBUG cotyledon.oslo_config_glue [-] oslo_limit.max_version = None {{(pid=112643) log_opt_values /opt/stack/data/venv/lib/python3.12/site-packages/oslo_config/cfg.py:3253}}
Jun 17 02:57:10.979003 np0000180917 nova-scheduler[112643]: DEBUG cotyledon.oslo_config_glue [-] oslo_limit.min_version = None {{(pid=112643) log_opt_values /opt/stack/data/venv/lib/python3.12/site-packages/oslo_config/cfg.py:3253}}
Jun 17 02:57:10.979041 np0000180917 nova-scheduler[112643]: DEBUG cotyledon.oslo_config_glue [-] oslo_limit.region_name = None {{(pid=112643) log_opt_values /opt/stack/data/venv/lib/python3.12/site-packages/oslo_config/cfg.py:3253}}
Jun 17 02:57:10.979071 np0000180917 nova-scheduler[112643]: DEBUG cotyledon.oslo_config_glue [-] oslo_limit.retriable_status_codes = None {{(pid=112643) log_opt_values /opt/stack/data/venv/lib/python3.12/site-packages/oslo_config/cfg.py:3253}}
Jun 17 02:57:10.979128 np0000180917 nova-scheduler[112643]: DEBUG cotyledon.oslo_config_glue [-] oslo_limit.service_name = None {{(pid=112643) log_opt_values /opt/stack/data/venv/lib/python3.12/site-packages/oslo_config/cfg.py:3253}}
Jun 17 02:57:10.979161 np0000180917 nova-scheduler[112643]: DEBUG cotyledon.oslo_config_glue [-] oslo_limit.service_type = None {{(pid=112643) log_opt_values /opt/stack/data/venv/lib/python3.12/site-packages/oslo_config/cfg.py:3253}}
Jun 17 02:57:10.979213 np0000180917 nova-scheduler[112643]: DEBUG cotyledon.oslo_config_glue [-] oslo_limit.split_loggers = False {{(pid=112643) log_opt_values /opt/stack/data/venv/lib/python3.12/site-packages/oslo_config/cfg.py:3253}}
Jun 17 02:57:10.979248 np0000180917 nova-scheduler[112643]: DEBUG cotyledon.oslo_config_glue [-] oslo_limit.status_code_retries = None {{(pid=112643) log_opt_values /opt/stack/data/venv/lib/python3.12/site-packages/oslo_config/cfg.py:3253}}
Jun 17 02:57:10.979290 np0000180917 nova-scheduler[112643]: DEBUG cotyledon.oslo_config_glue [-] oslo_limit.status_code_retry_delay = None {{(pid=112643) log_opt_values /opt/stack/data/venv/lib/python3.12/site-packages/oslo_config/cfg.py:3253}}
Jun 17 02:57:10.979326 np0000180917 nova-scheduler[112643]: DEBUG cotyledon.oslo_config_glue [-] oslo_limit.timeout = None {{(pid=112643) log_opt_values /opt/stack/data/venv/lib/python3.12/site-packages/oslo_config/cfg.py:3253}}
Jun 17 02:57:10.979373 np0000180917 nova-scheduler[112643]: DEBUG cotyledon.oslo_config_glue [-] oslo_limit.valid_interfaces = None {{(pid=112643) log_opt_values /opt/stack/data/venv/lib/python3.12/site-packages/oslo_config/cfg.py:3253}}
Jun 17 02:57:10.979414 np0000180917 nova-scheduler[112643]: DEBUG cotyledon.oslo_config_glue [-] oslo_limit.version = None {{(pid=112643) log_opt_values /opt/stack/data/venv/lib/python3.12/site-packages/oslo_config/cfg.py:3253}}
Jun 17 02:57:10.979461 np0000180917 nova-scheduler[112643]: DEBUG cotyledon.oslo_config_glue [-] oslo_reports.file_event_handler = None {{(pid=112643) log_opt_values /opt/stack/data/venv/lib/python3.12/site-packages/oslo_config/cfg.py:3253}}
Jun 17 02:57:10.979523 np0000180917 nova-scheduler[112643]: DEBUG cotyledon.oslo_config_glue [-] oslo_reports.file_event_handler_interval = 1 {{(pid=112643) log_opt_values /opt/stack/data/venv/lib/python3.12/site-packages/oslo_config/cfg.py:3253}}
Jun 17 02:57:10.979570 np0000180917 nova-scheduler[112643]: DEBUG cotyledon.oslo_config_glue [-] oslo_reports.log_dir = None {{(pid=112643) log_opt_values /opt/stack/data/venv/lib/python3.12/site-packages/oslo_config/cfg.py:3253}}
Jun 17 02:57:10.979605 np0000180917 nova-scheduler[112636]: DEBUG nova.service [None req-54543180-0c08-46bd-b3af-17252bb01e01 None None] Creating RPC server for service: nova-scheduler on topic: scheduler {{(pid=112636) start /opt/stack/nova/nova/service.py:196}}
Jun 17 02:57:10.979653 np0000180917 nova-scheduler[112643]: DEBUG cotyledon.oslo_config_glue [-] ******************************************************************************** {{(pid=112643) log_opt_values /opt/stack/data/venv/lib/python3.12/site-packages/oslo_config/cfg.py:3260}}
Jun 17 02:57:10.979755 np0000180917 nova-scheduler[112643]: DEBUG cotyledon._service_worker [-] Run service ServiceWrapper(3) [112643] {{(pid=112643) wait_forever /opt/stack/data/venv/lib/python3.12/site-packages/cotyledon/_service_worker.py:218}}
Jun 17 02:57:10.982490 np0000180917 nova-scheduler[112643]: INFO nova.service [-] Starting scheduler node (version 33.1.0)
Jun 17 02:57:10.988743 np0000180917 nova-scheduler[112643]: INFO dbcounter [None req-261cf226-2eef-452c-b938-2d40bab0d328 None None] Registered counter for database nova_cell0
Jun 17 02:57:10.994562 np0000180917 nova-scheduler[112630]: DEBUG nova.service [None req-31ff4779-6aaf-4fa0-90fb-03dd992fce89 None None] Join ServiceGroup membership for this service scheduler {{(pid=112630) start /opt/stack/nova/nova/service.py:222}}
Jun 17 02:57:10.994783 np0000180917 nova-scheduler[112630]: DEBUG nova.servicegroup.drivers.db [None req-31ff4779-6aaf-4fa0-90fb-03dd992fce89 None None] DB_Driver: join new ServiceGroup member np0000180917 to the scheduler group, service = {{(pid=112630) join /opt/stack/nova/nova/servicegroup/drivers/db.py:44}}
Jun 17 02:57:10.996725 np0000180917 nova-scheduler[112636]: DEBUG nova.service [None req-54543180-0c08-46bd-b3af-17252bb01e01 None None] Join ServiceGroup membership for this service scheduler {{(pid=112636) start /opt/stack/nova/nova/service.py:222}}
Jun 17 02:57:10.996911 np0000180917 nova-scheduler[112636]: DEBUG nova.servicegroup.drivers.db [None req-54543180-0c08-46bd-b3af-17252bb01e01 None None] DB_Driver: join new ServiceGroup member np0000180917 to the scheduler group, service = {{(pid=112636) join /opt/stack/nova/nova/servicegroup/drivers/db.py:44}}
Jun 17 02:57:10.997834 np0000180917 nova-scheduler[112630]: DEBUG oslo.service.backend._threading.loopingcall [None req-52785930-3897-4fbc-96c5-070e345ef39a None None] Dynamic interval looping call 'nova.service.Service.periodic_tasks' sleeping for 60.00 seconds {{(pid=112630) _run_loop /opt/stack/data/venv/lib/python3.12/site-packages/oslo_service/backend/_threading/loopingcall.py:125}}
Jun 17 02:57:11.004566 np0000180917 nova-scheduler[112619]: DEBUG nova.service [None req-5c00028a-ed44-4d61-8114-77e615b3e2f9 None None] Join ServiceGroup membership for this service scheduler {{(pid=112619) start /opt/stack/nova/nova/service.py:222}}
Jun 17 02:57:11.004893 np0000180917 nova-scheduler[112619]: DEBUG nova.servicegroup.drivers.db [None req-5c00028a-ed44-4d61-8114-77e615b3e2f9 None None] DB_Driver: join new ServiceGroup member np0000180917 to the scheduler group, service = {{(pid=112619) join /opt/stack/nova/nova/servicegroup/drivers/db.py:44}}
Jun 17 02:57:11.035856 np0000180917 nova-scheduler[112643]: DEBUG oslo_db.sqlalchemy.engines [None req-261cf226-2eef-452c-b938-2d40bab0d328 None None] MySQL server mode set to STRICT_TRANS_TABLES,STRICT_ALL_TABLES,NO_ZERO_IN_DATE,NO_ZERO_DATE,ERROR_FOR_DIVISION_BY_ZERO,TRADITIONAL,NO_ENGINE_SUBSTITUTION {{(pid=112643) _check_effective_sql_mode /opt/stack/data/venv/lib/python3.12/site-packages/oslo_db/sqlalchemy/engines.py:325}}
Jun 17 02:57:11.047128 np0000180917 nova-scheduler[112643]: DEBUG dbcounter [-] [112643] Writer thread running {{(pid=112643) stat_writer /opt/stack/data/venv/lib/python3.12/site-packages/dbcounter.py:102}}
Jun 17 02:57:11.050485 np0000180917 nova-scheduler[112643]: DEBUG nova.service [None req-261cf226-2eef-452c-b938-2d40bab0d328 None None] Creating RPC server for service: nova-scheduler on topic: scheduler {{(pid=112643) start /opt/stack/nova/nova/service.py:196}}
Jun 17 02:57:11.068984 np0000180917 nova-scheduler[112643]: DEBUG nova.service [None req-261cf226-2eef-452c-b938-2d40bab0d328 None None] Join ServiceGroup membership for this service scheduler {{(pid=112643) start /opt/stack/nova/nova/service.py:222}}
Jun 17 02:57:11.069453 np0000180917 nova-scheduler[112643]: DEBUG nova.servicegroup.drivers.db [None req-261cf226-2eef-452c-b938-2d40bab0d328 None None] DB_Driver: join new ServiceGroup member np0000180917 to the scheduler group, service = {{(pid=112643) join /opt/stack/nova/nova/servicegroup/drivers/db.py:44}}
Jun 17 02:57:16.016826 np0000180917 nova-scheduler[112630]: DEBUG oslo.service.backend._threading.loopingcall [-] Fixed interval looping call 'nova.servicegroup.drivers.db.DbDriver._report_state' sleeping for 119.98 seconds {{(pid=112630) _run_loop /opt/stack/data/venv/lib/python3.12/site-packages/oslo_service/backend/_threading/loopingcall.py:125}}
Jun 17 02:57:16.017316 np0000180917 nova-scheduler[112636]: DEBUG oslo.service.backend._threading.loopingcall [-] Fixed interval looping call 'nova.servicegroup.drivers.db.DbDriver._report_state' sleeping for 119.98 seconds {{(pid=112636) _run_loop /opt/stack/data/venv/lib/python3.12/site-packages/oslo_service/backend/_threading/loopingcall.py:125}}
Jun 17 02:57:16.022185 np0000180917 nova-scheduler[112619]: DEBUG oslo.service.backend._threading.loopingcall [-] Fixed interval looping call 'nova.servicegroup.drivers.db.DbDriver._report_state' sleeping for 119.98 seconds {{(pid=112619) _run_loop /opt/stack/data/venv/lib/python3.12/site-packages/oslo_service/backend/_threading/loopingcall.py:125}}
Jun 17 02:57:16.084120 np0000180917 nova-scheduler[112643]: DEBUG oslo.service.backend._threading.loopingcall [-] Fixed interval looping call 'nova.servicegroup.drivers.db.DbDriver._report_state' sleeping for 119.99 seconds {{(pid=112643) _run_loop /opt/stack/data/venv/lib/python3.12/site-packages/oslo_service/backend/_threading/loopingcall.py:125}}
Jun 17 02:57:19.547304 np0000180917 nova-scheduler[111893]: DEBUG dbcounter [-] [111893] Writing DB stats nova_api:SELECT=3 {{(pid=111893) stat_writer /opt/stack/data/venv/lib/python3.12/site-packages/dbcounter.py:115}}
Jun 17 02:57:19.676846 np0000180917 nova-scheduler[111893]: DEBUG dbcounter [-] [111893] Writing DB stats nova_cell0:SELECT=1 {{(pid=111893) stat_writer /opt/stack/data/venv/lib/python3.12/site-packages/dbcounter.py:115}}
Jun 17 02:57:19.693297 np0000180917 nova-scheduler[111893]: DEBUG dbcounter [-] [111893] Writing DB stats nova_cell1:SELECT=1 {{(pid=111893) stat_writer /opt/stack/data/venv/lib/python3.12/site-packages/dbcounter.py:115}}
Jun 17 02:57:26.006221 np0000180917 nova-scheduler[112630]: DEBUG dbcounter [-] [112630] Writing DB stats nova_cell0:SELECT=4,nova_cell0:INSERT=1,nova_cell0:UPDATE=1 {{(pid=112630) stat_writer /opt/stack/data/venv/lib/python3.12/site-packages/dbcounter.py:115}}
Jun 17 02:57:26.013876 np0000180917 nova-scheduler[112636]: DEBUG dbcounter [-] [112636] Writing DB stats nova_cell0:SELECT=3,nova_cell0:UPDATE=1 {{(pid=112636) stat_writer /opt/stack/data/venv/lib/python3.12/site-packages/dbcounter.py:115}}
Jun 17 02:57:26.022783 np0000180917 nova-scheduler[112619]: DEBUG dbcounter [-] [112619] Writing DB stats nova_cell0:SELECT=4,nova_cell0:INSERT=1,nova_cell0:UPDATE=1 {{(pid=112619) stat_writer /opt/stack/data/venv/lib/python3.12/site-packages/dbcounter.py:115}}
Jun 17 02:57:26.082508 np0000180917 nova-scheduler[112643]: DEBUG dbcounter [-] [112643] Writing DB stats nova_cell0:SELECT=3 {{(pid=112643) stat_writer /opt/stack/data/venv/lib/python3.12/site-packages/dbcounter.py:115}}
Jun 17 02:58:04.008000 np0000180917 nova-scheduler[112619]: DEBUG oslo.service.backend._threading.loopingcall [None req-6690e548-147f-48f0-8d42-76fcc6514f9e None None] Dynamic interval looping call 'nova.service.Service.periodic_tasks' sleeping for 60.00 seconds {{(pid=112619) _run_loop /opt/stack/data/venv/lib/python3.12/site-packages/oslo_service/backend/_threading/loopingcall.py:125}}
Jun 17 02:58:06.072631 np0000180917 nova-scheduler[112643]: DEBUG oslo.service.backend._threading.loopingcall [None req-d436929c-b955-4479-b0eb-ef9ef777c643 None None] Dynamic interval looping call 'nova.service.Service.periodic_tasks' sleeping for 60.00 seconds {{(pid=112643) _run_loop /opt/stack/data/venv/lib/python3.12/site-packages/oslo_service/backend/_threading/loopingcall.py:125}}
Jun 17 02:58:09.002647 np0000180917 nova-scheduler[112636]: DEBUG oslo.service.backend._threading.loopingcall [None req-30152cc6-8bb3-4f78-a88a-3ddb8dc478fb None None] Dynamic interval looping call 'nova.service.Service.periodic_tasks' sleeping for 60.00 seconds {{(pid=112636) _run_loop /opt/stack/data/venv/lib/python3.12/site-packages/oslo_service/backend/_threading/loopingcall.py:125}}
Jun 17 02:58:10.999384 np0000180917 nova-scheduler[112630]: DEBUG oslo.service.backend._threading.loopingcall [None req-52785930-3897-4fbc-96c5-070e345ef39a None None] Dynamic interval looping call 'nova.service.Service.periodic_tasks' sleeping for 60.00 seconds {{(pid=112630) _run_loop /opt/stack/data/venv/lib/python3.12/site-packages/oslo_service/backend/_threading/loopingcall.py:125}}
Jun 17 02:59:04.008918 np0000180917 nova-scheduler[112619]: DEBUG oslo.service.backend._threading.loopingcall [None req-6690e548-147f-48f0-8d42-76fcc6514f9e None None] Dynamic interval looping call 'nova.service.Service.periodic_tasks' sleeping for 60.00 seconds {{(pid=112619) _run_loop /opt/stack/data/venv/lib/python3.12/site-packages/oslo_service/backend/_threading/loopingcall.py:125}}
Jun 17 02:59:06.073439 np0000180917 nova-scheduler[112643]: DEBUG oslo.service.backend._threading.loopingcall [None req-d436929c-b955-4479-b0eb-ef9ef777c643 None None] Dynamic interval looping call 'nova.service.Service.periodic_tasks' sleeping for 60.00 seconds {{(pid=112643) _run_loop /opt/stack/data/venv/lib/python3.12/site-packages/oslo_service/backend/_threading/loopingcall.py:125}}
Jun 17 02:59:09.000931 np0000180917 nova-scheduler[112636]: DEBUG oslo.service.backend._threading.loopingcall [None req-30152cc6-8bb3-4f78-a88a-3ddb8dc478fb None None] Dynamic interval looping call 'nova.service.Service.periodic_tasks' sleeping for 60.00 seconds {{(pid=112636) _run_loop /opt/stack/data/venv/lib/python3.12/site-packages/oslo_service/backend/_threading/loopingcall.py:125}}
Jun 17 02:59:11.000087 np0000180917 nova-scheduler[112630]: DEBUG oslo.service.backend._threading.loopingcall [None req-52785930-3897-4fbc-96c5-070e345ef39a None None] Dynamic interval looping call 'nova.service.Service.periodic_tasks' sleeping for 60.00 seconds {{(pid=112630) _run_loop /opt/stack/data/venv/lib/python3.12/site-packages/oslo_service/backend/_threading/loopingcall.py:125}}
Jun 17 02:59:16.009059 np0000180917 nova-scheduler[112636]: DEBUG oslo.service.backend._threading.loopingcall [-] Fixed interval looping call 'nova.servicegroup.drivers.db.DbDriver._report_state' sleeping for 119.99 seconds {{(pid=112636) _run_loop /opt/stack/data/venv/lib/python3.12/site-packages/oslo_service/backend/_threading/loopingcall.py:125}}
Jun 17 02:59:16.009584 np0000180917 nova-scheduler[112630]: DEBUG oslo.service.backend._threading.loopingcall [-] Fixed interval looping call 'nova.servicegroup.drivers.db.DbDriver._report_state' sleeping for 119.99 seconds {{(pid=112630) _run_loop /opt/stack/data/venv/lib/python3.12/site-packages/oslo_service/backend/_threading/loopingcall.py:125}}
Jun 17 02:59:16.010657 np0000180917 nova-scheduler[112619]: DEBUG oslo.service.backend._threading.loopingcall [-] Fixed interval looping call 'nova.servicegroup.drivers.db.DbDriver._report_state' sleeping for 119.99 seconds {{(pid=112619) _run_loop /opt/stack/data/venv/lib/python3.12/site-packages/oslo_service/backend/_threading/loopingcall.py:125}}
Jun 17 02:59:16.079058 np0000180917 nova-scheduler[112643]: DEBUG oslo.service.backend._threading.loopingcall [-] Fixed interval looping call 'nova.servicegroup.drivers.db.DbDriver._report_state' sleeping for 119.99 seconds {{(pid=112643) _run_loop /opt/stack/data/venv/lib/python3.12/site-packages/oslo_service/backend/_threading/loopingcall.py:125}}
Jun 17 02:59:26.002548 np0000180917 nova-scheduler[112636]: DEBUG dbcounter [-] [112636] Writing DB stats nova_cell0:SELECT=1,nova_cell0:UPDATE=1 {{(pid=112636) stat_writer /opt/stack/data/venv/lib/python3.12/site-packages/dbcounter.py:115}}
Jun 17 02:59:26.003316 np0000180917 nova-scheduler[112630]: DEBUG dbcounter [-] [112630] Writing DB stats nova_cell0:SELECT=1,nova_cell0:UPDATE=1 {{(pid=112630) stat_writer /opt/stack/data/venv/lib/python3.12/site-packages/dbcounter.py:115}}
Jun 17 02:59:26.007188 np0000180917 nova-scheduler[112619]: DEBUG dbcounter [-] [112619] Writing DB stats nova_cell0:SELECT=1,nova_cell0:UPDATE=1 {{(pid=112619) stat_writer /opt/stack/data/venv/lib/python3.12/site-packages/dbcounter.py:115}}
Jun 17 02:59:26.075850 np0000180917 nova-scheduler[112643]: DEBUG dbcounter [-] [112643] Writing DB stats nova_cell0:SELECT=1 {{(pid=112643) stat_writer /opt/stack/data/venv/lib/python3.12/site-packages/dbcounter.py:115}}
Jun 17 03:00:04.009802 np0000180917 nova-scheduler[112619]: DEBUG oslo.service.backend._threading.loopingcall [None req-6690e548-147f-48f0-8d42-76fcc6514f9e None None] Dynamic interval looping call 'nova.service.Service.periodic_tasks' sleeping for 60.00 seconds {{(pid=112619) _run_loop /opt/stack/data/venv/lib/python3.12/site-packages/oslo_service/backend/_threading/loopingcall.py:125}}
Jun 17 03:00:06.074310 np0000180917 nova-scheduler[112643]: DEBUG oslo.service.backend._threading.loopingcall [None req-d436929c-b955-4479-b0eb-ef9ef777c643 None None] Dynamic interval looping call 'nova.service.Service.periodic_tasks' sleeping for 60.00 seconds {{(pid=112643) _run_loop /opt/stack/data/venv/lib/python3.12/site-packages/oslo_service/backend/_threading/loopingcall.py:125}}
Jun 17 03:00:09.001789 np0000180917 nova-scheduler[112636]: DEBUG oslo.service.backend._threading.loopingcall [None req-30152cc6-8bb3-4f78-a88a-3ddb8dc478fb None None] Dynamic interval looping call 'nova.service.Service.periodic_tasks' sleeping for 60.00 seconds {{(pid=112636) _run_loop /opt/stack/data/venv/lib/python3.12/site-packages/oslo_service/backend/_threading/loopingcall.py:125}}
Jun 17 03:00:11.001069 np0000180917 nova-scheduler[112630]: DEBUG oslo.service.backend._threading.loopingcall [None req-52785930-3897-4fbc-96c5-070e345ef39a None None] Dynamic interval looping call 'nova.service.Service.periodic_tasks' sleeping for 60.00 seconds {{(pid=112630) _run_loop /opt/stack/data/venv/lib/python3.12/site-packages/oslo_service/backend/_threading/loopingcall.py:125}}
Jun 17 03:01:04.010741 np0000180917 nova-scheduler[112619]: DEBUG oslo.service.backend._threading.loopingcall [None req-6690e548-147f-48f0-8d42-76fcc6514f9e None None] Dynamic interval looping call 'nova.service.Service.periodic_tasks' sleeping for 60.00 seconds {{(pid=112619) _run_loop /opt/stack/data/venv/lib/python3.12/site-packages/oslo_service/backend/_threading/loopingcall.py:125}}
Jun 17 03:01:06.075078 np0000180917 nova-scheduler[112643]: DEBUG oslo.service.backend._threading.loopingcall [None req-d436929c-b955-4479-b0eb-ef9ef777c643 None None] Dynamic interval looping call 'nova.service.Service.periodic_tasks' sleeping for 60.00 seconds {{(pid=112643) _run_loop /opt/stack/data/venv/lib/python3.12/site-packages/oslo_service/backend/_threading/loopingcall.py:125}}
Jun 17 03:01:09.002588 np0000180917 nova-scheduler[112636]: DEBUG oslo.service.backend._threading.loopingcall [None req-30152cc6-8bb3-4f78-a88a-3ddb8dc478fb None None] Dynamic interval looping call 'nova.service.Service.periodic_tasks' sleeping for 60.00 seconds {{(pid=112636) _run_loop /opt/stack/data/venv/lib/python3.12/site-packages/oslo_service/backend/_threading/loopingcall.py:125}}
Jun 17 03:01:11.002302 np0000180917 nova-scheduler[112630]: DEBUG oslo.service.backend._threading.loopingcall [None req-52785930-3897-4fbc-96c5-070e345ef39a None None] Dynamic interval looping call 'nova.service.Service.periodic_tasks' sleeping for 60.00 seconds {{(pid=112630) _run_loop /opt/stack/data/venv/lib/python3.12/site-packages/oslo_service/backend/_threading/loopingcall.py:125}}
Jun 17 03:01:16.011387 np0000180917 nova-scheduler[112630]: DEBUG oslo.service.backend._threading.loopingcall [-] Fixed interval looping call 'nova.servicegroup.drivers.db.DbDriver._report_state' sleeping for 119.99 seconds {{(pid=112630) _run_loop /opt/stack/data/venv/lib/python3.12/site-packages/oslo_service/backend/_threading/loopingcall.py:125}}
Jun 17 03:01:16.011828 np0000180917 nova-scheduler[112619]: DEBUG oslo.service.backend._threading.loopingcall [-] Fixed interval looping call 'nova.servicegroup.drivers.db.DbDriver._report_state' sleeping for 119.99 seconds {{(pid=112619) _run_loop /opt/stack/data/venv/lib/python3.12/site-packages/oslo_service/backend/_threading/loopingcall.py:125}}
Jun 17 03:01:16.012368 np0000180917 nova-scheduler[112636]: DEBUG oslo.service.backend._threading.loopingcall [-] Fixed interval looping call 'nova.servicegroup.drivers.db.DbDriver._report_state' sleeping for 119.99 seconds {{(pid=112636) _run_loop /opt/stack/data/venv/lib/python3.12/site-packages/oslo_service/backend/_threading/loopingcall.py:125}}
Jun 17 03:01:16.074313 np0000180917 nova-scheduler[112643]: DEBUG oslo.service.backend._threading.loopingcall [-] Fixed interval looping call 'nova.servicegroup.drivers.db.DbDriver._report_state' sleeping for 120.00 seconds {{(pid=112643) _run_loop /opt/stack/data/venv/lib/python3.12/site-packages/oslo_service/backend/_threading/loopingcall.py:125}}
Jun 17 03:01:26.006489 np0000180917 nova-scheduler[112619]: DEBUG dbcounter [-] [112619] Writing DB stats nova_cell0:SELECT=1,nova_cell0:UPDATE=1 {{(pid=112619) stat_writer /opt/stack/data/venv/lib/python3.12/site-packages/dbcounter.py:115}}
Jun 17 03:01:26.006915 np0000180917 nova-scheduler[112636]: DEBUG dbcounter [-] [112636] Writing DB stats nova_cell0:SELECT=1,nova_cell0:UPDATE=1 {{(pid=112636) stat_writer /opt/stack/data/venv/lib/python3.12/site-packages/dbcounter.py:115}}
Jun 17 03:01:26.007111 np0000180917 nova-scheduler[112630]: DEBUG dbcounter [-] [112630] Writing DB stats nova_cell0:SELECT=1,nova_cell0:UPDATE=1 {{(pid=112630) stat_writer /opt/stack/data/venv/lib/python3.12/site-packages/dbcounter.py:115}}
