2026-07-09 10:32:19.922 8 INFO neutron_taas.services.taas.tap_mirror_plugin [None req-933e49f3-3ff8-452d-8880-3ce32e232e18 d27968e23bdc4d07b9fe90d9ba6e8120 d355d1c4ee3840e5a07b7350b991a6cb - - default default] Tap Mirror: Handle Delete Port: 4a1ccc8d-a06c-4dcd-a007-1285ade34cb8 [pid: 7|app: 0|req: 600/1160] 199.19.213.18 () {34 vars in 1079 bytes} [Thu Jul 9 10:32:20 2026] GET /v2.0/ports?tenant_id=b1a5b71ad3c14316b2c1e60bedf648c7&device_id=e4441045-91f1-4851-9e1a-b80b0b731e36 => generated 1209 bytes in 30 msecs (HTTP/1.1 200) 4 headers in 158 bytes (1 switches on core 0) [pid: 7|app: 0|req: 603/1163] 199.19.213.18 () {34 vars in 985 bytes} [Thu Jul 9 10:32:20 2026] GET /v2.0/networks?id=480b816e-738e-4253-abe4-2b29206e6bf2 => generated 812 bytes in 42 msecs (HTTP/1.1 200) 4 headers in 157 bytes (1 switches on core 0) [pid: 7|app: 0|req: 604/1164] 199.19.213.18 () {34 vars in 1057 bytes} [Thu Jul 9 10:32:20 2026] GET /v2.0/floatingips?fixed_ip_address=10.100.0.8&port_id=645cf914-1125-47f9-b3a8-134402433e01 => generated 860 bytes in 33 msecs (HTTP/1.1 200) 4 headers in 157 bytes (1 switches on core 0) [pid: 7|app: 0|req: 605/1165] 199.19.213.18 () {34 vars in 983 bytes} [Thu Jul 9 10:32:20 2026] GET /v2.0/subnets?id=99b3d561-319b-41ee-b4c7-605a670141ca => generated 693 bytes in 22 msecs (HTTP/1.1 200) 4 headers in 157 bytes (1 switches on core 0) [pid: 7|app: 0|req: 606/1166] 199.19.213.18 () {34 vars in 1051 bytes} [Thu Jul 9 10:32:20 2026] GET /v2.0/ports?network_id=480b816e-738e-4253-abe4-2b29206e6bf2&device_owner=network%3Adhcp => generated 12 bytes in 15 msecs (HTTP/1.1 200) 4 headers in 156 bytes (1 switches on core 0) [pid: 7|app: 0|req: 607/1167] 199.19.213.18 () {34 vars in 1011 bytes} [Thu Jul 9 10:32:20 2026] GET /v2.0/networks/480b816e-738e-4253-abe4-2b29206e6bf2?fields=segments => generated 14 bytes in 30 msecs (HTTP/1.1 200) 4 headers in 156 bytes (1 switches on core 0) [pid: 8|app: 0|req: 561/1168] 10.0.0.119 () {34 vars in 789 bytes} [Thu Jul 9 10:32:19 2026] PUT /v2.0/routers/d7cbb212-2b7d-4fbc-bcef-a19550938c60/remove_router_interface => generated 309 bytes in 810 msecs (HTTP/1.1 200) 4 headers in 157 bytes (1 switches on core 0) [pid: 7|app: 0|req: 608/1169] 199.19.213.18 () {34 vars in 1111 bytes} [Thu Jul 9 10:32:20 2026] GET /v2.0/networks/480b816e-738e-4253-abe4-2b29206e6bf2?fields=provider%3Aphysical_network&fields=provider%3Anetwork_type => generated 79 bytes in 61 msecs (HTTP/1.1 200) 4 headers in 156 bytes (1 switches on core 0) /var/lib/openstack/lib/python3.12/site-packages/pycadf/identifier.py:70: UserWarning: Invalid uuid: neutron. To ensure interoperability, identifiers should be a valid uuid. warnings.warn(('Invalid uuid: %s. To ensure interoperability, '
2026-07-09 10:32:20.793 8 INFO neutron.db.ovn_revision_numbers_db [None req-ac29c751-7368-4a68-b910-57b082085e84 70e004340eef45ebaf13a850239456be 3058c64893ca4de3893f7d0f060d7149 - - default default] Successfully bumped revision number for resource c214da12-ddfb-46e1-a058-4007946042ee (type: security_groups) to 1
2026-07-09 10:32:20.805 8 INFO neutron.db.ovn_revision_numbers_db [None req-ac29c751-7368-4a68-b910-57b082085e84 70e004340eef45ebaf13a850239456be 3058c64893ca4de3893f7d0f060d7149 - - default default] Successfully bumped revision number for resource 334e50af-84a6-4017-b208-90dbe1b9b3ac (type: security_group_rules) to 0
2026-07-09 10:32:20.817 8 INFO neutron.db.ovn_revision_numbers_db [None req-ac29c751-7368-4a68-b910-57b082085e84 70e004340eef45ebaf13a850239456be 3058c64893ca4de3893f7d0f060d7149 - - default default] Successfully bumped revision number for resource 783e35f5-471f-472c-bb7c-b106a4a580d8 (type: security_group_rules) to 0
2026-07-09 10:32:20.817 7 INFO neutron_taas.services.taas.taas_plugin [None req-56a7b2df-4854-4958-8005-2ef8760ddb51 d27968e23bdc4d07b9fe90d9ba6e8120 d355d1c4ee3840e5a07b7350b991a6cb - - default default] TaaS: Handle Delete Port: 9e830dce-fc8d-47ee-84b6-2b5b8113c290
2026-07-09 10:32:20.820 7 INFO neutron_taas.services.taas.tap_mirror_plugin [None req-56a7b2df-4854-4958-8005-2ef8760ddb51 d27968e23bdc4d07b9fe90d9ba6e8120 d355d1c4ee3840e5a07b7350b991a6cb - - default default] Tap Mirror: Handle Delete Port: 9e830dce-fc8d-47ee-84b6-2b5b8113c290
2026-07-09 10:32:20.828 8 INFO neutron.db.ovn_revision_numbers_db [None req-ac29c751-7368-4a68-b910-57b082085e84 70e004340eef45ebaf13a850239456be 3058c64893ca4de3893f7d0f060d7149 - - default default] Successfully bumped revision number for resource a93cc8c4-2421-449e-8828-3fdbd7034f95 (type: security_group_rules) to 0
2026-07-09 10:32:20.840 8 INFO neutron.db.ovn_revision_numbers_db [None req-ac29c751-7368-4a68-b910-57b082085e84 70e004340eef45ebaf13a850239456be 3058c64893ca4de3893f7d0f060d7149 - - default default] Successfully bumped revision number for resource ab41768a-47a8-47ea-8fc3-f35d0db13814 (type: security_group_rules) to 0
2026-07-09 10:32:20.910 8 INFO neutron.db.segments_db [None req-ac29c751-7368-4a68-b910-57b082085e84 70e004340eef45ebaf13a850239456be 3058c64893ca4de3893f7d0f060d7149 - - default default] Added segment fe2c8ad3-e61e-4614-b4d1-82b2172e58fa of type geneve for network 55cf81d7-6174-47d8-9ae9-5b1e0b3d3241
2026-07-09 10:32:21.052 8 INFO neutron.db.ovn_revision_numbers_db [None req-ac29c751-7368-4a68-b910-57b082085e84 70e004340eef45ebaf13a850239456be 3058c64893ca4de3893f7d0f060d7149 - - default default] Successfully bumped revision number for resource 55cf81d7-6174-47d8-9ae9-5b1e0b3d3241 (type: networks) to 1 [pid: 7|app: 0|req: 609/1170] 10.0.0.119 () {32 vars in 724 bytes} [Thu Jul 9 10:32:20 2026] DELETE /v2.0/routers/d7cbb212-2b7d-4fbc-bcef-a19550938c60 => generated 0 bytes in 687 msecs (HTTP/1.1 204) 2 headers in 112 bytes (1 switches on core 0)
2026-07-09 10:32:21.265 8 WARNING neutron.scheduler.dhcp_agent_scheduler [None req-ac29c751-7368-4a68-b910-57b082085e84 70e004340eef45ebaf13a850239456be 3058c64893ca4de3893f7d0f060d7149 - - default default] No more DHCP agents
2026-07-09 10:32:21.266 8 WARNING neutron.api.rpc.agentnotifiers.dhcp_rpc_agent_api [None req-ac29c751-7368-4a68-b910-57b082085e84 70e004340eef45ebaf13a850239456be 3058c64893ca4de3893f7d0f060d7149 - - default default] Unable to schedule network 55cf81d7-6174-47d8-9ae9-5b1e0b3d3241: no agents available; will retry on subsequent port and subnet creation events. [pid: 7|app: 0|req: 610/1171] 10.0.0.119 () {32 vars in 740 bytes} [Thu Jul 9 10:32:21 2026] DELETE /v2.0/security-groups/9a218b3f-60f6-4317-969e-d311643650f2 => generated 0 bytes in 118 msecs (HTTP/1.1 204) 2 headers in 112 bytes (1 switches on core 0)
2026-07-09 10:32:21.330 8 INFO neutron.plugins.ml2.drivers.ovn.mech_driver.mech_driver [None req-5571545e-e927-4b53-a596-e528bcdbf26a - - - - - -] OVN reports status down for port: 4e843876-eda0-42cb-9532-d4511811c249
2026-07-09 10:32:21.382 8 INFO neutron.db.ovn_revision_numbers_db [None req-ac29c751-7368-4a68-b910-57b082085e84 70e004340eef45ebaf13a850239456be 3058c64893ca4de3893f7d0f060d7149 - - default default] Successfully bumped revision number for resource 4e843876-eda0-42cb-9532-d4511811c249 (type: ports) to 1 [pid: 8|app: 0|req: 562/1172] 10.0.0.119 () {34 vars in 670 bytes} [Thu Jul 9 10:32:20 2026] POST /v2.0/networks => generated 686 bytes in 956 msecs (HTTP/1.1 201) 4 headers in 162 bytes (1 switches on core 0)
2026-07-09 10:32:21.440 8 INFO neutron.api.v2.resource [None req-e04d5622-1472-42f6-af72-538014c4e43f 1ae9d6d41a214c0680f6342fdf32d864 46b9eea29e2f40d6b3e068409491897d - - default default] show failed (client error): The resource could not be found. [pid: 8|app: 0|req: 563/1173] 10.0.0.119 () {32 vars in 737 bytes} [Thu Jul 9 10:32:21 2026] GET /v2.0/security-groups/9a218b3f-60f6-4317-969e-d311643650f2 => generated 146 bytes in 9 msecs (HTTP/1.1 404) 4 headers in 164 bytes (1 switches on core 0) [pid: 7|app: 0|req: 611/1174] 10.0.0.119 () {32 vars in 724 bytes} [Thu Jul 9 10:32:21 2026] DELETE /v2.0/subnets/4437e8ad-eb95-4d10-a9be-812287c2eb29 => generated 0 bytes in 181 msecs (HTTP/1.1 204) 3 headers in 131 bytes (1 switches on core 0)
2026-07-09 10:32:21.597 8 INFO neutron_taas.services.taas.taas_plugin [None req-fba3e523-5ae7-4d87-97da-2ecc43f626b8 1ae9d6d41a214c0680f6342fdf32d864 46b9eea29e2f40d6b3e068409491897d - - default default] TaaS: Handle Delete Port: 03e84ef2-2bdd-4d8f-a646-71803e6463f5
2026-07-09 10:32:21.600 8 INFO neutron_taas.services.taas.tap_mirror_plugin [None req-fba3e523-5ae7-4d87-97da-2ecc43f626b8 1ae9d6d41a214c0680f6342fdf32d864 46b9eea29e2f40d6b3e068409491897d - - default default] Tap Mirror: Handle Delete Port: 03e84ef2-2bdd-4d8f-a646-71803e6463f5 [pid: 8|app: 0|req: 564/1175] 10.0.0.119 () {32 vars in 732 bytes} [Thu Jul 9 10:32:21 2026] DELETE /v2.0/floatingips/f7917c3d-ecef-4483-bd3f-a39efe1647d1 => generated 0 bytes in 291 msecs (HTTP/1.1 204) 2 headers in 112 bytes (1 switches on core 0)
2026-07-09 10:32:22.039 7 INFO neutron_taas.services.taas.taas_plugin [None req-328ea4d2-9ea2-46ef-9862-bbd321941300 d27968e23bdc4d07b9fe90d9ba6e8120 d355d1c4ee3840e5a07b7350b991a6cb - - default default] TaaS: Handle Delete Port: 8009d7f5-d433-4f56-b818-bce8e85bbd89
2026-07-09 10:32:22.041 7 INFO neutron_taas.services.taas.tap_mirror_plugin [None req-328ea4d2-9ea2-46ef-9862-bbd321941300 d27968e23bdc4d07b9fe90d9ba6e8120 d355d1c4ee3840e5a07b7350b991a6cb - - default default] Tap Mirror: Handle Delete Port: 8009d7f5-d433-4f56-b818-bce8e85bbd89
2026-07-09 10:32:22.167 8 INFO neutron_taas.services.taas.taas_plugin [None req-e2d8e27a-0009-404e-a91f-6a8ac91b9cf3 d27968e23bdc4d07b9fe90d9ba6e8120 d355d1c4ee3840e5a07b7350b991a6cb - - default default] TaaS: Handle Delete Port: 68ee3732-d440-465a-bcc8-2b9950ed3dda
2026-07-09 10:32:22.170 8 INFO neutron_taas.services.taas.tap_mirror_plugin [None req-e2d8e27a-0009-404e-a91f-6a8ac91b9cf3 d27968e23bdc4d07b9fe90d9ba6e8120 d355d1c4ee3840e5a07b7350b991a6cb - - default default] Tap Mirror: Handle Delete Port: 68ee3732-d440-465a-bcc8-2b9950ed3dda
2026-07-09 10:32:22.210 7 INFO neutron.services.segments.plugin [-] Segment c092676e-de1b-4256-ba03-84426ead18a0 resource provider aggregate not found
2026-07-09 10:32:22.215 7 INFO neutron.services.segments.plugin [-] Segment c092676e-de1b-4256-ba03-84426ead18a0 resource provider aggregate not found
2026-07-09 10:32:22.231 7 INFO neutron.services.segments.plugin [-] Client error retrieving segment c092676e-de1b-4256-ba03-84426ead18a0 resource provider; error: Placement Client Error (4xx): {"errors": [{"status": 404, "title": "Not Found", "detail": "The resource could not be found.\n\n No resource provider with uuid c092676e-de1b-4256-ba03-84426ead18a0 found for delete ", "request_id": "req-994bf14d-b2a6-4b91-b62c-620a89058cf3"}]}
2026-07-09 10:32:22.233 7 INFO neutron.services.segments.plugin [-] Client error retrieving segment c092676e-de1b-4256-ba03-84426ead18a0 resource provider; error: Placement Client Error (4xx): {"errors": [{"status": 404, "title": "Not Found", "detail": "The resource could not be found.\n\n No resource provider with uuid c092676e-de1b-4256-ba03-84426ead18a0 found for delete ", "request_id": "req-5c2f097f-7654-4b9d-9641-635a41adf472"}]} [pid: 7|app: 0|req: 612/1176] 10.0.0.119 () {32 vars in 726 bytes} [Thu Jul 9 10:32:21 2026] DELETE /v2.0/networks/438f439f-a7cc-4af9-abde-869c66a73c31 => generated 0 bytes in 749 msecs (HTTP/1.1 204) 3 headers in 131 bytes (1 switches on core 0)
2026-07-09 10:32:22.412 7 WARNING neutron.scheduler.dhcp_agent_scheduler [None req-6acb8692-95f2-4bf8-8cc1-ded85fac7de0 70e004340eef45ebaf13a850239456be 3058c64893ca4de3893f7d0f060d7149 - - default default] No more DHCP agents
2026-07-09 10:32:22.414 7 WARNING neutron.api.rpc.agentnotifiers.dhcp_rpc_agent_api [None req-6acb8692-95f2-4bf8-8cc1-ded85fac7de0 70e004340eef45ebaf13a850239456be 3058c64893ca4de3893f7d0f060d7149 - - default default] Unable to schedule network 55cf81d7-6174-47d8-9ae9-5b1e0b3d3241: no agents available; will retry on subsequent port and subnet creation events.
2026-07-09 10:32:22.444 7 INFO neutron.db.ovn_revision_numbers_db [None req-6acb8692-95f2-4bf8-8cc1-ded85fac7de0 70e004340eef45ebaf13a850239456be 3058c64893ca4de3893f7d0f060d7149 - - default default] Successfully bumped revision number for resource a1cd302b-9385-41f4-bd01-e4da9965014c (type: subnets) to 0 [pid: 7|app: 0|req: 613/1177] 10.0.0.119 () {34 vars in 669 bytes} [Thu Jul 9 10:32:22 2026] POST /v2.0/subnets => generated 673 bytes in 216 msecs (HTTP/1.1 201) 4 headers in 162 bytes (1 switches on core 0) [pid: 7|app: 0|req: 614/1178] 10.0.0.119 () {32 vars in 774 bytes} [Thu Jul 9 10:32:22 2026] GET /v2.0/security-groups?tenant_id=71f03d6729d24d6dac94334330c9d4ed&name=default => generated 2925 bytes in 25 msecs (HTTP/1.1 200) 4 headers in 158 bytes (1 switches on core 0)
2026-07-09 10:32:22.575 7 INFO neutron.db.segments_db [None req-84f9d15d-5ce7-422b-9c33-418ffd6ee2bc 70e004340eef45ebaf13a850239456be 3058c64893ca4de3893f7d0f060d7149 - - default default] Added segment 3352fea9-8e62-4914-ad0b-156fe3522926 of type geneve for network e273666f-ffe2-4ab2-807e-2f87534ba3d4
2026-07-09 10:32:22.691 7 INFO neutron.db.ovn_revision_numbers_db [None req-84f9d15d-5ce7-422b-9c33-418ffd6ee2bc 70e004340eef45ebaf13a850239456be 3058c64893ca4de3893f7d0f060d7149 - - default default] Successfully bumped revision number for resource e273666f-ffe2-4ab2-807e-2f87534ba3d4 (type: networks) to 1 [pid: 8|app: 0|req: 565/1179] 10.0.0.119 () {34 vars in 789 bytes} [Thu Jul 9 10:32:21 2026] PUT /v2.0/routers/25f8dabe-5ebb-4b6e-b5b2-cd86e7689a0a/remove_router_interface => generated 309 bytes in 962 msecs (HTTP/1.1 200) 4 headers in 157 bytes (1 switches on core 0) /var/lib/openstack/lib/python3.12/site-packages/pycadf/identifier.py:70: UserWarning: Invalid uuid: neutron. To ensure interoperability, identifiers should be a valid uuid. warnings.warn(('Invalid uuid: %s. To ensure interoperability, '
2026-07-09 10:32:22.915 7 WARNING neutron.scheduler.dhcp_agent_scheduler [None req-84f9d15d-5ce7-422b-9c33-418ffd6ee2bc 70e004340eef45ebaf13a850239456be 3058c64893ca4de3893f7d0f060d7149 - - default default] No more DHCP agents
2026-07-09 10:32:22.917 7 WARNING neutron.api.rpc.agentnotifiers.dhcp_rpc_agent_api [None req-84f9d15d-5ce7-422b-9c33-418ffd6ee2bc 70e004340eef45ebaf13a850239456be 3058c64893ca4de3893f7d0f060d7149 - - default default] Unable to schedule network e273666f-ffe2-4ab2-807e-2f87534ba3d4: no agents available; will retry on subsequent port and subnet creation events.
2026-07-09 10:32:22.984 8 INFO neutron.plugins.ml2.drivers.ovn.mech_driver.mech_driver [None req-5571545e-e927-4b53-a596-e528bcdbf26a - - - - - -] OVN reports status down for port: c4cb9060-8641-408c-998e-1f1520487e66
2026-07-09 10:32:22.988 7 INFO neutron.db.ovn_revision_numbers_db [None req-84f9d15d-5ce7-422b-9c33-418ffd6ee2bc 70e004340eef45ebaf13a850239456be 3058c64893ca4de3893f7d0f060d7149 - - default default] Successfully bumped revision number for resource c4cb9060-8641-408c-998e-1f1520487e66 (type: ports) to 1 [pid: 7|app: 0|req: 615/1180] 10.0.0.119 () {34 vars in 670 bytes} [Thu Jul 9 10:32:22 2026] POST /v2.0/networks => generated 686 bytes in 526 msecs (HTTP/1.1 201) 4 headers in 162 bytes (1 switches on core 0) [pid: 8|app: 0|req: 566/1181] 10.0.0.119 () {32 vars in 740 bytes} [Thu Jul 9 10:32:22 2026] DELETE /v2.0/security-groups/c298f5ae-1d44-4c1c-9144-e6570f0248f0 => generated 0 bytes in 297 msecs (HTTP/1.1 204) 2 headers in 112 bytes (1 switches on core 0)
2026-07-09 10:32:23.217 8 INFO neutron.db.ovn_revision_numbers_db [None req-7d3e7b7d-3e3e-4d51-bbc9-0490860e06c3 70e004340eef45ebaf13a850239456be 3058c64893ca4de3893f7d0f060d7149 - - default default] Successfully bumped revision number for resource e273666f-ffe2-4ab2-807e-2f87534ba3d4 (type: networks) to 2 [pid: 8|app: 0|req: 567/1182] 10.0.0.119 () {34 vars in 743 bytes} [Thu Jul 9 10:32:23 2026] PUT /v2.0/networks/e273666f-ffe2-4ab2-807e-2f87534ba3d4 => generated 636 bytes in 140 msecs (HTTP/1.1 200) 4 headers in 157 bytes (1 switches on core 0)
2026-07-09 10:32:23.317 7 INFO neutron_taas.services.taas.taas_plugin [None req-d286aad0-ee9a-4776-babf-64e0c6ea1a74 d27968e23bdc4d07b9fe90d9ba6e8120 d355d1c4ee3840e5a07b7350b991a6cb - - default default] TaaS: Handle Delete Port: 30e1c6ed-f9de-4458-8ae7-069763f41c8b
2026-07-09 10:32:23.320 7 INFO neutron_taas.services.taas.tap_mirror_plugin [None req-d286aad0-ee9a-4776-babf-64e0c6ea1a74 d27968e23bdc4d07b9fe90d9ba6e8120 d355d1c4ee3840e5a07b7350b991a6cb - - default default] Tap Mirror: Handle Delete Port: 30e1c6ed-f9de-4458-8ae7-069763f41c8b
2026-07-09 10:32:23.426 8 WARNING neutron.scheduler.dhcp_agent_scheduler [None req-8b3644f3-6dcf-4193-b4cb-476a3a04c1da 70e004340eef45ebaf13a850239456be 3058c64893ca4de3893f7d0f060d7149 - - default default] No more DHCP agents
2026-07-09 10:32:23.427 8 WARNING neutron.api.rpc.agentnotifiers.dhcp_rpc_agent_api [None req-8b3644f3-6dcf-4193-b4cb-476a3a04c1da 70e004340eef45ebaf13a850239456be 3058c64893ca4de3893f7d0f060d7149 - - default default] Unable to schedule network e273666f-ffe2-4ab2-807e-2f87534ba3d4: no agents available; will retry on subsequent port and subnet creation events.
2026-07-09 10:32:23.460 8 INFO neutron.db.ovn_revision_numbers_db [None req-8b3644f3-6dcf-4193-b4cb-476a3a04c1da 70e004340eef45ebaf13a850239456be 3058c64893ca4de3893f7d0f060d7149 - - default default] Successfully bumped revision number for resource 2dc1116b-5d16-483d-9330-b0b18ca4f22f (type: subnets) to 0 [pid: 8|app: 0|req: 568/1183] 10.0.0.119 () {34 vars in 669 bytes} [Thu Jul 9 10:32:23 2026] POST /v2.0/subnets => generated 646 bytes in 249 msecs (HTTP/1.1 201) 4 headers in 162 bytes (1 switches on core 0) [pid: 7|app: 0|req: 616/1184] 10.0.0.119 () {32 vars in 724 bytes} [Thu Jul 9 10:32:23 2026] DELETE /v2.0/routers/25f8dabe-5ebb-4b6e-b5b2-cd86e7689a0a => generated 0 bytes in 721 msecs (HTTP/1.1 204) 2 headers in 112 bytes (1 switches on core 0) [pid: 7|app: 0|req: 617/1185] 10.0.0.119 () {32 vars in 724 bytes} [Thu Jul 9 10:32:23 2026] DELETE /v2.0/subnets/59aa9441-276e-45a9-8dca-3e1955743586 => generated 0 bytes in 132 msecs (HTTP/1.1 204) 3 headers in 131 bytes (1 switches on core 0)
2026-07-09 10:32:23.992 7 INFO neutron_taas.services.taas.taas_plugin [None req-1562244b-604d-4b87-9b74-54f0aaa124df d27968e23bdc4d07b9fe90d9ba6e8120 d355d1c4ee3840e5a07b7350b991a6cb - - default default] TaaS: Handle Delete Port: 98547dd2-46e0-4f97-b1f4-d6c12dfab831
2026-07-09 10:32:23.994 7 INFO neutron_taas.services.taas.tap_mirror_plugin [None req-1562244b-604d-4b87-9b74-54f0aaa124df d27968e23bdc4d07b9fe90d9ba6e8120 d355d1c4ee3840e5a07b7350b991a6cb - - default default] Tap Mirror: Handle Delete Port: 98547dd2-46e0-4f97-b1f4-d6c12dfab831
2026-07-09 10:32:24.138 8 INFO neutron.db.ovn_revision_numbers_db [None req-1fe1763e-fae9-4338-8294-efab762df0d2 - - - - - -] Successfully bumped revision number for resource c4cb9060-8641-408c-998e-1f1520487e66 (type: ports) to 2 [pid: 7|app: 0|req: 618/1186] 10.0.0.119 () {32 vars in 726 bytes} [Thu Jul 9 10:32:23 2026] DELETE /v2.0/networks/52f8888f-ea81-4667-8918-2adbfbf12428 => generated 0 bytes in 312 msecs (HTTP/1.1 204) 3 headers in 131 bytes (1 switches on core 0)
2026-07-09 10:32:24.187 8 INFO neutron.db.ovn_revision_numbers_db [None req-1fe1763e-fae9-4338-8294-efab762df0d2 - - - - - -] Successfully bumped revision number for resource 2dc1116b-5d16-483d-9330-b0b18ca4f22f (type: subnets) to 1 [pid: 8|app: 0|req: 569/1187] 10.0.0.119 () {34 vars in 741 bytes} [Thu Jul 9 10:32:23 2026] PUT /v2.0/subnets/2dc1116b-5d16-483d-9330-b0b18ca4f22f => generated 656 bytes in 715 msecs (HTTP/1.1 200) 4 headers in 157 bytes (1 switches on core 0)
2026-07-09 10:32:24.252 7 INFO neutron.services.segments.plugin [-] Segment 57c0f42f-9d72-4e86-95c3-261fced98a8e resource provider aggregate not found
2026-07-09 10:32:24.255 7 INFO neutron.services.segments.plugin [-] Segment 57c0f42f-9d72-4e86-95c3-261fced98a8e resource provider aggregate not found
2026-07-09 10:32:24.273 7 INFO neutron.services.segments.plugin [-] Client error retrieving segment 57c0f42f-9d72-4e86-95c3-261fced98a8e resource provider; error: Placement Client Error (4xx): {"errors": [{"status": 404, "title": "Not Found", "detail": "The resource could not be found.\n\n No resource provider with uuid 57c0f42f-9d72-4e86-95c3-261fced98a8e found for delete ", "request_id": "req-0f7f93f5-b6c9-41fa-b7e2-b8433edaa876"}]}
2026-07-09 10:32:24.274 7 INFO neutron.services.segments.plugin [-] Client error retrieving segment 57c0f42f-9d72-4e86-95c3-261fced98a8e resource provider; error: Placement Client Error (4xx): {"errors": [{"status": 404, "title": "Not Found", "detail": "The resource could not be found.\n\n No resource provider with uuid 57c0f42f-9d72-4e86-95c3-261fced98a8e found for delete ", "request_id": "req-09dc2352-35f0-41c2-9a9c-c817829dc2d6"}]} [pid: 8|app: 0|req: 570/1188] 10.0.0.119 () {32 vars in 774 bytes} [Thu Jul 9 10:32:24 2026] GET /v2.0/security-groups?tenant_id=46b9eea29e2f40d6b3e068409491897d&name=default => generated 2925 bytes in 33 msecs (HTTP/1.1 200) 4 headers in 158 bytes (1 switches on core 0)
2026-07-09 10:32:24.367 7 INFO neutron_taas.services.taas.taas_plugin [None req-14e17781-5a36-468e-bb94-a4ab78655d0b 70e004340eef45ebaf13a850239456be 3058c64893ca4de3893f7d0f060d7149 - - default default] TaaS: Handle Delete Port: c4cb9060-8641-408c-998e-1f1520487e66
2026-07-09 10:32:24.369 7 INFO neutron_taas.services.taas.tap_mirror_plugin [None req-14e17781-5a36-468e-bb94-a4ab78655d0b 70e004340eef45ebaf13a850239456be 3058c64893ca4de3893f7d0f060d7149 - - default default] Tap Mirror: Handle Delete Port: c4cb9060-8641-408c-998e-1f1520487e66 [pid: 8|app: 0|req: 571/1189] 10.0.0.119 () {32 vars in 740 bytes} [Thu Jul 9 10:32:24 2026] DELETE /v2.0/security-groups/eb88c6e5-87c7-411b-a0b5-8bbd35302b21 => generated 0 bytes in 277 msecs (HTTP/1.1 204) 2 headers in 112 bytes (1 switches on core 0) [pid: 7|app: 0|req: 619/1190] 10.0.0.119 () {32 vars in 726 bytes} [Thu Jul 9 10:32:24 2026] DELETE /v2.0/networks/e273666f-ffe2-4ab2-807e-2f87534ba3d4 => generated 0 bytes in 461 msecs (HTTP/1.1 204) 3 headers in 131 bytes (1 switches on core 0)
2026-07-09 10:32:24.677 8 INFO neutron.pecan_wsgi.hooks.translation [None req-8b827151-4ddb-4565-acda-dedd3be230c0 70e004340eef45ebaf13a850239456be 3058c64893ca4de3893f7d0f060d7149 - - default default] DELETE failed (client error): The resource could not be found. [pid: 8|app: 0|req: 572/1191] 10.0.0.119 () {32 vars in 726 bytes} [Thu Jul 9 10:32:24 2026] DELETE /v2.0/networks/e273666f-ffe2-4ab2-807e-2f87534ba3d4 => generated 138 bytes in 16 msecs (HTTP/1.1 404) 4 headers in 164 bytes (1 switches on core 0) [pid: 7|app: 0|req: 620/1192] 10.0.0.119 () {32 vars in 694 bytes} [Thu Jul 9 10:32:24 2026] GET /v2.0/networks?router%3Aexternal=True => generated 689 bytes in 61 msecs (HTTP/1.1 200) 4 headers in 157 bytes (1 switches on core 0) [pid: 8|app: 0|req: 573/1193] 10.0.0.119 () {32 vars in 742 bytes} [Thu Jul 9 10:32:24 2026] GET /v2.0/subnets?network_id=d052ba1f-00f4-4837-b621-9f3530b6c894 => generated 649 bytes in 38 msecs (HTTP/1.1 200) 4 headers in 157 bytes (1 switches on core 0) [pid: 7|app: 0|req: 621/1194] 10.0.0.119 () {32 vars in 653 bytes} [Thu Jul 9 10:32:24 2026] GET /v2.0/extensions => generated 20541 bytes in 7 msecs (HTTP/1.1 200) 4 headers in 159 bytes (1 switches on core 0) [pid: 8|app: 0|req: 574/1195] 10.0.0.119 () {32 vars in 649 bytes} [Thu Jul 9 10:32:24 2026] GET /v2.0/networks => generated 1389 bytes in 64 msecs (HTTP/1.1 200) 4 headers in 158 bytes (1 switches on core 0) [pid: 7|app: 0|req: 622/1196] 10.0.0.119 () {32 vars in 647 bytes} [Thu Jul 9 10:32:24 2026] GET /v2.0/subnets => generated 1312 bytes in 42 msecs (HTTP/1.1 200) 4 headers in 158 bytes (1 switches on core 0) [pid: 8|app: 0|req: 575/1197] 10.0.0.119 () {32 vars in 723 bytes} [Thu Jul 9 10:32:24 2026] GET /v2.0/networks/55cf81d7-6174-47d8-9ae9-5b1e0b3d3241 => generated 711 bytes in 44 msecs (HTTP/1.1 200) 4 headers in 157 bytes (1 switches on core 0) [pid: 7|app: 0|req: 623/1198] 10.0.0.119 () {32 vars in 721 bytes} [Thu Jul 9 10:32:24 2026] GET /v2.0/subnets/a1cd302b-9385-41f4-bd01-e4da9965014c => generated 673 bytes in 42 msecs (HTTP/1.1 200) 4 headers in 157 bytes (1 switches on core 0)
2026-07-09 10:32:25.044 8 INFO neutron.pecan_wsgi.hooks.translation [None req-c8d357f2-047b-4e01-a578-04294f67b838 70e004340eef45ebaf13a850239456be 3058c64893ca4de3893f7d0f060d7149 - - default default] DELETE failed (client error): The resource could not be found. [pid: 8|app: 0|req: 576/1199] 10.0.0.119 () {32 vars in 724 bytes} [Thu Jul 9 10:32:25 2026] DELETE /v2.0/subnets/2dc1116b-5d16-483d-9330-b0b18ca4f22f => generated 136 bytes in 16 msecs (HTTP/1.1 404) 4 headers in 164 bytes (1 switches on core 0)
2026-07-09 10:32:25.074 7 INFO neutron.pecan_wsgi.hooks.translation [None req-932b87b4-e462-4dba-8504-cc387a27bf6e 70e004340eef45ebaf13a850239456be 3058c64893ca4de3893f7d0f060d7149 - - default default] DELETE failed (client error): The resource could not be found. [pid: 7|app: 0|req: 624/1200] 10.0.0.119 () {32 vars in 726 bytes} [Thu Jul 9 10:32:25 2026] DELETE /v2.0/networks/e273666f-ffe2-4ab2-807e-2f87534ba3d4 => generated 138 bytes in 17 msecs (HTTP/1.1 404) 4 headers in 164 bytes (1 switches on core 0) [pid: 8|app: 0|req: 577/1201] 10.0.0.119 () {32 vars in 724 bytes} [Thu Jul 9 10:32:25 2026] DELETE /v2.0/subnets/a1cd302b-9385-41f4-bd01-e4da9965014c => generated 0 bytes in 179 msecs (HTTP/1.1 204) 3 headers in 131 bytes (1 switches on core 0)
2026-07-09 10:32:25.378 7 INFO neutron_taas.services.taas.taas_plugin [None req-a7831bee-daa7-4b08-9921-7b1433d61a3a 70e004340eef45ebaf13a850239456be 3058c64893ca4de3893f7d0f060d7149 - - default default] TaaS: Handle Delete Port: 4e843876-eda0-42cb-9532-d4511811c249
2026-07-09 10:32:25.381 7 INFO neutron_taas.services.taas.tap_mirror_plugin [None req-a7831bee-daa7-4b08-9921-7b1433d61a3a 70e004340eef45ebaf13a850239456be 3058c64893ca4de3893f7d0f060d7149 - - default default] Tap Mirror: Handle Delete Port: 4e843876-eda0-42cb-9532-d4511811c249 [pid: 7|app: 0|req: 625/1202] 10.0.0.119 () {32 vars in 726 bytes} [Thu Jul 9 10:32:25 2026] DELETE /v2.0/networks/55cf81d7-6174-47d8-9ae9-5b1e0b3d3241 => generated 0 bytes in 373 msecs (HTTP/1.1 204) 3 headers in 131 bytes (1 switches on core 0)
2026-07-09 10:32:26.296 7 INFO neutron.services.segments.plugin [-] Segment 3352fea9-8e62-4914-ad0b-156fe3522926 resource provider aggregate not found
2026-07-09 10:32:26.299 7 INFO neutron.services.segments.plugin [-] Segment 3352fea9-8e62-4914-ad0b-156fe3522926 resource provider aggregate not found
2026-07-09 10:32:26.309 7 INFO neutron.services.segments.plugin [-] Client error retrieving segment 3352fea9-8e62-4914-ad0b-156fe3522926 resource provider; error: Placement Client Error (4xx): {"errors": [{"status": 404, "title": "Not Found", "detail": "The resource could not be found.\n\n No resource provider with uuid 3352fea9-8e62-4914-ad0b-156fe3522926 found for delete ", "request_id": "req-75eda229-9f47-46ab-9d05-cad08cb44771"}]}
2026-07-09 10:32:26.312 7 INFO neutron.services.segments.plugin [-] Client error retrieving segment 3352fea9-8e62-4914-ad0b-156fe3522926 resource provider; error: Placement Client Error (4xx): {"errors": [{"status": 404, "title": "Not Found", "detail": "The resource could not be found.\n\n No resource provider with uuid 3352fea9-8e62-4914-ad0b-156fe3522926 found for delete ", "request_id": "req-9f67068b-c23f-4547-985b-677d923e2d48"}]}
2026-07-09 10:32:26.322 7 INFO neutron.services.segments.plugin [-] Segment fe2c8ad3-e61e-4614-b4d1-82b2172e58fa resource provider aggregate not found
2026-07-09 10:32:26.328 7 INFO neutron.services.segments.plugin [-] Segment fe2c8ad3-e61e-4614-b4d1-82b2172e58fa resource provider aggregate not found
2026-07-09 10:32:26.341 7 INFO neutron.services.segments.plugin [-] Client error retrieving segment fe2c8ad3-e61e-4614-b4d1-82b2172e58fa resource provider; error: Placement Client Error (4xx): {"errors": [{"status": 404, "title": "Not Found", "detail": "The resource could not be found.\n\n No resource provider with uuid fe2c8ad3-e61e-4614-b4d1-82b2172e58fa found for delete ", "request_id": "req-1282d8f5-f34c-4119-b883-35bc8903f313"}]}
2026-07-09 10:32:26.345 7 INFO neutron.services.segments.plugin [-] Client error retrieving segment fe2c8ad3-e61e-4614-b4d1-82b2172e58fa resource provider; error: Placement Client Error (4xx): {"errors": [{"status": 404, "title": "Not Found", "detail": "The resource could not be found.\n\n No resource provider with uuid fe2c8ad3-e61e-4614-b4d1-82b2172e58fa found for delete ", "request_id": "req-9b6f1f97-83d5-4cdc-bfcd-d16320f7a7c1"}]} [pid: 8|app: 0|req: 578/1203] 10.0.0.119 () {32 vars in 774 bytes} [Thu Jul 9 10:32:26 2026] GET /v2.0/security-groups?tenant_id=3058c64893ca4de3893f7d0f060d7149&name=default => generated 2925 bytes in 237 msecs (HTTP/1.1 200) 4 headers in 158 bytes (1 switches on core 0) [pid: 7|app: 0|req: 626/1204] 10.0.0.119 () {32 vars in 740 bytes} [Thu Jul 9 10:32:26 2026] DELETE /v2.0/security-groups/c214da12-ddfb-46e1-a058-4007946042ee => generated 0 bytes in 231 msecs (HTTP/1.1 204) 2 headers in 112 bytes (1 switches on core 0)
2026-07-09 10:32:27.681 8 INFO neutron.db.ovn_revision_numbers_db [None req-fc7d8fbe-db45-4c6c-98a5-dd3bbb9e9c1b d27968e23bdc4d07b9fe90d9ba6e8120 d355d1c4ee3840e5a07b7350b991a6cb - - default default] Successfully bumped revision number for resource 07e93e19-c61c-46d0-8a51-283cb3363cf2 (type: security_groups) to 1
2026-07-09 10:32:27.695 8 INFO neutron.db.ovn_revision_numbers_db [None req-fc7d8fbe-db45-4c6c-98a5-dd3bbb9e9c1b d27968e23bdc4d07b9fe90d9ba6e8120 d355d1c4ee3840e5a07b7350b991a6cb - - default default] Successfully bumped revision number for resource 538e157f-b733-467c-a1f1-5a35ccd1bddc (type: security_group_rules) to 0
2026-07-09 10:32:27.713 8 INFO neutron.db.ovn_revision_numbers_db [None req-fc7d8fbe-db45-4c6c-98a5-dd3bbb9e9c1b d27968e23bdc4d07b9fe90d9ba6e8120 d355d1c4ee3840e5a07b7350b991a6cb - - default default] Successfully bumped revision number for resource 7f818239-5692-4c9d-b1a3-4d60093a28a8 (type: security_group_rules) to 0
2026-07-09 10:32:27.730 8 INFO neutron.db.ovn_revision_numbers_db [None req-fc7d8fbe-db45-4c6c-98a5-dd3bbb9e9c1b d27968e23bdc4d07b9fe90d9ba6e8120 d355d1c4ee3840e5a07b7350b991a6cb - - default default] Successfully bumped revision number for resource a147c895-250b-4aa7-8cde-a29eb6480c09 (type: security_group_rules) to 0
2026-07-09 10:32:27.744 8 INFO neutron.db.ovn_revision_numbers_db [None req-fc7d8fbe-db45-4c6c-98a5-dd3bbb9e9c1b d27968e23bdc4d07b9fe90d9ba6e8120 d355d1c4ee3840e5a07b7350b991a6cb - - default default] Successfully bumped revision number for resource f16d2aa0-068a-42fe-b67a-e530a2ac6fe6 (type: security_group_rules) to 0 [pid: 8|app: 0|req: 579/1205] 10.0.0.119 () {32 vars in 774 bytes} [Thu Jul 9 10:32:27 2026] GET /v2.0/security-groups?tenant_id=7c86ed3857284e1cbbc8d71a536bcd17&name=default => generated 2925 bytes in 360 msecs (HTTP/1.1 200) 4 headers in 158 bytes (1 switches on core 0) [pid: 7|app: 0|req: 627/1206] 10.0.0.119 () {32 vars in 740 bytes} [Thu Jul 9 10:32:27 2026] DELETE /v2.0/security-groups/07e93e19-c61c-46d0-8a51-283cb3363cf2 => generated 0 bytes in 221 msecs (HTTP/1.1 204) 2 headers in 112 bytes (1 switches on core 0)
2026-07-09 10:32:28.750 8 INFO neutron.db.ovn_revision_numbers_db [None req-7831aa7f-e24c-49b2-a2f5-a5ac9bffe69b d27968e23bdc4d07b9fe90d9ba6e8120 d355d1c4ee3840e5a07b7350b991a6cb - - default default] Successfully bumped revision number for resource 5a487793-401f-4f8b-952c-30a61d9d0af8 (type: security_groups) to 1
2026-07-09 10:32:28.760 8 INFO neutron.db.ovn_revision_numbers_db [None req-7831aa7f-e24c-49b2-a2f5-a5ac9bffe69b d27968e23bdc4d07b9fe90d9ba6e8120 d355d1c4ee3840e5a07b7350b991a6cb - - default default] Successfully bumped revision number for resource 66a3bfd0-a5ed-4e32-9b0d-3e44fd1e89a5 (type: security_group_rules) to 0
2026-07-09 10:32:28.771 8 INFO neutron.db.ovn_revision_numbers_db [None req-7831aa7f-e24c-49b2-a2f5-a5ac9bffe69b d27968e23bdc4d07b9fe90d9ba6e8120 d355d1c4ee3840e5a07b7350b991a6cb - - default default] Successfully bumped revision number for resource 685b8de9-8427-4d65-b2af-0d4f7321494b (type: security_group_rules) to 0
2026-07-09 10:32:28.789 8 INFO neutron.db.ovn_revision_numbers_db [None req-7831aa7f-e24c-49b2-a2f5-a5ac9bffe69b d27968e23bdc4d07b9fe90d9ba6e8120 d355d1c4ee3840e5a07b7350b991a6cb - - default default] Successfully bumped revision number for resource a3755920-0991-435e-86dd-ab57bbaddf6d (type: security_group_rules) to 0
2026-07-09 10:32:28.799 8 INFO neutron.db.ovn_revision_numbers_db [None req-7831aa7f-e24c-49b2-a2f5-a5ac9bffe69b d27968e23bdc4d07b9fe90d9ba6e8120 d355d1c4ee3840e5a07b7350b991a6cb - - default default] Successfully bumped revision number for resource edb40211-554e-4ec4-9e7f-2cf00f122d58 (type: security_group_rules) to 0 [pid: 8|app: 0|req: 580/1207] 10.0.0.119 () {32 vars in 774 bytes} [Thu Jul 9 10:32:28 2026] GET /v2.0/security-groups?tenant_id=5cf0a456a8144bf09cd0d039fc19ae73&name=default => generated 2925 bytes in 261 msecs (HTTP/1.1 200) 4 headers in 158 bytes (1 switches on core 0)
2026-07-09 10:32:28.881 7 INFO neutron.db.ovn_revision_numbers_db [None req-0e9687f4-b857-4df5-afe4-bf12eff6cbf1 7a1ec7ed2aeb432d85987565d799469b 18dbe5f5ca2f46bea15854b322b5757d - - default default] Successfully bumped revision number for resource 7107f8b1-6087-4632-b228-211f899a949b (type: security_groups) to 1
2026-07-09 10:32:28.893 7 INFO neutron.db.ovn_revision_numbers_db [None req-0e9687f4-b857-4df5-afe4-bf12eff6cbf1 7a1ec7ed2aeb432d85987565d799469b 18dbe5f5ca2f46bea15854b322b5757d - - default default] Successfully bumped revision number for resource 07b5b1ee-01b2-4e1d-a54c-85ddeae7ce62 (type: security_group_rules) to 0
2026-07-09 10:32:28.905 7 INFO neutron.db.ovn_revision_numbers_db [None req-0e9687f4-b857-4df5-afe4-bf12eff6cbf1 7a1ec7ed2aeb432d85987565d799469b 18dbe5f5ca2f46bea15854b322b5757d - - default default] Successfully bumped revision number for resource 0851e836-9818-489d-a7ad-fed8d00c378f (type: security_group_rules) to 0
2026-07-09 10:32:28.921 7 INFO neutron.db.ovn_revision_numbers_db [None req-0e9687f4-b857-4df5-afe4-bf12eff6cbf1 7a1ec7ed2aeb432d85987565d799469b 18dbe5f5ca2f46bea15854b322b5757d - - default default] Successfully bumped revision number for resource 2fe9cb68-4669-4202-ab06-d11d639cd171 (type: security_group_rules) to 0
2026-07-09 10:32:28.932 7 INFO neutron.db.ovn_revision_numbers_db [None req-0e9687f4-b857-4df5-afe4-bf12eff6cbf1 7a1ec7ed2aeb432d85987565d799469b 18dbe5f5ca2f46bea15854b322b5757d - - default default] Successfully bumped revision number for resource 645958ec-b7f2-4f7b-9037-628f454b679d (type: security_group_rules) to 0
2026-07-09 10:32:29.014 7 INFO neutron.db.segments_db [None req-0e9687f4-b857-4df5-afe4-bf12eff6cbf1 7a1ec7ed2aeb432d85987565d799469b 18dbe5f5ca2f46bea15854b322b5757d - - default default] Added segment 1bc2577e-0ac6-42f8-ad95-3476fffc08d1 of type geneve for network 74abeef5-cf8a-4e0c-9912-393aa2b4dc77 [pid: 8|app: 0|req: 581/1208] 10.0.0.119 () {32 vars in 740 bytes} [Thu Jul 9 10:32:28 2026] DELETE /v2.0/security-groups/5a487793-401f-4f8b-952c-30a61d9d0af8 => generated 0 bytes in 231 msecs (HTTP/1.1 204) 2 headers in 112 bytes (1 switches on core 0)
2026-07-09 10:32:29.126 7 INFO neutron.db.ovn_revision_numbers_db [None req-0e9687f4-b857-4df5-afe4-bf12eff6cbf1 7a1ec7ed2aeb432d85987565d799469b 18dbe5f5ca2f46bea15854b322b5757d - - default default] Successfully bumped revision number for resource 74abeef5-cf8a-4e0c-9912-393aa2b4dc77 (type: networks) to 1
2026-07-09 10:32:29.283 7 WARNING neutron.scheduler.dhcp_agent_scheduler [None req-0e9687f4-b857-4df5-afe4-bf12eff6cbf1 7a1ec7ed2aeb432d85987565d799469b 18dbe5f5ca2f46bea15854b322b5757d - - default default] No more DHCP agents
2026-07-09 10:32:29.285 7 WARNING neutron.api.rpc.agentnotifiers.dhcp_rpc_agent_api [None req-0e9687f4-b857-4df5-afe4-bf12eff6cbf1 7a1ec7ed2aeb432d85987565d799469b 18dbe5f5ca2f46bea15854b322b5757d - - default default] Unable to schedule network 74abeef5-cf8a-4e0c-9912-393aa2b4dc77: no agents available; will retry on subsequent port and subnet creation events. [pid: 8|app: 0|req: 582/1209] 10.0.0.141 () {34 vars in 990 bytes} [Thu Jul 9 10:32:29 2026] GET /v2.0/ports?device_id=e4441045-91f1-4851-9e1a-b80b0b731e36 => generated 1209 bytes in 274 msecs (HTTP/1.1 200) 4 headers in 158 bytes (1 switches on core 0)
2026-07-09 10:32:29.357 7 INFO neutron.db.ovn_revision_numbers_db [None req-0e9687f4-b857-4df5-afe4-bf12eff6cbf1 7a1ec7ed2aeb432d85987565d799469b 18dbe5f5ca2f46bea15854b322b5757d - - default default] Successfully bumped revision number for resource f9156c32-d7bf-4274-b839-ea158146987e (type: ports) to 1
2026-07-09 10:32:29.361 8 INFO neutron.plugins.ml2.drivers.ovn.mech_driver.mech_driver [None req-5571545e-e927-4b53-a596-e528bcdbf26a - - - - - -] OVN reports status down for port: f9156c32-d7bf-4274-b839-ea158146987e [pid: 7|app: 0|req: 628/1210] 10.0.0.119 () {34 vars in 670 bytes} [Thu Jul 9 10:32:28 2026] POST /v2.0/networks => generated 682 bytes in 691 msecs (HTTP/1.1 201) 4 headers in 162 bytes (1 switches on core 0) [pid: 7|app: 0|req: 629/1211] 10.0.0.141 () {34 vars in 1040 bytes} [Thu Jul 9 10:32:29 2026] GET /v2.0/security-groups?id=ac5331fa-bcb9-4813-9600-fc8e032e059f&fields=id&fields=name => generated 114 bytes in 39 msecs (HTTP/1.1 200) 4 headers in 157 bytes (1 switches on core 0)
2026-07-09 10:32:29.533 8 INFO neutron.db.ovn_revision_numbers_db [None req-be145287-a612-4c2e-99dc-02553e3e91b8 d27968e23bdc4d07b9fe90d9ba6e8120 d355d1c4ee3840e5a07b7350b991a6cb - - default default] Successfully bumped revision number for resource 5cfea5d0-3bc0-432b-aa1b-84a888a43f16 (type: security_groups) to 1
2026-07-09 10:32:29.548 8 INFO neutron.db.ovn_revision_numbers_db [None req-be145287-a612-4c2e-99dc-02553e3e91b8 d27968e23bdc4d07b9fe90d9ba6e8120 d355d1c4ee3840e5a07b7350b991a6cb - - default default] Successfully bumped revision number for resource 4fd96f8d-9b09-4e9f-8aa5-5f0da36b63d2 (type: security_group_rules) to 0
2026-07-09 10:32:29.568 8 INFO neutron.db.ovn_revision_numbers_db [None req-be145287-a612-4c2e-99dc-02553e3e91b8 d27968e23bdc4d07b9fe90d9ba6e8120 d355d1c4ee3840e5a07b7350b991a6cb - - default default] Successfully bumped revision number for resource 87593d62-fff0-4a67-97a9-858e4ae7a8ce (type: security_group_rules) to 0
2026-07-09 10:32:29.587 8 INFO neutron.db.ovn_revision_numbers_db [None req-be145287-a612-4c2e-99dc-02553e3e91b8 d27968e23bdc4d07b9fe90d9ba6e8120 d355d1c4ee3840e5a07b7350b991a6cb - - default default] Successfully bumped revision number for resource 8e9e9304-dddf-426a-af0f-5948ec65546a (type: security_group_rules) to 0
2026-07-09 10:32:29.602 8 INFO neutron.db.ovn_revision_numbers_db [None req-be145287-a612-4c2e-99dc-02553e3e91b8 d27968e23bdc4d07b9fe90d9ba6e8120 d355d1c4ee3840e5a07b7350b991a6cb - - default default] Successfully bumped revision number for resource 9a4659af-1679-4935-a301-d240931f9f50 (type: security_group_rules) to 0 [pid: 8|app: 0|req: 583/1212] 10.0.0.119 () {32 vars in 774 bytes} [Thu Jul 9 10:32:29 2026] GET /v2.0/security-groups?tenant_id=6ed4b842761b414a812d2f8a43e45ce4&name=default => generated 2925 bytes in 302 msecs (HTTP/1.1 200) 4 headers in 158 bytes (1 switches on core 0)
2026-07-09 10:32:29.660 7 WARNING neutron.scheduler.dhcp_agent_scheduler [None req-97b2ae90-7a79-4b35-b48f-a07e604eaf2f 7a1ec7ed2aeb432d85987565d799469b 18dbe5f5ca2f46bea15854b322b5757d - - default default] No more DHCP agents
2026-07-09 10:32:29.661 7 WARNING neutron.api.rpc.agentnotifiers.dhcp_rpc_agent_api [None req-97b2ae90-7a79-4b35-b48f-a07e604eaf2f 7a1ec7ed2aeb432d85987565d799469b 18dbe5f5ca2f46bea15854b322b5757d - - default default] Unable to schedule network 74abeef5-cf8a-4e0c-9912-393aa2b4dc77: no agents available; will retry on subsequent port and subnet creation events.
2026-07-09 10:32:29.744 8 INFO neutron.plugins.ml2.drivers.ovn.mech_driver.mech_driver [None req-5571545e-e927-4b53-a596-e528bcdbf26a - - - - - -] OVN reports status down for port: 53dc071c-c8a1-405b-85cb-fbe58e526014
2026-07-09 10:32:29.746 7 INFO neutron.db.ovn_revision_numbers_db [None req-97b2ae90-7a79-4b35-b48f-a07e604eaf2f 7a1ec7ed2aeb432d85987565d799469b 18dbe5f5ca2f46bea15854b322b5757d - - default default] Successfully bumped revision number for resource 53dc071c-c8a1-405b-85cb-fbe58e526014 (type: ports) to 1 [pid: 7|app: 0|req: 630/1213] 10.0.0.119 () {34 vars in 665 bytes} [Thu Jul 9 10:32:29 2026] POST /v2.0/ports => generated 775 bytes in 370 msecs (HTTP/1.1 201) 4 headers in 162 bytes (1 switches on core 0) /var/lib/openstack/lib/python3.12/site-packages/pycadf/identifier.py:70: UserWarning: Invalid uuid: neutron. To ensure interoperability, identifiers should be a valid uuid. warnings.warn(('Invalid uuid: %s. To ensure interoperability, '
2026-07-09 10:32:29.898 7 INFO neutron.db.segments_db [None req-0842ff5f-24c1-452e-9ee1-22503944849d 7a1ec7ed2aeb432d85987565d799469b 18dbe5f5ca2f46bea15854b322b5757d - - default default] Added segment db4c8a35-9c4f-4df5-84ee-d7169c43c158 of type geneve for network 64e08c95-485a-4b2d-a9b8-c2444050fa14 [pid: 8|app: 0|req: 584/1214] 10.0.0.119 () {32 vars in 740 bytes} [Thu Jul 9 10:32:29 2026] DELETE /v2.0/security-groups/5cfea5d0-3bc0-432b-aa1b-84a888a43f16 => generated 0 bytes in 300 msecs (HTTP/1.1 204) 2 headers in 112 bytes (1 switches on core 0)
2026-07-09 10:32:30.037 7 INFO neutron.db.ovn_revision_numbers_db [None req-0842ff5f-24c1-452e-9ee1-22503944849d 7a1ec7ed2aeb432d85987565d799469b 18dbe5f5ca2f46bea15854b322b5757d - - default default] Successfully bumped revision number for resource 64e08c95-485a-4b2d-a9b8-c2444050fa14 (type: networks) to 1
2026-07-09 10:32:30.194 7 WARNING neutron.scheduler.dhcp_agent_scheduler [None req-0842ff5f-24c1-452e-9ee1-22503944849d 7a1ec7ed2aeb432d85987565d799469b 18dbe5f5ca2f46bea15854b322b5757d - - default default] No more DHCP agents
2026-07-09 10:32:30.196 7 WARNING neutron.api.rpc.agentnotifiers.dhcp_rpc_agent_api [None req-0842ff5f-24c1-452e-9ee1-22503944849d 7a1ec7ed2aeb432d85987565d799469b 18dbe5f5ca2f46bea15854b322b5757d - - default default] Unable to schedule network 64e08c95-485a-4b2d-a9b8-c2444050fa14: no agents available; will retry on subsequent port and subnet creation events.
2026-07-09 10:32:30.249 8 INFO neutron.plugins.ml2.drivers.ovn.mech_driver.mech_driver [None req-5571545e-e927-4b53-a596-e528bcdbf26a - - - - - -] OVN reports status down for port: 97cf204f-f80f-44b8-b461-7994079c4ede
2026-07-09 10:32:30.274 7 INFO neutron.db.ovn_revision_numbers_db [None req-0842ff5f-24c1-452e-9ee1-22503944849d 7a1ec7ed2aeb432d85987565d799469b 18dbe5f5ca2f46bea15854b322b5757d - - default default] Successfully bumped revision number for resource 97cf204f-f80f-44b8-b461-7994079c4ede (type: ports) to 1 [pid: 7|app: 0|req: 631/1215] 10.0.0.119 () {34 vars in 670 bytes} [Thu Jul 9 10:32:29 2026] POST /v2.0/networks => generated 670 bytes in 496 msecs (HTTP/1.1 201) 4 headers in 162 bytes (1 switches on core 0)
2026-07-09 10:32:30.478 8 WARNING neutron.scheduler.dhcp_agent_scheduler [None req-d88097e3-e160-48cf-9371-113a11d15eda 7a1ec7ed2aeb432d85987565d799469b 18dbe5f5ca2f46bea15854b322b5757d - - default default] No more DHCP agents
2026-07-09 10:32:30.479 8 WARNING neutron.api.rpc.agentnotifiers.dhcp_rpc_agent_api [None req-d88097e3-e160-48cf-9371-113a11d15eda 7a1ec7ed2aeb432d85987565d799469b 18dbe5f5ca2f46bea15854b322b5757d - - default default] Unable to schedule network 64e08c95-485a-4b2d-a9b8-c2444050fa14: no agents available; will retry on subsequent port and subnet creation events.
2026-07-09 10:32:30.940 8 INFO neutron.db.ovn_revision_numbers_db [None req-e1084219-7b07-447a-a14c-88fff6974713 - - - - - -] Successfully bumped revision number for resource 97cf204f-f80f-44b8-b461-7994079c4ede (type: ports) to 2
2026-07-09 10:32:30.973 8 INFO neutron.db.ovn_revision_numbers_db [None req-e1084219-7b07-447a-a14c-88fff6974713 - - - - - -] Successfully bumped revision number for resource 461eb1a9-c1d7-444a-8fa1-fc88b6fc37ee (type: subnets) to 0 [pid: 8|app: 0|req: 585/1216] 10.0.0.119 () {34 vars in 669 bytes} [Thu Jul 9 10:32:30 2026] POST /v2.0/subnets => generated 626 bytes in 688 msecs (HTTP/1.1 201) 4 headers in 162 bytes (1 switches on core 0)
2026-07-09 10:32:31.256 7 WARNING neutron.scheduler.dhcp_agent_scheduler [None req-ef82e083-01e7-4f48-8119-034c120304c9 7a1ec7ed2aeb432d85987565d799469b 18dbe5f5ca2f46bea15854b322b5757d - - default default] No more DHCP agents
2026-07-09 10:32:31.257 7 WARNING neutron.api.rpc.agentnotifiers.dhcp_rpc_agent_api [None req-ef82e083-01e7-4f48-8119-034c120304c9 7a1ec7ed2aeb432d85987565d799469b 18dbe5f5ca2f46bea15854b322b5757d - - default default] Unable to schedule network 64e08c95-485a-4b2d-a9b8-c2444050fa14: no agents available; will retry on subsequent port and subnet creation events.
2026-07-09 10:32:31.353 7 INFO neutron.plugins.ml2.drivers.ovn.mech_driver.mech_driver [None req-28691462-26a0-498d-82b8-7cbe0401b5ba - - - - - -] OVN reports status down for port: e6de3ce2-3bc6-48e0-919f-e705f4609bb8
2026-07-09 10:32:31.411 7 INFO neutron.db.ovn_revision_numbers_db [None req-ef82e083-01e7-4f48-8119-034c120304c9 7a1ec7ed2aeb432d85987565d799469b 18dbe5f5ca2f46bea15854b322b5757d - - default default] Successfully bumped revision number for resource e6de3ce2-3bc6-48e0-919f-e705f4609bb8 (type: ports) to 1 [pid: 7|app: 0|req: 632/1217] 10.0.0.119 () {34 vars in 665 bytes} [Thu Jul 9 10:32:30 2026] POST /v2.0/ports => generated 954 bytes in 516 msecs (HTTP/1.1 201) 4 headers in 162 bytes (1 switches on core 0)
2026-07-09 10:32:31.646 8 INFO neutron_taas.services.taas.taas_plugin [None req-61a184d4-20b7-46b1-bd44-771375d26e84 7a1ec7ed2aeb432d85987565d799469b 18dbe5f5ca2f46bea15854b322b5757d - - default default] TaaS: Handle Delete Port: e6de3ce2-3bc6-48e0-919f-e705f4609bb8
2026-07-09 10:32:31.651 8 INFO neutron_taas.services.taas.tap_mirror_plugin [None req-61a184d4-20b7-46b1-bd44-771375d26e84 7a1ec7ed2aeb432d85987565d799469b 18dbe5f5ca2f46bea15854b322b5757d - - default default] Tap Mirror: Handle Delete Port: e6de3ce2-3bc6-48e0-919f-e705f4609bb8 [pid: 8|app: 0|req: 586/1218] 10.0.0.119 () {32 vars in 720 bytes} [Thu Jul 9 10:32:31 2026] DELETE /v2.0/ports/e6de3ce2-3bc6-48e0-919f-e705f4609bb8 => generated 0 bytes in 349 msecs (HTTP/1.1 204) 3 headers in 131 bytes (1 switches on core 0) /var/lib/openstack/lib/python3.12/site-packages/pycadf/identifier.py:70: UserWarning: Invalid uuid: neutron. To ensure interoperability, identifiers should be a valid uuid. warnings.warn(('Invalid uuid: %s. To ensure interoperability, '
2026-07-09 10:32:31.896 7 INFO neutron.pecan_wsgi.hooks.translation [None req-74f39e49-d5b2-43ac-9d09-da196385acdb 7a1ec7ed2aeb432d85987565d799469b 18dbe5f5ca2f46bea15854b322b5757d - - default default] DELETE failed (client error): The resource could not be found. [pid: 7|app: 0|req: 633/1219] 10.0.0.119 () {32 vars in 720 bytes} [Thu Jul 9 10:32:31 2026] DELETE /v2.0/ports/e6de3ce2-3bc6-48e0-919f-e705f4609bb8 => generated 132 bytes in 32 msecs (HTTP/1.1 404) 4 headers in 164 bytes (1 switches on core 0)
2026-07-09 10:32:31.920 8 INFO neutron.pecan_wsgi.hooks.translation [None req-c29c54ce-ed20-4738-bbd7-c5c629a13e3b 7a1ec7ed2aeb432d85987565d799469b 18dbe5f5ca2f46bea15854b322b5757d - - default default] GET failed (client error): The resource could not be found. [pid: 8|app: 0|req: 587/1220] 10.0.0.119 () {32 vars in 717 bytes} [Thu Jul 9 10:32:31 2026] GET /v2.0/ports/e6de3ce2-3bc6-48e0-919f-e705f4609bb8 => generated 132 bytes in 19 msecs (HTTP/1.1 404) 4 headers in 164 bytes (1 switches on core 0) [pid: 7|app: 0|req: 634/1221] 10.0.0.119 () {32 vars in 724 bytes} [Thu Jul 9 10:32:31 2026] DELETE /v2.0/subnets/461eb1a9-c1d7-444a-8fa1-fc88b6fc37ee => generated 0 bytes in 138 msecs (HTTP/1.1 204) 3 headers in 131 bytes (1 switches on core 0)
2026-07-09 10:32:32.209 8 INFO neutron_taas.services.taas.taas_plugin [None req-c414d2d4-7eae-4c85-8f3e-637f26a42aa2 7a1ec7ed2aeb432d85987565d799469b 18dbe5f5ca2f46bea15854b322b5757d - - default default] TaaS: Handle Delete Port: 97cf204f-f80f-44b8-b461-7994079c4ede
2026-07-09 10:32:32.212 8 INFO neutron_taas.services.taas.tap_mirror_plugin [None req-c414d2d4-7eae-4c85-8f3e-637f26a42aa2 7a1ec7ed2aeb432d85987565d799469b 18dbe5f5ca2f46bea15854b322b5757d - - default default] Tap Mirror: Handle Delete Port: 97cf204f-f80f-44b8-b461-7994079c4ede
2026-07-09 10:32:32.415 8 INFO neutron.services.segments.plugin [-] Segment db4c8a35-9c4f-4df5-84ee-d7169c43c158 resource provider aggregate not found
2026-07-09 10:32:32.821 8 INFO neutron.services.segments.plugin [-] Segment db4c8a35-9c4f-4df5-84ee-d7169c43c158 resource provider aggregate not found
2026-07-09 10:32:32.840 8 INFO neutron.services.segments.plugin [-] Client error retrieving segment db4c8a35-9c4f-4df5-84ee-d7169c43c158 resource provider; error: Placement Client Error (4xx): {"errors": [{"status": 404, "title": "Not Found", "detail": "The resource could not be found.\n\n No resource provider with uuid db4c8a35-9c4f-4df5-84ee-d7169c43c158 found for delete ", "request_id": "req-507e7691-fc65-4e4d-9f56-8762a735acfe"}]}
2026-07-09 10:32:32.842 8 INFO neutron.services.segments.plugin [-] Client error retrieving segment db4c8a35-9c4f-4df5-84ee-d7169c43c158 resource provider; error: Placement Client Error (4xx): {"errors": [{"status": 404, "title": "Not Found", "detail": "The resource could not be found.\n\n No resource provider with uuid db4c8a35-9c4f-4df5-84ee-d7169c43c158 found for delete ", "request_id": "req-ca00b12a-f59e-45f4-b6c5-b922d22de1c5"}]} [pid: 8|app: 0|req: 588/1222] 10.0.0.119 () {32 vars in 726 bytes} [Thu Jul 9 10:32:32 2026] DELETE /v2.0/networks/64e08c95-485a-4b2d-a9b8-c2444050fa14 => generated 0 bytes in 811 msecs (HTTP/1.1 204) 3 headers in 131 bytes (1 switches on core 0)
