Feb 17 02:21:35.883172 np0000155887 systemd[1]: Starting devstack@n-api.service - Devstack devstack@n-api.service...
Feb 17 02:21:35.893284 np0000155887 devstack@n-api.service[100071]: [uWSGI] getting INI configuration from /etc/nova/nova-api-uwsgi.ini
Feb 17 02:21:35.894160 np0000155887 devstack@n-api.service[100071]: open("./http_plugin.so"): No such file or directory [core/utils.c line 3709]
Feb 17 02:21:35.894160 np0000155887 devstack@n-api.service[100071]: !!! UNABLE to load uWSGI plugin: ./http_plugin.so: cannot open shared object file: No such file or directory !!!
Feb 17 02:21:35.894160 np0000155887 devstack@n-api.service[100071]: open("./python3_plugin.so"): No such file or directory [core/utils.c line 3709]
Feb 17 02:21:35.894160 np0000155887 devstack@n-api.service[100071]: !!! UNABLE to load uWSGI plugin: ./python3_plugin.so: cannot open shared object file: No such file or directory !!!
Feb 17 02:21:35.894160 np0000155887 devstack@n-api.service[100071]: *** Starting uWSGI 2.0.31 (64bit) on [Tue Feb 17 02:21:35 2026] ***
Feb 17 02:21:35.894160 np0000155887 devstack@n-api.service[100071]: compiled with version: 13.3.0 on 17 February 2026 02:12:25
Feb 17 02:21:35.894160 np0000155887 devstack@n-api.service[100071]: os: Linux-6.8.0-100-generic #100-Ubuntu SMP PREEMPT_DYNAMIC Tue Jan 13 16:40:06 UTC 2026
Feb 17 02:21:35.894160 np0000155887 devstack@n-api.service[100071]: nodename: np0000155887
Feb 17 02:21:35.894160 np0000155887 devstack@n-api.service[100071]: machine: x86_64
Feb 17 02:21:35.894160 np0000155887 devstack@n-api.service[100071]: clock source: unix
Feb 17 02:21:35.894160 np0000155887 devstack@n-api.service[100071]: pcre jit disabled
Feb 17 02:21:35.894160 np0000155887 devstack@n-api.service[100071]: detected number of CPU cores: 16
Feb 17 02:21:35.894160 np0000155887 devstack@n-api.service[100071]: current working directory: /
Feb 17 02:21:35.894160 np0000155887 devstack@n-api.service[100071]: detected binary path: /opt/stack/data/venv/bin/uwsgi
Feb 17 02:21:35.894160 np0000155887 devstack@n-api.service[100071]: your processes number limit is 256923
Feb 17 02:21:35.894160 np0000155887 devstack@n-api.service[100071]: your memory page size is 4096 bytes
Feb 17 02:21:35.894160 np0000155887 devstack@n-api.service[100071]: detected max file descriptor number: 2048
Feb 17 02:21:35.894160 np0000155887 devstack@n-api.service[100071]: lock engine: pthread robust mutexes
Feb 17 02:21:35.894160 np0000155887 devstack@n-api.service[100071]: thunder lock: enabled
Feb 17 02:21:35.894160 np0000155887 devstack@n-api.service[100071]: uwsgi socket 0 bound to UNIX address /var/run/uwsgi/nova-api.socket fd 4
Feb 17 02:21:35.894160 np0000155887 devstack@n-api.service[100071]: Python version: 3.12.3 (main, Jan 22 2026, 20:57:42) [GCC 13.3.0]
Feb 17 02:21:35.894160 np0000155887 devstack@n-api.service[100071]: PEP 405 virtualenv detected: /opt/stack/data/venv
Feb 17 02:21:35.894160 np0000155887 devstack@n-api.service[100071]: Set PythonHome to /opt/stack/data/venv
Feb 17 02:21:35.935039 np0000155887 devstack@n-api.service[100071]: Python main interpreter initialized at 0x7834d9ca3668
Feb 17 02:21:35.935039 np0000155887 devstack@n-api.service[100071]: python threads support enabled
Feb 17 02:21:35.935039 np0000155887 devstack@n-api.service[100071]: your server socket listen backlog is limited to 100 connections
Feb 17 02:21:35.935039 np0000155887 devstack@n-api.service[100071]: your mercy for graceful operations on workers is 80 seconds
Feb 17 02:21:35.935576 np0000155887 devstack@n-api.service[100071]: mapped 671795 bytes (656 KB) for 4 cores
Feb 17 02:21:35.935764 np0000155887 devstack@n-api.service[100071]: *** Operational MODE: preforking ***
Feb 17 02:21:35.936007 np0000155887 devstack@n-api.service[100071]: *** uWSGI is running in multiple interpreter mode ***
Feb 17 02:21:35.936007 np0000155887 devstack@n-api.service[100071]: spawned uWSGI master process (pid: 100071)
Feb 17 02:21:35.936186 np0000155887 systemd[1]: Started devstack@n-api.service - Devstack devstack@n-api.service.
Feb 17 02:21:35.936755 np0000155887 devstack@n-api.service[100071]: spawned uWSGI worker 1 (pid: 100072, cores: 1)
Feb 17 02:21:35.937502 np0000155887 devstack@n-api.service[100071]: spawned uWSGI worker 2 (pid: 100073, cores: 1)
Feb 17 02:21:35.937937 np0000155887 devstack@n-api.service[100071]: spawned uWSGI worker 3 (pid: 100074, cores: 1)
Feb 17 02:21:35.938385 np0000155887 devstack@n-api.service[100071]: spawned uWSGI worker 4 (pid: 100075, cores: 1)
Feb 17 02:21:35.938385 np0000155887 devstack@n-api.service[100071]: running "unix_signal:15 gracefully_kill_them_all" (master-start)...
Feb 17 02:21:36.284811 np0000155887 devstack@n-api.service[100075]: Service is starting with native threading. This is currently experimental. Do not use it in production without first testing it in pre-production.
Feb 17 02:21:36.299508 np0000155887 devstack@n-api.service[100074]: Service is starting with native threading. This is currently experimental. Do not use it in production without first testing it in pre-production.
Feb 17 02:21:36.309147 np0000155887 devstack@n-api.service[100072]: Service is starting with native threading. This is currently experimental. Do not use it in production without first testing it in pre-production.
Feb 17 02:21:36.323307 np0000155887 devstack@n-api.service[100073]: Service is starting with native threading. This is currently experimental. Do not use it in production without first testing it in pre-production.
Feb 17 02:21:38.374478 np0000155887 devstack@n-api.service[100073]: INFO dbcounter [None req-d36b4ab3-9a3a-4e74-ad61-9d551e4e6c1a None None] Registered counter for database nova_api
Feb 17 02:21:38.388867 np0000155887 devstack@n-api.service[100074]: INFO dbcounter [None req-0b3c593f-fab0-4d3e-83e5-1323a4180955 None None] Registered counter for database nova_api
Feb 17 02:21:38.389295 np0000155887 devstack@n-api.service[100073]: DEBUG oslo_db.sqlalchemy.engines [None req-d36b4ab3-9a3a-4e74-ad61-9d551e4e6c1a None None] MySQL server mode set to STRICT_TRANS_TABLES,STRICT_ALL_TABLES,NO_ZERO_IN_DATE,NO_ZERO_DATE,ERROR_FOR_DIVISION_BY_ZERO,TRADITIONAL,NO_ENGINE_SUBSTITUTION {{(pid=100073) _check_effective_sql_mode /opt/stack/data/venv/lib/python3.12/site-packages/oslo_db/sqlalchemy/engines.py:325}}
Feb 17 02:21:38.389477 np0000155887 devstack@n-api.service[100075]: INFO dbcounter [None req-26d8373f-4334-4b2d-9333-769d190c5675 None None] Registered counter for database nova_api
Feb 17 02:21:38.399704 np0000155887 devstack@n-api.service[100074]: DEBUG oslo_db.sqlalchemy.engines [None req-0b3c593f-fab0-4d3e-83e5-1323a4180955 None None] MySQL server mode set to STRICT_TRANS_TABLES,STRICT_ALL_TABLES,NO_ZERO_IN_DATE,NO_ZERO_DATE,ERROR_FOR_DIVISION_BY_ZERO,TRADITIONAL,NO_ENGINE_SUBSTITUTION {{(pid=100074) _check_effective_sql_mode /opt/stack/data/venv/lib/python3.12/site-packages/oslo_db/sqlalchemy/engines.py:325}}
Feb 17 02:21:38.403044 np0000155887 devstack@n-api.service[100075]: DEBUG oslo_db.sqlalchemy.engines [None req-26d8373f-4334-4b2d-9333-769d190c5675 None None] MySQL server mode set to STRICT_TRANS_TABLES,STRICT_ALL_TABLES,NO_ZERO_IN_DATE,NO_ZERO_DATE,ERROR_FOR_DIVISION_BY_ZERO,TRADITIONAL,NO_ENGINE_SUBSTITUTION {{(pid=100075) _check_effective_sql_mode /opt/stack/data/venv/lib/python3.12/site-packages/oslo_db/sqlalchemy/engines.py:325}}
Feb 17 02:21:38.426044 np0000155887 devstack@n-api.service[100073]: DEBUG dbcounter [-] [100073] Writer thread running {{(pid=100073) stat_writer /opt/stack/data/venv/lib/python3.12/site-packages/dbcounter.py:102}}
Feb 17 02:21:38.428985 np0000155887 devstack@n-api.service[100073]: DEBUG nova.context [None req-d36b4ab3-9a3a-4e74-ad61-9d551e4e6c1a None None] Found 2 cells: 00000000-0000-0000-0000-000000000000(cell0),381d1403-5f72-4a3d-b36c-8e59495b3b26(cell1) {{(pid=100073) load_cells /opt/stack/nova/nova/context.py:509}}
Feb 17 02:21:38.429229 np0000155887 devstack@n-api.service[100073]: INFO nova.utils [None req-d36b4ab3-9a3a-4e74-ad61-9d551e4e6c1a None None] The cell worker thread pool MainProcess.cell_worker is initialized
Feb 17 02:21:38.431023 np0000155887 devstack@n-api.service[100073]: DEBUG oslo_concurrency.lockutils [None req-d36b4ab3-9a3a-4e74-ad61-9d551e4e6c1a None None] Acquiring lock "00000000-0000-0000-0000-000000000000" by "nova.context.set_target_cell..get_or_set_cached_cell_and_set_connections" {{(pid=100073) inner /opt/stack/data/venv/lib/python3.12/site-packages/oslo_concurrency/lockutils.py:506}}
Feb 17 02:21:38.431169 np0000155887 devstack@n-api.service[100073]: DEBUG oslo_concurrency.lockutils [None req-d36b4ab3-9a3a-4e74-ad61-9d551e4e6c1a None None] Lock "00000000-0000-0000-0000-000000000000" acquired by "nova.context.set_target_cell..get_or_set_cached_cell_and_set_connections" :: waited 0.000s {{(pid=100073) inner /opt/stack/data/venv/lib/python3.12/site-packages/oslo_concurrency/lockutils.py:519}}
Feb 17 02:21:38.431658 np0000155887 devstack@n-api.service[100073]: DEBUG oslo_concurrency.lockutils [None req-d36b4ab3-9a3a-4e74-ad61-9d551e4e6c1a None None] Lock "00000000-0000-0000-0000-000000000000" "released" by "nova.context.set_target_cell..get_or_set_cached_cell_and_set_connections" :: held 0.000s {{(pid=100073) inner /opt/stack/data/venv/lib/python3.12/site-packages/oslo_concurrency/lockutils.py:538}}
Feb 17 02:21:38.432504 np0000155887 devstack@n-api.service[100073]: DEBUG oslo_concurrency.lockutils [None req-d36b4ab3-9a3a-4e74-ad61-9d551e4e6c1a None None] Acquiring lock "381d1403-5f72-4a3d-b36c-8e59495b3b26" by "nova.context.set_target_cell..get_or_set_cached_cell_and_set_connections" {{(pid=100073) inner /opt/stack/data/venv/lib/python3.12/site-packages/oslo_concurrency/lockutils.py:506}}
Feb 17 02:21:38.432681 np0000155887 devstack@n-api.service[100073]: DEBUG oslo_concurrency.lockutils [None req-d36b4ab3-9a3a-4e74-ad61-9d551e4e6c1a None None] Lock "381d1403-5f72-4a3d-b36c-8e59495b3b26" acquired by "nova.context.set_target_cell..get_or_set_cached_cell_and_set_connections" :: waited 0.000s {{(pid=100073) inner /opt/stack/data/venv/lib/python3.12/site-packages/oslo_concurrency/lockutils.py:519}}
Feb 17 02:21:38.433014 np0000155887 devstack@n-api.service[100074]: DEBUG dbcounter [-] [100074] Writer thread running {{(pid=100074) stat_writer /opt/stack/data/venv/lib/python3.12/site-packages/dbcounter.py:102}}
Feb 17 02:21:38.433856 np0000155887 devstack@n-api.service[100073]: DEBUG oslo_concurrency.lockutils [None req-d36b4ab3-9a3a-4e74-ad61-9d551e4e6c1a None None] Lock "381d1403-5f72-4a3d-b36c-8e59495b3b26" "released" by "nova.context.set_target_cell..get_or_set_cached_cell_and_set_connections" :: held 0.001s {{(pid=100073) inner /opt/stack/data/venv/lib/python3.12/site-packages/oslo_concurrency/lockutils.py:538}}
Feb 17 02:21:38.435057 np0000155887 devstack@n-api.service[100074]: DEBUG nova.context [None req-0b3c593f-fab0-4d3e-83e5-1323a4180955 None None] Found 2 cells: 00000000-0000-0000-0000-000000000000(cell0),381d1403-5f72-4a3d-b36c-8e59495b3b26(cell1) {{(pid=100074) load_cells /opt/stack/nova/nova/context.py:509}}
Feb 17 02:21:38.435259 np0000155887 devstack@n-api.service[100074]: INFO nova.utils [None req-0b3c593f-fab0-4d3e-83e5-1323a4180955 None None] The cell worker thread pool MainProcess.cell_worker is initialized
Feb 17 02:21:38.436502 np0000155887 devstack@n-api.service[100073]: INFO dbcounter [None req-d36b4ab3-9a3a-4e74-ad61-9d551e4e6c1a None None] Registered counter for database nova_cell0
Feb 17 02:21:38.436915 np0000155887 devstack@n-api.service[100074]: DEBUG oslo_concurrency.lockutils [None req-0b3c593f-fab0-4d3e-83e5-1323a4180955 None None] Acquiring lock "00000000-0000-0000-0000-000000000000" by "nova.context.set_target_cell..get_or_set_cached_cell_and_set_connections" {{(pid=100074) inner /opt/stack/data/venv/lib/python3.12/site-packages/oslo_concurrency/lockutils.py:506}}
Feb 17 02:21:38.437079 np0000155887 devstack@n-api.service[100074]: DEBUG oslo_concurrency.lockutils [None req-0b3c593f-fab0-4d3e-83e5-1323a4180955 None None] Lock "00000000-0000-0000-0000-000000000000" acquired by "nova.context.set_target_cell..get_or_set_cached_cell_and_set_connections" :: waited 0.000s {{(pid=100074) inner /opt/stack/data/venv/lib/python3.12/site-packages/oslo_concurrency/lockutils.py:519}}
Feb 17 02:21:38.437417 np0000155887 devstack@n-api.service[100074]: DEBUG oslo_concurrency.lockutils [None req-0b3c593f-fab0-4d3e-83e5-1323a4180955 None None] Lock "00000000-0000-0000-0000-000000000000" "released" by "nova.context.set_target_cell..get_or_set_cached_cell_and_set_connections" :: held 0.000s {{(pid=100074) inner /opt/stack/data/venv/lib/python3.12/site-packages/oslo_concurrency/lockutils.py:538}}
Feb 17 02:21:38.438181 np0000155887 devstack@n-api.service[100074]: DEBUG oslo_concurrency.lockutils [None req-0b3c593f-fab0-4d3e-83e5-1323a4180955 None None] Acquiring lock "381d1403-5f72-4a3d-b36c-8e59495b3b26" by "nova.context.set_target_cell..get_or_set_cached_cell_and_set_connections" {{(pid=100074) inner /opt/stack/data/venv/lib/python3.12/site-packages/oslo_concurrency/lockutils.py:506}}
Feb 17 02:21:38.438311 np0000155887 devstack@n-api.service[100074]: DEBUG oslo_concurrency.lockutils [None req-0b3c593f-fab0-4d3e-83e5-1323a4180955 None None] Lock "381d1403-5f72-4a3d-b36c-8e59495b3b26" acquired by "nova.context.set_target_cell..get_or_set_cached_cell_and_set_connections" :: waited 0.000s {{(pid=100074) inner /opt/stack/data/venv/lib/python3.12/site-packages/oslo_concurrency/lockutils.py:519}}
Feb 17 02:21:38.439164 np0000155887 devstack@n-api.service[100074]: DEBUG oslo_concurrency.lockutils [None req-0b3c593f-fab0-4d3e-83e5-1323a4180955 None None] Lock "381d1403-5f72-4a3d-b36c-8e59495b3b26" "released" by "nova.context.set_target_cell..get_or_set_cached_cell_and_set_connections" :: held 0.001s {{(pid=100074) inner /opt/stack/data/venv/lib/python3.12/site-packages/oslo_concurrency/lockutils.py:538}}
Feb 17 02:21:38.439458 np0000155887 devstack@n-api.service[100075]: DEBUG dbcounter [-] [100075] Writer thread running {{(pid=100075) stat_writer /opt/stack/data/venv/lib/python3.12/site-packages/dbcounter.py:102}}
Feb 17 02:21:38.442034 np0000155887 devstack@n-api.service[100075]: DEBUG nova.context [None req-26d8373f-4334-4b2d-9333-769d190c5675 None None] Found 2 cells: 00000000-0000-0000-0000-000000000000(cell0),381d1403-5f72-4a3d-b36c-8e59495b3b26(cell1) {{(pid=100075) load_cells /opt/stack/nova/nova/context.py:509}}
Feb 17 02:21:38.442084 np0000155887 devstack@n-api.service[100074]: INFO dbcounter [None req-0b3c593f-fab0-4d3e-83e5-1323a4180955 None None] Registered counter for database nova_cell0
Feb 17 02:21:38.442255 np0000155887 devstack@n-api.service[100075]: INFO nova.utils [None req-26d8373f-4334-4b2d-9333-769d190c5675 None None] The cell worker thread pool MainProcess.cell_worker is initialized
Feb 17 02:21:38.442585 np0000155887 devstack@n-api.service[100073]: INFO dbcounter [None req-d36b4ab3-9a3a-4e74-ad61-9d551e4e6c1a None None] Registered counter for database nova_cell1
Feb 17 02:21:38.444007 np0000155887 devstack@n-api.service[100075]: DEBUG oslo_concurrency.lockutils [None req-26d8373f-4334-4b2d-9333-769d190c5675 None None] Acquiring lock "00000000-0000-0000-0000-000000000000" by "nova.context.set_target_cell..get_or_set_cached_cell_and_set_connections" {{(pid=100075) inner /opt/stack/data/venv/lib/python3.12/site-packages/oslo_concurrency/lockutils.py:506}}
Feb 17 02:21:38.444164 np0000155887 devstack@n-api.service[100075]: DEBUG oslo_concurrency.lockutils [None req-26d8373f-4334-4b2d-9333-769d190c5675 None None] Lock "00000000-0000-0000-0000-000000000000" acquired by "nova.context.set_target_cell..get_or_set_cached_cell_and_set_connections" :: waited 0.000s {{(pid=100075) inner /opt/stack/data/venv/lib/python3.12/site-packages/oslo_concurrency/lockutils.py:519}}
Feb 17 02:21:38.444666 np0000155887 devstack@n-api.service[100075]: DEBUG oslo_concurrency.lockutils [None req-26d8373f-4334-4b2d-9333-769d190c5675 None None] Lock "00000000-0000-0000-0000-000000000000" "released" by "nova.context.set_target_cell..get_or_set_cached_cell_and_set_connections" :: held 0.000s {{(pid=100075) inner /opt/stack/data/venv/lib/python3.12/site-packages/oslo_concurrency/lockutils.py:538}}
Feb 17 02:21:38.445682 np0000155887 devstack@n-api.service[100075]: DEBUG oslo_concurrency.lockutils [None req-26d8373f-4334-4b2d-9333-769d190c5675 None None] Acquiring lock "381d1403-5f72-4a3d-b36c-8e59495b3b26" by "nova.context.set_target_cell..get_or_set_cached_cell_and_set_connections" {{(pid=100075) inner /opt/stack/data/venv/lib/python3.12/site-packages/oslo_concurrency/lockutils.py:506}}
Feb 17 02:21:38.445682 np0000155887 devstack@n-api.service[100075]: DEBUG oslo_concurrency.lockutils [None req-26d8373f-4334-4b2d-9333-769d190c5675 None None] Lock "381d1403-5f72-4a3d-b36c-8e59495b3b26" acquired by "nova.context.set_target_cell..get_or_set_cached_cell_and_set_connections" :: waited 0.000s {{(pid=100075) inner /opt/stack/data/venv/lib/python3.12/site-packages/oslo_concurrency/lockutils.py:519}}
Feb 17 02:21:38.446325 np0000155887 devstack@n-api.service[100075]: DEBUG oslo_concurrency.lockutils [None req-26d8373f-4334-4b2d-9333-769d190c5675 None None] Lock "381d1403-5f72-4a3d-b36c-8e59495b3b26" "released" by "nova.context.set_target_cell..get_or_set_cached_cell_and_set_connections" :: held 0.001s {{(pid=100075) inner /opt/stack/data/venv/lib/python3.12/site-packages/oslo_concurrency/lockutils.py:538}}
Feb 17 02:21:38.448983 np0000155887 devstack@n-api.service[100074]: INFO dbcounter [None req-0b3c593f-fab0-4d3e-83e5-1323a4180955 None None] Registered counter for database nova_cell1
Feb 17 02:21:38.449171 np0000155887 devstack@n-api.service[100075]: INFO dbcounter [None req-26d8373f-4334-4b2d-9333-769d190c5675 None None] Registered counter for database nova_cell0
Feb 17 02:21:38.453399 np0000155887 devstack@n-api.service[100073]: DEBUG oslo_db.sqlalchemy.engines [None req-d36b4ab3-9a3a-4e74-ad61-9d551e4e6c1a None None] MySQL server mode set to STRICT_TRANS_TABLES,STRICT_ALL_TABLES,NO_ZERO_IN_DATE,NO_ZERO_DATE,ERROR_FOR_DIVISION_BY_ZERO,TRADITIONAL,NO_ENGINE_SUBSTITUTION {{(pid=100073) _check_effective_sql_mode /opt/stack/data/venv/lib/python3.12/site-packages/oslo_db/sqlalchemy/engines.py:325}}
Feb 17 02:21:38.454368 np0000155887 devstack@n-api.service[100075]: INFO dbcounter [None req-26d8373f-4334-4b2d-9333-769d190c5675 None None] Registered counter for database nova_cell1
Feb 17 02:21:38.460598 np0000155887 devstack@n-api.service[100073]: DEBUG oslo_db.sqlalchemy.engines [None req-d36b4ab3-9a3a-4e74-ad61-9d551e4e6c1a None None] MySQL server mode set to STRICT_TRANS_TABLES,STRICT_ALL_TABLES,NO_ZERO_IN_DATE,NO_ZERO_DATE,ERROR_FOR_DIVISION_BY_ZERO,TRADITIONAL,NO_ENGINE_SUBSTITUTION {{(pid=100073) _check_effective_sql_mode /opt/stack/data/venv/lib/python3.12/site-packages/oslo_db/sqlalchemy/engines.py:325}}
Feb 17 02:21:38.463081 np0000155887 devstack@n-api.service[100074]: DEBUG oslo_db.sqlalchemy.engines [None req-0b3c593f-fab0-4d3e-83e5-1323a4180955 None None] MySQL server mode set to STRICT_TRANS_TABLES,STRICT_ALL_TABLES,NO_ZERO_IN_DATE,NO_ZERO_DATE,ERROR_FOR_DIVISION_BY_ZERO,TRADITIONAL,NO_ENGINE_SUBSTITUTION {{(pid=100074) _check_effective_sql_mode /opt/stack/data/venv/lib/python3.12/site-packages/oslo_db/sqlalchemy/engines.py:325}}
Feb 17 02:21:38.474409 np0000155887 devstack@n-api.service[100075]: DEBUG oslo_db.sqlalchemy.engines [None req-26d8373f-4334-4b2d-9333-769d190c5675 None None] MySQL server mode set to STRICT_TRANS_TABLES,STRICT_ALL_TABLES,NO_ZERO_IN_DATE,NO_ZERO_DATE,ERROR_FOR_DIVISION_BY_ZERO,TRADITIONAL,NO_ENGINE_SUBSTITUTION {{(pid=100075) _check_effective_sql_mode /opt/stack/data/venv/lib/python3.12/site-packages/oslo_db/sqlalchemy/engines.py:325}}
Feb 17 02:21:38.474735 np0000155887 devstack@n-api.service[100072]: INFO dbcounter [None req-a43a112a-254d-4bbf-b635-988bbab86371 None None] Registered counter for database nova_api
Feb 17 02:21:38.477930 np0000155887 devstack@n-api.service[100075]: DEBUG oslo_db.sqlalchemy.engines [None req-26d8373f-4334-4b2d-9333-769d190c5675 None None] MySQL server mode set to STRICT_TRANS_TABLES,STRICT_ALL_TABLES,NO_ZERO_IN_DATE,NO_ZERO_DATE,ERROR_FOR_DIVISION_BY_ZERO,TRADITIONAL,NO_ENGINE_SUBSTITUTION {{(pid=100075) _check_effective_sql_mode /opt/stack/data/venv/lib/python3.12/site-packages/oslo_db/sqlalchemy/engines.py:325}}
Feb 17 02:21:38.479056 np0000155887 devstack@n-api.service[100074]: DEBUG oslo_db.sqlalchemy.engines [None req-0b3c593f-fab0-4d3e-83e5-1323a4180955 None None] MySQL server mode set to STRICT_TRANS_TABLES,STRICT_ALL_TABLES,NO_ZERO_IN_DATE,NO_ZERO_DATE,ERROR_FOR_DIVISION_BY_ZERO,TRADITIONAL,NO_ENGINE_SUBSTITUTION {{(pid=100074) _check_effective_sql_mode /opt/stack/data/venv/lib/python3.12/site-packages/oslo_db/sqlalchemy/engines.py:325}}
Feb 17 02:21:38.490197 np0000155887 devstack@n-api.service[100072]: DEBUG oslo_db.sqlalchemy.engines [None req-a43a112a-254d-4bbf-b635-988bbab86371 None None] MySQL server mode set to STRICT_TRANS_TABLES,STRICT_ALL_TABLES,NO_ZERO_IN_DATE,NO_ZERO_DATE,ERROR_FOR_DIVISION_BY_ZERO,TRADITIONAL,NO_ENGINE_SUBSTITUTION {{(pid=100072) _check_effective_sql_mode /opt/stack/data/venv/lib/python3.12/site-packages/oslo_db/sqlalchemy/engines.py:325}}
Feb 17 02:21:38.520934 np0000155887 devstack@n-api.service[100072]: DEBUG dbcounter [-] [100072] Writer thread running {{(pid=100072) stat_writer /opt/stack/data/venv/lib/python3.12/site-packages/dbcounter.py:102}}
Feb 17 02:21:38.523420 np0000155887 devstack@n-api.service[100072]: DEBUG nova.context [None req-a43a112a-254d-4bbf-b635-988bbab86371 None None] Found 2 cells: 00000000-0000-0000-0000-000000000000(cell0),381d1403-5f72-4a3d-b36c-8e59495b3b26(cell1) {{(pid=100072) load_cells /opt/stack/nova/nova/context.py:509}}
Feb 17 02:21:38.523675 np0000155887 devstack@n-api.service[100072]: INFO nova.utils [None req-a43a112a-254d-4bbf-b635-988bbab86371 None None] The cell worker thread pool MainProcess.cell_worker is initialized
Feb 17 02:21:38.525367 np0000155887 devstack@n-api.service[100072]: DEBUG oslo_concurrency.lockutils [None req-a43a112a-254d-4bbf-b635-988bbab86371 None None] Acquiring lock "00000000-0000-0000-0000-000000000000" by "nova.context.set_target_cell..get_or_set_cached_cell_and_set_connections" {{(pid=100072) inner /opt/stack/data/venv/lib/python3.12/site-packages/oslo_concurrency/lockutils.py:506}}
Feb 17 02:21:38.525607 np0000155887 devstack@n-api.service[100072]: DEBUG oslo_concurrency.lockutils [None req-a43a112a-254d-4bbf-b635-988bbab86371 None None] Lock "00000000-0000-0000-0000-000000000000" acquired by "nova.context.set_target_cell..get_or_set_cached_cell_and_set_connections" :: waited 0.000s {{(pid=100072) inner /opt/stack/data/venv/lib/python3.12/site-packages/oslo_concurrency/lockutils.py:519}}
Feb 17 02:21:38.525903 np0000155887 devstack@n-api.service[100072]: DEBUG oslo_concurrency.lockutils [None req-a43a112a-254d-4bbf-b635-988bbab86371 None None] Lock "00000000-0000-0000-0000-000000000000" "released" by "nova.context.set_target_cell..get_or_set_cached_cell_and_set_connections" :: held 0.000s {{(pid=100072) inner /opt/stack/data/venv/lib/python3.12/site-packages/oslo_concurrency/lockutils.py:538}}
Feb 17 02:21:38.526590 np0000155887 devstack@n-api.service[100072]: DEBUG oslo_concurrency.lockutils [None req-a43a112a-254d-4bbf-b635-988bbab86371 None None] Acquiring lock "381d1403-5f72-4a3d-b36c-8e59495b3b26" by "nova.context.set_target_cell..get_or_set_cached_cell_and_set_connections" {{(pid=100072) inner /opt/stack/data/venv/lib/python3.12/site-packages/oslo_concurrency/lockutils.py:506}}
Feb 17 02:21:38.526826 np0000155887 devstack@n-api.service[100072]: DEBUG oslo_concurrency.lockutils [None req-a43a112a-254d-4bbf-b635-988bbab86371 None None] Lock "381d1403-5f72-4a3d-b36c-8e59495b3b26" acquired by "nova.context.set_target_cell..get_or_set_cached_cell_and_set_connections" :: waited 0.000s {{(pid=100072) inner /opt/stack/data/venv/lib/python3.12/site-packages/oslo_concurrency/lockutils.py:519}}
Feb 17 02:21:38.527589 np0000155887 devstack@n-api.service[100072]: DEBUG oslo_concurrency.lockutils [None req-a43a112a-254d-4bbf-b635-988bbab86371 None None] Lock "381d1403-5f72-4a3d-b36c-8e59495b3b26" "released" by "nova.context.set_target_cell..get_or_set_cached_cell_and_set_connections" :: held 0.001s {{(pid=100072) inner /opt/stack/data/venv/lib/python3.12/site-packages/oslo_concurrency/lockutils.py:538}}
Feb 17 02:21:38.529727 np0000155887 devstack@n-api.service[100072]: INFO dbcounter [None req-a43a112a-254d-4bbf-b635-988bbab86371 None None] Registered counter for database nova_cell0
Feb 17 02:21:38.534964 np0000155887 devstack@n-api.service[100072]: INFO dbcounter [None req-a43a112a-254d-4bbf-b635-988bbab86371 None None] Registered counter for database nova_cell1
Feb 17 02:21:38.545909 np0000155887 devstack@n-api.service[100072]: DEBUG oslo_db.sqlalchemy.engines [None req-a43a112a-254d-4bbf-b635-988bbab86371 None None] MySQL server mode set to STRICT_TRANS_TABLES,STRICT_ALL_TABLES,NO_ZERO_IN_DATE,NO_ZERO_DATE,ERROR_FOR_DIVISION_BY_ZERO,TRADITIONAL,NO_ENGINE_SUBSTITUTION {{(pid=100072) _check_effective_sql_mode /opt/stack/data/venv/lib/python3.12/site-packages/oslo_db/sqlalchemy/engines.py:325}}
Feb 17 02:21:38.546689 np0000155887 devstack@n-api.service[100073]: DEBUG dbcounter [-] [100073] Writer thread running {{(pid=100073) stat_writer /opt/stack/data/venv/lib/python3.12/site-packages/dbcounter.py:102}}
Feb 17 02:21:38.550729 np0000155887 devstack@n-api.service[100073]: DEBUG dbcounter [-] [100073] Writer thread running {{(pid=100073) stat_writer /opt/stack/data/venv/lib/python3.12/site-packages/dbcounter.py:102}}
Feb 17 02:21:38.552175 np0000155887 devstack@n-api.service[100072]: DEBUG oslo_db.sqlalchemy.engines [None req-a43a112a-254d-4bbf-b635-988bbab86371 None None] MySQL server mode set to STRICT_TRANS_TABLES,STRICT_ALL_TABLES,NO_ZERO_IN_DATE,NO_ZERO_DATE,ERROR_FOR_DIVISION_BY_ZERO,TRADITIONAL,NO_ENGINE_SUBSTITUTION {{(pid=100072) _check_effective_sql_mode /opt/stack/data/venv/lib/python3.12/site-packages/oslo_db/sqlalchemy/engines.py:325}}
Feb 17 02:21:38.555072 np0000155887 devstack@n-api.service[100073]: INFO dbcounter [None req-d36b4ab3-9a3a-4e74-ad61-9d551e4e6c1a None None] Registered counter for database nova_cell0
Feb 17 02:21:38.565017 np0000155887 devstack@n-api.service[100073]: DEBUG oslo_db.sqlalchemy.engines [None req-d36b4ab3-9a3a-4e74-ad61-9d551e4e6c1a None None] MySQL server mode set to STRICT_TRANS_TABLES,STRICT_ALL_TABLES,NO_ZERO_IN_DATE,NO_ZERO_DATE,ERROR_FOR_DIVISION_BY_ZERO,TRADITIONAL,NO_ENGINE_SUBSTITUTION {{(pid=100073) _check_effective_sql_mode /opt/stack/data/venv/lib/python3.12/site-packages/oslo_db/sqlalchemy/engines.py:325}}
Feb 17 02:21:38.576129 np0000155887 devstack@n-api.service[100073]: DEBUG dbcounter [-] [100073] Writer thread running {{(pid=100073) stat_writer /opt/stack/data/venv/lib/python3.12/site-packages/dbcounter.py:102}}
Feb 17 02:21:38.589071 np0000155887 devstack@n-api.service[100075]: DEBUG dbcounter [-] [100075] Writer thread running {{(pid=100075) stat_writer /opt/stack/data/venv/lib/python3.12/site-packages/dbcounter.py:102}}
Feb 17 02:21:38.589761 np0000155887 devstack@n-api.service[100075]: DEBUG dbcounter [-] [100075] Writer thread running {{(pid=100075) stat_writer /opt/stack/data/venv/lib/python3.12/site-packages/dbcounter.py:102}}
Feb 17 02:21:38.594349 np0000155887 devstack@n-api.service[100074]: DEBUG dbcounter [-] [100074] Writer thread running {{(pid=100074) stat_writer /opt/stack/data/venv/lib/python3.12/site-packages/dbcounter.py:102}}
Feb 17 02:21:38.594918 np0000155887 devstack@n-api.service[100074]: DEBUG dbcounter [-] [100074] Writer thread running {{(pid=100074) stat_writer /opt/stack/data/venv/lib/python3.12/site-packages/dbcounter.py:102}}
Feb 17 02:21:38.645073 np0000155887 devstack@n-api.service[100072]: DEBUG dbcounter [-] [100072] Writer thread running {{(pid=100072) stat_writer /opt/stack/data/venv/lib/python3.12/site-packages/dbcounter.py:102}}
Feb 17 02:21:38.649011 np0000155887 devstack@n-api.service[100072]: DEBUG dbcounter [-] [100072] Writer thread running {{(pid=100072) stat_writer /opt/stack/data/venv/lib/python3.12/site-packages/dbcounter.py:102}}
Feb 17 02:21:38.650669 np0000155887 devstack@n-api.service[100075]: INFO dbcounter [None req-26d8373f-4334-4b2d-9333-769d190c5675 None None] Registered counter for database nova_cell0
Feb 17 02:21:38.652095 np0000155887 devstack@n-api.service[100074]: INFO dbcounter [None req-0b3c593f-fab0-4d3e-83e5-1323a4180955 None None] Registered counter for database nova_cell0
Feb 17 02:21:38.653748 np0000155887 devstack@n-api.service[100072]: INFO dbcounter [None req-a43a112a-254d-4bbf-b635-988bbab86371 None None] Registered counter for database nova_cell0
Feb 17 02:21:38.660189 np0000155887 devstack@n-api.service[100074]: DEBUG oslo_db.sqlalchemy.engines [None req-0b3c593f-fab0-4d3e-83e5-1323a4180955 None None] MySQL server mode set to STRICT_TRANS_TABLES,STRICT_ALL_TABLES,NO_ZERO_IN_DATE,NO_ZERO_DATE,ERROR_FOR_DIVISION_BY_ZERO,TRADITIONAL,NO_ENGINE_SUBSTITUTION {{(pid=100074) _check_effective_sql_mode /opt/stack/data/venv/lib/python3.12/site-packages/oslo_db/sqlalchemy/engines.py:325}}
Feb 17 02:21:38.664923 np0000155887 devstack@n-api.service[100072]: DEBUG oslo_db.sqlalchemy.engines [None req-a43a112a-254d-4bbf-b635-988bbab86371 None None] MySQL server mode set to STRICT_TRANS_TABLES,STRICT_ALL_TABLES,NO_ZERO_IN_DATE,NO_ZERO_DATE,ERROR_FOR_DIVISION_BY_ZERO,TRADITIONAL,NO_ENGINE_SUBSTITUTION {{(pid=100072) _check_effective_sql_mode /opt/stack/data/venv/lib/python3.12/site-packages/oslo_db/sqlalchemy/engines.py:325}}
Feb 17 02:21:38.669177 np0000155887 devstack@n-api.service[100075]: DEBUG oslo_db.sqlalchemy.engines [None req-26d8373f-4334-4b2d-9333-769d190c5675 None None] MySQL server mode set to STRICT_TRANS_TABLES,STRICT_ALL_TABLES,NO_ZERO_IN_DATE,NO_ZERO_DATE,ERROR_FOR_DIVISION_BY_ZERO,TRADITIONAL,NO_ENGINE_SUBSTITUTION {{(pid=100075) _check_effective_sql_mode /opt/stack/data/venv/lib/python3.12/site-packages/oslo_db/sqlalchemy/engines.py:325}}
Feb 17 02:21:38.672741 np0000155887 devstack@n-api.service[100072]: DEBUG dbcounter [-] [100072] Writer thread running {{(pid=100072) stat_writer /opt/stack/data/venv/lib/python3.12/site-packages/dbcounter.py:102}}
Feb 17 02:21:38.674295 np0000155887 devstack@n-api.service[100074]: DEBUG dbcounter [-] [100074] Writer thread running {{(pid=100074) stat_writer /opt/stack/data/venv/lib/python3.12/site-packages/dbcounter.py:102}}
Feb 17 02:21:38.679660 np0000155887 devstack@n-api.service[100075]: DEBUG dbcounter [-] [100075] Writer thread running {{(pid=100075) stat_writer /opt/stack/data/venv/lib/python3.12/site-packages/dbcounter.py:102}}
Feb 17 02:21:39.006922 np0000155887 devstack@n-api.service[100073]: DEBUG oslo_concurrency.processutils [None req-d36b4ab3-9a3a-4e74-ad61-9d551e4e6c1a None None] Running cmd (subprocess): grep -F node.session.scan /sbin/iscsiadm {{(pid=100073) execute /opt/stack/data/venv/lib/python3.12/site-packages/oslo_concurrency/processutils.py:368}}
Feb 17 02:21:39.024908 np0000155887 devstack@n-api.service[100073]: DEBUG oslo_concurrency.processutils [None req-d36b4ab3-9a3a-4e74-ad61-9d551e4e6c1a None None] CMD "grep -F node.session.scan /sbin/iscsiadm" returned: 0 in 0.018s {{(pid=100073) execute /opt/stack/data/venv/lib/python3.12/site-packages/oslo_concurrency/processutils.py:396}}
Feb 17 02:21:39.042667 np0000155887 devstack@n-api.service[100072]: DEBUG oslo_concurrency.processutils [None req-a43a112a-254d-4bbf-b635-988bbab86371 None None] Running cmd (subprocess): grep -F node.session.scan /sbin/iscsiadm {{(pid=100072) execute /opt/stack/data/venv/lib/python3.12/site-packages/oslo_concurrency/processutils.py:368}}
Feb 17 02:21:39.060663 np0000155887 devstack@n-api.service[100072]: DEBUG oslo_concurrency.processutils [None req-a43a112a-254d-4bbf-b635-988bbab86371 None None] CMD "grep -F node.session.scan /sbin/iscsiadm" returned: 0 in 0.019s {{(pid=100072) execute /opt/stack/data/venv/lib/python3.12/site-packages/oslo_concurrency/processutils.py:396}}
Feb 17 02:21:39.068114 np0000155887 devstack@n-api.service[100075]: DEBUG oslo_concurrency.processutils [None req-26d8373f-4334-4b2d-9333-769d190c5675 None None] Running cmd (subprocess): grep -F node.session.scan /sbin/iscsiadm {{(pid=100075) execute /opt/stack/data/venv/lib/python3.12/site-packages/oslo_concurrency/processutils.py:368}}
Feb 17 02:21:39.077911 np0000155887 devstack@n-api.service[100074]: DEBUG oslo_concurrency.processutils [None req-0b3c593f-fab0-4d3e-83e5-1323a4180955 None None] Running cmd (subprocess): grep -F node.session.scan /sbin/iscsiadm {{(pid=100074) execute /opt/stack/data/venv/lib/python3.12/site-packages/oslo_concurrency/processutils.py:368}}
Feb 17 02:21:39.086837 np0000155887 devstack@n-api.service[100075]: DEBUG oslo_concurrency.processutils [None req-26d8373f-4334-4b2d-9333-769d190c5675 None None] CMD "grep -F node.session.scan /sbin/iscsiadm" returned: 0 in 0.019s {{(pid=100075) execute /opt/stack/data/venv/lib/python3.12/site-packages/oslo_concurrency/processutils.py:396}}
Feb 17 02:21:39.095649 np0000155887 devstack@n-api.service[100074]: DEBUG oslo_concurrency.processutils [None req-0b3c593f-fab0-4d3e-83e5-1323a4180955 None None] CMD "grep -F node.session.scan /sbin/iscsiadm" returned: 0 in 0.018s {{(pid=100074) execute /opt/stack/data/venv/lib/python3.12/site-packages/oslo_concurrency/processutils.py:396}}
Feb 17 02:21:39.524912 np0000155887 devstack@n-api.service[100075]: WARNING keystonemiddleware.auth_token [None req-26d8373f-4334-4b2d-9333-769d190c5675 None None] AuthToken middleware is set with keystone_authtoken.service_token_roles_required set to False. This is backwards compatible but deprecated behaviour. Please set this to True.
Feb 17 02:21:39.525731 np0000155887 devstack@n-api.service[100074]: WARNING keystonemiddleware.auth_token [None req-0b3c593f-fab0-4d3e-83e5-1323a4180955 None None] AuthToken middleware is set with keystone_authtoken.service_token_roles_required set to False. This is backwards compatible but deprecated behaviour. Please set this to True.
Feb 17 02:21:39.528074 np0000155887 devstack@n-api.service[100072]: WARNING keystonemiddleware.auth_token [None req-a43a112a-254d-4bbf-b635-988bbab86371 None None] AuthToken middleware is set with keystone_authtoken.service_token_roles_required set to False. This is backwards compatible but deprecated behaviour. Please set this to True.
Feb 17 02:21:39.528749 np0000155887 devstack@n-api.service[100075]: WARNING keystonemiddleware.auth_token [None req-26d8373f-4334-4b2d-9333-769d190c5675 None None] Configuring www_authenticate_uri to point to the public identity endpoint is required; clients may not be able to authenticate against an admin endpoint
Feb 17 02:21:39.529338 np0000155887 devstack@n-api.service[100074]: WARNING keystonemiddleware.auth_token [None req-0b3c593f-fab0-4d3e-83e5-1323a4180955 None None] Configuring www_authenticate_uri to point to the public identity endpoint is required; clients may not be able to authenticate against an admin endpoint
Feb 17 02:21:39.531671 np0000155887 devstack@n-api.service[100073]: WARNING keystonemiddleware.auth_token [None req-d36b4ab3-9a3a-4e74-ad61-9d551e4e6c1a None None] AuthToken middleware is set with keystone_authtoken.service_token_roles_required set to False. This is backwards compatible but deprecated behaviour. Please set this to True.
Feb 17 02:21:39.532083 np0000155887 devstack@n-api.service[100072]: WARNING keystonemiddleware.auth_token [None req-a43a112a-254d-4bbf-b635-988bbab86371 None None] Configuring www_authenticate_uri to point to the public identity endpoint is required; clients may not be able to authenticate against an admin endpoint
Feb 17 02:21:39.535843 np0000155887 devstack@n-api.service[100073]: WARNING keystonemiddleware.auth_token [None req-d36b4ab3-9a3a-4e74-ad61-9d551e4e6c1a None None] Configuring www_authenticate_uri to point to the public identity endpoint is required; clients may not be able to authenticate against an admin endpoint
Feb 17 02:21:39.714014 np0000155887 devstack@n-api.service[100074]: WARNING keystonemiddleware.auth_token [None req-0b3c593f-fab0-4d3e-83e5-1323a4180955 None None] AuthToken middleware is set with keystone_authtoken.service_token_roles_required set to False. This is backwards compatible but deprecated behaviour. Please set this to True.
Feb 17 02:21:39.716989 np0000155887 devstack@n-api.service[100074]: WARNING keystonemiddleware.auth_token [None req-0b3c593f-fab0-4d3e-83e5-1323a4180955 None None] Configuring www_authenticate_uri to point to the public identity endpoint is required; clients may not be able to authenticate against an admin endpoint
Feb 17 02:21:39.719468 np0000155887 devstack@n-api.service[100074]: DEBUG nova.api.openstack.wsgi_app [None req-0b3c593f-fab0-4d3e-83e5-1323a4180955 None None] ******************************************************************************** {{(pid=100074) log_opt_values /opt/stack/data/venv/lib/python3.12/site-packages/oslo_config/cfg.py:2804}}
Feb 17 02:21:39.719660 np0000155887 devstack@n-api.service[100074]: DEBUG nova.api.openstack.wsgi_app [None req-0b3c593f-fab0-4d3e-83e5-1323a4180955 None None] Configuration options gathered from: {{(pid=100074) log_opt_values /opt/stack/data/venv/lib/python3.12/site-packages/oslo_config/cfg.py:2805}}
Feb 17 02:21:39.719903 np0000155887 devstack@n-api.service[100074]: DEBUG nova.api.openstack.wsgi_app [None req-0b3c593f-fab0-4d3e-83e5-1323a4180955 None None] command line args: [] {{(pid=100074) log_opt_values /opt/stack/data/venv/lib/python3.12/site-packages/oslo_config/cfg.py:2806}}
Feb 17 02:21:39.720024 np0000155887 devstack@n-api.service[100074]: DEBUG nova.api.openstack.wsgi_app [None req-0b3c593f-fab0-4d3e-83e5-1323a4180955 None None] config files: ['/etc/nova/api-paste.ini', '/etc/nova/nova.conf'] {{(pid=100074) log_opt_values /opt/stack/data/venv/lib/python3.12/site-packages/oslo_config/cfg.py:2807}}
Feb 17 02:21:39.720140 np0000155887 devstack@n-api.service[100074]: DEBUG nova.api.openstack.wsgi_app [None req-0b3c593f-fab0-4d3e-83e5-1323a4180955 None None] ================================================================================ {{(pid=100074) log_opt_values /opt/stack/data/venv/lib/python3.12/site-packages/oslo_config/cfg.py:2809}}
Feb 17 02:21:39.720309 np0000155887 devstack@n-api.service[100074]: DEBUG nova.api.openstack.wsgi_app [None req-0b3c593f-fab0-4d3e-83e5-1323a4180955 None None] allow_resize_to_same_host = True {{(pid=100074) log_opt_values /opt/stack/data/venv/lib/python3.12/site-packages/oslo_config/cfg.py:2817}}
Feb 17 02:21:39.720425 np0000155887 devstack@n-api.service[100074]: DEBUG nova.api.openstack.wsgi_app [None req-0b3c593f-fab0-4d3e-83e5-1323a4180955 None None] arq_binding_timeout = 300 {{(pid=100074) log_opt_values /opt/stack/data/venv/lib/python3.12/site-packages/oslo_config/cfg.py:2817}}
Feb 17 02:21:39.720577 np0000155887 devstack@n-api.service[100074]: DEBUG nova.api.openstack.wsgi_app [None req-0b3c593f-fab0-4d3e-83e5-1323a4180955 None None] block_device_allocate_retries = 60 {{(pid=100074) log_opt_values /opt/stack/data/venv/lib/python3.12/site-packages/oslo_config/cfg.py:2817}}
Feb 17 02:21:39.720708 np0000155887 devstack@n-api.service[100074]: DEBUG nova.api.openstack.wsgi_app [None req-0b3c593f-fab0-4d3e-83e5-1323a4180955 None None] block_device_allocate_retries_interval = 3 {{(pid=100074) log_opt_values /opt/stack/data/venv/lib/python3.12/site-packages/oslo_config/cfg.py:2817}}
Feb 17 02:21:39.720836 np0000155887 devstack@n-api.service[100074]: DEBUG nova.api.openstack.wsgi_app [None req-0b3c593f-fab0-4d3e-83e5-1323a4180955 None None] cell_worker_thread_pool_size = 5 {{(pid=100074) log_opt_values /opt/stack/data/venv/lib/python3.12/site-packages/oslo_config/cfg.py:2817}}
Feb 17 02:21:39.720964 np0000155887 devstack@n-api.service[100074]: DEBUG nova.api.openstack.wsgi_app [None req-0b3c593f-fab0-4d3e-83e5-1323a4180955 None None] cert = self.pem {{(pid=100074) log_opt_values /opt/stack/data/venv/lib/python3.12/site-packages/oslo_config/cfg.py:2817}}
Feb 17 02:21:39.721085 np0000155887 devstack@n-api.service[100074]: DEBUG nova.api.openstack.wsgi_app [None req-0b3c593f-fab0-4d3e-83e5-1323a4180955 None None] compute_driver = libvirt.LibvirtDriver {{(pid=100074) log_opt_values /opt/stack/data/venv/lib/python3.12/site-packages/oslo_config/cfg.py:2817}}
Feb 17 02:21:39.721231 np0000155887 devstack@n-api.service[100074]: DEBUG nova.api.openstack.wsgi_app [None req-0b3c593f-fab0-4d3e-83e5-1323a4180955 None None] compute_monitors = [] {{(pid=100074) log_opt_values /opt/stack/data/venv/lib/python3.12/site-packages/oslo_config/cfg.py:2817}}
Feb 17 02:21:39.721358 np0000155887 devstack@n-api.service[100074]: DEBUG nova.api.openstack.wsgi_app [None req-0b3c593f-fab0-4d3e-83e5-1323a4180955 None None] config_dir = [] {{(pid=100074) log_opt_values /opt/stack/data/venv/lib/python3.12/site-packages/oslo_config/cfg.py:2817}}
Feb 17 02:21:39.721472 np0000155887 devstack@n-api.service[100074]: DEBUG nova.api.openstack.wsgi_app [None req-0b3c593f-fab0-4d3e-83e5-1323a4180955 None None] config_drive_format = iso9660 {{(pid=100074) log_opt_values /opt/stack/data/venv/lib/python3.12/site-packages/oslo_config/cfg.py:2817}}
Feb 17 02:21:39.721635 np0000155887 devstack@n-api.service[100074]: DEBUG nova.api.openstack.wsgi_app [None req-0b3c593f-fab0-4d3e-83e5-1323a4180955 None None] config_file = ['/etc/nova/api-paste.ini', '/etc/nova/nova.conf'] {{(pid=100074) log_opt_values /opt/stack/data/venv/lib/python3.12/site-packages/oslo_config/cfg.py:2817}}
Feb 17 02:21:39.721761 np0000155887 devstack@n-api.service[100072]: WARNING keystonemiddleware.auth_token [None req-a43a112a-254d-4bbf-b635-988bbab86371 None None] AuthToken middleware is set with keystone_authtoken.service_token_roles_required set to False. This is backwards compatible but deprecated behaviour. Please set this to True.
Feb 17 02:21:39.721929 np0000155887 devstack@n-api.service[100074]: DEBUG nova.api.openstack.wsgi_app [None req-0b3c593f-fab0-4d3e-83e5-1323a4180955 None None] config_source = [] {{(pid=100074) log_opt_values /opt/stack/data/venv/lib/python3.12/site-packages/oslo_config/cfg.py:2817}}
Feb 17 02:21:39.721929 np0000155887 devstack@n-api.service[100074]: DEBUG nova.api.openstack.wsgi_app [None req-0b3c593f-fab0-4d3e-83e5-1323a4180955 None None] console_host = np0000155887 {{(pid=100074) log_opt_values /opt/stack/data/venv/lib/python3.12/site-packages/oslo_config/cfg.py:2817}}
Feb 17 02:21:39.722054 np0000155887 devstack@n-api.service[100075]: WARNING keystonemiddleware.auth_token [None req-26d8373f-4334-4b2d-9333-769d190c5675 None None] AuthToken middleware is set with keystone_authtoken.service_token_roles_required set to False. This is backwards compatible but deprecated behaviour. Please set this to True.
Feb 17 02:21:39.722109 np0000155887 devstack@n-api.service[100074]: DEBUG nova.api.openstack.wsgi_app [None req-0b3c593f-fab0-4d3e-83e5-1323a4180955 None None] control_exchange = nova {{(pid=100074) log_opt_values /opt/stack/data/venv/lib/python3.12/site-packages/oslo_config/cfg.py:2817}}
Feb 17 02:21:39.722164 np0000155887 devstack@n-api.service[100074]: DEBUG nova.api.openstack.wsgi_app [None req-0b3c593f-fab0-4d3e-83e5-1323a4180955 None None] cpu_allocation_ratio = None {{(pid=100074) log_opt_values /opt/stack/data/venv/lib/python3.12/site-packages/oslo_config/cfg.py:2817}}
Feb 17 02:21:39.722340 np0000155887 devstack@n-api.service[100074]: DEBUG nova.api.openstack.wsgi_app [None req-0b3c593f-fab0-4d3e-83e5-1323a4180955 None None] daemon = False {{(pid=100074) log_opt_values /opt/stack/data/venv/lib/python3.12/site-packages/oslo_config/cfg.py:2817}}
Feb 17 02:21:39.722453 np0000155887 devstack@n-api.service[100074]: DEBUG nova.api.openstack.wsgi_app [None req-0b3c593f-fab0-4d3e-83e5-1323a4180955 None None] debug = True {{(pid=100074) log_opt_values /opt/stack/data/venv/lib/python3.12/site-packages/oslo_config/cfg.py:2817}}
Feb 17 02:21:39.722587 np0000155887 devstack@n-api.service[100074]: DEBUG nova.api.openstack.wsgi_app [None req-0b3c593f-fab0-4d3e-83e5-1323a4180955 None None] default_access_ip_network_name = None {{(pid=100074) log_opt_values /opt/stack/data/venv/lib/python3.12/site-packages/oslo_config/cfg.py:2817}}
Feb 17 02:21:39.722711 np0000155887 devstack@n-api.service[100074]: DEBUG nova.api.openstack.wsgi_app [None req-0b3c593f-fab0-4d3e-83e5-1323a4180955 None None] default_availability_zone = nova {{(pid=100074) log_opt_values /opt/stack/data/venv/lib/python3.12/site-packages/oslo_config/cfg.py:2817}}
Feb 17 02:21:39.722820 np0000155887 devstack@n-api.service[100074]: DEBUG nova.api.openstack.wsgi_app [None req-0b3c593f-fab0-4d3e-83e5-1323a4180955 None None] default_ephemeral_format = ext4 {{(pid=100074) log_opt_values /opt/stack/data/venv/lib/python3.12/site-packages/oslo_config/cfg.py:2817}}
Feb 17 02:21:39.722921 np0000155887 devstack@n-api.service[100074]: DEBUG nova.api.openstack.wsgi_app [None req-0b3c593f-fab0-4d3e-83e5-1323a4180955 None None] default_green_pool_size = 1000 {{(pid=100074) log_opt_values /opt/stack/data/venv/lib/python3.12/site-packages/oslo_config/cfg.py:2817}}
Feb 17 02:21:39.723105 np0000155887 devstack@n-api.service[100074]: DEBUG nova.api.openstack.wsgi_app [None req-0b3c593f-fab0-4d3e-83e5-1323a4180955 None None] default_log_levels = ['amqp=WARN', 'boto=WARN', 'sqlalchemy=WARN', 'suds=INFO', 'oslo.messaging=INFO', 'oslo_messaging=INFO', 'iso8601=WARN', 'requests.packages.urllib3.connectionpool=WARN', 'urllib3.connectionpool=WARN', 'websocket=WARN', 'requests.packages.urllib3.util.retry=WARN', 'urllib3.util.retry=WARN', 'keystonemiddleware=WARN', 'routes.middleware=WARN', 'stevedore=WARN', 'taskflow=WARN', 'keystoneauth=WARN', 'oslo.cache=INFO', 'oslo_policy=INFO', 'dogpile.core.dogpile=INFO', 'glanceclient=WARN', 'oslo.privsep.daemon=INFO'] {{(pid=100074) log_opt_values /opt/stack/data/venv/lib/python3.12/site-packages/oslo_config/cfg.py:2817}}
Feb 17 02:21:39.723250 np0000155887 devstack@n-api.service[100074]: DEBUG nova.api.openstack.wsgi_app [None req-0b3c593f-fab0-4d3e-83e5-1323a4180955 None None] default_schedule_zone = None {{(pid=100074) log_opt_values /opt/stack/data/venv/lib/python3.12/site-packages/oslo_config/cfg.py:2817}}
Feb 17 02:21:39.723382 np0000155887 devstack@n-api.service[100074]: DEBUG nova.api.openstack.wsgi_app [None req-0b3c593f-fab0-4d3e-83e5-1323a4180955 None None] default_thread_pool_size = 10 {{(pid=100074) log_opt_values /opt/stack/data/venv/lib/python3.12/site-packages/oslo_config/cfg.py:2817}}
Feb 17 02:21:39.723502 np0000155887 devstack@n-api.service[100074]: DEBUG nova.api.openstack.wsgi_app [None req-0b3c593f-fab0-4d3e-83e5-1323a4180955 None None] disk_allocation_ratio = None {{(pid=100074) log_opt_values /opt/stack/data/venv/lib/python3.12/site-packages/oslo_config/cfg.py:2817}}
Feb 17 02:21:39.723635 np0000155887 devstack@n-api.service[100074]: DEBUG nova.api.openstack.wsgi_app [None req-0b3c593f-fab0-4d3e-83e5-1323a4180955 None None] enable_new_services = True {{(pid=100074) log_opt_values /opt/stack/data/venv/lib/python3.12/site-packages/oslo_config/cfg.py:2817}}
Feb 17 02:21:39.723744 np0000155887 devstack@n-api.service[100074]: DEBUG nova.api.openstack.wsgi_app [None req-0b3c593f-fab0-4d3e-83e5-1323a4180955 None None] flat_injected = False {{(pid=100074) log_opt_values /opt/stack/data/venv/lib/python3.12/site-packages/oslo_config/cfg.py:2817}}
Feb 17 02:21:39.723846 np0000155887 devstack@n-api.service[100074]: DEBUG nova.api.openstack.wsgi_app [None req-0b3c593f-fab0-4d3e-83e5-1323a4180955 None None] force_config_drive = False {{(pid=100074) log_opt_values /opt/stack/data/venv/lib/python3.12/site-packages/oslo_config/cfg.py:2817}}
Feb 17 02:21:39.723965 np0000155887 devstack@n-api.service[100074]: DEBUG nova.api.openstack.wsgi_app [None req-0b3c593f-fab0-4d3e-83e5-1323a4180955 None None] force_raw_images = True {{(pid=100074) log_opt_values /opt/stack/data/venv/lib/python3.12/site-packages/oslo_config/cfg.py:2817}}
Feb 17 02:21:39.724088 np0000155887 devstack@n-api.service[100074]: DEBUG nova.api.openstack.wsgi_app [None req-0b3c593f-fab0-4d3e-83e5-1323a4180955 None None] graceful_shutdown_timeout = 5 {{(pid=100074) log_opt_values /opt/stack/data/venv/lib/python3.12/site-packages/oslo_config/cfg.py:2817}}
Feb 17 02:21:39.724208 np0000155887 devstack@n-api.service[100074]: DEBUG nova.api.openstack.wsgi_app [None req-0b3c593f-fab0-4d3e-83e5-1323a4180955 None None] heal_instance_info_cache_interval = -1 {{(pid=100074) log_opt_values /opt/stack/data/venv/lib/python3.12/site-packages/oslo_config/cfg.py:2817}}
Feb 17 02:21:39.724366 np0000155887 devstack@n-api.service[100074]: DEBUG nova.api.openstack.wsgi_app [None req-0b3c593f-fab0-4d3e-83e5-1323a4180955 None None] host = np0000155887 {{(pid=100074) log_opt_values /opt/stack/data/venv/lib/python3.12/site-packages/oslo_config/cfg.py:2817}}
Feb 17 02:21:39.724503 np0000155887 devstack@n-api.service[100074]: DEBUG nova.api.openstack.wsgi_app [None req-0b3c593f-fab0-4d3e-83e5-1323a4180955 None None] initial_cpu_allocation_ratio = 4.0 {{(pid=100074) log_opt_values /opt/stack/data/venv/lib/python3.12/site-packages/oslo_config/cfg.py:2817}}
Feb 17 02:21:39.724587 np0000155887 devstack@n-api.service[100072]: WARNING keystonemiddleware.auth_token [None req-a43a112a-254d-4bbf-b635-988bbab86371 None None] Configuring www_authenticate_uri to point to the public identity endpoint is required; clients may not be able to authenticate against an admin endpoint
Feb 17 02:21:39.724644 np0000155887 devstack@n-api.service[100074]: DEBUG nova.api.openstack.wsgi_app [None req-0b3c593f-fab0-4d3e-83e5-1323a4180955 None None] initial_disk_allocation_ratio = 1.0 {{(pid=100074) log_opt_values /opt/stack/data/venv/lib/python3.12/site-packages/oslo_config/cfg.py:2817}}
