Feb 17 02:22:36.924088 np0000155887 systemd[1]: Starting devstack@n-api-meta.service - Devstack devstack@n-api-meta.service...
Feb 17 02:22:36.933412 np0000155887 devstack@n-api-meta.service[108365]: [uWSGI] getting INI configuration from /etc/nova/nova-metadata-uwsgi.ini
Feb 17 02:22:36.933412 np0000155887 devstack@n-api-meta.service[108365]: open("./http_plugin.so"): No such file or directory [core/utils.c line 3709]
Feb 17 02:22:36.933412 np0000155887 devstack@n-api-meta.service[108365]: !!! UNABLE to load uWSGI plugin: ./http_plugin.so: cannot open shared object file: No such file or directory !!!
Feb 17 02:22:36.933412 np0000155887 devstack@n-api-meta.service[108365]: open("./python3_plugin.so"): No such file or directory [core/utils.c line 3709]
Feb 17 02:22:36.933412 np0000155887 devstack@n-api-meta.service[108365]: !!! UNABLE to load uWSGI plugin: ./python3_plugin.so: cannot open shared object file: No such file or directory !!!
Feb 17 02:22:36.934769 np0000155887 devstack@n-api-meta.service[108365]: *** Starting uWSGI 2.0.31 (64bit) on [Tue Feb 17 02:22:36 2026] ***
Feb 17 02:22:36.934769 np0000155887 devstack@n-api-meta.service[108365]: compiled with version: 13.3.0 on 17 February 2026 02:12:25
Feb 17 02:22:36.934769 np0000155887 devstack@n-api-meta.service[108365]: os: Linux-6.8.0-100-generic #100-Ubuntu SMP PREEMPT_DYNAMIC Tue Jan 13 16:40:06 UTC 2026
Feb 17 02:22:36.934769 np0000155887 devstack@n-api-meta.service[108365]: nodename: np0000155887
Feb 17 02:22:36.934769 np0000155887 devstack@n-api-meta.service[108365]: machine: x86_64
Feb 17 02:22:36.934769 np0000155887 devstack@n-api-meta.service[108365]: clock source: unix
Feb 17 02:22:36.934769 np0000155887 devstack@n-api-meta.service[108365]: pcre jit disabled
Feb 17 02:22:36.934769 np0000155887 devstack@n-api-meta.service[108365]: detected number of CPU cores: 16
Feb 17 02:22:36.934769 np0000155887 devstack@n-api-meta.service[108365]: current working directory: /
Feb 17 02:22:36.934769 np0000155887 devstack@n-api-meta.service[108365]: detected binary path: /opt/stack/data/venv/bin/uwsgi
Feb 17 02:22:36.934769 np0000155887 devstack@n-api-meta.service[108365]: your processes number limit is 256923
Feb 17 02:22:36.934769 np0000155887 devstack@n-api-meta.service[108365]: your memory page size is 4096 bytes
Feb 17 02:22:36.934769 np0000155887 devstack@n-api-meta.service[108365]: detected max file descriptor number: 2048
Feb 17 02:22:36.934769 np0000155887 devstack@n-api-meta.service[108365]: lock engine: pthread robust mutexes
Feb 17 02:22:36.934769 np0000155887 devstack@n-api-meta.service[108365]: thunder lock: enabled
Feb 17 02:22:36.934769 np0000155887 devstack@n-api-meta.service[108365]: uWSGI http bound on 0.0.0.0:8775 fd 5
Feb 17 02:22:36.934769 np0000155887 devstack@n-api-meta.service[108365]: uwsgi socket 0 bound to TCP address 127.0.0.1:39535 (port auto-assigned) fd 4
Feb 17 02:22:36.934769 np0000155887 devstack@n-api-meta.service[108365]: Python version: 3.12.3 (main, Jan 22 2026, 20:57:42) [GCC 13.3.0]
Feb 17 02:22:36.934769 np0000155887 devstack@n-api-meta.service[108365]: PEP 405 virtualenv detected: /opt/stack/data/venv
Feb 17 02:22:36.934769 np0000155887 devstack@n-api-meta.service[108365]: Set PythonHome to /opt/stack/data/venv
Feb 17 02:22:36.968616 np0000155887 devstack@n-api-meta.service[108365]: Python main interpreter initialized at 0x797cca4a3668
Feb 17 02:22:36.968616 np0000155887 devstack@n-api-meta.service[108365]: python threads support enabled
Feb 17 02:22:36.968616 np0000155887 devstack@n-api-meta.service[108365]: your server socket listen backlog is limited to 100 connections
Feb 17 02:22:36.968616 np0000155887 devstack@n-api-meta.service[108365]: your mercy for graceful operations on workers is 80 seconds
Feb 17 02:22:36.969122 np0000155887 devstack@n-api-meta.service[108365]: mapped 671795 bytes (656 KB) for 4 cores
Feb 17 02:22:36.969267 np0000155887 devstack@n-api-meta.service[108365]: *** Operational MODE: preforking ***
Feb 17 02:22:36.969467 np0000155887 devstack@n-api-meta.service[108365]: *** uWSGI is running in multiple interpreter mode ***
Feb 17 02:22:36.969467 np0000155887 devstack@n-api-meta.service[108365]: spawned uWSGI master process (pid: 108365)
Feb 17 02:22:36.969652 np0000155887 systemd[1]: Started devstack@n-api-meta.service - Devstack devstack@n-api-meta.service.
Feb 17 02:22:36.970444 np0000155887 devstack@n-api-meta.service[108365]: spawned uWSGI worker 1 (pid: 108366, cores: 1)
Feb 17 02:22:36.970444 np0000155887 devstack@n-api-meta.service[108365]: spawned uWSGI worker 2 (pid: 108367, cores: 1)
Feb 17 02:22:36.970883 np0000155887 devstack@n-api-meta.service[108365]: spawned uWSGI worker 3 (pid: 108368, cores: 1)
Feb 17 02:22:36.971361 np0000155887 devstack@n-api-meta.service[108365]: spawned uWSGI worker 4 (pid: 108369, cores: 1)
Feb 17 02:22:36.971822 np0000155887 devstack@n-api-meta.service[108365]: spawned uWSGI http 1 (pid: 108370)
Feb 17 02:22:36.971822 np0000155887 devstack@n-api-meta.service[108365]: running "unix_signal:15 gracefully_kill_them_all" (master-start)...
Feb 17 02:22:37.385956 np0000155887 devstack@n-api-meta.service[108367]: Service is starting with native threading. This is currently experimental. Do not use it in production without first testing it in pre-production.
Feb 17 02:22:37.395313 np0000155887 devstack@n-api-meta.service[108366]: Service is starting with native threading. This is currently experimental. Do not use it in production without first testing it in pre-production.
Feb 17 02:22:37.410171 np0000155887 devstack@n-api-meta.service[108369]: Service is starting with native threading. This is currently experimental. Do not use it in production without first testing it in pre-production.
Feb 17 02:22:37.465984 np0000155887 devstack@n-api-meta.service[108368]: Service is starting with native threading. This is currently experimental. Do not use it in production without first testing it in pre-production.
Feb 17 02:22:39.142109 np0000155887 devstack@n-api-meta.service[108367]: INFO dbcounter [None req-e03a043c-2a0f-4c13-a2e0-5656ac82a9c2 None None] Registered counter for database nova_api
Feb 17 02:22:39.164849 np0000155887 devstack@n-api-meta.service[108367]: DEBUG oslo_db.sqlalchemy.engines [None req-e03a043c-2a0f-4c13-a2e0-5656ac82a9c2 None None] MySQL server mode set to STRICT_TRANS_TABLES,STRICT_ALL_TABLES,NO_ZERO_IN_DATE,NO_ZERO_DATE,ERROR_FOR_DIVISION_BY_ZERO,TRADITIONAL,NO_ENGINE_SUBSTITUTION {{(pid=108367) _check_effective_sql_mode /opt/stack/data/venv/lib/python3.12/site-packages/oslo_db/sqlalchemy/engines.py:325}}
Feb 17 02:22:39.177690 np0000155887 devstack@n-api-meta.service[108366]: INFO dbcounter [None req-9327b253-2ee7-4a58-b644-1f88d94e9b8f None None] Registered counter for database nova_api
Feb 17 02:22:39.202124 np0000155887 devstack@n-api-meta.service[108366]: DEBUG oslo_db.sqlalchemy.engines [None req-9327b253-2ee7-4a58-b644-1f88d94e9b8f None None] MySQL server mode set to STRICT_TRANS_TABLES,STRICT_ALL_TABLES,NO_ZERO_IN_DATE,NO_ZERO_DATE,ERROR_FOR_DIVISION_BY_ZERO,TRADITIONAL,NO_ENGINE_SUBSTITUTION {{(pid=108366) _check_effective_sql_mode /opt/stack/data/venv/lib/python3.12/site-packages/oslo_db/sqlalchemy/engines.py:325}}
Feb 17 02:22:39.205002 np0000155887 devstack@n-api-meta.service[108367]: DEBUG dbcounter [-] [108367] Writer thread running {{(pid=108367) stat_writer /opt/stack/data/venv/lib/python3.12/site-packages/dbcounter.py:102}}
Feb 17 02:22:39.207507 np0000155887 devstack@n-api-meta.service[108367]: DEBUG nova.context [None req-e03a043c-2a0f-4c13-a2e0-5656ac82a9c2 None None] Found 2 cells: 00000000-0000-0000-0000-000000000000(cell0),381d1403-5f72-4a3d-b36c-8e59495b3b26(cell1) {{(pid=108367) load_cells /opt/stack/nova/nova/context.py:509}}
Feb 17 02:22:39.207772 np0000155887 devstack@n-api-meta.service[108367]: INFO nova.utils [None req-e03a043c-2a0f-4c13-a2e0-5656ac82a9c2 None None] The cell worker thread pool MainProcess.cell_worker is initialized
Feb 17 02:22:39.209666 np0000155887 devstack@n-api-meta.service[108367]: DEBUG oslo_concurrency.lockutils [None req-e03a043c-2a0f-4c13-a2e0-5656ac82a9c2 None None] Acquiring lock "00000000-0000-0000-0000-000000000000" by "nova.context.set_target_cell..get_or_set_cached_cell_and_set_connections" {{(pid=108367) inner /opt/stack/data/venv/lib/python3.12/site-packages/oslo_concurrency/lockutils.py:506}}
Feb 17 02:22:39.209793 np0000155887 devstack@n-api-meta.service[108367]: DEBUG oslo_concurrency.lockutils [None req-e03a043c-2a0f-4c13-a2e0-5656ac82a9c2 None None] Lock "00000000-0000-0000-0000-000000000000" acquired by "nova.context.set_target_cell..get_or_set_cached_cell_and_set_connections" :: waited 0.000s {{(pid=108367) inner /opt/stack/data/venv/lib/python3.12/site-packages/oslo_concurrency/lockutils.py:519}}
Feb 17 02:22:39.210192 np0000155887 devstack@n-api-meta.service[108367]: DEBUG oslo_concurrency.lockutils [None req-e03a043c-2a0f-4c13-a2e0-5656ac82a9c2 None None] Lock "00000000-0000-0000-0000-000000000000" "released" by "nova.context.set_target_cell..get_or_set_cached_cell_and_set_connections" :: held 0.000s {{(pid=108367) inner /opt/stack/data/venv/lib/python3.12/site-packages/oslo_concurrency/lockutils.py:538}}
Feb 17 02:22:39.210997 np0000155887 devstack@n-api-meta.service[108367]: DEBUG oslo_concurrency.lockutils [None req-e03a043c-2a0f-4c13-a2e0-5656ac82a9c2 None None] Acquiring lock "381d1403-5f72-4a3d-b36c-8e59495b3b26" by "nova.context.set_target_cell..get_or_set_cached_cell_and_set_connections" {{(pid=108367) inner /opt/stack/data/venv/lib/python3.12/site-packages/oslo_concurrency/lockutils.py:506}}
Feb 17 02:22:39.211111 np0000155887 devstack@n-api-meta.service[108367]: DEBUG oslo_concurrency.lockutils [None req-e03a043c-2a0f-4c13-a2e0-5656ac82a9c2 None None] Lock "381d1403-5f72-4a3d-b36c-8e59495b3b26" acquired by "nova.context.set_target_cell..get_or_set_cached_cell_and_set_connections" :: waited 0.000s {{(pid=108367) inner /opt/stack/data/venv/lib/python3.12/site-packages/oslo_concurrency/lockutils.py:519}}
Feb 17 02:22:39.212357 np0000155887 devstack@n-api-meta.service[108367]: DEBUG oslo_concurrency.lockutils [None req-e03a043c-2a0f-4c13-a2e0-5656ac82a9c2 None None] Lock "381d1403-5f72-4a3d-b36c-8e59495b3b26" "released" by "nova.context.set_target_cell..get_or_set_cached_cell_and_set_connections" :: held 0.001s {{(pid=108367) inner /opt/stack/data/venv/lib/python3.12/site-packages/oslo_concurrency/lockutils.py:538}}
Feb 17 02:22:39.216101 np0000155887 devstack@n-api-meta.service[108367]: INFO dbcounter [None req-e03a043c-2a0f-4c13-a2e0-5656ac82a9c2 None None] Registered counter for database nova_cell0
Feb 17 02:22:39.221814 np0000155887 devstack@n-api-meta.service[108367]: INFO dbcounter [None req-e03a043c-2a0f-4c13-a2e0-5656ac82a9c2 None None] Registered counter for database nova_cell1
Feb 17 02:22:39.227861 np0000155887 devstack@n-api-meta.service[108369]: INFO dbcounter [None req-36673e71-1a51-428c-b580-0be634bce164 None None] Registered counter for database nova_api
Feb 17 02:22:39.239041 np0000155887 devstack@n-api-meta.service[108367]: DEBUG oslo_db.sqlalchemy.engines [None req-e03a043c-2a0f-4c13-a2e0-5656ac82a9c2 None None] MySQL server mode set to STRICT_TRANS_TABLES,STRICT_ALL_TABLES,NO_ZERO_IN_DATE,NO_ZERO_DATE,ERROR_FOR_DIVISION_BY_ZERO,TRADITIONAL,NO_ENGINE_SUBSTITUTION {{(pid=108367) _check_effective_sql_mode /opt/stack/data/venv/lib/python3.12/site-packages/oslo_db/sqlalchemy/engines.py:325}}
Feb 17 02:22:39.239363 np0000155887 devstack@n-api-meta.service[108366]: DEBUG dbcounter [-] [108366] Writer thread running {{(pid=108366) stat_writer /opt/stack/data/venv/lib/python3.12/site-packages/dbcounter.py:102}}
Feb 17 02:22:39.241361 np0000155887 devstack@n-api-meta.service[108368]: INFO dbcounter [None req-b30083ce-2b0c-40c3-8441-88914c40c8c2 None None] Registered counter for database nova_api
Feb 17 02:22:39.242104 np0000155887 devstack@n-api-meta.service[108366]: DEBUG nova.context [None req-9327b253-2ee7-4a58-b644-1f88d94e9b8f None None] Found 2 cells: 00000000-0000-0000-0000-000000000000(cell0),381d1403-5f72-4a3d-b36c-8e59495b3b26(cell1) {{(pid=108366) load_cells /opt/stack/nova/nova/context.py:509}}
Feb 17 02:22:39.242371 np0000155887 devstack@n-api-meta.service[108366]: INFO nova.utils [None req-9327b253-2ee7-4a58-b644-1f88d94e9b8f None None] The cell worker thread pool MainProcess.cell_worker is initialized
Feb 17 02:22:39.244348 np0000155887 devstack@n-api-meta.service[108366]: DEBUG oslo_concurrency.lockutils [None req-9327b253-2ee7-4a58-b644-1f88d94e9b8f None None] Acquiring lock "00000000-0000-0000-0000-000000000000" by "nova.context.set_target_cell..get_or_set_cached_cell_and_set_connections" {{(pid=108366) inner /opt/stack/data/venv/lib/python3.12/site-packages/oslo_concurrency/lockutils.py:506}}
Feb 17 02:22:39.244511 np0000155887 devstack@n-api-meta.service[108366]: DEBUG oslo_concurrency.lockutils [None req-9327b253-2ee7-4a58-b644-1f88d94e9b8f None None] Lock "00000000-0000-0000-0000-000000000000" acquired by "nova.context.set_target_cell..get_or_set_cached_cell_and_set_connections" :: waited 0.000s {{(pid=108366) inner /opt/stack/data/venv/lib/python3.12/site-packages/oslo_concurrency/lockutils.py:519}}
Feb 17 02:22:39.244977 np0000155887 devstack@n-api-meta.service[108366]: DEBUG oslo_concurrency.lockutils [None req-9327b253-2ee7-4a58-b644-1f88d94e9b8f None None] Lock "00000000-0000-0000-0000-000000000000" "released" by "nova.context.set_target_cell..get_or_set_cached_cell_and_set_connections" :: held 0.000s {{(pid=108366) inner /opt/stack/data/venv/lib/python3.12/site-packages/oslo_concurrency/lockutils.py:538}}
Feb 17 02:22:39.245880 np0000155887 devstack@n-api-meta.service[108366]: DEBUG oslo_concurrency.lockutils [None req-9327b253-2ee7-4a58-b644-1f88d94e9b8f None None] Acquiring lock "381d1403-5f72-4a3d-b36c-8e59495b3b26" by "nova.context.set_target_cell..get_or_set_cached_cell_and_set_connections" {{(pid=108366) inner /opt/stack/data/venv/lib/python3.12/site-packages/oslo_concurrency/lockutils.py:506}}
Feb 17 02:22:39.246041 np0000155887 devstack@n-api-meta.service[108366]: DEBUG oslo_concurrency.lockutils [None req-9327b253-2ee7-4a58-b644-1f88d94e9b8f None None] Lock "381d1403-5f72-4a3d-b36c-8e59495b3b26" acquired by "nova.context.set_target_cell..get_or_set_cached_cell_and_set_connections" :: waited 0.000s {{(pid=108366) inner /opt/stack/data/venv/lib/python3.12/site-packages/oslo_concurrency/lockutils.py:519}}
Feb 17 02:22:39.247041 np0000155887 devstack@n-api-meta.service[108366]: DEBUG oslo_concurrency.lockutils [None req-9327b253-2ee7-4a58-b644-1f88d94e9b8f None None] Lock "381d1403-5f72-4a3d-b36c-8e59495b3b26" "released" by "nova.context.set_target_cell..get_or_set_cached_cell_and_set_connections" :: held 0.001s {{(pid=108366) inner /opt/stack/data/venv/lib/python3.12/site-packages/oslo_concurrency/lockutils.py:538}}
Feb 17 02:22:39.250857 np0000155887 devstack@n-api-meta.service[108366]: INFO dbcounter [None req-9327b253-2ee7-4a58-b644-1f88d94e9b8f None None] Registered counter for database nova_cell0
Feb 17 02:22:39.256441 np0000155887 devstack@n-api-meta.service[108366]: INFO dbcounter [None req-9327b253-2ee7-4a58-b644-1f88d94e9b8f None None] Registered counter for database nova_cell1
Feb 17 02:22:39.263715 np0000155887 devstack@n-api-meta.service[108367]: DEBUG oslo_db.sqlalchemy.engines [None req-e03a043c-2a0f-4c13-a2e0-5656ac82a9c2 None None] MySQL server mode set to STRICT_TRANS_TABLES,STRICT_ALL_TABLES,NO_ZERO_IN_DATE,NO_ZERO_DATE,ERROR_FOR_DIVISION_BY_ZERO,TRADITIONAL,NO_ENGINE_SUBSTITUTION {{(pid=108367) _check_effective_sql_mode /opt/stack/data/venv/lib/python3.12/site-packages/oslo_db/sqlalchemy/engines.py:325}}
Feb 17 02:22:39.263794 np0000155887 devstack@n-api-meta.service[108369]: DEBUG oslo_db.sqlalchemy.engines [None req-36673e71-1a51-428c-b580-0be634bce164 None None] MySQL server mode set to STRICT_TRANS_TABLES,STRICT_ALL_TABLES,NO_ZERO_IN_DATE,NO_ZERO_DATE,ERROR_FOR_DIVISION_BY_ZERO,TRADITIONAL,NO_ENGINE_SUBSTITUTION {{(pid=108369) _check_effective_sql_mode /opt/stack/data/venv/lib/python3.12/site-packages/oslo_db/sqlalchemy/engines.py:325}}
Feb 17 02:22:39.273209 np0000155887 devstack@n-api-meta.service[108368]: DEBUG oslo_db.sqlalchemy.engines [None req-b30083ce-2b0c-40c3-8441-88914c40c8c2 None None] MySQL server mode set to STRICT_TRANS_TABLES,STRICT_ALL_TABLES,NO_ZERO_IN_DATE,NO_ZERO_DATE,ERROR_FOR_DIVISION_BY_ZERO,TRADITIONAL,NO_ENGINE_SUBSTITUTION {{(pid=108368) _check_effective_sql_mode /opt/stack/data/venv/lib/python3.12/site-packages/oslo_db/sqlalchemy/engines.py:325}}
Feb 17 02:22:39.284431 np0000155887 devstack@n-api-meta.service[108366]: DEBUG oslo_db.sqlalchemy.engines [None req-9327b253-2ee7-4a58-b644-1f88d94e9b8f None None] MySQL server mode set to STRICT_TRANS_TABLES,STRICT_ALL_TABLES,NO_ZERO_IN_DATE,NO_ZERO_DATE,ERROR_FOR_DIVISION_BY_ZERO,TRADITIONAL,NO_ENGINE_SUBSTITUTION {{(pid=108366) _check_effective_sql_mode /opt/stack/data/venv/lib/python3.12/site-packages/oslo_db/sqlalchemy/engines.py:325}}
Feb 17 02:22:39.301163 np0000155887 devstack@n-api-meta.service[108369]: DEBUG dbcounter [-] [108369] Writer thread running {{(pid=108369) stat_writer /opt/stack/data/venv/lib/python3.12/site-packages/dbcounter.py:102}}
Feb 17 02:22:39.303279 np0000155887 devstack@n-api-meta.service[108366]: DEBUG oslo_db.sqlalchemy.engines [None req-9327b253-2ee7-4a58-b644-1f88d94e9b8f None None] MySQL server mode set to STRICT_TRANS_TABLES,STRICT_ALL_TABLES,NO_ZERO_IN_DATE,NO_ZERO_DATE,ERROR_FOR_DIVISION_BY_ZERO,TRADITIONAL,NO_ENGINE_SUBSTITUTION {{(pid=108366) _check_effective_sql_mode /opt/stack/data/venv/lib/python3.12/site-packages/oslo_db/sqlalchemy/engines.py:325}}
Feb 17 02:22:39.303963 np0000155887 devstack@n-api-meta.service[108369]: DEBUG nova.context [None req-36673e71-1a51-428c-b580-0be634bce164 None None] Found 2 cells: 00000000-0000-0000-0000-000000000000(cell0),381d1403-5f72-4a3d-b36c-8e59495b3b26(cell1) {{(pid=108369) load_cells /opt/stack/nova/nova/context.py:509}}
Feb 17 02:22:39.304276 np0000155887 devstack@n-api-meta.service[108369]: INFO nova.utils [None req-36673e71-1a51-428c-b580-0be634bce164 None None] The cell worker thread pool MainProcess.cell_worker is initialized
Feb 17 02:22:39.306663 np0000155887 devstack@n-api-meta.service[108369]: DEBUG oslo_concurrency.lockutils [None req-36673e71-1a51-428c-b580-0be634bce164 None None] Acquiring lock "00000000-0000-0000-0000-000000000000" by "nova.context.set_target_cell..get_or_set_cached_cell_and_set_connections" {{(pid=108369) inner /opt/stack/data/venv/lib/python3.12/site-packages/oslo_concurrency/lockutils.py:506}}
Feb 17 02:22:39.306874 np0000155887 devstack@n-api-meta.service[108369]: DEBUG oslo_concurrency.lockutils [None req-36673e71-1a51-428c-b580-0be634bce164 None None] Lock "00000000-0000-0000-0000-000000000000" acquired by "nova.context.set_target_cell..get_or_set_cached_cell_and_set_connections" :: waited 0.000s {{(pid=108369) inner /opt/stack/data/venv/lib/python3.12/site-packages/oslo_concurrency/lockutils.py:519}}
Feb 17 02:22:39.307291 np0000155887 devstack@n-api-meta.service[108369]: DEBUG oslo_concurrency.lockutils [None req-36673e71-1a51-428c-b580-0be634bce164 None None] Lock "00000000-0000-0000-0000-000000000000" "released" by "nova.context.set_target_cell..get_or_set_cached_cell_and_set_connections" :: held 0.000s {{(pid=108369) inner /opt/stack/data/venv/lib/python3.12/site-packages/oslo_concurrency/lockutils.py:538}}
Feb 17 02:22:39.308103 np0000155887 devstack@n-api-meta.service[108369]: DEBUG oslo_concurrency.lockutils [None req-36673e71-1a51-428c-b580-0be634bce164 None None] Acquiring lock "381d1403-5f72-4a3d-b36c-8e59495b3b26" by "nova.context.set_target_cell..get_or_set_cached_cell_and_set_connections" {{(pid=108369) inner /opt/stack/data/venv/lib/python3.12/site-packages/oslo_concurrency/lockutils.py:506}}
Feb 17 02:22:39.308269 np0000155887 devstack@n-api-meta.service[108369]: DEBUG oslo_concurrency.lockutils [None req-36673e71-1a51-428c-b580-0be634bce164 None None] Lock "381d1403-5f72-4a3d-b36c-8e59495b3b26" acquired by "nova.context.set_target_cell..get_or_set_cached_cell_and_set_connections" :: waited 0.000s {{(pid=108369) inner /opt/stack/data/venv/lib/python3.12/site-packages/oslo_concurrency/lockutils.py:519}}
Feb 17 02:22:39.308402 np0000155887 devstack@n-api-meta.service[108368]: DEBUG dbcounter [-] [108368] Writer thread running {{(pid=108368) stat_writer /opt/stack/data/venv/lib/python3.12/site-packages/dbcounter.py:102}}
Feb 17 02:22:39.309507 np0000155887 devstack@n-api-meta.service[108369]: DEBUG oslo_concurrency.lockutils [None req-36673e71-1a51-428c-b580-0be634bce164 None None] Lock "381d1403-5f72-4a3d-b36c-8e59495b3b26" "released" by "nova.context.set_target_cell..get_or_set_cached_cell_and_set_connections" :: held 0.001s {{(pid=108369) inner /opt/stack/data/venv/lib/python3.12/site-packages/oslo_concurrency/lockutils.py:538}}
Feb 17 02:22:39.311129 np0000155887 devstack@n-api-meta.service[108368]: DEBUG nova.context [None req-b30083ce-2b0c-40c3-8441-88914c40c8c2 None None] Found 2 cells: 00000000-0000-0000-0000-000000000000(cell0),381d1403-5f72-4a3d-b36c-8e59495b3b26(cell1) {{(pid=108368) load_cells /opt/stack/nova/nova/context.py:509}}
Feb 17 02:22:39.311391 np0000155887 devstack@n-api-meta.service[108368]: INFO nova.utils [None req-b30083ce-2b0c-40c3-8441-88914c40c8c2 None None] The cell worker thread pool MainProcess.cell_worker is initialized
Feb 17 02:22:39.311595 np0000155887 devstack@n-api-meta.service[108369]: INFO dbcounter [None req-36673e71-1a51-428c-b580-0be634bce164 None None] Registered counter for database nova_cell0
Feb 17 02:22:39.313331 np0000155887 devstack@n-api-meta.service[108368]: DEBUG oslo_concurrency.lockutils [None req-b30083ce-2b0c-40c3-8441-88914c40c8c2 None None] Acquiring lock "00000000-0000-0000-0000-000000000000" by "nova.context.set_target_cell..get_or_set_cached_cell_and_set_connections" {{(pid=108368) inner /opt/stack/data/venv/lib/python3.12/site-packages/oslo_concurrency/lockutils.py:506}}
Feb 17 02:22:39.313497 np0000155887 devstack@n-api-meta.service[108368]: DEBUG oslo_concurrency.lockutils [None req-b30083ce-2b0c-40c3-8441-88914c40c8c2 None None] Lock "00000000-0000-0000-0000-000000000000" acquired by "nova.context.set_target_cell..get_or_set_cached_cell_and_set_connections" :: waited 0.000s {{(pid=108368) inner /opt/stack/data/venv/lib/python3.12/site-packages/oslo_concurrency/lockutils.py:519}}
Feb 17 02:22:39.313892 np0000155887 devstack@n-api-meta.service[108368]: DEBUG oslo_concurrency.lockutils [None req-b30083ce-2b0c-40c3-8441-88914c40c8c2 None None] Lock "00000000-0000-0000-0000-000000000000" "released" by "nova.context.set_target_cell..get_or_set_cached_cell_and_set_connections" :: held 0.000s {{(pid=108368) inner /opt/stack/data/venv/lib/python3.12/site-packages/oslo_concurrency/lockutils.py:538}}
Feb 17 02:22:39.314516 np0000155887 devstack@n-api-meta.service[108368]: DEBUG oslo_concurrency.lockutils [None req-b30083ce-2b0c-40c3-8441-88914c40c8c2 None None] Acquiring lock "381d1403-5f72-4a3d-b36c-8e59495b3b26" by "nova.context.set_target_cell..get_or_set_cached_cell_and_set_connections" {{(pid=108368) inner /opt/stack/data/venv/lib/python3.12/site-packages/oslo_concurrency/lockutils.py:506}}
Feb 17 02:22:39.316091 np0000155887 devstack@n-api-meta.service[108368]: DEBUG oslo_concurrency.lockutils [None req-b30083ce-2b0c-40c3-8441-88914c40c8c2 None None] Lock "381d1403-5f72-4a3d-b36c-8e59495b3b26" acquired by "nova.context.set_target_cell..get_or_set_cached_cell_and_set_connections" :: waited 0.000s {{(pid=108368) inner /opt/stack/data/venv/lib/python3.12/site-packages/oslo_concurrency/lockutils.py:519}}
Feb 17 02:22:39.316208 np0000155887 devstack@n-api-meta.service[108369]: INFO dbcounter [None req-36673e71-1a51-428c-b580-0be634bce164 None None] Registered counter for database nova_cell1
Feb 17 02:22:39.318990 np0000155887 devstack@n-api-meta.service[108368]: INFO dbcounter [None req-b30083ce-2b0c-40c3-8441-88914c40c8c2 None None] Registered counter for database nova_cell0
Feb 17 02:22:39.321583 np0000155887 devstack@n-api-meta.service[108368]: DEBUG oslo_concurrency.lockutils [None req-b30083ce-2b0c-40c3-8441-88914c40c8c2 None None] Lock "381d1403-5f72-4a3d-b36c-8e59495b3b26" "released" by "nova.context.set_target_cell..get_or_set_cached_cell_and_set_connections" :: held 0.004s {{(pid=108368) inner /opt/stack/data/venv/lib/python3.12/site-packages/oslo_concurrency/lockutils.py:538}}
Feb 17 02:22:39.325590 np0000155887 devstack@n-api-meta.service[108368]: INFO dbcounter [None req-b30083ce-2b0c-40c3-8441-88914c40c8c2 None None] Registered counter for database nova_cell1
Feb 17 02:22:39.332794 np0000155887 devstack@n-api-meta.service[108369]: DEBUG oslo_db.sqlalchemy.engines [None req-36673e71-1a51-428c-b580-0be634bce164 None None] MySQL server mode set to STRICT_TRANS_TABLES,STRICT_ALL_TABLES,NO_ZERO_IN_DATE,NO_ZERO_DATE,ERROR_FOR_DIVISION_BY_ZERO,TRADITIONAL,NO_ENGINE_SUBSTITUTION {{(pid=108369) _check_effective_sql_mode /opt/stack/data/venv/lib/python3.12/site-packages/oslo_db/sqlalchemy/engines.py:325}}
Feb 17 02:22:39.354554 np0000155887 devstack@n-api-meta.service[108367]: DEBUG dbcounter [-] [108367] Writer thread running {{(pid=108367) stat_writer /opt/stack/data/venv/lib/python3.12/site-packages/dbcounter.py:102}}
Feb 17 02:22:39.354994 np0000155887 devstack@n-api-meta.service[108367]: DEBUG dbcounter [-] [108367] Writer thread running {{(pid=108367) stat_writer /opt/stack/data/venv/lib/python3.12/site-packages/dbcounter.py:102}}
Feb 17 02:22:39.357115 np0000155887 devstack@n-api-meta.service[108369]: DEBUG oslo_db.sqlalchemy.engines [None req-36673e71-1a51-428c-b580-0be634bce164 None None] MySQL server mode set to STRICT_TRANS_TABLES,STRICT_ALL_TABLES,NO_ZERO_IN_DATE,NO_ZERO_DATE,ERROR_FOR_DIVISION_BY_ZERO,TRADITIONAL,NO_ENGINE_SUBSTITUTION {{(pid=108369) _check_effective_sql_mode /opt/stack/data/venv/lib/python3.12/site-packages/oslo_db/sqlalchemy/engines.py:325}}
Feb 17 02:22:39.359615 np0000155887 devstack@n-api-meta.service[108368]: DEBUG oslo_db.sqlalchemy.engines [None req-b30083ce-2b0c-40c3-8441-88914c40c8c2 None None] MySQL server mode set to STRICT_TRANS_TABLES,STRICT_ALL_TABLES,NO_ZERO_IN_DATE,NO_ZERO_DATE,ERROR_FOR_DIVISION_BY_ZERO,TRADITIONAL,NO_ENGINE_SUBSTITUTION {{(pid=108368) _check_effective_sql_mode /opt/stack/data/venv/lib/python3.12/site-packages/oslo_db/sqlalchemy/engines.py:325}}
Feb 17 02:22:39.363347 np0000155887 devstack@n-api-meta.service[108367]: INFO dbcounter [None req-e03a043c-2a0f-4c13-a2e0-5656ac82a9c2 None None] Registered counter for database nova_cell0
Feb 17 02:22:39.379622 np0000155887 devstack@n-api-meta.service[108367]: DEBUG oslo_db.sqlalchemy.engines [None req-e03a043c-2a0f-4c13-a2e0-5656ac82a9c2 None None] MySQL server mode set to STRICT_TRANS_TABLES,STRICT_ALL_TABLES,NO_ZERO_IN_DATE,NO_ZERO_DATE,ERROR_FOR_DIVISION_BY_ZERO,TRADITIONAL,NO_ENGINE_SUBSTITUTION {{(pid=108367) _check_effective_sql_mode /opt/stack/data/venv/lib/python3.12/site-packages/oslo_db/sqlalchemy/engines.py:325}}
Feb 17 02:22:39.388785 np0000155887 devstack@n-api-meta.service[108368]: DEBUG oslo_db.sqlalchemy.engines [None req-b30083ce-2b0c-40c3-8441-88914c40c8c2 None None] MySQL server mode set to STRICT_TRANS_TABLES,STRICT_ALL_TABLES,NO_ZERO_IN_DATE,NO_ZERO_DATE,ERROR_FOR_DIVISION_BY_ZERO,TRADITIONAL,NO_ENGINE_SUBSTITUTION {{(pid=108368) _check_effective_sql_mode /opt/stack/data/venv/lib/python3.12/site-packages/oslo_db/sqlalchemy/engines.py:325}}
Feb 17 02:22:39.389693 np0000155887 devstack@n-api-meta.service[108367]: DEBUG dbcounter [-] [108367] Writer thread running {{(pid=108367) stat_writer /opt/stack/data/venv/lib/python3.12/site-packages/dbcounter.py:102}}
Feb 17 02:22:39.422041 np0000155887 devstack@n-api-meta.service[108366]: DEBUG dbcounter [-] [108366] Writer thread running {{(pid=108366) stat_writer /opt/stack/data/venv/lib/python3.12/site-packages/dbcounter.py:102}}
Feb 17 02:22:39.422882 np0000155887 devstack@n-api-meta.service[108366]: DEBUG dbcounter [-] [108366] Writer thread running {{(pid=108366) stat_writer /opt/stack/data/venv/lib/python3.12/site-packages/dbcounter.py:102}}
Feb 17 02:22:39.428623 np0000155887 devstack@n-api-meta.service[108366]: INFO dbcounter [None req-9327b253-2ee7-4a58-b644-1f88d94e9b8f None None] Registered counter for database nova_cell0
Feb 17 02:22:39.438640 np0000155887 devstack@n-api-meta.service[108367]: WARNING nova.api.metadata.handler [None req-e03a043c-2a0f-4c13-a2e0-5656ac82a9c2 None None] metadata_proxy_shared_secret is not configured, the metadata information returned by the proxy cannot be trusted
Feb 17 02:22:39.440691 np0000155887 devstack@n-api-meta.service[108366]: DEBUG oslo_db.sqlalchemy.engines [None req-9327b253-2ee7-4a58-b644-1f88d94e9b8f None None] MySQL server mode set to STRICT_TRANS_TABLES,STRICT_ALL_TABLES,NO_ZERO_IN_DATE,NO_ZERO_DATE,ERROR_FOR_DIVISION_BY_ZERO,TRADITIONAL,NO_ENGINE_SUBSTITUTION {{(pid=108366) _check_effective_sql_mode /opt/stack/data/venv/lib/python3.12/site-packages/oslo_db/sqlalchemy/engines.py:325}}
Feb 17 02:22:39.441323 np0000155887 devstack@n-api-meta.service[108367]: DEBUG nova.api.openstack.wsgi_app [None req-e03a043c-2a0f-4c13-a2e0-5656ac82a9c2 None None] ******************************************************************************** {{(pid=108367) log_opt_values /opt/stack/data/venv/lib/python3.12/site-packages/oslo_config/cfg.py:2804}}
Feb 17 02:22:39.441323 np0000155887 devstack@n-api-meta.service[108367]: DEBUG nova.api.openstack.wsgi_app [None req-e03a043c-2a0f-4c13-a2e0-5656ac82a9c2 None None] Configuration options gathered from: {{(pid=108367) log_opt_values /opt/stack/data/venv/lib/python3.12/site-packages/oslo_config/cfg.py:2805}}
Feb 17 02:22:39.441323 np0000155887 devstack@n-api-meta.service[108367]: DEBUG nova.api.openstack.wsgi_app [None req-e03a043c-2a0f-4c13-a2e0-5656ac82a9c2 None None] command line args: [] {{(pid=108367) log_opt_values /opt/stack/data/venv/lib/python3.12/site-packages/oslo_config/cfg.py:2806}}
Feb 17 02:22:39.441601 np0000155887 devstack@n-api-meta.service[108367]: DEBUG nova.api.openstack.wsgi_app [None req-e03a043c-2a0f-4c13-a2e0-5656ac82a9c2 None None] config files: ['/etc/nova/api-paste.ini', '/etc/nova/nova.conf'] {{(pid=108367) log_opt_values /opt/stack/data/venv/lib/python3.12/site-packages/oslo_config/cfg.py:2807}}
Feb 17 02:22:39.441601 np0000155887 devstack@n-api-meta.service[108367]: DEBUG nova.api.openstack.wsgi_app [None req-e03a043c-2a0f-4c13-a2e0-5656ac82a9c2 None None] ================================================================================ {{(pid=108367) log_opt_values /opt/stack/data/venv/lib/python3.12/site-packages/oslo_config/cfg.py:2809}}
Feb 17 02:22:39.441786 np0000155887 devstack@n-api-meta.service[108367]: DEBUG nova.api.openstack.wsgi_app [None req-e03a043c-2a0f-4c13-a2e0-5656ac82a9c2 None None] allow_resize_to_same_host = True {{(pid=108367) log_opt_values /opt/stack/data/venv/lib/python3.12/site-packages/oslo_config/cfg.py:2817}}
Feb 17 02:22:39.441923 np0000155887 devstack@n-api-meta.service[108367]: DEBUG nova.api.openstack.wsgi_app [None req-e03a043c-2a0f-4c13-a2e0-5656ac82a9c2 None None] arq_binding_timeout = 300 {{(pid=108367) log_opt_values /opt/stack/data/venv/lib/python3.12/site-packages/oslo_config/cfg.py:2817}}
Feb 17 02:22:39.442115 np0000155887 devstack@n-api-meta.service[108367]: DEBUG nova.api.openstack.wsgi_app [None req-e03a043c-2a0f-4c13-a2e0-5656ac82a9c2 None None] block_device_allocate_retries = 60 {{(pid=108367) log_opt_values /opt/stack/data/venv/lib/python3.12/site-packages/oslo_config/cfg.py:2817}}
Feb 17 02:22:39.442248 np0000155887 devstack@n-api-meta.service[108367]: DEBUG nova.api.openstack.wsgi_app [None req-e03a043c-2a0f-4c13-a2e0-5656ac82a9c2 None None] block_device_allocate_retries_interval = 3 {{(pid=108367) log_opt_values /opt/stack/data/venv/lib/python3.12/site-packages/oslo_config/cfg.py:2817}}
Feb 17 02:22:39.442378 np0000155887 devstack@n-api-meta.service[108367]: DEBUG nova.api.openstack.wsgi_app [None req-e03a043c-2a0f-4c13-a2e0-5656ac82a9c2 None None] cell_worker_thread_pool_size = 5 {{(pid=108367) log_opt_values /opt/stack/data/venv/lib/python3.12/site-packages/oslo_config/cfg.py:2817}}
Feb 17 02:22:39.442561 np0000155887 devstack@n-api-meta.service[108367]: DEBUG nova.api.openstack.wsgi_app [None req-e03a043c-2a0f-4c13-a2e0-5656ac82a9c2 None None] cert = self.pem {{(pid=108367) log_opt_values /opt/stack/data/venv/lib/python3.12/site-packages/oslo_config/cfg.py:2817}}
Feb 17 02:22:39.442805 np0000155887 devstack@n-api-meta.service[108367]: DEBUG nova.api.openstack.wsgi_app [None req-e03a043c-2a0f-4c13-a2e0-5656ac82a9c2 None None] compute_driver = libvirt.LibvirtDriver {{(pid=108367) log_opt_values /opt/stack/data/venv/lib/python3.12/site-packages/oslo_config/cfg.py:2817}}
Feb 17 02:22:39.442913 np0000155887 devstack@n-api-meta.service[108367]: DEBUG nova.api.openstack.wsgi_app [None req-e03a043c-2a0f-4c13-a2e0-5656ac82a9c2 None None] compute_monitors = [] {{(pid=108367) log_opt_values /opt/stack/data/venv/lib/python3.12/site-packages/oslo_config/cfg.py:2817}}
Feb 17 02:22:39.443050 np0000155887 devstack@n-api-meta.service[108367]: DEBUG nova.api.openstack.wsgi_app [None req-e03a043c-2a0f-4c13-a2e0-5656ac82a9c2 None None] config_dir = [] {{(pid=108367) log_opt_values /opt/stack/data/venv/lib/python3.12/site-packages/oslo_config/cfg.py:2817}}
Feb 17 02:22:39.443283 np0000155887 devstack@n-api-meta.service[108367]: DEBUG nova.api.openstack.wsgi_app [None req-e03a043c-2a0f-4c13-a2e0-5656ac82a9c2 None None] config_drive_format = iso9660 {{(pid=108367) log_opt_values /opt/stack/data/venv/lib/python3.12/site-packages/oslo_config/cfg.py:2817}}
Feb 17 02:22:39.443392 np0000155887 devstack@n-api-meta.service[108367]: DEBUG nova.api.openstack.wsgi_app [None req-e03a043c-2a0f-4c13-a2e0-5656ac82a9c2 None None] config_file = ['/etc/nova/api-paste.ini', '/etc/nova/nova.conf'] {{(pid=108367) log_opt_values /opt/stack/data/venv/lib/python3.12/site-packages/oslo_config/cfg.py:2817}}
Feb 17 02:22:39.443655 np0000155887 devstack@n-api-meta.service[108367]: DEBUG nova.api.openstack.wsgi_app [None req-e03a043c-2a0f-4c13-a2e0-5656ac82a9c2 None None] config_source = [] {{(pid=108367) log_opt_values /opt/stack/data/venv/lib/python3.12/site-packages/oslo_config/cfg.py:2817}}
Feb 17 02:22:39.443804 np0000155887 devstack@n-api-meta.service[108367]: DEBUG nova.api.openstack.wsgi_app [None req-e03a043c-2a0f-4c13-a2e0-5656ac82a9c2 None None] console_host = np0000155887 {{(pid=108367) log_opt_values /opt/stack/data/venv/lib/python3.12/site-packages/oslo_config/cfg.py:2817}}
Feb 17 02:22:39.444252 np0000155887 devstack@n-api-meta.service[108367]: DEBUG nova.api.openstack.wsgi_app [None req-e03a043c-2a0f-4c13-a2e0-5656ac82a9c2 None None] control_exchange = nova {{(pid=108367) log_opt_values /opt/stack/data/venv/lib/python3.12/site-packages/oslo_config/cfg.py:2817}}
Feb 17 02:22:39.444252 np0000155887 devstack@n-api-meta.service[108367]: DEBUG nova.api.openstack.wsgi_app [None req-e03a043c-2a0f-4c13-a2e0-5656ac82a9c2 None None] cpu_allocation_ratio = None {{(pid=108367) log_opt_values /opt/stack/data/venv/lib/python3.12/site-packages/oslo_config/cfg.py:2817}}
Feb 17 02:22:39.444252 np0000155887 devstack@n-api-meta.service[108367]: DEBUG nova.api.openstack.wsgi_app [None req-e03a043c-2a0f-4c13-a2e0-5656ac82a9c2 None None] daemon = False {{(pid=108367) log_opt_values /opt/stack/data/venv/lib/python3.12/site-packages/oslo_config/cfg.py:2817}}
Feb 17 02:22:39.444450 np0000155887 devstack@n-api-meta.service[108369]: DEBUG dbcounter [-] [108369] Writer thread running {{(pid=108369) stat_writer /opt/stack/data/venv/lib/python3.12/site-packages/dbcounter.py:102}}
Feb 17 02:22:39.444613 np0000155887 devstack@n-api-meta.service[108367]: DEBUG nova.api.openstack.wsgi_app [None req-e03a043c-2a0f-4c13-a2e0-5656ac82a9c2 None None] debug = True {{(pid=108367) log_opt_values /opt/stack/data/venv/lib/python3.12/site-packages/oslo_config/cfg.py:2817}}
Feb 17 02:22:39.444613 np0000155887 devstack@n-api-meta.service[108367]: DEBUG nova.api.openstack.wsgi_app [None req-e03a043c-2a0f-4c13-a2e0-5656ac82a9c2 None None] default_access_ip_network_name = None {{(pid=108367) log_opt_values /opt/stack/data/venv/lib/python3.12/site-packages/oslo_config/cfg.py:2817}}
Feb 17 02:22:39.444613 np0000155887 devstack@n-api-meta.service[108367]: DEBUG nova.api.openstack.wsgi_app [None req-e03a043c-2a0f-4c13-a2e0-5656ac82a9c2 None None] default_availability_zone = nova {{(pid=108367) log_opt_values /opt/stack/data/venv/lib/python3.12/site-packages/oslo_config/cfg.py:2817}}
Feb 17 02:22:39.444795 np0000155887 devstack@n-api-meta.service[108367]: DEBUG nova.api.openstack.wsgi_app [None req-e03a043c-2a0f-4c13-a2e0-5656ac82a9c2 None None] default_ephemeral_format = ext4 {{(pid=108367) log_opt_values /opt/stack/data/venv/lib/python3.12/site-packages/oslo_config/cfg.py:2817}}
Feb 17 02:22:39.444795 np0000155887 devstack@n-api-meta.service[108367]: DEBUG nova.api.openstack.wsgi_app [None req-e03a043c-2a0f-4c13-a2e0-5656ac82a9c2 None None] default_green_pool_size = 1000 {{(pid=108367) log_opt_values /opt/stack/data/venv/lib/python3.12/site-packages/oslo_config/cfg.py:2817}}
Feb 17 02:22:39.445025 np0000155887 devstack@n-api-meta.service[108367]: DEBUG nova.api.openstack.wsgi_app [None req-e03a043c-2a0f-4c13-a2e0-5656ac82a9c2 None None] default_log_levels = ['amqp=WARN', 'boto=WARN', 'sqlalchemy=WARN', 'suds=INFO', 'oslo.messaging=INFO', 'oslo_messaging=INFO', 'iso8601=WARN', 'requests.packages.urllib3.connectionpool=WARN', 'urllib3.connectionpool=WARN', 'websocket=WARN', 'requests.packages.urllib3.util.retry=WARN', 'urllib3.util.retry=WARN', 'keystonemiddleware=WARN', 'routes.middleware=WARN', 'stevedore=WARN', 'taskflow=WARN', 'keystoneauth=WARN', 'oslo.cache=INFO', 'oslo_policy=INFO', 'dogpile.core.dogpile=INFO', 'glanceclient=WARN', 'oslo.privsep.daemon=INFO'] {{(pid=108367) log_opt_values /opt/stack/data/venv/lib/python3.12/site-packages/oslo_config/cfg.py:2817}}
Feb 17 02:22:39.445177 np0000155887 devstack@n-api-meta.service[108367]: DEBUG nova.api.openstack.wsgi_app [None req-e03a043c-2a0f-4c13-a2e0-5656ac82a9c2 None None] default_schedule_zone = None {{(pid=108367) log_opt_values /opt/stack/data/venv/lib/python3.12/site-packages/oslo_config/cfg.py:2817}}
Feb 17 02:22:39.445308 np0000155887 devstack@n-api-meta.service[108367]: DEBUG nova.api.openstack.wsgi_app [None req-e03a043c-2a0f-4c13-a2e0-5656ac82a9c2 None None] default_thread_pool_size = 10 {{(pid=108367) log_opt_values /opt/stack/data/venv/lib/python3.12/site-packages/oslo_config/cfg.py:2817}}
Feb 17 02:22:39.445435 np0000155887 devstack@n-api-meta.service[108367]: DEBUG nova.api.openstack.wsgi_app [None req-e03a043c-2a0f-4c13-a2e0-5656ac82a9c2 None None] disk_allocation_ratio = None {{(pid=108367) log_opt_values /opt/stack/data/venv/lib/python3.12/site-packages/oslo_config/cfg.py:2817}}
Feb 17 02:22:39.445564 np0000155887 devstack@n-api-meta.service[108367]: DEBUG nova.api.openstack.wsgi_app [None req-e03a043c-2a0f-4c13-a2e0-5656ac82a9c2 None None] enable_new_services = True {{(pid=108367) log_opt_values /opt/stack/data/venv/lib/python3.12/site-packages/oslo_config/cfg.py:2817}}
Feb 17 02:22:39.445703 np0000155887 devstack@n-api-meta.service[108367]: DEBUG nova.api.openstack.wsgi_app [None req-e03a043c-2a0f-4c13-a2e0-5656ac82a9c2 None None] flat_injected = False {{(pid=108367) log_opt_values /opt/stack/data/venv/lib/python3.12/site-packages/oslo_config/cfg.py:2817}}
Feb 17 02:22:39.445830 np0000155887 devstack@n-api-meta.service[108367]: DEBUG nova.api.openstack.wsgi_app [None req-e03a043c-2a0f-4c13-a2e0-5656ac82a9c2 None None] force_config_drive = False {{(pid=108367) log_opt_values /opt/stack/data/venv/lib/python3.12/site-packages/oslo_config/cfg.py:2817}}
Feb 17 02:22:39.445954 np0000155887 devstack@n-api-meta.service[108367]: DEBUG nova.api.openstack.wsgi_app [None req-e03a043c-2a0f-4c13-a2e0-5656ac82a9c2 None None] force_raw_images = True {{(pid=108367) log_opt_values /opt/stack/data/venv/lib/python3.12/site-packages/oslo_config/cfg.py:2817}}
Feb 17 02:22:39.446088 np0000155887 devstack@n-api-meta.service[108367]: DEBUG nova.api.openstack.wsgi_app [None req-e03a043c-2a0f-4c13-a2e0-5656ac82a9c2 None None] graceful_shutdown_timeout = 5 {{(pid=108367) log_opt_values /opt/stack/data/venv/lib/python3.12/site-packages/oslo_config/cfg.py:2817}}
Feb 17 02:22:39.446214 np0000155887 devstack@n-api-meta.service[108367]: DEBUG nova.api.openstack.wsgi_app [None req-e03a043c-2a0f-4c13-a2e0-5656ac82a9c2 None None] heal_instance_info_cache_interval = -1 {{(pid=108367) log_opt_values /opt/stack/data/venv/lib/python3.12/site-packages/oslo_config/cfg.py:2817}}
Feb 17 02:22:39.446406 np0000155887 devstack@n-api-meta.service[108367]: DEBUG nova.api.openstack.wsgi_app [None req-e03a043c-2a0f-4c13-a2e0-5656ac82a9c2 None None] host = np0000155887 {{(pid=108367) log_opt_values /opt/stack/data/venv/lib/python3.12/site-packages/oslo_config/cfg.py:2817}}
Feb 17 02:22:39.446516 np0000155887 devstack@n-api-meta.service[108367]: DEBUG nova.api.openstack.wsgi_app [None req-e03a043c-2a0f-4c13-a2e0-5656ac82a9c2 None None] initial_cpu_allocation_ratio = 4.0 {{(pid=108367) log_opt_values /opt/stack/data/venv/lib/python3.12/site-packages/oslo_config/cfg.py:2817}}
Feb 17 02:22:39.446703 np0000155887 devstack@n-api-meta.service[108367]: DEBUG nova.api.openstack.wsgi_app [None req-e03a043c-2a0f-4c13-a2e0-5656ac82a9c2 None None] initial_disk_allocation_ratio = 1.0 {{(pid=108367) log_opt_values /opt/stack/data/venv/lib/python3.12/site-packages/oslo_config/cfg.py:2817}}
Feb 17 02:22:39.446815 np0000155887 devstack@n-api-meta.service[108367]: DEBUG nova.api.openstack.wsgi_app [None req-e03a043c-2a0f-4c13-a2e0-5656ac82a9c2 None None] initial_ram_allocation_ratio = 1.0 {{(pid=108367) log_opt_values /opt/stack/data/venv/lib/python3.12/site-packages/oslo_config/cfg.py:2817}}
Feb 17 02:22:39.446966 np0000155887 devstack@n-api-meta.service[108367]: DEBUG nova.api.openstack.wsgi_app [None req-e03a043c-2a0f-4c13-a2e0-5656ac82a9c2 None None] injected_network_template = /opt/stack/nova/nova/virt/interfaces.template {{(pid=108367) log_opt_values /opt/stack/data/venv/lib/python3.12/site-packages/oslo_config/cfg.py:2817}}
Feb 17 02:22:39.447093 np0000155887 devstack@n-api-meta.service[108367]: DEBUG nova.api.openstack.wsgi_app [None req-e03a043c-2a0f-4c13-a2e0-5656ac82a9c2 None None] instance_build_timeout = 0 {{(pid=108367) log_opt_values /opt/stack/data/venv/lib/python3.12/site-packages/oslo_config/cfg.py:2817}}
Feb 17 02:22:39.447220 np0000155887 devstack@n-api-meta.service[108367]: DEBUG nova.api.openstack.wsgi_app [None req-e03a043c-2a0f-4c13-a2e0-5656ac82a9c2 None None] instance_delete_interval = 300 {{(pid=108367) log_opt_values /opt/stack/data/venv/lib/python3.12/site-packages/oslo_config/cfg.py:2817}}
Feb 17 02:22:39.447458 np0000155887 devstack@n-api-meta.service[108367]: DEBUG nova.api.openstack.wsgi_app [None req-e03a043c-2a0f-4c13-a2e0-5656ac82a9c2 None None] instance_format = [instance: %(uuid)s] {{(pid=108367) log_opt_values /opt/stack/data/venv/lib/python3.12/site-packages/oslo_config/cfg.py:2817}}
Feb 17 02:22:39.447649 np0000155887 devstack@n-api-meta.service[108367]: DEBUG nova.api.openstack.wsgi_app [None req-e03a043c-2a0f-4c13-a2e0-5656ac82a9c2 None None] instance_name_template = instance-%08x {{(pid=108367) log_opt_values /opt/stack/data/venv/lib/python3.12/site-packages/oslo_config/cfg.py:2817}}
Feb 17 02:22:39.447715 np0000155887 devstack@n-api-meta.service[108367]: DEBUG nova.api.openstack.wsgi_app [None req-e03a043c-2a0f-4c13-a2e0-5656ac82a9c2 None None] instance_usage_audit = False {{(pid=108367) log_opt_values /opt/stack/data/venv/lib/python3.12/site-packages/oslo_config/cfg.py:2817}}
Feb 17 02:22:39.447906 np0000155887 devstack@n-api-meta.service[108367]: DEBUG nova.api.openstack.wsgi_app [None req-e03a043c-2a0f-4c13-a2e0-5656ac82a9c2 None None] instance_usage_audit_period = month {{(pid=108367) log_opt_values /opt/stack/data/venv/lib/python3.12/site-packages/oslo_config/cfg.py:2817}}
Feb 17 02:22:39.448090 np0000155887 devstack@n-api-meta.service[108367]: DEBUG nova.api.openstack.wsgi_app [None req-e03a043c-2a0f-4c13-a2e0-5656ac82a9c2 None None] instance_uuid_format = [instance: %(uuid)s] {{(pid=108367) log_opt_values /opt/stack/data/venv/lib/python3.12/site-packages/oslo_config/cfg.py:2817}}
Feb 17 02:22:39.448183 np0000155887 devstack@n-api-meta.service[108367]: DEBUG nova.api.openstack.wsgi_app [None req-e03a043c-2a0f-4c13-a2e0-5656ac82a9c2 None None] instances_path = /opt/stack/data/nova/instances {{(pid=108367) log_opt_values /opt/stack/data/venv/lib/python3.12/site-packages/oslo_config/cfg.py:2817}}
Feb 17 02:22:39.448264 np0000155887 devstack@n-api-meta.service[108369]: DEBUG dbcounter [-] [108369] Writer thread running {{(pid=108369) stat_writer /opt/stack/data/venv/lib/python3.12/site-packages/dbcounter.py:102}}
Feb 17 02:22:39.448348 np0000155887 devstack@n-api-meta.service[108367]: DEBUG nova.api.openstack.wsgi_app [None req-e03a043c-2a0f-4c13-a2e0-5656ac82a9c2 None None] internal_service_availability_zone = internal {{(pid=108367) log_opt_values /opt/stack/data/venv/lib/python3.12/site-packages/oslo_config/cfg.py:2817}}
Feb 17 02:22:39.448441 np0000155887 devstack@n-api-meta.service[108367]: DEBUG nova.api.openstack.wsgi_app [None req-e03a043c-2a0f-4c13-a2e0-5656ac82a9c2 None None] key = None {{(pid=108367) log_opt_values /opt/stack/data/venv/lib/python3.12/site-packages/oslo_config/cfg.py:2817}}
Feb 17 02:22:39.448524 np0000155887 devstack@n-api-meta.service[108367]: DEBUG nova.api.openstack.wsgi_app [None req-e03a043c-2a0f-4c13-a2e0-5656ac82a9c2 None None] live_migration_retry_count = 30 {{(pid=108367) log_opt_values /opt/stack/data/venv/lib/python3.12/site-packages/oslo_config/cfg.py:2817}}
Feb 17 02:22:39.448643 np0000155887 devstack@n-api-meta.service[108367]: DEBUG nova.api.openstack.wsgi_app [None req-e03a043c-2a0f-4c13-a2e0-5656ac82a9c2 None None] log_color = False {{(pid=108367) log_opt_values /opt/stack/data/venv/lib/python3.12/site-packages/oslo_config/cfg.py:2817}}
Feb 17 02:22:39.449100 np0000155887 devstack@n-api-meta.service[108367]: DEBUG nova.api.openstack.wsgi_app [None req-e03a043c-2a0f-4c13-a2e0-5656ac82a9c2 None None] log_config_append = None {{(pid=108367) log_opt_values /opt/stack/data/venv/lib/python3.12/site-packages/oslo_config/cfg.py:2817}}
Feb 17 02:22:39.449100 np0000155887 devstack@n-api-meta.service[108367]: DEBUG nova.api.openstack.wsgi_app [None req-e03a043c-2a0f-4c13-a2e0-5656ac82a9c2 None None] log_date_format = %Y-%m-%d %H:%M:%S {{(pid=108367) log_opt_values /opt/stack/data/venv/lib/python3.12/site-packages/oslo_config/cfg.py:2817}}
Feb 17 02:22:39.449100 np0000155887 devstack@n-api-meta.service[108367]: DEBUG nova.api.openstack.wsgi_app [None req-e03a043c-2a0f-4c13-a2e0-5656ac82a9c2 None None] log_dir = None {{(pid=108367) log_opt_values /opt/stack/data/venv/lib/python3.12/site-packages/oslo_config/cfg.py:2817}}
Feb 17 02:22:39.449418 np0000155887 devstack@n-api-meta.service[108367]: DEBUG nova.api.openstack.wsgi_app [None req-e03a043c-2a0f-4c13-a2e0-5656ac82a9c2 None None] log_file = None {{(pid=108367) log_opt_values /opt/stack/data/venv/lib/python3.12/site-packages/oslo_config/cfg.py:2817}}
Feb 17 02:22:39.449418 np0000155887 devstack@n-api-meta.service[108367]: DEBUG nova.api.openstack.wsgi_app [None req-e03a043c-2a0f-4c13-a2e0-5656ac82a9c2 None None] log_options = True {{(pid=108367) log_opt_values /opt/stack/data/venv/lib/python3.12/site-packages/oslo_config/cfg.py:2817}}
Feb 17 02:22:39.449648 np0000155887 devstack@n-api-meta.service[108367]: DEBUG nova.api.openstack.wsgi_app [None req-e03a043c-2a0f-4c13-a2e0-5656ac82a9c2 None None] log_rotate_interval = 1 {{(pid=108367) log_opt_values /opt/stack/data/venv/lib/python3.12/site-packages/oslo_config/cfg.py:2817}}
Feb 17 02:22:39.449648 np0000155887 devstack@n-api-meta.service[108367]: DEBUG nova.api.openstack.wsgi_app [None req-e03a043c-2a0f-4c13-a2e0-5656ac82a9c2 None None] log_rotate_interval_type = days {{(pid=108367) log_opt_values /opt/stack/data/venv/lib/python3.12/site-packages/oslo_config/cfg.py:2817}}
Feb 17 02:22:39.449820 np0000155887 devstack@n-api-meta.service[108367]: DEBUG nova.api.openstack.wsgi_app [None req-e03a043c-2a0f-4c13-a2e0-5656ac82a9c2 None None] log_rotation_type = none {{(pid=108367) log_opt_values /opt/stack/data/venv/lib/python3.12/site-packages/oslo_config/cfg.py:2817}}
Feb 17 02:22:39.449904 np0000155887 devstack@n-api-meta.service[108367]: DEBUG nova.api.openstack.wsgi_app [None req-e03a043c-2a0f-4c13-a2e0-5656ac82a9c2 None None] logging_context_format_string = %(color)s%(levelname)s %(name)s [%(global_request_id)s %(request_id)s %(project_name)s %(user_name)s%(color)s] %(instance)s%(color)s%(message)s {{(pid=108367) log_opt_values /opt/stack/data/venv/lib/python3.12/site-packages/oslo_config/cfg.py:2817}}
Feb 17 02:22:39.449991 np0000155887 devstack@n-api-meta.service[108367]: DEBUG nova.api.openstack.wsgi_app [None req-e03a043c-2a0f-4c13-a2e0-5656ac82a9c2 None None] logging_debug_format_suffix = {{(pid=%(process)d) %(funcName)s %(pathname)s:%(lineno)d}} {{(pid=108367) log_opt_values /opt/stack/data/venv/lib/python3.12/site-packages/oslo_config/cfg.py:2817}}
Feb 17 02:22:39.450095 np0000155887 devstack@n-api-meta.service[108367]: DEBUG nova.api.openstack.wsgi_app [None req-e03a043c-2a0f-4c13-a2e0-5656ac82a9c2 None None] logging_default_format_string = %(color)s%(levelname)s %(name)s [-%(color)s] %(instance)s%(color)s%(message)s {{(pid=108367) log_opt_values /opt/stack/data/venv/lib/python3.12/site-packages/oslo_config/cfg.py:2817}}
