May 09 14:04:50.884774 np0000173181 neutron-periodic-workers[105197]: DEBUG cotyledon.oslo_config_glue [-] network_log.local_output_log_base = None {{(pid=105197) log_opt_values /opt/stack/data/venv/lib/python3.12/site-packages/oslo_config/cfg.py:3006}}
May 09 14:04:50.884816 np0000173181 neutron-periodic-workers[105197]: DEBUG cotyledon.oslo_config_glue [-] network_log.rate_limit = 100 {{(pid=105197) log_opt_values /opt/stack/data/venv/lib/python3.12/site-packages/oslo_config/cfg.py:3006}}
May 09 14:04:50.884879 np0000173181 neutron-periodic-workers[105197]: DEBUG cotyledon.oslo_config_glue [-] database.asyncio_connection = **** {{(pid=105197) log_opt_values /opt/stack/data/venv/lib/python3.12/site-packages/oslo_config/cfg.py:3006}}
May 09 14:04:50.884927 np0000173181 neutron-periodic-workers[105197]: DEBUG cotyledon.oslo_config_glue [-] database.asyncio_slave_connection = **** {{(pid=105197) log_opt_values /opt/stack/data/venv/lib/python3.12/site-packages/oslo_config/cfg.py:3006}}
May 09 14:04:50.884977 np0000173181 neutron-periodic-workers[105197]: DEBUG cotyledon.oslo_config_glue [-] database.backend = sqlalchemy {{(pid=105197) log_opt_values /opt/stack/data/venv/lib/python3.12/site-packages/oslo_config/cfg.py:3006}}
May 09 14:04:50.885030 np0000173181 neutron-periodic-workers[105197]: DEBUG cotyledon.oslo_config_glue [-] database.connection = **** {{(pid=105197) log_opt_values /opt/stack/data/venv/lib/python3.12/site-packages/oslo_config/cfg.py:3006}}
May 09 14:04:50.885076 np0000173181 neutron-periodic-workers[105197]: DEBUG cotyledon.oslo_config_glue [-] database.connection_debug = 0 {{(pid=105197) log_opt_values /opt/stack/data/venv/lib/python3.12/site-packages/oslo_config/cfg.py:3006}}
May 09 14:04:50.885123 np0000173181 neutron-periodic-workers[105197]: DEBUG cotyledon.oslo_config_glue [-] database.connection_parameters = {{(pid=105197) log_opt_values /opt/stack/data/venv/lib/python3.12/site-packages/oslo_config/cfg.py:3006}}
May 09 14:04:50.885172 np0000173181 neutron-periodic-workers[105197]: DEBUG cotyledon.oslo_config_glue [-] database.connection_recycle_time = 3600 {{(pid=105197) log_opt_values /opt/stack/data/venv/lib/python3.12/site-packages/oslo_config/cfg.py:3006}}
May 09 14:04:50.885206 np0000173181 neutron-periodic-workers[105197]: DEBUG cotyledon.oslo_config_glue [-] database.connection_trace = False {{(pid=105197) log_opt_values /opt/stack/data/venv/lib/python3.12/site-packages/oslo_config/cfg.py:3006}}
May 09 14:04:50.885252 np0000173181 neutron-periodic-workers[105197]: DEBUG cotyledon.oslo_config_glue [-] database.db_inc_retry_interval = True {{(pid=105197) log_opt_values /opt/stack/data/venv/lib/python3.12/site-packages/oslo_config/cfg.py:3006}}
May 09 14:04:50.885291 np0000173181 neutron-periodic-workers[105197]: DEBUG cotyledon.oslo_config_glue [-] database.db_max_retries = 20 {{(pid=105197) log_opt_values /opt/stack/data/venv/lib/python3.12/site-packages/oslo_config/cfg.py:3006}}
May 09 14:04:50.885333 np0000173181 neutron-periodic-workers[105197]: DEBUG cotyledon.oslo_config_glue [-] database.db_max_retry_interval = 10 {{(pid=105197) log_opt_values /opt/stack/data/venv/lib/python3.12/site-packages/oslo_config/cfg.py:3006}}
May 09 14:04:50.885373 np0000173181 neutron-periodic-workers[105197]: DEBUG cotyledon.oslo_config_glue [-] database.db_retry_interval = 1 {{(pid=105197) log_opt_values /opt/stack/data/venv/lib/python3.12/site-packages/oslo_config/cfg.py:3006}}
May 09 14:04:50.885414 np0000173181 neutron-periodic-workers[105197]: DEBUG cotyledon.oslo_config_glue [-] database.max_overflow = 50 {{(pid=105197) log_opt_values /opt/stack/data/venv/lib/python3.12/site-packages/oslo_config/cfg.py:3006}}
May 09 14:04:50.885466 np0000173181 neutron-periodic-workers[105197]: DEBUG cotyledon.oslo_config_glue [-] database.max_pool_size = 5 {{(pid=105197) log_opt_values /opt/stack/data/venv/lib/python3.12/site-packages/oslo_config/cfg.py:3006}}
May 09 14:04:50.885517 np0000173181 neutron-periodic-workers[105197]: DEBUG cotyledon.oslo_config_glue [-] database.max_retries = 10 {{(pid=105197) log_opt_values /opt/stack/data/venv/lib/python3.12/site-packages/oslo_config/cfg.py:3006}}
May 09 14:04:50.885564 np0000173181 neutron-periodic-workers[105197]: DEBUG cotyledon.oslo_config_glue [-] database.mysql_sql_mode = TRADITIONAL {{(pid=105197) log_opt_values /opt/stack/data/venv/lib/python3.12/site-packages/oslo_config/cfg.py:3006}}
May 09 14:04:50.885605 np0000173181 neutron-periodic-workers[105197]: DEBUG cotyledon.oslo_config_glue [-] database.mysql_wsrep_sync_wait = None {{(pid=105197) log_opt_values /opt/stack/data/venv/lib/python3.12/site-packages/oslo_config/cfg.py:3006}}
May 09 14:04:50.885646 np0000173181 neutron-periodic-workers[105197]: DEBUG cotyledon.oslo_config_glue [-] database.pool_timeout = None {{(pid=105197) log_opt_values /opt/stack/data/venv/lib/python3.12/site-packages/oslo_config/cfg.py:3006}}
May 09 14:04:50.885687 np0000173181 neutron-periodic-workers[105197]: DEBUG cotyledon.oslo_config_glue [-] database.retry_interval = 10 {{(pid=105197) log_opt_values /opt/stack/data/venv/lib/python3.12/site-packages/oslo_config/cfg.py:3006}}
May 09 14:04:50.885740 np0000173181 neutron-periodic-workers[105197]: DEBUG cotyledon.oslo_config_glue [-] database.slave_connection = **** {{(pid=105197) log_opt_values /opt/stack/data/venv/lib/python3.12/site-packages/oslo_config/cfg.py:3006}}
May 09 14:04:50.885774 np0000173181 neutron-periodic-workers[105197]: DEBUG cotyledon.oslo_config_glue [-] database.sqlite_synchronous = True {{(pid=105197) log_opt_values /opt/stack/data/venv/lib/python3.12/site-packages/oslo_config/cfg.py:3006}}
May 09 14:04:50.885818 np0000173181 neutron-periodic-workers[105197]: DEBUG cotyledon.oslo_config_glue [-] database.synchronous_reader = True {{(pid=105197) log_opt_values /opt/stack/data/venv/lib/python3.12/site-packages/oslo_config/cfg.py:3006}}
May 09 14:04:50.885858 np0000173181 neutron-periodic-workers[105197]: DEBUG cotyledon.oslo_config_glue [-] database.use_db_reconnect = False {{(pid=105197) log_opt_values /opt/stack/data/venv/lib/python3.12/site-packages/oslo_config/cfg.py:3006}}
May 09 14:04:50.885936 np0000173181 neutron-periodic-workers[105197]: DEBUG cotyledon.oslo_config_glue [-] ovn.bfd_min_rx = 1000 {{(pid=105197) log_opt_values /opt/stack/data/venv/lib/python3.12/site-packages/oslo_config/cfg.py:3006}}
May 09 14:04:50.885992 np0000173181 neutron-periodic-workers[105197]: DEBUG cotyledon.oslo_config_glue [-] ovn.bfd_min_tx = 100 {{(pid=105197) log_opt_values /opt/stack/data/venv/lib/python3.12/site-packages/oslo_config/cfg.py:3006}}
May 09 14:04:50.886049 np0000173181 neutron-periodic-workers[105197]: DEBUG cotyledon.oslo_config_glue [-] ovn.bfd_mult = 3 {{(pid=105197) log_opt_values /opt/stack/data/venv/lib/python3.12/site-packages/oslo_config/cfg.py:3006}}
May 09 14:04:50.886091 np0000173181 neutron-periodic-workers[105197]: DEBUG cotyledon.oslo_config_glue [-] ovn.broadcast_arps_to_all_routers = True {{(pid=105197) log_opt_values /opt/stack/data/venv/lib/python3.12/site-packages/oslo_config/cfg.py:3006}}
May 09 14:04:50.886125 np0000173181 neutron-periodic-workers[105197]: DEBUG cotyledon.oslo_config_glue [-] ovn.dhcp_default_lease_time = 43200 {{(pid=105197) log_opt_values /opt/stack/data/venv/lib/python3.12/site-packages/oslo_config/cfg.py:3006}}
May 09 14:04:50.886170 np0000173181 neutron-periodic-workers[105197]: DEBUG cotyledon.oslo_config_glue [-] ovn.disable_ovn_dhcp_for_baremetal_ports = False {{(pid=105197) log_opt_values /opt/stack/data/venv/lib/python3.12/site-packages/oslo_config/cfg.py:3006}}
May 09 14:04:50.886211 np0000173181 neutron-periodic-workers[105197]: DEBUG cotyledon.oslo_config_glue [-] ovn.dns_records_ovn_owned = False {{(pid=105197) log_opt_values /opt/stack/data/venv/lib/python3.12/site-packages/oslo_config/cfg.py:3006}}
May 09 14:04:50.886252 np0000173181 neutron-periodic-workers[105197]: DEBUG cotyledon.oslo_config_glue [-] ovn.dns_servers = [] {{(pid=105197) log_opt_values /opt/stack/data/venv/lib/python3.12/site-packages/oslo_config/cfg.py:3006}}
May 09 14:04:50.886293 np0000173181 neutron-periodic-workers[105197]: DEBUG cotyledon.oslo_config_glue [-] ovn.enable_distributed_floating_ip = False {{(pid=105197) log_opt_values /opt/stack/data/venv/lib/python3.12/site-packages/oslo_config/cfg.py:3006}}
May 09 14:04:50.886350 np0000173181 neutron-periodic-workers[105197]: DEBUG cotyledon.oslo_config_glue [-] ovn.fdb_age_threshold = 300 {{(pid=105197) log_opt_values /opt/stack/data/venv/lib/python3.12/site-packages/oslo_config/cfg.py:3006}}
May 09 14:04:50.886392 np0000173181 neutron-periodic-workers[105197]: DEBUG cotyledon.oslo_config_glue [-] ovn.ha_failover_strategy = normal {{(pid=105197) log_opt_values /opt/stack/data/venv/lib/python3.12/site-packages/oslo_config/cfg.py:3006}}
May 09 14:04:50.886434 np0000173181 neutron-periodic-workers[105197]: DEBUG cotyledon.oslo_config_glue [-] ovn.live_migration_activation_strategy = rarp {{(pid=105197) log_opt_values /opt/stack/data/venv/lib/python3.12/site-packages/oslo_config/cfg.py:3006}}
May 09 14:04:50.886490 np0000173181 neutron-periodic-workers[105197]: DEBUG cotyledon.oslo_config_glue [-] ovn.localnet_learn_fdb = False {{(pid=105197) log_opt_values /opt/stack/data/venv/lib/python3.12/site-packages/oslo_config/cfg.py:3006}}
May 09 14:04:50.886528 np0000173181 neutron-periodic-workers[105197]: DEBUG cotyledon.oslo_config_glue [-] ovn.mac_binding_age_threshold = 300 {{(pid=105197) log_opt_values /opt/stack/data/venv/lib/python3.12/site-packages/oslo_config/cfg.py:3006}}
May 09 14:04:50.886577 np0000173181 neutron-periodic-workers[105197]: DEBUG cotyledon.oslo_config_glue [-] ovn.neutron_sync_mode = log {{(pid=105197) log_opt_values /opt/stack/data/venv/lib/python3.12/site-packages/oslo_config/cfg.py:3006}}
May 09 14:04:50.886619 np0000173181 neutron-periodic-workers[105197]: DEBUG cotyledon.oslo_config_glue [-] ovn.ovn_dhcp4_global_options = {} {{(pid=105197) log_opt_values /opt/stack/data/venv/lib/python3.12/site-packages/oslo_config/cfg.py:3006}}
May 09 14:04:50.886660 np0000173181 neutron-periodic-workers[105197]: DEBUG cotyledon.oslo_config_glue [-] ovn.ovn_dhcp6_global_options = {} {{(pid=105197) log_opt_values /opt/stack/data/venv/lib/python3.12/site-packages/oslo_config/cfg.py:3006}}
May 09 14:04:50.886708 np0000173181 neutron-periodic-workers[105197]: DEBUG cotyledon.oslo_config_glue [-] ovn.ovn_l3_scheduler = leastloaded {{(pid=105197) log_opt_values /opt/stack/data/venv/lib/python3.12/site-packages/oslo_config/cfg.py:3006}}
May 09 14:04:50.886750 np0000173181 neutron-periodic-workers[105197]: DEBUG cotyledon.oslo_config_glue [-] ovn.ovn_metadata_enabled = True {{(pid=105197) log_opt_values /opt/stack/data/venv/lib/python3.12/site-packages/oslo_config/cfg.py:3006}}
May 09 14:04:50.886798 np0000173181 neutron-periodic-workers[105197]: DEBUG cotyledon.oslo_config_glue [-] ovn.ovn_nb_ca_cert = /opt/stack/data/CA/int-ca/ca-chain.pem {{(pid=105197) log_opt_values /opt/stack/data/venv/lib/python3.12/site-packages/oslo_config/cfg.py:3006}}
May 09 14:04:50.886851 np0000173181 neutron-periodic-workers[105197]: DEBUG cotyledon.oslo_config_glue [-] ovn.ovn_nb_certificate = /opt/stack/data/CA/int-ca/devstack-cert.crt {{(pid=105197) log_opt_values /opt/stack/data/venv/lib/python3.12/site-packages/oslo_config/cfg.py:3006}}
May 09 14:04:50.886893 np0000173181 neutron-periodic-workers[105197]: DEBUG cotyledon.oslo_config_glue [-] ovn.ovn_nb_connection = ['ssl:199.204.45.3:6641'] {{(pid=105197) log_opt_values /opt/stack/data/venv/lib/python3.12/site-packages/oslo_config/cfg.py:3006}}
May 09 14:04:50.886942 np0000173181 neutron-periodic-workers[105197]: DEBUG cotyledon.oslo_config_glue [-] ovn.ovn_nb_private_key = /opt/stack/data/CA/int-ca/private/devstack-cert.key {{(pid=105197) log_opt_values /opt/stack/data/venv/lib/python3.12/site-packages/oslo_config/cfg.py:3006}}
May 09 14:04:50.886985 np0000173181 neutron-periodic-workers[105197]: DEBUG cotyledon.oslo_config_glue [-] ovn.ovn_router_indirect_snat = False {{(pid=105197) log_opt_values /opt/stack/data/venv/lib/python3.12/site-packages/oslo_config/cfg.py:3006}}
May 09 14:04:50.887020 np0000173181 neutron-periodic-workers[105197]: DEBUG cotyledon.oslo_config_glue [-] ovn.ovn_sb_ca_cert = /opt/stack/data/CA/int-ca/ca-chain.pem {{(pid=105197) log_opt_values /opt/stack/data/venv/lib/python3.12/site-packages/oslo_config/cfg.py:3006}}
May 09 14:04:50.887063 np0000173181 neutron-periodic-workers[105197]: DEBUG cotyledon.oslo_config_glue [-] ovn.ovn_sb_certificate = /opt/stack/data/CA/int-ca/devstack-cert.crt {{(pid=105197) log_opt_values /opt/stack/data/venv/lib/python3.12/site-packages/oslo_config/cfg.py:3006}}
May 09 14:04:50.887096 np0000173181 neutron-periodic-workers[105197]: DEBUG cotyledon.oslo_config_glue [-] ovn.ovn_sb_connection = ['ssl:199.204.45.3:6642'] {{(pid=105197) log_opt_values /opt/stack/data/venv/lib/python3.12/site-packages/oslo_config/cfg.py:3006}}
May 09 14:04:50.887142 np0000173181 neutron-periodic-workers[105197]: DEBUG cotyledon.oslo_config_glue [-] ovn.ovn_sb_private_key = /opt/stack/data/CA/int-ca/private/devstack-cert.key {{(pid=105197) log_opt_values /opt/stack/data/venv/lib/python3.12/site-packages/oslo_config/cfg.py:3006}}
May 09 14:04:50.887182 np0000173181 neutron-periodic-workers[105197]: DEBUG cotyledon.oslo_config_glue [-] ovn.ovs_create_tap = False {{(pid=105197) log_opt_values /opt/stack/data/venv/lib/python3.12/site-packages/oslo_config/cfg.py:3006}}
May 09 14:04:50.887223 np0000173181 neutron-periodic-workers[105197]: DEBUG cotyledon.oslo_config_glue [-] ovn.ovsdb_connection_timeout = 180 {{(pid=105197) log_opt_values /opt/stack/data/venv/lib/python3.12/site-packages/oslo_config/cfg.py:3006}}
May 09 14:04:50.887264 np0000173181 neutron-periodic-workers[105197]: DEBUG cotyledon.oslo_config_glue [-] ovn.ovsdb_log_level = INFO {{(pid=105197) log_opt_values /opt/stack/data/venv/lib/python3.12/site-packages/oslo_config/cfg.py:3006}}
May 09 14:04:50.887298 np0000173181 neutron-periodic-workers[105197]: DEBUG cotyledon.oslo_config_glue [-] ovn.ovsdb_probe_interval = 60000 {{(pid=105197) log_opt_values /opt/stack/data/venv/lib/python3.12/site-packages/oslo_config/cfg.py:3006}}
May 09 14:04:50.887341 np0000173181 neutron-periodic-workers[105197]: DEBUG cotyledon.oslo_config_glue [-] ovn.ovsdb_retry_max_interval = 180 {{(pid=105197) log_opt_values /opt/stack/data/venv/lib/python3.12/site-packages/oslo_config/cfg.py:3006}}
May 09 14:04:50.887373 np0000173181 neutron-periodic-workers[105197]: DEBUG cotyledon.oslo_config_glue [-] ovn.stateless_nat_enabled = False {{(pid=105197) log_opt_values /opt/stack/data/venv/lib/python3.12/site-packages/oslo_config/cfg.py:3006}}
May 09 14:04:50.887429 np0000173181 neutron-periodic-workers[105197]: DEBUG cotyledon.oslo_config_glue [-] ovn.vhost_sock_dir = /var/run/openvswitch {{(pid=105197) log_opt_values /opt/stack/data/venv/lib/python3.12/site-packages/oslo_config/cfg.py:3006}}
May 09 14:04:50.887501 np0000173181 neutron-periodic-workers[105197]: DEBUG cotyledon.oslo_config_glue [-] OVS.bridge_mac_table_size = 50000 {{(pid=105197) log_opt_values /opt/stack/data/venv/lib/python3.12/site-packages/oslo_config/cfg.py:3006}}
May 09 14:04:50.887555 np0000173181 neutron-periodic-workers[105197]: DEBUG cotyledon.oslo_config_glue [-] OVS.igmp_flood = False {{(pid=105197) log_opt_values /opt/stack/data/venv/lib/python3.12/site-packages/oslo_config/cfg.py:3006}}
May 09 14:04:50.887597 np0000173181 neutron-periodic-workers[105197]: DEBUG cotyledon.oslo_config_glue [-] OVS.igmp_flood_reports = True {{(pid=105197) log_opt_values /opt/stack/data/venv/lib/python3.12/site-packages/oslo_config/cfg.py:3006}}
May 09 14:04:50.887638 np0000173181 neutron-periodic-workers[105197]: DEBUG cotyledon.oslo_config_glue [-] OVS.igmp_flood_unregistered = False {{(pid=105197) log_opt_values /opt/stack/data/venv/lib/python3.12/site-packages/oslo_config/cfg.py:3006}}
May 09 14:04:50.887686 np0000173181 neutron-periodic-workers[105197]: DEBUG cotyledon.oslo_config_glue [-] OVS.igmp_snooping_enable = False {{(pid=105197) log_opt_values /opt/stack/data/venv/lib/python3.12/site-packages/oslo_config/cfg.py:3006}}
May 09 14:04:50.887731 np0000173181 neutron-periodic-workers[105197]: DEBUG cotyledon.oslo_config_glue [-] OVS.ovsdb_timeout = 10 {{(pid=105197) log_opt_values /opt/stack/data/venv/lib/python3.12/site-packages/oslo_config/cfg.py:3006}}
May 09 14:04:50.887788 np0000173181 neutron-periodic-workers[105197]: DEBUG cotyledon.oslo_config_glue [-] ovn_nb_global.fdb_removal_limit = 0 {{(pid=105197) log_opt_values /opt/stack/data/venv/lib/python3.12/site-packages/oslo_config/cfg.py:3006}}
May 09 14:04:50.887836 np0000173181 neutron-periodic-workers[105197]: DEBUG cotyledon.oslo_config_glue [-] ovn_nb_global.ignore_lsp_down = False {{(pid=105197) log_opt_values /opt/stack/data/venv/lib/python3.12/site-packages/oslo_config/cfg.py:3006}}
May 09 14:04:50.887878 np0000173181 neutron-periodic-workers[105197]: DEBUG cotyledon.oslo_config_glue [-] ovn_nb_global.mac_binding_removal_limit = 0 {{(pid=105197) log_opt_values /opt/stack/data/venv/lib/python3.12/site-packages/oslo_config/cfg.py:3006}}
May 09 14:04:50.887930 np0000173181 neutron-periodic-workers[105197]: DEBUG cotyledon.oslo_config_glue [-] ******************************************************************************** {{(pid=105197) log_opt_values /opt/stack/data/venv/lib/python3.12/site-packages/oslo_config/cfg.py:3013}}
May 09 14:04:50.888233 np0000173181 neutron-periodic-workers[105197]: DEBUG cotyledon._service_worker [-] Run service ServiceWrapper(0) [105197] {{(pid=105197) wait_forever /opt/stack/data/venv/lib/python3.12/site-packages/cotyledon/_service_worker.py:218}}
May 09 14:05:00.529549 np0000173181 neutron-periodic-workers[104390]: DEBUG dbcounter [-] [104390] Writing DB stats neutron:SELECT=4 {{(pid=104390) stat_writer /opt/stack/data/venv/lib/python3.12/site-packages/dbcounter.py:115}}
May 09 14:05:38.856897 np0000173181 neutron-periodic-workers[105173]: DEBUG oslo_db.sqlalchemy.engines [None req-09d1d0c5-0862-4283-b731-33dadfcd25d8 None None] Parent process 104390 forked (105173) with an open database connection, which is being discarded and recreated. {{(pid=105173) checkout /opt/stack/data/venv/lib/python3.12/site-packages/oslo_db/sqlalchemy/engines.py:402}}
May 09 14:05:38.865220 np0000173181 neutron-periodic-workers[105173]: DEBUG dbcounter [-] [105173] Writer thread running {{(pid=105173) stat_writer /opt/stack/data/venv/lib/python3.12/site-packages/dbcounter.py:102}}
May 09 14:05:38.868610 np0000173181 neutron-periodic-workers[105173]: DEBUG neutron.db.agents_db [None req-09d1d0c5-0862-4283-b731-33dadfcd25d8 None None] Agent healthcheck: found 0 active agents {{(pid=105173) agent_health_check /opt/stack/neutron/neutron/db/agents_db.py:322}}
May 09 14:05:38.868763 np0000173181 neutron-periodic-workers[105173]: DEBUG oslo.service.backend._threading.loopingcall [None req-09d1d0c5-0862-4283-b731-33dadfcd25d8 None None] Fixed interval looping call 'neutron.plugins.ml2.plugin.AgentDbMixin.agent_health_check' sleeping for 36.98 seconds {{(pid=105173) _run_loop /opt/stack/data/venv/lib/python3.12/site-packages/oslo_service/backend/_threading/loopingcall.py:125}}
May 09 14:05:48.866462 np0000173181 neutron-periodic-workers[105173]: DEBUG dbcounter [-] [105173] Writing DB stats neutron:SELECT=1 {{(pid=105173) stat_writer /opt/stack/data/venv/lib/python3.12/site-packages/dbcounter.py:115}}
May 09 14:05:54.848648 np0000173181 neutron-periodic-workers[105165]: DEBUG dbcounter [-] [105165] Writer thread running {{(pid=105165) stat_writer /opt/stack/data/venv/lib/python3.12/site-packages/dbcounter.py:102}}
May 09 14:05:54.864076 np0000173181 neutron-periodic-workers[105165]: DEBUG oslo.service.backend._threading.loopingcall [None req-5393f56d-6675-4dc3-b484-c4c904eb3bda None None] Fixed interval looping call 'neutron.plugins.ml2.plugin.DhcpAgentSchedulerDbMixin.remove_networks_from_down_agents' sleeping for 36.97 seconds {{(pid=105165) _run_loop /opt/stack/data/venv/lib/python3.12/site-packages/oslo_service/backend/_threading/loopingcall.py:125}}
May 09 14:06:04.861055 np0000173181 neutron-periodic-workers[105165]: DEBUG dbcounter [-] [105165] Writing DB stats neutron:SELECT=3 {{(pid=105165) stat_writer /opt/stack/data/venv/lib/python3.12/site-packages/dbcounter.py:115}}
May 09 14:06:15.854769 np0000173181 neutron-periodic-workers[105173]: DEBUG neutron.db.agents_db [None req-09d1d0c5-0862-4283-b731-33dadfcd25d8 None None] Agent healthcheck: found 0 active agents {{(pid=105173) agent_health_check /opt/stack/neutron/neutron/db/agents_db.py:322}}
May 09 14:06:15.855307 np0000173181 neutron-periodic-workers[105173]: DEBUG oslo.service.backend._threading.loopingcall [None req-09d1d0c5-0862-4283-b731-33dadfcd25d8 None None] Fixed interval looping call 'neutron.plugins.ml2.plugin.AgentDbMixin.agent_health_check' sleeping for 36.99 seconds {{(pid=105173) _run_loop /opt/stack/data/venv/lib/python3.12/site-packages/oslo_service/backend/_threading/loopingcall.py:125}}
May 09 14:06:25.853041 np0000173181 neutron-periodic-workers[105173]: DEBUG dbcounter [-] [105173] Writing DB stats neutron:SELECT=1 {{(pid=105173) stat_writer /opt/stack/data/venv/lib/python3.12/site-packages/dbcounter.py:115}}
May 09 14:06:31.846996 np0000173181 neutron-periodic-workers[105165]: DEBUG oslo.service.backend._threading.loopingcall [None req-5393f56d-6675-4dc3-b484-c4c904eb3bda None None] Fixed interval looping call 'neutron.plugins.ml2.plugin.DhcpAgentSchedulerDbMixin.remove_networks_from_down_agents' sleeping for 36.99 seconds {{(pid=105165) _run_loop /opt/stack/data/venv/lib/python3.12/site-packages/oslo_service/backend/_threading/loopingcall.py:125}}
May 09 14:06:41.844796 np0000173181 neutron-periodic-workers[105165]: DEBUG dbcounter [-] [105165] Writing DB stats neutron:SELECT=3 {{(pid=105165) stat_writer /opt/stack/data/venv/lib/python3.12/site-packages/dbcounter.py:115}}
May 09 14:06:50.887071 np0000173181 neutron-periodic-workers[105183]: DEBUG dbcounter [-] [105183] Writer thread running {{(pid=105183) stat_writer /opt/stack/data/venv/lib/python3.12/site-packages/dbcounter.py:102}}
May 09 14:06:50.888704 np0000173181 neutron-periodic-workers[105183]: DEBUG oslo.service.backend._threading.loopingcall [None req-ba0f611a-c32e-4941-93fa-c5f7910ba470 None None] Fixed interval looping call 'neutron.db.quota.driver_nolock.DbQuotaNoLockDriver._remove_expired_reservations' sleeping for 119.98 seconds {{(pid=105183) _run_loop /opt/stack/data/venv/lib/python3.12/site-packages/oslo_service/backend/_threading/loopingcall.py:125}}
May 09 14:06:52.852596 np0000173181 neutron-periodic-workers[105173]: DEBUG neutron.db.agents_db [None req-09d1d0c5-0862-4283-b731-33dadfcd25d8 None None] Agent healthcheck: found 0 active agents {{(pid=105173) agent_health_check /opt/stack/neutron/neutron/db/agents_db.py:322}}
May 09 14:06:52.852596 np0000173181 neutron-periodic-workers[105173]: DEBUG oslo.service.backend._threading.loopingcall [None req-09d1d0c5-0862-4283-b731-33dadfcd25d8 None None] Fixed interval looping call 'neutron.plugins.ml2.plugin.AgentDbMixin.agent_health_check' sleeping for 36.99 seconds {{(pid=105173) _run_loop /opt/stack/data/venv/lib/python3.12/site-packages/oslo_service/backend/_threading/loopingcall.py:125}}
May 09 14:07:00.887716 np0000173181 neutron-periodic-workers[105183]: DEBUG dbcounter [-] [105183] Writing DB stats neutron:DELETE=1 {{(pid=105183) stat_writer /opt/stack/data/venv/lib/python3.12/site-packages/dbcounter.py:115}}
May 09 14:07:02.851613 np0000173181 neutron-periodic-workers[105173]: DEBUG dbcounter [-] [105173] Writing DB stats neutron:SELECT=1 {{(pid=105173) stat_writer /opt/stack/data/venv/lib/python3.12/site-packages/dbcounter.py:115}}
May 09 14:07:08.848559 np0000173181 neutron-periodic-workers[105165]: DEBUG oslo.service.backend._threading.loopingcall [None req-5393f56d-6675-4dc3-b484-c4c904eb3bda None None] Fixed interval looping call 'neutron.plugins.ml2.plugin.DhcpAgentSchedulerDbMixin.remove_networks_from_down_agents' sleeping for 36.99 seconds {{(pid=105165) _run_loop /opt/stack/data/venv/lib/python3.12/site-packages/oslo_service/backend/_threading/loopingcall.py:125}}
May 09 14:07:18.847845 np0000173181 neutron-periodic-workers[105165]: DEBUG dbcounter [-] [105165] Writing DB stats neutron:SELECT=3 {{(pid=105165) stat_writer /opt/stack/data/venv/lib/python3.12/site-packages/dbcounter.py:115}}
May 09 14:07:29.854984 np0000173181 neutron-periodic-workers[105173]: DEBUG neutron.db.agents_db [None req-09d1d0c5-0862-4283-b731-33dadfcd25d8 None None] Agent healthcheck: found 0 active agents {{(pid=105173) agent_health_check /opt/stack/neutron/neutron/db/agents_db.py:322}}
May 09 14:07:29.854984 np0000173181 neutron-periodic-workers[105173]: DEBUG oslo.service.backend._threading.loopingcall [None req-09d1d0c5-0862-4283-b731-33dadfcd25d8 None None] Fixed interval looping call 'neutron.plugins.ml2.plugin.AgentDbMixin.agent_health_check' sleeping for 36.99 seconds {{(pid=105173) _run_loop /opt/stack/data/venv/lib/python3.12/site-packages/oslo_service/backend/_threading/loopingcall.py:125}}
May 09 14:07:39.849836 np0000173181 neutron-periodic-workers[105173]: DEBUG dbcounter [-] [105173] Writing DB stats neutron:SELECT=1 {{(pid=105173) stat_writer /opt/stack/data/venv/lib/python3.12/site-packages/dbcounter.py:115}}
May 09 14:07:45.848983 np0000173181 neutron-periodic-workers[105165]: DEBUG oslo.service.backend._threading.loopingcall [None req-5393f56d-6675-4dc3-b484-c4c904eb3bda None None] Fixed interval looping call 'neutron.plugins.ml2.plugin.DhcpAgentSchedulerDbMixin.remove_networks_from_down_agents' sleeping for 36.99 seconds {{(pid=105165) _run_loop /opt/stack/data/venv/lib/python3.12/site-packages/oslo_service/backend/_threading/loopingcall.py:125}}
May 09 14:07:55.849184 np0000173181 neutron-periodic-workers[105165]: DEBUG dbcounter [-] [105165] Writing DB stats neutron:SELECT=3 {{(pid=105165) stat_writer /opt/stack/data/venv/lib/python3.12/site-packages/dbcounter.py:115}}
May 09 14:08:06.851128 np0000173181 neutron-periodic-workers[105173]: DEBUG neutron.db.agents_db [None req-09d1d0c5-0862-4283-b731-33dadfcd25d8 None None] Agent healthcheck: found 0 active agents {{(pid=105173) agent_health_check /opt/stack/neutron/neutron/db/agents_db.py:322}}
May 09 14:08:06.851998 np0000173181 neutron-periodic-workers[105173]: DEBUG oslo.service.backend._threading.loopingcall [None req-09d1d0c5-0862-4283-b731-33dadfcd25d8 None None] Fixed interval looping call 'neutron.plugins.ml2.plugin.AgentDbMixin.agent_health_check' sleeping for 36.99 seconds {{(pid=105173) _run_loop /opt/stack/data/venv/lib/python3.12/site-packages/oslo_service/backend/_threading/loopingcall.py:125}}
May 09 14:08:16.849197 np0000173181 neutron-periodic-workers[105173]: DEBUG dbcounter [-] [105173] Writing DB stats neutron:SELECT=1 {{(pid=105173) stat_writer /opt/stack/data/venv/lib/python3.12/site-packages/dbcounter.py:115}}
May 09 14:08:22.850172 np0000173181 neutron-periodic-workers[105165]: DEBUG oslo.service.backend._threading.loopingcall [None req-5393f56d-6675-4dc3-b484-c4c904eb3bda None None] Fixed interval looping call 'neutron.plugins.ml2.plugin.DhcpAgentSchedulerDbMixin.remove_networks_from_down_agents' sleeping for 36.99 seconds {{(pid=105165) _run_loop /opt/stack/data/venv/lib/python3.12/site-packages/oslo_service/backend/_threading/loopingcall.py:125}}
May 09 14:08:32.849173 np0000173181 neutron-periodic-workers[105165]: DEBUG dbcounter [-] [105165] Writing DB stats neutron:SELECT=3 {{(pid=105165) stat_writer /opt/stack/data/venv/lib/python3.12/site-packages/dbcounter.py:115}}
May 09 14:08:43.847189 np0000173181 neutron-periodic-workers[105173]: DEBUG neutron.db.agents_db [None req-09d1d0c5-0862-4283-b731-33dadfcd25d8 None None] Agent healthcheck: found 0 active agents {{(pid=105173) agent_health_check /opt/stack/neutron/neutron/db/agents_db.py:322}}
May 09 14:08:43.848143 np0000173181 neutron-periodic-workers[105173]: DEBUG oslo.service.backend._threading.loopingcall [None req-09d1d0c5-0862-4283-b731-33dadfcd25d8 None None] Fixed interval looping call 'neutron.plugins.ml2.plugin.AgentDbMixin.agent_health_check' sleeping for 36.99 seconds {{(pid=105173) _run_loop /opt/stack/data/venv/lib/python3.12/site-packages/oslo_service/backend/_threading/loopingcall.py:125}}
May 09 14:08:45.926146 np0000173181 neutron-periodic-workers[105197]: DEBUG dbcounter [-] [105197] Writer thread running {{(pid=105197) stat_writer /opt/stack/data/venv/lib/python3.12/site-packages/dbcounter.py:102}}
May 09 14:08:45.937667 np0000173181 neutron-periodic-workers[105197]: DEBUG oslo.service.backend._threading.loopingcall [None req-61af3187-a385-408a-97fe-71a71c17f408 None None] Fixed interval looping call 'neutron.services.ovn_l3.plugin.L3_NAT_dbonly_mixin._clean_garbage' sleeping for 299.95 seconds {{(pid=105197) _run_loop /opt/stack/data/venv/lib/python3.12/site-packages/oslo_service/backend/_threading/loopingcall.py:125}}
May 09 14:08:50.874829 np0000173181 neutron-periodic-workers[105183]: DEBUG oslo.service.backend._threading.loopingcall [None req-ba0f611a-c32e-4941-93fa-c5f7910ba470 None None] Fixed interval looping call 'neutron.db.quota.driver_nolock.DbQuotaNoLockDriver._remove_expired_reservations' sleeping for 119.99 seconds {{(pid=105183) _run_loop /opt/stack/data/venv/lib/python3.12/site-packages/oslo_service/backend/_threading/loopingcall.py:125}}
May 09 14:08:53.845220 np0000173181 neutron-periodic-workers[105173]: DEBUG dbcounter [-] [105173] Writing DB stats neutron:SELECT=1 {{(pid=105173) stat_writer /opt/stack/data/venv/lib/python3.12/site-packages/dbcounter.py:115}}
May 09 14:08:55.926931 np0000173181 neutron-periodic-workers[105197]: DEBUG dbcounter [-] [105197] Writing DB stats neutron:SELECT=1 {{(pid=105197) stat_writer /opt/stack/data/venv/lib/python3.12/site-packages/dbcounter.py:115}}
May 09 14:08:59.848356 np0000173181 neutron-periodic-workers[105165]: DEBUG oslo.service.backend._threading.loopingcall [None req-5393f56d-6675-4dc3-b484-c4c904eb3bda None None] Fixed interval looping call 'neutron.plugins.ml2.plugin.DhcpAgentSchedulerDbMixin.remove_networks_from_down_agents' sleeping for 36.99 seconds {{(pid=105165) _run_loop /opt/stack/data/venv/lib/python3.12/site-packages/oslo_service/backend/_threading/loopingcall.py:125}}
May 09 14:09:00.873768 np0000173181 neutron-periodic-workers[105183]: DEBUG dbcounter [-] [105183] Writing DB stats neutron:DELETE=1 {{(pid=105183) stat_writer /opt/stack/data/venv/lib/python3.12/site-packages/dbcounter.py:115}}
May 09 14:09:09.847388 np0000173181 neutron-periodic-workers[105165]: DEBUG dbcounter [-] [105165] Writing DB stats neutron:SELECT=3 {{(pid=105165) stat_writer /opt/stack/data/venv/lib/python3.12/site-packages/dbcounter.py:115}}
May 09 14:09:20.844161 np0000173181 neutron-periodic-workers[105173]: DEBUG neutron.db.agents_db [None req-09d1d0c5-0862-4283-b731-33dadfcd25d8 None None] Agent healthcheck: found 0 active agents {{(pid=105173) agent_health_check /opt/stack/neutron/neutron/db/agents_db.py:322}}
May 09 14:09:20.844573 np0000173181 neutron-periodic-workers[105173]: DEBUG oslo.service.backend._threading.loopingcall [None req-09d1d0c5-0862-4283-b731-33dadfcd25d8 None None] Fixed interval looping call 'neutron.plugins.ml2.plugin.AgentDbMixin.agent_health_check' sleeping for 36.99 seconds {{(pid=105173) _run_loop /opt/stack/data/venv/lib/python3.12/site-packages/oslo_service/backend/_threading/loopingcall.py:125}}
May 09 14:09:30.841925 np0000173181 neutron-periodic-workers[105173]: DEBUG dbcounter [-] [105173] Writing DB stats neutron:SELECT=1 {{(pid=105173) stat_writer /opt/stack/data/venv/lib/python3.12/site-packages/dbcounter.py:115}}
May 09 14:09:36.847349 np0000173181 neutron-periodic-workers[105165]: DEBUG oslo.service.backend._threading.loopingcall [None req-5393f56d-6675-4dc3-b484-c4c904eb3bda None None] Fixed interval looping call 'neutron.plugins.ml2.plugin.DhcpAgentSchedulerDbMixin.remove_networks_from_down_agents' sleeping for 36.99 seconds {{(pid=105165) _run_loop /opt/stack/data/venv/lib/python3.12/site-packages/oslo_service/backend/_threading/loopingcall.py:125}}
May 09 14:09:46.846868 np0000173181 neutron-periodic-workers[105165]: DEBUG dbcounter [-] [105165] Writing DB stats neutron:SELECT=3 {{(pid=105165) stat_writer /opt/stack/data/venv/lib/python3.12/site-packages/dbcounter.py:115}}
May 09 14:09:57.838133 np0000173181 neutron-periodic-workers[105173]: DEBUG neutron.db.agents_db [None req-09d1d0c5-0862-4283-b731-33dadfcd25d8 None None] Agent healthcheck: found 0 active agents {{(pid=105173) agent_health_check /opt/stack/neutron/neutron/db/agents_db.py:322}}
May 09 14:09:57.838422 np0000173181 neutron-periodic-workers[105173]: DEBUG oslo.service.backend._threading.loopingcall [None req-09d1d0c5-0862-4283-b731-33dadfcd25d8 None None] Fixed interval looping call 'neutron.plugins.ml2.plugin.AgentDbMixin.agent_health_check' sleeping for 37.00 seconds {{(pid=105173) _run_loop /opt/stack/data/venv/lib/python3.12/site-packages/oslo_service/backend/_threading/loopingcall.py:125}}
May 09 14:10:07.837207 np0000173181 neutron-periodic-workers[105173]: DEBUG dbcounter [-] [105173] Writing DB stats neutron:SELECT=1 {{(pid=105173) stat_writer /opt/stack/data/venv/lib/python3.12/site-packages/dbcounter.py:115}}
May 09 14:10:13.846194 np0000173181 neutron-periodic-workers[105165]: DEBUG oslo.service.backend._threading.loopingcall [None req-5393f56d-6675-4dc3-b484-c4c904eb3bda None None] Fixed interval looping call 'neutron.plugins.ml2.plugin.DhcpAgentSchedulerDbMixin.remove_networks_from_down_agents' sleeping for 36.99 seconds {{(pid=105165) _run_loop /opt/stack/data/venv/lib/python3.12/site-packages/oslo_service/backend/_threading/loopingcall.py:125}}
May 09 14:10:23.846671 np0000173181 neutron-periodic-workers[105165]: DEBUG dbcounter [-] [105165] Writing DB stats neutron:SELECT=3 {{(pid=105165) stat_writer /opt/stack/data/venv/lib/python3.12/site-packages/dbcounter.py:115}}
May 09 14:10:34.846046 np0000173181 neutron-periodic-workers[105173]: DEBUG neutron.db.agents_db [None req-09d1d0c5-0862-4283-b731-33dadfcd25d8 None None] Agent healthcheck: found 0 active agents {{(pid=105173) agent_health_check /opt/stack/neutron/neutron/db/agents_db.py:322}}
May 09 14:10:34.846798 np0000173181 neutron-periodic-workers[105173]: DEBUG oslo.service.backend._threading.loopingcall [None req-09d1d0c5-0862-4283-b731-33dadfcd25d8 None None] Fixed interval looping call 'neutron.plugins.ml2.plugin.AgentDbMixin.agent_health_check' sleeping for 36.99 seconds {{(pid=105173) _run_loop /opt/stack/data/venv/lib/python3.12/site-packages/oslo_service/backend/_threading/loopingcall.py:125}}
May 09 14:10:44.843591 np0000173181 neutron-periodic-workers[105173]: DEBUG dbcounter [-] [105173] Writing DB stats neutron:SELECT=1 {{(pid=105173) stat_writer /opt/stack/data/venv/lib/python3.12/site-packages/dbcounter.py:115}}
May 09 14:10:50.846837 np0000173181 neutron-periodic-workers[105165]: DEBUG oslo.service.backend._threading.loopingcall [None req-5393f56d-6675-4dc3-b484-c4c904eb3bda None None] Fixed interval looping call 'neutron.plugins.ml2.plugin.DhcpAgentSchedulerDbMixin.remove_networks_from_down_agents' sleeping for 36.99 seconds {{(pid=105165) _run_loop /opt/stack/data/venv/lib/python3.12/site-packages/oslo_service/backend/_threading/loopingcall.py:125}}
May 09 14:10:50.870486 np0000173181 neutron-periodic-workers[105183]: DEBUG oslo.service.backend._threading.loopingcall [None req-ba0f611a-c32e-4941-93fa-c5f7910ba470 None None] Fixed interval looping call 'neutron.db.quota.driver_nolock.DbQuotaNoLockDriver._remove_expired_reservations' sleeping for 119.99 seconds {{(pid=105183) _run_loop /opt/stack/data/venv/lib/python3.12/site-packages/oslo_service/backend/_threading/loopingcall.py:125}}
May 09 14:11:00.845807 np0000173181 neutron-periodic-workers[105165]: DEBUG dbcounter [-] [105165] Writing DB stats neutron:SELECT=3 {{(pid=105165) stat_writer /opt/stack/data/venv/lib/python3.12/site-packages/dbcounter.py:115}}
May 09 14:11:00.869243 np0000173181 neutron-periodic-workers[105183]: DEBUG dbcounter [-] [105183] Writing DB stats neutron:DELETE=1 {{(pid=105183) stat_writer /opt/stack/data/venv/lib/python3.12/site-packages/dbcounter.py:115}}
May 09 14:11:11.841683 np0000173181 neutron-periodic-workers[105173]: DEBUG neutron.db.agents_db [None req-09d1d0c5-0862-4283-b731-33dadfcd25d8 None None] Agent healthcheck: found 0 active agents {{(pid=105173) agent_health_check /opt/stack/neutron/neutron/db/agents_db.py:322}}
May 09 14:11:11.842348 np0000173181 neutron-periodic-workers[105173]: DEBUG oslo.service.backend._threading.loopingcall [None req-09d1d0c5-0862-4283-b731-33dadfcd25d8 None None] Fixed interval looping call 'neutron.plugins.ml2.plugin.AgentDbMixin.agent_health_check' sleeping for 36.99 seconds {{(pid=105173) _run_loop /opt/stack/data/venv/lib/python3.12/site-packages/oslo_service/backend/_threading/loopingcall.py:125}}
May 09 14:11:21.840200 np0000173181 neutron-periodic-workers[105173]: DEBUG dbcounter [-] [105173] Writing DB stats neutron:SELECT=1 {{(pid=105173) stat_writer /opt/stack/data/venv/lib/python3.12/site-packages/dbcounter.py:115}}
May 09 14:11:27.847853 np0000173181 neutron-periodic-workers[105165]: DEBUG oslo.service.backend._threading.loopingcall [None req-5393f56d-6675-4dc3-b484-c4c904eb3bda None None] Fixed interval looping call 'neutron.plugins.ml2.plugin.DhcpAgentSchedulerDbMixin.remove_networks_from_down_agents' sleeping for 36.99 seconds {{(pid=105165) _run_loop /opt/stack/data/venv/lib/python3.12/site-packages/oslo_service/backend/_threading/loopingcall.py:125}}
May 09 14:11:37.846071 np0000173181 neutron-periodic-workers[105165]: DEBUG dbcounter [-] [105165] Writing DB stats neutron:SELECT=3 {{(pid=105165) stat_writer /opt/stack/data/venv/lib/python3.12/site-packages/dbcounter.py:115}}
May 09 14:11:48.839119 np0000173181 neutron-periodic-workers[105173]: DEBUG neutron.db.agents_db [None req-09d1d0c5-0862-4283-b731-33dadfcd25d8 None None] Agent healthcheck: found 0 active agents {{(pid=105173) agent_health_check /opt/stack/neutron/neutron/db/agents_db.py:322}}
May 09 14:11:48.839689 np0000173181 neutron-periodic-workers[105173]: DEBUG oslo.service.backend._threading.loopingcall [None req-09d1d0c5-0862-4283-b731-33dadfcd25d8 None None] Fixed interval looping call 'neutron.plugins.ml2.plugin.AgentDbMixin.agent_health_check' sleeping for 36.99 seconds {{(pid=105173) _run_loop /opt/stack/data/venv/lib/python3.12/site-packages/oslo_service/backend/_threading/loopingcall.py:125}}
May 09 14:11:58.836654 np0000173181 neutron-periodic-workers[105173]: DEBUG dbcounter [-] [105173] Writing DB stats neutron:SELECT=1 {{(pid=105173) stat_writer /opt/stack/data/venv/lib/python3.12/site-packages/dbcounter.py:115}}
May 09 14:12:04.848014 np0000173181 neutron-periodic-workers[105165]: DEBUG oslo.service.backend._threading.loopingcall [None req-5393f56d-6675-4dc3-b484-c4c904eb3bda None None] Fixed interval looping call 'neutron.plugins.ml2.plugin.DhcpAgentSchedulerDbMixin.remove_networks_from_down_agents' sleeping for 36.99 seconds {{(pid=105165) _run_loop /opt/stack/data/venv/lib/python3.12/site-packages/oslo_service/backend/_threading/loopingcall.py:125}}
May 09 14:12:14.845296 np0000173181 neutron-periodic-workers[105165]: DEBUG dbcounter [-] [105165] Writing DB stats neutron:SELECT=3 {{(pid=105165) stat_writer /opt/stack/data/venv/lib/python3.12/site-packages/dbcounter.py:115}}
May 09 14:12:25.834673 np0000173181 neutron-periodic-workers[105173]: DEBUG neutron.db.agents_db [None req-09d1d0c5-0862-4283-b731-33dadfcd25d8 None None] Agent healthcheck: found 0 active agents {{(pid=105173) agent_health_check /opt/stack/neutron/neutron/db/agents_db.py:322}}
May 09 14:12:25.835249 np0000173181 neutron-periodic-workers[105173]: DEBUG oslo.service.backend._threading.loopingcall [None req-09d1d0c5-0862-4283-b731-33dadfcd25d8 None None] Fixed interval looping call 'neutron.plugins.ml2.plugin.AgentDbMixin.agent_health_check' sleeping for 36.99 seconds {{(pid=105173) _run_loop /opt/stack/data/venv/lib/python3.12/site-packages/oslo_service/backend/_threading/loopingcall.py:125}}
May 09 14:12:35.833237 np0000173181 neutron-periodic-workers[105173]: DEBUG dbcounter [-] [105173] Writing DB stats neutron:SELECT=1 {{(pid=105173) stat_writer /opt/stack/data/venv/lib/python3.12/site-packages/dbcounter.py:115}}
May 09 14:12:41.848347 np0000173181 neutron-periodic-workers[105165]: DEBUG oslo.service.backend._threading.loopingcall [None req-5393f56d-6675-4dc3-b484-c4c904eb3bda None None] Fixed interval looping call 'neutron.plugins.ml2.plugin.DhcpAgentSchedulerDbMixin.remove_networks_from_down_agents' sleeping for 36.99 seconds {{(pid=105165) _run_loop /opt/stack/data/venv/lib/python3.12/site-packages/oslo_service/backend/_threading/loopingcall.py:125}}
May 09 14:12:50.867079 np0000173181 neutron-periodic-workers[105183]: DEBUG oslo.service.backend._threading.loopingcall [None req-ba0f611a-c32e-4941-93fa-c5f7910ba470 None None] Fixed interval looping call 'neutron.db.quota.driver_nolock.DbQuotaNoLockDriver._remove_expired_reservations' sleeping for 119.99 seconds {{(pid=105183) _run_loop /opt/stack/data/venv/lib/python3.12/site-packages/oslo_service/backend/_threading/loopingcall.py:125}}
May 09 14:12:51.846920 np0000173181 neutron-periodic-workers[105165]: DEBUG dbcounter [-] [105165] Writing DB stats neutron:SELECT=3 {{(pid=105165) stat_writer /opt/stack/data/venv/lib/python3.12/site-packages/dbcounter.py:115}}
May 09 14:13:00.865007 np0000173181 neutron-periodic-workers[105183]: DEBUG dbcounter [-] [105183] Writing DB stats neutron:DELETE=1 {{(pid=105183) stat_writer /opt/stack/data/venv/lib/python3.12/site-packages/dbcounter.py:115}}
May 09 14:13:02.831561 np0000173181 neutron-periodic-workers[105173]: DEBUG neutron.db.agents_db [None req-09d1d0c5-0862-4283-b731-33dadfcd25d8 None None] Agent healthcheck: found 0 active agents {{(pid=105173) agent_health_check /opt/stack/neutron/neutron/db/agents_db.py:322}}
May 09 14:13:02.832275 np0000173181 neutron-periodic-workers[105173]: DEBUG oslo.service.backend._threading.loopingcall [None req-09d1d0c5-0862-4283-b731-33dadfcd25d8 None None] Fixed interval looping call 'neutron.plugins.ml2.plugin.AgentDbMixin.agent_health_check' sleeping for 36.99 seconds {{(pid=105173) _run_loop /opt/stack/data/venv/lib/python3.12/site-packages/oslo_service/backend/_threading/loopingcall.py:125}}
May 09 14:13:12.828461 np0000173181 neutron-periodic-workers[105173]: DEBUG dbcounter [-] [105173] Writing DB stats neutron:SELECT=1 {{(pid=105173) stat_writer /opt/stack/data/venv/lib/python3.12/site-packages/dbcounter.py:115}}
May 09 14:13:18.848786 np0000173181 neutron-periodic-workers[105165]: DEBUG oslo.service.backend._threading.loopingcall [None req-5393f56d-6675-4dc3-b484-c4c904eb3bda None None] Fixed interval looping call 'neutron.plugins.ml2.plugin.DhcpAgentSchedulerDbMixin.remove_networks_from_down_agents' sleeping for 36.99 seconds {{(pid=105165) _run_loop /opt/stack/data/venv/lib/python3.12/site-packages/oslo_service/backend/_threading/loopingcall.py:125}}
May 09 14:13:28.847677 np0000173181 neutron-periodic-workers[105165]: DEBUG dbcounter [-] [105165] Writing DB stats neutron:SELECT=3 {{(pid=105165) stat_writer /opt/stack/data/venv/lib/python3.12/site-packages/dbcounter.py:115}}
May 09 14:13:39.827608 np0000173181 neutron-periodic-workers[105173]: DEBUG neutron.db.agents_db [None req-09d1d0c5-0862-4283-b731-33dadfcd25d8 None None] Agent healthcheck: found 0 active agents {{(pid=105173) agent_health_check /opt/stack/neutron/neutron/db/agents_db.py:322}}
May 09 14:13:39.828073 np0000173181 neutron-periodic-workers[105173]: DEBUG oslo.service.backend._threading.loopingcall [None req-09d1d0c5-0862-4283-b731-33dadfcd25d8 None None] Fixed interval looping call 'neutron.plugins.ml2.plugin.AgentDbMixin.agent_health_check' sleeping for 36.99 seconds {{(pid=105173) _run_loop /opt/stack/data/venv/lib/python3.12/site-packages/oslo_service/backend/_threading/loopingcall.py:125}}
May 09 14:13:45.899398 np0000173181 neutron-periodic-workers[105197]: DEBUG oslo.service.backend._threading.loopingcall [None req-61af3187-a385-408a-97fe-71a71c17f408 None None] Fixed interval looping call 'neutron.services.ovn_l3.plugin.L3_NAT_dbonly_mixin._clean_garbage' sleeping for 299.99 seconds {{(pid=105197) _run_loop /opt/stack/data/venv/lib/python3.12/site-packages/oslo_service/backend/_threading/loopingcall.py:125}}
May 09 14:13:49.825709 np0000173181 neutron-periodic-workers[105173]: DEBUG dbcounter [-] [105173] Writing DB stats neutron:SELECT=1 {{(pid=105173) stat_writer /opt/stack/data/venv/lib/python3.12/site-packages/dbcounter.py:115}}
May 09 14:13:55.849542 np0000173181 neutron-periodic-workers[105165]: DEBUG oslo.service.backend._threading.loopingcall [None req-5393f56d-6675-4dc3-b484-c4c904eb3bda None None] Fixed interval looping call 'neutron.plugins.ml2.plugin.DhcpAgentSchedulerDbMixin.remove_networks_from_down_agents' sleeping for 36.99 seconds {{(pid=105165) _run_loop /opt/stack/data/venv/lib/python3.12/site-packages/oslo_service/backend/_threading/loopingcall.py:125}}
May 09 14:13:55.891889 np0000173181 neutron-periodic-workers[105197]: DEBUG dbcounter [-] [105197] Writing DB stats neutron:SELECT=1 {{(pid=105197) stat_writer /opt/stack/data/venv/lib/python3.12/site-packages/dbcounter.py:115}}
May 09 14:14:05.848662 np0000173181 neutron-periodic-workers[105165]: DEBUG dbcounter [-] [105165] Writing DB stats neutron:SELECT=3 {{(pid=105165) stat_writer /opt/stack/data/venv/lib/python3.12/site-packages/dbcounter.py:115}}
May 09 14:14:16.824256 np0000173181 neutron-periodic-workers[105173]: DEBUG neutron.db.agents_db [None req-09d1d0c5-0862-4283-b731-33dadfcd25d8 None None] Agent healthcheck: found 0 active agents {{(pid=105173) agent_health_check /opt/stack/neutron/neutron/db/agents_db.py:322}}
May 09 14:14:16.825030 np0000173181 neutron-periodic-workers[105173]: DEBUG oslo.service.backend._threading.loopingcall [None req-09d1d0c5-0862-4283-b731-33dadfcd25d8 None None] Fixed interval looping call 'neutron.plugins.ml2.plugin.AgentDbMixin.agent_health_check' sleeping for 36.99 seconds {{(pid=105173) _run_loop /opt/stack/data/venv/lib/python3.12/site-packages/oslo_service/backend/_threading/loopingcall.py:125}}
May 09 14:14:26.821731 np0000173181 neutron-periodic-workers[105173]: DEBUG dbcounter [-] [105173] Writing DB stats neutron:SELECT=1 {{(pid=105173) stat_writer /opt/stack/data/venv/lib/python3.12/site-packages/dbcounter.py:115}}
May 09 14:14:32.845785 np0000173181 neutron-periodic-workers[105165]: DEBUG oslo.service.backend._threading.loopingcall [None req-5393f56d-6675-4dc3-b484-c4c904eb3bda None None] Fixed interval looping call 'neutron.plugins.ml2.plugin.DhcpAgentSchedulerDbMixin.remove_networks_from_down_agents' sleeping for 36.99 seconds {{(pid=105165) _run_loop /opt/stack/data/venv/lib/python3.12/site-packages/oslo_service/backend/_threading/loopingcall.py:125}}
May 09 14:14:42.845212 np0000173181 neutron-periodic-workers[105165]: DEBUG dbcounter [-] [105165] Writing DB stats neutron:SELECT=3 {{(pid=105165) stat_writer /opt/stack/data/venv/lib/python3.12/site-packages/dbcounter.py:115}}
May 09 14:14:50.861633 np0000173181 neutron-periodic-workers[105183]: DEBUG oslo.service.backend._threading.loopingcall [None req-ba0f611a-c32e-4941-93fa-c5f7910ba470 None None] Fixed interval looping call 'neutron.db.quota.driver_nolock.DbQuotaNoLockDriver._remove_expired_reservations' sleeping for 120.00 seconds {{(pid=105183) _run_loop /opt/stack/data/venv/lib/python3.12/site-packages/oslo_service/backend/_threading/loopingcall.py:125}}
May 09 14:14:53.819005 np0000173181 neutron-periodic-workers[105173]: DEBUG neutron.db.agents_db [None req-09d1d0c5-0862-4283-b731-33dadfcd25d8 None None] Agent healthcheck: found 0 active agents {{(pid=105173) agent_health_check /opt/stack/neutron/neutron/db/agents_db.py:322}}
May 09 14:14:53.819327 np0000173181 neutron-periodic-workers[105173]: DEBUG oslo.service.backend._threading.loopingcall [None req-09d1d0c5-0862-4283-b731-33dadfcd25d8 None None] Fixed interval looping call 'neutron.plugins.ml2.plugin.AgentDbMixin.agent_health_check' sleeping for 37.00 seconds {{(pid=105173) _run_loop /opt/stack/data/venv/lib/python3.12/site-packages/oslo_service/backend/_threading/loopingcall.py:125}}
May 09 14:15:00.860761 np0000173181 neutron-periodic-workers[105183]: DEBUG dbcounter [-] [105183] Writing DB stats neutron:DELETE=1 {{(pid=105183) stat_writer /opt/stack/data/venv/lib/python3.12/site-packages/dbcounter.py:115}}
May 09 14:15:03.818282 np0000173181 neutron-periodic-workers[105173]: DEBUG dbcounter [-] [105173] Writing DB stats neutron:SELECT=1 {{(pid=105173) stat_writer /opt/stack/data/venv/lib/python3.12/site-packages/dbcounter.py:115}}
May 09 14:15:09.845164 np0000173181 neutron-periodic-workers[105165]: DEBUG oslo.service.backend._threading.loopingcall [None req-5393f56d-6675-4dc3-b484-c4c904eb3bda None None] Fixed interval looping call 'neutron.plugins.ml2.plugin.DhcpAgentSchedulerDbMixin.remove_networks_from_down_agents' sleeping for 36.99 seconds {{(pid=105165) _run_loop /opt/stack/data/venv/lib/python3.12/site-packages/oslo_service/backend/_threading/loopingcall.py:125}}
May 09 14:15:19.844002 np0000173181 neutron-periodic-workers[105165]: DEBUG dbcounter [-] [105165] Writing DB stats neutron:SELECT=3 {{(pid=105165) stat_writer /opt/stack/data/venv/lib/python3.12/site-packages/dbcounter.py:115}}
May 09 14:15:30.824633 np0000173181 neutron-periodic-workers[105173]: DEBUG neutron.db.agents_db [None req-09d1d0c5-0862-4283-b731-33dadfcd25d8 None None] Agent healthcheck: found 0 active agents {{(pid=105173) agent_health_check /opt/stack/neutron/neutron/db/agents_db.py:322}}
