2026-04-17 05:10:12.510 7 INFO placement.requestlog [req-4e77e635-546b-4a82-a33f-0965f1f6c8e6 req-97e17680-368d-4e9c-a57d-160285b5a1ad 6e019366023340909cb1a8fc302dcb15 8983384e5e7b48ee8773b2e5594d8ba4 - - e45d658e4bf740c6b7a6835a7d10d190 e45d658e4bf740c6b7a6835a7d10d190] 199.204.45.250 "GET /allocations/eba0860d-aad8-400b-92e5-33ff9d374cea" status: 200 len: 257 microversion: 1.28 [pid: 7|app: 0|req: 154/308] 199.204.45.250 () {34 vars in 863 bytes} [Fri Apr 17 05:10:12 2026] GET /allocations/eba0860d-aad8-400b-92e5-33ff9d374cea => generated 257 bytes in 20 msecs (HTTP/1.1 200) 8 headers in 296 bytes (1 switches on core 0)
2026-04-17 05:10:12.530 8 INFO placement.requestlog [req-4e77e635-546b-4a82-a33f-0965f1f6c8e6 req-2dd0f772-8815-499a-9c5b-5d0d10688290 6e019366023340909cb1a8fc302dcb15 8983384e5e7b48ee8773b2e5594d8ba4 - - e45d658e4bf740c6b7a6835a7d10d190 e45d658e4bf740c6b7a6835a7d10d190] 199.204.45.250 "GET /allocations/5516e0fd-370f-40fc-8d8f-f5d41e7758f7" status: 200 len: 243 microversion: 1.28 [pid: 8|app: 0|req: 155/309] 199.204.45.250 () {34 vars in 863 bytes} [Fri Apr 17 05:10:12 2026] GET /allocations/5516e0fd-370f-40fc-8d8f-f5d41e7758f7 => generated 243 bytes in 11 msecs (HTTP/1.1 200) 8 headers in 296 bytes (1 switches on core 0)
2026-04-17 05:10:13.584 7 INFO placement.requestlog [req-4e77e635-546b-4a82-a33f-0965f1f6c8e6 req-396f8cef-52e3-4381-8cce-e0f67c6d6c90 6e019366023340909cb1a8fc302dcb15 8983384e5e7b48ee8773b2e5594d8ba4 - - e45d658e4bf740c6b7a6835a7d10d190 e45d658e4bf740c6b7a6835a7d10d190] 199.204.45.250 "DELETE /allocations/5516e0fd-370f-40fc-8d8f-f5d41e7758f7" status: 204 len: 0 microversion: 1.0 [pid: 7|app: 0|req: 155/310] 199.204.45.250 () {34 vars in 841 bytes} [Fri Apr 17 05:10:13 2026] DELETE /allocations/5516e0fd-370f-40fc-8d8f-f5d41e7758f7 => generated 0 bytes in 31 msecs (HTTP/1.1 204) 5 headers in 198 bytes (1 switches on core 0)
2026-04-17 05:10:14.283 8 INFO placement.requestlog [None req-e5c15709-5f43-48b8-8e7a-c2e9ecfbef62 e7cc2bca28fa43939f1cacaaf1e19fec 8983384e5e7b48ee8773b2e5594d8ba4 - - e45d658e4bf740c6b7a6835a7d10d190 e45d658e4bf740c6b7a6835a7d10d190] 10.0.0.129 "GET /resource_providers/d356c4e0-f4ef-4fc8-b51b-f313018e49d4/aggregates" status: 404 len: 235 microversion: 1.1 [pid: 8|app: 0|req: 156/311] 10.0.0.129 () {32 vars in 816 bytes} [Fri Apr 17 05:10:14 2026] GET /resource_providers/d356c4e0-f4ef-4fc8-b51b-f313018e49d4/aggregates => generated 235 bytes in 9 msecs (HTTP/1.1 404) 5 headers in 202 bytes (1 switches on core 0)
2026-04-17 05:10:14.286 7 INFO placement.requestlog [None req-fb877ce0-87fb-497e-8741-1556eb16ebab e7cc2bca28fa43939f1cacaaf1e19fec 8983384e5e7b48ee8773b2e5594d8ba4 - - e45d658e4bf740c6b7a6835a7d10d190 e45d658e4bf740c6b7a6835a7d10d190] 10.0.0.129 "GET /resource_providers/d356c4e0-f4ef-4fc8-b51b-f313018e49d4/aggregates" status: 404 len: 235 microversion: 1.1 [pid: 7|app: 0|req: 156/312] 10.0.0.129 () {32 vars in 816 bytes} [Fri Apr 17 05:10:14 2026] GET /resource_providers/d356c4e0-f4ef-4fc8-b51b-f313018e49d4/aggregates => generated 235 bytes in 10 msecs (HTTP/1.1 404) 5 headers in 202 bytes (1 switches on core 0)
2026-04-17 05:10:14.303 8 INFO placement.requestlog [None req-f16ceb3f-ff3e-487d-b347-4f7a4cdceb7e e7cc2bca28fa43939f1cacaaf1e19fec 8983384e5e7b48ee8773b2e5594d8ba4 - - e45d658e4bf740c6b7a6835a7d10d190 e45d658e4bf740c6b7a6835a7d10d190] 10.0.0.129 "DELETE /resource_providers/d356c4e0-f4ef-4fc8-b51b-f313018e49d4" status: 404 len: 246 microversion: 1.1 [pid: 8|app: 0|req: 157/313] 10.0.0.129 () {34 vars in 816 bytes} [Fri Apr 17 05:10:14 2026] DELETE /resource_providers/d356c4e0-f4ef-4fc8-b51b-f313018e49d4 => generated 246 bytes in 8 msecs (HTTP/1.1 404) 6 headers in 231 bytes (1 switches on core 0)
2026-04-17 05:10:14.304 7 INFO placement.requestlog [None req-8b30306d-ad06-4e85-be27-ddcf3a39d849 e7cc2bca28fa43939f1cacaaf1e19fec 8983384e5e7b48ee8773b2e5594d8ba4 - - e45d658e4bf740c6b7a6835a7d10d190 e45d658e4bf740c6b7a6835a7d10d190] 10.0.0.129 "DELETE /resource_providers/d356c4e0-f4ef-4fc8-b51b-f313018e49d4" status: 404 len: 246 microversion: 1.1 [pid: 7|app: 0|req: 157/314] 10.0.0.129 () {34 vars in 816 bytes} [Fri Apr 17 05:10:14 2026] DELETE /resource_providers/d356c4e0-f4ef-4fc8-b51b-f313018e49d4 => generated 246 bytes in 7 msecs (HTTP/1.1 404) 6 headers in 231 bytes (1 switches on core 0)
2026-04-17 05:10:18.211 8 INFO placement.requestlog [None req-946fac3c-8d40-4892-8538-2ce1ab187927 e7cc2bca28fa43939f1cacaaf1e19fec 8983384e5e7b48ee8773b2e5594d8ba4 - - e45d658e4bf740c6b7a6835a7d10d190 e45d658e4bf740c6b7a6835a7d10d190] 10.0.0.129 "GET /resource_providers/5a86484e-41b0-41a1-8974-8f865707beb5/aggregates" status: 404 len: 235 microversion: 1.1 [pid: 8|app: 0|req: 158/315] 10.0.0.129 () {32 vars in 816 bytes} [Fri Apr 17 05:10:18 2026] GET /resource_providers/5a86484e-41b0-41a1-8974-8f865707beb5/aggregates => generated 235 bytes in 14 msecs (HTTP/1.1 404) 5 headers in 202 bytes (1 switches on core 0)
2026-04-17 05:10:18.214 7 INFO placement.requestlog [None req-6b3fa2fe-3b9e-4768-bbd4-417ba12ba4c0 e7cc2bca28fa43939f1cacaaf1e19fec 8983384e5e7b48ee8773b2e5594d8ba4 - - e45d658e4bf740c6b7a6835a7d10d190 e45d658e4bf740c6b7a6835a7d10d190] 10.0.0.129 "GET /resource_providers/5a86484e-41b0-41a1-8974-8f865707beb5/aggregates" status: 404 len: 235 microversion: 1.1 [pid: 7|app: 0|req: 158/316] 10.0.0.129 () {32 vars in 816 bytes} [Fri Apr 17 05:10:18 2026] GET /resource_providers/5a86484e-41b0-41a1-8974-8f865707beb5/aggregates => generated 235 bytes in 13 msecs (HTTP/1.1 404) 5 headers in 202 bytes (1 switches on core 0)
2026-04-17 05:10:18.229 8 INFO placement.requestlog [None req-1a69ac43-c6f7-40fb-bc7c-bd1deb726d19 e7cc2bca28fa43939f1cacaaf1e19fec 8983384e5e7b48ee8773b2e5594d8ba4 - - e45d658e4bf740c6b7a6835a7d10d190 e45d658e4bf740c6b7a6835a7d10d190] 10.0.0.129 "DELETE /resource_providers/5a86484e-41b0-41a1-8974-8f865707beb5" status: 404 len: 246 microversion: 1.1 [pid: 8|app: 0|req: 159/317] 10.0.0.129 () {34 vars in 816 bytes} [Fri Apr 17 05:10:18 2026] DELETE /resource_providers/5a86484e-41b0-41a1-8974-8f865707beb5 => generated 246 bytes in 9 msecs (HTTP/1.1 404) 6 headers in 231 bytes (1 switches on core 0)
2026-04-17 05:10:18.233 7 INFO placement.requestlog [None req-dc55f236-416a-49d7-a44d-396b7c8ad3d8 e7cc2bca28fa43939f1cacaaf1e19fec 8983384e5e7b48ee8773b2e5594d8ba4 - - e45d658e4bf740c6b7a6835a7d10d190 e45d658e4bf740c6b7a6835a7d10d190] 10.0.0.129 "DELETE /resource_providers/5a86484e-41b0-41a1-8974-8f865707beb5" status: 404 len: 246 microversion: 1.1 [pid: 7|app: 0|req: 159/318] 10.0.0.129 () {34 vars in 816 bytes} [Fri Apr 17 05:10:18 2026] DELETE /resource_providers/5a86484e-41b0-41a1-8974-8f865707beb5 => generated 246 bytes in 7 msecs (HTTP/1.1 404) 6 headers in 231 bytes (1 switches on core 0)
2026-04-17 05:10:19.453 8 INFO placement.requestlog [None req-45190141-add0-43aa-8490-fa775e14edc5 - - - - - -] 10.0.0.52 "GET /" status: 200 len: 136 microversion: 1.0
2026-04-17 05:10:19.454 7 INFO placement.requestlog [None req-ce401593-a428-46af-8031-17e37da15be4 - - - - - -] 10.0.0.52 "GET /" status: 200 len: 136 microversion: 1.0
2026-04-17 05:10:29.452 8 INFO placement.requestlog [None req-86909c10-520b-4b9d-a511-52d58390b316 - - - - - -] 10.0.0.52 "GET /" status: 200 len: 136 microversion: 1.0
2026-04-17 05:10:29.453 7 INFO placement.requestlog [None req-85454bb8-facf-4d21-80a1-dab8109f445d - - - - - -] 10.0.0.52 "GET /" status: 200 len: 136 microversion: 1.0
2026-04-17 05:10:30.014 8 INFO placement.requestlog [req-fa25bbc2-00ba-47ab-8ae1-bad7b1e9fdde req-1b26633a-d607-4e3b-ba38-fe1a1801966b 6e019366023340909cb1a8fc302dcb15 8983384e5e7b48ee8773b2e5594d8ba4 - - e45d658e4bf740c6b7a6835a7d10d190 e45d658e4bf740c6b7a6835a7d10d190] 199.204.45.250 "GET /resource_providers/c37555a4-a656-46eb-a293-643e4e1db408/allocations" status: 200 len: 152 microversion: 1.0 [pid: 8|app: 0|req: 162/323] 199.204.45.250 () {32 vars in 857 bytes} [Fri Apr 17 05:10:29 2026] GET /resource_providers/c37555a4-a656-46eb-a293-643e4e1db408/allocations => generated 152 bytes in 15 msecs (HTTP/1.1 200) 6 headers in 224 bytes (1 switches on core 0)
2026-04-17 05:10:30.030 7 INFO placement.requestlog [req-fa25bbc2-00ba-47ab-8ae1-bad7b1e9fdde req-ae5f5c93-2a07-4282-ac11-dae95c4c61ae 6e019366023340909cb1a8fc302dcb15 8983384e5e7b48ee8773b2e5594d8ba4 - - e45d658e4bf740c6b7a6835a7d10d190 e45d658e4bf740c6b7a6835a7d10d190] 199.204.45.250 "GET /allocations/eba0860d-aad8-400b-92e5-33ff9d374cea" status: 200 len: 257 microversion: 1.28 [pid: 7|app: 0|req: 162/324] 199.204.45.250 () {34 vars in 863 bytes} [Fri Apr 17 05:10:30 2026] GET /allocations/eba0860d-aad8-400b-92e5-33ff9d374cea => generated 257 bytes in 10 msecs (HTTP/1.1 200) 8 headers in 296 bytes (1 switches on core 0)
2026-04-17 05:10:31.090 8 INFO placement.requestlog [req-fa25bbc2-00ba-47ab-8ae1-bad7b1e9fdde req-31e9240d-7a41-4239-b514-54b97917f0f4 6e019366023340909cb1a8fc302dcb15 8983384e5e7b48ee8773b2e5594d8ba4 - - e45d658e4bf740c6b7a6835a7d10d190 e45d658e4bf740c6b7a6835a7d10d190] 199.204.45.250 "DELETE /allocations/eba0860d-aad8-400b-92e5-33ff9d374cea" status: 204 len: 0 microversion: 1.0 [pid: 8|app: 0|req: 163/325] 199.204.45.250 () {34 vars in 841 bytes} [Fri Apr 17 05:10:31 2026] DELETE /allocations/eba0860d-aad8-400b-92e5-33ff9d374cea => generated 0 bytes in 34 msecs (HTTP/1.1 204) 5 headers in 198 bytes (1 switches on core 0)
2026-04-17 05:10:33.018 8 INFO placement.requestlog [None req-aeed64bc-46c2-4daa-995d-bd81b64f79c8 e7cc2bca28fa43939f1cacaaf1e19fec 8983384e5e7b48ee8773b2e5594d8ba4 - - e45d658e4bf740c6b7a6835a7d10d190 e45d658e4bf740c6b7a6835a7d10d190] 10.0.0.129 "GET /resource_providers/8b95a3ec-3d75-4115-964d-636b6ab71fff/aggregates" status: 404 len: 235 microversion: 1.1 [pid: 8|app: 0|req: 164/326] 10.0.0.129 () {32 vars in 816 bytes} [Fri Apr 17 05:10:33 2026] GET /resource_providers/8b95a3ec-3d75-4115-964d-636b6ab71fff/aggregates => generated 235 bytes in 9 msecs (HTTP/1.1 404) 5 headers in 202 bytes (1 switches on core 0)
2026-04-17 05:10:33.019 7 INFO placement.requestlog [None req-d0f76d0b-9945-41b9-a942-0e6b4129f480 e7cc2bca28fa43939f1cacaaf1e19fec 8983384e5e7b48ee8773b2e5594d8ba4 - - e45d658e4bf740c6b7a6835a7d10d190 e45d658e4bf740c6b7a6835a7d10d190] 10.0.0.129 "GET /resource_providers/8b95a3ec-3d75-4115-964d-636b6ab71fff/aggregates" status: 404 len: 235 microversion: 1.1 [pid: 7|app: 0|req: 163/327] 10.0.0.129 () {32 vars in 816 bytes} [Fri Apr 17 05:10:33 2026] GET /resource_providers/8b95a3ec-3d75-4115-964d-636b6ab71fff/aggregates => generated 235 bytes in 10 msecs (HTTP/1.1 404) 5 headers in 202 bytes (1 switches on core 0)
2026-04-17 05:10:33.041 8 INFO placement.requestlog [None req-81966d89-b035-4ce8-9f33-2a0fee31ff12 e7cc2bca28fa43939f1cacaaf1e19fec 8983384e5e7b48ee8773b2e5594d8ba4 - - e45d658e4bf740c6b7a6835a7d10d190 e45d658e4bf740c6b7a6835a7d10d190] 10.0.0.129 "DELETE /resource_providers/8b95a3ec-3d75-4115-964d-636b6ab71fff" status: 404 len: 246 microversion: 1.1 [pid: 8|app: 0|req: 165/328] 10.0.0.129 () {34 vars in 816 bytes} [Fri Apr 17 05:10:33 2026] DELETE /resource_providers/8b95a3ec-3d75-4115-964d-636b6ab71fff => generated 246 bytes in 10 msecs (HTTP/1.1 404) 6 headers in 231 bytes (1 switches on core 0)
2026-04-17 05:10:33.044 7 INFO placement.requestlog [None req-0105df62-945d-4028-af4f-5dcd4c83804a e7cc2bca28fa43939f1cacaaf1e19fec 8983384e5e7b48ee8773b2e5594d8ba4 - - e45d658e4bf740c6b7a6835a7d10d190 e45d658e4bf740c6b7a6835a7d10d190] 10.0.0.129 "DELETE /resource_providers/8b95a3ec-3d75-4115-964d-636b6ab71fff" status: 404 len: 246 microversion: 1.1 [pid: 7|app: 0|req: 164/329] 10.0.0.129 () {34 vars in 816 bytes} [Fri Apr 17 05:10:33 2026] DELETE /resource_providers/8b95a3ec-3d75-4115-964d-636b6ab71fff => generated 246 bytes in 10 msecs (HTTP/1.1 404) 6 headers in 231 bytes (1 switches on core 0)
2026-04-17 05:10:33.403 8 INFO placement.requestlog [None req-1c560eec-96ab-4c23-8049-95ca33d5abea e7cc2bca28fa43939f1cacaaf1e19fec 8983384e5e7b48ee8773b2e5594d8ba4 - - e45d658e4bf740c6b7a6835a7d10d190 e45d658e4bf740c6b7a6835a7d10d190] 10.0.0.129 "GET /resource_providers/200d095c-ca05-44f9-aeea-c64b804457fe/aggregates" status: 404 len: 235 microversion: 1.1 [pid: 8|app: 0|req: 166/330] 10.0.0.129 () {32 vars in 816 bytes} [Fri Apr 17 05:10:33 2026] GET /resource_providers/200d095c-ca05-44f9-aeea-c64b804457fe/aggregates => generated 235 bytes in 10 msecs (HTTP/1.1 404) 5 headers in 202 bytes (1 switches on core 0)
2026-04-17 05:10:33.412 7 INFO placement.requestlog [None req-38ab6540-81be-47ed-b47b-80eb64ea8e98 e7cc2bca28fa43939f1cacaaf1e19fec 8983384e5e7b48ee8773b2e5594d8ba4 - - e45d658e4bf740c6b7a6835a7d10d190 e45d658e4bf740c6b7a6835a7d10d190] 10.0.0.129 "GET /resource_providers/200d095c-ca05-44f9-aeea-c64b804457fe/aggregates" status: 404 len: 235 microversion: 1.1 [pid: 7|app: 0|req: 165/331] 10.0.0.129 () {32 vars in 816 bytes} [Fri Apr 17 05:10:33 2026] GET /resource_providers/200d095c-ca05-44f9-aeea-c64b804457fe/aggregates => generated 235 bytes in 10 msecs (HTTP/1.1 404) 5 headers in 202 bytes (1 switches on core 0)
2026-04-17 05:10:33.431 8 INFO placement.requestlog [None req-d965b94f-8f06-4f79-b995-0e05f008e046 e7cc2bca28fa43939f1cacaaf1e19fec 8983384e5e7b48ee8773b2e5594d8ba4 - - e45d658e4bf740c6b7a6835a7d10d190 e45d658e4bf740c6b7a6835a7d10d190] 10.0.0.129 "DELETE /resource_providers/200d095c-ca05-44f9-aeea-c64b804457fe" status: 404 len: 246 microversion: 1.1 [pid: 8|app: 0|req: 167/332] 10.0.0.129 () {34 vars in 816 bytes} [Fri Apr 17 05:10:33 2026] DELETE /resource_providers/200d095c-ca05-44f9-aeea-c64b804457fe => generated 246 bytes in 13 msecs (HTTP/1.1 404) 6 headers in 231 bytes (1 switches on core 0)
2026-04-17 05:10:33.441 7 INFO placement.requestlog [None req-42ba7ac4-2a79-4791-92fd-f15805bf0678 e7cc2bca28fa43939f1cacaaf1e19fec 8983384e5e7b48ee8773b2e5594d8ba4 - - e45d658e4bf740c6b7a6835a7d10d190 e45d658e4bf740c6b7a6835a7d10d190] 10.0.0.129 "DELETE /resource_providers/200d095c-ca05-44f9-aeea-c64b804457fe" status: 404 len: 246 microversion: 1.1 [pid: 7|app: 0|req: 166/333] 10.0.0.129 () {34 vars in 816 bytes} [Fri Apr 17 05:10:33 2026] DELETE /resource_providers/200d095c-ca05-44f9-aeea-c64b804457fe => generated 246 bytes in 11 msecs (HTTP/1.1 404) 6 headers in 231 bytes (1 switches on core 0)
2026-04-17 05:10:36.678 8 INFO placement.requestlog [None req-649aa204-4f64-477c-ac3c-a3313b4ff5d2 e7cc2bca28fa43939f1cacaaf1e19fec 8983384e5e7b48ee8773b2e5594d8ba4 - - e45d658e4bf740c6b7a6835a7d10d190 e45d658e4bf740c6b7a6835a7d10d190] 10.0.0.129 "GET /resource_providers/b9aee022-e510-4218-b813-f82de8626ad0/aggregates" status: 404 len: 235 microversion: 1.1
2026-04-17 05:10:36.679 7 INFO placement.requestlog [None req-f1fd56be-b113-4c88-8d80-35a1520616ae e7cc2bca28fa43939f1cacaaf1e19fec 8983384e5e7b48ee8773b2e5594d8ba4 - - e45d658e4bf740c6b7a6835a7d10d190 e45d658e4bf740c6b7a6835a7d10d190] 10.0.0.129 "GET /resource_providers/b9aee022-e510-4218-b813-f82de8626ad0/aggregates" status: 404 len: 235 microversion: 1.1 [pid: 7|app: 0|req: 167/335] 10.0.0.129 () {32 vars in 816 bytes} [Fri Apr 17 05:10:36 2026] GET /resource_providers/b9aee022-e510-4218-b813-f82de8626ad0/aggregates => generated 235 bytes in 17 msecs (HTTP/1.1 404) 5 headers in 202 bytes (1 switches on core 0) [pid: 8|app: 0|req: 168/335] 10.0.0.129 () {32 vars in 816 bytes} [Fri Apr 17 05:10:36 2026] GET /resource_providers/b9aee022-e510-4218-b813-f82de8626ad0/aggregates => generated 235 bytes in 18 msecs (HTTP/1.1 404) 5 headers in 202 bytes (1 switches on core 0)
2026-04-17 05:10:36.714 8 INFO placement.requestlog [None req-037149c1-3e18-44b0-9730-c37c6225bff4 e7cc2bca28fa43939f1cacaaf1e19fec 8983384e5e7b48ee8773b2e5594d8ba4 - - e45d658e4bf740c6b7a6835a7d10d190 e45d658e4bf740c6b7a6835a7d10d190] 10.0.0.129 "DELETE /resource_providers/b9aee022-e510-4218-b813-f82de8626ad0" status: 404 len: 246 microversion: 1.1
2026-04-17 05:10:36.714 7 INFO placement.requestlog [None req-e7d7b2b2-7af5-42bb-a6a3-2e8eb22cffa5 e7cc2bca28fa43939f1cacaaf1e19fec 8983384e5e7b48ee8773b2e5594d8ba4 - - e45d658e4bf740c6b7a6835a7d10d190 e45d658e4bf740c6b7a6835a7d10d190] 10.0.0.129 "DELETE /resource_providers/b9aee022-e510-4218-b813-f82de8626ad0" status: 404 len: 246 microversion: 1.1 [pid: 7|app: 0|req: 168/336] 10.0.0.129 () {34 vars in 816 bytes} [Fri Apr 17 05:10:36 2026] DELETE /resource_providers/b9aee022-e510-4218-b813-f82de8626ad0 => generated 246 bytes in 13 msecs (HTTP/1.1 404) 6 headers in 231 bytes (1 switches on core 0) [pid: 8|app: 0|req: 169/337] 10.0.0.129 () {34 vars in 816 bytes} [Fri Apr 17 05:10:36 2026] DELETE /resource_providers/b9aee022-e510-4218-b813-f82de8626ad0 => generated 246 bytes in 15 msecs (HTTP/1.1 404) 6 headers in 231 bytes (1 switches on core 0)
2026-04-17 05:10:39.452 8 INFO placement.requestlog [None req-9b46b4b6-86d3-4412-bc7d-d0a37b737626 - - - - - -] 10.0.0.52 "GET /" status: 200 len: 136 microversion: 1.0
2026-04-17 05:10:39.452 7 INFO placement.requestlog [None req-692250ee-42bd-4251-92d0-a75a5a6cef14 - - - - - -] 10.0.0.52 "GET /" status: 200 len: 136 microversion: 1.0
2026-04-17 05:10:43.636 8 INFO placement.requestlog [None req-dcc32b61-f53e-4d2e-9a6c-4a90dac1865d e7cc2bca28fa43939f1cacaaf1e19fec 8983384e5e7b48ee8773b2e5594d8ba4 - - e45d658e4bf740c6b7a6835a7d10d190 e45d658e4bf740c6b7a6835a7d10d190] 10.0.0.129 "GET /resource_providers/8d518b1b-9a15-4cfd-b40e-782b3c963fcb/aggregates" status: 404 len: 235 microversion: 1.1 [pid: 8|app: 0|req: 171/340] 10.0.0.129 () {32 vars in 816 bytes} [Fri Apr 17 05:10:43 2026] GET /resource_providers/8d518b1b-9a15-4cfd-b40e-782b3c963fcb/aggregates => generated 235 bytes in 12 msecs (HTTP/1.1 404) 5 headers in 202 bytes (1 switches on core 0)
2026-04-17 05:10:43.638 7 INFO placement.requestlog [None req-ff2050f2-1515-4e37-ac07-8abed4cac7f9 e7cc2bca28fa43939f1cacaaf1e19fec 8983384e5e7b48ee8773b2e5594d8ba4 - - e45d658e4bf740c6b7a6835a7d10d190 e45d658e4bf740c6b7a6835a7d10d190] 10.0.0.129 "GET /resource_providers/8d518b1b-9a15-4cfd-b40e-782b3c963fcb/aggregates" status: 404 len: 235 microversion: 1.1 [pid: 7|app: 0|req: 170/341] 10.0.0.129 () {32 vars in 816 bytes} [Fri Apr 17 05:10:43 2026] GET /resource_providers/8d518b1b-9a15-4cfd-b40e-782b3c963fcb/aggregates => generated 235 bytes in 11 msecs (HTTP/1.1 404) 5 headers in 202 bytes (1 switches on core 0)
2026-04-17 05:10:43.667 7 INFO placement.requestlog [None req-977b6c3c-a81f-4e0e-a580-d0f95006a580 e7cc2bca28fa43939f1cacaaf1e19fec 8983384e5e7b48ee8773b2e5594d8ba4 - - e45d658e4bf740c6b7a6835a7d10d190 e45d658e4bf740c6b7a6835a7d10d190] 10.0.0.129 "DELETE /resource_providers/8d518b1b-9a15-4cfd-b40e-782b3c963fcb" status: 404 len: 246 microversion: 1.1 [pid: 7|app: 0|req: 171/342] 10.0.0.129 () {34 vars in 816 bytes} [Fri Apr 17 05:10:43 2026] DELETE /resource_providers/8d518b1b-9a15-4cfd-b40e-782b3c963fcb => generated 246 bytes in 11 msecs (HTTP/1.1 404) 6 headers in 231 bytes (1 switches on core 0)
2026-04-17 05:10:43.667 8 INFO placement.requestlog [None req-3ff4511a-e064-4434-a582-67b8046d2288 e7cc2bca28fa43939f1cacaaf1e19fec 8983384e5e7b48ee8773b2e5594d8ba4 - - e45d658e4bf740c6b7a6835a7d10d190 e45d658e4bf740c6b7a6835a7d10d190] 10.0.0.129 "DELETE /resource_providers/8d518b1b-9a15-4cfd-b40e-782b3c963fcb" status: 404 len: 246 microversion: 1.1 [pid: 8|app: 0|req: 172/343] 10.0.0.129 () {34 vars in 816 bytes} [Fri Apr 17 05:10:43 2026] DELETE /resource_providers/8d518b1b-9a15-4cfd-b40e-782b3c963fcb => generated 246 bytes in 12 msecs (HTTP/1.1 404) 6 headers in 231 bytes (1 switches on core 0)
2026-04-17 05:10:45.480 7 INFO placement.requestlog [None req-71e32f08-e779-409e-af82-5c3f9de0eef8 e7cc2bca28fa43939f1cacaaf1e19fec 8983384e5e7b48ee8773b2e5594d8ba4 - - e45d658e4bf740c6b7a6835a7d10d190 e45d658e4bf740c6b7a6835a7d10d190] 10.0.0.129 "GET /resource_providers/9832faf8-6b08-4704-bb87-fa486c7386a9/aggregates" status: 404 len: 235 microversion: 1.1 [pid: 7|app: 0|req: 172/344] 10.0.0.129 () {32 vars in 816 bytes} [Fri Apr 17 05:10:45 2026] GET /resource_providers/9832faf8-6b08-4704-bb87-fa486c7386a9/aggregates => generated 235 bytes in 14 msecs (HTTP/1.1 404) 5 headers in 202 bytes (1 switches on core 0)
2026-04-17 05:10:45.481 8 INFO placement.requestlog [None req-3c6c553b-6b00-4b39-b462-6133a313105c e7cc2bca28fa43939f1cacaaf1e19fec 8983384e5e7b48ee8773b2e5594d8ba4 - - e45d658e4bf740c6b7a6835a7d10d190 e45d658e4bf740c6b7a6835a7d10d190] 10.0.0.129 "GET /resource_providers/9832faf8-6b08-4704-bb87-fa486c7386a9/aggregates" status: 404 len: 235 microversion: 1.1 [pid: 8|app: 0|req: 173/345] 10.0.0.129 () {32 vars in 816 bytes} [Fri Apr 17 05:10:45 2026] GET /resource_providers/9832faf8-6b08-4704-bb87-fa486c7386a9/aggregates => generated 235 bytes in 13 msecs (HTTP/1.1 404) 5 headers in 202 bytes (1 switches on core 0)
2026-04-17 05:10:45.503 8 INFO placement.requestlog [None req-6dd8c30f-91bc-4e55-936e-a01a0dbffe5b e7cc2bca28fa43939f1cacaaf1e19fec 8983384e5e7b48ee8773b2e5594d8ba4 - - e45d658e4bf740c6b7a6835a7d10d190 e45d658e4bf740c6b7a6835a7d10d190] 10.0.0.129 "DELETE /resource_providers/9832faf8-6b08-4704-bb87-fa486c7386a9" status: 404 len: 246 microversion: 1.1
2026-04-17 05:10:45.504 7 INFO placement.requestlog [None req-153e42ed-4225-4555-8d47-824851b774ab e7cc2bca28fa43939f1cacaaf1e19fec 8983384e5e7b48ee8773b2e5594d8ba4 - - e45d658e4bf740c6b7a6835a7d10d190 e45d658e4bf740c6b7a6835a7d10d190] 10.0.0.129 "DELETE /resource_providers/9832faf8-6b08-4704-bb87-fa486c7386a9" status: 404 len: 246 microversion: 1.1 [pid: 8|app: 0|req: 174/346] 10.0.0.129 () {34 vars in 816 bytes} [Fri Apr 17 05:10:45 2026] DELETE /resource_providers/9832faf8-6b08-4704-bb87-fa486c7386a9 => generated 246 bytes in 13 msecs (HTTP/1.1 404) 6 headers in 231 bytes (1 switches on core 0) [pid: 7|app: 0|req: 173/347] 10.0.0.129 () {34 vars in 816 bytes} [Fri Apr 17 05:10:45 2026] DELETE /resource_providers/9832faf8-6b08-4704-bb87-fa486c7386a9 => generated 246 bytes in 13 msecs (HTTP/1.1 404) 6 headers in 231 bytes (1 switches on core 0)
2026-04-17 05:10:45.699 8 INFO placement.requestlog [None req-0141b681-9a50-45c2-9dcf-a4672e76cf95 e7cc2bca28fa43939f1cacaaf1e19fec 8983384e5e7b48ee8773b2e5594d8ba4 - - e45d658e4bf740c6b7a6835a7d10d190 e45d658e4bf740c6b7a6835a7d10d190] 10.0.0.129 "GET /resource_providers/01fde11d-521c-4464-b2fa-ad24c91a0aad/aggregates" status: 404 len: 235 microversion: 1.1 [pid: 8|app: 0|req: 175/348] 10.0.0.129 () {32 vars in 816 bytes} [Fri Apr 17 05:10:45 2026] GET /resource_providers/01fde11d-521c-4464-b2fa-ad24c91a0aad/aggregates => generated 235 bytes in 12 msecs (HTTP/1.1 404) 5 headers in 202 bytes (1 switches on core 0)
2026-04-17 05:10:45.700 7 INFO placement.requestlog [None req-ca502269-40b3-4039-a605-8dea0b320bbc e7cc2bca28fa43939f1cacaaf1e19fec 8983384e5e7b48ee8773b2e5594d8ba4 - - e45d658e4bf740c6b7a6835a7d10d190 e45d658e4bf740c6b7a6835a7d10d190] 10.0.0.129 "GET /resource_providers/01fde11d-521c-4464-b2fa-ad24c91a0aad/aggregates" status: 404 len: 235 microversion: 1.1 [pid: 7|app: 0|req: 174/349] 10.0.0.129 () {32 vars in 816 bytes} [Fri Apr 17 05:10:45 2026] GET /resource_providers/01fde11d-521c-4464-b2fa-ad24c91a0aad/aggregates => generated 235 bytes in 12 msecs (HTTP/1.1 404) 5 headers in 202 bytes (1 switches on core 0)
2026-04-17 05:10:45.722 7 INFO placement.requestlog [None req-fce18830-1f6d-4e29-9187-1f4c8ae12826 e7cc2bca28fa43939f1cacaaf1e19fec 8983384e5e7b48ee8773b2e5594d8ba4 - - e45d658e4bf740c6b7a6835a7d10d190 e45d658e4bf740c6b7a6835a7d10d190] 10.0.0.129 "DELETE /resource_providers/01fde11d-521c-4464-b2fa-ad24c91a0aad" status: 404 len: 246 microversion: 1.1
2026-04-17 05:10:45.722 8 INFO placement.requestlog [None req-64a6ea5a-7d1c-4331-8497-505cebd29bf4 e7cc2bca28fa43939f1cacaaf1e19fec 8983384e5e7b48ee8773b2e5594d8ba4 - - e45d658e4bf740c6b7a6835a7d10d190 e45d658e4bf740c6b7a6835a7d10d190] 10.0.0.129 "DELETE /resource_providers/01fde11d-521c-4464-b2fa-ad24c91a0aad" status: 404 len: 246 microversion: 1.1 [pid: 7|app: 0|req: 175/350] 10.0.0.129 () {34 vars in 816 bytes} [Fri Apr 17 05:10:45 2026] DELETE /resource_providers/01fde11d-521c-4464-b2fa-ad24c91a0aad => generated 246 bytes in 8 msecs (HTTP/1.1 404) 6 headers in 231 bytes (1 switches on core 0) [pid: 8|app: 0|req: 176/351] 10.0.0.129 () {34 vars in 816 bytes} [Fri Apr 17 05:10:45 2026] DELETE /resource_providers/01fde11d-521c-4464-b2fa-ad24c91a0aad => generated 246 bytes in 10 msecs (HTTP/1.1 404) 6 headers in 231 bytes (1 switches on core 0)
2026-04-17 05:10:45.749 7 INFO placement.requestlog [None req-d5d5710d-8a5b-4e19-9a12-a8e3052f7450 e7cc2bca28fa43939f1cacaaf1e19fec 8983384e5e7b48ee8773b2e5594d8ba4 - - e45d658e4bf740c6b7a6835a7d10d190 e45d658e4bf740c6b7a6835a7d10d190] 10.0.0.129 "GET /resource_providers/e733fa1b-0d70-4f5c-96ce-5773a9fdcb46/aggregates" status: 404 len: 235 microversion: 1.1 [pid: 7|app: 0|req: 176/352] 10.0.0.129 () {32 vars in 816 bytes} [Fri Apr 17 05:10:45 2026] GET /resource_providers/e733fa1b-0d70-4f5c-96ce-5773a9fdcb46/aggregates => generated 235 bytes in 11 msecs (HTTP/1.1 404) 5 headers in 202 bytes (1 switches on core 0)
2026-04-17 05:10:45.752 8 INFO placement.requestlog [None req-4184255f-cea1-4564-a07a-765ee403f309 e7cc2bca28fa43939f1cacaaf1e19fec 8983384e5e7b48ee8773b2e5594d8ba4 - - e45d658e4bf740c6b7a6835a7d10d190 e45d658e4bf740c6b7a6835a7d10d190] 10.0.0.129 "GET /resource_providers/e733fa1b-0d70-4f5c-96ce-5773a9fdcb46/aggregates" status: 404 len: 235 microversion: 1.1 [pid: 8|app: 0|req: 177/353] 10.0.0.129 () {32 vars in 816 bytes} [Fri Apr 17 05:10:45 2026] GET /resource_providers/e733fa1b-0d70-4f5c-96ce-5773a9fdcb46/aggregates => generated 235 bytes in 9 msecs (HTTP/1.1 404) 5 headers in 202 bytes (1 switches on core 0)
2026-04-17 05:10:45.766 7 INFO placement.requestlog [None req-404ac9f8-f3fb-4a4c-9db2-72675668eb51 e7cc2bca28fa43939f1cacaaf1e19fec 8983384e5e7b48ee8773b2e5594d8ba4 - - e45d658e4bf740c6b7a6835a7d10d190 e45d658e4bf740c6b7a6835a7d10d190] 10.0.0.129 "DELETE /resource_providers/e733fa1b-0d70-4f5c-96ce-5773a9fdcb46" status: 404 len: 246 microversion: 1.1 [pid: 7|app: 0|req: 177/354] 10.0.0.129 () {34 vars in 816 bytes} [Fri Apr 17 05:10:45 2026] DELETE /resource_providers/e733fa1b-0d70-4f5c-96ce-5773a9fdcb46 => generated 246 bytes in 7 msecs (HTTP/1.1 404) 6 headers in 231 bytes (1 switches on core 0)
2026-04-17 05:10:45.776 8 INFO placement.requestlog [None req-33919e66-fcce-4cc1-b738-96c17c6e640d e7cc2bca28fa43939f1cacaaf1e19fec 8983384e5e7b48ee8773b2e5594d8ba4 - - e45d658e4bf740c6b7a6835a7d10d190 e45d658e4bf740c6b7a6835a7d10d190] 10.0.0.129 "DELETE /resource_providers/e733fa1b-0d70-4f5c-96ce-5773a9fdcb46" status: 404 len: 246 microversion: 1.1 [pid: 8|app: 0|req: 178/355] 10.0.0.129 () {34 vars in 816 bytes} [Fri Apr 17 05:10:45 2026] DELETE /resource_providers/e733fa1b-0d70-4f5c-96ce-5773a9fdcb46 => generated 246 bytes in 10 msecs (HTTP/1.1 404) 6 headers in 231 bytes (1 switches on core 0)
2026-04-17 05:10:47.532 7 INFO placement.requestlog [None req-0ea97d95-fa76-46d6-b007-710dafc4e819 e7cc2bca28fa43939f1cacaaf1e19fec 8983384e5e7b48ee8773b2e5594d8ba4 - - e45d658e4bf740c6b7a6835a7d10d190 e45d658e4bf740c6b7a6835a7d10d190] 10.0.0.129 "GET /resource_providers/2377d4e5-a800-4ec3-b146-25c94966485f/aggregates" status: 404 len: 235 microversion: 1.1 [pid: 7|app: 0|req: 178/356] 10.0.0.129 () {32 vars in 816 bytes} [Fri Apr 17 05:10:47 2026] GET /resource_providers/2377d4e5-a800-4ec3-b146-25c94966485f/aggregates => generated 235 bytes in 13 msecs (HTTP/1.1 404) 5 headers in 202 bytes (1 switches on core 0)
2026-04-17 05:10:47.536 8 INFO placement.requestlog [None req-1f62582d-506f-4742-a374-aca7007d6a78 e7cc2bca28fa43939f1cacaaf1e19fec 8983384e5e7b48ee8773b2e5594d8ba4 - - e45d658e4bf740c6b7a6835a7d10d190 e45d658e4bf740c6b7a6835a7d10d190] 10.0.0.129 "GET /resource_providers/2377d4e5-a800-4ec3-b146-25c94966485f/aggregates" status: 404 len: 235 microversion: 1.1 [pid: 8|app: 0|req: 179/357] 10.0.0.129 () {32 vars in 816 bytes} [Fri Apr 17 05:10:47 2026] GET /resource_providers/2377d4e5-a800-4ec3-b146-25c94966485f/aggregates => generated 235 bytes in 18 msecs (HTTP/1.1 404) 5 headers in 202 bytes (1 switches on core 0)
2026-04-17 05:10:47.556 7 INFO placement.requestlog [None req-7fc9e33c-c096-4ab2-aeef-ca32b910120f e7cc2bca28fa43939f1cacaaf1e19fec 8983384e5e7b48ee8773b2e5594d8ba4 - - e45d658e4bf740c6b7a6835a7d10d190 e45d658e4bf740c6b7a6835a7d10d190] 10.0.0.129 "DELETE /resource_providers/2377d4e5-a800-4ec3-b146-25c94966485f" status: 404 len: 246 microversion: 1.1 [pid: 7|app: 0|req: 179/358] 10.0.0.129 () {34 vars in 816 bytes} [Fri Apr 17 05:10:47 2026] DELETE /resource_providers/2377d4e5-a800-4ec3-b146-25c94966485f => generated 246 bytes in 11 msecs (HTTP/1.1 404) 6 headers in 231 bytes (1 switches on core 0)
2026-04-17 05:10:47.557 8 INFO placement.requestlog [None req-74fe2cc5-5736-40c5-9914-608ef643359c e7cc2bca28fa43939f1cacaaf1e19fec 8983384e5e7b48ee8773b2e5594d8ba4 - - e45d658e4bf740c6b7a6835a7d10d190 e45d658e4bf740c6b7a6835a7d10d190] 10.0.0.129 "DELETE /resource_providers/2377d4e5-a800-4ec3-b146-25c94966485f" status: 404 len: 246 microversion: 1.1 [pid: 8|app: 0|req: 180/359] 10.0.0.129 () {34 vars in 816 bytes} [Fri Apr 17 05:10:47 2026] DELETE /resource_providers/2377d4e5-a800-4ec3-b146-25c94966485f => generated 246 bytes in 8 msecs (HTTP/1.1 404) 6 headers in 231 bytes (1 switches on core 0)
2026-04-17 05:10:48.831 7 INFO placement.requestlog [None req-e45ba405-cac2-4b3f-a7d2-a10ccb0f2f43 e7cc2bca28fa43939f1cacaaf1e19fec 8983384e5e7b48ee8773b2e5594d8ba4 - - e45d658e4bf740c6b7a6835a7d10d190 e45d658e4bf740c6b7a6835a7d10d190] 10.0.0.129 "GET /resource_providers/ad708c95-671a-4051-9206-a90a58c17f07/aggregates" status: 404 len: 235 microversion: 1.1 [pid: 7|app: 0|req: 180/360] 10.0.0.129 () {32 vars in 816 bytes} [Fri Apr 17 05:10:48 2026] GET /resource_providers/ad708c95-671a-4051-9206-a90a58c17f07/aggregates => generated 235 bytes in 11 msecs (HTTP/1.1 404) 5 headers in 202 bytes (1 switches on core 0)
2026-04-17 05:10:48.832 8 INFO placement.requestlog [None req-261589f6-d92d-4849-a089-dde1fefcb1af e7cc2bca28fa43939f1cacaaf1e19fec 8983384e5e7b48ee8773b2e5594d8ba4 - - e45d658e4bf740c6b7a6835a7d10d190 e45d658e4bf740c6b7a6835a7d10d190] 10.0.0.129 "GET /resource_providers/ad708c95-671a-4051-9206-a90a58c17f07/aggregates" status: 404 len: 235 microversion: 1.1 [pid: 8|app: 0|req: 181/361] 10.0.0.129 () {32 vars in 816 bytes} [Fri Apr 17 05:10:48 2026] GET /resource_providers/ad708c95-671a-4051-9206-a90a58c17f07/aggregates => generated 235 bytes in 11 msecs (HTTP/1.1 404) 5 headers in 202 bytes (1 switches on core 0)
2026-04-17 05:10:48.853 8 INFO placement.requestlog [None req-40ebf68c-2b8d-45a2-b966-750bbee9c5c5 e7cc2bca28fa43939f1cacaaf1e19fec 8983384e5e7b48ee8773b2e5594d8ba4 - - e45d658e4bf740c6b7a6835a7d10d190 e45d658e4bf740c6b7a6835a7d10d190] 10.0.0.129 "DELETE /resource_providers/ad708c95-671a-4051-9206-a90a58c17f07" status: 404 len: 246 microversion: 1.1 [pid: 8|app: 0|req: 182/362] 10.0.0.129 () {34 vars in 816 bytes} [Fri Apr 17 05:10:48 2026] DELETE /resource_providers/ad708c95-671a-4051-9206-a90a58c17f07 => generated 246 bytes in 9 msecs (HTTP/1.1 404) 6 headers in 231 bytes (1 switches on core 0)
2026-04-17 05:10:48.856 7 INFO placement.requestlog [None req-b1679c55-b2c6-47d8-9579-c9b4d95b0fb8 e7cc2bca28fa43939f1cacaaf1e19fec 8983384e5e7b48ee8773b2e5594d8ba4 - - e45d658e4bf740c6b7a6835a7d10d190 e45d658e4bf740c6b7a6835a7d10d190] 10.0.0.129 "DELETE /resource_providers/ad708c95-671a-4051-9206-a90a58c17f07" status: 404 len: 246 microversion: 1.1 [pid: 7|app: 0|req: 181/363] 10.0.0.129 () {34 vars in 816 bytes} [Fri Apr 17 05:10:48 2026] DELETE /resource_providers/ad708c95-671a-4051-9206-a90a58c17f07 => generated 246 bytes in 15 msecs (HTTP/1.1 404) 6 headers in 231 bytes (1 switches on core 0)
2026-04-17 05:10:49.036 8 INFO placement.requestlog [req-5a7f7556-89c1-4689-b045-ead6ed873c25 req-6d1e77af-f8a9-48df-9f9b-f715a937adf3 6e019366023340909cb1a8fc302dcb15 8983384e5e7b48ee8773b2e5594d8ba4 - - e45d658e4bf740c6b7a6835a7d10d190 e45d658e4bf740c6b7a6835a7d10d190] 10.0.0.56 "GET /allocation_candidates?limit=1000&resources=DISK_GB%3A1%2CMEMORY_MB%3A512%2CVCPU%3A1&root_required=%21COMPUTE_STATUS_DISABLED" status: 200 len: 2781 microversion: 1.36 [pid: 8|app: 0|req: 183/364] 10.0.0.56 () {34 vars in 1011 bytes} [Fri Apr 17 05:10:48 2026] GET /allocation_candidates?limit=1000&resources=DISK_GB%3A1%2CMEMORY_MB%3A512%2CVCPU%3A1&root_required=%21COMPUTE_STATUS_DISABLED => generated 2781 bytes in 39 msecs (HTTP/1.1 200) 8 headers in 297 bytes (1 switches on core 0)
2026-04-17 05:10:49.067 7 INFO placement.requestlog [req-5a7f7556-89c1-4689-b045-ead6ed873c25 req-64965331-9cdd-486c-9346-5a62170f292d 6e019366023340909cb1a8fc302dcb15 8983384e5e7b48ee8773b2e5594d8ba4 - - e45d658e4bf740c6b7a6835a7d10d190 e45d658e4bf740c6b7a6835a7d10d190] 10.0.0.56 "GET /allocations/fe0623cf-2226-4a1a-a8f8-2b73717831e3" status: 200 len: 19 microversion: 1.28 [pid: 7|app: 0|req: 182/365] 10.0.0.56 () {34 vars in 860 bytes} [Fri Apr 17 05:10:49 2026] GET /allocations/fe0623cf-2226-4a1a-a8f8-2b73717831e3 => generated 19 bytes in 10 msecs (HTTP/1.1 200) 8 headers in 295 bytes (1 switches on core 0)
2026-04-17 05:10:49.150 8 INFO placement.requestlog [req-5a7f7556-89c1-4689-b045-ead6ed873c25 req-d185502a-f98f-46ba-b315-f6fca55ad5c8 6e019366023340909cb1a8fc302dcb15 8983384e5e7b48ee8773b2e5594d8ba4 - - e45d658e4bf740c6b7a6835a7d10d190 e45d658e4bf740c6b7a6835a7d10d190] 10.0.0.56 "PUT /allocations/fe0623cf-2226-4a1a-a8f8-2b73717831e3" status: 204 len: 0 microversion: 1.36 [pid: 8|app: 0|req: 184/366] 10.0.0.56 () {38 vars in 913 bytes} [Fri Apr 17 05:10:49 2026] PUT /allocations/fe0623cf-2226-4a1a-a8f8-2b73717831e3 => generated 0 bytes in 77 msecs (HTTP/1.1 204) 5 headers in 199 bytes (1 switches on core 0)
2026-04-17 05:10:49.453 7 INFO placement.requestlog [None req-0e949b9d-f220-498b-8c05-9a3f830e717c - - - - - -] 10.0.0.52 "GET /" status: 200 len: 136 microversion: 1.0
2026-04-17 05:10:49.454 8 INFO placement.requestlog [None req-543fe3b8-d8f0-4e1e-beaf-086ad2125d64 - - - - - -] 10.0.0.52 "GET /" status: 200 len: 136 microversion: 1.0
2026-04-17 05:10:50.644 7 INFO placement.requestlog [req-5a7f7556-89c1-4689-b045-ead6ed873c25 req-e27c3007-a414-42e2-a21f-b091be69459a 6e019366023340909cb1a8fc302dcb15 8983384e5e7b48ee8773b2e5594d8ba4 - - e45d658e4bf740c6b7a6835a7d10d190 e45d658e4bf740c6b7a6835a7d10d190] 199.204.45.250 "GET /allocations/fe0623cf-2226-4a1a-a8f8-2b73717831e3" status: 200 len: 257 microversion: 1.28 [pid: 7|app: 0|req: 184/369] 199.204.45.250 () {34 vars in 863 bytes} [Fri Apr 17 05:10:50 2026] GET /allocations/fe0623cf-2226-4a1a-a8f8-2b73717831e3 => generated 257 bytes in 10 msecs (HTTP/1.1 200) 8 headers in 296 bytes (1 switches on core 0)
2026-04-17 05:10:51.683 8 INFO placement.requestlog [req-5a7f7556-89c1-4689-b045-ead6ed873c25 req-6cc36857-04da-4fd5-9a9f-985635f5f54e 6e019366023340909cb1a8fc302dcb15 8983384e5e7b48ee8773b2e5594d8ba4 - - e45d658e4bf740c6b7a6835a7d10d190 e45d658e4bf740c6b7a6835a7d10d190] 199.204.45.250 "GET /resource_providers/c37555a4-a656-46eb-a293-643e4e1db408/allocations" status: 200 len: 152 microversion: 1.0 [pid: 8|app: 0|req: 186/370] 199.204.45.250 () {32 vars in 857 bytes} [Fri Apr 17 05:10:51 2026] GET /resource_providers/c37555a4-a656-46eb-a293-643e4e1db408/allocations => generated 152 bytes in 20 msecs (HTTP/1.1 200) 6 headers in 224 bytes (1 switches on core 0)
2026-04-17 05:10:51.698 7 INFO placement.requestlog [req-5a7f7556-89c1-4689-b045-ead6ed873c25 req-690d1d32-60ce-4e03-9308-ad1828643926 6e019366023340909cb1a8fc302dcb15 8983384e5e7b48ee8773b2e5594d8ba4 - - e45d658e4bf740c6b7a6835a7d10d190 e45d658e4bf740c6b7a6835a7d10d190] 199.204.45.250 "GET /allocations/fe0623cf-2226-4a1a-a8f8-2b73717831e3" status: 200 len: 257 microversion: 1.28 [pid: 7|app: 0|req: 185/371] 199.204.45.250 () {34 vars in 863 bytes} [Fri Apr 17 05:10:51 2026] GET /allocations/fe0623cf-2226-4a1a-a8f8-2b73717831e3 => generated 257 bytes in 10 msecs (HTTP/1.1 200) 8 headers in 296 bytes (1 switches on core 0)
2026-04-17 05:10:52.219 8 INFO placement.requestlog [None req-d645f84d-ed5e-449f-bcf5-6441ddbf01c3 e7cc2bca28fa43939f1cacaaf1e19fec 8983384e5e7b48ee8773b2e5594d8ba4 - - e45d658e4bf740c6b7a6835a7d10d190 e45d658e4bf740c6b7a6835a7d10d190] 10.0.0.129 "GET /resource_providers/5444e34c-21a6-47d6-a925-c2a49941129a/aggregates" status: 404 len: 235 microversion: 1.1 [pid: 8|app: 0|req: 187/372] 10.0.0.129 () {32 vars in 816 bytes} [Fri Apr 17 05:10:52 2026] GET /resource_providers/5444e34c-21a6-47d6-a925-c2a49941129a/aggregates => generated 235 bytes in 9 msecs (HTTP/1.1 404) 5 headers in 202 bytes (1 switches on core 0)
2026-04-17 05:10:52.220 7 INFO placement.requestlog [None req-ea80e1e4-d662-4dbd-a660-a3e30e210c80 e7cc2bca28fa43939f1cacaaf1e19fec 8983384e5e7b48ee8773b2e5594d8ba4 - - e45d658e4bf740c6b7a6835a7d10d190 e45d658e4bf740c6b7a6835a7d10d190] 10.0.0.129 "GET /resource_providers/5444e34c-21a6-47d6-a925-c2a49941129a/aggregates" status: 404 len: 235 microversion: 1.1 [pid: 7|app: 0|req: 186/373] 10.0.0.129 () {32 vars in 816 bytes} [Fri Apr 17 05:10:52 2026] GET /resource_providers/5444e34c-21a6-47d6-a925-c2a49941129a/aggregates => generated 235 bytes in 9 msecs (HTTP/1.1 404) 5 headers in 202 bytes (1 switches on core 0)
2026-04-17 05:10:52.248 8 INFO placement.requestlog [None req-08baac66-fd6d-469b-be9e-8a2110546b51 e7cc2bca28fa43939f1cacaaf1e19fec 8983384e5e7b48ee8773b2e5594d8ba4 - - e45d658e4bf740c6b7a6835a7d10d190 e45d658e4bf740c6b7a6835a7d10d190] 10.0.0.129 "DELETE /resource_providers/5444e34c-21a6-47d6-a925-c2a49941129a" status: 404 len: 246 microversion: 1.1 [pid: 8|app: 0|req: 188/374] 10.0.0.129 () {34 vars in 816 bytes} [Fri Apr 17 05:10:52 2026] DELETE /resource_providers/5444e34c-21a6-47d6-a925-c2a49941129a => generated 246 bytes in 10 msecs (HTTP/1.1 404) 6 headers in 231 bytes (1 switches on core 0)
2026-04-17 05:10:52.251 7 INFO placement.requestlog [None req-ffbd7ec3-aba7-4a03-a9e6-0db56b7a26a3 e7cc2bca28fa43939f1cacaaf1e19fec 8983384e5e7b48ee8773b2e5594d8ba4 - - e45d658e4bf740c6b7a6835a7d10d190 e45d658e4bf740c6b7a6835a7d10d190] 10.0.0.129 "DELETE /resource_providers/5444e34c-21a6-47d6-a925-c2a49941129a" status: 404 len: 246 microversion: 1.1 [pid: 7|app: 0|req: 187/375] 10.0.0.129 () {34 vars in 816 bytes} [Fri Apr 17 05:10:52 2026] DELETE /resource_providers/5444e34c-21a6-47d6-a925-c2a49941129a => generated 246 bytes in 12 msecs (HTTP/1.1 404) 6 headers in 231 bytes (1 switches on core 0)
2026-04-17 05:10:54.269 7 INFO placement.requestlog [None req-e41311a8-5dae-45ed-aeae-7b9aaf933f76 e7cc2bca28fa43939f1cacaaf1e19fec 8983384e5e7b48ee8773b2e5594d8ba4 - - e45d658e4bf740c6b7a6835a7d10d190 e45d658e4bf740c6b7a6835a7d10d190] 10.0.0.129 "GET /resource_providers/341bb219-c9ee-4782-b0b5-cfc922da7b80/aggregates" status: 404 len: 235 microversion: 1.1 [pid: 7|app: 0|req: 188/376] 10.0.0.129 () {32 vars in 816 bytes} [Fri Apr 17 05:10:54 2026] GET /resource_providers/341bb219-c9ee-4782-b0b5-cfc922da7b80/aggregates => generated 235 bytes in 8 msecs (HTTP/1.1 404) 5 headers in 202 bytes (1 switches on core 0)
2026-04-17 05:10:54.270 8 INFO placement.requestlog [None req-6064bef9-8c83-45e6-b0d1-4cabfc5ae437 e7cc2bca28fa43939f1cacaaf1e19fec 8983384e5e7b48ee8773b2e5594d8ba4 - - e45d658e4bf740c6b7a6835a7d10d190 e45d658e4bf740c6b7a6835a7d10d190] 10.0.0.129 "GET /resource_providers/341bb219-c9ee-4782-b0b5-cfc922da7b80/aggregates" status: 404 len: 235 microversion: 1.1 [pid: 8|app: 0|req: 189/377] 10.0.0.129 () {32 vars in 816 bytes} [Fri Apr 17 05:10:54 2026] GET /resource_providers/341bb219-c9ee-4782-b0b5-cfc922da7b80/aggregates => generated 235 bytes in 10 msecs (HTTP/1.1 404) 5 headers in 202 bytes (1 switches on core 0)
2026-04-17 05:10:54.288 7 INFO placement.requestlog [None req-716a7678-6877-4981-bb6d-f205923695ac e7cc2bca28fa43939f1cacaaf1e19fec 8983384e5e7b48ee8773b2e5594d8ba4 - - e45d658e4bf740c6b7a6835a7d10d190 e45d658e4bf740c6b7a6835a7d10d190] 10.0.0.129 "DELETE /resource_providers/341bb219-c9ee-4782-b0b5-cfc922da7b80" status: 404 len: 246 microversion: 1.1 [pid: 7|app: 0|req: 189/378] 10.0.0.129 () {34 vars in 816 bytes} [Fri Apr 17 05:10:54 2026] DELETE /resource_providers/341bb219-c9ee-4782-b0b5-cfc922da7b80 => generated 246 bytes in 6 msecs (HTTP/1.1 404) 6 headers in 231 bytes (1 switches on core 0)
2026-04-17 05:10:54.296 8 INFO placement.requestlog [None req-a1b66b18-ff24-4780-b80c-473ef90e995a e7cc2bca28fa43939f1cacaaf1e19fec 8983384e5e7b48ee8773b2e5594d8ba4 - - e45d658e4bf740c6b7a6835a7d10d190 e45d658e4bf740c6b7a6835a7d10d190] 10.0.0.129 "DELETE /resource_providers/341bb219-c9ee-4782-b0b5-cfc922da7b80" status: 404 len: 246 microversion: 1.1 [pid: 8|app: 0|req: 190/379] 10.0.0.129 () {34 vars in 816 bytes} [Fri Apr 17 05:10:54 2026] DELETE /resource_providers/341bb219-c9ee-4782-b0b5-cfc922da7b80 => generated 246 bytes in 10 msecs (HTTP/1.1 404) 6 headers in 231 bytes (1 switches on core 0)
2026-04-17 05:10:56.316 7 INFO placement.requestlog [None req-e5a1374b-44f0-42a1-8998-aea900cc2514 e7cc2bca28fa43939f1cacaaf1e19fec 8983384e5e7b48ee8773b2e5594d8ba4 - - e45d658e4bf740c6b7a6835a7d10d190 e45d658e4bf740c6b7a6835a7d10d190] 10.0.0.129 "GET /resource_providers/592ceb66-019c-4703-bc10-64cfb3ff3ab5/aggregates" status: 404 len: 235 microversion: 1.1 [pid: 7|app: 0|req: 190/380] 10.0.0.129 () {32 vars in 816 bytes} [Fri Apr 17 05:10:56 2026] GET /resource_providers/592ceb66-019c-4703-bc10-64cfb3ff3ab5/aggregates => generated 235 bytes in 10 msecs (HTTP/1.1 404) 5 headers in 202 bytes (1 switches on core 0)
2026-04-17 05:10:56.325 8 INFO placement.requestlog [None req-662428b0-4c57-498c-8a15-211609ff7797 e7cc2bca28fa43939f1cacaaf1e19fec 8983384e5e7b48ee8773b2e5594d8ba4 - - e45d658e4bf740c6b7a6835a7d10d190 e45d658e4bf740c6b7a6835a7d10d190] 10.0.0.129 "GET /resource_providers/592ceb66-019c-4703-bc10-64cfb3ff3ab5/aggregates" status: 404 len: 235 microversion: 1.1 [pid: 8|app: 0|req: 191/381] 10.0.0.129 () {32 vars in 816 bytes} [Fri Apr 17 05:10:56 2026] GET /resource_providers/592ceb66-019c-4703-bc10-64cfb3ff3ab5/aggregates => generated 235 bytes in 10 msecs (HTTP/1.1 404) 5 headers in 202 bytes (1 switches on core 0)
2026-04-17 05:10:56.336 7 INFO placement.requestlog [None req-684d9b76-93aa-410f-990f-f7e35f153d8e e7cc2bca28fa43939f1cacaaf1e19fec 8983384e5e7b48ee8773b2e5594d8ba4 - - e45d658e4bf740c6b7a6835a7d10d190 e45d658e4bf740c6b7a6835a7d10d190] 10.0.0.129 "DELETE /resource_providers/592ceb66-019c-4703-bc10-64cfb3ff3ab5" status: 404 len: 246 microversion: 1.1 [pid: 7|app: 0|req: 191/382] 10.0.0.129 () {34 vars in 816 bytes} [Fri Apr 17 05:10:56 2026] DELETE /resource_providers/592ceb66-019c-4703-bc10-64cfb3ff3ab5 => generated 246 bytes in 7 msecs (HTTP/1.1 404) 6 headers in 231 bytes (1 switches on core 0)
2026-04-17 05:10:56.353 8 INFO placement.requestlog [None req-42c8e291-f886-43ff-8d13-627d9f4a5a06 e7cc2bca28fa43939f1cacaaf1e19fec 8983384e5e7b48ee8773b2e5594d8ba4 - - e45d658e4bf740c6b7a6835a7d10d190 e45d658e4bf740c6b7a6835a7d10d190] 10.0.0.129 "DELETE /resource_providers/592ceb66-019c-4703-bc10-64cfb3ff3ab5" status: 404 len: 246 microversion: 1.1 [pid: 8|app: 0|req: 192/383] 10.0.0.129 () {34 vars in 816 bytes} [Fri Apr 17 05:10:56 2026] DELETE /resource_providers/592ceb66-019c-4703-bc10-64cfb3ff3ab5 => generated 246 bytes in 13 msecs (HTTP/1.1 404) 6 headers in 231 bytes (1 switches on core 0)
2026-04-17 05:10:57.105 7 INFO placement.requestlog [req-29c07afc-63f4-47e7-a786-eaaef00c0467 req-134f6aa5-bfea-4761-99c2-77ab1fffa6ee 6e019366023340909cb1a8fc302dcb15 8983384e5e7b48ee8773b2e5594d8ba4 - - e45d658e4bf740c6b7a6835a7d10d190 e45d658e4bf740c6b7a6835a7d10d190] 199.204.45.250 "GET /resource_providers/c37555a4-a656-46eb-a293-643e4e1db408/allocations" status: 200 len: 152 microversion: 1.0 [pid: 7|app: 0|req: 192/384] 199.204.45.250 () {32 vars in 857 bytes} [Fri Apr 17 05:10:57 2026] GET /resource_providers/c37555a4-a656-46eb-a293-643e4e1db408/allocations => generated 152 bytes in 21 msecs (HTTP/1.1 200) 6 headers in 224 bytes (1 switches on core 0)
2026-04-17 05:10:57.126 8 INFO placement.requestlog [req-29c07afc-63f4-47e7-a786-eaaef00c0467 req-d22e09ca-8b5c-4438-b77c-6bb5bb97b627 6e019366023340909cb1a8fc302dcb15 8983384e5e7b48ee8773b2e5594d8ba4 - - e45d658e4bf740c6b7a6835a7d10d190 e45d658e4bf740c6b7a6835a7d10d190] 199.204.45.250 "GET /resource_providers/c37555a4-a656-46eb-a293-643e4e1db408/allocations" status: 200 len: 152 microversion: 1.0 [pid: 8|app: 0|req: 193/385] 199.204.45.250 () {32 vars in 857 bytes} [Fri Apr 17 05:10:57 2026] GET /resource_providers/c37555a4-a656-46eb-a293-643e4e1db408/allocations => generated 152 bytes in 17 msecs (HTTP/1.1 200) 6 headers in 224 bytes (1 switches on core 0)
2026-04-17 05:10:57.151 7 INFO placement.requestlog [req-29c07afc-63f4-47e7-a786-eaaef00c0467 req-231cf5ae-99f5-4965-af9a-0c4cd2c40c4a 6e019366023340909cb1a8fc302dcb15 8983384e5e7b48ee8773b2e5594d8ba4 - - e45d658e4bf740c6b7a6835a7d10d190 e45d658e4bf740c6b7a6835a7d10d190] 199.204.45.250 "GET /allocations/fe0623cf-2226-4a1a-a8f8-2b73717831e3" status: 200 len: 257 microversion: 1.28 [pid: 7|app: 0|req: 193/386] 199.204.45.250 () {34 vars in 863 bytes} [Fri Apr 17 05:10:57 2026] GET /allocations/fe0623cf-2226-4a1a-a8f8-2b73717831e3 => generated 257 bytes in 20 msecs (HTTP/1.1 200) 8 headers in 296 bytes (1 switches on core 0)
2026-04-17 05:10:59.453 8 INFO placement.requestlog [None req-dfd1279c-0cc0-4b4b-bccf-04b82ecfd733 - - - - - -] 10.0.0.52 "GET /" status: 200 len: 136 microversion: 1.0
2026-04-17 05:10:59.453 7 INFO placement.requestlog [None req-abeccc2a-f378-4289-aa6f-5ec7322f6418 - - - - - -] 10.0.0.52 "GET /" status: 200 len: 136 microversion: 1.0
2026-04-17 05:11:02.035 8 INFO placement.requestlog [None req-32a2f9a1-a792-47e6-8fb7-3ff17b1d4e58 e7cc2bca28fa43939f1cacaaf1e19fec 8983384e5e7b48ee8773b2e5594d8ba4 - - e45d658e4bf740c6b7a6835a7d10d190 e45d658e4bf740c6b7a6835a7d10d190] 10.0.0.129 "GET /resource_providers/ca30e9ae-bbe2-43af-927b-8bf96cdb9899/aggregates" status: 404 len: 235 microversion: 1.1 [pid: 8|app: 0|req: 195/389] 10.0.0.129 () {32 vars in 816 bytes} [Fri Apr 17 05:11:02 2026] GET /resource_providers/ca30e9ae-bbe2-43af-927b-8bf96cdb9899/aggregates => generated 235 bytes in 13 msecs (HTTP/1.1 404) 5 headers in 202 bytes (1 switches on core 0)
2026-04-17 05:11:02.044 7 INFO placement.requestlog [None req-a08adbb3-26fd-47d9-a8e9-7d3bd0e9eaaf e7cc2bca28fa43939f1cacaaf1e19fec 8983384e5e7b48ee8773b2e5594d8ba4 - - e45d658e4bf740c6b7a6835a7d10d190 e45d658e4bf740c6b7a6835a7d10d190] 10.0.0.129 "GET /resource_providers/ca30e9ae-bbe2-43af-927b-8bf96cdb9899/aggregates" status: 404 len: 235 microversion: 1.1 [pid: 7|app: 0|req: 195/390] 10.0.0.129 () {32 vars in 816 bytes} [Fri Apr 17 05:11:02 2026] GET /resource_providers/ca30e9ae-bbe2-43af-927b-8bf96cdb9899/aggregates => generated 235 bytes in 13 msecs (HTTP/1.1 404) 5 headers in 202 bytes (1 switches on core 0)
2026-04-17 05:11:02.060 8 INFO placement.requestlog [None req-b41e420a-948b-429b-90e7-85df07657497 e7cc2bca28fa43939f1cacaaf1e19fec 8983384e5e7b48ee8773b2e5594d8ba4 - - e45d658e4bf740c6b7a6835a7d10d190 e45d658e4bf740c6b7a6835a7d10d190] 10.0.0.129 "DELETE /resource_providers/ca30e9ae-bbe2-43af-927b-8bf96cdb9899" status: 404 len: 246 microversion: 1.1 [pid: 8|app: 0|req: 196/391] 10.0.0.129 () {34 vars in 816 bytes} [Fri Apr 17 05:11:02 2026] DELETE /resource_providers/ca30e9ae-bbe2-43af-927b-8bf96cdb9899 => generated 246 bytes in 13 msecs (HTTP/1.1 404) 6 headers in 231 bytes (1 switches on core 0)
2026-04-17 05:11:02.069 7 INFO placement.requestlog [None req-36144ae4-e22e-4e4c-a9ba-c05c9be28af1 e7cc2bca28fa43939f1cacaaf1e19fec 8983384e5e7b48ee8773b2e5594d8ba4 - - e45d658e4bf740c6b7a6835a7d10d190 e45d658e4bf740c6b7a6835a7d10d190] 10.0.0.129 "DELETE /resource_providers/ca30e9ae-bbe2-43af-927b-8bf96cdb9899" status: 404 len: 246 microversion: 1.1 [pid: 7|app: 0|req: 196/392] 10.0.0.129 () {34 vars in 816 bytes} [Fri Apr 17 05:11:02 2026] DELETE /resource_providers/ca30e9ae-bbe2-43af-927b-8bf96cdb9899 => generated 246 bytes in 10 msecs (HTTP/1.1 404) 6 headers in 231 bytes (1 switches on core 0)
2026-04-17 05:11:03.973 8 INFO placement.requestlog [None req-b6deb10e-9857-4aa8-9bc1-3f2b2f105921 e7cc2bca28fa43939f1cacaaf1e19fec 8983384e5e7b48ee8773b2e5594d8ba4 - - e45d658e4bf740c6b7a6835a7d10d190 e45d658e4bf740c6b7a6835a7d10d190] 10.0.0.129 "GET /resource_providers/adae78c0-91cb-4de1-ba85-354965c11335/aggregates" status: 404 len: 235 microversion: 1.1 [pid: 8|app: 0|req: 197/393] 10.0.0.129 () {32 vars in 816 bytes} [Fri Apr 17 05:11:03 2026] GET /resource_providers/adae78c0-91cb-4de1-ba85-354965c11335/aggregates => generated 235 bytes in 10 msecs (HTTP/1.1 404) 5 headers in 202 bytes (1 switches on core 0)
2026-04-17 05:11:03.977 7 INFO placement.requestlog [None req-27a5ebbb-0762-496e-b237-c2c0e354289e e7cc2bca28fa43939f1cacaaf1e19fec 8983384e5e7b48ee8773b2e5594d8ba4 - - e45d658e4bf740c6b7a6835a7d10d190 e45d658e4bf740c6b7a6835a7d10d190] 10.0.0.129 "GET /resource_providers/adae78c0-91cb-4de1-ba85-354965c11335/aggregates" status: 404 len: 235 microversion: 1.1 [pid: 7|app: 0|req: 197/394] 10.0.0.129 () {32 vars in 816 bytes} [Fri Apr 17 05:11:03 2026] GET /resource_providers/adae78c0-91cb-4de1-ba85-354965c11335/aggregates => generated 235 bytes in 11 msecs (HTTP/1.1 404) 5 headers in 202 bytes (1 switches on core 0)
